2023-07-14T16:06:08.288+0000 7faccd90c700 1 -- 172.21.15.62:0/2415718902 wait complete.
2023-07-14T16:06:08.947 INFO:teuthology.orchestra.run.smithi062.stdout:/usr/bin/ceph: stderr
2023-07-14T16:06:08.289+0000 7faccd90c700 1 Processor -- start
2023-07-14T16:06:08.947 INFO:teuthology.orchestra.run.smithi062.stdout:/usr/bin/ceph: stderr
2023-07-14T16:06:08.289+0000 7faccd90c700 1 -- start start
2023-07-14T16:06:08.947 INFO:teuthology.orchestra.run.smithi062.stdout:/usr/bin/ceph: stderr
2023-07-14T16:06:08.289+0000 7faccd90c700 1 --2- >> [v2:172.21.15.62:3300/0,v1:172.21.15.62:6789/0] conn(0x7facc81051b0 0x7facc819b030 unknown :-1 s=NONE pgs=0 cs=0 l=1 rev1=0 crypto rx=0 tx=0 comp rx=0 tx=0).connect
2023-07-14T16:06:08.947 INFO:teuthology.orchestra.run.smithi062.stdout:/usr/bin/ceph: stderr
2023-07-14T16:06:08.290+0000 7faccd90c700 1 -- --> [v2:172.21.15.62:3300/0,v1:172.21.15.62:6789/0] -- mon_getmap magic: 0 v1 -- 0x7facc819b570 con 0x7facc81051b0
2023-07-14T16:06:08.947 INFO:teuthology.orchestra.run.smithi062.stdout:/usr/bin/ceph: stderr
2023-07-14T16:06:08.290+0000 7facc6ffd700 1 --2- >> [v2:172.21.15.62:3300/0,v1:172.21.15.62:6789/0] conn(0x7facc81051b0 0x7facc819b030 unknown :-1 s=BANNER_CONNECTING pgs=0 cs=0 l=1 rev1=0 crypto rx=0 tx=0 comp rx=0 tx=0)._handle_peer_banner_payload supported=3 required=0
2023-07-14T16:06:08.947 INFO:teuthology.orchestra.run.smithi062.stdout:/usr/bin/ceph: stderr
2023-07-14T16:06:08.290+0000 7facc6ffd700 1 --2- >> [v2:172.21.15.62:3300/0,v1:172.21.15.62:6789/0] conn(0x7facc81051b0 0x7facc819b030 unknown :-1 s=HELLO_CONNECTING pgs=0 cs=0 l=1 rev1=1 crypto rx=0 tx=0 comp rx=0 tx=0).handle_hello peer v2:172.21.15.62:3300/0 says I am v2:172.21.15.62:44374/0 (socket says 172.21.15.62:44374)
2023-07-14T16:06:08.948 INFO:teuthology.orchestra.run.smithi062.stdout:/usr/bin/ceph: stderr
2023-07-14T16:06:08.290+0000 7facc6ffd700 1 -- 172.21.15.62:0/3794885471 learned_addr learned my addr 172.21.15.62:0/3794885471 (peer_addr_for_me v2:172.21.15.62:0/0)
2023-07-14T16:06:08.948 INFO:teuthology.orchestra.run.smithi062.stdout:/usr/bin/ceph: stderr
2023-07-14T16:06:08.290+0000 7facc6ffd700 1 -- 172.21.15.62:0/3794885471 --> [v2:172.21.15.62:3300/0,v1:172.21.15.62:6789/0] -- mon_subscribe({config=0+,monmap=0+}) v3 -- 0x7facc0009b30 con 0x7facc81051b0
2023-07-14T16:06:08.950 INFO:teuthology.orchestra.run.smithi062.stdout:/usr/bin/ceph: stderr
2023-07-14T16:06:08.290+0000 7facc6ffd700 1 --2- 172.21.15.62:0/3794885471 >> [v2:172.21.15.62:3300/0,v1:172.21.15.62:6789/0] conn(0x7facc81051b0 0x7facc819b030 secure :-1 s=READY pgs=54 cs=0 l=1 rev1=1 crypto rx=0x7facc0009e50 tx=0x7facc0003c50 comp rx=0 tx=0).ready entity=mon.0 client_cookie=0 server_cookie=0 in_seq=0 out_seq=0
2023-07-14T16:06:08.950 INFO:teuthology.orchestra.run.smithi062.stdout:/usr/bin/ceph: stderr
2023-07-14T16:06:08.291+0000 7faccc90a700 1 -- 172.21.15.62:0/3794885471 <== mon.0 v2:172.21.15.62:3300/0 1 ==== mon_map magic: 0 v1 ==== 205+0+0 (secure 0 0 0) 0x7facc000e040 con 0x7facc81051b0
2023-07-14T16:06:08.950 INFO:teuthology.orchestra.run.smithi062.stdout:/usr/bin/ceph: stderr
2023-07-14T16:06:08.291+0000 7faccc90a700 1 -- 172.21.15.62:0/3794885471 <== mon.0 v2:172.21.15.62:3300/0 2 ==== config(25 keys) v1 ==== 1067+0+0 (secure 0 0 0) 0x7facc000bd70 con 0x7facc81051b0
2023-07-14T16:06:08.950 INFO:teuthology.orchestra.run.smithi062.stdout:/usr/bin/ceph: stderr
2023-07-14T16:06:08.291+0000 7faccd90c700 1 -- 172.21.15.62:0/3794885471 --> [v2:172.21.15.62:3300/0,v1:172.21.15.62:6789/0] -- mon_subscribe({mgrmap=0+}) v3 -- 0x7facc819b770 con 0x7facc81051b0
2023-07-14T16:06:08.950 INFO:teuthology.orchestra.run.smithi062.stdout:/usr/bin/ceph: stderr
2023-07-14T16:06:08.291+0000 7faccc90a700 1 -- 172.21.15.62:0/3794885471 <== mon.0 v2:172.21.15.62:3300/0 3 ==== mon_map magic: 0 v1 ==== 205+0+0 (secure 0 0 0) 0x7facc001c590 con 0x7facc81051b0
2023-07-14T16:06:08.951 INFO:teuthology.orchestra.run.smithi062.stdout:/usr/bin/ceph: stderr
2023-07-14T16:06:08.291+0000 7faccd90c700 1 -- 172.21.15.62:0/3794885471 --> [v2:172.21.15.62:3300/0,v1:172.21.15.62:6789/0] -- mon_subscribe({osdmap=0}) v3 -- 0x7facc819bc70 con 0x7facc81051b0
2023-07-14T16:06:08.951 INFO:teuthology.orchestra.run.smithi062.stdout:/usr/bin/ceph: stderr
2023-07-14T16:06:08.292+0000 7faccc90a700 1 -- 172.21.15.62:0/3794885471 <== mon.0 v2:172.21.15.62:3300/0 4 ==== mgrmap(e 8) v1 ==== 45483+0+0 (secure 0 0 0) 0x7facc0012430 con 0x7facc81051b0
2023-07-14T16:06:08.951 INFO:teuthology.orchestra.run.smithi062.stdout:/usr/bin/ceph: stderr
2023-07-14T16:06:08.292+0000 7faccd90c700 1 -- 172.21.15.62:0/3794885471 --> [v2:172.21.15.62:3300/0,v1:172.21.15.62:6789/0] -- mon_command({"prefix": "get_command_descriptions"} v 0) v1 -- 0x7facc8061b40 con 0x7facc81051b0
2023-07-14T16:06:08.951 INFO:teuthology.orchestra.run.smithi062.stdout:/usr/bin/ceph: stderr
2023-07-14T16:06:08.293+0000 7faccc90a700 1 --2- 172.21.15.62:0/3794885471 >> [v2:172.21.15.62:6800/105803689,v1:172.21.15.62:6801/105803689] conn(0x7facb0038710 0x7facb003abc0 unknown :-1 s=NONE pgs=0 cs=0 l=1 rev1=0 crypto rx=0 tx=0 comp rx=0 tx=0).connect
2023-07-14T16:06:08.951 INFO:teuthology.orchestra.run.smithi062.stdout:/usr/bin/ceph: stderr
2023-07-14T16:06:08.293+0000 7faccc90a700 1 -- 172.21.15.62:0/3794885471 <== mon.0 v2:172.21.15.62:3300/0 5 ==== osd_map(2..2 src has 1..2) v4 ==== 940+0+0 (secure 0 0 0) 0x7facc004c720 con 0x7facc81051b0
2023-07-14T16:06:08.951 INFO:teuthology.orchestra.run.smithi062.stdout:/usr/bin/ceph: stderr
2023-07-14T16:06:08.293+0000 7facc67fc700 1 --2- 172.21.15.62:0/3794885471 >> [v2:172.21.15.62:6800/105803689,v1:172.21.15.62:6801/105803689] conn(0x7facb0038710 0x7facb003abc0 unknown :-1 s=BANNER_CONNECTING pgs=0 cs=0 l=1 rev1=0 crypto rx=0 tx=0 comp rx=0 tx=0)._handle_peer_banner_payload supported=3 required=0
2023-07-14T16:06:08.951 INFO:teuthology.orchestra.run.smithi062.stdout:/usr/bin/ceph: stderr
2023-07-14T16:06:08.294+0000 7facc67fc700 1 --2- 172.21.15.62:0/3794885471 >> [v2:172.21.15.62:6800/105803689,v1:172.21.15.62:6801/105803689] conn(0x7facb0038710 0x7facb003abc0 secure :-1 s=READY pgs=15 cs=0 l=1 rev1=1 crypto rx=0x7facb8006fd0 tx=0x7facb8006e40 comp rx=0 tx=0).ready entity=mgr.14120 client_cookie=0 server_cookie=0 in_seq=0 out_seq=0
2023-07-14T16:06:08.952 INFO:teuthology.orchestra.run.smithi062.stdout:/usr/bin/ceph: stderr
2023-07-14T16:06:08.298+0000 7faccc90a700 1 -- 172.21.15.62:0/3794885471 <== mon.0 v2:172.21.15.62:3300/0 6 ==== mon_command_ack([{"prefix": "get_command_descriptions"}]=0 v0) v1 ==== 72+0+178038 (secure 0 0 0) 0x7facc0011390 con 0x7facc81051b0
2023-07-14T16:06:08.952 INFO:teuthology.orchestra.run.smithi062.stdout:/usr/bin/ceph: stderr
2023-07-14T16:06:08.513+0000 7faccd90c700 1 -- 172.21.15.62:0/3794885471 --> [v2:172.21.15.62:3300/0,v1:172.21.15.62:6789/0] -- mon_command([{prefix=config set, name=mgr/dashboard/ssl_server_port}] v 0) v1 -- 0x7facc819e9f0 con 0x7facc81051b0
2023-07-14T16:06:08.952 INFO:teuthology.orchestra.run.smithi062.stdout:/usr/bin/ceph: stderr
2023-07-14T16:06:08.516+0000 7faccc90a700 1 -- 172.21.15.62:0/3794885471 <== mon.0 v2:172.21.15.62:3300/0 7 ==== mon_command_ack([{prefix=config set, name=mgr/dashboard/ssl_server_port}]=0 v8)=0 v8) v1 ==== 130+0+0 (secure 0 0 0) 0x7facc0020020 con 0x7facc81051b0
2023-07-14T16:06:08.952 INFO:teuthology.orchestra.run.smithi062.stdout:/usr/bin/ceph: stderr
2023-07-14T16:06:08.519+0000 7faccd90c700 1 -- 172.21.15.62:0/3794885471 >> [v2:172.21.15.62:6800/105803689,v1:172.21.15.62:6801/105803689] conn(0x7facb0038710 msgr2=0x7facb003abc0 secure :-1 s=STATE_CONNECTION_ESTABLISHED l=1).mark_down
2023-07-14T16:06:08.952 INFO:teuthology.orchestra.run.smithi062.stdout:/usr/bin/ceph: stderr
2023-07-14T16:06:08.519+0000 7faccd90c700 1 --2- 172.21.15.62:0/3794885471 >> [v2:172.21.15.62:6800/105803689,v1:172.21.15.62:6801/105803689] conn(0x7facb0038710 0x7facb003abc0 secure :-1 s=READY pgs=15 cs=0 l=1 rev1=1 crypto rx=0x7facb8006fd0 tx=0x7facb8006e40 comp rx=0 tx=0).stop
2023-07-14T16:06:08.952 INFO:teuthology.orchestra.run.smithi062.stdout:/usr/bin/ceph: stderr
2023-07-14T16:06:08.519+0000 7faccd90c700 1 -- 172.21.15.62:0/3794885471 >> [v2:172.21.15.62:3300/0,v1:172.21.15.62:6789/0] conn(0x7facc81051b0 msgr2=0x7facc819b030 secure :-1 s=STATE_CONNECTION_ESTABLISHED l=1).mark_down
2023-07-14T16:06:08.952 INFO:teuthology.orchestra.run.smithi062.stdout:/usr/bin/ceph: stderr
2023-07-14T16:06:08.519+0000 7faccd90c700 1 --2- 172.21.15.62:0/3794885471 >> [v2:172.21.15.62:3300/0,v1:172.21.15.62:6789/0] conn(0x7facc81051b0 0x7facc819b030 secure :-1 s=READY pgs=54 cs=0 l=1 rev1=1 crypto rx=0x7facc0009e50 tx=0x7facc0003c50 comp rx=0 tx=0).stop
2023-07-14T16:06:08.953 INFO:teuthology.orchestra.run.smithi062.stdout:/usr/bin/ceph: stderr
2023-07-14T16:06:08.519+0000 7faccd90c700 1 -- 172.21.15.62:0/3794885471 shutdown_connections
2023-07-14T16:06:08.953 INFO:teuthology.orchestra.run.smithi062.stdout:/usr/bin/ceph: stderr
2023-07-14T16:06:08.519+0000 7faccd90c700 1 --2- 172.21.15.62:0/3794885471 >> [v2:172.21.15.62:6800/105803689,v1:172.21.15.62:6801/105803689] conn(0x7facb0038710 0x7facb003abc0 unknown :-1 s=CLOSED pgs=15 cs=0 l=1 rev1=1 crypto rx=0 tx=0 comp rx=0 tx=0).stop
2023-07-14T16:06:08.953 INFO:teuthology.orchestra.run.smithi062.stdout:/usr/bin/ceph: stderr
2023-07-14T16:06:08.519+0000 7faccd90c700 1 --2- 172.21.15.62:0/3794885471 >> [v2:172.21.15.62:3300/0,v1:172.21.15.62:6789/0] conn(0x7facc81051b0 0x7facc819b030 unknown :-1 s=CLOSED pgs=54 cs=0 l=1 rev1=1 crypto rx=0 tx=0 comp rx=0 tx=0).stop
2023-07-14T16:06:08.953 INFO:teuthology.orchestra.run.smithi062.stdout:/usr/bin/ceph: stderr
2023-07-14T16:06:08.519+0000 7faccd90c700 1 -- 172.21.15.62:0/3794885471 >> 172.21.15.62:0/3794885471 conn(0x7facc8100840 msgr2=0x7facc81015a0 unknown :-1 s=STATE_NONE l=0).mark_down
2023-07-14T16:06:08.953 INFO:teuthology.orchestra.run.smithi062.stdout:/usr/bin/ceph: stderr
2023-07-14T16:06:08.519+0000 7faccd90c700 1 -- 172.21.15.62:0/3794885471 shutdown_connections
2023-07-14T16:06:08.953 INFO:teuthology.orchestra.run.smithi062.stdout:/usr/bin/ceph: stderr
2023-07-14T16:06:08.519+0000 7faccd90c700 1 -- 172.21.15.62:0/3794885471 wait complete.
2023-07-14T16:06:08.953 INFO:teuthology.orchestra.run.smithi062.stdout:Enabling the dashboard module...
2023-07-14T16:06:09.873 INFO:journalctl@ceph.mon.a.smithi062.stdout:Jul 14 16:06:09 smithi062 ceph-mon[95543]: from='client.? 172.21.15.62:0/3794885471' entity='client.admin'
2023-07-14T16:06:09.873 INFO:journalctl@ceph.mon.a.smithi062.stdout:Jul 14 16:06:09 smithi062 ceph-mon[95543]: from='mgr.14120 172.21.15.62:0/1477051639' entity='mgr.x'
2023-07-14T16:06:10.814 INFO:journalctl@ceph.mon.a.smithi062.stdout:Jul 14 16:06:10 smithi062 ceph-mon[95543]: from='client.? 172.21.15.62:0/1917667191' entity='client.admin' cmd=[{"prefix": "mgr module enable", "module": "dashboard"}]: dispatch
2023-07-14T16:06:10.815 INFO:journalctl@ceph.mon.a.smithi062.stdout:Jul 14 16:06:10 smithi062 ceph-mon[95543]: from='mgr.14120 172.21.15.62:0/1477051639' entity='mgr.x'
2023-07-14T16:06:10.815 INFO:journalctl@ceph.mgr.x.smithi062.stdout:Jul 14 16:06:10 smithi062 ceph-1356e48a-2260-11ee-9b33-001a4aab830c-mgr-x[95790]: ignoring --setuser ceph since I am not root
2023-07-14T16:06:10.815 INFO:journalctl@ceph.mgr.x.smithi062.stdout:Jul 14 16:06:10 smithi062 ceph-1356e48a-2260-11ee-9b33-001a4aab830c-mgr-x[95790]: ignoring --setgroup ceph since I am not root
2023-07-14T16:06:10.936 INFO:teuthology.orchestra.run.smithi062.stdout:/usr/bin/ceph: stderr
2023-07-14T16:06:09.518+0000 7f577a0d6700 1 Processor -- start
2023-07-14T16:06:10.936 INFO:teuthology.orchestra.run.smithi062.stdout:/usr/bin/ceph: stderr
2023-07-14T16:06:09.518+0000 7f577a0d6700 1 -- start start
2023-07-14T16:06:10.936 INFO:teuthology.orchestra.run.smithi062.stdout:/usr/bin/ceph: stderr
2023-07-14T16:06:09.519+0000 7f577a0d6700 1 --2- >> [v2:172.21.15.62:3300/0,v1:172.21.15.62:6789/0] conn(0x7f5774073b10 0x7f5774107d50 unknown :-1 s=NONE pgs=0 cs=0 l=0 rev1=0 crypto rx=0 tx=0 comp rx=0 tx=0).connect
2023-07-14T16:06:10.936 INFO:teuthology.orchestra.run.smithi062.stdout:/usr/bin/ceph: stderr
2023-07-14T16:06:09.519+0000 7f577a0d6700 1 -- --> [v2:172.21.15.62:3300/0,v1:172.21.15.62:6789/0] -- mon_getmap magic: 0 v1 -- 0x7f5774108290 con 0x7f5774073b10
2023-07-14T16:06:10.937 INFO:teuthology.orchestra.run.smithi062.stdout:/usr/bin/ceph: stderr
2023-07-14T16:06:09.519+0000 7f57737fe700 1 --2- >> [v2:172.21.15.62:3300/0,v1:172.21.15.62:6789/0] conn(0x7f5774073b10 0x7f5774107d50 unknown :-1 s=BANNER_CONNECTING pgs=0 cs=0 l=0 rev1=0 crypto rx=0 tx=0 comp rx=0 tx=0)._handle_peer_banner_payload supported=3 required=0
2023-07-14T16:06:10.937 INFO:teuthology.orchestra.run.smithi062.stdout:/usr/bin/ceph: stderr
2023-07-14T16:06:09.519+0000 7f57737fe700 1 --2- >> [v2:172.21.15.62:3300/0,v1:172.21.15.62:6789/0] conn(0x7f5774073b10 0x7f5774107d50 unknown :-1 s=HELLO_CONNECTING pgs=0 cs=0 l=0 rev1=1 crypto rx=0 tx=0 comp rx=0 tx=0).handle_hello peer v2:172.21.15.62:3300/0 says I am v2:172.21.15.62:44384/0 (socket says 172.21.15.62:44384)
2023-07-14T16:06:10.937 INFO:teuthology.orchestra.run.smithi062.stdout:/usr/bin/ceph: stderr
2023-07-14T16:06:09.519+0000 7f57737fe700 1 -- 172.21.15.62:0/655895959 learned_addr learned my addr 172.21.15.62:0/655895959 (peer_addr_for_me v2:172.21.15.62:0/0)
2023-07-14T16:06:10.937 INFO:teuthology.orchestra.run.smithi062.stdout:/usr/bin/ceph: stderr
2023-07-14T16:06:09.520+0000 7f57737fe700 1 -- 172.21.15.62:0/655895959 --> [v2:172.21.15.62:3300/0,v1:172.21.15.62:6789/0] -- mon_subscribe({config=0+,monmap=0+}) v3 -- 0x7f57741083d0 con 0x7f5774073b10
2023-07-14T16:06:10.937 INFO:teuthology.orchestra.run.smithi062.stdout:/usr/bin/ceph: stderr
2023-07-14T16:06:09.520+0000 7f57737fe700 1 --2- 172.21.15.62:0/655895959 >> [v2:172.21.15.62:3300/0,v1:172.21.15.62:6789/0] conn(0x7f5774073b10 0x7f5774107d50 secure :-1 s=READY pgs=55 cs=0 l=1 rev1=1 crypto rx=0x7f57640098a0 tx=0x7f5764009bb0 comp rx=0 tx=0).ready entity=mon.0 client_cookie=dfd25d0bd86f7f8b server_cookie=0 in_seq=0 out_seq=0
2023-07-14T16:06:10.937 INFO:teuthology.orchestra.run.smithi062.stdout:/usr/bin/ceph: stderr
2023-07-14T16:06:09.520+0000 7f57727fc700 1 -- 172.21.15.62:0/655895959 <== mon.0 v2:172.21.15.62:3300/0 1 ==== mon_map magic: 0 v1 ==== 205+0+0 (secure 0 0 0) 0x7f5764004160 con 0x7f5774073b10
2023-07-14T16:06:10.937 INFO:teuthology.orchestra.run.smithi062.stdout:/usr/bin/ceph: stderr
2023-07-14T16:06:09.520+0000 7f57727fc700 1 -- 172.21.15.62:0/655895959 <== mon.0 v2:172.21.15.62:3300/0 2 ==== config(25 keys) v1 ==== 1067+0+0 (secure 0 0 0) 0x7f57640042c0 con 0x7f5774073b10
2023-07-14T16:06:10.937 INFO:teuthology.orchestra.run.smithi062.stdout:/usr/bin/ceph: stderr
2023-07-14T16:06:09.520+0000 7f57727fc700 1 -- 172.21.15.62:0/655895959 <== mon.0 v2:172.21.15.62:3300/0 3 ==== mon_map magic: 0 v1 ==== 205+0+0 (secure 0 0 0) 0x7f57640118e0 con 0x7f5774073b10
2023-07-14T16:06:10.938 INFO:teuthology.orchestra.run.smithi062.stdout:/usr/bin/ceph: stderr
2023-07-14T16:06:09.521+0000 7f577a0d6700 1 -- 172.21.15.62:0/655895959 >> [v2:172.21.15.62:3300/0,v1:172.21.15.62:6789/0] conn(0x7f5774073b10 msgr2=0x7f5774107d50 secure :-1 s=STATE_CONNECTION_ESTABLISHED l=1).mark_down
2023-07-14T16:06:10.938 INFO:teuthology.orchestra.run.smithi062.stdout:/usr/bin/ceph: stderr
2023-07-14T16:06:09.521+0000 7f577a0d6700 1 --2- 172.21.15.62:0/655895959 >> [v2:172.21.15.62:3300/0,v1:172.21.15.62:6789/0] conn(0x7f5774073b10 0x7f5774107d50 secure :-1 s=READY pgs=55 cs=0 l=1 rev1=1 crypto rx=0x7f57640098a0 tx=0x7f5764009bb0 comp rx=0 tx=0).stop
2023-07-14T16:06:10.938 INFO:teuthology.orchestra.run.smithi062.stdout:/usr/bin/ceph: stderr
2023-07-14T16:06:09.521+0000 7f577a0d6700 1 -- 172.21.15.62:0/655895959 shutdown_connections
2023-07-14T16:06:10.938 INFO:teuthology.orchestra.run.smithi062.stdout:/usr/bin/ceph: stderr
2023-07-14T16:06:09.521+0000 7f577a0d6700 1 --2- 172.21.15.62:0/655895959 >> [v2:172.21.15.62:3300/0,v1:172.21.15.62:6789/0] conn(0x7f5774073b10 0x7f5774107d50 unknown :-1 s=CLOSED pgs=55 cs=0 l=1 rev1=1 crypto rx=0 tx=0 comp rx=0 tx=0).stop
2023-07-14T16:06:10.938 INFO:teuthology.orchestra.run.smithi062.stdout:/usr/bin/ceph: stderr
2023-07-14T16:06:09.521+0000 7f577a0d6700 1 -- 172.21.15.62:0/655895959 >> 172.21.15.62:0/655895959 conn(0x7f57740ff720 msgr2=0x7f5774101b30 unknown :-1 s=STATE_NONE l=0).mark_down
2023-07-14T16:06:10.938 INFO:teuthology.orchestra.run.smithi062.stdout:/usr/bin/ceph: stderr
2023-07-14T16:06:09.521+0000 7f577a0d6700 1 -- 172.21.15.62:0/655895959 shutdown_connections
2023-07-14T16:06:10.938 INFO:teuthology.orchestra.run.smithi062.stdout:/usr/bin/ceph: stderr
2023-07-14T16:06:09.521+0000 7f577a0d6700 1 -- 172.21.15.62:0/655895959 wait complete.
2023-07-14T16:06:10.939 INFO:teuthology.orchestra.run.smithi062.stdout:/usr/bin/ceph: stderr
2023-07-14T16:06:09.522+0000 7f577a0d6700 1 Processor -- start
2023-07-14T16:06:10.939 INFO:teuthology.orchestra.run.smithi062.stdout:/usr/bin/ceph: stderr
2023-07-14T16:06:09.522+0000 7f577a0d6700 1 -- start start
2023-07-14T16:06:10.939 INFO:teuthology.orchestra.run.smithi062.stdout:/usr/bin/ceph: stderr
2023-07-14T16:06:09.523+0000 7f577a0d6700 1 --2- >> [v2:172.21.15.62:3300/0,v1:172.21.15.62:6789/0] conn(0x7f577419b080 0x7f577419b490 unknown :-1 s=NONE pgs=0 cs=0 l=1 rev1=0 crypto rx=0 tx=0 comp rx=0 tx=0).connect
2023-07-14T16:06:10.939 INFO:teuthology.orchestra.run.smithi062.stdout:/usr/bin/ceph: stderr
2023-07-14T16:06:09.523+0000 7f577a0d6700 1 -- --> [v2:172.21.15.62:3300/0,v1:172.21.15.62:6789/0] -- mon_getmap magic: 0 v1 -- 0x7f577419b9d0 con 0x7f577419b080
2023-07-14T16:06:10.939 INFO:teuthology.orchestra.run.smithi062.stdout:/usr/bin/ceph: stderr
2023-07-14T16:06:09.523+0000 7f57737fe700 1 --2- >> [v2:172.21.15.62:3300/0,v1:172.21.15.62:6789/0] conn(0x7f577419b080 0x7f577419b490 unknown :-1 s=BANNER_CONNECTING pgs=0 cs=0 l=1 rev1=0 crypto rx=0 tx=0 comp rx=0 tx=0)._handle_peer_banner_payload supported=3 required=0
2023-07-14T16:06:10.939 INFO:teuthology.orchestra.run.smithi062.stdout:/usr/bin/ceph: stderr
2023-07-14T16:06:09.523+0000 7f57737fe700 1 --2- >> [v2:172.21.15.62:3300/0,v1:172.21.15.62:6789/0] conn(0x7f577419b080 0x7f577419b490 unknown :-1 s=HELLO_CONNECTING pgs=0 cs=0 l=1 rev1=1 crypto rx=0 tx=0 comp rx=0 tx=0).handle_hello peer v2:172.21.15.62:3300/0 says I am v2:172.21.15.62:44394/0 (socket says 172.21.15.62:44394)
2023-07-14T16:06:10.939 INFO:teuthology.orchestra.run.smithi062.stdout:/usr/bin/ceph: stderr
2023-07-14T16:06:09.523+0000 7f57737fe700 1 -- 172.21.15.62:0/1917667191 learned_addr learned my addr 172.21.15.62:0/1917667191 (peer_addr_for_me v2:172.21.15.62:0/0)
2023-07-14T16:06:10.939 INFO:teuthology.orchestra.run.smithi062.stdout:/usr/bin/ceph: stderr
2023-07-14T16:06:09.523+0000 7f57737fe700 1 -- 172.21.15.62:0/1917667191 --> [v2:172.21.15.62:3300/0,v1:172.21.15.62:6789/0] -- mon_subscribe({config=0+,monmap=0+}) v3 -- 0x7f5764009550 con 0x7f577419b080
2023-07-14T16:06:10.940 INFO:teuthology.orchestra.run.smithi062.stdout:/usr/bin/ceph: stderr
2023-07-14T16:06:09.524+0000 7f57737fe700 1 --2- 172.21.15.62:0/1917667191 >> [v2:172.21.15.62:3300/0,v1:172.21.15.62:6789/0] conn(0x7f577419b080 0x7f577419b490 secure :-1 s=READY pgs=56 cs=0 l=1 rev1=1 crypto rx=0x7f5764003e30 tx=0x7f57640119a0 comp rx=0 tx=0).ready entity=mon.0 client_cookie=0 server_cookie=0 in_seq=0 out_seq=0
2023-07-14T16:06:10.940 INFO:teuthology.orchestra.run.smithi062.stdout:/usr/bin/ceph: stderr
2023-07-14T16:06:09.524+0000 7f5770ff9700 1 -- 172.21.15.62:0/1917667191 <== mon.0 v2:172.21.15.62:3300/0 1 ==== mon_map magic: 0 v1 ==== 205+0+0 (secure 0 0 0) 0x7f57640036a0 con 0x7f577419b080
2023-07-14T16:06:10.940 INFO:teuthology.orchestra.run.smithi062.stdout:/usr/bin/ceph: stderr
2023-07-14T16:06:09.524+0000 7f5770ff9700 1 -- 172.21.15.62:0/1917667191 <== mon.0 v2:172.21.15.62:3300/0 2 ==== config(25 keys) v1 ==== 1067+0+0 (secure 0 0 0) 0x7f576401b440 con 0x7f577419b080
2023-07-14T16:06:10.940 INFO:teuthology.orchestra.run.smithi062.stdout:/usr/bin/ceph: stderr
2023-07-14T16:06:09.524+0000 7f5770ff9700 1 -- 172.21.15.62:0/1917667191 <== mon.0 v2:172.21.15.62:3300/0 3 ==== mon_map magic: 0 v1 ==== 205+0+0 (secure 0 0 0) 0x7f5764023400 con 0x7f577419b080
2023-07-14T16:06:10.940 INFO:teuthology.orchestra.run.smithi062.stdout:/usr/bin/ceph: stderr
2023-07-14T16:06:09.524+0000 7f577a0d6700 1 -- 172.21.15.62:0/1917667191 --> [v2:172.21.15.62:3300/0,v1:172.21.15.62:6789/0] -- mon_subscribe({mgrmap=0+}) v3 -- 0x7f577419bbd0 con 0x7f577419b080
2023-07-14T16:06:10.940 INFO:teuthology.orchestra.run.smithi062.stdout:/usr/bin/ceph: stderr
2023-07-14T16:06:09.524+0000 7f577a0d6700 1 -- 172.21.15.62:0/1917667191 --> [v2:172.21.15.62:3300/0,v1:172.21.15.62:6789/0] -- mon_subscribe({osdmap=0}) v3 -- 0x7f577419e830 con 0x7f577419b080
2023-07-14T16:06:10.940 INFO:teuthology.orchestra.run.smithi062.stdout:/usr/bin/ceph: stderr
2023-07-14T16:06:09.525+0000 7f5770ff9700 1 -- 172.21.15.62:0/1917667191 <== mon.0 v2:172.21.15.62:3300/0 4 ==== mgrmap(e 8) v1 ==== 45483+0+0 (secure 0 0 0) 0x7f5764003800 con 0x7f577419b080
2023-07-14T16:06:10.941 INFO:teuthology.orchestra.run.smithi062.stdout:/usr/bin/ceph: stderr
2023-07-14T16:06:09.525+0000 7f577a0d6700 1 -- 172.21.15.62:0/1917667191 --> [v2:172.21.15.62:3300/0,v1:172.21.15.62:6789/0] -- mon_command({"prefix": "get_command_descriptions"} v 0) v1 -- 0x7f5774073b10 con 0x7f577419b080
2023-07-14T16:06:10.941 INFO:teuthology.orchestra.run.smithi062.stdout:/usr/bin/ceph: stderr
2023-07-14T16:06:09.526+0000 7f5770ff9700 1 --2- 172.21.15.62:0/1917667191 >> [v2:172.21.15.62:6800/105803689,v1:172.21.15.62:6801/105803689] conn(0x7f575c038760 0x7f575c03ac10 unknown :-1 s=NONE pgs=0 cs=0 l=1 rev1=0 crypto rx=0 tx=0 comp rx=0 tx=0).connect
2023-07-14T16:06:10.941 INFO:teuthology.orchestra.run.smithi062.stdout:/usr/bin/ceph: stderr
2023-07-14T16:06:09.526+0000 7f5770ff9700 1 -- 172.21.15.62:0/1917667191 <== mon.0 v2:172.21.15.62:3300/0 5 ==== osd_map(2..2 src has 1..2) v4 ==== 940+0+0 (secure 0 0 0) 0x7f576404c6d0 con 0x7f577419b080
2023-07-14T16:06:10.941 INFO:teuthology.orchestra.run.smithi062.stdout:/usr/bin/ceph: stderr
2023-07-14T16:06:09.526+0000 7f5772ffd700 1 --2- 172.21.15.62:0/1917667191 >> [v2:172.21.15.62:6800/105803689,v1:172.21.15.62:6801/105803689] conn(0x7f575c038760 0x7f575c03ac10 unknown :-1 s=BANNER_CONNECTING pgs=0 cs=0 l=1 rev1=0 crypto rx=0 tx=0 comp rx=0 tx=0)._handle_peer_banner_payload supported=3 required=0
2023-07-14T16:06:10.941 INFO:teuthology.orchestra.run.smithi062.stdout:/usr/bin/ceph: stderr
2023-07-14T16:06:09.527+0000 7f5772ffd700 1 --2- 172.21.15.62:0/1917667191 >> [v2:172.21.15.62:6800/105803689,v1:172.21.15.62:6801/105803689] conn(0x7f575c038760 0x7f575c03ac10 secure :-1 s=READY pgs=16 cs=0 l=1 rev1=1 crypto rx=0x7f5768006fd0 tx=0x7f5768006e40 comp rx=0 tx=0).ready entity=mgr.14120 client_cookie=0 server_cookie=0 in_seq=0 out_seq=0
2023-07-14T16:06:10.941 INFO:teuthology.orchestra.run.smithi062.stdout:/usr/bin/ceph: stderr
2023-07-14T16:06:09.531+0000 7f5770ff9700 1 -- 172.21.15.62:0/1917667191 <== mon.0 v2:172.21.15.62:3300/0 6 ==== mon_command_ack([{"prefix": "get_command_descriptions"}]=0 v0) v1 ==== 72+0+178038 (secure 0 0 0) 0x7f576402b350 con 0x7f577419b080
2023-07-14T16:06:10.941 INFO:teuthology.orchestra.run.smithi062.stdout:/usr/bin/ceph: stderr
2023-07-14T16:06:09.819+0000 7f577a0d6700 1 -- 172.21.15.62:0/1917667191 --> [v2:172.21.15.62:3300/0,v1:172.21.15.62:6789/0] -- mon_command({"prefix": "mgr module enable", "module": "dashboard"} v 0) v1 -- 0x7f5774073d30 con 0x7f577419b080
2023-07-14T16:06:10.942 INFO:teuthology.orchestra.run.smithi062.stdout:/usr/bin/ceph: stderr
2023-07-14T16:06:10.522+0000 7f5770ff9700 1 -- 172.21.15.62:0/1917667191 <== mon.0 v2:172.21.15.62:3300/0 7 ==== mgrmap(e 9) v1 ==== 45496+0+0 (secure 0 0 0) 0x7f576401b960 con 0x7f577419b080
2023-07-14T16:06:10.942 INFO:teuthology.orchestra.run.smithi062.stdout:/usr/bin/ceph: stderr
2023-07-14T16:06:10.524+0000 7f5770ff9700 1 -- 172.21.15.62:0/1917667191 <== mon.0 v2:172.21.15.62:3300/0 8 ==== mon_command_ack([{"prefix": "mgr module enable", "module": "dashboard"}]=0 v9) v1 ==== 88+0+0 (secure 0 0 0) 0x7f576404c020 con 0x7f577419b080
2023-07-14T16:06:10.942 INFO:teuthology.orchestra.run.smithi062.stdout:/usr/bin/ceph: stderr
2023-07-14T16:06:10.526+0000 7f577a0d6700 1 -- 172.21.15.62:0/1917667191 >> [v2:172.21.15.62:6800/105803689,v1:172.21.15.62:6801/105803689] conn(0x7f575c038760 msgr2=0x7f575c03ac10 secure :-1 s=STATE_CONNECTION_ESTABLISHED l=1).mark_down
2023-07-14T16:06:10.942 INFO:teuthology.orchestra.run.smithi062.stdout:/usr/bin/ceph: stderr
2023-07-14T16:06:10.526+0000 7f577a0d6700 1 --2- 172.21.15.62:0/1917667191 >> [v2:172.21.15.62:6800/105803689,v1:172.21.15.62:6801/105803689] conn(0x7f575c038760 0x7f575c03ac10 secure :-1 s=READY pgs=16 cs=0 l=1 rev1=1 crypto rx=0x7f5768006fd0 tx=0x7f5768006e40 comp rx=0 tx=0).stop
2023-07-14T16:06:10.942 INFO:teuthology.orchestra.run.smithi062.stdout:/usr/bin/ceph: stderr
2023-07-14T16:06:10.526+0000 7f577a0d6700 1 -- 172.21.15.62:0/1917667191 >> [v2:172.21.15.62:3300/0,v1:172.21.15.62:6789/0] conn(0x7f577419b080 msgr2=0x7f577419b490 secure :-1 s=STATE_CONNECTION_ESTABLISHED l=1).mark_down
2023-07-14T16:06:10.942 INFO:teuthology.orchestra.run.smithi062.stdout:/usr/bin/ceph: stderr
2023-07-14T16:06:10.526+0000 7f577a0d6700 1 --2- 172.21.15.62:0/1917667191 >> [v2:172.21.15.62:3300/0,v1:172.21.15.62:6789/0] conn(0x7f577419b080 0x7f577419b490 secure :-1 s=READY pgs=56 cs=0 l=1 rev1=1 crypto rx=0x7f5764003e30 tx=0x7f57640119a0 comp rx=0 tx=0).stop
2023-07-14T16:06:10.942 INFO:teuthology.orchestra.run.smithi062.stdout:/usr/bin/ceph: stderr
2023-07-14T16:06:10.526+0000 7f577a0d6700 1 -- 172.21.15.62:0/1917667191 shutdown_connections
2023-07-14T16:06:10.942 INFO:teuthology.orchestra.run.smithi062.stdout:/usr/bin/ceph: stderr
2023-07-14T16:06:10.526+0000 7f577a0d6700 1 --2- 172.21.15.62:0/1917667191 >> [v2:172.21.15.62:6800/105803689,v1:172.21.15.62:6801/105803689] conn(0x7f575c038760 0x7f575c03ac10 unknown :-1 s=CLOSED pgs=16 cs=0 l=1 rev1=1 crypto rx=0 tx=0 comp rx=0 tx=0).stop
2023-07-14T16:06:10.943 INFO:teuthology.orchestra.run.smithi062.stdout:/usr/bin/ceph: stderr
2023-07-14T16:06:10.526+0000 7f577a0d6700 1 --2- 172.21.15.62:0/1917667191 >> [v2:172.21.15.62:3300/0,v1:172.21.15.62:6789/0] conn(0x7f577419b080 0x7f577419b490 unknown :-1 s=CLOSED pgs=56 cs=0 l=1 rev1=1 crypto rx=0 tx=0 comp rx=0 tx=0).stop
2023-07-14T16:06:10.943 INFO:teuthology.orchestra.run.smithi062.stdout:/usr/bin/ceph: stderr
2023-07-14T16:06:10.526+0000 7f577a0d6700 1 -- 172.21.15.62:0/1917667191 >> 172.21.15.62:0/1917667191 conn(0x7f57740ff720 msgr2=0x7f5774100da0 unknown :-1 s=STATE_NONE l=0).mark_down
2023-07-14T16:06:10.943 INFO:teuthology.orchestra.run.smithi062.stdout:/usr/bin/ceph: stderr
2023-07-14T16:06:10.526+0000 7f577a0d6700 1 -- 172.21.15.62:0/1917667191 shutdown_connections
2023-07-14T16:06:10.943 INFO:teuthology.orchestra.run.smithi062.stdout:/usr/bin/ceph: stderr
2023-07-14T16:06:10.527+0000 7f577a0d6700 1 -- 172.21.15.62:0/1917667191 wait complete.
2023-07-14T16:06:11.123 INFO:journalctl@ceph.mgr.x.smithi062.stdout:Jul 14 16:06:10 smithi062 ceph-1356e48a-2260-11ee-9b33-001a4aab830c-mgr-x[95790]:
2023-07-14T16:06:10.838+0000 7fdbc23e9200 -1 mgr[py] Module devicehealth has missing NOTIFY_TYPES member
2023-07-14T16:06:11.124 INFO:journalctl@ceph.mgr.x.smithi062.stdout:Jul 14 16:06:10 smithi062 ceph-1356e48a-2260-11ee-9b33-001a4aab830c-mgr-x[95790]:
2023-07-14T16:06:10.945+0000 7fdbc23e9200 -1 mgr[py] Module osd_support has missing NOTIFY_TYPES member
2023-07-14T16:06:11.124 INFO:journalctl@ceph.mgr.x.smithi062.stdout:Jul 14 16:06:11 smithi062 ceph-1356e48a-2260-11ee-9b33-001a4aab830c-mgr-x[95790]:
2023-07-14T16:06:11.083+0000 7fdbc23e9200 -1 mgr[py] Module snap_schedule has missing NOTIFY_TYPES member
2023-07-14T16:06:11.497 INFO:journalctl@ceph.mgr.x.smithi062.stdout:Jul 14 16:06:11 smithi062 ceph-1356e48a-2260-11ee-9b33-001a4aab830c-mgr-x[95790]:
2023-07-14T16:06:11.216+0000 7fdbc23e9200 -1 mgr[py] Module zabbix has missing NOTIFY_TYPES member
2023-07-14T16:06:11.497 INFO:journalctl@ceph.mgr.x.smithi062.stdout:Jul 14 16:06:11 smithi062 ceph-1356e48a-2260-11ee-9b33-001a4aab830c-mgr-x[95790]:
2023-07-14T16:06:11.465+0000 7fdbc23e9200 -1 mgr[py] Module crash has missing NOTIFY_TYPES member
2023-07-14T16:06:11.872 INFO:journalctl@ceph.mon.a.smithi062.stdout:Jul 14 16:06:11 smithi062 ceph-mon[95543]: from='client.? 172.21.15.62:0/1917667191' entity='client.admin' cmd='[{"prefix": "mgr module enable", "module": "dashboard"}]': finished
2023-07-14T16:06:11.873 INFO:journalctl@ceph.mon.a.smithi062.stdout:Jul 14 16:06:11 smithi062 ceph-mon[95543]: mgrmap e9: x(active, since 17s)
2023-07-14T16:06:12.123 INFO:journalctl@ceph.mgr.x.smithi062.stdout:Jul 14 16:06:11 smithi062 ceph-1356e48a-2260-11ee-9b33-001a4aab830c-mgr-x[95790]:
2023-07-14T16:06:11.925+0000 7fdbc23e9200 -1 mgr[py] Module prometheus has missing NOTIFY_TYPES member
2023-07-14T16:06:12.123 INFO:journalctl@ceph.mgr.x.smithi062.stdout:Jul 14 16:06:12 smithi062 ceph-1356e48a-2260-11ee-9b33-001a4aab830c-mgr-x[95790]:
2023-07-14T16:06:12.063+0000 7fdbc23e9200 -1 mgr[py] Module status has missing NOTIFY_TYPES member
2023-07-14T16:06:12.497 INFO:journalctl@ceph.mgr.x.smithi062.stdout:Jul 14 16:06:12 smithi062 ceph-1356e48a-2260-11ee-9b33-001a4aab830c-mgr-x[95790]:
2023-07-14T16:06:12.231+0000 7fdbc23e9200 -1 mgr[py] Module selftest has missing NOTIFY_TYPES member
2023-07-14T16:06:12.498 INFO:journalctl@ceph.mgr.x.smithi062.stdout:Jul 14 16:06:12 smithi062 ceph-1356e48a-2260-11ee-9b33-001a4aab830c-mgr-x[95790]:
2023-07-14T16:06:12.360+0000 7fdbc23e9200 -1 mgr[py] Module alerts has missing NOTIFY_TYPES member
2023-07-14T16:06:12.526 INFO:teuthology.orchestra.run.smithi062.stdout:/usr/bin/ceph: stdout {
2023-07-14T16:06:12.527 INFO:teuthology.orchestra.run.smithi062.stdout:/usr/bin/ceph: stdout "epoch": 9,
2023-07-14T16:06:12.527 INFO:teuthology.orchestra.run.smithi062.stdout:/usr/bin/ceph: stdout "available": true,
2023-07-14T16:06:12.527 INFO:teuthology.orchestra.run.smithi062.stdout:/usr/bin/ceph: stdout "active_name": "x",
2023-07-14T16:06:12.527 INFO:teuthology.orchestra.run.smithi062.stdout:/usr/bin/ceph: stdout "num_standby": 0
2023-07-14T16:06:12.527 INFO:teuthology.orchestra.run.smithi062.stdout:/usr/bin/ceph: stdout }
2023-07-14T16:06:12.528 INFO:teuthology.orchestra.run.smithi062.stdout:/usr/bin/ceph: stderr
2023-07-14T16:06:11.565+0000 7f1344077700 1 Processor -- start
2023-07-14T16:06:12.528 INFO:teuthology.orchestra.run.smithi062.stdout:/usr/bin/ceph: stderr
2023-07-14T16:06:11.565+0000 7f1344077700 1 -- start start
2023-07-14T16:06:12.528 INFO:teuthology.orchestra.run.smithi062.stdout:/usr/bin/ceph: stderr
2023-07-14T16:06:11.566+0000 7f1344077700 1 --2- >> [v2:172.21.15.62:3300/0,v1:172.21.15.62:6789/0] conn(0x7f133c105d60 0x7f133c108140 unknown :-1 s=NONE pgs=0 cs=0 l=0 rev1=0 crypto rx=0 tx=0 comp rx=0 tx=0).connect
2023-07-14T16:06:12.528 INFO:teuthology.orchestra.run.smithi062.stdout:/usr/bin/ceph: stderr
2023-07-14T16:06:11.566+0000 7f1344077700 1 -- --> [v2:172.21.15.62:3300/0,v1:172.21.15.62:6789/0] -- mon_getmap magic: 0 v1 -- 0x7f133c073b30 con 0x7f133c105d60
2023-07-14T16:06:12.528 INFO:teuthology.orchestra.run.smithi062.stdout:/usr/bin/ceph: stderr
2023-07-14T16:06:11.566+0000 7f1341e13700 1 --2- >> [v2:172.21.15.62:3300/0,v1:172.21.15.62:6789/0] conn(0x7f133c105d60 0x7f133c108140 unknown :-1 s=BANNER_CONNECTING pgs=0 cs=0 l=0 rev1=0 crypto rx=0 tx=0 comp rx=0 tx=0)._handle_peer_banner_payload supported=3 required=0
2023-07-14T16:06:12.528 INFO:teuthology.orchestra.run.smithi062.stdout:/usr/bin/ceph: stderr
2023-07-14T16:06:11.566+0000 7f1341e13700 1 --2- >> [v2:172.21.15.62:3300/0,v1:172.21.15.62:6789/0] conn(0x7f133c105d60 0x7f133c108140 unknown :-1 s=HELLO_CONNECTING pgs=0 cs=0 l=0 rev1=1 crypto rx=0 tx=0 comp rx=0 tx=0).handle_hello peer v2:172.21.15.62:3300/0 says I am v2:172.21.15.62:44430/0 (socket says 172.21.15.62:44430)
2023-07-14T16:06:12.528 INFO:teuthology.orchestra.run.smithi062.stdout:/usr/bin/ceph: stderr
2023-07-14T16:06:11.566+0000 7f1341e13700 1 -- 172.21.15.62:0/2917386437 learned_addr learned my addr 172.21.15.62:0/2917386437 (peer_addr_for_me v2:172.21.15.62:0/0)
2023-07-14T16:06:12.529 INFO:teuthology.orchestra.run.smithi062.stdout:/usr/bin/ceph: stderr
2023-07-14T16:06:11.567+0000 7f1341e13700 1 -- 172.21.15.62:0/2917386437 --> [v2:172.21.15.62:3300/0,v1:172.21.15.62:6789/0] -- mon_subscribe({config=0+,monmap=0+}) v3 -- 0x7f133c073c70 con 0x7f133c105d60
2023-07-14T16:06:12.529 INFO:teuthology.orchestra.run.smithi062.stdout:/usr/bin/ceph: stderr
2023-07-14T16:06:11.567+0000 7f1341e13700 1 --2- 172.21.15.62:0/2917386437 >> [v2:172.21.15.62:3300/0,v1:172.21.15.62:6789/0] conn(0x7f133c105d60 0x7f133c108140 secure :-1 s=READY pgs=59 cs=0 l=1 rev1=1 crypto rx=0x7f13380098a0 tx=0x7f1338009bb0 comp rx=0 tx=0).ready entity=mon.0 client_cookie=2cd1f3d9e479bc4a server_cookie=0 in_seq=0 out_seq=0
2023-07-14T16:06:12.529 INFO:teuthology.orchestra.run.smithi062.stdout:/usr/bin/ceph: stderr
2023-07-14T16:06:11.567+0000 7f1340e11700 1 -- 172.21.15.62:0/2917386437 <== mon.0 v2:172.21.15.62:3300/0 1 ==== mon_map magic: 0 v1 ==== 205+0+0 (secure 0 0 0) 0x7f1338004160 con 0x7f133c105d60
2023-07-14T16:06:12.529 INFO:teuthology.orchestra.run.smithi062.stdout:/usr/bin/ceph: stderr
2023-07-14T16:06:11.567+0000 7f1340e11700 1 -- 172.21.15.62:0/2917386437 <== mon.0 v2:172.21.15.62:3300/0 2 ==== config(25 keys) v1 ==== 1067+0+0 (secure 0 0 0) 0x7f13380042c0 con 0x7f133c105d60
2023-07-14T16:06:12.529 INFO:teuthology.orchestra.run.smithi062.stdout:/usr/bin/ceph: stderr
2023-07-14T16:06:11.567+0000 7f1340e11700 1 -- 172.21.15.62:0/2917386437 <== mon.0 v2:172.21.15.62:3300/0 3 ==== mon_map magic: 0 v1 ==== 205+0+0 (secure 0 0 0) 0x7f13380118e0 con 0x7f133c105d60
2023-07-14T16:06:12.529 INFO:teuthology.orchestra.run.smithi062.stdout:/usr/bin/ceph: stderr
2023-07-14T16:06:11.568+0000 7f1344077700 1 -- 172.21.15.62:0/2917386437 >> [v2:172.21.15.62:3300/0,v1:172.21.15.62:6789/0] conn(0x7f133c105d60 msgr2=0x7f133c108140 secure :-1 s=STATE_CONNECTION_ESTABLISHED l=1).mark_down
2023-07-14T16:06:12.529 INFO:teuthology.orchestra.run.smithi062.stdout:/usr/bin/ceph: stderr
2023-07-14T16:06:11.568+0000 7f1344077700 1 --2- 172.21.15.62:0/2917386437 >> [v2:172.21.15.62:3300/0,v1:172.21.15.62:6789/0] conn(0x7f133c105d60 0x7f133c108140 secure :-1 s=READY pgs=59 cs=0 l=1 rev1=1 crypto rx=0x7f13380098a0 tx=0x7f1338009bb0 comp rx=0 tx=0).stop
2023-07-14T16:06:12.530 INFO:teuthology.orchestra.run.smithi062.stdout:/usr/bin/ceph: stderr
2023-07-14T16:06:11.568+0000 7f1344077700 1 -- 172.21.15.62:0/2917386437 shutdown_connections
2023-07-14T16:06:12.530 INFO:teuthology.orchestra.run.smithi062.stdout:/usr/bin/ceph: stderr
2023-07-14T16:06:11.568+0000 7f1344077700 1 --2- 172.21.15.62:0/2917386437 >> [v2:172.21.15.62:3300/0,v1:172.21.15.62:6789/0] conn(0x7f133c105d60 0x7f133c108140 unknown :-1 s=CLOSED pgs=59 cs=0 l=1 rev1=1 crypto rx=0 tx=0 comp rx=0 tx=0).stop
2023-07-14T16:06:12.530 INFO:teuthology.orchestra.run.smithi062.stdout:/usr/bin/ceph: stderr
2023-07-14T16:06:11.568+0000 7f1344077700 1 -- 172.21.15.62:0/2917386437 >> 172.21.15.62:0/2917386437 conn(0x7f133c0ff760 msgr2=0x7f133c101b70 unknown :-1 s=STATE_NONE l=0).mark_down
2023-07-14T16:06:12.530 INFO:teuthology.orchestra.run.smithi062.stdout:/usr/bin/ceph: stderr
2023-07-14T16:06:11.568+0000 7f1344077700 1 -- 172.21.15.62:0/2917386437 shutdown_connections
2023-07-14T16:06:12.530 INFO:teuthology.orchestra.run.smithi062.stdout:/usr/bin/ceph: stderr
2023-07-14T16:06:11.569+0000 7f1344077700 1 -- 172.21.15.62:0/2917386437 wait complete.
2023-07-14T16:06:12.530 INFO:teuthology.orchestra.run.smithi062.stdout:/usr/bin/ceph: stderr
2023-07-14T16:06:11.570+0000 7f1344077700 1 Processor -- start
2023-07-14T16:06:12.531 INFO:teuthology.orchestra.run.smithi062.stdout:/usr/bin/ceph: stderr
2023-07-14T16:06:11.570+0000 7f1344077700 1 -- start start
2023-07-14T16:06:12.531 INFO:teuthology.orchestra.run.smithi062.stdout:/usr/bin/ceph: stderr
2023-07-14T16:06:11.570+0000 7f1344077700 1 --2- >> [v2:172.21.15.62:3300/0,v1:172.21.15.62:6789/0] conn(0x7f133c105d60 0x7f133c19b160 unknown :-1 s=NONE pgs=0 cs=0 l=1 rev1=0 crypto rx=0 tx=0 comp rx=0 tx=0).connect
2023-07-14T16:06:12.531 INFO:teuthology.orchestra.run.smithi062.stdout:/usr/bin/ceph: stderr
2023-07-14T16:06:11.570+0000 7f1344077700 1 -- --> [v2:172.21.15.62:3300/0,v1:172.21.15.62:6789/0] -- mon_getmap magic: 0 v1 -- 0x7f133c19b6a0 con 0x7f133c105d60
2023-07-14T16:06:12.531 INFO:teuthology.orchestra.run.smithi062.stdout:/usr/bin/ceph: stderr
2023-07-14T16:06:11.570+0000 7f1341e13700 1 --2- >> [v2:172.21.15.62:3300/0,v1:172.21.15.62:6789/0] conn(0x7f133c105d60 0x7f133c19b160 unknown :-1 s=BANNER_CONNECTING pgs=0 cs=0 l=1 rev1=0 crypto rx=0 tx=0 comp rx=0 tx=0)._handle_peer_banner_payload supported=3 required=0
2023-07-14T16:06:12.531 INFO:teuthology.orchestra.run.smithi062.stdout:/usr/bin/ceph: stderr
2023-07-14T16:06:11.570+0000 7f1341e13700 1 --2- >> [v2:172.21.15.62:3300/0,v1:172.21.15.62:6789/0] conn(0x7f133c105d60 0x7f133c19b160 unknown :-1 s=HELLO_CONNECTING pgs=0 cs=0 l=1 rev1=1 crypto rx=0 tx=0 comp rx=0 tx=0).handle_hello peer v2:172.21.15.62:3300/0 says I am v2:172.21.15.62:44444/0 (socket says 172.21.15.62:44444)
2023-07-14T16:06:12.532 INFO:teuthology.orchestra.run.smithi062.stdout:/usr/bin/ceph: stderr
2023-07-14T16:06:11.570+0000 7f1341e13700 1 -- 172.21.15.62:0/2974579391 learned_addr learned my addr 172.21.15.62:0/2974579391 (peer_addr_for_me v2:172.21.15.62:0/0)
2023-07-14T16:06:12.532 INFO:teuthology.orchestra.run.smithi062.stdout:/usr/bin/ceph: stderr
2023-07-14T16:06:11.571+0000 7f1341e13700 1 -- 172.21.15.62:0/2974579391 --> [v2:172.21.15.62:3300/0,v1:172.21.15.62:6789/0] -- mon_subscribe({config=0+,monmap=0+}) v3 -- 0x7f1338009550 con 0x7f133c105d60
2023-07-14T16:06:12.532 INFO:teuthology.orchestra.run.smithi062.stdout:/usr/bin/ceph: stderr
2023-07-14T16:06:11.571+0000 7f1341e13700 1 --2- 172.21.15.62:0/2974579391 >> [v2:172.21.15.62:3300/0,v1:172.21.15.62:6789/0] conn(0x7f133c105d60 0x7f133c19b160 secure :-1 s=READY pgs=60 cs=0 l=1 rev1=1 crypto rx=0x7f1338003e30 tx=0x7f13380119a0 comp rx=0 tx=0).ready entity=mon.0 client_cookie=0 server_cookie=0 in_seq=0 out_seq=0
2023-07-14T16:06:12.532 INFO:teuthology.orchestra.run.smithi062.stdout:/usr/bin/ceph: stderr
2023-07-14T16:06:11.571+0000 7f1332ffd700 1 -- 172.21.15.62:0/2974579391 <== mon.0 v2:172.21.15.62:3300/0 1 ==== mon_map magic: 0 v1 ==== 205+0+0 (secure 0 0 0) 0x7f13380036a0 con 0x7f133c105d60
2023-07-14T16:06:12.532 INFO:teuthology.orchestra.run.smithi062.stdout:/usr/bin/ceph: stderr
2023-07-14T16:06:11.572+0000 7f1332ffd700 1 -- 172.21.15.62:0/2974579391 <== mon.0 v2:172.21.15.62:3300/0 2 ==== config(25 keys) v1 ==== 1067+0+0 (secure 0 0 0) 0x7f133801b440 con 0x7f133c105d60
2023-07-14T16:06:12.532 INFO:teuthology.orchestra.run.smithi062.stdout:/usr/bin/ceph: stderr
2023-07-14T16:06:11.572+0000 7f1344077700 1 -- 172.21.15.62:0/2974579391 --> [v2:172.21.15.62:3300/0,v1:172.21.15.62:6789/0] -- mon_subscribe({mgrmap=0+}) v3 -- 0x7f133c19b8a0 con 0x7f133c105d60
2023-07-14T16:06:12.532 INFO:teuthology.orchestra.run.smithi062.stdout:/usr/bin/ceph: stderr
2023-07-14T16:06:11.572+0000 7f1332ffd700 1 -- 172.21.15.62:0/2974579391 <== mon.0 v2:172.21.15.62:3300/0 3 ==== mon_map magic: 0 v1 ==== 205+0+0 (secure 0 0 0) 0x7f1338023400 con 0x7f133c105d60
2023-07-14T16:06:12.533 INFO:teuthology.orchestra.run.smithi062.stdout:/usr/bin/ceph: stderr
2023-07-14T16:06:11.572+0000 7f1344077700 1 -- 172.21.15.62:0/2974579391 --> [v2:172.21.15.62:3300/0,v1:172.21.15.62:6789/0] -- mon_subscribe({osdmap=0}) v3 -- 0x7f133c19bcc0 con 0x7f133c105d60
2023-07-14T16:06:12.533 INFO:teuthology.orchestra.run.smithi062.stdout:/usr/bin/ceph: stderr
2023-07-14T16:06:11.573+0000 7f1332ffd700 1 -- 172.21.15.62:0/2974579391 <== mon.0 v2:172.21.15.62:3300/0 4 ==== mgrmap(e 9) v1 ==== 45496+0+0 (secure 0 0 0) 0x7f1338003800 con 0x7f133c105d60
2023-07-14T16:06:12.533 INFO:teuthology.orchestra.run.smithi062.stdout:/usr/bin/ceph: stderr
2023-07-14T16:06:11.573+0000 7f1344077700 1 -- 172.21.15.62:0/2974579391 --> [v2:172.21.15.62:3300/0,v1:172.21.15.62:6789/0] -- mon_command({"prefix": "get_command_descriptions"} v 0) v1 -- 0x7f133c1092d0 con 0x7f133c105d60
2023-07-14T16:06:12.533 INFO:teuthology.orchestra.run.smithi062.stdout:/usr/bin/ceph: stderr
2023-07-14T16:06:11.573+0000 7f1332ffd700 1 --2- 172.21.15.62:0/2974579391 >> [v2:172.21.15.62:6800/105803689,v1:172.21.15.62:6801/105803689] conn(0x7f1328038760 0x7f132803ac10 unknown :-1 s=NONE pgs=0 cs=0 l=1 rev1=0 crypto rx=0 tx=0 comp rx=0 tx=0).connect
2023-07-14T16:06:12.533 INFO:teuthology.orchestra.run.smithi062.stdout:/usr/bin/ceph: stderr
2023-07-14T16:06:11.574+0000 7f1332ffd700 1 -- 172.21.15.62:0/2974579391 <== mon.0 v2:172.21.15.62:3300/0 5 ==== osd_map(2..2 src has 1..2) v4 ==== 940+0+0 (secure 0 0 0) 0x7f133804c770 con 0x7f133c105d60
2023-07-14T16:06:12.533 INFO:teuthology.orchestra.run.smithi062.stdout:/usr/bin/ceph: stderr
2023-07-14T16:06:11.574+0000 7f1341612700 1 -- 172.21.15.62:0/2974579391 >> [v2:172.21.15.62:6800/105803689,v1:172.21.15.62:6801/105803689] conn(0x7f1328038760 msgr2=0x7f132803ac10 unknown :-1 s=STATE_CONNECTING_RE l=1).process reconnect failed to v2:172.21.15.62:6800/105803689
2023-07-14T16:06:12.533 INFO:teuthology.orchestra.run.smithi062.stdout:/usr/bin/ceph: stderr
2023-07-14T16:06:11.574+0000 7f1341612700 1 --2- 172.21.15.62:0/2974579391 >> [v2:172.21.15.62:6800/105803689,v1:172.21.15.62:6801/105803689] conn(0x7f1328038760 0x7f132803ac10 unknown :-1 s=START_CONNECT pgs=0 cs=0 l=1 rev1=0 crypto rx=0 tx=0 comp rx=0 tx=0)._fault waiting 0.200000
2023-07-14T16:06:12.534 INFO:teuthology.orchestra.run.smithi062.stdout:/usr/bin/ceph: stderr
2023-07-14T16:06:11.582+0000 7f1332ffd700 1 -- 172.21.15.62:0/2974579391 <== mon.0 v2:172.21.15.62:3300/0 6 ==== mon_command_ack([{"prefix": "get_command_descriptions"}]=0 v0) v1 ==== 72+0+178038 (secure 0 0 0) 0x7f133802b350 con 0x7f133c105d60
2023-07-14T16:06:12.534 INFO:teuthology.orchestra.run.smithi062.stdout:/usr/bin/ceph: stderr
2023-07-14T16:06:11.775+0000 7f1341612700 1 -- 172.21.15.62:0/2974579391 >> [v2:172.21.15.62:6800/105803689,v1:172.21.15.62:6801/105803689] conn(0x7f1328038760 msgr2=0x7f132803ac10 unknown :-1 s=STATE_CONNECTING_RE l=1).process reconnect failed to v2:172.21.15.62:6800/105803689
2023-07-14T16:06:12.534 INFO:teuthology.orchestra.run.smithi062.stdout:/usr/bin/ceph: stderr
2023-07-14T16:06:11.775+0000 7f1341612700 1 --2- 172.21.15.62:0/2974579391 >> [v2:172.21.15.62:6800/105803689,v1:172.21.15.62:6801/105803689] conn(0x7f1328038760 0x7f132803ac10 unknown :-1 s=START_CONNECT pgs=0 cs=0 l=1 rev1=0 crypto rx=0 tx=0 comp rx=0 tx=0)._fault waiting 0.400000
2023-07-14T16:06:12.534 INFO:teuthology.orchestra.run.smithi062.stdout:/usr/bin/ceph: stderr
2023-07-14T16:06:11.857+0000 7f1344077700 1 -- 172.21.15.62:0/2974579391 --> [v2:172.21.15.62:3300/0,v1:172.21.15.62:6789/0] -- mon_command({"prefix": "mgr stat"} v 0) v1 -- 0x7f133c1094c0 con 0x7f133c105d60
2023-07-14T16:06:12.534 INFO:teuthology.orchestra.run.smithi062.stdout:/usr/bin/ceph: stderr
2023-07-14T16:06:11.858+0000 7f1332ffd700 1 -- 172.21.15.62:0/2974579391 <== mon.0 v2:172.21.15.62:3300/0 7 ==== mon_command_ack([{"prefix": "mgr stat"}]=0 v9) v1 ==== 56+0+88 (secure 0 0 0) 0x7f133802b350 con 0x7f133c105d60
2023-07-14T16:06:12.534 INFO:teuthology.orchestra.run.smithi062.stdout:/usr/bin/ceph: stderr
2023-07-14T16:06:11.862+0000 7f1344077700 1 -- 172.21.15.62:0/2974579391 >> [v2:172.21.15.62:6800/105803689,v1:172.21.15.62:6801/105803689] conn(0x7f1328038760 msgr2=0x7f132803ac10 unknown :-1 s=STATE_CONNECTING l=1).mark_down
2023-07-14T16:06:12.534 INFO:teuthology.orchestra.run.smithi062.stdout:/usr/bin/ceph: stderr
2023-07-14T16:06:11.862+0000 7f1344077700 1 --2- 172.21.15.62:0/2974579391 >> [v2:172.21.15.62:6800/105803689,v1:172.21.15.62:6801/105803689] conn(0x7f1328038760 0x7f132803ac10 unknown :-1 s=START_CONNECT pgs=0 cs=0 l=1 rev1=0 crypto rx=0 tx=0 comp rx=0 tx=0).stop
2023-07-14T16:06:12.535 INFO:teuthology.orchestra.run.smithi062.stdout:/usr/bin/ceph: stderr
2023-07-14T16:06:11.862+0000 7f1344077700 1 -- 172.21.15.62:0/2974579391 >> [v2:172.21.15.62:3300/0,v1:172.21.15.62:6789/0] conn(0x7f133c105d60 msgr2=0x7f133c19b160 secure :-1 s=STATE_CONNECTION_ESTABLISHED l=1).mark_down
2023-07-14T16:06:12.535 INFO:teuthology.orchestra.run.smithi062.stdout:/usr/bin/ceph: stderr
2023-07-14T16:06:11.862+0000 7f1344077700 1 --2- 172.21.15.62:0/2974579391 >> [v2:172.21.15.62:3300/0,v1:172.21.15.62:6789/0] conn(0x7f133c105d60 0x7f133c19b160 secure :-1 s=READY pgs=60 cs=0 l=1 rev1=1 crypto rx=0x7f1338003e30 tx=0x7f13380119a0 comp rx=0 tx=0).stop
2023-07-14T16:06:12.535 INFO:teuthology.orchestra.run.smithi062.stdout:/usr/bin/ceph: stderr
2023-07-14T16:06:11.862+0000 7f1344077700 1 -- 172.21.15.62:0/2974579391 shutdown_connections
2023-07-14T16:06:12.535 INFO:teuthology.orchestra.run.smithi062.stdout:/usr/bin/ceph: stderr
2023-07-14T16:06:11.862+0000 7f1344077700 1 --2- 172.21.15.62:0/2974579391 >> [v2:172.21.15.62:6800/105803689,v1:172.21.15.62:6801/105803689] conn(0x7f1328038760 0x7f132803ac10 unknown :-1 s=CLOSED pgs=0 cs=0 l=1 rev1=0 crypto rx=0 tx=0 comp rx=0 tx=0).stop
2023-07-14T16:06:12.535 INFO:teuthology.orchestra.run.smithi062.stdout:/usr/bin/ceph: stderr
2023-07-14T16:06:11.862+0000 7f1344077700 1 --2- 172.21.15.62:0/2974579391 >> [v2:172.21.15.62:3300/0,v1:172.21.15.62:6789/0] conn(0x7f133c105d60 0x7f133c19b160 unknown :-1 s=CLOSED pgs=60 cs=0 l=1 rev1=1 crypto rx=0 tx=0 comp rx=0 tx=0).stop
2023-07-14T16:06:12.536 INFO:teuthology.orchestra.run.smithi062.stdout:/usr/bin/ceph: stderr
2023-07-14T16:06:11.862+0000 7f1344077700 1 -- 172.21.15.62:0/2974579391 >> 172.21.15.62:0/2974579391 conn(0x7f133c0ff760 msgr2=0x7f133c100e20 unknown :-1 s=STATE_NONE l=0).mark_down
2023-07-14T16:06:12.536 INFO:teuthology.orchestra.run.smithi062.stdout:/usr/bin/ceph: stderr
2023-07-14T16:06:11.863+0000 7f1344077700 1 -- 172.21.15.62:0/2974579391 shutdown_connections
2023-07-14T16:06:12.537 INFO:teuthology.orchestra.run.smithi062.stdout:/usr/bin/ceph: stderr
2023-07-14T16:06:11.863+0000 7f1344077700 1 -- 172.21.15.62:0/2974579391 wait complete.
2023-07-14T16:06:12.537 INFO:teuthology.orchestra.run.smithi062.stdout:Waiting for the mgr to restart...
2023-07-14T16:06:12.537 INFO:teuthology.orchestra.run.smithi062.stdout:Waiting for mgr epoch 9...
2023-07-14T16:06:12.782 INFO:journalctl@ceph.mon.a.smithi062.stdout:Jul 14 16:06:12 smithi062 ceph-mon[95543]: from='client.? 172.21.15.62:0/2974579391' entity='client.admin' cmd=[{"prefix": "mgr stat"}]: dispatch
2023-07-14T16:06:13.123 INFO:journalctl@ceph.mgr.x.smithi062.stdout:Jul 14 16:06:12 smithi062 ceph-1356e48a-2260-11ee-9b33-001a4aab830c-mgr-x[95790]:
2023-07-14T16:06:12.938+0000 7fdbc23e9200 -1 mgr[py] Module progress has missing NOTIFY_TYPES member
2023-07-14T16:06:14.123 INFO:journalctl@ceph.mgr.x.smithi062.stdout:Jul 14 16:06:13 smithi062 ceph-1356e48a-2260-11ee-9b33-001a4aab830c-mgr-x[95790]:
2023-07-14T16:06:13.708+0000 7fdbc23e9200 -1 mgr[py] Module rook has missing NOTIFY_TYPES member
2023-07-14T16:06:14.123 INFO:journalctl@ceph.mgr.x.smithi062.stdout:Jul 14 16:06:13 smithi062 ceph-1356e48a-2260-11ee-9b33-001a4aab830c-mgr-x[95790]:
2023-07-14T16:06:13.921+0000 7fdbc23e9200 -1 mgr[py] Module iostat has missing NOTIFY_TYPES member
2023-07-14T16:06:15.123 INFO:journalctl@ceph.mgr.x.smithi062.stdout:Jul 14 16:06:14 smithi062 ceph-1356e48a-2260-11ee-9b33-001a4aab830c-mgr-x[95790]:
2023-07-14T16:06:14.895+0000 7fdbc23e9200 -1 mgr[py] Module test_orchestrator has missing NOTIFY_TYPES member
2023-07-14T16:06:15.124 INFO:journalctl@ceph.mgr.x.smithi062.stdout:Jul 14 16:06:15 smithi062 ceph-1356e48a-2260-11ee-9b33-001a4aab830c-mgr-x[95790]:
2023-07-14T16:06:15.018+0000 7fdbc23e9200 -1 mgr[py] Module osd_perf_query has missing NOTIFY_TYPES member
2023-07-14T16:06:15.590 INFO:journalctl@ceph.mgr.x.smithi062.stdout:Jul 14 16:06:15 smithi062 ceph-1356e48a-2260-11ee-9b33-001a4aab830c-mgr-x[95790]:
2023-07-14T16:06:15.246+0000 7fdbc23e9200 -1 mgr[py] Module orchestrator has missing NOTIFY_TYPES member
2023-07-14T16:06:16.123 INFO:journalctl@ceph.mgr.x.smithi062.stdout:Jul 14 16:06:15 smithi062 ceph-1356e48a-2260-11ee-9b33-001a4aab830c-mgr-x[95790]:
2023-07-14T16:06:15.614+0000 7fdbc23e9200 -1 mgr[py] Module rgw has missing NOTIFY_TYPES member
2023-07-14T16:06:16.123 INFO:journalctl@ceph.mgr.x.smithi062.stdout:Jul 14 16:06:15 smithi062 ceph-1356e48a-2260-11ee-9b33-001a4aab830c-mgr-x[95790]:
2023-07-14T16:06:15.896+0000 7fdbc23e9200 -1 mgr[py] Module influx has missing NOTIFY_TYPES member
2023-07-14T16:06:16.124 INFO:journalctl@ceph.mgr.x.smithi062.stdout:Jul 14 16:06:16 smithi062 ceph-1356e48a-2260-11ee-9b33-001a4aab830c-mgr-x[95790]:
2023-07-14T16:06:16.093+0000 7fdbc23e9200 -1 mgr[py] Module telemetry has missing NOTIFY_TYPES member
2023-07-14T16:06:16.873 INFO:journalctl@ceph.mgr.x.smithi062.stdout:Jul 14 16:06:16 smithi062 ceph-1356e48a-2260-11ee-9b33-001a4aab830c-mgr-x[95790]:
2023-07-14T16:06:16.447+0000 7fdbc23e9200 -1 mgr[py] Module telegraf has missing NOTIFY_TYPES member
2023-07-14T16:06:17.812 INFO:journalctl@ceph.mgr.x.smithi062.stdout:Jul 14 16:06:17 smithi062 ceph-1356e48a-2260-11ee-9b33-001a4aab830c-mgr-x[95790]:
2023-07-14T16:06:17.404+0000 7fdbc23e9200 -1 mgr[py] Module balancer has missing NOTIFY_TYPES member
2023-07-14T16:06:17.812 INFO:journalctl@ceph.mgr.x.smithi062.stdout:Jul 14 16:06:17 smithi062 ceph-1356e48a-2260-11ee-9b33-001a4aab830c-mgr-x[95790]:
2023-07-14T16:06:17.583+0000 7fdbc23e9200 -1 mgr[py] Module diskprediction_local has missing NOTIFY_TYPES member
