2023-07-14T16:05:54.204 INFO:teuthology.orchestra.run.smithi062.stdout:/usr/bin/ceph: stderr
2023-07-14T16:05:46.730+0000 7f518ffff700 1 --2- 172.21.15.62:0/4107221955 >> [v2:172.21.15.62:6800/1177875314,v1:172.21.15.62:6801/1177875314] conn(0x7f51800386c0 0x7f518003ab70 unknown :-1 s=START_CONNECT pgs=0 cs=0 l=1 rev1=0 crypto rx=0 tx=0 comp rx=0 tx=0)._fault waiting 0.800000
2023-07-14T16:05:54.204 INFO:teuthology.orchestra.run.smithi062.stdout:/usr/bin/ceph: stderr
2023-07-14T16:05:47.531+0000 7f518ffff700 1 -- 172.21.15.62:0/4107221955 >> [v2:172.21.15.62:6800/1177875314,v1:172.21.15.62:6801/1177875314] conn(0x7f51800386c0 msgr2=0x7f518003ab70 unknown :-1 s=STATE_CONNECTING_RE l=1).process reconnect failed to v2:172.21.15.62:6800/1177875314
2023-07-14T16:05:54.205 INFO:teuthology.orchestra.run.smithi062.stdout:/usr/bin/ceph: stderr
2023-07-14T16:05:47.531+0000 7f518ffff700 1 --2- 172.21.15.62:0/4107221955 >> [v2:172.21.15.62:6800/1177875314,v1:172.21.15.62:6801/1177875314] conn(0x7f51800386c0 0x7f518003ab70 unknown :-1 s=START_CONNECT pgs=0 cs=0 l=1 rev1=0 crypto rx=0 tx=0 comp rx=0 tx=0)._fault waiting 1.600000
2023-07-14T16:05:54.205 INFO:teuthology.orchestra.run.smithi062.stdout:/usr/bin/ceph: stderr
2023-07-14T16:05:49.132+0000 7f518ffff700 1 -- 172.21.15.62:0/4107221955 >> [v2:172.21.15.62:6800/1177875314,v1:172.21.15.62:6801/1177875314] conn(0x7f51800386c0 msgr2=0x7f518003ab70 unknown :-1 s=STATE_CONNECTING_RE l=1).process reconnect failed to v2:172.21.15.62:6800/1177875314
2023-07-14T16:05:54.205 INFO:teuthology.orchestra.run.smithi062.stdout:/usr/bin/ceph: stderr
2023-07-14T16:05:49.132+0000 7f518ffff700 1 --2- 172.21.15.62:0/4107221955 >> [v2:172.21.15.62:6800/1177875314,v1:172.21.15.62:6801/1177875314] conn(0x7f51800386c0 0x7f518003ab70 unknown :-1 s=START_CONNECT pgs=0 cs=0 l=1 rev1=0 crypto rx=0 tx=0 comp rx=0 tx=0)._fault waiting 3.200000
2023-07-14T16:05:54.205 INFO:teuthology.orchestra.run.smithi062.stdout:/usr/bin/ceph: stderr
2023-07-14T16:05:52.335+0000 7f518ffff700 1 -- 172.21.15.62:0/4107221955 >> [v2:172.21.15.62:6800/1177875314,v1:172.21.15.62:6801/1177875314] conn(0x7f51800386c0 msgr2=0x7f518003ab70 unknown :-1 s=STATE_CONNECTING_RE l=1).process reconnect failed to v2:172.21.15.62:6800/1177875314
2023-07-14T16:05:54.205 INFO:teuthology.orchestra.run.smithi062.stdout:/usr/bin/ceph: stderr
2023-07-14T16:05:52.335+0000 7f518ffff700 1 --2- 172.21.15.62:0/4107221955 >> [v2:172.21.15.62:6800/1177875314,v1:172.21.15.62:6801/1177875314] conn(0x7f51800386c0 0x7f518003ab70 unknown :-1 s=START_CONNECT pgs=0 cs=0 l=1 rev1=0 crypto rx=0 tx=0 comp rx=0 tx=0)._fault waiting 6.400000
2023-07-14T16:05:54.205 INFO:teuthology.orchestra.run.smithi062.stdout:/usr/bin/ceph: stderr
2023-07-14T16:05:52.664+0000 7f518dffb700 1 -- 172.21.15.62:0/4107221955 <== mon.0 v2:172.21.15.62:3300/0 6 ==== mgrmap(e 6) v1 ==== 45250+0+0 (secure 0 0 0) 0x7f518401a8f0 con 0x7f519007acc0
2023-07-14T16:05:54.205 INFO:teuthology.orchestra.run.smithi062.stdout:/usr/bin/ceph: stderr
2023-07-14T16:05:52.665+0000 7f518dffb700 1 -- 172.21.15.62:0/4107221955 >> [v2:172.21.15.62:6800/1177875314,v1:172.21.15.62:6801/1177875314] conn(0x7f51800386c0 msgr2=0x7f518003ab70 unknown :-1 s=STATE_CONNECTING l=1).mark_down
2023-07-14T16:05:54.205 INFO:teuthology.orchestra.run.smithi062.stdout:/usr/bin/ceph: stderr
2023-07-14T16:05:52.665+0000 7f518dffb700 1 --2- 172.21.15.62:0/4107221955 >> [v2:172.21.15.62:6800/1177875314,v1:172.21.15.62:6801/1177875314] conn(0x7f51800386c0 0x7f518003ab70 unknown :-1 s=START_CONNECT pgs=0 cs=0 l=1 rev1=0 crypto rx=0 tx=0 comp rx=0 tx=0).stop
2023-07-14T16:05:54.206 INFO:teuthology.orchestra.run.smithi062.stdout:/usr/bin/ceph: stderr
2023-07-14T16:05:53.666+0000 7f518dffb700 1 -- 172.21.15.62:0/4107221955 <== mon.0 v2:172.21.15.62:3300/0 7 ==== mgrmap(e 7) v1 ==== 45377+0+0 (secure 0 0 0) 0x7f518404e050 con 0x7f519007acc0
2023-07-14T16:05:54.206 INFO:teuthology.orchestra.run.smithi062.stdout:/usr/bin/ceph: stderr
2023-07-14T16:05:53.666+0000 7f518dffb700 1 --2- 172.21.15.62:0/4107221955 >> [v2:172.21.15.62:6800/105803689,v1:172.21.15.62:6801/105803689] conn(0x7f518003bfe0 0x7f518003e3c0 unknown :-1 s=NONE pgs=0 cs=0 l=1 rev1=0 crypto rx=0 tx=0 comp rx=0 tx=0).connect
2023-07-14T16:05:54.206 INFO:teuthology.orchestra.run.smithi062.stdout:/usr/bin/ceph: stderr
2023-07-14T16:05:53.666+0000 7f518dffb700 1 -- 172.21.15.62:0/4107221955 --> [v2:172.21.15.62:6800/105803689,v1:172.21.15.62:6801/105803689] -- command(tid 0: {"prefix": "get_command_descriptions"}) v1 -- 0x7f518003b280 con 0x7f518003bfe0
2023-07-14T16:05:54.206 INFO:teuthology.orchestra.run.smithi062.stdout:/usr/bin/ceph: stderr
2023-07-14T16:05:53.667+0000 7f518ffff700 1 --2- 172.21.15.62:0/4107221955 >> [v2:172.21.15.62:6800/105803689,v1:172.21.15.62:6801/105803689] conn(0x7f518003bfe0 0x7f518003e3c0 unknown :-1 s=BANNER_CONNECTING pgs=0 cs=0 l=1 rev1=0 crypto rx=0 tx=0 comp rx=0 tx=0)._handle_peer_banner_payload supported=3 required=0
2023-07-14T16:05:54.206 INFO:teuthology.orchestra.run.smithi062.stdout:/usr/bin/ceph: stderr
2023-07-14T16:05:53.668+0000 7f518ffff700 1 --2- 172.21.15.62:0/4107221955 >> [v2:172.21.15.62:6800/105803689,v1:172.21.15.62:6801/105803689] conn(0x7f518003bfe0 0x7f518003e3c0 secure :-1 s=READY pgs=1 cs=0 l=1 rev1=1 crypto rx=0x7f517c003a10 tx=0x7f517c009290 comp rx=0 tx=0).ready entity=mgr.14120 client_cookie=0 server_cookie=0 in_seq=0 out_seq=0
2023-07-14T16:05:54.206 INFO:teuthology.orchestra.run.smithi062.stdout:/usr/bin/ceph: stderr
2023-07-14T16:05:53.669+0000 7f518dffb700 1 -- 172.21.15.62:0/4107221955 <== mgr.14120 v2:172.21.15.62:6800/105803689 1 ==== command_reply(tid 0: 0 ) v1 ==== 8+0+6910 (secure 0 0 0) 0x7f518003b280 con 0x7f518003bfe0
2023-07-14T16:05:54.206 INFO:teuthology.orchestra.run.smithi062.stdout:/usr/bin/ceph: stderr
2023-07-14T16:05:53.676+0000 7f51970ea700 1 -- 172.21.15.62:0/4107221955 --> [v2:172.21.15.62:6800/105803689,v1:172.21.15.62:6801/105803689] -- command(tid 1: {"prefix": "mgr_status"}) v1 -- 0x7f519019c430 con 0x7f518003bfe0
2023-07-14T16:05:54.207 INFO:teuthology.orchestra.run.smithi062.stdout:/usr/bin/ceph: stderr
2023-07-14T16:05:53.676+0000 7f518dffb700 1 -- 172.21.15.62:0/4107221955 <== mgr.14120 v2:172.21.15.62:6800/105803689 2 ==== command_reply(tid 1: 0 ) v1 ==== 8+0+51 (secure 0 0 0) 0x7f519019c430 con 0x7f518003bfe0
2023-07-14T16:05:54.207 INFO:teuthology.orchestra.run.smithi062.stdout:/usr/bin/ceph: stderr
2023-07-14T16:05:53.676+0000 7f51970ea700 1 -- 172.21.15.62:0/4107221955 >> [v2:172.21.15.62:6800/105803689,v1:172.21.15.62:6801/105803689] conn(0x7f518003bfe0 msgr2=0x7f518003e3c0 secure :-1 s=STATE_CONNECTION_ESTABLISHED l=1).mark_down
2023-07-14T16:05:54.207 INFO:teuthology.orchestra.run.smithi062.stdout:/usr/bin/ceph: stderr
2023-07-14T16:05:53.676+0000 7f51970ea700 1 --2- 172.21.15.62:0/4107221955 >> [v2:172.21.15.62:6800/105803689,v1:172.21.15.62:6801/105803689] conn(0x7f518003bfe0 0x7f518003e3c0 secure :-1 s=READY pgs=1 cs=0 l=1 rev1=1 crypto rx=0x7f517c003a10 tx=0x7f517c009290 comp rx=0 tx=0).stop
2023-07-14T16:05:54.207 INFO:teuthology.orchestra.run.smithi062.stdout:/usr/bin/ceph: stderr
2023-07-14T16:05:53.676+0000 7f51970ea700 1 -- 172.21.15.62:0/4107221955 >> [v2:172.21.15.62:3300/0,v1:172.21.15.62:6789/0] conn(0x7f519007acc0 msgr2=0x7f519019b0f0 secure :-1 s=STATE_CONNECTION_ESTABLISHED l=1).mark_down
2023-07-14T16:05:54.207 INFO:teuthology.orchestra.run.smithi062.stdout:/usr/bin/ceph: stderr
2023-07-14T16:05:53.676+0000 7f51970ea700 1 --2- 172.21.15.62:0/4107221955 >> [v2:172.21.15.62:3300/0,v1:172.21.15.62:6789/0] conn(0x7f519007acc0 0x7f519019b0f0 secure :-1 s=READY pgs=29 cs=0 l=1 rev1=1 crypto rx=0x7f5184006af0 tx=0x7f5184011a30 comp rx=0 tx=0).stop
2023-07-14T16:05:54.207 INFO:teuthology.orchestra.run.smithi062.stdout:/usr/bin/ceph: stderr
2023-07-14T16:05:53.677+0000 7f51970ea700 1 -- 172.21.15.62:0/4107221955 shutdown_connections
2023-07-14T16:05:54.207 INFO:teuthology.orchestra.run.smithi062.stdout:/usr/bin/ceph: stderr
2023-07-14T16:05:53.677+0000 7f51970ea700 1 --2- 172.21.15.62:0/4107221955 >> [v2:172.21.15.62:6800/105803689,v1:172.21.15.62:6801/105803689] conn(0x7f518003bfe0 0x7f518003e3c0 unknown :-1 s=CLOSED pgs=1 cs=0 l=1 rev1=1 crypto rx=0 tx=0 comp rx=0 tx=0).stop
2023-07-14T16:05:54.207 INFO:teuthology.orchestra.run.smithi062.stdout:/usr/bin/ceph: stderr
2023-07-14T16:05:53.677+0000 7f51970ea700 1 --2- 172.21.15.62:0/4107221955 >> [v2:172.21.15.62:3300/0,v1:172.21.15.62:6789/0] conn(0x7f519007acc0 0x7f519019b0f0 unknown :-1 s=CLOSED pgs=29 cs=0 l=1 rev1=1 crypto rx=0 tx=0 comp rx=0 tx=0).stop
2023-07-14T16:05:54.208 INFO:teuthology.orchestra.run.smithi062.stdout:/usr/bin/ceph: stderr
2023-07-14T16:05:53.677+0000 7f51970ea700 1 --2- 172.21.15.62:0/4107221955 >> [v2:172.21.15.62:6800/1177875314,v1:172.21.15.62:6801/1177875314] conn(0x7f51800386c0 0x7f518003ab70 unknown :-1 s=CLOSED pgs=0 cs=0 l=1 rev1=0 crypto rx=0 tx=0 comp rx=0 tx=0).stop
2023-07-14T16:05:54.208 INFO:teuthology.orchestra.run.smithi062.stdout:/usr/bin/ceph: stderr
2023-07-14T16:05:53.677+0000 7f51970ea700 1 -- 172.21.15.62:0/4107221955 >> 172.21.15.62:0/4107221955 conn(0x7f5190100870 msgr2=0x7f5190101ec0 unknown :-1 s=STATE_NONE l=0).mark_down
2023-07-14T16:05:54.208 INFO:teuthology.orchestra.run.smithi062.stdout:/usr/bin/ceph: stderr
2023-07-14T16:05:53.677+0000 7f51970ea700 1 -- 172.21.15.62:0/4107221955 shutdown_connections
2023-07-14T16:05:54.208 INFO:teuthology.orchestra.run.smithi062.stdout:/usr/bin/ceph: stderr
2023-07-14T16:05:53.677+0000 7f51970ea700 1 -- 172.21.15.62:0/4107221955 wait complete.
2023-07-14T16:05:54.208 INFO:teuthology.orchestra.run.smithi062.stdout:mgr epoch 5 is available
2023-07-14T16:05:54.208 INFO:teuthology.orchestra.run.smithi062.stdout:Setting orchestrator backend to cephadm...
2023-07-14T16:05:54.874 INFO:journalctl@ceph.mon.a.smithi062.stdout:Jul 14 16:05:54 smithi062 ceph-mon[95543]: from='client.14124 -' entity='client.admin' cmd=[{"prefix": "get_command_descriptions"}]: dispatch
2023-07-14T16:05:54.874 INFO:journalctl@ceph.mon.a.smithi062.stdout:Jul 14 16:05:54 smithi062 ceph-mon[95543]: from='client.14124 -' entity='client.admin' cmd=[{"prefix": "mgr_status"}]: dispatch
2023-07-14T16:05:54.874 INFO:journalctl@ceph.mon.a.smithi062.stdout:Jul 14 16:05:54 smithi062 ceph-mon[95543]: from='mgr.14120 172.21.15.62:0/1477051639' entity='mgr.x' cmd=[{"prefix": "config dump", "format": "json"}]: dispatch
2023-07-14T16:05:55.376 INFO:teuthology.orchestra.run.smithi062.stdout:/usr/bin/ceph: stderr
2023-07-14T16:05:54.741+0000 7f72eddd8700 1 Processor -- start
2023-07-14T16:05:55.376 INFO:teuthology.orchestra.run.smithi062.stdout:/usr/bin/ceph: stderr
2023-07-14T16:05:54.741+0000 7f72eddd8700 1 -- start start
2023-07-14T16:05:55.377 INFO:teuthology.orchestra.run.smithi062.stdout:/usr/bin/ceph: stderr
2023-07-14T16:05:54.741+0000 7f72eddd8700 1 --2- >> [v2:172.21.15.62:3300/0,v1:172.21.15.62:6789/0] conn(0x7f72e807acc0 0x7f72e80791c0 unknown :-1 s=NONE pgs=0 cs=0 l=0 rev1=0 crypto rx=0 tx=0 comp rx=0 tx=0).connect
2023-07-14T16:05:55.377 INFO:teuthology.orchestra.run.smithi062.stdout:/usr/bin/ceph: stderr
2023-07-14T16:05:54.742+0000 7f72eddd8700 1 -- --> [v2:172.21.15.62:3300/0,v1:172.21.15.62:6789/0] -- mon_getmap magic: 0 v1 -- 0x7f72e8079700 con 0x7f72e807acc0
2023-07-14T16:05:55.377 INFO:teuthology.orchestra.run.smithi062.stdout:/usr/bin/ceph: stderr
2023-07-14T16:05:54.742+0000 7f72e77fe700 1 --2- >> [v2:172.21.15.62:3300/0,v1:172.21.15.62:6789/0] conn(0x7f72e807acc0 0x7f72e80791c0 unknown :-1 s=BANNER_CONNECTING pgs=0 cs=0 l=0 rev1=0 crypto rx=0 tx=0 comp rx=0 tx=0)._handle_peer_banner_payload supported=3 required=0
2023-07-14T16:05:55.377 INFO:teuthology.orchestra.run.smithi062.stdout:/usr/bin/ceph: stderr
2023-07-14T16:05:54.742+0000 7f72e77fe700 1 --2- >> [v2:172.21.15.62:3300/0,v1:172.21.15.62:6789/0] conn(0x7f72e807acc0 0x7f72e80791c0 unknown :-1 s=HELLO_CONNECTING pgs=0 cs=0 l=0 rev1=1 crypto rx=0 tx=0 comp rx=0 tx=0).handle_hello peer v2:172.21.15.62:3300/0 says I am v2:172.21.15.62:35936/0 (socket says 172.21.15.62:35936)
2023-07-14T16:05:55.377 INFO:teuthology.orchestra.run.smithi062.stdout:/usr/bin/ceph: stderr
2023-07-14T16:05:54.742+0000 7f72e77fe700 1 -- 172.21.15.62:0/2054322755 learned_addr learned my addr 172.21.15.62:0/2054322755 (peer_addr_for_me v2:172.21.15.62:0/0)
2023-07-14T16:05:55.377 INFO:teuthology.orchestra.run.smithi062.stdout:/usr/bin/ceph: stderr
2023-07-14T16:05:54.742+0000 7f72e77fe700 1 -- 172.21.15.62:0/2054322755 --> [v2:172.21.15.62:3300/0,v1:172.21.15.62:6789/0] -- mon_subscribe({config=0+,monmap=0+}) v3 -- 0x7f72e8079840 con 0x7f72e807acc0
2023-07-14T16:05:55.378 INFO:teuthology.orchestra.run.smithi062.stdout:/usr/bin/ceph: stderr
2023-07-14T16:05:54.742+0000 7f72e77fe700 1 --2- 172.21.15.62:0/2054322755 >> [v2:172.21.15.62:3300/0,v1:172.21.15.62:6789/0] conn(0x7f72e807acc0 0x7f72e80791c0 secure :-1 s=READY pgs=37 cs=0 l=1 rev1=1 crypto rx=0x7f72d80098a0 tx=0x7f72d8009bb0 comp rx=0 tx=0).ready entity=mon.0 client_cookie=17b8b0935dbedf1f server_cookie=0 in_seq=0 out_seq=0
2023-07-14T16:05:55.378 INFO:teuthology.orchestra.run.smithi062.stdout:/usr/bin/ceph: stderr
2023-07-14T16:05:54.743+0000 7f72e67fc700 1 -- 172.21.15.62:0/2054322755 <== mon.0 v2:172.21.15.62:3300/0 1 ==== mon_map magic: 0 v1 ==== 205+0+0 (secure 0 0 0) 0x7f72d8004160 con 0x7f72e807acc0
2023-07-14T16:05:55.378 INFO:teuthology.orchestra.run.smithi062.stdout:/usr/bin/ceph: stderr
2023-07-14T16:05:54.743+0000 7f72e67fc700 1 -- 172.21.15.62:0/2054322755 <== mon.0 v2:172.21.15.62:3300/0 2 ==== config(25 keys) v1 ==== 1036+0+0 (secure 0 0 0) 0x7f72d80042c0 con 0x7f72e807acc0
2023-07-14T16:05:55.379 INFO:teuthology.orchestra.run.smithi062.stdout:/usr/bin/ceph: stderr
2023-07-14T16:05:54.743+0000 7f72e67fc700 1 -- 172.21.15.62:0/2054322755 <== mon.0 v2:172.21.15.62:3300/0 3 ==== mon_map magic: 0 v1 ==== 205+0+0 (secure 0 0 0) 0x7f72d8011940 con 0x7f72e807acc0
2023-07-14T16:05:55.379 INFO:teuthology.orchestra.run.smithi062.stdout:/usr/bin/ceph: stderr
2023-07-14T16:05:54.743+0000 7f72eddd8700 1 -- 172.21.15.62:0/2054322755 >> [v2:172.21.15.62:3300/0,v1:172.21.15.62:6789/0] conn(0x7f72e807acc0 msgr2=0x7f72e80791c0 secure :-1 s=STATE_CONNECTION_ESTABLISHED l=1).mark_down
2023-07-14T16:05:55.379 INFO:teuthology.orchestra.run.smithi062.stdout:/usr/bin/ceph: stderr
2023-07-14T16:05:54.743+0000 7f72eddd8700 1 --2- 172.21.15.62:0/2054322755 >> [v2:172.21.15.62:3300/0,v1:172.21.15.62:6789/0] conn(0x7f72e807acc0 0x7f72e80791c0 secure :-1 s=READY pgs=37 cs=0 l=1 rev1=1 crypto rx=0x7f72d80098a0 tx=0x7f72d8009bb0 comp rx=0 tx=0).stop
2023-07-14T16:05:55.379 INFO:teuthology.orchestra.run.smithi062.stdout:/usr/bin/ceph: stderr
2023-07-14T16:05:54.743+0000 7f72eddd8700 1 -- 172.21.15.62:0/2054322755 shutdown_connections
2023-07-14T16:05:55.379 INFO:teuthology.orchestra.run.smithi062.stdout:/usr/bin/ceph: stderr
2023-07-14T16:05:54.743+0000 7f72eddd8700 1 --2- 172.21.15.62:0/2054322755 >> [v2:172.21.15.62:3300/0,v1:172.21.15.62:6789/0] conn(0x7f72e807acc0 0x7f72e80791c0 unknown :-1 s=CLOSED pgs=37 cs=0 l=1 rev1=1 crypto rx=0 tx=0 comp rx=0 tx=0).stop
2023-07-14T16:05:55.379 INFO:teuthology.orchestra.run.smithi062.stdout:/usr/bin/ceph: stderr
2023-07-14T16:05:54.743+0000 7f72eddd8700 1 -- 172.21.15.62:0/2054322755 >> 172.21.15.62:0/2054322755 conn(0x7f72e81007f0 msgr2=0x7f72e8102c00 unknown :-1 s=STATE_NONE l=0).mark_down
2023-07-14T16:05:55.379 INFO:teuthology.orchestra.run.smithi062.stdout:/usr/bin/ceph: stderr
2023-07-14T16:05:54.743+0000 7f72eddd8700 1 -- 172.21.15.62:0/2054322755 shutdown_connections
2023-07-14T16:05:55.379 INFO:teuthology.orchestra.run.smithi062.stdout:/usr/bin/ceph: stderr
2023-07-14T16:05:54.743+0000 7f72eddd8700 1 -- 172.21.15.62:0/2054322755 wait complete.
2023-07-14T16:05:55.380 INFO:teuthology.orchestra.run.smithi062.stdout:/usr/bin/ceph: stderr
2023-07-14T16:05:54.744+0000 7f72eddd8700 1 Processor -- start
2023-07-14T16:05:55.380 INFO:teuthology.orchestra.run.smithi062.stdout:/usr/bin/ceph: stderr
2023-07-14T16:05:54.745+0000 7f72eddd8700 1 -- start start
2023-07-14T16:05:55.380 INFO:teuthology.orchestra.run.smithi062.stdout:/usr/bin/ceph: stderr
2023-07-14T16:05:54.745+0000 7f72eddd8700 1 --2- >> [v2:172.21.15.62:3300/0,v1:172.21.15.62:6789/0] conn(0x7f72e807acc0 0x7f72e819afa0 unknown :-1 s=NONE pgs=0 cs=0 l=1 rev1=0 crypto rx=0 tx=0 comp rx=0 tx=0).connect
2023-07-14T16:05:55.381 INFO:teuthology.orchestra.run.smithi062.stdout:/usr/bin/ceph: stderr
2023-07-14T16:05:54.745+0000 7f72eddd8700 1 -- --> [v2:172.21.15.62:3300/0,v1:172.21.15.62:6789/0] -- mon_getmap magic: 0 v1 -- 0x7f72e819b4e0 con 0x7f72e807acc0
2023-07-14T16:05:55.381 INFO:teuthology.orchestra.run.smithi062.stdout:/usr/bin/ceph: stderr
2023-07-14T16:05:54.745+0000 7f72e77fe700 1 --2- >> [v2:172.21.15.62:3300/0,v1:172.21.15.62:6789/0] conn(0x7f72e807acc0 0x7f72e819afa0 unknown :-1 s=BANNER_CONNECTING pgs=0 cs=0 l=1 rev1=0 crypto rx=0 tx=0 comp rx=0 tx=0)._handle_peer_banner_payload supported=3 required=0
2023-07-14T16:05:55.381 INFO:teuthology.orchestra.run.smithi062.stdout:/usr/bin/ceph: stderr
2023-07-14T16:05:54.745+0000 7f72e77fe700 1 --2- >> [v2:172.21.15.62:3300/0,v1:172.21.15.62:6789/0] conn(0x7f72e807acc0 0x7f72e819afa0 unknown :-1 s=HELLO_CONNECTING pgs=0 cs=0 l=1 rev1=1 crypto rx=0 tx=0 comp rx=0 tx=0).handle_hello peer v2:172.21.15.62:3300/0 says I am v2:172.21.15.62:35946/0 (socket says 172.21.15.62:35946)
2023-07-14T16:05:55.381 INFO:teuthology.orchestra.run.smithi062.stdout:/usr/bin/ceph: stderr
2023-07-14T16:05:54.745+0000 7f72e77fe700 1 -- 172.21.15.62:0/1445584340 learned_addr learned my addr 172.21.15.62:0/1445584340 (peer_addr_for_me v2:172.21.15.62:0/0)
2023-07-14T16:05:55.381 INFO:teuthology.orchestra.run.smithi062.stdout:/usr/bin/ceph: stderr
2023-07-14T16:05:54.745+0000 7f72e77fe700 1 -- 172.21.15.62:0/1445584340 --> [v2:172.21.15.62:3300/0,v1:172.21.15.62:6789/0] -- mon_subscribe({config=0+,monmap=0+}) v3 -- 0x7f72d8009550 con 0x7f72e807acc0
2023-07-14T16:05:55.382 INFO:teuthology.orchestra.run.smithi062.stdout:/usr/bin/ceph: stderr
2023-07-14T16:05:54.746+0000 7f72e77fe700 1 --2- 172.21.15.62:0/1445584340 >> [v2:172.21.15.62:3300/0,v1:172.21.15.62:6789/0] conn(0x7f72e807acc0 0x7f72e819afa0 secure :-1 s=READY pgs=38 cs=0 l=1 rev1=1 crypto rx=0x7f72d8000c00 tx=0x7f72d8011e70 comp rx=0 tx=0).ready entity=mon.0 client_cookie=0 server_cookie=0 in_seq=0 out_seq=0
2023-07-14T16:05:55.382 INFO:teuthology.orchestra.run.smithi062.stdout:/usr/bin/ceph: stderr
2023-07-14T16:05:54.746+0000 7f72e4ff9700 1 -- 172.21.15.62:0/1445584340 <== mon.0 v2:172.21.15.62:3300/0 1 ==== mon_map magic: 0 v1 ==== 205+0+0 (secure 0 0 0) 0x7f72d80036a0 con 0x7f72e807acc0
2023-07-14T16:05:55.382 INFO:teuthology.orchestra.run.smithi062.stdout:/usr/bin/ceph: stderr
2023-07-14T16:05:54.746+0000 7f72e4ff9700 1 -- 172.21.15.62:0/1445584340 <== mon.0 v2:172.21.15.62:3300/0 2 ==== config(25 keys) v1 ==== 1036+0+0 (secure 0 0 0) 0x7f72d8003c70 con 0x7f72e807acc0
2023-07-14T16:05:55.382 INFO:teuthology.orchestra.run.smithi062.stdout:/usr/bin/ceph: stderr
2023-07-14T16:05:54.746+0000 7f72eddd8700 1 -- 172.21.15.62:0/1445584340 --> [v2:172.21.15.62:3300/0,v1:172.21.15.62:6789/0] -- mon_subscribe({mgrmap=0+}) v3 -- 0x7f72e819b6e0 con 0x7f72e807acc0
2023-07-14T16:05:55.382 INFO:teuthology.orchestra.run.smithi062.stdout:/usr/bin/ceph: stderr
2023-07-14T16:05:54.746+0000 7f72e4ff9700 1 -- 172.21.15.62:0/1445584340 <== mon.0 v2:172.21.15.62:3300/0 3 ==== mon_map magic: 0 v1 ==== 205+0+0 (secure 0 0 0) 0x7f72d80193f0 con 0x7f72e807acc0
2023-07-14T16:05:55.382 INFO:teuthology.orchestra.run.smithi062.stdout:/usr/bin/ceph: stderr
2023-07-14T16:05:54.746+0000 7f72eddd8700 1 -- 172.21.15.62:0/1445584340 --> [v2:172.21.15.62:3300/0,v1:172.21.15.62:6789/0] -- mon_subscribe({osdmap=0}) v3 -- 0x7f72e819bb80 con 0x7f72e807acc0
2023-07-14T16:05:55.382 INFO:teuthology.orchestra.run.smithi062.stdout:/usr/bin/ceph: stderr
2023-07-14T16:05:54.747+0000 7f72e4ff9700 1 -- 172.21.15.62:0/1445584340 <== mon.0 v2:172.21.15.62:3300/0 4 ==== mgrmap(e 8) v1 ==== 45483+0+0 (secure 0 0 0) 0x7f72d801b440 con 0x7f72e807acc0
2023-07-14T16:05:55.383 INFO:teuthology.orchestra.run.smithi062.stdout:/usr/bin/ceph: stderr
2023-07-14T16:05:54.747+0000 7f72eddd8700 1 -- 172.21.15.62:0/1445584340 --> [v2:172.21.15.62:3300/0,v1:172.21.15.62:6789/0] -- mon_command({"prefix": "get_command_descriptions"} v 0) v1 -- 0x7f72e810b440 con 0x7f72e807acc0
2023-07-14T16:05:55.383 INFO:teuthology.orchestra.run.smithi062.stdout:/usr/bin/ceph: stderr
2023-07-14T16:05:54.748+0000 7f72e4ff9700 1 --2- 172.21.15.62:0/1445584340 >> [v2:172.21.15.62:6800/105803689,v1:172.21.15.62:6801/105803689] conn(0x7f72d0038760 0x7f72d003ac10 unknown :-1 s=NONE pgs=0 cs=0 l=1 rev1=0 crypto rx=0 tx=0 comp rx=0 tx=0).connect
2023-07-14T16:05:55.383 INFO:teuthology.orchestra.run.smithi062.stdout:/usr/bin/ceph: stderr
2023-07-14T16:05:54.748+0000 7f72e4ff9700 1 -- 172.21.15.62:0/1445584340 <== mon.0 v2:172.21.15.62:3300/0 5 ==== osd_map(2..2 src has 1..2) v4 ==== 940+0+0 (secure 0 0 0) 0x7f72d804c510 con 0x7f72e807acc0
2023-07-14T16:05:55.383 INFO:teuthology.orchestra.run.smithi062.stdout:/usr/bin/ceph: stderr
2023-07-14T16:05:54.748+0000 7f72e6ffd700 1 --2- 172.21.15.62:0/1445584340 >> [v2:172.21.15.62:6800/105803689,v1:172.21.15.62:6801/105803689] conn(0x7f72d0038760 0x7f72d003ac10 unknown :-1 s=BANNER_CONNECTING pgs=0 cs=0 l=1 rev1=0 crypto rx=0 tx=0 comp rx=0 tx=0)._handle_peer_banner_payload supported=3 required=0
2023-07-14T16:05:55.383 INFO:teuthology.orchestra.run.smithi062.stdout:/usr/bin/ceph: stderr
2023-07-14T16:05:54.749+0000 7f72e6ffd700 1 --2- 172.21.15.62:0/1445584340 >> [v2:172.21.15.62:6800/105803689,v1:172.21.15.62:6801/105803689] conn(0x7f72d0038760 0x7f72d003ac10 secure :-1 s=READY pgs=7 cs=0 l=1 rev1=1 crypto rx=0x7f72dc006fd0 tx=0x7f72dc006e40 comp rx=0 tx=0).ready entity=mgr.14120 client_cookie=0 server_cookie=0 in_seq=0 out_seq=0
2023-07-14T16:05:55.383 INFO:teuthology.orchestra.run.smithi062.stdout:/usr/bin/ceph: stderr
2023-07-14T16:05:54.754+0000 7f72e4ff9700 1 -- 172.21.15.62:0/1445584340 <== mon.0 v2:172.21.15.62:3300/0 6 ==== mon_command_ack([{"prefix": "get_command_descriptions"}]=0 v0) v1 ==== 72+0+178038 (secure 0 0 0) 0x7f72d8022950 con 0x7f72e807acc0
2023-07-14T16:05:55.383 INFO:teuthology.orchestra.run.smithi062.stdout:/usr/bin/ceph: stderr
2023-07-14T16:05:54.976+0000 7f72eddd8700 1 -- 172.21.15.62:0/1445584340 --> [v2:172.21.15.62:6800/105803689,v1:172.21.15.62:6801/105803689] -- mgr_command(tid 0: {"prefix": "orch set backend", "module_name": "cephadm", "target": ["mon-mgr", ""]}) v1 -- 0x7f72e8102aa0 con 0x7f72d0038760
2023-07-14T16:05:55.383 INFO:teuthology.orchestra.run.smithi062.stdout:/usr/bin/ceph: stderr
2023-07-14T16:05:54.983+0000 7f72e4ff9700 1 -- 172.21.15.62:0/1445584340 <== mgr.14120 v2:172.21.15.62:6800/105803689 1 ==== mgr_command_reply(tid 0: 0 ) v1 ==== 8+0+0 (secure 0 0 0) 0x7f72e8102aa0 con 0x7f72d0038760
2023-07-14T16:05:55.384 INFO:teuthology.orchestra.run.smithi062.stdout:/usr/bin/ceph: stderr
2023-07-14T16:05:54.986+0000 7f72eddd8700 1 -- 172.21.15.62:0/1445584340 >> [v2:172.21.15.62:6800/105803689,v1:172.21.15.62:6801/105803689] conn(0x7f72d0038760 msgr2=0x7f72d003ac10 secure :-1 s=STATE_CONNECTION_ESTABLISHED l=1).mark_down
2023-07-14T16:05:55.384 INFO:teuthology.orchestra.run.smithi062.stdout:/usr/bin/ceph: stderr
2023-07-14T16:05:54.986+0000 7f72eddd8700 1 --2- 172.21.15.62:0/1445584340 >> [v2:172.21.15.62:6800/105803689,v1:172.21.15.62:6801/105803689] conn(0x7f72d0038760 0x7f72d003ac10 secure :-1 s=READY pgs=7 cs=0 l=1 rev1=1 crypto rx=0x7f72dc006fd0 tx=0x7f72dc006e40 comp rx=0 tx=0).stop
2023-07-14T16:05:55.384 INFO:teuthology.orchestra.run.smithi062.stdout:/usr/bin/ceph: stderr
2023-07-14T16:05:54.986+0000 7f72eddd8700 1 -- 172.21.15.62:0/1445584340 >> [v2:172.21.15.62:3300/0,v1:172.21.15.62:6789/0] conn(0x7f72e807acc0 msgr2=0x7f72e819afa0 secure :-1 s=STATE_CONNECTION_ESTABLISHED l=1).mark_down
2023-07-14T16:05:55.384 INFO:teuthology.orchestra.run.smithi062.stdout:/usr/bin/ceph: stderr
2023-07-14T16:05:54.986+0000 7f72eddd8700 1 --2- 172.21.15.62:0/1445584340 >> [v2:172.21.15.62:3300/0,v1:172.21.15.62:6789/0] conn(0x7f72e807acc0 0x7f72e819afa0 secure :-1 s=READY pgs=38 cs=0 l=1 rev1=1 crypto rx=0x7f72d8000c00 tx=0x7f72d8011e70 comp rx=0 tx=0).stop
2023-07-14T16:05:55.384 INFO:teuthology.orchestra.run.smithi062.stdout:/usr/bin/ceph: stderr
2023-07-14T16:05:54.986+0000 7f72eddd8700 1 -- 172.21.15.62:0/1445584340 shutdown_connections
2023-07-14T16:05:55.384 INFO:teuthology.orchestra.run.smithi062.stdout:/usr/bin/ceph: stderr
2023-07-14T16:05:54.986+0000 7f72eddd8700 1 --2- 172.21.15.62:0/1445584340 >> [v2:172.21.15.62:6800/105803689,v1:172.21.15.62:6801/105803689] conn(0x7f72d0038760 0x7f72d003ac10 unknown :-1 s=CLOSED pgs=7 cs=0 l=1 rev1=1 crypto rx=0 tx=0 comp rx=0 tx=0).stop
2023-07-14T16:05:55.384 INFO:teuthology.orchestra.run.smithi062.stdout:/usr/bin/ceph: stderr
2023-07-14T16:05:54.986+0000 7f72eddd8700 1 --2- 172.21.15.62:0/1445584340 >> [v2:172.21.15.62:3300/0,v1:172.21.15.62:6789/0] conn(0x7f72e807acc0 0x7f72e819afa0 unknown :-1 s=CLOSED pgs=38 cs=0 l=1 rev1=1 crypto rx=0 tx=0 comp rx=0 tx=0).stop
2023-07-14T16:05:55.385 INFO:teuthology.orchestra.run.smithi062.stdout:/usr/bin/ceph: stderr
2023-07-14T16:05:54.986+0000 7f72eddd8700 1 -- 172.21.15.62:0/1445584340 >> 172.21.15.62:0/1445584340 conn(0x7f72e81007f0 msgr2=0x7f72e8101e80 unknown :-1 s=STATE_NONE l=0).mark_down
2023-07-14T16:05:55.385 INFO:teuthology.orchestra.run.smithi062.stdout:/usr/bin/ceph: stderr
2023-07-14T16:05:54.986+0000 7f72eddd8700 1 -- 172.21.15.62:0/1445584340 shutdown_connections
2023-07-14T16:05:55.385 INFO:teuthology.orchestra.run.smithi062.stdout:/usr/bin/ceph: stderr
2023-07-14T16:05:54.986+0000 7f72eddd8700 1 -- 172.21.15.62:0/1445584340 wait complete.
2023-07-14T16:05:56.124 INFO:journalctl@ceph.mon.a.smithi062.stdout:Jul 14 16:05:55 smithi062 ceph-mon[95543]: [14/Jul/2023:16:05:54] ENGINE Bus STARTING
2023-07-14T16:05:56.124 INFO:journalctl@ceph.mon.a.smithi062.stdout:Jul 14 16:05:55 smithi062 ceph-mon[95543]: [14/Jul/2023:16:05:54] ENGINE Serving on https://172.21.15.62:7150
2023-07-14T16:05:56.124 INFO:journalctl@ceph.mon.a.smithi062.stdout:Jul 14 16:05:55 smithi062 ceph-mon[95543]: [14/Jul/2023:16:05:54] ENGINE Serving on http://172.21.15.62:8765
2023-07-14T16:05:56.124 INFO:journalctl@ceph.mon.a.smithi062.stdout:Jul 14 16:05:55 smithi062 ceph-mon[95543]: [14/Jul/2023:16:05:54] ENGINE Bus STARTED
2023-07-14T16:05:56.124 INFO:journalctl@ceph.mon.a.smithi062.stdout:Jul 14 16:05:55 smithi062 ceph-mon[95543]: mgrmap e8: x(active, since 2s)
2023-07-14T16:05:56.124 INFO:journalctl@ceph.mon.a.smithi062.stdout:Jul 14 16:05:55 smithi062 ceph-mon[95543]: from='client.14132 -' entity='client.admin' cmd=[{"prefix": "orch set backend", "module_name": "cephadm", "target": ["mon-mgr", ""]}]: dispatch
2023-07-14T16:05:56.125 INFO:journalctl@ceph.mon.a.smithi062.stdout:Jul 14 16:05:55 smithi062 ceph-mon[95543]: from='mgr.14120 172.21.15.62:0/1477051639' entity='mgr.x'
2023-07-14T16:05:56.125 INFO:journalctl@ceph.mon.a.smithi062.stdout:Jul 14 16:05:55 smithi062 ceph-mon[95543]: from='mgr.14120 172.21.15.62:0/1477051639' entity='mgr.x' cmd=[{"prefix": "config dump", "format": "json"}]: dispatch
2023-07-14T16:05:56.557 INFO:teuthology.orchestra.run.smithi062.stdout:/usr/bin/ceph: stdout value unchanged
2023-07-14T16:05:56.558 INFO:teuthology.orchestra.run.smithi062.stdout:/usr/bin/ceph: stderr
2023-07-14T16:05:55.938+0000 7f466759e700 1 Processor -- start
2023-07-14T16:05:56.558 INFO:teuthology.orchestra.run.smithi062.stdout:/usr/bin/ceph: stderr
2023-07-14T16:05:55.939+0000 7f466759e700 1 -- start start
2023-07-14T16:05:56.558 INFO:teuthology.orchestra.run.smithi062.stdout:/usr/bin/ceph: stderr
2023-07-14T16:05:55.939+0000 7f466759e700 1 --2- >> [v2:172.21.15.62:3300/0,v1:172.21.15.62:6789/0] conn(0x7f4668105080 0x7f4668105490 unknown :-1 s=NONE pgs=0 cs=0 l=0 rev1=0 crypto rx=0 tx=0 comp rx=0 tx=0).connect
2023-07-14T16:05:56.559 INFO:teuthology.orchestra.run.smithi062.stdout:/usr/bin/ceph: stderr
2023-07-14T16:05:55.939+0000 7f466759e700 1 -- --> [v2:172.21.15.62:3300/0,v1:172.21.15.62:6789/0] -- mon_getmap magic: 0 v1 -- 0x7f46681059d0 con 0x7f4668105080
2023-07-14T16:05:56.559 INFO:teuthology.orchestra.run.smithi062.stdout:/usr/bin/ceph: stderr
2023-07-14T16:05:55.939+0000 7f466659c700 1 --2- >> [v2:172.21.15.62:3300/0,v1:172.21.15.62:6789/0] conn(0x7f4668105080 0x7f4668105490 unknown :-1 s=BANNER_CONNECTING pgs=0 cs=0 l=0 rev1=0 crypto rx=0 tx=0 comp rx=0 tx=0)._handle_peer_banner_payload supported=3 required=0
2023-07-14T16:05:56.559 INFO:teuthology.orchestra.run.smithi062.stdout:/usr/bin/ceph: stderr
2023-07-14T16:05:55.939+0000 7f466659c700 1 --2- >> [v2:172.21.15.62:3300/0,v1:172.21.15.62:6789/0] conn(0x7f4668105080 0x7f4668105490 unknown :-1 s=HELLO_CONNECTING pgs=0 cs=0 l=0 rev1=1 crypto rx=0 tx=0 comp rx=0 tx=0).handle_hello peer v2:172.21.15.62:3300/0 says I am v2:172.21.15.62:35954/0 (socket says 172.21.15.62:35954)
2023-07-14T16:05:56.559 INFO:teuthology.orchestra.run.smithi062.stdout:/usr/bin/ceph: stderr
2023-07-14T16:05:55.939+0000 7f466659c700 1 -- 172.21.15.62:0/3379303858 learned_addr learned my addr 172.21.15.62:0/3379303858 (peer_addr_for_me v2:172.21.15.62:0/0)
2023-07-14T16:05:56.560 INFO:teuthology.orchestra.run.smithi062.stdout:/usr/bin/ceph: stderr
2023-07-14T16:05:55.940+0000 7f466659c700 1 -- 172.21.15.62:0/3379303858 --> [v2:172.21.15.62:3300/0,v1:172.21.15.62:6789/0] -- mon_subscribe({config=0+,monmap=0+}) v3 -- 0x7f4668105b10 con 0x7f4668105080
2023-07-14T16:05:56.560 INFO:teuthology.orchestra.run.smithi062.stdout:/usr/bin/ceph: stderr
2023-07-14T16:05:55.940+0000 7f466659c700 1 --2- 172.21.15.62:0/3379303858 >> [v2:172.21.15.62:3300/0,v1:172.21.15.62:6789/0] conn(0x7f4668105080 0x7f4668105490 secure :-1 s=READY pgs=39 cs=0 l=1 rev1=1 crypto rx=0x7f46580098a0 tx=0x7f4658009bb0 comp rx=0 tx=0).ready entity=mon.0 client_cookie=4a2117b75cb5142e server_cookie=0 in_seq=0 out_seq=0
2023-07-14T16:05:56.560 INFO:teuthology.orchestra.run.smithi062.stdout:/usr/bin/ceph: stderr
2023-07-14T16:05:55.940+0000 7f466559a700 1 -- 172.21.15.62:0/3379303858 <== mon.0 v2:172.21.15.62:3300/0 1 ==== mon_map magic: 0 v1 ==== 205+0+0 (secure 0 0 0) 0x7f4658004160 con 0x7f4668105080
2023-07-14T16:05:56.561 INFO:teuthology.orchestra.run.smithi062.stdout:/usr/bin/ceph: stderr
2023-07-14T16:05:55.940+0000 7f466559a700 1 -- 172.21.15.62:0/3379303858 <== mon.0 v2:172.21.15.62:3300/0 2 ==== config(25 keys) v1 ==== 1036+0+0 (secure 0 0 0) 0x7f46580042c0 con 0x7f4668105080
2023-07-14T16:05:56.561 INFO:teuthology.orchestra.run.smithi062.stdout:/usr/bin/ceph: stderr
2023-07-14T16:05:55.940+0000 7f466559a700 1 -- 172.21.15.62:0/3379303858 <== mon.0 v2:172.21.15.62:3300/0 3 ==== mon_map magic: 0 v1 ==== 205+0+0 (secure 0 0 0) 0x7f4658011940 con 0x7f4668105080
2023-07-14T16:05:56.561 INFO:teuthology.orchestra.run.smithi062.stdout:/usr/bin/ceph: stderr
2023-07-14T16:05:55.941+0000 7f466759e700 1 -- 172.21.15.62:0/3379303858 >> [v2:172.21.15.62:3300/0,v1:172.21.15.62:6789/0] conn(0x7f4668105080 msgr2=0x7f4668105490 secure :-1 s=STATE_CONNECTION_ESTABLISHED l=1).mark_down
2023-07-14T16:05:56.561 INFO:teuthology.orchestra.run.smithi062.stdout:/usr/bin/ceph: stderr
2023-07-14T16:05:55.941+0000 7f466759e700 1 --2- 172.21.15.62:0/3379303858 >> [v2:172.21.15.62:3300/0,v1:172.21.15.62:6789/0] conn(0x7f4668105080 0x7f4668105490 secure :-1 s=READY pgs=39 cs=0 l=1 rev1=1 crypto rx=0x7f46580098a0 tx=0x7f4658009bb0 comp rx=0 tx=0).stop
2023-07-14T16:05:56.562 INFO:teuthology.orchestra.run.smithi062.stdout:/usr/bin/ceph: stderr
2023-07-14T16:05:55.941+0000 7f466759e700 1 -- 172.21.15.62:0/3379303858 shutdown_connections
2023-07-14T16:05:56.562 INFO:teuthology.orchestra.run.smithi062.stdout:/usr/bin/ceph: stderr
2023-07-14T16:05:55.941+0000 7f466759e700 1 --2- 172.21.15.62:0/3379303858 >> [v2:172.21.15.62:3300/0,v1:172.21.15.62:6789/0] conn(0x7f4668105080 0x7f4668105490 unknown :-1 s=CLOSED pgs=39 cs=0 l=1 rev1=1 crypto rx=0 tx=0 comp rx=0 tx=0).stop
2023-07-14T16:05:56.562 INFO:teuthology.orchestra.run.smithi062.stdout:/usr/bin/ceph: stderr
2023-07-14T16:05:55.941+0000 7f466759e700 1 -- 172.21.15.62:0/3379303858 >> 172.21.15.62:0/3379303858 conn(0x7f4668100710 msgr2=0x7f4668102b20 unknown :-1 s=STATE_NONE l=0).mark_down
2023-07-14T16:05:56.562 INFO:teuthology.orchestra.run.smithi062.stdout:/usr/bin/ceph: stderr
2023-07-14T16:05:55.941+0000 7f466759e700 1 -- 172.21.15.62:0/3379303858 shutdown_connections
2023-07-14T16:05:56.563 INFO:teuthology.orchestra.run.smithi062.stdout:/usr/bin/ceph: stderr
2023-07-14T16:05:55.941+0000 7f466759e700 1 -- 172.21.15.62:0/3379303858 wait complete.
2023-07-14T16:05:56.563 INFO:teuthology.orchestra.run.smithi062.stdout:/usr/bin/ceph: stderr
2023-07-14T16:05:55.942+0000 7f466759e700 1 Processor -- start
2023-07-14T16:05:56.563 INFO:teuthology.orchestra.run.smithi062.stdout:/usr/bin/ceph: stderr
2023-07-14T16:05:55.943+0000 7f466759e700 1 -- start start
2023-07-14T16:05:56.564 INFO:teuthology.orchestra.run.smithi062.stdout:/usr/bin/ceph: stderr
2023-07-14T16:05:55.943+0000 7f466759e700 1 --2- >> [v2:172.21.15.62:3300/0,v1:172.21.15.62:6789/0] conn(0x7f4668105080 0x7f466807ab30 unknown :-1 s=NONE pgs=0 cs=0 l=1 rev1=0 crypto rx=0 tx=0 comp rx=0 tx=0).connect
2023-07-14T16:05:56.564 INFO:teuthology.orchestra.run.smithi062.stdout:/usr/bin/ceph: stderr
2023-07-14T16:05:55.943+0000 7f466759e700 1 -- --> [v2:172.21.15.62:3300/0,v1:172.21.15.62:6789/0] -- mon_getmap magic: 0 v1 -- 0x7f466807b070 con 0x7f4668105080
2023-07-14T16:05:56.564 INFO:teuthology.orchestra.run.smithi062.stdout:/usr/bin/ceph: stderr
2023-07-14T16:05:55.943+0000 7f466659c700 1 --2- >> [v2:172.21.15.62:3300/0,v1:172.21.15.62:6789/0] conn(0x7f4668105080 0x7f466807ab30 unknown :-1 s=BANNER_CONNECTING pgs=0 cs=0 l=1 rev1=0 crypto rx=0 tx=0 comp rx=0 tx=0)._handle_peer_banner_payload supported=3 required=0
2023-07-14T16:05:56.564 INFO:teuthology.orchestra.run.smithi062.stdout:/usr/bin/ceph: stderr
2023-07-14T16:05:55.943+0000 7f466659c700 1 --2- >> [v2:172.21.15.62:3300/0,v1:172.21.15.62:6789/0] conn(0x7f4668105080 0x7f466807ab30 unknown :-1 s=HELLO_CONNECTING pgs=0 cs=0 l=1 rev1=1 crypto rx=0 tx=0 comp rx=0 tx=0).handle_hello peer v2:172.21.15.62:3300/0 says I am v2:172.21.15.62:35970/0 (socket says 172.21.15.62:35970)
2023-07-14T16:05:56.565 INFO:teuthology.orchestra.run.smithi062.stdout:/usr/bin/ceph: stderr
2023-07-14T16:05:55.943+0000 7f466659c700 1 -- 172.21.15.62:0/3449593104 learned_addr learned my addr 172.21.15.62:0/3449593104 (peer_addr_for_me v2:172.21.15.62:0/0)
2023-07-14T16:05:56.565 INFO:teuthology.orchestra.run.smithi062.stdout:/usr/bin/ceph: stderr
2023-07-14T16:05:55.944+0000 7f466659c700 1 -- 172.21.15.62:0/3449593104 --> [v2:172.21.15.62:3300/0,v1:172.21.15.62:6789/0] -- mon_subscribe({config=0+,monmap=0+}) v3 -- 0x7f4658009550 con 0x7f4668105080
2023-07-14T16:05:56.565 INFO:teuthology.orchestra.run.smithi062.stdout:/usr/bin/ceph: stderr
2023-07-14T16:05:55.944+0000 7f466659c700 1 --2- 172.21.15.62:0/3449593104 >> [v2:172.21.15.62:3300/0,v1:172.21.15.62:6789/0] conn(0x7f4668105080 0x7f466807ab30 secure :-1 s=READY pgs=40 cs=0 l=1 rev1=1 crypto rx=0x7f4658011dc0 tx=0x7f4658011ea0 comp rx=0 tx=0).ready entity=mon.0 client_cookie=0 server_cookie=0 in_seq=0 out_seq=0
2023-07-14T16:05:56.565 INFO:teuthology.orchestra.run.smithi062.stdout:/usr/bin/ceph: stderr
2023-07-14T16:05:55.944+0000 7f46577fe700 1 -- 172.21.15.62:0/3449593104 <== mon.0 v2:172.21.15.62:3300/0 1 ==== mon_map magic: 0 v1 ==== 205+0+0 (secure 0 0 0) 0x7f46580037d0 con 0x7f4668105080
2023-07-14T16:05:56.566 INFO:teuthology.orchestra.run.smithi062.stdout:/usr/bin/ceph: stderr
2023-07-14T16:05:55.944+0000 7f46577fe700 1 -- 172.21.15.62:0/3449593104 <== mon.0 v2:172.21.15.62:3300/0 2 ==== config(25 keys) v1 ==== 1036+0+0 (secure 0 0 0) 0x7f465801b440 con 0x7f4668105080
2023-07-14T16:05:56.566 INFO:teuthology.orchestra.run.smithi062.stdout:/usr/bin/ceph: stderr
2023-07-14T16:05:55.944+0000 7f46577fe700 1 -- 172.21.15.62:0/3449593104 <== mon.0 v2:172.21.15.62:3300/0 3 ==== mon_map magic: 0 v1 ==== 205+0+0 (secure 0 0 0) 0x7f465801a560 con 0x7f4668105080
2023-07-14T16:05:56.566 INFO:teuthology.orchestra.run.smithi062.stdout:/usr/bin/ceph: stderr
2023-07-14T16:05:55.944+0000 7f466759e700 1 -- 172.21.15.62:0/3449593104 --> [v2:172.21.15.62:3300/0,v1:172.21.15.62:6789/0] -- mon_subscribe({mgrmap=0+}) v3 -- 0x7f4668079180 con 0x7f4668105080
2023-07-14T16:05:56.566 INFO:teuthology.orchestra.run.smithi062.stdout:/usr/bin/ceph: stderr
2023-07-14T16:05:55.944+0000 7f466759e700 1 -- 172.21.15.62:0/3449593104 --> [v2:172.21.15.62:3300/0,v1:172.21.15.62:6789/0] -- mon_subscribe({osdmap=0}) v3 -- 0x7f46680795a0 con 0x7f4668105080
2023-07-14T16:05:56.567 INFO:teuthology.orchestra.run.smithi062.stdout:/usr/bin/ceph: stderr
2023-07-14T16:05:55.945+0000 7f466759e700 1 -- 172.21.15.62:0/3449593104 --> [v2:172.21.15.62:3300/0,v1:172.21.15.62:6789/0] -- mon_command({"prefix": "get_command_descriptions"} v 0) v1 -- 0x7f4668061bb0 con 0x7f4668105080
2023-07-14T16:05:56.567 INFO:teuthology.orchestra.run.smithi062.stdout:/usr/bin/ceph: stderr
2023-07-14T16:05:55.945+0000 7f46577fe700 1 -- 172.21.15.62:0/3449593104 <== mon.0 v2:172.21.15.62:3300/0 4 ==== mgrmap(e 8) v1 ==== 45483+0+0 (secure 0 0 0) 0x7f465801b5b0 con 0x7f4668105080
2023-07-14T16:05:56.567 INFO:teuthology.orchestra.run.smithi062.stdout:/usr/bin/ceph: stderr
2023-07-14T16:05:55.946+0000 7f46577fe700 1 --2- 172.21.15.62:0/3449593104 >> [v2:172.21.15.62:6800/105803689,v1:172.21.15.62:6801/105803689] conn(0x7f4650038760 0x7f465003ac10 unknown :-1 s=NONE pgs=0 cs=0 l=1 rev1=0 crypto rx=0 tx=0 comp rx=0 tx=0).connect
2023-07-14T16:05:56.568 INFO:teuthology.orchestra.run.smithi062.stdout:/usr/bin/ceph: stderr
2023-07-14T16:05:55.946+0000 7f46577fe700 1 -- 172.21.15.62:0/3449593104 <== mon.0 v2:172.21.15.62:3300/0 5 ==== osd_map(2..2 src has 1..2) v4 ==== 940+0+0 (secure 0 0 0) 0x7f465804c5f0 con 0x7f4668105080
2023-07-14T16:05:56.568 INFO:teuthology.orchestra.run.smithi062.stdout:/usr/bin/ceph: stderr
2023-07-14T16:05:55.946+0000 7f4665d9b700 1 --2- 172.21.15.62:0/3449593104 >> [v2:172.21.15.62:6800/105803689,v1:172.21.15.62:6801/105803689] conn(0x7f4650038760 0x7f465003ac10 unknown :-1 s=BANNER_CONNECTING pgs=0 cs=0 l=1 rev1=0 crypto rx=0 tx=0 comp rx=0 tx=0)._handle_peer_banner_payload supported=3 required=0
2023-07-14T16:05:56.568 INFO:teuthology.orchestra.run.smithi062.stdout:/usr/bin/ceph: stderr
2023-07-14T16:05:55.947+0000 7f4665d9b700 1 --2- 172.21.15.62:0/3449593104 >> [v2:172.21.15.62:6800/105803689,v1:172.21.15.62:6801/105803689] conn(0x7f4650038760 0x7f465003ac10 secure :-1 s=READY pgs=8 cs=0 l=1 rev1=1 crypto rx=0x7f465c006fd0 tx=0x7f465c006e40 comp rx=0 tx=0).ready entity=mgr.14120 client_cookie=0 server_cookie=0 in_seq=0 out_seq=0
2023-07-14T16:05:56.568 INFO:teuthology.orchestra.run.smithi062.stdout:/usr/bin/ceph: stderr
2023-07-14T16:05:55.951+0000 7f46577fe700 1 -- 172.21.15.62:0/3449593104 <== mon.0 v2:172.21.15.62:3300/0 6 ==== mon_command_ack([{"prefix": "get_command_descriptions"}]=0 v0) v1 ==== 72+0+178038 (secure 0 0 0) 0x7f4668061bb0 con 0x7f4668105080
2023-07-14T16:05:56.568 INFO:teuthology.orchestra.run.smithi062.stdout:/usr/bin/ceph: stderr
2023-07-14T16:05:56.159+0000 7f466759e700 1 -- 172.21.15.62:0/3449593104 --> [v2:172.21.15.62:6800/105803689,v1:172.21.15.62:6801/105803689] -- mgr_command(tid 0: {"prefix": "cephadm set-user", "user": "root", "target": ["mon-mgr", ""]}) v1 -- 0x7f4668061b40 con 0x7f4650038760
2023-07-14T16:05:56.568 INFO:teuthology.orchestra.run.smithi062.stdout:/usr/bin/ceph: stderr
2023-07-14T16:05:56.160+0000 7f46577fe700 1 -- 172.21.15.62:0/3449593104 <== mgr.14120 v2:172.21.15.62:6800/105803689 1 ==== mgr_command_reply(tid 0: 0 ) v1 ==== 8+0+16 (secure 0 0 0) 0x7f4668061b40 con 0x7f4650038760
2023-07-14T16:05:56.569 INFO:teuthology.orchestra.run.smithi062.stdout:/usr/bin/ceph: stderr
2023-07-14T16:05:56.162+0000 7f466759e700 1 -- 172.21.15.62:0/3449593104 >> [v2:172.21.15.62:6800/105803689,v1:172.21.15.62:6801/105803689] conn(0x7f4650038760 msgr2=0x7f465003ac10 secure :-1 s=STATE_CONNECTION_ESTABLISHED l=1).mark_down
2023-07-14T16:05:56.569 INFO:teuthology.orchestra.run.smithi062.stdout:/usr/bin/ceph: stderr
2023-07-14T16:05:56.162+0000 7f466759e700 1 --2- 172.21.15.62:0/3449593104 >> [v2:172.21.15.62:6800/105803689,v1:172.21.15.62:6801/105803689] conn(0x7f4650038760 0x7f465003ac10 secure :-1 s=READY pgs=8 cs=0 l=1 rev1=1 crypto rx=0x7f465c006fd0 tx=0x7f465c006e40 comp rx=0 tx=0).stop
2023-07-14T16:05:56.569 INFO:teuthology.orchestra.run.smithi062.stdout:/usr/bin/ceph: stderr
2023-07-14T16:05:56.162+0000 7f466759e700 1 -- 172.21.15.62:0/3449593104 >> [v2:172.21.15.62:3300/0,v1:172.21.15.62:6789/0] conn(0x7f4668105080 msgr2=0x7f466807ab30 secure :-1 s=STATE_CONNECTION_ESTABLISHED l=1).mark_down
2023-07-14T16:05:56.569 INFO:teuthology.orchestra.run.smithi062.stdout:/usr/bin/ceph: stderr
2023-07-14T16:05:56.162+0000 7f466759e700 1 --2- 172.21.15.62:0/3449593104 >> [v2:172.21.15.62:3300/0,v1:172.21.15.62:6789/0] conn(0x7f4668105080 0x7f466807ab30 secure :-1 s=READY pgs=40 cs=0 l=1 rev1=1 crypto rx=0x7f4658011dc0 tx=0x7f4658011ea0 comp rx=0 tx=0).stop
2023-07-14T16:05:56.569 INFO:teuthology.orchestra.run.smithi062.stdout:/usr/bin/ceph: stderr
2023-07-14T16:05:56.162+0000 7f466759e700 1 -- 172.21.15.62:0/3449593104 shutdown_connections
2023-07-14T16:05:56.569 INFO:teuthology.orchestra.run.smithi062.stdout:/usr/bin/ceph: stderr
2023-07-14T16:05:56.162+0000 7f466759e700 1 --2- 172.21.15.62:0/3449593104 >> [v2:172.21.15.62:6800/105803689,v1:172.21.15.62:6801/105803689] conn(0x7f4650038760 0x7f465003ac10 unknown :-1 s=CLOSED pgs=8 cs=0 l=1 rev1=1 crypto rx=0 tx=0 comp rx=0 tx=0).stop
2023-07-14T16:05:56.569 INFO:teuthology.orchestra.run.smithi062.stdout:/usr/bin/ceph: stderr
2023-07-14T16:05:56.162+0000 7f466759e700 1 --2- 172.21.15.62:0/3449593104 >> [v2:172.21.15.62:3300/0,v1:172.21.15.62:6789/0] conn(0x7f4668105080 0x7f466807ab30 unknown :-1 s=CLOSED pgs=40 cs=0 l=1 rev1=1 crypto rx=0 tx=0 comp rx=0 tx=0).stop
2023-07-14T16:05:56.569 INFO:teuthology.orchestra.run.smithi062.stdout:/usr/bin/ceph: stderr
2023-07-14T16:05:56.162+0000 7f466759e700 1 -- 172.21.15.62:0/3449593104 >> 172.21.15.62:0/3449593104 conn(0x7f4668100710 msgr2=0x7f4668101470 unknown :-1 s=STATE_NONE l=0).mark_down
2023-07-14T16:05:56.570 INFO:teuthology.orchestra.run.smithi062.stdout:/usr/bin/ceph: stderr
2023-07-14T16:05:56.162+0000 7f466759e700 1 -- 172.21.15.62:0/3449593104 shutdown_connections
2023-07-14T16:05:56.570 INFO:teuthology.orchestra.run.smithi062.stdout:/usr/bin/ceph: stderr
2023-07-14T16:05:56.162+0000 7f466759e700 1 -- 172.21.15.62:0/3449593104 wait complete.
2023-07-14T16:05:56.570 INFO:teuthology.orchestra.run.smithi062.stdout:Generating ssh key...
2023-07-14T16:05:57.123 INFO:journalctl@ceph.mon.a.smithi062.stdout:Jul 14 16:05:57 smithi062 ceph-mon[95543]: from='client.14134 -' entity='client.admin' cmd=[{"prefix": "cephadm set-user", "user": "root", "target": ["mon-mgr", ""]}]: dispatch
2023-07-14T16:05:57.874 INFO:journalctl@ceph.mgr.x.smithi062.stdout:Jul 14 16:05:57 smithi062 ceph-1356e48a-2260-11ee-9b33-001a4aab830c-mgr-x[95790]: Generating public/private rsa key pair.
2023-07-14T16:05:57.874 INFO:journalctl@ceph.mgr.x.smithi062.stdout:Jul 14 16:05:57 smithi062 ceph-1356e48a-2260-11ee-9b33-001a4aab830c-mgr-x[95790]: Your identification has been saved in /tmp/tmp21glc1pe/key.
2023-07-14T16:05:57.874 INFO:journalctl@ceph.mgr.x.smithi062.stdout:Jul 14 16:05:57 smithi062 ceph-1356e48a-2260-11ee-9b33-001a4aab830c-mgr-x[95790]: Your public key has been saved in /tmp/tmp21glc1pe/key.pub.
2023-07-14T16:05:57.875 INFO:journalctl@ceph.mgr.x.smithi062.stdout:Jul 14 16:05:57 smithi062 ceph-1356e48a-2260-11ee-9b33-001a4aab830c-mgr-x[95790]: The key fingerprint is:
2023-07-14T16:05:57.875 INFO:journalctl@ceph.mgr.x.smithi062.stdout:Jul 14 16:05:57 smithi062 ceph-1356e48a-2260-11ee-9b33-001a4aab830c-mgr-x[95790]: SHA256:DwfnIi/IXX1eXRqLvQ4TfLN4kGfPpjBIkKkfB/bs2DE ceph-1356e48a-2260-11ee-9b33-001a4aab830c
2023-07-14T16:05:57.875 INFO:journalctl@ceph.mgr.x.smithi062.stdout:Jul 14 16:05:57 smithi062 ceph-1356e48a-2260-11ee-9b33-001a4aab830c-mgr-x[95790]: The key's randomart image is:
2023-07-14T16:05:57.875 INFO:journalctl@ceph.mgr.x.smithi062.stdout:Jul 14 16:05:57 smithi062 ceph-1356e48a-2260-11ee-9b33-001a4aab830c-mgr-x[95790]: +---[RSA 3072]----+
2023-07-14T16:05:57.875 INFO:journalctl@ceph.mgr.x.smithi062.stdout:Jul 14 16:05:57 smithi062 ceph-1356e48a-2260-11ee-9b33-001a4aab830c-mgr-x[95790]: | |
2023-07-14T16:05:57.875 INFO:journalctl@ceph.mgr.x.smithi062.stdout:Jul 14 16:05:57 smithi062 ceph-1356e48a-2260-11ee-9b33-001a4aab830c-mgr-x[95790]: | o |
2023-07-14T16:05:57.875 INFO:journalctl@ceph.mgr.x.smithi062.stdout:Jul 14 16:05:57 smithi062 ceph-1356e48a-2260-11ee-9b33-001a4aab830c-mgr-x[95790]: | B . . .|
2023-07-14T16:05:57.876 INFO:journalctl@ceph.mgr.x.smithi062.stdout:Jul 14 16:05:57 smithi062 ceph-1356e48a-2260-11ee-9b33-001a4aab830c-mgr-x[95790]: | o X . + =.|
2023-07-14T16:05:57.876 INFO:journalctl@ceph.mgr.x.smithi062.stdout:Jul 14 16:05:57 smithi062 ceph-1356e48a-2260-11ee-9b33-001a4aab830c-mgr-x[95790]: | o S E B X .|
2023-07-14T16:05:57.876 INFO:journalctl@ceph.mgr.x.smithi062.stdout:Jul 14 16:05:57 smithi062 ceph-1356e48a-2260-11ee-9b33-001a4aab830c-mgr-x[95790]: | . o = % * O * |
2023-07-14T16:05:57.876 INFO:journalctl@ceph.mgr.x.smithi062.stdout:Jul 14 16:05:57 smithi062 ceph-1356e48a-2260-11ee-9b33-001a4aab830c-mgr-x[95790]: | o o + = B + +|
2023-07-14T16:05:57.876 INFO:journalctl@ceph.mgr.x.smithi062.stdout:Jul 14 16:05:57 smithi062 ceph-1356e48a-2260-11ee-9b33-001a4aab830c-mgr-x[95790]: | . B o |
2023-07-14T16:05:57.876 INFO:journalctl@ceph.mgr.x.smithi062.stdout:Jul 14 16:05:57 smithi062 ceph-1356e48a-2260-11ee-9b33-001a4aab830c-mgr-x[95790]: | o |
2023-07-14T16:05:57.876 INFO:journalctl@ceph.mgr.x.smithi062.stdout:Jul 14 16:05:57 smithi062 ceph-1356e48a-2260-11ee-9b33-001a4aab830c-mgr-x[95790]: +----[SHA256]-----+
2023-07-14T16:05:57.934 INFO:teuthology.orchestra.run.smithi062.stdout:/usr/bin/ceph: stderr
2023-07-14T16:05:57.154+0000 7f7a375c7700 1 Processor -- start
2023-07-14T16:05:57.934 INFO:teuthology.orchestra.run.smithi062.stdout:/usr/bin/ceph: stderr
2023-07-14T16:05:57.154+0000 7f7a375c7700 1 -- start start
2023-07-14T16:05:57.934 INFO:teuthology.orchestra.run.smithi062.stdout:/usr/bin/ceph: stderr
2023-07-14T16:05:57.155+0000 7f7a375c7700 1 --2- >> [v2:172.21.15.62:3300/0,v1:172.21.15.62:6789/0] conn(0x7f7a3007acc0 0x7f7a300791c0 unknown :-1 s=NONE pgs=0 cs=0 l=0 rev1=0 crypto rx=0 tx=0 comp rx=0 tx=0).connect
2023-07-14T16:05:57.935 INFO:teuthology.orchestra.run.smithi062.stdout:/usr/bin/ceph: stderr
2023-07-14T16:05:57.155+0000 7f7a375c7700 1 -- --> [v2:172.21.15.62:3300/0,v1:172.21.15.62:6789/0] -- mon_getmap magic: 0 v1 -- 0x7f7a30079700 con 0x7f7a3007acc0
2023-07-14T16:05:57.935 INFO:teuthology.orchestra.run.smithi062.stdout:/usr/bin/ceph: stderr
2023-07-14T16:05:57.155+0000 7f7a35363700 1 --2- >> [v2:172.21.15.62:3300/0,v1:172.21.15.62:6789/0] conn(0x7f7a3007acc0 0x7f7a300791c0 unknown :-1 s=BANNER_CONNECTING pgs=0 cs=0 l=0 rev1=0 crypto rx=0 tx=0 comp rx=0 tx=0)._handle_peer_banner_payload supported=3 required=0
2023-07-14T16:05:57.935 INFO:teuthology.orchestra.run.smithi062.stdout:/usr/bin/ceph: stderr
2023-07-14T16:05:57.155+0000 7f7a35363700 1 --2- >> [v2:172.21.15.62:3300/0,v1:172.21.15.62:6789/0] conn(0x7f7a3007acc0 0x7f7a300791c0 unknown :-1 s=HELLO_CONNECTING pgs=0 cs=0 l=0 rev1=1 crypto rx=0 tx=0 comp rx=0 tx=0).handle_hello peer v2:172.21.15.62:3300/0 says I am v2:172.21.15.62:35974/0 (socket says 172.21.15.62:35974)
2023-07-14T16:05:57.935 INFO:teuthology.orchestra.run.smithi062.stdout:/usr/bin/ceph: stderr
2023-07-14T16:05:57.155+0000 7f7a35363700 1 -- 172.21.15.62:0/636897620 learned_addr learned my addr 172.21.15.62:0/636897620 (peer_addr_for_me v2:172.21.15.62:0/0)
2023-07-14T16:05:57.935 INFO:teuthology.orchestra.run.smithi062.stdout:/usr/bin/ceph: stderr
2023-07-14T16:05:57.155+0000 7f7a35363700 1 -- 172.21.15.62:0/636897620 --> [v2:172.21.15.62:3300/0,v1:172.21.15.62:6789/0] -- mon_subscribe({config=0+,monmap=0+}) v3 -- 0x7f7a30079840 con 0x7f7a3007acc0
2023-07-14T16:05:57.938 INFO:teuthology.orchestra.run.smithi062.stdout:/usr/bin/ceph: stderr
2023-07-14T16:05:57.156+0000 7f7a35363700 1 --2- 172.21.15.62:0/636897620 >> [v2:172.21.15.62:3300/0,v1:172.21.15.62:6789/0] conn(0x7f7a3007acc0 0x7f7a300791c0 secure :-1 s=READY pgs=41 cs=0 l=1 rev1=1 crypto rx=0x7f7a2c0098a0 tx=0x7f7a2c009bb0 comp rx=0 tx=0).ready entity=mon.0 client_cookie=9590fe4b6e0c8949 server_cookie=0 in_seq=0 out_seq=0
2023-07-14T16:05:57.939 INFO:teuthology.orchestra.run.smithi062.stdout:/usr/bin/ceph: stderr
2023-07-14T16:05:57.156+0000 7f7a27fff700 1 -- 172.21.15.62:0/636897620 <== mon.0 v2:172.21.15.62:3300/0 1 ==== mon_map magic: 0 v1 ==== 205+0+0 (secure 0 0 0) 0x7f7a2c004160 con 0x7f7a3007acc0
2023-07-14T16:05:57.939 INFO:teuthology.orchestra.run.smithi062.stdout:/usr/bin/ceph: stderr
2023-07-14T16:05:57.156+0000 7f7a27fff700 1 -- 172.21.15.62:0/636897620 <== mon.0 v2:172.21.15.62:3300/0 2 ==== config(25 keys) v1 ==== 1036+0+0 (secure 0 0 0) 0x7f7a2c0042c0 con 0x7f7a3007acc0
2023-07-14T16:05:57.939 INFO:teuthology.orchestra.run.smithi062.stdout:/usr/bin/ceph: stderr
2023-07-14T16:05:57.156+0000 7f7a27fff700 1 -- 172.21.15.62:0/636897620 <== mon.0 v2:172.21.15.62:3300/0 3 ==== mon_map magic: 0 v1 ==== 205+0+0 (secure 0 0 0) 0x7f7a2c011940 con 0x7f7a3007acc0
2023-07-14T16:05:57.939 INFO:teuthology.orchestra.run.smithi062.stdout:/usr/bin/ceph: stderr
