2023-07-14T16:06:22.677+0000 7f38597ab700 1 -- 172.21.15.62:0/1505942473 wait complete.
2023-07-14T16:06:23.594 INFO:teuthology.orchestra.run.smithi062.stdout:/usr/bin/ceph: stderr
2023-07-14T16:06:22.678+0000 7f38597ab700 1 Processor -- start
2023-07-14T16:06:23.594 INFO:teuthology.orchestra.run.smithi062.stdout:/usr/bin/ceph: stderr
2023-07-14T16:06:22.678+0000 7f38597ab700 1 -- start start
2023-07-14T16:06:23.594 INFO:teuthology.orchestra.run.smithi062.stdout:/usr/bin/ceph: stderr
2023-07-14T16:06:22.679+0000 7f38597ab700 1 --2- >> [v2:172.21.15.62:3300/0,v1:172.21.15.62:6789/0] conn(0x7f3854105200 0x7f3854198f30 unknown :-1 s=NONE pgs=0 cs=0 l=1 rev1=0 crypto rx=0 tx=0 comp rx=0 tx=0).connect
2023-07-14T16:06:23.594 INFO:teuthology.orchestra.run.smithi062.stdout:/usr/bin/ceph: stderr
2023-07-14T16:06:22.679+0000 7f38597ab700 1 -- --> [v2:172.21.15.62:3300/0,v1:172.21.15.62:6789/0] -- mon_getmap magic: 0 v1 -- 0x7f3854199470 con 0x7f3854105200
2023-07-14T16:06:23.594 INFO:teuthology.orchestra.run.smithi062.stdout:/usr/bin/ceph: stderr
2023-07-14T16:06:22.679+0000 7f3852ffd700 1 --2- >> [v2:172.21.15.62:3300/0,v1:172.21.15.62:6789/0] conn(0x7f3854105200 0x7f3854198f30 unknown :-1 s=BANNER_CONNECTING pgs=0 cs=0 l=1 rev1=0 crypto rx=0 tx=0 comp rx=0 tx=0)._handle_peer_banner_payload supported=3 required=0
2023-07-14T16:06:23.595 INFO:teuthology.orchestra.run.smithi062.stdout:/usr/bin/ceph: stderr
2023-07-14T16:06:22.679+0000 7f3852ffd700 1 --2- >> [v2:172.21.15.62:3300/0,v1:172.21.15.62:6789/0] conn(0x7f3854105200 0x7f3854198f30 unknown :-1 s=HELLO_CONNECTING pgs=0 cs=0 l=1 rev1=1 crypto rx=0 tx=0 comp rx=0 tx=0).handle_hello peer v2:172.21.15.62:3300/0 says I am v2:172.21.15.62:47086/0 (socket says 172.21.15.62:47086)
2023-07-14T16:06:23.595 INFO:teuthology.orchestra.run.smithi062.stdout:/usr/bin/ceph: stderr
2023-07-14T16:06:22.679+0000 7f3852ffd700 1 -- 172.21.15.62:0/4262149875 learned_addr learned my addr 172.21.15.62:0/4262149875 (peer_addr_for_me v2:172.21.15.62:0/0)
2023-07-14T16:06:23.595 INFO:teuthology.orchestra.run.smithi062.stdout:/usr/bin/ceph: stderr
2023-07-14T16:06:22.679+0000 7f3852ffd700 1 -- 172.21.15.62:0/4262149875 --> [v2:172.21.15.62:3300/0,v1:172.21.15.62:6789/0] -- mon_subscribe({config=0+,monmap=0+}) v3 -- 0x7f3844009550 con 0x7f3854105200
2023-07-14T16:06:23.595 INFO:teuthology.orchestra.run.smithi062.stdout:/usr/bin/ceph: stderr
2023-07-14T16:06:22.680+0000 7f3852ffd700 1 --2- 172.21.15.62:0/4262149875 >> [v2:172.21.15.62:3300/0,v1:172.21.15.62:6789/0] conn(0x7f3854105200 0x7f3854198f30 secure :-1 s=READY pgs=73 cs=0 l=1 rev1=1 crypto rx=0x7f3844003e30 tx=0x7f38440119a0 comp rx=0 tx=0).ready entity=mon.0 client_cookie=0 server_cookie=0 in_seq=0 out_seq=0
2023-07-14T16:06:23.595 INFO:teuthology.orchestra.run.smithi062.stdout:/usr/bin/ceph: stderr
2023-07-14T16:06:22.680+0000 7f383bfff700 1 -- 172.21.15.62:0/4262149875 <== mon.0 v2:172.21.15.62:3300/0 1 ==== mon_map magic: 0 v1 ==== 205+0+0 (secure 0 0 0) 0x7f38440036a0 con 0x7f3854105200
2023-07-14T16:06:23.595 INFO:teuthology.orchestra.run.smithi062.stdout:/usr/bin/ceph: stderr
2023-07-14T16:06:22.680+0000 7f38597ab700 1 -- 172.21.15.62:0/4262149875 --> [v2:172.21.15.62:3300/0,v1:172.21.15.62:6789/0] -- mon_subscribe({mgrmap=0+}) v3 -- 0x7f3854199670 con 0x7f3854105200
2023-07-14T16:06:23.595 INFO:teuthology.orchestra.run.smithi062.stdout:/usr/bin/ceph: stderr
2023-07-14T16:06:22.680+0000 7f383bfff700 1 -- 172.21.15.62:0/4262149875 <== mon.0 v2:172.21.15.62:3300/0 2 ==== config(25 keys) v1 ==== 1067+0+0 (secure 0 0 0) 0x7f384401b440 con 0x7f3854105200
2023-07-14T16:06:23.596 INFO:teuthology.orchestra.run.smithi062.stdout:/usr/bin/ceph: stderr
2023-07-14T16:06:22.680+0000 7f383bfff700 1 -- 172.21.15.62:0/4262149875 <== mon.0 v2:172.21.15.62:3300/0 3 ==== mon_map magic: 0 v1 ==== 205+0+0 (secure 0 0 0) 0x7f3844023400 con 0x7f3854105200
2023-07-14T16:06:23.596 INFO:teuthology.orchestra.run.smithi062.stdout:/usr/bin/ceph: stderr
2023-07-14T16:06:22.680+0000 7f38597ab700 1 -- 172.21.15.62:0/4262149875 --> [v2:172.21.15.62:3300/0,v1:172.21.15.62:6789/0] -- mon_subscribe({osdmap=0}) v3 -- 0x7f3854199a90 con 0x7f3854105200
2023-07-14T16:06:23.596 INFO:teuthology.orchestra.run.smithi062.stdout:/usr/bin/ceph: stderr
2023-07-14T16:06:22.681+0000 7f383bfff700 1 -- 172.21.15.62:0/4262149875 <== mon.0 v2:172.21.15.62:3300/0 4 ==== mgrmap(e 12) v1 ==== 45496+0+0 (secure 0 0 0) 0x7f3844003800 con 0x7f3854105200
2023-07-14T16:06:23.596 INFO:teuthology.orchestra.run.smithi062.stdout:/usr/bin/ceph: stderr
2023-07-14T16:06:22.682+0000 7f38597ab700 1 -- 172.21.15.62:0/4262149875 --> [v2:172.21.15.62:3300/0,v1:172.21.15.62:6789/0] -- mon_command({"prefix": "get_command_descriptions"} v 0) v1 -- 0x7f3854061b40 con 0x7f3854105200
2023-07-14T16:06:23.596 INFO:teuthology.orchestra.run.smithi062.stdout:/usr/bin/ceph: stderr
2023-07-14T16:06:22.682+0000 7f383bfff700 1 --2- 172.21.15.62:0/4262149875 >> [v2:172.21.15.62:6800/4048727837,v1:172.21.15.62:6801/4048727837] conn(0x7f383c038760 0x7f383c03ac10 unknown :-1 s=NONE pgs=0 cs=0 l=1 rev1=0 crypto rx=0 tx=0 comp rx=0 tx=0).connect
2023-07-14T16:06:23.596 INFO:teuthology.orchestra.run.smithi062.stdout:/usr/bin/ceph: stderr
2023-07-14T16:06:22.682+0000 7f383bfff700 1 -- 172.21.15.62:0/4262149875 <== mon.0 v2:172.21.15.62:3300/0 5 ==== osd_map(3..3 src has 1..3) v4 ==== 1155+0+0 (secure 0 0 0) 0x7f384404c880 con 0x7f3854105200
2023-07-14T16:06:23.597 INFO:teuthology.orchestra.run.smithi062.stdout:/usr/bin/ceph: stderr
2023-07-14T16:06:22.682+0000 7f38527fc700 1 --2- 172.21.15.62:0/4262149875 >> [v2:172.21.15.62:6800/4048727837,v1:172.21.15.62:6801/4048727837] conn(0x7f383c038760 0x7f383c03ac10 unknown :-1 s=BANNER_CONNECTING pgs=0 cs=0 l=1 rev1=0 crypto rx=0 tx=0 comp rx=0 tx=0)._handle_peer_banner_payload supported=3 required=0
2023-07-14T16:06:23.597 INFO:teuthology.orchestra.run.smithi062.stdout:/usr/bin/ceph: stderr
2023-07-14T16:06:22.683+0000 7f38527fc700 1 --2- 172.21.15.62:0/4262149875 >> [v2:172.21.15.62:6800/4048727837,v1:172.21.15.62:6801/4048727837] conn(0x7f383c038760 0x7f383c03ac10 secure :-1 s=READY pgs=8 cs=0 l=1 rev1=1 crypto rx=0x7f3848006fd0 tx=0x7f3848006e40 comp rx=0 tx=0).ready entity=mgr.14152 client_cookie=0 server_cookie=0 in_seq=0 out_seq=0
2023-07-14T16:06:23.597 INFO:teuthology.orchestra.run.smithi062.stdout:/usr/bin/ceph: stderr
2023-07-14T16:06:22.687+0000 7f383bfff700 1 -- 172.21.15.62:0/4262149875 <== mon.0 v2:172.21.15.62:3300/0 6 ==== mon_command_ack([{"prefix": "get_command_descriptions"}]=0 v0) v1 ==== 72+0+178038 (secure 0 0 0) 0x7f3844019bc0 con 0x7f3854105200
2023-07-14T16:06:23.597 INFO:teuthology.orchestra.run.smithi062.stdout:/usr/bin/ceph: stderr
2023-07-14T16:06:22.927+0000 7f38597ab700 1 -- 172.21.15.62:0/4262149875 --> [v2:172.21.15.62:6800/4048727837,v1:172.21.15.62:6801/4048727837] -- mgr_command(tid 0: {"prefix": "dashboard ac-user-create", "username": "admin", "rolename": "administrator", "force_password": true, "pwd_update_required": true, "target": ["mon-mgr", ""]}) v1 -- 0x7f3854061960 con 0x7f383c038760
2023-07-14T16:06:23.597 INFO:teuthology.orchestra.run.smithi062.stdout:/usr/bin/ceph: stderr
2023-07-14T16:06:23.178+0000 7f383bfff700 1 -- 172.21.15.62:0/4262149875 <== mgr.14152 v2:172.21.15.62:6800/4048727837 1 ==== mgr_command_reply(tid 0: 0 ) v1 ==== 8+0+252 (secure 0 0 0) 0x7f3854061960 con 0x7f383c038760
2023-07-14T16:06:23.597 INFO:teuthology.orchestra.run.smithi062.stdout:/usr/bin/ceph: stderr
2023-07-14T16:06:23.181+0000 7f38597ab700 1 -- 172.21.15.62:0/4262149875 >> [v2:172.21.15.62:6800/4048727837,v1:172.21.15.62:6801/4048727837] conn(0x7f383c038760 msgr2=0x7f383c03ac10 secure :-1 s=STATE_CONNECTION_ESTABLISHED l=1).mark_down
2023-07-14T16:06:23.597 INFO:teuthology.orchestra.run.smithi062.stdout:/usr/bin/ceph: stderr
2023-07-14T16:06:23.181+0000 7f38597ab700 1 --2- 172.21.15.62:0/4262149875 >> [v2:172.21.15.62:6800/4048727837,v1:172.21.15.62:6801/4048727837] conn(0x7f383c038760 0x7f383c03ac10 secure :-1 s=READY pgs=8 cs=0 l=1 rev1=1 crypto rx=0x7f3848006fd0 tx=0x7f3848006e40 comp rx=0 tx=0).stop
2023-07-14T16:06:23.598 INFO:teuthology.orchestra.run.smithi062.stdout:/usr/bin/ceph: stderr
2023-07-14T16:06:23.181+0000 7f38597ab700 1 -- 172.21.15.62:0/4262149875 >> [v2:172.21.15.62:3300/0,v1:172.21.15.62:6789/0] conn(0x7f3854105200 msgr2=0x7f3854198f30 secure :-1 s=STATE_CONNECTION_ESTABLISHED l=1).mark_down
2023-07-14T16:06:23.598 INFO:teuthology.orchestra.run.smithi062.stdout:/usr/bin/ceph: stderr
2023-07-14T16:06:23.181+0000 7f38597ab700 1 --2- 172.21.15.62:0/4262149875 >> [v2:172.21.15.62:3300/0,v1:172.21.15.62:6789/0] conn(0x7f3854105200 0x7f3854198f30 secure :-1 s=READY pgs=73 cs=0 l=1 rev1=1 crypto rx=0x7f3844003e30 tx=0x7f38440119a0 comp rx=0 tx=0).stop
2023-07-14T16:06:23.598 INFO:teuthology.orchestra.run.smithi062.stdout:/usr/bin/ceph: stderr
2023-07-14T16:06:23.181+0000 7f38597ab700 1 -- 172.21.15.62:0/4262149875 shutdown_connections
2023-07-14T16:06:23.598 INFO:teuthology.orchestra.run.smithi062.stdout:/usr/bin/ceph: stderr
2023-07-14T16:06:23.181+0000 7f38597ab700 1 --2- 172.21.15.62:0/4262149875 >> [v2:172.21.15.62:6800/4048727837,v1:172.21.15.62:6801/4048727837] conn(0x7f383c038760 0x7f383c03ac10 unknown :-1 s=CLOSED pgs=8 cs=0 l=1 rev1=1 crypto rx=0 tx=0 comp rx=0 tx=0).stop
2023-07-14T16:06:23.598 INFO:teuthology.orchestra.run.smithi062.stdout:/usr/bin/ceph: stderr
2023-07-14T16:06:23.181+0000 7f38597ab700 1 --2- 172.21.15.62:0/4262149875 >> [v2:172.21.15.62:3300/0,v1:172.21.15.62:6789/0] conn(0x7f3854105200 0x7f3854198f30 unknown :-1 s=CLOSED pgs=73 cs=0 l=1 rev1=1 crypto rx=0 tx=0 comp rx=0 tx=0).stop
2023-07-14T16:06:23.598 INFO:teuthology.orchestra.run.smithi062.stdout:/usr/bin/ceph: stderr
2023-07-14T16:06:23.181+0000 7f38597ab700 1 -- 172.21.15.62:0/4262149875 >> 172.21.15.62:0/4262149875 conn(0x7f3854100870 msgr2=0x7f3854101f60 unknown :-1 s=STATE_NONE l=0).mark_down
2023-07-14T16:06:23.598 INFO:teuthology.orchestra.run.smithi062.stdout:/usr/bin/ceph: stderr
2023-07-14T16:06:23.181+0000 7f38597ab700 1 -- 172.21.15.62:0/4262149875 shutdown_connections
2023-07-14T16:06:23.599 INFO:teuthology.orchestra.run.smithi062.stdout:/usr/bin/ceph: stderr
2023-07-14T16:06:23.181+0000 7f38597ab700 1 -- 172.21.15.62:0/4262149875 wait complete.
2023-07-14T16:06:23.599 INFO:teuthology.orchestra.run.smithi062.stdout:Fetching dashboard port number...
2023-07-14T16:06:24.535 INFO:journalctl@ceph.mon.a.smithi062.stdout:Jul 14 16:06:24 smithi062 ceph-mon[95543]: from='client.14166 -' entity='client.admin' cmd=[{"prefix": "dashboard ac-user-create", "username": "admin", "rolename": "administrator", "force_password": true, "pwd_update_required": true, "target": ["mon-mgr", ""]}]: dispatch
2023-07-14T16:06:24.535 INFO:journalctl@ceph.mon.a.smithi062.stdout:Jul 14 16:06:24 smithi062 ceph-mon[95543]: from='mgr.14152 172.21.15.62:0/3692596312' entity='mgr.x'
2023-07-14T16:06:24.535 INFO:journalctl@ceph.mon.a.smithi062.stdout:Jul 14 16:06:24 smithi062 ceph-mon[95543]: from='mgr.14152 172.21.15.62:0/3692596312' entity='mgr.x'
2023-07-14T16:06:24.868 INFO:teuthology.orchestra.run.smithi062.stdout:/usr/bin/ceph: stdout 8443
2023-07-14T16:06:24.868 INFO:teuthology.orchestra.run.smithi062.stdout:/usr/bin/ceph: stderr
2023-07-14T16:06:24.142+0000 7f73bce45700 1 Processor -- start
2023-07-14T16:06:24.869 INFO:teuthology.orchestra.run.smithi062.stdout:/usr/bin/ceph: stderr
2023-07-14T16:06:24.142+0000 7f73bce45700 1 -- start start
2023-07-14T16:06:24.869 INFO:teuthology.orchestra.run.smithi062.stdout:/usr/bin/ceph: stderr
2023-07-14T16:06:24.142+0000 7f73bce45700 1 --2- >> [v2:172.21.15.62:3300/0,v1:172.21.15.62:6789/0] conn(0x7f73b807acc0 0x7f73b80791c0 unknown :-1 s=NONE pgs=0 cs=0 l=0 rev1=0 crypto rx=0 tx=0 comp rx=0 tx=0).connect
2023-07-14T16:06:24.869 INFO:teuthology.orchestra.run.smithi062.stdout:/usr/bin/ceph: stderr
2023-07-14T16:06:24.142+0000 7f73bce45700 1 -- --> [v2:172.21.15.62:3300/0,v1:172.21.15.62:6789/0] -- mon_getmap magic: 0 v1 -- 0x7f73b8079700 con 0x7f73b807acc0
2023-07-14T16:06:24.869 INFO:teuthology.orchestra.run.smithi062.stdout:/usr/bin/ceph: stderr
2023-07-14T16:06:24.143+0000 7f73b659c700 1 --2- >> [v2:172.21.15.62:3300/0,v1:172.21.15.62:6789/0] conn(0x7f73b807acc0 0x7f73b80791c0 unknown :-1 s=BANNER_CONNECTING pgs=0 cs=0 l=0 rev1=0 crypto rx=0 tx=0 comp rx=0 tx=0)._handle_peer_banner_payload supported=3 required=0
2023-07-14T16:06:24.869 INFO:teuthology.orchestra.run.smithi062.stdout:/usr/bin/ceph: stderr
2023-07-14T16:06:24.143+0000 7f73b659c700 1 --2- >> [v2:172.21.15.62:3300/0,v1:172.21.15.62:6789/0] conn(0x7f73b807acc0 0x7f73b80791c0 unknown :-1 s=HELLO_CONNECTING pgs=0 cs=0 l=0 rev1=1 crypto rx=0 tx=0 comp rx=0 tx=0).handle_hello peer v2:172.21.15.62:3300/0 says I am v2:172.21.15.62:41516/0 (socket says 172.21.15.62:41516)
2023-07-14T16:06:24.869 INFO:teuthology.orchestra.run.smithi062.stdout:/usr/bin/ceph: stderr
2023-07-14T16:06:24.143+0000 7f73b659c700 1 -- 172.21.15.62:0/1465315834 learned_addr learned my addr 172.21.15.62:0/1465315834 (peer_addr_for_me v2:172.21.15.62:0/0)
2023-07-14T16:06:24.869 INFO:teuthology.orchestra.run.smithi062.stdout:/usr/bin/ceph: stderr
2023-07-14T16:06:24.143+0000 7f73b659c700 1 -- 172.21.15.62:0/1465315834 --> [v2:172.21.15.62:3300/0,v1:172.21.15.62:6789/0] -- mon_subscribe({config=0+,monmap=0+}) v3 -- 0x7f73b8079840 con 0x7f73b807acc0
2023-07-14T16:06:24.870 INFO:teuthology.orchestra.run.smithi062.stdout:/usr/bin/ceph: stderr
2023-07-14T16:06:24.143+0000 7f73b659c700 1 --2- 172.21.15.62:0/1465315834 >> [v2:172.21.15.62:3300/0,v1:172.21.15.62:6789/0] conn(0x7f73b807acc0 0x7f73b80791c0 secure :-1 s=READY pgs=74 cs=0 l=1 rev1=1 crypto rx=0x7f73a80098a0 tx=0x7f73a8009bb0 comp rx=0 tx=0).ready entity=mon.0 client_cookie=47bf1d5109403c9b server_cookie=0 in_seq=0 out_seq=0
2023-07-14T16:06:24.870 INFO:teuthology.orchestra.run.smithi062.stdout:/usr/bin/ceph: stderr
2023-07-14T16:06:24.143+0000 7f73b559a700 1 -- 172.21.15.62:0/1465315834 <== mon.0 v2:172.21.15.62:3300/0 1 ==== mon_map magic: 0 v1 ==== 205+0+0 (secure 0 0 0) 0x7f73a8004160 con 0x7f73b807acc0
2023-07-14T16:06:24.870 INFO:teuthology.orchestra.run.smithi062.stdout:/usr/bin/ceph: stderr
2023-07-14T16:06:24.144+0000 7f73b559a700 1 -- 172.21.15.62:0/1465315834 <== mon.0 v2:172.21.15.62:3300/0 2 ==== config(25 keys) v1 ==== 1067+0+0 (secure 0 0 0) 0x7f73a80042c0 con 0x7f73b807acc0
2023-07-14T16:06:24.870 INFO:teuthology.orchestra.run.smithi062.stdout:/usr/bin/ceph: stderr
2023-07-14T16:06:24.144+0000 7f73b559a700 1 -- 172.21.15.62:0/1465315834 <== mon.0 v2:172.21.15.62:3300/0 3 ==== mon_map magic: 0 v1 ==== 205+0+0 (secure 0 0 0) 0x7f73a80118e0 con 0x7f73b807acc0
2023-07-14T16:06:24.870 INFO:teuthology.orchestra.run.smithi062.stdout:/usr/bin/ceph: stderr
2023-07-14T16:06:24.144+0000 7f73bce45700 1 -- 172.21.15.62:0/1465315834 >> [v2:172.21.15.62:3300/0,v1:172.21.15.62:6789/0] conn(0x7f73b807acc0 msgr2=0x7f73b80791c0 secure :-1 s=STATE_CONNECTION_ESTABLISHED l=1).mark_down
2023-07-14T16:06:24.870 INFO:teuthology.orchestra.run.smithi062.stdout:/usr/bin/ceph: stderr
2023-07-14T16:06:24.144+0000 7f73bce45700 1 --2- 172.21.15.62:0/1465315834 >> [v2:172.21.15.62:3300/0,v1:172.21.15.62:6789/0] conn(0x7f73b807acc0 0x7f73b80791c0 secure :-1 s=READY pgs=74 cs=0 l=1 rev1=1 crypto rx=0x7f73a80098a0 tx=0x7f73a8009bb0 comp rx=0 tx=0).stop
2023-07-14T16:06:24.870 INFO:teuthology.orchestra.run.smithi062.stdout:/usr/bin/ceph: stderr
2023-07-14T16:06:24.144+0000 7f73bce45700 1 -- 172.21.15.62:0/1465315834 shutdown_connections
2023-07-14T16:06:24.871 INFO:teuthology.orchestra.run.smithi062.stdout:/usr/bin/ceph: stderr
2023-07-14T16:06:24.144+0000 7f73bce45700 1 --2- 172.21.15.62:0/1465315834 >> [v2:172.21.15.62:3300/0,v1:172.21.15.62:6789/0] conn(0x7f73b807acc0 0x7f73b80791c0 unknown :-1 s=CLOSED pgs=74 cs=0 l=1 rev1=1 crypto rx=0 tx=0 comp rx=0 tx=0).stop
2023-07-14T16:06:24.871 INFO:teuthology.orchestra.run.smithi062.stdout:/usr/bin/ceph: stderr
2023-07-14T16:06:24.144+0000 7f73bce45700 1 -- 172.21.15.62:0/1465315834 >> 172.21.15.62:0/1465315834 conn(0x7f73b8100830 msgr2=0x7f73b8102c40 unknown :-1 s=STATE_NONE l=0).mark_down
2023-07-14T16:06:24.871 INFO:teuthology.orchestra.run.smithi062.stdout:/usr/bin/ceph: stderr
2023-07-14T16:06:24.144+0000 7f73bce45700 1 -- 172.21.15.62:0/1465315834 shutdown_connections
2023-07-14T16:06:24.871 INFO:teuthology.orchestra.run.smithi062.stdout:/usr/bin/ceph: stderr
2023-07-14T16:06:24.144+0000 7f73bce45700 1 -- 172.21.15.62:0/1465315834 wait complete.
2023-07-14T16:06:24.871 INFO:teuthology.orchestra.run.smithi062.stdout:/usr/bin/ceph: stderr
2023-07-14T16:06:24.145+0000 7f73bce45700 1 Processor -- start
2023-07-14T16:06:24.871 INFO:teuthology.orchestra.run.smithi062.stdout:/usr/bin/ceph: stderr
2023-07-14T16:06:24.146+0000 7f73bce45700 1 -- start start
2023-07-14T16:06:24.871 INFO:teuthology.orchestra.run.smithi062.stdout:/usr/bin/ceph: stderr
2023-07-14T16:06:24.146+0000 7f73bce45700 1 --2- >> [v2:172.21.15.62:3300/0,v1:172.21.15.62:6789/0] conn(0x7f73b807acc0 0x7f73b819b0c0 unknown :-1 s=NONE pgs=0 cs=0 l=1 rev1=0 crypto rx=0 tx=0 comp rx=0 tx=0).connect
2023-07-14T16:06:24.872 INFO:teuthology.orchestra.run.smithi062.stdout:/usr/bin/ceph: stderr
2023-07-14T16:06:24.146+0000 7f73bce45700 1 -- --> [v2:172.21.15.62:3300/0,v1:172.21.15.62:6789/0] -- mon_getmap magic: 0 v1 -- 0x7f73b819b600 con 0x7f73b807acc0
2023-07-14T16:06:24.872 INFO:teuthology.orchestra.run.smithi062.stdout:/usr/bin/ceph: stderr
2023-07-14T16:06:24.146+0000 7f73b659c700 1 --2- >> [v2:172.21.15.62:3300/0,v1:172.21.15.62:6789/0] conn(0x7f73b807acc0 0x7f73b819b0c0 unknown :-1 s=BANNER_CONNECTING pgs=0 cs=0 l=1 rev1=0 crypto rx=0 tx=0 comp rx=0 tx=0)._handle_peer_banner_payload supported=3 required=0
2023-07-14T16:06:24.872 INFO:teuthology.orchestra.run.smithi062.stdout:/usr/bin/ceph: stderr
2023-07-14T16:06:24.146+0000 7f73b659c700 1 --2- >> [v2:172.21.15.62:3300/0,v1:172.21.15.62:6789/0] conn(0x7f73b807acc0 0x7f73b819b0c0 unknown :-1 s=HELLO_CONNECTING pgs=0 cs=0 l=1 rev1=1 crypto rx=0 tx=0 comp rx=0 tx=0).handle_hello peer v2:172.21.15.62:3300/0 says I am v2:172.21.15.62:41524/0 (socket says 172.21.15.62:41524)
2023-07-14T16:06:24.872 INFO:teuthology.orchestra.run.smithi062.stdout:/usr/bin/ceph: stderr
2023-07-14T16:06:24.146+0000 7f73b659c700 1 -- 172.21.15.62:0/2334568312 learned_addr learned my addr 172.21.15.62:0/2334568312 (peer_addr_for_me v2:172.21.15.62:0/0)
2023-07-14T16:06:24.872 INFO:teuthology.orchestra.run.smithi062.stdout:/usr/bin/ceph: stderr
2023-07-14T16:06:24.147+0000 7f73b659c700 1 -- 172.21.15.62:0/2334568312 --> [v2:172.21.15.62:3300/0,v1:172.21.15.62:6789/0] -- mon_subscribe({config=0+,monmap=0+}) v3 -- 0x7f73a8009550 con 0x7f73b807acc0
2023-07-14T16:06:24.872 INFO:teuthology.orchestra.run.smithi062.stdout:/usr/bin/ceph: stderr
2023-07-14T16:06:24.147+0000 7f73b659c700 1 --2- 172.21.15.62:0/2334568312 >> [v2:172.21.15.62:3300/0,v1:172.21.15.62:6789/0] conn(0x7f73b807acc0 0x7f73b819b0c0 secure :-1 s=READY pgs=75 cs=0 l=1 rev1=1 crypto rx=0x7f73a8003e30 tx=0x7f73a80119a0 comp rx=0 tx=0).ready entity=mon.0 client_cookie=0 server_cookie=0 in_seq=0 out_seq=0
2023-07-14T16:06:24.872 INFO:teuthology.orchestra.run.smithi062.stdout:/usr/bin/ceph: stderr
2023-07-14T16:06:24.147+0000 7f73a77fe700 1 -- 172.21.15.62:0/2334568312 <== mon.0 v2:172.21.15.62:3300/0 1 ==== mon_map magic: 0 v1 ==== 205+0+0 (secure 0 0 0) 0x7f73a80036a0 con 0x7f73b807acc0
2023-07-14T16:06:24.873 INFO:teuthology.orchestra.run.smithi062.stdout:/usr/bin/ceph: stderr
2023-07-14T16:06:24.147+0000 7f73a77fe700 1 -- 172.21.15.62:0/2334568312 <== mon.0 v2:172.21.15.62:3300/0 2 ==== config(25 keys) v1 ==== 1067+0+0 (secure 0 0 0) 0x7f73a801b440 con 0x7f73b807acc0
2023-07-14T16:06:24.873 INFO:teuthology.orchestra.run.smithi062.stdout:/usr/bin/ceph: stderr
2023-07-14T16:06:24.147+0000 7f73bce45700 1 -- 172.21.15.62:0/2334568312 --> [v2:172.21.15.62:3300/0,v1:172.21.15.62:6789/0] -- mon_subscribe({mgrmap=0+}) v3 -- 0x7f73b819b800 con 0x7f73b807acc0
2023-07-14T16:06:24.873 INFO:teuthology.orchestra.run.smithi062.stdout:/usr/bin/ceph: stderr
2023-07-14T16:06:24.147+0000 7f73a77fe700 1 -- 172.21.15.62:0/2334568312 <== mon.0 v2:172.21.15.62:3300/0 3 ==== mon_map magic: 0 v1 ==== 205+0+0 (secure 0 0 0) 0x7f73a8023400 con 0x7f73b807acc0
2023-07-14T16:06:24.873 INFO:teuthology.orchestra.run.smithi062.stdout:/usr/bin/ceph: stderr
2023-07-14T16:06:24.147+0000 7f73bce45700 1 -- 172.21.15.62:0/2334568312 --> [v2:172.21.15.62:3300/0,v1:172.21.15.62:6789/0] -- mon_subscribe({osdmap=0}) v3 -- 0x7f73b819bca0 con 0x7f73b807acc0
2023-07-14T16:06:24.873 INFO:teuthology.orchestra.run.smithi062.stdout:/usr/bin/ceph: stderr
2023-07-14T16:06:24.148+0000 7f73a77fe700 1 -- 172.21.15.62:0/2334568312 <== mon.0 v2:172.21.15.62:3300/0 4 ==== mgrmap(e 12) v1 ==== 45496+0+0 (secure 0 0 0) 0x7f73a8003800 con 0x7f73b807acc0
2023-07-14T16:06:24.873 INFO:teuthology.orchestra.run.smithi062.stdout:/usr/bin/ceph: stderr
2023-07-14T16:06:24.149+0000 7f73bce45700 1 -- 172.21.15.62:0/2334568312 --> [v2:172.21.15.62:3300/0,v1:172.21.15.62:6789/0] -- mon_command({"prefix": "get_command_descriptions"} v 0) v1 -- 0x7f73b810b510 con 0x7f73b807acc0
2023-07-14T16:06:24.873 INFO:teuthology.orchestra.run.smithi062.stdout:/usr/bin/ceph: stderr
2023-07-14T16:06:24.149+0000 7f73a77fe700 1 --2- 172.21.15.62:0/2334568312 >> [v2:172.21.15.62:6800/4048727837,v1:172.21.15.62:6801/4048727837] conn(0x7f73a00387b0 0x7f73a003ac60 unknown :-1 s=NONE pgs=0 cs=0 l=1 rev1=0 crypto rx=0 tx=0 comp rx=0 tx=0).connect
2023-07-14T16:06:24.873 INFO:teuthology.orchestra.run.smithi062.stdout:/usr/bin/ceph: stderr
2023-07-14T16:06:24.149+0000 7f73a77fe700 1 -- 172.21.15.62:0/2334568312 <== mon.0 v2:172.21.15.62:3300/0 5 ==== osd_map(3..3 src has 1..3) v4 ==== 1155+0+0 (secure 0 0 0) 0x7f73a804c7d0 con 0x7f73b807acc0
2023-07-14T16:06:24.874 INFO:teuthology.orchestra.run.smithi062.stdout:/usr/bin/ceph: stderr
2023-07-14T16:06:24.149+0000 7f73b5d9b700 1 --2- 172.21.15.62:0/2334568312 >> [v2:172.21.15.62:6800/4048727837,v1:172.21.15.62:6801/4048727837] conn(0x7f73a00387b0 0x7f73a003ac60 unknown :-1 s=BANNER_CONNECTING pgs=0 cs=0 l=1 rev1=0 crypto rx=0 tx=0 comp rx=0 tx=0)._handle_peer_banner_payload supported=3 required=0
2023-07-14T16:06:24.874 INFO:teuthology.orchestra.run.smithi062.stdout:/usr/bin/ceph: stderr
2023-07-14T16:06:24.150+0000 7f73b5d9b700 1 --2- 172.21.15.62:0/2334568312 >> [v2:172.21.15.62:6800/4048727837,v1:172.21.15.62:6801/4048727837] conn(0x7f73a00387b0 0x7f73a003ac60 secure :-1 s=READY pgs=9 cs=0 l=1 rev1=1 crypto rx=0x7f73ac006fd0 tx=0x7f73ac006e40 comp rx=0 tx=0).ready entity=mgr.14152 client_cookie=0 server_cookie=0 in_seq=0 out_seq=0
2023-07-14T16:06:24.874 INFO:teuthology.orchestra.run.smithi062.stdout:/usr/bin/ceph: stderr
2023-07-14T16:06:24.155+0000 7f73a77fe700 1 -- 172.21.15.62:0/2334568312 <== mon.0 v2:172.21.15.62:3300/0 6 ==== mon_command_ack([{"prefix": "get_command_descriptions"}]=0 v0) v1 ==== 72+0+178038 (secure 0 0 0) 0x7f73a800bbd0 con 0x7f73b807acc0
2023-07-14T16:06:24.874 INFO:teuthology.orchestra.run.smithi062.stdout:/usr/bin/ceph: stderr
2023-07-14T16:06:24.368+0000 7f73bce45700 1 -- 172.21.15.62:0/2334568312 --> [v2:172.21.15.62:3300/0,v1:172.21.15.62:6789/0] -- mon_command({"prefix": "config get", "who": "mgr", "key": "mgr/dashboard/ssl_server_port"} v 0) v1 -- 0x7f73b819eae0 con 0x7f73b807acc0
2023-07-14T16:06:24.874 INFO:teuthology.orchestra.run.smithi062.stdout:/usr/bin/ceph: stderr
2023-07-14T16:06:24.368+0000 7f73a77fe700 1 -- 172.21.15.62:0/2334568312 <== mon.0 v2:172.21.15.62:3300/0 7 ==== mon_command_ack([{"prefix": "config get", "who": "mgr", "key": "mgr/dashboard/ssl_server_port"}]=0 v8) v1 ==== 112+0+5 (secure 0 0 0) 0x7f73a800bbd0 con 0x7f73b807acc0
2023-07-14T16:06:24.874 INFO:teuthology.orchestra.run.smithi062.stdout:/usr/bin/ceph: stderr
2023-07-14T16:06:24.371+0000 7f73bce45700 1 -- 172.21.15.62:0/2334568312 >> [v2:172.21.15.62:6800/4048727837,v1:172.21.15.62:6801/4048727837] conn(0x7f73a00387b0 msgr2=0x7f73a003ac60 secure :-1 s=STATE_CONNECTION_ESTABLISHED l=1).mark_down
2023-07-14T16:06:24.874 INFO:teuthology.orchestra.run.smithi062.stdout:/usr/bin/ceph: stderr
2023-07-14T16:06:24.371+0000 7f73bce45700 1 --2- 172.21.15.62:0/2334568312 >> [v2:172.21.15.62:6800/4048727837,v1:172.21.15.62:6801/4048727837] conn(0x7f73a00387b0 0x7f73a003ac60 secure :-1 s=READY pgs=9 cs=0 l=1 rev1=1 crypto rx=0x7f73ac006fd0 tx=0x7f73ac006e40 comp rx=0 tx=0).stop
2023-07-14T16:06:24.875 INFO:teuthology.orchestra.run.smithi062.stdout:/usr/bin/ceph: stderr
2023-07-14T16:06:24.371+0000 7f73bce45700 1 -- 172.21.15.62:0/2334568312 >> [v2:172.21.15.62:3300/0,v1:172.21.15.62:6789/0] conn(0x7f73b807acc0 msgr2=0x7f73b819b0c0 secure :-1 s=STATE_CONNECTION_ESTABLISHED l=1).mark_down
2023-07-14T16:06:24.875 INFO:teuthology.orchestra.run.smithi062.stdout:/usr/bin/ceph: stderr
2023-07-14T16:06:24.371+0000 7f73bce45700 1 --2- 172.21.15.62:0/2334568312 >> [v2:172.21.15.62:3300/0,v1:172.21.15.62:6789/0] conn(0x7f73b807acc0 0x7f73b819b0c0 secure :-1 s=READY pgs=75 cs=0 l=1 rev1=1 crypto rx=0x7f73a8003e30 tx=0x7f73a80119a0 comp rx=0 tx=0).stop
2023-07-14T16:06:24.875 INFO:teuthology.orchestra.run.smithi062.stdout:/usr/bin/ceph: stderr
2023-07-14T16:06:24.371+0000 7f73bce45700 1 -- 172.21.15.62:0/2334568312 shutdown_connections
2023-07-14T16:06:24.875 INFO:teuthology.orchestra.run.smithi062.stdout:/usr/bin/ceph: stderr
2023-07-14T16:06:24.371+0000 7f73bce45700 1 --2- 172.21.15.62:0/2334568312 >> [v2:172.21.15.62:6800/4048727837,v1:172.21.15.62:6801/4048727837] conn(0x7f73a00387b0 0x7f73a003ac60 unknown :-1 s=CLOSED pgs=9 cs=0 l=1 rev1=1 crypto rx=0 tx=0 comp rx=0 tx=0).stop
2023-07-14T16:06:24.875 INFO:teuthology.orchestra.run.smithi062.stdout:/usr/bin/ceph: stderr
2023-07-14T16:06:24.371+0000 7f73bce45700 1 --2- 172.21.15.62:0/2334568312 >> [v2:172.21.15.62:3300/0,v1:172.21.15.62:6789/0] conn(0x7f73b807acc0 0x7f73b819b0c0 unknown :-1 s=CLOSED pgs=75 cs=0 l=1 rev1=1 crypto rx=0 tx=0 comp rx=0 tx=0).stop
2023-07-14T16:06:24.875 INFO:teuthology.orchestra.run.smithi062.stdout:/usr/bin/ceph: stderr
2023-07-14T16:06:24.371+0000 7f73bce45700 1 -- 172.21.15.62:0/2334568312 >> 172.21.15.62:0/2334568312 conn(0x7f73b8100830 msgr2=0x7f73b8101ee0 unknown :-1 s=STATE_NONE l=0).mark_down
2023-07-14T16:06:24.875 INFO:teuthology.orchestra.run.smithi062.stdout:/usr/bin/ceph: stderr
2023-07-14T16:06:24.371+0000 7f73bce45700 1 -- 172.21.15.62:0/2334568312 shutdown_connections
2023-07-14T16:06:24.875 INFO:teuthology.orchestra.run.smithi062.stdout:/usr/bin/ceph: stderr
2023-07-14T16:06:24.371+0000 7f73bce45700 1 -- 172.21.15.62:0/2334568312 wait complete.
2023-07-14T16:06:24.888 INFO:teuthology.orchestra.run.smithi062.stdout:Non-zero exit code 1 from systemctl is-enabled firewalld.service
2023-07-14T16:06:24.888 INFO:teuthology.orchestra.run.smithi062.stdout:systemctl: stdout disabled
2023-07-14T16:06:24.925 INFO:teuthology.orchestra.run.smithi062.stdout:Non-zero exit code 3 from systemctl is-active firewalld.service
2023-07-14T16:06:24.926 INFO:teuthology.orchestra.run.smithi062.stdout:systemctl: stdout inactive
2023-07-14T16:06:24.926 INFO:teuthology.orchestra.run.smithi062.stdout:firewalld.service is not enabled
2023-07-14T16:06:24.926 INFO:teuthology.orchestra.run.smithi062.stdout:Not possible to open ports <[8443]>. firewalld.service is not available
2023-07-14T16:06:24.927 INFO:teuthology.orchestra.run.smithi062.stdout:Ceph Dashboard is now available at:
2023-07-14T16:06:24.928 INFO:teuthology.orchestra.run.smithi062.stdout:
2023-07-14T16:06:24.928 INFO:teuthology.orchestra.run.smithi062.stdout: URL: https://smithi062.front.sepia.ceph.com:8443/
2023-07-14T16:06:24.928 INFO:teuthology.orchestra.run.smithi062.stdout: User: admin
2023-07-14T16:06:24.928 INFO:teuthology.orchestra.run.smithi062.stdout: Password: sl0a7adkkm
2023-07-14T16:06:24.928 INFO:teuthology.orchestra.run.smithi062.stdout:
2023-07-14T16:06:24.929 INFO:teuthology.orchestra.run.smithi062.stdout:Saving cluster configuration to /var/lib/ceph/1356e48a-2260-11ee-9b33-001a4aab830c/config directory
2023-07-14T16:06:24.929 INFO:teuthology.orchestra.run.smithi062.stdout:Enabling autotune for osd_memory_target
2023-07-14T16:06:25.452 INFO:journalctl@ceph.mon.a.smithi062.stdout:Jul 14 16:06:25 smithi062 ceph-mon[95543]: from='client.? 172.21.15.62:0/2334568312' entity='client.admin' cmd=[{"prefix": "config get", "who": "mgr", "key": "mgr/dashboard/ssl_server_port"}]: dispatch
2023-07-14T16:06:26.415 INFO:teuthology.orchestra.run.smithi062.stdout:/usr/bin/ceph: stderr
2023-07-14T16:06:25.820+0000 7f9aa5a14700 1 Processor -- start
2023-07-14T16:06:26.416 INFO:teuthology.orchestra.run.smithi062.stdout:/usr/bin/ceph: stderr
2023-07-14T16:06:25.821+0000 7f9aa5a14700 1 -- start start
2023-07-14T16:06:26.416 INFO:teuthology.orchestra.run.smithi062.stdout:/usr/bin/ceph: stderr
2023-07-14T16:06:25.821+0000 7f9aa5a14700 1 --2- >> [v2:172.21.15.62:3300/0,v1:172.21.15.62:6789/0] conn(0x7f9aa0105080 0x7f9aa0105490 unknown :-1 s=NONE pgs=0 cs=0 l=0 rev1=0 crypto rx=0 tx=0 comp rx=0 tx=0).connect
2023-07-14T16:06:26.416 INFO:teuthology.orchestra.run.smithi062.stdout:/usr/bin/ceph: stderr
2023-07-14T16:06:25.821+0000 7f9aa5a14700 1 -- --> [v2:172.21.15.62:3300/0,v1:172.21.15.62:6789/0] -- mon_getmap magic: 0 v1 -- 0x7f9aa01059d0 con 0x7f9aa0105080
2023-07-14T16:06:26.416 INFO:teuthology.orchestra.run.smithi062.stdout:/usr/bin/ceph: stderr
2023-07-14T16:06:25.821+0000 7f9aa4a12700 1 --2- >> [v2:172.21.15.62:3300/0,v1:172.21.15.62:6789/0] conn(0x7f9aa0105080 0x7f9aa0105490 unknown :-1 s=BANNER_CONNECTING pgs=0 cs=0 l=0 rev1=0 crypto rx=0 tx=0 comp rx=0 tx=0)._handle_peer_banner_payload supported=3 required=0
2023-07-14T16:06:26.416 INFO:teuthology.orchestra.run.smithi062.stdout:/usr/bin/ceph: stderr
2023-07-14T16:06:25.822+0000 7f9aa4a12700 1 --2- >> [v2:172.21.15.62:3300/0,v1:172.21.15.62:6789/0] conn(0x7f9aa0105080 0x7f9aa0105490 unknown :-1 s=HELLO_CONNECTING pgs=0 cs=0 l=0 rev1=1 crypto rx=0 tx=0 comp rx=0 tx=0).handle_hello peer v2:172.21.15.62:3300/0 says I am v2:172.21.15.62:41530/0 (socket says 172.21.15.62:41530)
2023-07-14T16:06:26.417 INFO:teuthology.orchestra.run.smithi062.stdout:/usr/bin/ceph: stderr
2023-07-14T16:06:25.822+0000 7f9aa4a12700 1 -- 172.21.15.62:0/2492226240 learned_addr learned my addr 172.21.15.62:0/2492226240 (peer_addr_for_me v2:172.21.15.62:0/0)
2023-07-14T16:06:26.417 INFO:teuthology.orchestra.run.smithi062.stdout:/usr/bin/ceph: stderr
2023-07-14T16:06:25.822+0000 7f9aa4a12700 1 -- 172.21.15.62:0/2492226240 --> [v2:172.21.15.62:3300/0,v1:172.21.15.62:6789/0] -- mon_subscribe({config=0+,monmap=0+}) v3 -- 0x7f9aa0105b10 con 0x7f9aa0105080
2023-07-14T16:06:26.417 INFO:teuthology.orchestra.run.smithi062.stdout:/usr/bin/ceph: stderr
2023-07-14T16:06:25.822+0000 7f9aa4a12700 1 --2- 172.21.15.62:0/2492226240 >> [v2:172.21.15.62:3300/0,v1:172.21.15.62:6789/0] conn(0x7f9aa0105080 0x7f9aa0105490 secure :-1 s=READY pgs=76 cs=0 l=1 rev1=1 crypto rx=0x7f9a940098a0 tx=0x7f9a94009bb0 comp rx=0 tx=0).ready entity=mon.0 client_cookie=e19e96bddefe44d7 server_cookie=0 in_seq=0 out_seq=0
2023-07-14T16:06:26.417 INFO:teuthology.orchestra.run.smithi062.stdout:/usr/bin/ceph: stderr
2023-07-14T16:06:25.822+0000 7f9a9f7fe700 1 -- 172.21.15.62:0/2492226240 <== mon.0 v2:172.21.15.62:3300/0 1 ==== mon_map magic: 0 v1 ==== 205+0+0 (secure 0 0 0) 0x7f9a94004160 con 0x7f9aa0105080
2023-07-14T16:06:26.417 INFO:teuthology.orchestra.run.smithi062.stdout:/usr/bin/ceph: stderr
2023-07-14T16:06:25.822+0000 7f9a9f7fe700 1 -- 172.21.15.62:0/2492226240 <== mon.0 v2:172.21.15.62:3300/0 2 ==== config(25 keys) v1 ==== 1067+0+0 (secure 0 0 0) 0x7f9a940042c0 con 0x7f9aa0105080
2023-07-14T16:06:26.417 INFO:teuthology.orchestra.run.smithi062.stdout:/usr/bin/ceph: stderr
2023-07-14T16:06:25.822+0000 7f9a9f7fe700 1 -- 172.21.15.62:0/2492226240 <== mon.0 v2:172.21.15.62:3300/0 3 ==== mon_map magic: 0 v1 ==== 205+0+0 (secure 0 0 0) 0x7f9a940118e0 con 0x7f9aa0105080
2023-07-14T16:06:26.417 INFO:teuthology.orchestra.run.smithi062.stdout:/usr/bin/ceph: stderr
2023-07-14T16:06:25.823+0000 7f9aa5a14700 1 -- 172.21.15.62:0/2492226240 >> [v2:172.21.15.62:3300/0,v1:172.21.15.62:6789/0] conn(0x7f9aa0105080 msgr2=0x7f9aa0105490 secure :-1 s=STATE_CONNECTION_ESTABLISHED l=1).mark_down
2023-07-14T16:06:26.418 INFO:teuthology.orchestra.run.smithi062.stdout:/usr/bin/ceph: stderr
2023-07-14T16:06:25.823+0000 7f9aa5a14700 1 --2- 172.21.15.62:0/2492226240 >> [v2:172.21.15.62:3300/0,v1:172.21.15.62:6789/0] conn(0x7f9aa0105080 0x7f9aa0105490 secure :-1 s=READY pgs=76 cs=0 l=1 rev1=1 crypto rx=0x7f9a940098a0 tx=0x7f9a94009bb0 comp rx=0 tx=0).stop
2023-07-14T16:06:26.418 INFO:teuthology.orchestra.run.smithi062.stdout:/usr/bin/ceph: stderr
2023-07-14T16:06:25.823+0000 7f9aa5a14700 1 -- 172.21.15.62:0/2492226240 shutdown_connections
2023-07-14T16:06:26.418 INFO:teuthology.orchestra.run.smithi062.stdout:/usr/bin/ceph: stderr
2023-07-14T16:06:25.823+0000 7f9aa5a14700 1 --2- 172.21.15.62:0/2492226240 >> [v2:172.21.15.62:3300/0,v1:172.21.15.62:6789/0] conn(0x7f9aa0105080 0x7f9aa0105490 unknown :-1 s=CLOSED pgs=76 cs=0 l=1 rev1=1 crypto rx=0 tx=0 comp rx=0 tx=0).stop
2023-07-14T16:06:26.418 INFO:teuthology.orchestra.run.smithi062.stdout:/usr/bin/ceph: stderr
2023-07-14T16:06:25.823+0000 7f9aa5a14700 1 -- 172.21.15.62:0/2492226240 >> 172.21.15.62:0/2492226240 conn(0x7f9aa0100710 msgr2=0x7f9aa0102b20 unknown :-1 s=STATE_NONE l=0).mark_down
2023-07-14T16:06:26.418 INFO:teuthology.orchestra.run.smithi062.stdout:/usr/bin/ceph: stderr
2023-07-14T16:06:25.823+0000 7f9aa5a14700 1 -- 172.21.15.62:0/2492226240 shutdown_connections
2023-07-14T16:06:26.418 INFO:teuthology.orchestra.run.smithi062.stdout:/usr/bin/ceph: stderr
2023-07-14T16:06:25.823+0000 7f9aa5a14700 1 -- 172.21.15.62:0/2492226240 wait complete.
2023-07-14T16:06:26.418 INFO:teuthology.orchestra.run.smithi062.stdout:/usr/bin/ceph: stderr
2023-07-14T16:06:25.825+0000 7f9aa5a14700 1 Processor -- start
2023-07-14T16:06:26.419 INFO:teuthology.orchestra.run.smithi062.stdout:/usr/bin/ceph: stderr
2023-07-14T16:06:25.825+0000 7f9aa5a14700 1 -- start start
2023-07-14T16:06:26.419 INFO:teuthology.orchestra.run.smithi062.stdout:/usr/bin/ceph: stderr
2023-07-14T16:06:25.825+0000 7f9aa5a14700 1 --2- >> [v2:172.21.15.62:3300/0,v1:172.21.15.62:6789/0] conn(0x7f9aa0105080 0x7f9aa007ab30 unknown :-1 s=NONE pgs=0 cs=0 l=1 rev1=0 crypto rx=0 tx=0 comp rx=0 tx=0).connect
2023-07-14T16:06:26.419 INFO:teuthology.orchestra.run.smithi062.stdout:/usr/bin/ceph: stderr
2023-07-14T16:06:25.825+0000 7f9aa5a14700 1 -- --> [v2:172.21.15.62:3300/0,v1:172.21.15.62:6789/0] -- mon_getmap magic: 0 v1 -- 0x7f9aa007b070 con 0x7f9aa0105080
2023-07-14T16:06:26.419 INFO:teuthology.orchestra.run.smithi062.stdout:/usr/bin/ceph: stderr
2023-07-14T16:06:25.826+0000 7f9aa4a12700 1 --2- >> [v2:172.21.15.62:3300/0,v1:172.21.15.62:6789/0] conn(0x7f9aa0105080 0x7f9aa007ab30 unknown :-1 s=BANNER_CONNECTING pgs=0 cs=0 l=1 rev1=0 crypto rx=0 tx=0 comp rx=0 tx=0)._handle_peer_banner_payload supported=3 required=0
2023-07-14T16:06:26.419 INFO:teuthology.orchestra.run.smithi062.stdout:/usr/bin/ceph: stderr
2023-07-14T16:06:25.826+0000 7f9aa4a12700 1 --2- >> [v2:172.21.15.62:3300/0,v1:172.21.15.62:6789/0] conn(0x7f9aa0105080 0x7f9aa007ab30 unknown :-1 s=HELLO_CONNECTING pgs=0 cs=0 l=1 rev1=1 crypto rx=0 tx=0 comp rx=0 tx=0).handle_hello peer v2:172.21.15.62:3300/0 says I am v2:172.21.15.62:41536/0 (socket says 172.21.15.62:41536)
2023-07-14T16:06:26.419 INFO:teuthology.orchestra.run.smithi062.stdout:/usr/bin/ceph: stderr
2023-07-14T16:06:25.826+0000 7f9aa4a12700 1 -- 172.21.15.62:0/3846787987 learned_addr learned my addr 172.21.15.62:0/3846787987 (peer_addr_for_me v2:172.21.15.62:0/0)
2023-07-14T16:06:26.419 INFO:teuthology.orchestra.run.smithi062.stdout:/usr/bin/ceph: stderr
2023-07-14T16:06:25.826+0000 7f9aa4a12700 1 -- 172.21.15.62:0/3846787987 --> [v2:172.21.15.62:3300/0,v1:172.21.15.62:6789/0] -- mon_subscribe({config=0+,monmap=0+}) v3 -- 0x7f9a94009550 con 0x7f9aa0105080
2023-07-14T16:06:26.419 INFO:teuthology.orchestra.run.smithi062.stdout:/usr/bin/ceph: stderr
2023-07-14T16:06:25.826+0000 7f9aa4a12700 1 --2- 172.21.15.62:0/3846787987 >> [v2:172.21.15.62:3300/0,v1:172.21.15.62:6789/0] conn(0x7f9aa0105080 0x7f9aa007ab30 secure :-1 s=READY pgs=77 cs=0 l=1 rev1=1 crypto rx=0x7f9a94003e30 tx=0x7f9a940119a0 comp rx=0 tx=0).ready entity=mon.0 client_cookie=0 server_cookie=0 in_seq=0 out_seq=0
2023-07-14T16:06:26.420 INFO:teuthology.orchestra.run.smithi062.stdout:/usr/bin/ceph: stderr
2023-07-14T16:06:25.826+0000 7f9a9dffb700 1 -- 172.21.15.62:0/3846787987 <== mon.0 v2:172.21.15.62:3300/0 1 ==== mon_map magic: 0 v1 ==== 205+0+0 (secure 0 0 0) 0x7f9a940036a0 con 0x7f9aa0105080
2023-07-14T16:06:26.420 INFO:teuthology.orchestra.run.smithi062.stdout:/usr/bin/ceph: stderr
2023-07-14T16:06:25.826+0000 7f9a9dffb700 1 -- 172.21.15.62:0/3846787987 <== mon.0 v2:172.21.15.62:3300/0 2 ==== config(25 keys) v1 ==== 1067+0+0 (secure 0 0 0) 0x7f9a9401b440 con 0x7f9aa0105080
2023-07-14T16:06:26.420 INFO:teuthology.orchestra.run.smithi062.stdout:/usr/bin/ceph: stderr
2023-07-14T16:06:25.826+0000 7f9a9dffb700 1 -- 172.21.15.62:0/3846787987 <== mon.0 v2:172.21.15.62:3300/0 3 ==== mon_map magic: 0 v1 ==== 205+0+0 (secure 0 0 0) 0x7f9a94023400 con 0x7f9aa0105080
2023-07-14T16:06:26.420 INFO:teuthology.orchestra.run.smithi062.stdout:/usr/bin/ceph: stderr
2023-07-14T16:06:25.826+0000 7f9aa5a14700 1 -- 172.21.15.62:0/3846787987 --> [v2:172.21.15.62:3300/0,v1:172.21.15.62:6789/0] -- mon_subscribe({mgrmap=0+}) v3 -- 0x7f9aa0079180 con 0x7f9aa0105080
2023-07-14T16:06:26.420 INFO:teuthology.orchestra.run.smithi062.stdout:/usr/bin/ceph: stderr
2023-07-14T16:06:25.827+0000 7f9aa5a14700 1 -- 172.21.15.62:0/3846787987 --> [v2:172.21.15.62:3300/0,v1:172.21.15.62:6789/0] -- mon_subscribe({osdmap=0}) v3 -- 0x7f9aa00795a0 con 0x7f9aa0105080
2023-07-14T16:06:26.420 INFO:teuthology.orchestra.run.smithi062.stdout:/usr/bin/ceph: stderr
2023-07-14T16:06:25.828+0000 7f9aa5a14700 1 -- 172.21.15.62:0/3846787987 --> [v2:172.21.15.62:3300/0,v1:172.21.15.62:6789/0] -- mon_command({"prefix": "get_command_descriptions"} v 0) v1 -- 0x7f9aa0061b40 con 0x7f9aa0105080
2023-07-14T16:06:26.420 INFO:teuthology.orchestra.run.smithi062.stdout:/usr/bin/ceph: stderr
2023-07-14T16:06:25.828+0000 7f9a9dffb700 1 -- 172.21.15.62:0/3846787987 <== mon.0 v2:172.21.15.62:3300/0 4 ==== mgrmap(e 12) v1 ==== 45496+0+0 (secure 0 0 0) 0x7f9a9401b5b0 con 0x7f9aa0105080
2023-07-14T16:06:26.421 INFO:teuthology.orchestra.run.smithi062.stdout:/usr/bin/ceph: stderr
2023-07-14T16:06:25.828+0000 7f9a9dffb700 1 --2- 172.21.15.62:0/3846787987 >> [v2:172.21.15.62:6800/4048727837,v1:172.21.15.62:6801/4048727837] conn(0x7f9a900387b0 0x7f9a9003ac60 unknown :-1 s=NONE pgs=0 cs=0 l=1 rev1=0 crypto rx=0 tx=0 comp rx=0 tx=0).connect
2023-07-14T16:06:26.421 INFO:teuthology.orchestra.run.smithi062.stdout:/usr/bin/ceph: stderr
2023-07-14T16:06:25.828+0000 7f9a9dffb700 1 -- 172.21.15.62:0/3846787987 <== mon.0 v2:172.21.15.62:3300/0 5 ==== osd_map(3..3 src has 1..3) v4 ==== 1155+0+0 (secure 0 0 0) 0x7f9a9404c860 con 0x7f9aa0105080
2023-07-14T16:06:26.421 INFO:teuthology.orchestra.run.smithi062.stdout:/usr/bin/ceph: stderr
2023-07-14T16:06:25.828+0000 7f9a9ffff700 1 --2- 172.21.15.62:0/3846787987 >> [v2:172.21.15.62:6800/4048727837,v1:172.21.15.62:6801/4048727837] conn(0x7f9a900387b0 0x7f9a9003ac60 unknown :-1 s=BANNER_CONNECTING pgs=0 cs=0 l=1 rev1=0 crypto rx=0 tx=0 comp rx=0 tx=0)._handle_peer_banner_payload supported=3 required=0
2023-07-14T16:06:26.421 INFO:teuthology.orchestra.run.smithi062.stdout:/usr/bin/ceph: stderr
2023-07-14T16:06:25.829+0000 7f9a9ffff700 1 --2- 172.21.15.62:0/3846787987 >> [v2:172.21.15.62:6800/4048727837,v1:172.21.15.62:6801/4048727837] conn(0x7f9a900387b0 0x7f9a9003ac60 secure :-1 s=READY pgs=10 cs=0 l=1 rev1=1 crypto rx=0x7f9a8c006fd0 tx=0x7f9a8c006e40 comp rx=0 tx=0).ready entity=mgr.14152 client_cookie=0 server_cookie=0 in_seq=0 out_seq=0
2023-07-14T16:06:26.421 INFO:teuthology.orchestra.run.smithi062.stdout:/usr/bin/ceph: stderr
2023-07-14T16:06:25.833+0000 7f9a9dffb700 1 -- 172.21.15.62:0/3846787987 <== mon.0 v2:172.21.15.62:3300/0 6 ==== mon_command_ack([{"prefix": "get_command_descriptions"}]=0 v0) v1 ==== 72+0+178038 (secure 0 0 0) 0x7f9a94019c30 con 0x7f9aa0105080
2023-07-14T16:06:26.421 INFO:teuthology.orchestra.run.smithi062.stdout:/usr/bin/ceph: stderr
2023-07-14T16:06:26.038+0000 7f9aa5a14700 1 -- 172.21.15.62:0/3846787987 --> [v2:172.21.15.62:3300/0,v1:172.21.15.62:6789/0] -- mon_command([{prefix=config set, name=osd_memory_target_autotune}] v 0) v1 -- 0x7f9aa0106f20 con 0x7f9aa0105080
2023-07-14T16:06:26.421 INFO:teuthology.orchestra.run.smithi062.stdout:/usr/bin/ceph: stderr
2023-07-14T16:06:26.039+0000 7f9a9dffb700 1 -- 172.21.15.62:0/3846787987 <== mon.0 v2:172.21.15.62:3300/0 7 ==== mon_command_ack([{prefix=config set, name=osd_memory_target_autotune}]=0 v8)=0 v8) v1 ==== 127+0+0 (secure 0 0 0) 0x7f9a94019840 con 0x7f9aa0105080
2023-07-14T16:06:26.422 INFO:teuthology.orchestra.run.smithi062.stdout:/usr/bin/ceph: stderr
2023-07-14T16:06:26.041+0000 7f9aa5a14700 1 -- 172.21.15.62:0/3846787987 >> [v2:172.21.15.62:6800/4048727837,v1:172.21.15.62:6801/4048727837] conn(0x7f9a900387b0 msgr2=0x7f9a9003ac60 secure :-1 s=STATE_CONNECTION_ESTABLISHED l=1).mark_down
2023-07-14T16:06:26.422 INFO:teuthology.orchestra.run.smithi062.stdout:/usr/bin/ceph: stderr
2023-07-14T16:06:26.041+0000 7f9aa5a14700 1 --2- 172.21.15.62:0/3846787987 >> [v2:172.21.15.62:6800/4048727837,v1:172.21.15.62:6801/4048727837] conn(0x7f9a900387b0 0x7f9a9003ac60 secure :-1 s=READY pgs=10 cs=0 l=1 rev1=1 crypto rx=0x7f9a8c006fd0 tx=0x7f9a8c006e40 comp rx=0 tx=0).stop
2023-07-14T16:06:26.422 INFO:teuthology.orchestra.run.smithi062.stdout:/usr/bin/ceph: stderr
2023-07-14T16:06:26.041+0000 7f9aa5a14700 1 -- 172.21.15.62:0/3846787987 >> [v2:172.21.15.62:3300/0,v1:172.21.15.62:6789/0] conn(0x7f9aa0105080 msgr2=0x7f9aa007ab30 secure :-1 s=STATE_CONNECTION_ESTABLISHED l=1).mark_down
2023-07-14T16:06:26.422 INFO:teuthology.orchestra.run.smithi062.stdout:/usr/bin/ceph: stderr
2023-07-14T16:06:26.041+0000 7f9aa5a14700 1 --2- 172.21.15.62:0/3846787987 >> [v2:172.21.15.62:3300/0,v1:172.21.15.62:6789/0] conn(0x7f9aa0105080 0x7f9aa007ab30 secure :-1 s=READY pgs=77 cs=0 l=1 rev1=1 crypto rx=0x7f9a94003e30 tx=0x7f9a940119a0 comp rx=0 tx=0).stop
2023-07-14T16:06:26.422 INFO:teuthology.orchestra.run.smithi062.stdout:/usr/bin/ceph: stderr
2023-07-14T16:06:26.041+0000 7f9aa5a14700 1 -- 172.21.15.62:0/3846787987 shutdown_connections
2023-07-14T16:06:26.422 INFO:teuthology.orchestra.run.smithi062.stdout:/usr/bin/ceph: stderr
2023-07-14T16:06:26.041+0000 7f9aa5a14700 1 --2- 172.21.15.62:0/3846787987 >> [v2:172.21.15.62:6800/4048727837,v1:172.21.15.62:6801/4048727837] conn(0x7f9a900387b0 0x7f9a9003ac60 unknown :-1 s=CLOSED pgs=10 cs=0 l=1 rev1=1 crypto rx=0 tx=0 comp rx=0 tx=0).stop
2023-07-14T16:06:26.422 INFO:teuthology.orchestra.run.smithi062.stdout:/usr/bin/ceph: stderr
2023-07-14T16:06:26.041+0000 7f9aa5a14700 1 --2- 172.21.15.62:0/3846787987 >> [v2:172.21.15.62:3300/0,v1:172.21.15.62:6789/0] conn(0x7f9aa0105080 0x7f9aa007ab30 unknown :-1 s=CLOSED pgs=77 cs=0 l=1 rev1=1 crypto rx=0 tx=0 comp rx=0 tx=0).stop
2023-07-14T16:06:26.422 INFO:teuthology.orchestra.run.smithi062.stdout:/usr/bin/ceph: stderr
2023-07-14T16:06:26.041+0000 7f9aa5a14700 1 -- 172.21.15.62:0/3846787987 >> 172.21.15.62:0/3846787987 conn(0x7f9aa0100710 msgr2=0x7f9aa0101490 unknown :-1 s=STATE_NONE l=0).mark_down
2023-07-14T16:06:26.423 INFO:teuthology.orchestra.run.smithi062.stdout:/usr/bin/ceph: stderr
2023-07-14T16:06:26.042+0000 7f9aa5a14700 1 -- 172.21.15.62:0/3846787987 shutdown_connections
2023-07-14T16:06:26.423 INFO:teuthology.orchestra.run.smithi062.stdout:/usr/bin/ceph: stderr
2023-07-14T16:06:26.042+0000 7f9aa5a14700 1 -- 172.21.15.62:0/3846787987 wait complete.
2023-07-14T16:06:27.476 INFO:journalctl@ceph.mon.a.smithi062.stdout:Jul 14 16:06:27 smithi062 ceph-mon[95543]: mgrmap e13: x(active, since 6s)
2023-07-14T16:06:27.696 INFO:teuthology.orchestra.run.smithi062.stdout:/usr/bin/ceph: stderr
2023-07-14T16:06:26.970+0000 7f46319af700 1 Processor -- start
2023-07-14T16:06:27.697 INFO:teuthology.orchestra.run.smithi062.stdout:/usr/bin/ceph: stderr
2023-07-14T16:06:26.970+0000 7f46319af700 1 -- start start
2023-07-14T16:06:27.697 INFO:teuthology.orchestra.run.smithi062.stdout:/usr/bin/ceph: stderr
2023-07-14T16:06:26.970+0000 7f46319af700 1 --2- >> [v2:172.21.15.62:3300/0,v1:172.21.15.62:6789/0] conn(0x7f462c07ad00 0x7f462c079200 unknown :-1 s=NONE pgs=0 cs=0 l=0 rev1=0 crypto rx=0 tx=0 comp rx=0 tx=0).connect
2023-07-14T16:06:27.697 INFO:teuthology.orchestra.run.smithi062.stdout:/usr/bin/ceph: stderr
2023-07-14T16:06:26.970+0000 7f46319af700 1 -- --> [v2:172.21.15.62:3300/0,v1:172.21.15.62:6789/0] -- mon_getmap magic: 0 v1 -- 0x7f462c079740 con 0x7f462c07ad00
2023-07-14T16:06:27.697 INFO:teuthology.orchestra.run.smithi062.stdout:/usr/bin/ceph: stderr
2023-07-14T16:06:26.971+0000 7f462affd700 1 --2- >> [v2:172.21.15.62:3300/0,v1:172.21.15.62:6789/0] conn(0x7f462c07ad00 0x7f462c079200 unknown :-1 s=BANNER_CONNECTING pgs=0 cs=0 l=0 rev1=0 crypto rx=0 tx=0 comp rx=0 tx=0)._handle_peer_banner_payload supported=3 required=0
2023-07-14T16:06:27.697 INFO:teuthology.orchestra.run.smithi062.stdout:/usr/bin/ceph: stderr
2023-07-14T16:06:26.971+0000 7f462affd700 1 --2- >> [v2:172.21.15.62:3300/0,v1:172.21.15.62:6789/0] conn(0x7f462c07ad00 0x7f462c079200 unknown :-1 s=HELLO_CONNECTING pgs=0 cs=0 l=0 rev1=1 crypto rx=0 tx=0 comp rx=0 tx=0).handle_hello peer v2:172.21.15.62:3300/0 says I am v2:172.21.15.62:41542/0 (socket says 172.21.15.62:41542)
2023-07-14T16:06:27.697 INFO:teuthology.orchestra.run.smithi062.stdout:/usr/bin/ceph: stderr
2023-07-14T16:06:26.971+0000 7f462affd700 1 -- 172.21.15.62:0/812449554 learned_addr learned my addr 172.21.15.62:0/812449554 (peer_addr_for_me v2:172.21.15.62:0/0)
2023-07-14T16:06:27.697 INFO:teuthology.orchestra.run.smithi062.stdout:/usr/bin/ceph: stderr
2023-07-14T16:06:26.971+0000 7f462affd700 1 -- 172.21.15.62:0/812449554 --> [v2:172.21.15.62:3300/0,v1:172.21.15.62:6789/0] -- mon_subscribe({config=0+,monmap=0+}) v3 -- 0x7f462c079880 con 0x7f462c07ad00
2023-07-14T16:06:27.698 INFO:teuthology.orchestra.run.smithi062.stdout:/usr/bin/ceph: stderr
2023-07-14T16:06:26.971+0000 7f462affd700 1 --2- 172.21.15.62:0/812449554 >> [v2:172.21.15.62:3300/0,v1:172.21.15.62:6789/0] conn(0x7f462c07ad00 0x7f462c079200 secure :-1 s=READY pgs=78 cs=0 l=1 rev1=1 crypto rx=0x7f461c0098a0 tx=0x7f461c009bb0 comp rx=0 tx=0).ready entity=mon.0 client_cookie=fe0003396dab31cc server_cookie=0 in_seq=0 out_seq=0
2023-07-14T16:06:27.698 INFO:teuthology.orchestra.run.smithi062.stdout:/usr/bin/ceph: stderr
2023-07-14T16:06:26.972+0000 7f4629ffb700 1 -- 172.21.15.62:0/812449554 <== mon.0 v2:172.21.15.62:3300/0 1 ==== mon_map magic: 0 v1 ==== 205+0+0 (secure 0 0 0) 0x7f461c004160 con 0x7f462c07ad00
2023-07-14T16:06:27.698 INFO:teuthology.orchestra.run.smithi062.stdout:/usr/bin/ceph: stderr
2023-07-14T16:06:26.972+0000 7f4629ffb700 1 -- 172.21.15.62:0/812449554 <== mon.0 v2:172.21.15.62:3300/0 2 ==== config(25 keys) v1 ==== 1067+0+0 (secure 0 0 0) 0x7f461c0042c0 con 0x7f462c07ad00
2023-07-14T16:06:27.698 INFO:teuthology.orchestra.run.smithi062.stdout:/usr/bin/ceph: stderr
2023-07-14T16:06:26.972+0000 7f4629ffb700 1 -- 172.21.15.62:0/812449554 <== mon.0 v2:172.21.15.62:3300/0 3 ==== mon_map magic: 0 v1 ==== 205+0+0 (secure 0 0 0) 0x7f461c0118e0 con 0x7f462c07ad00
2023-07-14T16:06:27.698 INFO:teuthology.orchestra.run.smithi062.stdout:/usr/bin/ceph: stderr
2023-07-14T16:06:26.972+0000 7f46319af700 1 -- 172.21.15.62:0/812449554 >> [v2:172.21.15.62:3300/0,v1:172.21.15.62:6789/0] conn(0x7f462c07ad00 msgr2=0x7f462c079200 secure :-1 s=STATE_CONNECTION_ESTABLISHED l=1).mark_down
2023-07-14T16:06:27.698 INFO:teuthology.orchestra.run.smithi062.stdout:/usr/bin/ceph: stderr
2023-07-14T16:06:26.972+0000 7f46319af700 1 --2- 172.21.15.62:0/812449554 >> [v2:172.21.15.62:3300/0,v1:172.21.15.62:6789/0] conn(0x7f462c07ad00 0x7f462c079200 secure :-1 s=READY pgs=78 cs=0 l=1 rev1=1 crypto rx=0x7f461c0098a0 tx=0x7f461c009bb0 comp rx=0 tx=0).stop
2023-07-14T16:06:27.698 INFO:teuthology.orchestra.run.smithi062.stdout:/usr/bin/ceph: stderr
2023-07-14T16:06:26.972+0000 7f46319af700 1 -- 172.21.15.62:0/812449554 shutdown_connections
2023-07-14T16:06:27.698 INFO:teuthology.orchestra.run.smithi062.stdout:/usr/bin/ceph: stderr
2023-07-14T16:06:26.972+0000 7f46319af700 1 --2- 172.21.15.62:0/812449554 >> [v2:172.21.15.62:3300/0,v1:172.21.15.62:6789/0] conn(0x7f462c07ad00 0x7f462c079200 unknown :-1 s=CLOSED pgs=78 cs=0 l=1 rev1=1 crypto rx=0 tx=0 comp rx=0 tx=0).stop
2023-07-14T16:06:27.699 INFO:teuthology.orchestra.run.smithi062.stdout:/usr/bin/ceph: stderr
2023-07-14T16:06:26.972+0000 7f46319af700 1 -- 172.21.15.62:0/812449554 >> 172.21.15.62:0/812449554 conn(0x7f462c100830 msgr2=0x7f462c102c40 unknown :-1 s=STATE_NONE l=0).mark_down
2023-07-14T16:06:27.699 INFO:teuthology.orchestra.run.smithi062.stdout:/usr/bin/ceph: stderr
2023-07-14T16:06:26.972+0000 7f46319af700 1 -- 172.21.15.62:0/812449554 shutdown_connections
2023-07-14T16:06:27.699 INFO:teuthology.orchestra.run.smithi062.stdout:/usr/bin/ceph: stderr
2023-07-14T16:06:26.972+0000 7f46319af700 1 -- 172.21.15.62:0/812449554 wait complete.
2023-07-14T16:06:27.699 INFO:teuthology.orchestra.run.smithi062.stdout:/usr/bin/ceph: stderr
2023-07-14T16:06:26.974+0000 7f46319af700 1 Processor -- start
2023-07-14T16:06:27.699 INFO:teuthology.orchestra.run.smithi062.stdout:/usr/bin/ceph: stderr
2023-07-14T16:06:26.974+0000 7f46319af700 1 -- start start
2023-07-14T16:06:27.699 INFO:teuthology.orchestra.run.smithi062.stdout:/usr/bin/ceph: stderr
