2023-07-18T02:58:07.627+0000 7fbe26ffd700 1 -- 172.21.15.101:0/168221381 --> [v2:172.21.15.101:3300/0,v1:172.21.15.101:6789/0] -- mon_subscribe({config=0+,monmap=0+}) v3 -- 0x7fbe2807a980 con 0x7fbe2807be00
2023-07-18T02:58:08.501 INFO:teuthology.orchestra.run.smithi101.stdout:/usr/bin/ceph: stderr
2023-07-18T02:58:07.628+0000 7fbe26ffd700 1 --2- 172.21.15.101:0/168221381 >> [v2:172.21.15.101:3300/0,v1:172.21.15.101:6789/0] conn(0x7fbe2807be00 0x7fbe2807a300 secure :-1 s=READY pgs=45 cs=0 l=1 rev1=1 crypto rx=0x7fbe180098a0 tx=0x7fbe18009bb0 comp rx=0 tx=0).ready entity=mon.0 client_cookie=29214e4aeeb1b02b server_cookie=0 in_seq=0 out_seq=0
2023-07-18T02:58:08.501 INFO:teuthology.orchestra.run.smithi101.stdout:/usr/bin/ceph: stderr
2023-07-18T02:58:07.628+0000 7fbe25ffb700 1 -- 172.21.15.101:0/168221381 <== mon.0 v2:172.21.15.101:3300/0 1 ==== mon_map magic: 0 v1 ==== 205+0+0 (secure 0 0 0) 0x7fbe18004160 con 0x7fbe2807be00
2023-07-18T02:58:08.501 INFO:teuthology.orchestra.run.smithi101.stdout:/usr/bin/ceph: stderr
2023-07-18T02:58:07.628+0000 7fbe25ffb700 1 -- 172.21.15.101:0/168221381 <== mon.0 v2:172.21.15.101:3300/0 2 ==== config(26 keys) v1 ==== 1074+0+0 (secure 0 0 0) 0x7fbe180042c0 con 0x7fbe2807be00
2023-07-18T02:58:08.502 INFO:teuthology.orchestra.run.smithi101.stdout:/usr/bin/ceph: stderr
2023-07-18T02:58:07.628+0000 7fbe25ffb700 1 -- 172.21.15.101:0/168221381 <== mon.0 v2:172.21.15.101:3300/0 3 ==== mon_map magic: 0 v1 ==== 205+0+0 (secure 0 0 0) 0x7fbe18011a00 con 0x7fbe2807be00
2023-07-18T02:58:08.502 INFO:teuthology.orchestra.run.smithi101.stdout:/usr/bin/ceph: stderr
2023-07-18T02:58:07.628+0000 7fbe2da28700 1 -- 172.21.15.101:0/168221381 >> [v2:172.21.15.101:3300/0,v1:172.21.15.101:6789/0] conn(0x7fbe2807be00 msgr2=0x7fbe2807a300 secure :-1 s=STATE_CONNECTION_ESTABLISHED l=1).mark_down
2023-07-18T02:58:08.502 INFO:teuthology.orchestra.run.smithi101.stdout:/usr/bin/ceph: stderr
2023-07-18T02:58:07.628+0000 7fbe2da28700 1 --2- 172.21.15.101:0/168221381 >> [v2:172.21.15.101:3300/0,v1:172.21.15.101:6789/0] conn(0x7fbe2807be00 0x7fbe2807a300 secure :-1 s=READY pgs=45 cs=0 l=1 rev1=1 crypto rx=0x7fbe180098a0 tx=0x7fbe18009bb0 comp rx=0 tx=0).stop
2023-07-18T02:58:08.502 INFO:teuthology.orchestra.run.smithi101.stdout:/usr/bin/ceph: stderr
2023-07-18T02:58:07.628+0000 7fbe2da28700 1 -- 172.21.15.101:0/168221381 shutdown_connections
2023-07-18T02:58:08.502 INFO:teuthology.orchestra.run.smithi101.stdout:/usr/bin/ceph: stderr
2023-07-18T02:58:07.628+0000 7fbe2da28700 1 --2- 172.21.15.101:0/168221381 >> [v2:172.21.15.101:3300/0,v1:172.21.15.101:6789/0] conn(0x7fbe2807be00 0x7fbe2807a300 unknown :-1 s=CLOSED pgs=45 cs=0 l=1 rev1=1 crypto rx=0 tx=0 comp rx=0 tx=0).stop
2023-07-18T02:58:08.502 INFO:teuthology.orchestra.run.smithi101.stdout:/usr/bin/ceph: stderr
2023-07-18T02:58:07.628+0000 7fbe2da28700 1 -- 172.21.15.101:0/168221381 >> 172.21.15.101:0/168221381 conn(0x7fbe28100970 msgr2=0x7fbe28102da0 unknown :-1 s=STATE_NONE l=0).mark_down
2023-07-18T02:58:08.502 INFO:teuthology.orchestra.run.smithi101.stdout:/usr/bin/ceph: stderr
2023-07-18T02:58:07.629+0000 7fbe2da28700 1 -- 172.21.15.101:0/168221381 shutdown_connections
2023-07-18T02:58:08.502 INFO:teuthology.orchestra.run.smithi101.stdout:/usr/bin/ceph: stderr
2023-07-18T02:58:07.629+0000 7fbe2da28700 1 -- 172.21.15.101:0/168221381 wait complete.
2023-07-18T02:58:08.503 INFO:teuthology.orchestra.run.smithi101.stdout:/usr/bin/ceph: stderr
2023-07-18T02:58:07.629+0000 7fbe2da28700 1 Processor -- start
2023-07-18T02:58:08.503 INFO:teuthology.orchestra.run.smithi101.stdout:/usr/bin/ceph: stderr
2023-07-18T02:58:07.630+0000 7fbe2da28700 1 -- start start
2023-07-18T02:58:08.503 INFO:teuthology.orchestra.run.smithi101.stdout:/usr/bin/ceph: stderr
2023-07-18T02:58:07.630+0000 7fbe2da28700 1 --2- >> [v2:172.21.15.101:3300/0,v1:172.21.15.101:6789/0] conn(0x7fbe2807be00 0x7fbe2819b340 unknown :-1 s=NONE pgs=0 cs=0 l=1 rev1=0 crypto rx=0 tx=0 comp rx=0 tx=0).connect
2023-07-18T02:58:08.503 INFO:teuthology.orchestra.run.smithi101.stdout:/usr/bin/ceph: stderr
2023-07-18T02:58:07.630+0000 7fbe2da28700 1 -- --> [v2:172.21.15.101:3300/0,v1:172.21.15.101:6789/0] -- mon_getmap magic: 0 v1 -- 0x7fbe2819b880 con 0x7fbe2807be00
2023-07-18T02:58:08.503 INFO:teuthology.orchestra.run.smithi101.stdout:/usr/bin/ceph: stderr
2023-07-18T02:58:07.630+0000 7fbe26ffd700 1 --2- >> [v2:172.21.15.101:3300/0,v1:172.21.15.101:6789/0] conn(0x7fbe2807be00 0x7fbe2819b340 unknown :-1 s=BANNER_CONNECTING pgs=0 cs=0 l=1 rev1=0 crypto rx=0 tx=0 comp rx=0 tx=0)._handle_peer_banner_payload supported=3 required=0
2023-07-18T02:58:08.503 INFO:teuthology.orchestra.run.smithi101.stdout:/usr/bin/ceph: stderr
2023-07-18T02:58:07.630+0000 7fbe26ffd700 1 --2- >> [v2:172.21.15.101:3300/0,v1:172.21.15.101:6789/0] conn(0x7fbe2807be00 0x7fbe2819b340 unknown :-1 s=HELLO_CONNECTING pgs=0 cs=0 l=1 rev1=1 crypto rx=0 tx=0 comp rx=0 tx=0).handle_hello peer v2:172.21.15.101:3300/0 says I am v2:172.21.15.101:51362/0 (socket says 172.21.15.101:51362)
2023-07-18T02:58:08.503 INFO:teuthology.orchestra.run.smithi101.stdout:/usr/bin/ceph: stderr
2023-07-18T02:58:07.630+0000 7fbe26ffd700 1 -- 172.21.15.101:0/455532681 learned_addr learned my addr 172.21.15.101:0/455532681 (peer_addr_for_me v2:172.21.15.101:0/0)
2023-07-18T02:58:08.504 INFO:teuthology.orchestra.run.smithi101.stdout:/usr/bin/ceph: stderr
2023-07-18T02:58:07.630+0000 7fbe26ffd700 1 -- 172.21.15.101:0/455532681 --> [v2:172.21.15.101:3300/0,v1:172.21.15.101:6789/0] -- mon_subscribe({config=0+,monmap=0+}) v3 -- 0x7fbe18009550 con 0x7fbe2807be00
2023-07-18T02:58:08.504 INFO:teuthology.orchestra.run.smithi101.stdout:/usr/bin/ceph: stderr
2023-07-18T02:58:07.631+0000 7fbe26ffd700 1 --2- 172.21.15.101:0/455532681 >> [v2:172.21.15.101:3300/0,v1:172.21.15.101:6789/0] conn(0x7fbe2807be00 0x7fbe2819b340 secure :-1 s=READY pgs=46 cs=0 l=1 rev1=1 crypto rx=0x7fbe18009130 tx=0x7fbe18011ad0 comp rx=0 tx=0).ready entity=mon.0 client_cookie=0 server_cookie=0 in_seq=0 out_seq=0
2023-07-18T02:58:08.504 INFO:teuthology.orchestra.run.smithi101.stdout:/usr/bin/ceph: stderr
2023-07-18T02:58:07.631+0000 7fbe2ca26700 1 -- 172.21.15.101:0/455532681 <== mon.0 v2:172.21.15.101:3300/0 1 ==== mon_map magic: 0 v1 ==== 205+0+0 (secure 0 0 0) 0x7fbe18003ab0 con 0x7fbe2807be00
2023-07-18T02:58:08.504 INFO:teuthology.orchestra.run.smithi101.stdout:/usr/bin/ceph: stderr
2023-07-18T02:58:07.631+0000 7fbe2ca26700 1 -- 172.21.15.101:0/455532681 <== mon.0 v2:172.21.15.101:3300/0 2 ==== config(26 keys) v1 ==== 1074+0+0 (secure 0 0 0) 0x7fbe18003c10 con 0x7fbe2807be00
2023-07-18T02:58:08.504 INFO:teuthology.orchestra.run.smithi101.stdout:/usr/bin/ceph: stderr
2023-07-18T02:58:07.631+0000 7fbe2ca26700 1 -- 172.21.15.101:0/455532681 <== mon.0 v2:172.21.15.101:3300/0 3 ==== mon_map magic: 0 v1 ==== 205+0+0 (secure 0 0 0) 0x7fbe180247d0 con 0x7fbe2807be00
2023-07-18T02:58:08.504 INFO:teuthology.orchestra.run.smithi101.stdout:/usr/bin/ceph: stderr
2023-07-18T02:58:07.631+0000 7fbe2da28700 1 -- 172.21.15.101:0/455532681 --> [v2:172.21.15.101:3300/0,v1:172.21.15.101:6789/0] -- mon_subscribe({mgrmap=0+}) v3 -- 0x7fbe2819ba80 con 0x7fbe2807be00
2023-07-18T02:58:08.505 INFO:teuthology.orchestra.run.smithi101.stdout:/usr/bin/ceph: stderr
2023-07-18T02:58:07.631+0000 7fbe2da28700 1 -- 172.21.15.101:0/455532681 --> [v2:172.21.15.101:3300/0,v1:172.21.15.101:6789/0] -- mon_subscribe({osdmap=0}) v3 -- 0x7fbe2819bea0 con 0x7fbe2807be00
2023-07-18T02:58:08.505 INFO:teuthology.orchestra.run.smithi101.stdout:/usr/bin/ceph: stderr
2023-07-18T02:58:07.632+0000 7fbe2ca26700 1 -- 172.21.15.101:0/455532681 <== mon.0 v2:172.21.15.101:3300/0 4 ==== mgrmap(e 8) v1 ==== 45483+0+0 (secure 0 0 0) 0x7fbe1801abb0 con 0x7fbe2807be00
2023-07-18T02:58:08.505 INFO:teuthology.orchestra.run.smithi101.stdout:/usr/bin/ceph: stderr
2023-07-18T02:58:07.632+0000 7fbe2da28700 1 -- 172.21.15.101:0/455532681 --> [v2:172.21.15.101:3300/0,v1:172.21.15.101:6789/0] -- mon_command({"prefix": "get_command_descriptions"} v 0) v1 -- 0x7fbe281952f0 con 0x7fbe2807be00
2023-07-18T02:58:08.505 INFO:teuthology.orchestra.run.smithi101.stdout:/usr/bin/ceph: stderr
2023-07-18T02:58:07.633+0000 7fbe2ca26700 1 --2- 172.21.15.101:0/455532681 >> [v2:172.21.15.101:6800/2461037266,v1:172.21.15.101:6801/2461037266] conn(0x7fbe10038760 0x7fbe1003ac10 unknown :-1 s=NONE pgs=0 cs=0 l=1 rev1=0 crypto rx=0 tx=0 comp rx=0 tx=0).connect
2023-07-18T02:58:08.505 INFO:teuthology.orchestra.run.smithi101.stdout:/usr/bin/ceph: stderr
2023-07-18T02:58:07.633+0000 7fbe2ca26700 1 -- 172.21.15.101:0/455532681 <== mon.0 v2:172.21.15.101:3300/0 5 ==== osd_map(2..2 src has 1..2) v4 ==== 940+0+0 (secure 0 0 0) 0x7fbe1804c850 con 0x7fbe2807be00
2023-07-18T02:58:08.505 INFO:teuthology.orchestra.run.smithi101.stdout:/usr/bin/ceph: stderr
2023-07-18T02:58:07.633+0000 7fbe267fc700 1 --2- 172.21.15.101:0/455532681 >> [v2:172.21.15.101:6800/2461037266,v1:172.21.15.101:6801/2461037266] conn(0x7fbe10038760 0x7fbe1003ac10 unknown :-1 s=BANNER_CONNECTING pgs=0 cs=0 l=1 rev1=0 crypto rx=0 tx=0 comp rx=0 tx=0)._handle_peer_banner_payload supported=3 required=0
2023-07-18T02:58:08.505 INFO:teuthology.orchestra.run.smithi101.stdout:/usr/bin/ceph: stderr
2023-07-18T02:58:07.633+0000 7fbe267fc700 1 --2- 172.21.15.101:0/455532681 >> [v2:172.21.15.101:6800/2461037266,v1:172.21.15.101:6801/2461037266] conn(0x7fbe10038760 0x7fbe1003ac10 secure :-1 s=READY pgs=12 cs=0 l=1 rev1=1 crypto rx=0x7fbe1c006fd0 tx=0x7fbe1c006e40 comp rx=0 tx=0).ready entity=mgr.14118 client_cookie=0 server_cookie=0 in_seq=0 out_seq=0
2023-07-18T02:58:08.506 INFO:teuthology.orchestra.run.smithi101.stdout:/usr/bin/ceph: stderr
2023-07-18T02:58:07.637+0000 7fbe2ca26700 1 -- 172.21.15.101:0/455532681 <== mon.0 v2:172.21.15.101:3300/0 6 ==== mon_command_ack([{"prefix": "get_command_descriptions"}]=0 v0) v1 ==== 72+0+178038 (secure 0 0 0) 0x7fbe18018530 con 0x7fbe2807be00
2023-07-18T02:58:08.506 INFO:teuthology.orchestra.run.smithi101.stdout:/usr/bin/ceph: stderr
2023-07-18T02:58:07.852+0000 7fbe2da28700 1 -- 172.21.15.101:0/455532681 --> [v2:172.21.15.101:6800/2461037266,v1:172.21.15.101:6801/2461037266] -- mgr_command(tid 0: {"prefix": "orch apply", "service_type": "mon", "unmanaged": true, "target": ["mon-mgr", ""]}) v1 -- 0x7fbe28060950 con 0x7fbe10038760
2023-07-18T02:58:08.506 INFO:teuthology.orchestra.run.smithi101.stdout:/usr/bin/ceph: stderr
2023-07-18T02:58:07.861+0000 7fbe2ca26700 1 -- 172.21.15.101:0/455532681 <== mgr.14118 v2:172.21.15.101:6800/2461037266 1 ==== mgr_command_reply(tid 0: 0 ) v1 ==== 8+0+24 (secure 0 0 0) 0x7fbe28060950 con 0x7fbe10038760
2023-07-18T02:58:08.506 INFO:teuthology.orchestra.run.smithi101.stdout:/usr/bin/ceph: stderr
2023-07-18T02:58:07.863+0000 7fbe2da28700 1 -- 172.21.15.101:0/455532681 >> [v2:172.21.15.101:6800/2461037266,v1:172.21.15.101:6801/2461037266] conn(0x7fbe10038760 msgr2=0x7fbe1003ac10 secure :-1 s=STATE_CONNECTION_ESTABLISHED l=1).mark_down
2023-07-18T02:58:08.506 INFO:teuthology.orchestra.run.smithi101.stdout:/usr/bin/ceph: stderr
2023-07-18T02:58:07.863+0000 7fbe2da28700 1 --2- 172.21.15.101:0/455532681 >> [v2:172.21.15.101:6800/2461037266,v1:172.21.15.101:6801/2461037266] conn(0x7fbe10038760 0x7fbe1003ac10 secure :-1 s=READY pgs=12 cs=0 l=1 rev1=1 crypto rx=0x7fbe1c006fd0 tx=0x7fbe1c006e40 comp rx=0 tx=0).stop
2023-07-18T02:58:08.506 INFO:teuthology.orchestra.run.smithi101.stdout:/usr/bin/ceph: stderr
2023-07-18T02:58:07.863+0000 7fbe2da28700 1 -- 172.21.15.101:0/455532681 >> [v2:172.21.15.101:3300/0,v1:172.21.15.101:6789/0] conn(0x7fbe2807be00 msgr2=0x7fbe2819b340 secure :-1 s=STATE_CONNECTION_ESTABLISHED l=1).mark_down
2023-07-18T02:58:08.507 INFO:teuthology.orchestra.run.smithi101.stdout:/usr/bin/ceph: stderr
2023-07-18T02:58:07.863+0000 7fbe2da28700 1 --2- 172.21.15.101:0/455532681 >> [v2:172.21.15.101:3300/0,v1:172.21.15.101:6789/0] conn(0x7fbe2807be00 0x7fbe2819b340 secure :-1 s=READY pgs=46 cs=0 l=1 rev1=1 crypto rx=0x7fbe18009130 tx=0x7fbe18011ad0 comp rx=0 tx=0).stop
2023-07-18T02:58:08.507 INFO:teuthology.orchestra.run.smithi101.stdout:/usr/bin/ceph: stderr
2023-07-18T02:58:07.865+0000 7fbe2da28700 1 -- 172.21.15.101:0/455532681 shutdown_connections
2023-07-18T02:58:08.507 INFO:teuthology.orchestra.run.smithi101.stdout:/usr/bin/ceph: stderr
2023-07-18T02:58:07.865+0000 7fbe2da28700 1 --2- 172.21.15.101:0/455532681 >> [v2:172.21.15.101:6800/2461037266,v1:172.21.15.101:6801/2461037266] conn(0x7fbe10038760 0x7fbe1003ac10 unknown :-1 s=CLOSED pgs=12 cs=0 l=1 rev1=1 crypto rx=0 tx=0 comp rx=0 tx=0).stop
2023-07-18T02:58:08.507 INFO:teuthology.orchestra.run.smithi101.stdout:/usr/bin/ceph: stderr
2023-07-18T02:58:07.865+0000 7fbe2da28700 1 --2- 172.21.15.101:0/455532681 >> [v2:172.21.15.101:3300/0,v1:172.21.15.101:6789/0] conn(0x7fbe2807be00 0x7fbe2819b340 unknown :-1 s=CLOSED pgs=46 cs=0 l=1 rev1=1 crypto rx=0 tx=0 comp rx=0 tx=0).stop
2023-07-18T02:58:08.507 INFO:teuthology.orchestra.run.smithi101.stdout:/usr/bin/ceph: stderr
2023-07-18T02:58:07.865+0000 7fbe2da28700 1 -- 172.21.15.101:0/455532681 >> 172.21.15.101:0/455532681 conn(0x7fbe28100970 msgr2=0x7fbe281020e0 unknown :-1 s=STATE_NONE l=0).mark_down
2023-07-18T02:58:08.507 INFO:teuthology.orchestra.run.smithi101.stdout:/usr/bin/ceph: stderr
2023-07-18T02:58:07.865+0000 7fbe2da28700 1 -- 172.21.15.101:0/455532681 shutdown_connections
2023-07-18T02:58:08.507 INFO:teuthology.orchestra.run.smithi101.stdout:/usr/bin/ceph: stderr
2023-07-18T02:58:07.865+0000 7fbe2da28700 1 -- 172.21.15.101:0/455532681 wait complete.
2023-07-18T02:58:08.508 INFO:teuthology.orchestra.run.smithi101.stdout:Deploying unmanaged mgr service...
2023-07-18T02:58:08.967 INFO:journalctl@ceph.mon.a.smithi101.stdout:Jul 18 02:58:08 smithi101 ceph-mon[126379]: from='client.14140 -' entity='client.admin' cmd=[{"prefix": "orch apply", "service_type": "mon", "unmanaged": true, "target": ["mon-mgr", ""]}]: dispatch
2023-07-18T02:58:08.968 INFO:journalctl@ceph.mon.a.smithi101.stdout:Jul 18 02:58:08 smithi101 ceph-mon[126379]: Saving service mon spec with placement count:5
2023-07-18T02:58:08.968 INFO:journalctl@ceph.mon.a.smithi101.stdout:Jul 18 02:58:08 smithi101 ceph-mon[126379]: from='mgr.14118 172.21.15.101:0/4056684411' entity='mgr.x'
2023-07-18T02:58:09.788 INFO:teuthology.orchestra.run.smithi101.stdout:/usr/bin/ceph: stdout Scheduled mgr update...
2023-07-18T02:58:09.789 INFO:teuthology.orchestra.run.smithi101.stdout:/usr/bin/ceph: stderr
2023-07-18T02:58:09.063+0000 7ff92e94f700 1 Processor -- start
2023-07-18T02:58:09.789 INFO:teuthology.orchestra.run.smithi101.stdout:/usr/bin/ceph: stderr
2023-07-18T02:58:09.063+0000 7ff92e94f700 1 -- start start
2023-07-18T02:58:09.789 INFO:teuthology.orchestra.run.smithi101.stdout:/usr/bin/ceph: stderr
2023-07-18T02:58:09.063+0000 7ff92e94f700 1 --2- >> [v2:172.21.15.101:3300/0,v1:172.21.15.101:6789/0] conn(0x7ff928105e90 0x7ff928108270 unknown :-1 s=NONE pgs=0 cs=0 l=0 rev1=0 crypto rx=0 tx=0 comp rx=0 tx=0).connect
2023-07-18T02:58:09.790 INFO:teuthology.orchestra.run.smithi101.stdout:/usr/bin/ceph: stderr
2023-07-18T02:58:09.063+0000 7ff92e94f700 1 -- --> [v2:172.21.15.101:3300/0,v1:172.21.15.101:6789/0] -- mon_getmap magic: 0 v1 -- 0x7ff928079d40 con 0x7ff928105e90
2023-07-18T02:58:09.790 INFO:teuthology.orchestra.run.smithi101.stdout:/usr/bin/ceph: stderr
2023-07-18T02:58:09.064+0000 7ff927fff700 1 --2- >> [v2:172.21.15.101:3300/0,v1:172.21.15.101:6789/0] conn(0x7ff928105e90 0x7ff928108270 unknown :-1 s=BANNER_CONNECTING pgs=0 cs=0 l=0 rev1=0 crypto rx=0 tx=0 comp rx=0 tx=0)._handle_peer_banner_payload supported=3 required=0
2023-07-18T02:58:09.790 INFO:teuthology.orchestra.run.smithi101.stdout:/usr/bin/ceph: stderr
2023-07-18T02:58:09.064+0000 7ff927fff700 1 --2- >> [v2:172.21.15.101:3300/0,v1:172.21.15.101:6789/0] conn(0x7ff928105e90 0x7ff928108270 unknown :-1 s=HELLO_CONNECTING pgs=0 cs=0 l=0 rev1=1 crypto rx=0 tx=0 comp rx=0 tx=0).handle_hello peer v2:172.21.15.101:3300/0 says I am v2:172.21.15.101:51378/0 (socket says 172.21.15.101:51378)
2023-07-18T02:58:09.790 INFO:teuthology.orchestra.run.smithi101.stdout:/usr/bin/ceph: stderr
2023-07-18T02:58:09.064+0000 7ff927fff700 1 -- 172.21.15.101:0/3883924176 learned_addr learned my addr 172.21.15.101:0/3883924176 (peer_addr_for_me v2:172.21.15.101:0/0)
2023-07-18T02:58:09.790 INFO:teuthology.orchestra.run.smithi101.stdout:/usr/bin/ceph: stderr
2023-07-18T02:58:09.064+0000 7ff927fff700 1 -- 172.21.15.101:0/3883924176 --> [v2:172.21.15.101:3300/0,v1:172.21.15.101:6789/0] -- mon_subscribe({config=0+,monmap=0+}) v3 -- 0x7ff928079e80 con 0x7ff928105e90
2023-07-18T02:58:09.790 INFO:teuthology.orchestra.run.smithi101.stdout:/usr/bin/ceph: stderr
2023-07-18T02:58:09.065+0000 7ff927fff700 1 --2- 172.21.15.101:0/3883924176 >> [v2:172.21.15.101:3300/0,v1:172.21.15.101:6789/0] conn(0x7ff928105e90 0x7ff928108270 secure :-1 s=READY pgs=47 cs=0 l=1 rev1=1 crypto rx=0x7ff9180098a0 tx=0x7ff918009bb0 comp rx=0 tx=0).ready entity=mon.0 client_cookie=4bf35c1e7c7d90d2 server_cookie=0 in_seq=0 out_seq=0
2023-07-18T02:58:09.791 INFO:teuthology.orchestra.run.smithi101.stdout:/usr/bin/ceph: stderr
2023-07-18T02:58:09.065+0000 7ff926ffd700 1 -- 172.21.15.101:0/3883924176 <== mon.0 v2:172.21.15.101:3300/0 1 ==== mon_map magic: 0 v1 ==== 205+0+0 (secure 0 0 0) 0x7ff918004160 con 0x7ff928105e90
2023-07-18T02:58:09.791 INFO:teuthology.orchestra.run.smithi101.stdout:/usr/bin/ceph: stderr
2023-07-18T02:58:09.065+0000 7ff926ffd700 1 -- 172.21.15.101:0/3883924176 <== mon.0 v2:172.21.15.101:3300/0 2 ==== config(26 keys) v1 ==== 1074+0+0 (secure 0 0 0) 0x7ff9180042c0 con 0x7ff928105e90
2023-07-18T02:58:09.791 INFO:teuthology.orchestra.run.smithi101.stdout:/usr/bin/ceph: stderr
2023-07-18T02:58:09.065+0000 7ff926ffd700 1 -- 172.21.15.101:0/3883924176 <== mon.0 v2:172.21.15.101:3300/0 3 ==== mon_map magic: 0 v1 ==== 205+0+0 (secure 0 0 0) 0x7ff918011a00 con 0x7ff928105e90
2023-07-18T02:58:09.791 INFO:teuthology.orchestra.run.smithi101.stdout:/usr/bin/ceph: stderr
2023-07-18T02:58:09.065+0000 7ff92e94f700 1 -- 172.21.15.101:0/3883924176 >> [v2:172.21.15.101:3300/0,v1:172.21.15.101:6789/0] conn(0x7ff928105e90 msgr2=0x7ff928108270 secure :-1 s=STATE_CONNECTION_ESTABLISHED l=1).mark_down
2023-07-18T02:58:09.791 INFO:teuthology.orchestra.run.smithi101.stdout:/usr/bin/ceph: stderr
2023-07-18T02:58:09.065+0000 7ff92e94f700 1 --2- 172.21.15.101:0/3883924176 >> [v2:172.21.15.101:3300/0,v1:172.21.15.101:6789/0] conn(0x7ff928105e90 0x7ff928108270 secure :-1 s=READY pgs=47 cs=0 l=1 rev1=1 crypto rx=0x7ff9180098a0 tx=0x7ff918009bb0 comp rx=0 tx=0).stop
2023-07-18T02:58:09.791 INFO:teuthology.orchestra.run.smithi101.stdout:/usr/bin/ceph: stderr
2023-07-18T02:58:09.066+0000 7ff92e94f700 1 -- 172.21.15.101:0/3883924176 shutdown_connections
2023-07-18T02:58:09.792 INFO:teuthology.orchestra.run.smithi101.stdout:/usr/bin/ceph: stderr
2023-07-18T02:58:09.066+0000 7ff92e94f700 1 --2- 172.21.15.101:0/3883924176 >> [v2:172.21.15.101:3300/0,v1:172.21.15.101:6789/0] conn(0x7ff928105e90 0x7ff928108270 unknown :-1 s=CLOSED pgs=47 cs=0 l=1 rev1=1 crypto rx=0 tx=0 comp rx=0 tx=0).stop
2023-07-18T02:58:09.792 INFO:teuthology.orchestra.run.smithi101.stdout:/usr/bin/ceph: stderr
2023-07-18T02:58:09.066+0000 7ff92e94f700 1 -- 172.21.15.101:0/3883924176 >> 172.21.15.101:0/3883924176 conn(0x7ff9280ff890 msgr2=0x7ff928101ca0 unknown :-1 s=STATE_NONE l=0).mark_down
2023-07-18T02:58:09.792 INFO:teuthology.orchestra.run.smithi101.stdout:/usr/bin/ceph: stderr
2023-07-18T02:58:09.066+0000 7ff92e94f700 1 -- 172.21.15.101:0/3883924176 shutdown_connections
2023-07-18T02:58:09.792 INFO:teuthology.orchestra.run.smithi101.stdout:/usr/bin/ceph: stderr
2023-07-18T02:58:09.066+0000 7ff92e94f700 1 -- 172.21.15.101:0/3883924176 wait complete.
2023-07-18T02:58:09.792 INFO:teuthology.orchestra.run.smithi101.stdout:/usr/bin/ceph: stderr
2023-07-18T02:58:09.067+0000 7ff92e94f700 1 Processor -- start
2023-07-18T02:58:09.793 INFO:teuthology.orchestra.run.smithi101.stdout:/usr/bin/ceph: stderr
2023-07-18T02:58:09.067+0000 7ff92e94f700 1 -- start start
2023-07-18T02:58:09.793 INFO:teuthology.orchestra.run.smithi101.stdout:/usr/bin/ceph: stderr
2023-07-18T02:58:09.067+0000 7ff92e94f700 1 --2- >> [v2:172.21.15.101:3300/0,v1:172.21.15.101:6789/0] conn(0x7ff928105e90 0x7ff9281057f0 unknown :-1 s=NONE pgs=0 cs=0 l=1 rev1=0 crypto rx=0 tx=0 comp rx=0 tx=0).connect
2023-07-18T02:58:09.793 INFO:teuthology.orchestra.run.smithi101.stdout:/usr/bin/ceph: stderr
2023-07-18T02:58:09.067+0000 7ff92e94f700 1 -- --> [v2:172.21.15.101:3300/0,v1:172.21.15.101:6789/0] -- mon_getmap magic: 0 v1 -- 0x7ff928105d30 con 0x7ff928105e90
2023-07-18T02:58:09.793 INFO:teuthology.orchestra.run.smithi101.stdout:/usr/bin/ceph: stderr
2023-07-18T02:58:09.067+0000 7ff927fff700 1 --2- >> [v2:172.21.15.101:3300/0,v1:172.21.15.101:6789/0] conn(0x7ff928105e90 0x7ff9281057f0 unknown :-1 s=BANNER_CONNECTING pgs=0 cs=0 l=1 rev1=0 crypto rx=0 tx=0 comp rx=0 tx=0)._handle_peer_banner_payload supported=3 required=0
2023-07-18T02:58:09.793 INFO:teuthology.orchestra.run.smithi101.stdout:/usr/bin/ceph: stderr
2023-07-18T02:58:09.067+0000 7ff927fff700 1 --2- >> [v2:172.21.15.101:3300/0,v1:172.21.15.101:6789/0] conn(0x7ff928105e90 0x7ff9281057f0 unknown :-1 s=HELLO_CONNECTING pgs=0 cs=0 l=1 rev1=1 crypto rx=0 tx=0 comp rx=0 tx=0).handle_hello peer v2:172.21.15.101:3300/0 says I am v2:172.21.15.101:51380/0 (socket says 172.21.15.101:51380)
2023-07-18T02:58:09.793 INFO:teuthology.orchestra.run.smithi101.stdout:/usr/bin/ceph: stderr
2023-07-18T02:58:09.067+0000 7ff927fff700 1 -- 172.21.15.101:0/2931610782 learned_addr learned my addr 172.21.15.101:0/2931610782 (peer_addr_for_me v2:172.21.15.101:0/0)
2023-07-18T02:58:09.794 INFO:teuthology.orchestra.run.smithi101.stdout:/usr/bin/ceph: stderr
2023-07-18T02:58:09.068+0000 7ff927fff700 1 -- 172.21.15.101:0/2931610782 --> [v2:172.21.15.101:3300/0,v1:172.21.15.101:6789/0] -- mon_subscribe({config=0+,monmap=0+}) v3 -- 0x7ff918009550 con 0x7ff928105e90
2023-07-18T02:58:09.794 INFO:teuthology.orchestra.run.smithi101.stdout:/usr/bin/ceph: stderr
2023-07-18T02:58:09.068+0000 7ff927fff700 1 --2- 172.21.15.101:0/2931610782 >> [v2:172.21.15.101:3300/0,v1:172.21.15.101:6789/0] conn(0x7ff928105e90 0x7ff9281057f0 secure :-1 s=READY pgs=48 cs=0 l=1 rev1=1 crypto rx=0x7ff918009130 tx=0x7ff918011ad0 comp rx=0 tx=0).ready entity=mon.0 client_cookie=0 server_cookie=0 in_seq=0 out_seq=0
2023-07-18T02:58:09.794 INFO:teuthology.orchestra.run.smithi101.stdout:/usr/bin/ceph: stderr
2023-07-18T02:58:09.068+0000 7ff9257fa700 1 -- 172.21.15.101:0/2931610782 <== mon.0 v2:172.21.15.101:3300/0 1 ==== mon_map magic: 0 v1 ==== 205+0+0 (secure 0 0 0) 0x7ff918003ab0 con 0x7ff928105e90
2023-07-18T02:58:09.794 INFO:teuthology.orchestra.run.smithi101.stdout:/usr/bin/ceph: stderr
2023-07-18T02:58:09.068+0000 7ff9257fa700 1 -- 172.21.15.101:0/2931610782 <== mon.0 v2:172.21.15.101:3300/0 2 ==== config(26 keys) v1 ==== 1074+0+0 (secure 0 0 0) 0x7ff918003c10 con 0x7ff928105e90
2023-07-18T02:58:09.794 INFO:teuthology.orchestra.run.smithi101.stdout:/usr/bin/ceph: stderr
2023-07-18T02:58:09.068+0000 7ff92e94f700 1 -- 172.21.15.101:0/2931610782 --> [v2:172.21.15.101:3300/0,v1:172.21.15.101:6789/0] -- mon_subscribe({mgrmap=0+}) v3 -- 0x7ff928103e40 con 0x7ff928105e90
2023-07-18T02:58:09.794 INFO:teuthology.orchestra.run.smithi101.stdout:/usr/bin/ceph: stderr
2023-07-18T02:58:09.068+0000 7ff9257fa700 1 -- 172.21.15.101:0/2931610782 <== mon.0 v2:172.21.15.101:3300/0 3 ==== mon_map magic: 0 v1 ==== 205+0+0 (secure 0 0 0) 0x7ff9180247d0 con 0x7ff928105e90
2023-07-18T02:58:09.794 INFO:teuthology.orchestra.run.smithi101.stdout:/usr/bin/ceph: stderr
2023-07-18T02:58:09.068+0000 7ff92e94f700 1 -- 172.21.15.101:0/2931610782 --> [v2:172.21.15.101:3300/0,v1:172.21.15.101:6789/0] -- mon_subscribe({osdmap=0}) v3 -- 0x7ff928104260 con 0x7ff928105e90
2023-07-18T02:58:09.795 INFO:teuthology.orchestra.run.smithi101.stdout:/usr/bin/ceph: stderr
2023-07-18T02:58:09.069+0000 7ff92e94f700 1 -- 172.21.15.101:0/2931610782 --> [v2:172.21.15.101:3300/0,v1:172.21.15.101:6789/0] -- mon_command({"prefix": "get_command_descriptions"} v 0) v1 -- 0x7ff928061b40 con 0x7ff928105e90
2023-07-18T02:58:09.795 INFO:teuthology.orchestra.run.smithi101.stdout:/usr/bin/ceph: stderr
2023-07-18T02:58:09.070+0000 7ff9257fa700 1 -- 172.21.15.101:0/2931610782 <== mon.0 v2:172.21.15.101:3300/0 4 ==== mgrmap(e 8) v1 ==== 45483+0+0 (secure 0 0 0) 0x7ff91801abb0 con 0x7ff928105e90
2023-07-18T02:58:09.795 INFO:teuthology.orchestra.run.smithi101.stdout:/usr/bin/ceph: stderr
2023-07-18T02:58:09.071+0000 7ff9257fa700 1 --2- 172.21.15.101:0/2931610782 >> [v2:172.21.15.101:6800/2461037266,v1:172.21.15.101:6801/2461037266] conn(0x7ff910038760 0x7ff91003ac10 unknown :-1 s=NONE pgs=0 cs=0 l=1 rev1=0 crypto rx=0 tx=0 comp rx=0 tx=0).connect
2023-07-18T02:58:09.795 INFO:teuthology.orchestra.run.smithi101.stdout:/usr/bin/ceph: stderr
2023-07-18T02:58:09.071+0000 7ff9257fa700 1 -- 172.21.15.101:0/2931610782 <== mon.0 v2:172.21.15.101:3300/0 5 ==== osd_map(2..2 src has 1..2) v4 ==== 940+0+0 (secure 0 0 0) 0x7ff91804c850 con 0x7ff928105e90
2023-07-18T02:58:09.795 INFO:teuthology.orchestra.run.smithi101.stdout:/usr/bin/ceph: stderr
2023-07-18T02:58:09.071+0000 7ff9277fe700 1 --2- 172.21.15.101:0/2931610782 >> [v2:172.21.15.101:6800/2461037266,v1:172.21.15.101:6801/2461037266] conn(0x7ff910038760 0x7ff91003ac10 unknown :-1 s=BANNER_CONNECTING pgs=0 cs=0 l=1 rev1=0 crypto rx=0 tx=0 comp rx=0 tx=0)._handle_peer_banner_payload supported=3 required=0
2023-07-18T02:58:09.795 INFO:teuthology.orchestra.run.smithi101.stdout:/usr/bin/ceph: stderr
2023-07-18T02:58:09.072+0000 7ff9277fe700 1 --2- 172.21.15.101:0/2931610782 >> [v2:172.21.15.101:6800/2461037266,v1:172.21.15.101:6801/2461037266] conn(0x7ff910038760 0x7ff91003ac10 secure :-1 s=READY pgs=13 cs=0 l=1 rev1=1 crypto rx=0x7ff91c006fd0 tx=0x7ff91c006e40 comp rx=0 tx=0).ready entity=mgr.14118 client_cookie=0 server_cookie=0 in_seq=0 out_seq=0
2023-07-18T02:58:09.796 INFO:teuthology.orchestra.run.smithi101.stdout:/usr/bin/ceph: stderr
2023-07-18T02:58:09.076+0000 7ff9257fa700 1 -- 172.21.15.101:0/2931610782 <== mon.0 v2:172.21.15.101:3300/0 6 ==== mon_command_ack([{"prefix": "get_command_descriptions"}]=0 v0) v1 ==== 72+0+178038 (secure 0 0 0) 0x7ff918018530 con 0x7ff928105e90
2023-07-18T02:58:09.796 INFO:teuthology.orchestra.run.smithi101.stdout:/usr/bin/ceph: stderr
2023-07-18T02:58:09.308+0000 7ff92e94f700 1 -- 172.21.15.101:0/2931610782 --> [v2:172.21.15.101:6800/2461037266,v1:172.21.15.101:6801/2461037266] -- mgr_command(tid 0: {"prefix": "orch apply", "service_type": "mgr", "unmanaged": true, "target": ["mon-mgr", ""]}) v1 -- 0x7ff928101be0 con 0x7ff910038760
2023-07-18T02:58:09.796 INFO:teuthology.orchestra.run.smithi101.stdout:/usr/bin/ceph: stderr
2023-07-18T02:58:09.315+0000 7ff9257fa700 1 -- 172.21.15.101:0/2931610782 <== mgr.14118 v2:172.21.15.101:6800/2461037266 1 ==== mgr_command_reply(tid 0: 0 ) v1 ==== 8+0+24 (secure 0 0 0) 0x7ff928101be0 con 0x7ff910038760
2023-07-18T02:58:09.796 INFO:teuthology.orchestra.run.smithi101.stdout:/usr/bin/ceph: stderr
2023-07-18T02:58:09.318+0000 7ff92e94f700 1 -- 172.21.15.101:0/2931610782 >> [v2:172.21.15.101:6800/2461037266,v1:172.21.15.101:6801/2461037266] conn(0x7ff910038760 msgr2=0x7ff91003ac10 secure :-1 s=STATE_CONNECTION_ESTABLISHED l=1).mark_down
2023-07-18T02:58:09.796 INFO:teuthology.orchestra.run.smithi101.stdout:/usr/bin/ceph: stderr
2023-07-18T02:58:09.318+0000 7ff92e94f700 1 --2- 172.21.15.101:0/2931610782 >> [v2:172.21.15.101:6800/2461037266,v1:172.21.15.101:6801/2461037266] conn(0x7ff910038760 0x7ff91003ac10 secure :-1 s=READY pgs=13 cs=0 l=1 rev1=1 crypto rx=0x7ff91c006fd0 tx=0x7ff91c006e40 comp rx=0 tx=0).stop
2023-07-18T02:58:09.796 INFO:teuthology.orchestra.run.smithi101.stdout:/usr/bin/ceph: stderr
2023-07-18T02:58:09.318+0000 7ff92e94f700 1 -- 172.21.15.101:0/2931610782 >> [v2:172.21.15.101:3300/0,v1:172.21.15.101:6789/0] conn(0x7ff928105e90 msgr2=0x7ff9281057f0 secure :-1 s=STATE_CONNECTION_ESTABLISHED l=1).mark_down
2023-07-18T02:58:09.797 INFO:teuthology.orchestra.run.smithi101.stdout:/usr/bin/ceph: stderr
2023-07-18T02:58:09.318+0000 7ff92e94f700 1 --2- 172.21.15.101:0/2931610782 >> [v2:172.21.15.101:3300/0,v1:172.21.15.101:6789/0] conn(0x7ff928105e90 0x7ff9281057f0 secure :-1 s=READY pgs=48 cs=0 l=1 rev1=1 crypto rx=0x7ff918009130 tx=0x7ff918011ad0 comp rx=0 tx=0).stop
2023-07-18T02:58:09.797 INFO:teuthology.orchestra.run.smithi101.stdout:/usr/bin/ceph: stderr
2023-07-18T02:58:09.318+0000 7ff92e94f700 1 -- 172.21.15.101:0/2931610782 shutdown_connections
2023-07-18T02:58:09.797 INFO:teuthology.orchestra.run.smithi101.stdout:/usr/bin/ceph: stderr
2023-07-18T02:58:09.318+0000 7ff92e94f700 1 --2- 172.21.15.101:0/2931610782 >> [v2:172.21.15.101:6800/2461037266,v1:172.21.15.101:6801/2461037266] conn(0x7ff910038760 0x7ff91003ac10 unknown :-1 s=CLOSED pgs=13 cs=0 l=1 rev1=1 crypto rx=0 tx=0 comp rx=0 tx=0).stop
2023-07-18T02:58:09.797 INFO:teuthology.orchestra.run.smithi101.stdout:/usr/bin/ceph: stderr
2023-07-18T02:58:09.318+0000 7ff92e94f700 1 --2- 172.21.15.101:0/2931610782 >> [v2:172.21.15.101:3300/0,v1:172.21.15.101:6789/0] conn(0x7ff928105e90 0x7ff9281057f0 unknown :-1 s=CLOSED pgs=48 cs=0 l=1 rev1=1 crypto rx=0 tx=0 comp rx=0 tx=0).stop
2023-07-18T02:58:09.797 INFO:teuthology.orchestra.run.smithi101.stdout:/usr/bin/ceph: stderr
2023-07-18T02:58:09.318+0000 7ff92e94f700 1 -- 172.21.15.101:0/2931610782 >> 172.21.15.101:0/2931610782 conn(0x7ff9280ff890 msgr2=0x7ff928100f80 unknown :-1 s=STATE_NONE l=0).mark_down
2023-07-18T02:58:09.797 INFO:teuthology.orchestra.run.smithi101.stdout:/usr/bin/ceph: stderr
2023-07-18T02:58:09.318+0000 7ff92e94f700 1 -- 172.21.15.101:0/2931610782 shutdown_connections
2023-07-18T02:58:09.798 INFO:teuthology.orchestra.run.smithi101.stdout:/usr/bin/ceph: stderr
2023-07-18T02:58:09.318+0000 7ff92e94f700 1 -- 172.21.15.101:0/2931610782 wait complete.
2023-07-18T02:58:10.467 INFO:journalctl@ceph.mon.a.smithi101.stdout:Jul 18 02:58:10 smithi101 ceph-mon[126379]: from='client.14142 -' entity='client.admin' cmd=[{"prefix": "orch apply", "service_type": "mgr", "unmanaged": true, "target": ["mon-mgr", ""]}]: dispatch
2023-07-18T02:58:10.468 INFO:journalctl@ceph.mon.a.smithi101.stdout:Jul 18 02:58:10 smithi101 ceph-mon[126379]: Saving service mgr spec with placement count:2
2023-07-18T02:58:10.468 INFO:journalctl@ceph.mon.a.smithi101.stdout:Jul 18 02:58:10 smithi101 ceph-mon[126379]: from='mgr.14118 172.21.15.101:0/4056684411' entity='mgr.x'
2023-07-18T02:58:10.468 INFO:journalctl@ceph.mon.a.smithi101.stdout:Jul 18 02:58:10 smithi101 ceph-mon[126379]: from='mgr.14118 172.21.15.101:0/4056684411' entity='mgr.x'
2023-07-18T02:58:10.468 INFO:journalctl@ceph.mon.a.smithi101.stdout:Jul 18 02:58:10 smithi101 ceph-mon[126379]: from='mgr.14118 172.21.15.101:0/4056684411' entity='mgr.x'
2023-07-18T02:58:10.970 INFO:teuthology.orchestra.run.smithi101.stdout:/usr/bin/ceph: stderr
2023-07-18T02:58:10.401+0000 7f99f62ed700 1 Processor -- start
2023-07-18T02:58:10.970 INFO:teuthology.orchestra.run.smithi101.stdout:/usr/bin/ceph: stderr
2023-07-18T02:58:10.401+0000 7f99f62ed700 1 -- start start
2023-07-18T02:58:10.970 INFO:teuthology.orchestra.run.smithi101.stdout:/usr/bin/ceph: stderr
2023-07-18T02:58:10.401+0000 7f99f62ed700 1 --2- >> [v2:172.21.15.101:3300/0,v1:172.21.15.101:6789/0] conn(0x7f99f0105140 0x7f99f0105550 unknown :-1 s=NONE pgs=0 cs=0 l=0 rev1=0 crypto rx=0 tx=0 comp rx=0 tx=0).connect
2023-07-18T02:58:10.971 INFO:teuthology.orchestra.run.smithi101.stdout:/usr/bin/ceph: stderr
2023-07-18T02:58:10.401+0000 7f99f62ed700 1 -- --> [v2:172.21.15.101:3300/0,v1:172.21.15.101:6789/0] -- mon_getmap magic: 0 v1 -- 0x7f99f0105a90 con 0x7f99f0105140
2023-07-18T02:58:10.971 INFO:teuthology.orchestra.run.smithi101.stdout:/usr/bin/ceph: stderr
2023-07-18T02:58:10.402+0000 7f99f52eb700 1 --2- >> [v2:172.21.15.101:3300/0,v1:172.21.15.101:6789/0] conn(0x7f99f0105140 0x7f99f0105550 unknown :-1 s=BANNER_CONNECTING pgs=0 cs=0 l=0 rev1=0 crypto rx=0 tx=0 comp rx=0 tx=0)._handle_peer_banner_payload supported=3 required=0
2023-07-18T02:58:10.971 INFO:teuthology.orchestra.run.smithi101.stdout:/usr/bin/ceph: stderr
2023-07-18T02:58:10.402+0000 7f99f52eb700 1 --2- >> [v2:172.21.15.101:3300/0,v1:172.21.15.101:6789/0] conn(0x7f99f0105140 0x7f99f0105550 unknown :-1 s=HELLO_CONNECTING pgs=0 cs=0 l=0 rev1=1 crypto rx=0 tx=0 comp rx=0 tx=0).handle_hello peer v2:172.21.15.101:3300/0 says I am v2:172.21.15.101:51382/0 (socket says 172.21.15.101:51382)
2023-07-18T02:58:10.971 INFO:teuthology.orchestra.run.smithi101.stdout:/usr/bin/ceph: stderr
2023-07-18T02:58:10.402+0000 7f99f52eb700 1 -- 172.21.15.101:0/1936523214 learned_addr learned my addr 172.21.15.101:0/1936523214 (peer_addr_for_me v2:172.21.15.101:0/0)
2023-07-18T02:58:10.971 INFO:teuthology.orchestra.run.smithi101.stdout:/usr/bin/ceph: stderr
2023-07-18T02:58:10.402+0000 7f99f52eb700 1 -- 172.21.15.101:0/1936523214 --> [v2:172.21.15.101:3300/0,v1:172.21.15.101:6789/0] -- mon_subscribe({config=0+,monmap=0+}) v3 -- 0x7f99f0105bd0 con 0x7f99f0105140
2023-07-18T02:58:10.971 INFO:teuthology.orchestra.run.smithi101.stdout:/usr/bin/ceph: stderr
2023-07-18T02:58:10.402+0000 7f99f52eb700 1 --2- 172.21.15.101:0/1936523214 >> [v2:172.21.15.101:3300/0,v1:172.21.15.101:6789/0] conn(0x7f99f0105140 0x7f99f0105550 secure :-1 s=READY pgs=49 cs=0 l=1 rev1=1 crypto rx=0x7f99ec0098a0 tx=0x7f99ec009bb0 comp rx=0 tx=0).ready entity=mon.0 client_cookie=f0f71c441ae7fc1 server_cookie=0 in_seq=0 out_seq=0
2023-07-18T02:58:10.971 INFO:teuthology.orchestra.run.smithi101.stdout:/usr/bin/ceph: stderr
2023-07-18T02:58:10.402+0000 7f99e7fff700 1 -- 172.21.15.101:0/1936523214 <== mon.0 v2:172.21.15.101:3300/0 1 ==== mon_map magic: 0 v1 ==== 205+0+0 (secure 0 0 0) 0x7f99ec004160 con 0x7f99f0105140
2023-07-18T02:58:10.971 INFO:teuthology.orchestra.run.smithi101.stdout:/usr/bin/ceph: stderr
2023-07-18T02:58:10.402+0000 7f99e7fff700 1 -- 172.21.15.101:0/1936523214 <== mon.0 v2:172.21.15.101:3300/0 2 ==== config(26 keys) v1 ==== 1105+0+0 (secure 0 0 0) 0x7f99ec0042c0 con 0x7f99f0105140
2023-07-18T02:58:10.972 INFO:teuthology.orchestra.run.smithi101.stdout:/usr/bin/ceph: stderr
2023-07-18T02:58:10.402+0000 7f99e7fff700 1 -- 172.21.15.101:0/1936523214 <== mon.0 v2:172.21.15.101:3300/0 3 ==== mon_map magic: 0 v1 ==== 205+0+0 (secure 0 0 0) 0x7f99ec0119b0 con 0x7f99f0105140
2023-07-18T02:58:10.972 INFO:teuthology.orchestra.run.smithi101.stdout:/usr/bin/ceph: stderr
2023-07-18T02:58:10.403+0000 7f99f62ed700 1 -- 172.21.15.101:0/1936523214 >> [v2:172.21.15.101:3300/0,v1:172.21.15.101:6789/0] conn(0x7f99f0105140 msgr2=0x7f99f0105550 secure :-1 s=STATE_CONNECTION_ESTABLISHED l=1).mark_down
2023-07-18T02:58:10.972 INFO:teuthology.orchestra.run.smithi101.stdout:/usr/bin/ceph: stderr
2023-07-18T02:58:10.403+0000 7f99f62ed700 1 --2- 172.21.15.101:0/1936523214 >> [v2:172.21.15.101:3300/0,v1:172.21.15.101:6789/0] conn(0x7f99f0105140 0x7f99f0105550 secure :-1 s=READY pgs=49 cs=0 l=1 rev1=1 crypto rx=0x7f99ec0098a0 tx=0x7f99ec009bb0 comp rx=0 tx=0).stop
2023-07-18T02:58:10.972 INFO:teuthology.orchestra.run.smithi101.stdout:/usr/bin/ceph: stderr
2023-07-18T02:58:10.403+0000 7f99f62ed700 1 -- 172.21.15.101:0/1936523214 shutdown_connections
2023-07-18T02:58:10.972 INFO:teuthology.orchestra.run.smithi101.stdout:/usr/bin/ceph: stderr
2023-07-18T02:58:10.403+0000 7f99f62ed700 1 --2- 172.21.15.101:0/1936523214 >> [v2:172.21.15.101:3300/0,v1:172.21.15.101:6789/0] conn(0x7f99f0105140 0x7f99f0105550 unknown :-1 s=CLOSED pgs=49 cs=0 l=1 rev1=1 crypto rx=0 tx=0 comp rx=0 tx=0).stop
2023-07-18T02:58:10.972 INFO:teuthology.orchestra.run.smithi101.stdout:/usr/bin/ceph: stderr
2023-07-18T02:58:10.403+0000 7f99f62ed700 1 -- 172.21.15.101:0/1936523214 >> 172.21.15.101:0/1936523214 conn(0x7f99f01007f0 msgr2=0x7f99f0102c00 unknown :-1 s=STATE_NONE l=0).mark_down
2023-07-18T02:58:10.972 INFO:teuthology.orchestra.run.smithi101.stdout:/usr/bin/ceph: stderr
2023-07-18T02:58:10.403+0000 7f99f62ed700 1 -- 172.21.15.101:0/1936523214 shutdown_connections
2023-07-18T02:58:10.973 INFO:teuthology.orchestra.run.smithi101.stdout:/usr/bin/ceph: stderr
2023-07-18T02:58:10.403+0000 7f99f62ed700 1 -- 172.21.15.101:0/1936523214 wait complete.
2023-07-18T02:58:10.973 INFO:teuthology.orchestra.run.smithi101.stdout:/usr/bin/ceph: stderr
2023-07-18T02:58:10.404+0000 7f99f62ed700 1 Processor -- start
2023-07-18T02:58:10.973 INFO:teuthology.orchestra.run.smithi101.stdout:/usr/bin/ceph: stderr
2023-07-18T02:58:10.405+0000 7f99f62ed700 1 -- start start
2023-07-18T02:58:10.973 INFO:teuthology.orchestra.run.smithi101.stdout:/usr/bin/ceph: stderr
2023-07-18T02:58:10.405+0000 7f99f62ed700 1 --2- >> [v2:172.21.15.101:3300/0,v1:172.21.15.101:6789/0] conn(0x7f99f0105140 0x7f99f019b0f0 unknown :-1 s=NONE pgs=0 cs=0 l=1 rev1=0 crypto rx=0 tx=0 comp rx=0 tx=0).connect
2023-07-18T02:58:10.973 INFO:teuthology.orchestra.run.smithi101.stdout:/usr/bin/ceph: stderr
2023-07-18T02:58:10.405+0000 7f99f62ed700 1 -- --> [v2:172.21.15.101:3300/0,v1:172.21.15.101:6789/0] -- mon_getmap magic: 0 v1 -- 0x7f99f019b630 con 0x7f99f0105140
2023-07-18T02:58:10.973 INFO:teuthology.orchestra.run.smithi101.stdout:/usr/bin/ceph: stderr
2023-07-18T02:58:10.405+0000 7f99f52eb700 1 --2- >> [v2:172.21.15.101:3300/0,v1:172.21.15.101:6789/0] conn(0x7f99f0105140 0x7f99f019b0f0 unknown :-1 s=BANNER_CONNECTING pgs=0 cs=0 l=1 rev1=0 crypto rx=0 tx=0 comp rx=0 tx=0)._handle_peer_banner_payload supported=3 required=0
2023-07-18T02:58:10.973 INFO:teuthology.orchestra.run.smithi101.stdout:/usr/bin/ceph: stderr
2023-07-18T02:58:10.405+0000 7f99f52eb700 1 --2- >> [v2:172.21.15.101:3300/0,v1:172.21.15.101:6789/0] conn(0x7f99f0105140 0x7f99f019b0f0 unknown :-1 s=HELLO_CONNECTING pgs=0 cs=0 l=1 rev1=1 crypto rx=0 tx=0 comp rx=0 tx=0).handle_hello peer v2:172.21.15.101:3300/0 says I am v2:172.21.15.101:51394/0 (socket says 172.21.15.101:51394)
2023-07-18T02:58:10.974 INFO:teuthology.orchestra.run.smithi101.stdout:/usr/bin/ceph: stderr
2023-07-18T02:58:10.405+0000 7f99f52eb700 1 -- 172.21.15.101:0/3110788249 learned_addr learned my addr 172.21.15.101:0/3110788249 (peer_addr_for_me v2:172.21.15.101:0/0)
2023-07-18T02:58:10.974 INFO:teuthology.orchestra.run.smithi101.stdout:/usr/bin/ceph: stderr
2023-07-18T02:58:10.406+0000 7f99f52eb700 1 -- 172.21.15.101:0/3110788249 --> [v2:172.21.15.101:3300/0,v1:172.21.15.101:6789/0] -- mon_subscribe({config=0+,monmap=0+}) v3 -- 0x7f99ec009550 con 0x7f99f0105140
2023-07-18T02:58:10.974 INFO:teuthology.orchestra.run.smithi101.stdout:/usr/bin/ceph: stderr
2023-07-18T02:58:10.406+0000 7f99f52eb700 1 --2- 172.21.15.101:0/3110788249 >> [v2:172.21.15.101:3300/0,v1:172.21.15.101:6789/0] conn(0x7f99f0105140 0x7f99f019b0f0 secure :-1 s=READY pgs=50 cs=0 l=1 rev1=1 crypto rx=0x7f99ec011980 tx=0x7f99ec011a60 comp rx=0 tx=0).ready entity=mon.0 client_cookie=0 server_cookie=0 in_seq=0 out_seq=0
2023-07-18T02:58:10.974 INFO:teuthology.orchestra.run.smithi101.stdout:/usr/bin/ceph: stderr
2023-07-18T02:58:10.406+0000 7f99e67fc700 1 -- 172.21.15.101:0/3110788249 <== mon.0 v2:172.21.15.101:3300/0 1 ==== mon_map magic: 0 v1 ==== 205+0+0 (secure 0 0 0) 0x7f99ec003a60 con 0x7f99f0105140
2023-07-18T02:58:10.974 INFO:teuthology.orchestra.run.smithi101.stdout:/usr/bin/ceph: stderr
2023-07-18T02:58:10.406+0000 7f99f62ed700 1 -- 172.21.15.101:0/3110788249 --> [v2:172.21.15.101:3300/0,v1:172.21.15.101:6789/0] -- mon_subscribe({mgrmap=0+}) v3 -- 0x7f99f019b830 con 0x7f99f0105140
2023-07-18T02:58:10.974 INFO:teuthology.orchestra.run.smithi101.stdout:/usr/bin/ceph: stderr
2023-07-18T02:58:10.406+0000 7f99e67fc700 1 -- 172.21.15.101:0/3110788249 <== mon.0 v2:172.21.15.101:3300/0 2 ==== config(26 keys) v1 ==== 1105+0+0 (secure 0 0 0) 0x7f99ec003bc0 con 0x7f99f0105140
2023-07-18T02:58:10.974 INFO:teuthology.orchestra.run.smithi101.stdout:/usr/bin/ceph: stderr
2023-07-18T02:58:10.406+0000 7f99e67fc700 1 -- 172.21.15.101:0/3110788249 <== mon.0 v2:172.21.15.101:3300/0 3 ==== mon_map magic: 0 v1 ==== 205+0+0 (secure 0 0 0) 0x7f99ec01a670 con 0x7f99f0105140
2023-07-18T02:58:10.975 INFO:teuthology.orchestra.run.smithi101.stdout:/usr/bin/ceph: stderr
2023-07-18T02:58:10.406+0000 7f99f62ed700 1 -- 172.21.15.101:0/3110788249 --> [v2:172.21.15.101:3300/0,v1:172.21.15.101:6789/0] -- mon_subscribe({osdmap=0}) v3 -- 0x7f99f019bc50 con 0x7f99f0105140
2023-07-18T02:58:10.975 INFO:teuthology.orchestra.run.smithi101.stdout:/usr/bin/ceph: stderr
2023-07-18T02:58:10.407+0000 7f99e67fc700 1 -- 172.21.15.101:0/3110788249 <== mon.0 v2:172.21.15.101:3300/0 4 ==== mgrmap(e 8) v1 ==== 45483+0+0 (secure 0 0 0) 0x7f99ec01a930 con 0x7f99f0105140
2023-07-18T02:58:10.975 INFO:teuthology.orchestra.run.smithi101.stdout:/usr/bin/ceph: stderr
2023-07-18T02:58:10.407+0000 7f99f62ed700 1 -- 172.21.15.101:0/3110788249 --> [v2:172.21.15.101:3300/0,v1:172.21.15.101:6789/0] -- mon_command({"prefix": "get_command_descriptions"} v 0) v1 -- 0x7f99f01095d0 con 0x7f99f0105140
2023-07-18T02:58:10.975 INFO:teuthology.orchestra.run.smithi101.stdout:/usr/bin/ceph: stderr
2023-07-18T02:58:10.408+0000 7f99e67fc700 1 --2- 172.21.15.101:0/3110788249 >> [v2:172.21.15.101:6800/2461037266,v1:172.21.15.101:6801/2461037266] conn(0x7f99dc038710 0x7f99dc03abc0 unknown :-1 s=NONE pgs=0 cs=0 l=1 rev1=0 crypto rx=0 tx=0 comp rx=0 tx=0).connect
2023-07-18T02:58:10.975 INFO:teuthology.orchestra.run.smithi101.stdout:/usr/bin/ceph: stderr
2023-07-18T02:58:10.408+0000 7f99e67fc700 1 -- 172.21.15.101:0/3110788249 <== mon.0 v2:172.21.15.101:3300/0 5 ==== osd_map(2..2 src has 1..2) v4 ==== 940+0+0 (secure 0 0 0) 0x7f99ec04c850 con 0x7f99f0105140
2023-07-18T02:58:10.975 INFO:teuthology.orchestra.run.smithi101.stdout:/usr/bin/ceph: stderr
2023-07-18T02:58:10.408+0000 7f99f4aea700 1 --2- 172.21.15.101:0/3110788249 >> [v2:172.21.15.101:6800/2461037266,v1:172.21.15.101:6801/2461037266] conn(0x7f99dc038710 0x7f99dc03abc0 unknown :-1 s=BANNER_CONNECTING pgs=0 cs=0 l=1 rev1=0 crypto rx=0 tx=0 comp rx=0 tx=0)._handle_peer_banner_payload supported=3 required=0
2023-07-18T02:58:10.975 INFO:teuthology.orchestra.run.smithi101.stdout:/usr/bin/ceph: stderr
2023-07-18T02:58:10.409+0000 7f99f4aea700 1 --2- 172.21.15.101:0/3110788249 >> [v2:172.21.15.101:6800/2461037266,v1:172.21.15.101:6801/2461037266] conn(0x7f99dc038710 0x7f99dc03abc0 secure :-1 s=READY pgs=14 cs=0 l=1 rev1=1 crypto rx=0x7f99e0006fd0 tx=0x7f99e0006e40 comp rx=0 tx=0).ready entity=mgr.14118 client_cookie=0 server_cookie=0 in_seq=0 out_seq=0
2023-07-18T02:58:10.975 INFO:teuthology.orchestra.run.smithi101.stdout:/usr/bin/ceph: stderr
2023-07-18T02:58:10.413+0000 7f99e67fc700 1 -- 172.21.15.101:0/3110788249 <== mon.0 v2:172.21.15.101:3300/0 6 ==== mon_command_ack([{"prefix": "get_command_descriptions"}]=0 v0) v1 ==== 72+0+178038 (secure 0 0 0) 0x7f99ec018b80 con 0x7f99f0105140
2023-07-18T02:58:10.976 INFO:teuthology.orchestra.run.smithi101.stdout:/usr/bin/ceph: stderr
2023-07-18T02:58:10.621+0000 7f99f62ed700 1 -- 172.21.15.101:0/3110788249 --> [v2:172.21.15.101:3300/0,v1:172.21.15.101:6789/0] -- mon_command([{prefix=config set, name=mgr/cephadm/container_init}] v 0) v1 -- 0x7f99f0061b40 con 0x7f99f0105140
2023-07-18T02:58:10.976 INFO:teuthology.orchestra.run.smithi101.stdout:/usr/bin/ceph: stderr
2023-07-18T02:58:10.627+0000 7f99e67fc700 1 -- 172.21.15.101:0/3110788249 <== mon.0 v2:172.21.15.101:3300/0 7 ==== mon_command_ack([{prefix=config set, name=mgr/cephadm/container_init}]=0 v7)=0 v7) v1 ==== 142+0+0 (secure 0 0 0) 0x7f99ec018350 con 0x7f99f0105140
2023-07-18T02:58:10.976 INFO:teuthology.orchestra.run.smithi101.stdout:/usr/bin/ceph: stderr
2023-07-18T02:58:10.629+0000 7f99f62ed700 1 -- 172.21.15.101:0/3110788249 >> [v2:172.21.15.101:6800/2461037266,v1:172.21.15.101:6801/2461037266] conn(0x7f99dc038710 msgr2=0x7f99dc03abc0 secure :-1 s=STATE_CONNECTION_ESTABLISHED l=1).mark_down
2023-07-18T02:58:10.976 INFO:teuthology.orchestra.run.smithi101.stdout:/usr/bin/ceph: stderr
2023-07-18T02:58:10.629+0000 7f99f62ed700 1 --2- 172.21.15.101:0/3110788249 >> [v2:172.21.15.101:6800/2461037266,v1:172.21.15.101:6801/2461037266] conn(0x7f99dc038710 0x7f99dc03abc0 secure :-1 s=READY pgs=14 cs=0 l=1 rev1=1 crypto rx=0x7f99e0006fd0 tx=0x7f99e0006e40 comp rx=0 tx=0).stop
2023-07-18T02:58:10.977 INFO:teuthology.orchestra.run.smithi101.stdout:/usr/bin/ceph: stderr
2023-07-18T02:58:10.629+0000 7f99f62ed700 1 -- 172.21.15.101:0/3110788249 >> [v2:172.21.15.101:3300/0,v1:172.21.15.101:6789/0] conn(0x7f99f0105140 msgr2=0x7f99f019b0f0 secure :-1 s=STATE_CONNECTION_ESTABLISHED l=1).mark_down
2023-07-18T02:58:10.977 INFO:teuthology.orchestra.run.smithi101.stdout:/usr/bin/ceph: stderr
2023-07-18T02:58:10.629+0000 7f99f62ed700 1 --2- 172.21.15.101:0/3110788249 >> [v2:172.21.15.101:3300/0,v1:172.21.15.101:6789/0] conn(0x7f99f0105140 0x7f99f019b0f0 secure :-1 s=READY pgs=50 cs=0 l=1 rev1=1 crypto rx=0x7f99ec011980 tx=0x7f99ec011a60 comp rx=0 tx=0).stop
2023-07-18T02:58:10.977 INFO:teuthology.orchestra.run.smithi101.stdout:/usr/bin/ceph: stderr
2023-07-18T02:58:10.630+0000 7f99f62ed700 1 -- 172.21.15.101:0/3110788249 shutdown_connections
2023-07-18T02:58:10.977 INFO:teuthology.orchestra.run.smithi101.stdout:/usr/bin/ceph: stderr
2023-07-18T02:58:10.630+0000 7f99f62ed700 1 --2- 172.21.15.101:0/3110788249 >> [v2:172.21.15.101:6800/2461037266,v1:172.21.15.101:6801/2461037266] conn(0x7f99dc038710 0x7f99dc03abc0 unknown :-1 s=CLOSED pgs=14 cs=0 l=1 rev1=1 crypto rx=0 tx=0 comp rx=0 tx=0).stop
2023-07-18T02:58:10.977 INFO:teuthology.orchestra.run.smithi101.stdout:/usr/bin/ceph: stderr
2023-07-18T02:58:10.630+0000 7f99f62ed700 1 --2- 172.21.15.101:0/3110788249 >> [v2:172.21.15.101:3300/0,v1:172.21.15.101:6789/0] conn(0x7f99f0105140 0x7f99f019b0f0 unknown :-1 s=CLOSED pgs=50 cs=0 l=1 rev1=1 crypto rx=0 tx=0 comp rx=0 tx=0).stop
2023-07-18T02:58:10.977 INFO:teuthology.orchestra.run.smithi101.stdout:/usr/bin/ceph: stderr
2023-07-18T02:58:10.630+0000 7f99f62ed700 1 -- 172.21.15.101:0/3110788249 >> 172.21.15.101:0/3110788249 conn(0x7f99f01007f0 msgr2=0x7f99f0101ef0 unknown :-1 s=STATE_NONE l=0).mark_down
2023-07-18T02:58:10.978 INFO:teuthology.orchestra.run.smithi101.stdout:/usr/bin/ceph: stderr
2023-07-18T02:58:10.630+0000 7f99f62ed700 1 -- 172.21.15.101:0/3110788249 shutdown_connections
2023-07-18T02:58:10.978 INFO:teuthology.orchestra.run.smithi101.stdout:/usr/bin/ceph: stderr
2023-07-18T02:58:10.630+0000 7f99f62ed700 1 -- 172.21.15.101:0/3110788249 wait complete.
2023-07-18T02:58:11.952 INFO:journalctl@ceph.mon.a.smithi101.stdout:Jul 18 02:58:11 smithi101 ceph-mon[126379]: from='client.? 172.21.15.101:0/3110788249' entity='client.admin'
2023-07-18T02:58:12.450 INFO:teuthology.orchestra.run.smithi101.stdout:/usr/bin/ceph: stderr
2023-07-18T02:58:11.525+0000 7fde2d0b7700 1 Processor -- start
2023-07-18T02:58:12.451 INFO:teuthology.orchestra.run.smithi101.stdout:/usr/bin/ceph: stderr
2023-07-18T02:58:11.525+0000 7fde2d0b7700 1 -- start start
2023-07-18T02:58:12.451 INFO:teuthology.orchestra.run.smithi101.stdout:/usr/bin/ceph: stderr
2023-07-18T02:58:11.525+0000 7fde2d0b7700 1 --2- >> [v2:172.21.15.101:3300/0,v1:172.21.15.101:6789/0] conn(0x7fde2807be00 0x7fde2807a300 unknown :-1 s=NONE pgs=0 cs=0 l=0 rev1=0 crypto rx=0 tx=0 comp rx=0 tx=0).connect
2023-07-18T02:58:12.451 INFO:teuthology.orchestra.run.smithi101.stdout:/usr/bin/ceph: stderr
2023-07-18T02:58:11.525+0000 7fde2d0b7700 1 -- --> [v2:172.21.15.101:3300/0,v1:172.21.15.101:6789/0] -- mon_getmap magic: 0 v1 -- 0x7fde2807a840 con 0x7fde2807be00
2023-07-18T02:58:12.451 INFO:teuthology.orchestra.run.smithi101.stdout:/usr/bin/ceph: stderr
2023-07-18T02:58:11.525+0000 7fde26d9d700 1 --2- >> [v2:172.21.15.101:3300/0,v1:172.21.15.101:6789/0] conn(0x7fde2807be00 0x7fde2807a300 unknown :-1 s=BANNER_CONNECTING pgs=0 cs=0 l=0 rev1=0 crypto rx=0 tx=0 comp rx=0 tx=0)._handle_peer_banner_payload supported=3 required=0
2023-07-18T02:58:12.451 INFO:teuthology.orchestra.run.smithi101.stdout:/usr/bin/ceph: stderr
2023-07-18T02:58:11.525+0000 7fde26d9d700 1 --2- >> [v2:172.21.15.101:3300/0,v1:172.21.15.101:6789/0] conn(0x7fde2807be00 0x7fde2807a300 unknown :-1 s=HELLO_CONNECTING pgs=0 cs=0 l=0 rev1=1 crypto rx=0 tx=0 comp rx=0 tx=0).handle_hello peer v2:172.21.15.101:3300/0 says I am v2:172.21.15.101:51410/0 (socket says 172.21.15.101:51410)
2023-07-18T02:58:12.451 INFO:teuthology.orchestra.run.smithi101.stdout:/usr/bin/ceph: stderr
2023-07-18T02:58:11.525+0000 7fde26d9d700 1 -- 172.21.15.101:0/3645491194 learned_addr learned my addr 172.21.15.101:0/3645491194 (peer_addr_for_me v2:172.21.15.101:0/0)
2023-07-18T02:58:12.452 INFO:teuthology.orchestra.run.smithi101.stdout:/usr/bin/ceph: stderr
2023-07-18T02:58:11.526+0000 7fde26d9d700 1 -- 172.21.15.101:0/3645491194 --> [v2:172.21.15.101:3300/0,v1:172.21.15.101:6789/0] -- mon_subscribe({config=0+,monmap=0+}) v3 -- 0x7fde2807a980 con 0x7fde2807be00
2023-07-18T02:58:12.452 INFO:teuthology.orchestra.run.smithi101.stdout:/usr/bin/ceph: stderr
2023-07-18T02:58:11.526+0000 7fde26d9d700 1 --2- 172.21.15.101:0/3645491194 >> [v2:172.21.15.101:3300/0,v1:172.21.15.101:6789/0] conn(0x7fde2807be00 0x7fde2807a300 secure :-1 s=READY pgs=51 cs=0 l=1 rev1=1 crypto rx=0x7fde180098a0 tx=0x7fde18009bb0 comp rx=0 tx=0).ready entity=mon.0 client_cookie=d15a926add1e7b2a server_cookie=0 in_seq=0 out_seq=0
2023-07-18T02:58:12.452 INFO:teuthology.orchestra.run.smithi101.stdout:/usr/bin/ceph: stderr
2023-07-18T02:58:11.526+0000 7fde25d9b700 1 -- 172.21.15.101:0/3645491194 <== mon.0 v2:172.21.15.101:3300/0 1 ==== mon_map magic: 0 v1 ==== 205+0+0 (secure 0 0 0) 0x7fde18004160 con 0x7fde2807be00
2023-07-18T02:58:12.452 INFO:teuthology.orchestra.run.smithi101.stdout:/usr/bin/ceph: stderr
2023-07-18T02:58:11.526+0000 7fde25d9b700 1 -- 172.21.15.101:0/3645491194 <== mon.0 v2:172.21.15.101:3300/0 2 ==== config(26 keys) v1 ==== 1105+0+0 (secure 0 0 0) 0x7fde180042c0 con 0x7fde2807be00
