2023-07-18T02:56:18.401 INFO:teuthology.orchestra.run.smithi016.stdout:/usr/bin/ceph: stderr
2023-07-18T02:56:17.740+0000 7fbb53fff700 1 --2- 172.21.15.16:0/258815355 >> [v2:172.21.15.16:6800/1882690904,v1:172.21.15.16:6801/1882690904] conn(0x7fbb54038710 0x7fbb5403abc0 unknown :-1 s=NONE pgs=0 cs=0 l=1 rev1=0 crypto rx=0 tx=0 comp rx=0 tx=0).connect
2023-07-18T02:56:18.401 INFO:teuthology.orchestra.run.smithi016.stdout:/usr/bin/ceph: stderr
2023-07-18T02:56:17.740+0000 7fbb53fff700 1 -- 172.21.15.16:0/258815355 <== mon.0 v2:172.21.15.16:3300/0 5 ==== osd_map(2..2 src has 1..2) v4 ==== 940+0+0 (secure 0 0 0) 0x7fbb5c04c820 con 0x7fbb6c19b480
2023-07-18T02:56:18.401 INFO:teuthology.orchestra.run.smithi016.stdout:/usr/bin/ceph: stderr
2023-07-18T02:56:17.740+0000 7fbb6a7fc700 1 --2- 172.21.15.16:0/258815355 >> [v2:172.21.15.16:6800/1882690904,v1:172.21.15.16:6801/1882690904] conn(0x7fbb54038710 0x7fbb5403abc0 unknown :-1 s=BANNER_CONNECTING pgs=0 cs=0 l=1 rev1=0 crypto rx=0 tx=0 comp rx=0 tx=0)._handle_peer_banner_payload supported=3 required=0
2023-07-18T02:56:18.401 INFO:teuthology.orchestra.run.smithi016.stdout:/usr/bin/ceph: stderr
2023-07-18T02:56:17.740+0000 7fbb6a7fc700 1 --2- 172.21.15.16:0/258815355 >> [v2:172.21.15.16:6800/1882690904,v1:172.21.15.16:6801/1882690904] conn(0x7fbb54038710 0x7fbb5403abc0 secure :-1 s=READY pgs=8 cs=0 l=1 rev1=1 crypto rx=0x7fbb60006fd0 tx=0x7fbb60006e40 comp rx=0 tx=0).ready entity=mgr.14118 client_cookie=0 server_cookie=0 in_seq=0 out_seq=0
2023-07-18T02:56:18.401 INFO:teuthology.orchestra.run.smithi016.stdout:/usr/bin/ceph: stderr
2023-07-18T02:56:17.745+0000 7fbb53fff700 1 -- 172.21.15.16:0/258815355 <== mon.0 v2:172.21.15.16:3300/0 6 ==== mon_command_ack([{"prefix": "get_command_descriptions"}]=0 v0) v1 ==== 72+0+178038 (secure 0 0 0) 0x7fbb5c010970 con 0x7fbb6c19b480
2023-07-18T02:56:18.402 INFO:teuthology.orchestra.run.smithi016.stdout:/usr/bin/ceph: stderr
2023-07-18T02:56:18.102+0000 7fbb7149c700 1 -- 172.21.15.16:0/258815355 --> [v2:172.21.15.16:6800/1882690904,v1:172.21.15.16:6801/1882690904] -- mgr_command(tid 0: {"prefix": "cephadm set-user", "user": "root", "target": ["mon-mgr", ""]}) v1 -- 0x7fbb6c101d80 con 0x7fbb54038710
2023-07-18T02:56:18.402 INFO:teuthology.orchestra.run.smithi016.stdout:/usr/bin/ceph: stderr
2023-07-18T02:56:18.103+0000 7fbb53fff700 1 -- 172.21.15.16:0/258815355 <== mgr.14118 v2:172.21.15.16:6800/1882690904 1 ==== mgr_command_reply(tid 0: 0 ) v1 ==== 8+0+16 (secure 0 0 0) 0x7fbb6c101d80 con 0x7fbb54038710
2023-07-18T02:56:18.402 INFO:teuthology.orchestra.run.smithi016.stdout:/usr/bin/ceph: stderr
2023-07-18T02:56:18.105+0000 7fbb7149c700 1 -- 172.21.15.16:0/258815355 >> [v2:172.21.15.16:6800/1882690904,v1:172.21.15.16:6801/1882690904] conn(0x7fbb54038710 msgr2=0x7fbb5403abc0 secure :-1 s=STATE_CONNECTION_ESTABLISHED l=1).mark_down
2023-07-18T02:56:18.402 INFO:teuthology.orchestra.run.smithi016.stdout:/usr/bin/ceph: stderr
2023-07-18T02:56:18.105+0000 7fbb7149c700 1 --2- 172.21.15.16:0/258815355 >> [v2:172.21.15.16:6800/1882690904,v1:172.21.15.16:6801/1882690904] conn(0x7fbb54038710 0x7fbb5403abc0 secure :-1 s=READY pgs=8 cs=0 l=1 rev1=1 crypto rx=0x7fbb60006fd0 tx=0x7fbb60006e40 comp rx=0 tx=0).stop
2023-07-18T02:56:18.402 INFO:teuthology.orchestra.run.smithi016.stdout:/usr/bin/ceph: stderr
2023-07-18T02:56:18.105+0000 7fbb7149c700 1 -- 172.21.15.16:0/258815355 >> [v2:172.21.15.16:3300/0,v1:172.21.15.16:6789/0] conn(0x7fbb6c19b480 msgr2=0x7fbb6c19b890 secure :-1 s=STATE_CONNECTION_ESTABLISHED l=1).mark_down
2023-07-18T02:56:18.402 INFO:teuthology.orchestra.run.smithi016.stdout:/usr/bin/ceph: stderr
2023-07-18T02:56:18.105+0000 7fbb7149c700 1 --2- 172.21.15.16:0/258815355 >> [v2:172.21.15.16:3300/0,v1:172.21.15.16:6789/0] conn(0x7fbb6c19b480 0x7fbb6c19b890 secure :-1 s=READY pgs=38 cs=0 l=1 rev1=1 crypto rx=0x7fbb5c009130 tx=0x7fbb5c011ad0 comp rx=0 tx=0).stop
2023-07-18T02:56:18.402 INFO:teuthology.orchestra.run.smithi016.stdout:/usr/bin/ceph: stderr
2023-07-18T02:56:18.105+0000 7fbb7149c700 1 -- 172.21.15.16:0/258815355 shutdown_connections
2023-07-18T02:56:18.403 INFO:teuthology.orchestra.run.smithi016.stdout:/usr/bin/ceph: stderr
2023-07-18T02:56:18.105+0000 7fbb7149c700 1 --2- 172.21.15.16:0/258815355 >> [v2:172.21.15.16:6800/1882690904,v1:172.21.15.16:6801/1882690904] conn(0x7fbb54038710 0x7fbb5403abc0 unknown :-1 s=CLOSED pgs=8 cs=0 l=1 rev1=1 crypto rx=0 tx=0 comp rx=0 tx=0).stop
2023-07-18T02:56:18.403 INFO:teuthology.orchestra.run.smithi016.stdout:/usr/bin/ceph: stderr
2023-07-18T02:56:18.105+0000 7fbb7149c700 1 --2- 172.21.15.16:0/258815355 >> [v2:172.21.15.16:3300/0,v1:172.21.15.16:6789/0] conn(0x7fbb6c19b480 0x7fbb6c19b890 unknown :-1 s=CLOSED pgs=38 cs=0 l=1 rev1=1 crypto rx=0 tx=0 comp rx=0 tx=0).stop
2023-07-18T02:56:18.403 INFO:teuthology.orchestra.run.smithi016.stdout:/usr/bin/ceph: stderr
2023-07-18T02:56:18.105+0000 7fbb7149c700 1 -- 172.21.15.16:0/258815355 >> 172.21.15.16:0/258815355 conn(0x7fbb6c0ffa50 msgr2=0x7fbb6c101120 unknown :-1 s=STATE_NONE l=0).mark_down
2023-07-18T02:56:18.403 INFO:teuthology.orchestra.run.smithi016.stdout:/usr/bin/ceph: stderr
2023-07-18T02:56:18.105+0000 7fbb7149c700 1 -- 172.21.15.16:0/258815355 shutdown_connections
2023-07-18T02:56:18.403 INFO:teuthology.orchestra.run.smithi016.stdout:/usr/bin/ceph: stderr
2023-07-18T02:56:18.105+0000 7fbb7149c700 1 -- 172.21.15.16:0/258815355 wait complete.
2023-07-18T02:56:18.403 INFO:teuthology.orchestra.run.smithi016.stdout:Generating ssh key...
2023-07-18T02:56:19.017 INFO:journalctl@ceph.mon.a.smithi016.stdout:Jul 18 02:56:18 smithi016 ceph-mon[96474]: from='client.14130 -' entity='client.admin' cmd=[{"prefix": "orch set backend", "module_name": "cephadm", "target": ["mon-mgr", ""]}]: dispatch
2023-07-18T02:56:19.711 INFO:journalctl@ceph.mgr.x.smithi016.stdout:Jul 18 02:56:19 smithi016 ceph-79ec4218-2516-11ee-9b34-001a4aab830c-mgr-x[96721]: Generating public/private rsa key pair.
2023-07-18T02:56:19.712 INFO:journalctl@ceph.mgr.x.smithi016.stdout:Jul 18 02:56:19 smithi016 ceph-79ec4218-2516-11ee-9b34-001a4aab830c-mgr-x[96721]: Your identification has been saved in /tmp/tmpyl1fejob/key.
2023-07-18T02:56:19.712 INFO:journalctl@ceph.mgr.x.smithi016.stdout:Jul 18 02:56:19 smithi016 ceph-79ec4218-2516-11ee-9b34-001a4aab830c-mgr-x[96721]: Your public key has been saved in /tmp/tmpyl1fejob/key.pub.
2023-07-18T02:56:19.712 INFO:journalctl@ceph.mgr.x.smithi016.stdout:Jul 18 02:56:19 smithi016 ceph-79ec4218-2516-11ee-9b34-001a4aab830c-mgr-x[96721]: The key fingerprint is:
2023-07-18T02:56:19.712 INFO:journalctl@ceph.mgr.x.smithi016.stdout:Jul 18 02:56:19 smithi016 ceph-79ec4218-2516-11ee-9b34-001a4aab830c-mgr-x[96721]: SHA256:Q6i4NGfwK+x4DDcYc1sMWtD2RzfMlh+76zBvGggvz6U ceph-79ec4218-2516-11ee-9b34-001a4aab830c
2023-07-18T02:56:19.712 INFO:journalctl@ceph.mgr.x.smithi016.stdout:Jul 18 02:56:19 smithi016 ceph-79ec4218-2516-11ee-9b34-001a4aab830c-mgr-x[96721]: The key's randomart image is:
2023-07-18T02:56:19.712 INFO:journalctl@ceph.mgr.x.smithi016.stdout:Jul 18 02:56:19 smithi016 ceph-79ec4218-2516-11ee-9b34-001a4aab830c-mgr-x[96721]: +---[RSA 3072]----+
2023-07-18T02:56:19.712 INFO:journalctl@ceph.mgr.x.smithi016.stdout:Jul 18 02:56:19 smithi016 ceph-79ec4218-2516-11ee-9b34-001a4aab830c-mgr-x[96721]: |.o o . |
2023-07-18T02:56:19.713 INFO:journalctl@ceph.mgr.x.smithi016.stdout:Jul 18 02:56:19 smithi016 ceph-79ec4218-2516-11ee-9b34-001a4aab830c-mgr-x[96721]: | = ..B . |
2023-07-18T02:56:19.713 INFO:journalctl@ceph.mgr.x.smithi016.stdout:Jul 18 02:56:19 smithi016 ceph-79ec4218-2516-11ee-9b34-001a4aab830c-mgr-x[96721]: | +.+ ..o.o o |
2023-07-18T02:56:19.713 INFO:journalctl@ceph.mgr.x.smithi016.stdout:Jul 18 02:56:19 smithi016 ceph-79ec4218-2516-11ee-9b34-001a4aab830c-mgr-x[96721]: |+ .++... o |
2023-07-18T02:56:19.713 INFO:journalctl@ceph.mgr.x.smithi016.stdout:Jul 18 02:56:19 smithi016 ceph-79ec4218-2516-11ee-9b34-001a4aab830c-mgr-x[96721]: | =+o*. S . |
2023-07-18T02:56:19.713 INFO:journalctl@ceph.mgr.x.smithi016.stdout:Jul 18 02:56:19 smithi016 ceph-79ec4218-2516-11ee-9b34-001a4aab830c-mgr-x[96721]: |oo+= + . .. |
2023-07-18T02:56:19.713 INFO:journalctl@ceph.mgr.x.smithi016.stdout:Jul 18 02:56:19 smithi016 ceph-79ec4218-2516-11ee-9b34-001a4aab830c-mgr-x[96721]: | ++.o o = . |
2023-07-18T02:56:19.713 INFO:journalctl@ceph.mgr.x.smithi016.stdout:Jul 18 02:56:19 smithi016 ceph-79ec4218-2516-11ee-9b34-001a4aab830c-mgr-x[96721]: | oo. + o =o |
2023-07-18T02:56:19.713 INFO:journalctl@ceph.mgr.x.smithi016.stdout:Jul 18 02:56:19 smithi016 ceph-79ec4218-2516-11ee-9b34-001a4aab830c-mgr-x[96721]: |... E .+o |
2023-07-18T02:56:19.714 INFO:journalctl@ceph.mgr.x.smithi016.stdout:Jul 18 02:56:19 smithi016 ceph-79ec4218-2516-11ee-9b34-001a4aab830c-mgr-x[96721]: +----[SHA256]-----+
2023-07-18T02:56:19.845 INFO:teuthology.orchestra.run.smithi016.stdout:/usr/bin/ceph: stderr
2023-07-18T02:56:18.903+0000 7ff4d86cf700 1 Processor -- start
2023-07-18T02:56:19.845 INFO:teuthology.orchestra.run.smithi016.stdout:/usr/bin/ceph: stderr
2023-07-18T02:56:18.903+0000 7ff4d86cf700 1 -- start start
2023-07-18T02:56:19.845 INFO:teuthology.orchestra.run.smithi016.stdout:/usr/bin/ceph: stderr
2023-07-18T02:56:18.903+0000 7ff4d86cf700 1 --2- >> [v2:172.21.15.16:3300/0,v1:172.21.15.16:6789/0] conn(0x7ff4d0073b80 0x7ff4d010a4b0 unknown :-1 s=NONE pgs=0 cs=0 l=0 rev1=0 crypto rx=0 tx=0 comp rx=0 tx=0).connect
2023-07-18T02:56:19.846 INFO:teuthology.orchestra.run.smithi016.stdout:/usr/bin/ceph: stderr
2023-07-18T02:56:18.903+0000 7ff4d86cf700 1 -- --> [v2:172.21.15.16:3300/0,v1:172.21.15.16:6789/0] -- mon_getmap magic: 0 v1 -- 0x7ff4d0105ea0 con 0x7ff4d0073b80
2023-07-18T02:56:19.846 INFO:teuthology.orchestra.run.smithi016.stdout:/usr/bin/ceph: stderr
2023-07-18T02:56:18.903+0000 7ff4d646b700 1 --2- >> [v2:172.21.15.16:3300/0,v1:172.21.15.16:6789/0] conn(0x7ff4d0073b80 0x7ff4d010a4b0 unknown :-1 s=BANNER_CONNECTING pgs=0 cs=0 l=0 rev1=0 crypto rx=0 tx=0 comp rx=0 tx=0)._handle_peer_banner_payload supported=3 required=0
2023-07-18T02:56:19.846 INFO:teuthology.orchestra.run.smithi016.stdout:/usr/bin/ceph: stderr
2023-07-18T02:56:18.904+0000 7ff4d646b700 1 --2- >> [v2:172.21.15.16:3300/0,v1:172.21.15.16:6789/0] conn(0x7ff4d0073b80 0x7ff4d010a4b0 unknown :-1 s=HELLO_CONNECTING pgs=0 cs=0 l=0 rev1=1 crypto rx=0 tx=0 comp rx=0 tx=0).handle_hello peer v2:172.21.15.16:3300/0 says I am v2:172.21.15.16:34050/0 (socket says 172.21.15.16:34050)
2023-07-18T02:56:19.847 INFO:teuthology.orchestra.run.smithi016.stdout:/usr/bin/ceph: stderr
2023-07-18T02:56:18.904+0000 7ff4d646b700 1 -- 172.21.15.16:0/2831457554 learned_addr learned my addr 172.21.15.16:0/2831457554 (peer_addr_for_me v2:172.21.15.16:0/0)
2023-07-18T02:56:19.847 INFO:teuthology.orchestra.run.smithi016.stdout:/usr/bin/ceph: stderr
2023-07-18T02:56:18.904+0000 7ff4d646b700 1 -- 172.21.15.16:0/2831457554 --> [v2:172.21.15.16:3300/0,v1:172.21.15.16:6789/0] -- mon_subscribe({config=0+,monmap=0+}) v3 -- 0x7ff4d010a9f0 con 0x7ff4d0073b80
2023-07-18T02:56:19.847 INFO:teuthology.orchestra.run.smithi016.stdout:/usr/bin/ceph: stderr
2023-07-18T02:56:18.904+0000 7ff4d646b700 1 --2- 172.21.15.16:0/2831457554 >> [v2:172.21.15.16:3300/0,v1:172.21.15.16:6789/0] conn(0x7ff4d0073b80 0x7ff4d010a4b0 secure :-1 s=READY pgs=39 cs=0 l=1 rev1=1 crypto rx=0x7ff4c00098a0 tx=0x7ff4c0009bb0 comp rx=0 tx=0).ready entity=mon.0 client_cookie=a630e49d8f2165b0 server_cookie=0 in_seq=0 out_seq=0
2023-07-18T02:56:19.847 INFO:teuthology.orchestra.run.smithi016.stdout:/usr/bin/ceph: stderr
2023-07-18T02:56:18.904+0000 7ff4d5469700 1 -- 172.21.15.16:0/2831457554 <== mon.0 v2:172.21.15.16:3300/0 1 ==== mon_map magic: 0 v1 ==== 205+0+0 (secure 0 0 0) 0x7ff4c0004160 con 0x7ff4d0073b80
2023-07-18T02:56:19.848 INFO:teuthology.orchestra.run.smithi016.stdout:/usr/bin/ceph: stderr
2023-07-18T02:56:18.904+0000 7ff4d5469700 1 -- 172.21.15.16:0/2831457554 <== mon.0 v2:172.21.15.16:3300/0 2 ==== config(26 keys) v1 ==== 1074+0+0 (secure 0 0 0) 0x7ff4c00042c0 con 0x7ff4d0073b80
2023-07-18T02:56:19.848 INFO:teuthology.orchestra.run.smithi016.stdout:/usr/bin/ceph: stderr
2023-07-18T02:56:18.904+0000 7ff4d5469700 1 -- 172.21.15.16:0/2831457554 <== mon.0 v2:172.21.15.16:3300/0 3 ==== mon_map magic: 0 v1 ==== 205+0+0 (secure 0 0 0) 0x7ff4c0011a00 con 0x7ff4d0073b80
2023-07-18T02:56:19.848 INFO:teuthology.orchestra.run.smithi016.stdout:/usr/bin/ceph: stderr
2023-07-18T02:56:18.905+0000 7ff4d86cf700 1 -- 172.21.15.16:0/2831457554 >> [v2:172.21.15.16:3300/0,v1:172.21.15.16:6789/0] conn(0x7ff4d0073b80 msgr2=0x7ff4d010a4b0 secure :-1 s=STATE_CONNECTION_ESTABLISHED l=1).mark_down
2023-07-18T02:56:19.848 INFO:teuthology.orchestra.run.smithi016.stdout:/usr/bin/ceph: stderr
2023-07-18T02:56:18.905+0000 7ff4d86cf700 1 --2- 172.21.15.16:0/2831457554 >> [v2:172.21.15.16:3300/0,v1:172.21.15.16:6789/0] conn(0x7ff4d0073b80 0x7ff4d010a4b0 secure :-1 s=READY pgs=39 cs=0 l=1 rev1=1 crypto rx=0x7ff4c00098a0 tx=0x7ff4c0009bb0 comp rx=0 tx=0).stop
2023-07-18T02:56:19.849 INFO:teuthology.orchestra.run.smithi016.stdout:/usr/bin/ceph: stderr
2023-07-18T02:56:18.905+0000 7ff4d86cf700 1 -- 172.21.15.16:0/2831457554 shutdown_connections
2023-07-18T02:56:19.849 INFO:teuthology.orchestra.run.smithi016.stdout:/usr/bin/ceph: stderr
2023-07-18T02:56:18.905+0000 7ff4d86cf700 1 --2- 172.21.15.16:0/2831457554 >> [v2:172.21.15.16:3300/0,v1:172.21.15.16:6789/0] conn(0x7ff4d0073b80 0x7ff4d010a4b0 unknown :-1 s=CLOSED pgs=39 cs=0 l=1 rev1=1 crypto rx=0 tx=0 comp rx=0 tx=0).stop
2023-07-18T02:56:19.849 INFO:teuthology.orchestra.run.smithi016.stdout:/usr/bin/ceph: stderr
2023-07-18T02:56:18.905+0000 7ff4d86cf700 1 -- 172.21.15.16:0/2831457554 >> 172.21.15.16:0/2831457554 conn(0x7ff4d00ffa40 msgr2=0x7ff4d0101e70 unknown :-1 s=STATE_NONE l=0).mark_down
2023-07-18T02:56:19.849 INFO:teuthology.orchestra.run.smithi016.stdout:/usr/bin/ceph: stderr
2023-07-18T02:56:18.905+0000 7ff4d86cf700 1 -- 172.21.15.16:0/2831457554 shutdown_connections
2023-07-18T02:56:19.850 INFO:teuthology.orchestra.run.smithi016.stdout:/usr/bin/ceph: stderr
2023-07-18T02:56:18.905+0000 7ff4d86cf700 1 -- 172.21.15.16:0/2831457554 wait complete.
2023-07-18T02:56:19.850 INFO:teuthology.orchestra.run.smithi016.stdout:/usr/bin/ceph: stderr
2023-07-18T02:56:18.906+0000 7ff4d86cf700 1 Processor -- start
2023-07-18T02:56:19.850 INFO:teuthology.orchestra.run.smithi016.stdout:/usr/bin/ceph: stderr
2023-07-18T02:56:18.906+0000 7ff4d86cf700 1 -- start start
2023-07-18T02:56:19.851 INFO:teuthology.orchestra.run.smithi016.stdout:/usr/bin/ceph: stderr
2023-07-18T02:56:18.906+0000 7ff4d86cf700 1 --2- >> [v2:172.21.15.16:3300/0,v1:172.21.15.16:6789/0] conn(0x7ff4d0073b80 0x7ff4d019b460 unknown :-1 s=NONE pgs=0 cs=0 l=1 rev1=0 crypto rx=0 tx=0 comp rx=0 tx=0).connect
2023-07-18T02:56:19.851 INFO:teuthology.orchestra.run.smithi016.stdout:/usr/bin/ceph: stderr
2023-07-18T02:56:18.906+0000 7ff4d86cf700 1 -- --> [v2:172.21.15.16:3300/0,v1:172.21.15.16:6789/0] -- mon_getmap magic: 0 v1 -- 0x7ff4d019b9a0 con 0x7ff4d0073b80
2023-07-18T02:56:19.851 INFO:teuthology.orchestra.run.smithi016.stdout:/usr/bin/ceph: stderr
2023-07-18T02:56:18.906+0000 7ff4d646b700 1 --2- >> [v2:172.21.15.16:3300/0,v1:172.21.15.16:6789/0] conn(0x7ff4d0073b80 0x7ff4d019b460 unknown :-1 s=BANNER_CONNECTING pgs=0 cs=0 l=1 rev1=0 crypto rx=0 tx=0 comp rx=0 tx=0)._handle_peer_banner_payload supported=3 required=0
2023-07-18T02:56:19.851 INFO:teuthology.orchestra.run.smithi016.stdout:/usr/bin/ceph: stderr
2023-07-18T02:56:18.906+0000 7ff4d646b700 1 --2- >> [v2:172.21.15.16:3300/0,v1:172.21.15.16:6789/0] conn(0x7ff4d0073b80 0x7ff4d019b460 unknown :-1 s=HELLO_CONNECTING pgs=0 cs=0 l=1 rev1=1 crypto rx=0 tx=0 comp rx=0 tx=0).handle_hello peer v2:172.21.15.16:3300/0 says I am v2:172.21.15.16:34052/0 (socket says 172.21.15.16:34052)
2023-07-18T02:56:19.852 INFO:teuthology.orchestra.run.smithi016.stdout:/usr/bin/ceph: stderr
2023-07-18T02:56:18.906+0000 7ff4d646b700 1 -- 172.21.15.16:0/1703504680 learned_addr learned my addr 172.21.15.16:0/1703504680 (peer_addr_for_me v2:172.21.15.16:0/0)
2023-07-18T02:56:19.852 INFO:teuthology.orchestra.run.smithi016.stdout:/usr/bin/ceph: stderr
2023-07-18T02:56:18.906+0000 7ff4d646b700 1 -- 172.21.15.16:0/1703504680 --> [v2:172.21.15.16:3300/0,v1:172.21.15.16:6789/0] -- mon_subscribe({config=0+,monmap=0+}) v3 -- 0x7ff4c0009550 con 0x7ff4d0073b80
2023-07-18T02:56:19.852 INFO:teuthology.orchestra.run.smithi016.stdout:/usr/bin/ceph: stderr
2023-07-18T02:56:18.906+0000 7ff4d646b700 1 --2- 172.21.15.16:0/1703504680 >> [v2:172.21.15.16:3300/0,v1:172.21.15.16:6789/0] conn(0x7ff4d0073b80 0x7ff4d019b460 secure :-1 s=READY pgs=40 cs=0 l=1 rev1=1 crypto rx=0x7ff4c0009fb0 tx=0x7ff4c0011ad0 comp rx=0 tx=0).ready entity=mon.0 client_cookie=0 server_cookie=0 in_seq=0 out_seq=0
2023-07-18T02:56:19.853 INFO:teuthology.orchestra.run.smithi016.stdout:/usr/bin/ceph: stderr
2023-07-18T02:56:18.906+0000 7ff4c77fe700 1 -- 172.21.15.16:0/1703504680 <== mon.0 v2:172.21.15.16:3300/0 1 ==== mon_map magic: 0 v1 ==== 205+0+0 (secure 0 0 0) 0x7ff4c00039c0 con 0x7ff4d0073b80
2023-07-18T02:56:19.853 INFO:teuthology.orchestra.run.smithi016.stdout:/usr/bin/ceph: stderr
2023-07-18T02:56:18.906+0000 7ff4c77fe700 1 -- 172.21.15.16:0/1703504680 <== mon.0 v2:172.21.15.16:3300/0 2 ==== config(26 keys) v1 ==== 1074+0+0 (secure 0 0 0) 0x7ff4c0003b20 con 0x7ff4d0073b80
2023-07-18T02:56:19.853 INFO:teuthology.orchestra.run.smithi016.stdout:/usr/bin/ceph: stderr
2023-07-18T02:56:18.906+0000 7ff4d86cf700 1 -- 172.21.15.16:0/1703504680 --> [v2:172.21.15.16:3300/0,v1:172.21.15.16:6789/0] -- mon_subscribe({mgrmap=0+}) v3 -- 0x7ff4d019bba0 con 0x7ff4d0073b80
2023-07-18T02:56:19.853 INFO:teuthology.orchestra.run.smithi016.stdout:/usr/bin/ceph: stderr
2023-07-18T02:56:18.906+0000 7ff4c77fe700 1 -- 172.21.15.16:0/1703504680 <== mon.0 v2:172.21.15.16:3300/0 3 ==== mon_map magic: 0 v1 ==== 205+0+0 (secure 0 0 0) 0x7ff4c001a780 con 0x7ff4d0073b80
2023-07-18T02:56:19.854 INFO:teuthology.orchestra.run.smithi016.stdout:/usr/bin/ceph: stderr
2023-07-18T02:56:18.906+0000 7ff4d86cf700 1 -- 172.21.15.16:0/1703504680 --> [v2:172.21.15.16:3300/0,v1:172.21.15.16:6789/0] -- mon_subscribe({osdmap=0}) v3 -- 0x7ff4d019bfc0 con 0x7ff4d0073b80
2023-07-18T02:56:19.854 INFO:teuthology.orchestra.run.smithi016.stdout:/usr/bin/ceph: stderr
2023-07-18T02:56:18.907+0000 7ff4c77fe700 1 -- 172.21.15.16:0/1703504680 <== mon.0 v2:172.21.15.16:3300/0 4 ==== mgrmap(e 8) v1 ==== 45483+0+0 (secure 0 0 0) 0x7ff4c001a8e0 con 0x7ff4d0073b80
2023-07-18T02:56:19.854 INFO:teuthology.orchestra.run.smithi016.stdout:/usr/bin/ceph: stderr
2023-07-18T02:56:18.907+0000 7ff4c77fe700 1 --2- 172.21.15.16:0/1703504680 >> [v2:172.21.15.16:6800/1882690904,v1:172.21.15.16:6801/1882690904] conn(0x7ff4bc038710 0x7ff4bc03abc0 unknown :-1 s=NONE pgs=0 cs=0 l=1 rev1=0 crypto rx=0 tx=0 comp rx=0 tx=0).connect
2023-07-18T02:56:19.854 INFO:teuthology.orchestra.run.smithi016.stdout:/usr/bin/ceph: stderr
2023-07-18T02:56:18.907+0000 7ff4c77fe700 1 -- 172.21.15.16:0/1703504680 <== mon.0 v2:172.21.15.16:3300/0 5 ==== osd_map(2..2 src has 1..2) v4 ==== 940+0+0 (secure 0 0 0) 0x7ff4c004c950 con 0x7ff4d0073b80
2023-07-18T02:56:19.855 INFO:teuthology.orchestra.run.smithi016.stdout:/usr/bin/ceph: stderr
2023-07-18T02:56:18.908+0000 7ff4d86cf700 1 -- 172.21.15.16:0/1703504680 --> [v2:172.21.15.16:3300/0,v1:172.21.15.16:6789/0] -- mon_command({"prefix": "get_command_descriptions"} v 0) v1 -- 0x7ff4d0061b40 con 0x7ff4d0073b80
2023-07-18T02:56:19.855 INFO:teuthology.orchestra.run.smithi016.stdout:/usr/bin/ceph: stderr
2023-07-18T02:56:18.908+0000 7ff4d5c6a700 1 --2- 172.21.15.16:0/1703504680 >> [v2:172.21.15.16:6800/1882690904,v1:172.21.15.16:6801/1882690904] conn(0x7ff4bc038710 0x7ff4bc03abc0 unknown :-1 s=BANNER_CONNECTING pgs=0 cs=0 l=1 rev1=0 crypto rx=0 tx=0 comp rx=0 tx=0)._handle_peer_banner_payload supported=3 required=0
2023-07-18T02:56:19.855 INFO:teuthology.orchestra.run.smithi016.stdout:/usr/bin/ceph: stderr
2023-07-18T02:56:18.908+0000 7ff4d5c6a700 1 --2- 172.21.15.16:0/1703504680 >> [v2:172.21.15.16:6800/1882690904,v1:172.21.15.16:6801/1882690904] conn(0x7ff4bc038710 0x7ff4bc03abc0 secure :-1 s=READY pgs=9 cs=0 l=1 rev1=1 crypto rx=0x7ff4cc006fd0 tx=0x7ff4cc006e40 comp rx=0 tx=0).ready entity=mgr.14118 client_cookie=0 server_cookie=0 in_seq=0 out_seq=0
2023-07-18T02:56:19.855 INFO:teuthology.orchestra.run.smithi016.stdout:/usr/bin/ceph: stderr
2023-07-18T02:56:18.912+0000 7ff4c77fe700 1 -- 172.21.15.16:0/1703504680 <== mon.0 v2:172.21.15.16:3300/0 6 ==== mon_command_ack([{"prefix": "get_command_descriptions"}]=0 v0) v1 ==== 72+0+178038 (secure 0 0 0) 0x7ff4c001abe0 con 0x7ff4d0073b80
2023-07-18T02:56:19.856 INFO:teuthology.orchestra.run.smithi016.stdout:/usr/bin/ceph: stderr
2023-07-18T02:56:19.271+0000 7ff4d86cf700 1 -- 172.21.15.16:0/1703504680 --> [v2:172.21.15.16:6800/1882690904,v1:172.21.15.16:6801/1882690904] -- mgr_command(tid 0: {"prefix": "cephadm generate-key", "target": ["mon-mgr", ""]}) v1 -- 0x7ff4d0101d80 con 0x7ff4bc038710
2023-07-18T02:56:19.856 INFO:teuthology.orchestra.run.smithi016.stdout:/usr/bin/ceph: stderr
2023-07-18T02:56:19.417+0000 7ff4c77fe700 1 -- 172.21.15.16:0/1703504680 <== mgr.14118 v2:172.21.15.16:6800/1882690904 1 ==== mgr_command_reply(tid 0: 0 ) v1 ==== 8+0+0 (secure 0 0 0) 0x7ff4d0101d80 con 0x7ff4bc038710
2023-07-18T02:56:19.856 INFO:teuthology.orchestra.run.smithi016.stdout:/usr/bin/ceph: stderr
2023-07-18T02:56:19.419+0000 7ff4d86cf700 1 -- 172.21.15.16:0/1703504680 >> [v2:172.21.15.16:6800/1882690904,v1:172.21.15.16:6801/1882690904] conn(0x7ff4bc038710 msgr2=0x7ff4bc03abc0 secure :-1 s=STATE_CONNECTION_ESTABLISHED l=1).mark_down
2023-07-18T02:56:19.856 INFO:teuthology.orchestra.run.smithi016.stdout:/usr/bin/ceph: stderr
2023-07-18T02:56:19.419+0000 7ff4d86cf700 1 --2- 172.21.15.16:0/1703504680 >> [v2:172.21.15.16:6800/1882690904,v1:172.21.15.16:6801/1882690904] conn(0x7ff4bc038710 0x7ff4bc03abc0 secure :-1 s=READY pgs=9 cs=0 l=1 rev1=1 crypto rx=0x7ff4cc006fd0 tx=0x7ff4cc006e40 comp rx=0 tx=0).stop
2023-07-18T02:56:19.857 INFO:teuthology.orchestra.run.smithi016.stdout:/usr/bin/ceph: stderr
2023-07-18T02:56:19.419+0000 7ff4d86cf700 1 -- 172.21.15.16:0/1703504680 >> [v2:172.21.15.16:3300/0,v1:172.21.15.16:6789/0] conn(0x7ff4d0073b80 msgr2=0x7ff4d019b460 secure :-1 s=STATE_CONNECTION_ESTABLISHED l=1).mark_down
2023-07-18T02:56:19.857 INFO:teuthology.orchestra.run.smithi016.stdout:/usr/bin/ceph: stderr
2023-07-18T02:56:19.419+0000 7ff4d86cf700 1 --2- 172.21.15.16:0/1703504680 >> [v2:172.21.15.16:3300/0,v1:172.21.15.16:6789/0] conn(0x7ff4d0073b80 0x7ff4d019b460 secure :-1 s=READY pgs=40 cs=0 l=1 rev1=1 crypto rx=0x7ff4c0009fb0 tx=0x7ff4c0011ad0 comp rx=0 tx=0).stop
2023-07-18T02:56:19.857 INFO:teuthology.orchestra.run.smithi016.stdout:/usr/bin/ceph: stderr
2023-07-18T02:56:19.420+0000 7ff4d86cf700 1 -- 172.21.15.16:0/1703504680 shutdown_connections
2023-07-18T02:56:19.858 INFO:teuthology.orchestra.run.smithi016.stdout:/usr/bin/ceph: stderr
2023-07-18T02:56:19.420+0000 7ff4d86cf700 1 --2- 172.21.15.16:0/1703504680 >> [v2:172.21.15.16:6800/1882690904,v1:172.21.15.16:6801/1882690904] conn(0x7ff4bc038710 0x7ff4bc03abc0 unknown :-1 s=CLOSED pgs=9 cs=0 l=1 rev1=1 crypto rx=0 tx=0 comp rx=0 tx=0).stop
2023-07-18T02:56:19.858 INFO:teuthology.orchestra.run.smithi016.stdout:/usr/bin/ceph: stderr
2023-07-18T02:56:19.420+0000 7ff4d86cf700 1 --2- 172.21.15.16:0/1703504680 >> [v2:172.21.15.16:3300/0,v1:172.21.15.16:6789/0] conn(0x7ff4d0073b80 0x7ff4d019b460 unknown :-1 s=CLOSED pgs=40 cs=0 l=1 rev1=1 crypto rx=0 tx=0 comp rx=0 tx=0).stop
2023-07-18T02:56:19.858 INFO:teuthology.orchestra.run.smithi016.stdout:/usr/bin/ceph: stderr
2023-07-18T02:56:19.420+0000 7ff4d86cf700 1 -- 172.21.15.16:0/1703504680 >> 172.21.15.16:0/1703504680 conn(0x7ff4d00ffa40 msgr2=0x7ff4d0101160 unknown :-1 s=STATE_NONE l=0).mark_down
2023-07-18T02:56:19.858 INFO:teuthology.orchestra.run.smithi016.stdout:/usr/bin/ceph: stderr
2023-07-18T02:56:19.420+0000 7ff4d86cf700 1 -- 172.21.15.16:0/1703504680 shutdown_connections
2023-07-18T02:56:19.859 INFO:teuthology.orchestra.run.smithi016.stdout:/usr/bin/ceph: stderr
2023-07-18T02:56:19.420+0000 7ff4d86cf700 1 -- 172.21.15.16:0/1703504680 wait complete.
2023-07-18T02:56:20.017 INFO:journalctl@ceph.mon.a.smithi016.stdout:Jul 18 02:56:19 smithi016 ceph-mon[96474]: from='client.14132 -' entity='client.admin' cmd=[{"prefix": "cephadm set-user", "user": "root", "target": ["mon-mgr", ""]}]: dispatch
2023-07-18T02:56:20.018 INFO:journalctl@ceph.mon.a.smithi016.stdout:Jul 18 02:56:19 smithi016 ceph-mon[96474]: from='mgr.14118 172.21.15.16:0/2529547160' entity='mgr.x'
2023-07-18T02:56:20.018 INFO:journalctl@ceph.mon.a.smithi016.stdout:Jul 18 02:56:19 smithi016 ceph-mon[96474]: from='mgr.14118 172.21.15.16:0/2529547160' entity='mgr.x'
2023-07-18T02:56:21.017 INFO:journalctl@ceph.mon.a.smithi016.stdout:Jul 18 02:56:20 smithi016 ceph-mon[96474]: from='client.14134 -' entity='client.admin' cmd=[{"prefix": "cephadm generate-key", "target": ["mon-mgr", ""]}]: dispatch
2023-07-18T02:56:21.018 INFO:journalctl@ceph.mon.a.smithi016.stdout:Jul 18 02:56:20 smithi016 ceph-mon[96474]: Generating ssh key...
2023-07-18T02:56:21.087 INFO:teuthology.orchestra.run.smithi016.stdout:/usr/bin/ceph: stdout ssh-rsa AAAAB3NzaC1yc2EAAAADAQABAAABgQC+egtC4n+30u8OHUmvI7Zy1mk3L/76ybc/2u45TN7CPGPpXhCj2dz0nXtZ0aSkY2U28ITu4eGhf48/pph7RHg4X9gTHyhzwsmyjoSbaDGymIbq31elO0FL6wb/2H/ivwOYPLRBUmQhlfwcEA3ma8rTPXqIyLHcnhvYuqARgUnPbYBEyWAW5CINeaa6VPAY0dLl5FzvR5iZlJMJc/IsDc2pGnGZ1wouskApwlOn2SUugXgDeh0Hiv9BlJO5pSKTW9L24t8C+aumksouU56f2zcqR3D5qAFizRCaLyuGs/Lof4cyJmzj2isaDX87zyY05w3Rs4Yhne6mx8/N4SzI9UP/SkJpvSFRlqBv0rsRfoHJFirGCp96jG0WNfU3CnTEHY4/7/qsddcHrj5rd/cv1ObdMkxp8KxREvyxUsW261px6CotdfxtX4qIrn8XRPKSx0kFR9M/dHe639tT0+yu/jGMau4UzBBhCb6qQoYZ69LXivaAIMROqdX+gr2xEHZ3UWc= ceph-79ec4218-2516-11ee-9b34-001a4aab830c
2023-07-18T02:56:21.087 INFO:teuthology.orchestra.run.smithi016.stdout:/usr/bin/ceph: stderr
2023-07-18T02:56:20.328+0000 7f3bf3a1c700 1 Processor -- start
2023-07-18T02:56:21.087 INFO:teuthology.orchestra.run.smithi016.stdout:/usr/bin/ceph: stderr
2023-07-18T02:56:20.328+0000 7f3bf3a1c700 1 -- start start
2023-07-18T02:56:21.088 INFO:teuthology.orchestra.run.smithi016.stdout:/usr/bin/ceph: stderr
2023-07-18T02:56:20.328+0000 7f3bf3a1c700 1 --2- >> [v2:172.21.15.16:3300/0,v1:172.21.15.16:6789/0] conn(0x7f3bec106070 0x7f3bec108450 unknown :-1 s=NONE pgs=0 cs=0 l=0 rev1=0 crypto rx=0 tx=0 comp rx=0 tx=0).connect
2023-07-18T02:56:21.088 INFO:teuthology.orchestra.run.smithi016.stdout:/usr/bin/ceph: stderr
2023-07-18T02:56:20.328+0000 7f3bf3a1c700 1 -- --> [v2:172.21.15.16:3300/0,v1:172.21.15.16:6789/0] -- mon_getmap magic: 0 v1 -- 0x7f3bec073bc0 con 0x7f3bec106070
2023-07-18T02:56:21.088 INFO:teuthology.orchestra.run.smithi016.stdout:/usr/bin/ceph: stderr
2023-07-18T02:56:20.328+0000 7f3bf17b8700 1 --2- >> [v2:172.21.15.16:3300/0,v1:172.21.15.16:6789/0] conn(0x7f3bec106070 0x7f3bec108450 unknown :-1 s=BANNER_CONNECTING pgs=0 cs=0 l=0 rev1=0 crypto rx=0 tx=0 comp rx=0 tx=0)._handle_peer_banner_payload supported=3 required=0
2023-07-18T02:56:21.088 INFO:teuthology.orchestra.run.smithi016.stdout:/usr/bin/ceph: stderr
2023-07-18T02:56:20.328+0000 7f3bf17b8700 1 --2- >> [v2:172.21.15.16:3300/0,v1:172.21.15.16:6789/0] conn(0x7f3bec106070 0x7f3bec108450 unknown :-1 s=HELLO_CONNECTING pgs=0 cs=0 l=0 rev1=1 crypto rx=0 tx=0 comp rx=0 tx=0).handle_hello peer v2:172.21.15.16:3300/0 says I am v2:172.21.15.16:34056/0 (socket says 172.21.15.16:34056)
2023-07-18T02:56:21.088 INFO:teuthology.orchestra.run.smithi016.stdout:/usr/bin/ceph: stderr
2023-07-18T02:56:20.328+0000 7f3bf17b8700 1 -- 172.21.15.16:0/2355150646 learned_addr learned my addr 172.21.15.16:0/2355150646 (peer_addr_for_me v2:172.21.15.16:0/0)
2023-07-18T02:56:21.088 INFO:teuthology.orchestra.run.smithi016.stdout:/usr/bin/ceph: stderr
2023-07-18T02:56:20.329+0000 7f3bf17b8700 1 -- 172.21.15.16:0/2355150646 --> [v2:172.21.15.16:3300/0,v1:172.21.15.16:6789/0] -- mon_subscribe({config=0+,monmap=0+}) v3 -- 0x7f3bec073d00 con 0x7f3bec106070
2023-07-18T02:56:21.088 INFO:teuthology.orchestra.run.smithi016.stdout:/usr/bin/ceph: stderr
2023-07-18T02:56:20.329+0000 7f3bf17b8700 1 --2- 172.21.15.16:0/2355150646 >> [v2:172.21.15.16:3300/0,v1:172.21.15.16:6789/0] conn(0x7f3bec106070 0x7f3bec108450 secure :-1 s=READY pgs=41 cs=0 l=1 rev1=1 crypto rx=0x7f3be80098a0 tx=0x7f3be8009bb0 comp rx=0 tx=0).ready entity=mon.0 client_cookie=b9c7883b4e669f74 server_cookie=0 in_seq=0 out_seq=0
2023-07-18T02:56:21.089 INFO:teuthology.orchestra.run.smithi016.stdout:/usr/bin/ceph: stderr
2023-07-18T02:56:20.329+0000 7f3be3fff700 1 -- 172.21.15.16:0/2355150646 <== mon.0 v2:172.21.15.16:3300/0 1 ==== mon_map magic: 0 v1 ==== 205+0+0 (secure 0 0 0) 0x7f3be8004160 con 0x7f3bec106070
2023-07-18T02:56:21.089 INFO:teuthology.orchestra.run.smithi016.stdout:/usr/bin/ceph: stderr
2023-07-18T02:56:20.329+0000 7f3be3fff700 1 -- 172.21.15.16:0/2355150646 <== mon.0 v2:172.21.15.16:3300/0 2 ==== config(26 keys) v1 ==== 1074+0+0 (secure 0 0 0) 0x7f3be80042c0 con 0x7f3bec106070
2023-07-18T02:56:21.089 INFO:teuthology.orchestra.run.smithi016.stdout:/usr/bin/ceph: stderr
2023-07-18T02:56:20.329+0000 7f3be3fff700 1 -- 172.21.15.16:0/2355150646 <== mon.0 v2:172.21.15.16:3300/0 3 ==== mon_map magic: 0 v1 ==== 205+0+0 (secure 0 0 0) 0x7f3be8011a00 con 0x7f3bec106070
2023-07-18T02:56:21.089 INFO:teuthology.orchestra.run.smithi016.stdout:/usr/bin/ceph: stderr
2023-07-18T02:56:20.329+0000 7f3bf3a1c700 1 -- 172.21.15.16:0/2355150646 >> [v2:172.21.15.16:3300/0,v1:172.21.15.16:6789/0] conn(0x7f3bec106070 msgr2=0x7f3bec108450 secure :-1 s=STATE_CONNECTION_ESTABLISHED l=1).mark_down
2023-07-18T02:56:21.089 INFO:teuthology.orchestra.run.smithi016.stdout:/usr/bin/ceph: stderr
2023-07-18T02:56:20.329+0000 7f3bf3a1c700 1 --2- 172.21.15.16:0/2355150646 >> [v2:172.21.15.16:3300/0,v1:172.21.15.16:6789/0] conn(0x7f3bec106070 0x7f3bec108450 secure :-1 s=READY pgs=41 cs=0 l=1 rev1=1 crypto rx=0x7f3be80098a0 tx=0x7f3be8009bb0 comp rx=0 tx=0).stop
2023-07-18T02:56:21.089 INFO:teuthology.orchestra.run.smithi016.stdout:/usr/bin/ceph: stderr
2023-07-18T02:56:20.330+0000 7f3bf3a1c700 1 -- 172.21.15.16:0/2355150646 shutdown_connections
2023-07-18T02:56:21.089 INFO:teuthology.orchestra.run.smithi016.stdout:/usr/bin/ceph: stderr
2023-07-18T02:56:20.330+0000 7f3bf3a1c700 1 --2- 172.21.15.16:0/2355150646 >> [v2:172.21.15.16:3300/0,v1:172.21.15.16:6789/0] conn(0x7f3bec106070 0x7f3bec108450 unknown :-1 s=CLOSED pgs=41 cs=0 l=1 rev1=1 crypto rx=0 tx=0 comp rx=0 tx=0).stop
2023-07-18T02:56:21.089 INFO:teuthology.orchestra.run.smithi016.stdout:/usr/bin/ceph: stderr
2023-07-18T02:56:20.330+0000 7f3bf3a1c700 1 -- 172.21.15.16:0/2355150646 >> 172.21.15.16:0/2355150646 conn(0x7f3bec0ffa50 msgr2=0x7f3bec101e80 unknown :-1 s=STATE_NONE l=0).mark_down
2023-07-18T02:56:21.090 INFO:teuthology.orchestra.run.smithi016.stdout:/usr/bin/ceph: stderr
2023-07-18T02:56:20.330+0000 7f3bf3a1c700 1 -- 172.21.15.16:0/2355150646 shutdown_connections
2023-07-18T02:56:21.090 INFO:teuthology.orchestra.run.smithi016.stdout:/usr/bin/ceph: stderr
2023-07-18T02:56:20.330+0000 7f3bf3a1c700 1 -- 172.21.15.16:0/2355150646 wait complete.
2023-07-18T02:56:21.090 INFO:teuthology.orchestra.run.smithi016.stdout:/usr/bin/ceph: stderr
2023-07-18T02:56:20.330+0000 7f3bf3a1c700 1 Processor -- start
2023-07-18T02:56:21.090 INFO:teuthology.orchestra.run.smithi016.stdout:/usr/bin/ceph: stderr
2023-07-18T02:56:20.330+0000 7f3bf3a1c700 1 -- start start
2023-07-18T02:56:21.090 INFO:teuthology.orchestra.run.smithi016.stdout:/usr/bin/ceph: stderr
2023-07-18T02:56:20.330+0000 7f3bf3a1c700 1 --2- >> [v2:172.21.15.16:3300/0,v1:172.21.15.16:6789/0] conn(0x7f3bec106070 0x7f3bec1992b0 unknown :-1 s=NONE pgs=0 cs=0 l=1 rev1=0 crypto rx=0 tx=0 comp rx=0 tx=0).connect
2023-07-18T02:56:21.091 INFO:teuthology.orchestra.run.smithi016.stdout:/usr/bin/ceph: stderr
2023-07-18T02:56:20.330+0000 7f3bf3a1c700 1 -- --> [v2:172.21.15.16:3300/0,v1:172.21.15.16:6789/0] -- mon_getmap magic: 0 v1 -- 0x7f3bec1997f0 con 0x7f3bec106070
2023-07-18T02:56:21.091 INFO:teuthology.orchestra.run.smithi016.stdout:/usr/bin/ceph: stderr
2023-07-18T02:56:20.331+0000 7f3bf17b8700 1 --2- >> [v2:172.21.15.16:3300/0,v1:172.21.15.16:6789/0] conn(0x7f3bec106070 0x7f3bec1992b0 unknown :-1 s=BANNER_CONNECTING pgs=0 cs=0 l=1 rev1=0 crypto rx=0 tx=0 comp rx=0 tx=0)._handle_peer_banner_payload supported=3 required=0
2023-07-18T02:56:21.091 INFO:teuthology.orchestra.run.smithi016.stdout:/usr/bin/ceph: stderr
2023-07-18T02:56:20.331+0000 7f3bf17b8700 1 --2- >> [v2:172.21.15.16:3300/0,v1:172.21.15.16:6789/0] conn(0x7f3bec106070 0x7f3bec1992b0 unknown :-1 s=HELLO_CONNECTING pgs=0 cs=0 l=1 rev1=1 crypto rx=0 tx=0 comp rx=0 tx=0).handle_hello peer v2:172.21.15.16:3300/0 says I am v2:172.21.15.16:34058/0 (socket says 172.21.15.16:34058)
2023-07-18T02:56:21.091 INFO:teuthology.orchestra.run.smithi016.stdout:/usr/bin/ceph: stderr
2023-07-18T02:56:20.331+0000 7f3bf17b8700 1 -- 172.21.15.16:0/2384128053 learned_addr learned my addr 172.21.15.16:0/2384128053 (peer_addr_for_me v2:172.21.15.16:0/0)
2023-07-18T02:56:21.091 INFO:teuthology.orchestra.run.smithi016.stdout:/usr/bin/ceph: stderr
2023-07-18T02:56:20.331+0000 7f3bf17b8700 1 -- 172.21.15.16:0/2384128053 --> [v2:172.21.15.16:3300/0,v1:172.21.15.16:6789/0] -- mon_subscribe({config=0+,monmap=0+}) v3 -- 0x7f3be8009550 con 0x7f3bec106070
2023-07-18T02:56:21.092 INFO:teuthology.orchestra.run.smithi016.stdout:/usr/bin/ceph: stderr
2023-07-18T02:56:20.331+0000 7f3bf17b8700 1 --2- 172.21.15.16:0/2384128053 >> [v2:172.21.15.16:3300/0,v1:172.21.15.16:6789/0] conn(0x7f3bec106070 0x7f3bec1992b0 secure :-1 s=READY pgs=42 cs=0 l=1 rev1=1 crypto rx=0x7f3be8009130 tx=0x7f3be8011ad0 comp rx=0 tx=0).ready entity=mon.0 client_cookie=0 server_cookie=0 in_seq=0 out_seq=0
2023-07-18T02:56:21.092 INFO:teuthology.orchestra.run.smithi016.stdout:/usr/bin/ceph: stderr
2023-07-18T02:56:20.331+0000 7f3be27fc700 1 -- 172.21.15.16:0/2384128053 <== mon.0 v2:172.21.15.16:3300/0 1 ==== mon_map magic: 0 v1 ==== 205+0+0 (secure 0 0 0) 0x7f3be8003ab0 con 0x7f3bec106070
2023-07-18T02:56:21.092 INFO:teuthology.orchestra.run.smithi016.stdout:/usr/bin/ceph: stderr
2023-07-18T02:56:20.331+0000 7f3be27fc700 1 -- 172.21.15.16:0/2384128053 <== mon.0 v2:172.21.15.16:3300/0 2 ==== config(26 keys) v1 ==== 1074+0+0 (secure 0 0 0) 0x7f3be8003c10 con 0x7f3bec106070
2023-07-18T02:56:21.092 INFO:teuthology.orchestra.run.smithi016.stdout:/usr/bin/ceph: stderr
2023-07-18T02:56:20.331+0000 7f3bf3a1c700 1 -- 172.21.15.16:0/2384128053 --> [v2:172.21.15.16:3300/0,v1:172.21.15.16:6789/0] -- mon_subscribe({mgrmap=0+}) v3 -- 0x7f3bec1999f0 con 0x7f3bec106070
2023-07-18T02:56:21.092 INFO:teuthology.orchestra.run.smithi016.stdout:/usr/bin/ceph: stderr
2023-07-18T02:56:20.331+0000 7f3be27fc700 1 -- 172.21.15.16:0/2384128053 <== mon.0 v2:172.21.15.16:3300/0 3 ==== mon_map magic: 0 v1 ==== 205+0+0 (secure 0 0 0) 0x7f3be80247d0 con 0x7f3bec106070
2023-07-18T02:56:21.092 INFO:teuthology.orchestra.run.smithi016.stdout:/usr/bin/ceph: stderr
2023-07-18T02:56:20.331+0000 7f3bf3a1c700 1 -- 172.21.15.16:0/2384128053 --> [v2:172.21.15.16:3300/0,v1:172.21.15.16:6789/0] -- mon_subscribe({osdmap=0}) v3 -- 0x7f3bec199e10 con 0x7f3bec106070
2023-07-18T02:56:21.092 INFO:teuthology.orchestra.run.smithi016.stdout:/usr/bin/ceph: stderr
2023-07-18T02:56:20.332+0000 7f3bf3a1c700 1 -- 172.21.15.16:0/2384128053 --> [v2:172.21.15.16:3300/0,v1:172.21.15.16:6789/0] -- mon_command({"prefix": "get_command_descriptions"} v 0) v1 -- 0x7f3bec061b40 con 0x7f3bec106070
2023-07-18T02:56:21.093 INFO:teuthology.orchestra.run.smithi016.stdout:/usr/bin/ceph: stderr
2023-07-18T02:56:20.333+0000 7f3be27fc700 1 -- 172.21.15.16:0/2384128053 <== mon.0 v2:172.21.15.16:3300/0 4 ==== mgrmap(e 8) v1 ==== 45483+0+0 (secure 0 0 0) 0x7f3be801abb0 con 0x7f3bec106070
2023-07-18T02:56:21.093 INFO:teuthology.orchestra.run.smithi016.stdout:/usr/bin/ceph: stderr
2023-07-18T02:56:20.333+0000 7f3be27fc700 1 --2- 172.21.15.16:0/2384128053 >> [v2:172.21.15.16:6800/1882690904,v1:172.21.15.16:6801/1882690904] conn(0x7f3bd8038760 0x7f3bd803ac10 unknown :-1 s=NONE pgs=0 cs=0 l=1 rev1=0 crypto rx=0 tx=0 comp rx=0 tx=0).connect
2023-07-18T02:56:21.093 INFO:teuthology.orchestra.run.smithi016.stdout:/usr/bin/ceph: stderr
2023-07-18T02:56:20.333+0000 7f3be27fc700 1 -- 172.21.15.16:0/2384128053 <== mon.0 v2:172.21.15.16:3300/0 5 ==== osd_map(2..2 src has 1..2) v4 ==== 940+0+0 (secure 0 0 0) 0x7f3be804c790 con 0x7f3bec106070
2023-07-18T02:56:21.093 INFO:teuthology.orchestra.run.smithi016.stdout:/usr/bin/ceph: stderr
2023-07-18T02:56:20.333+0000 7f3bf0fb7700 1 --2- 172.21.15.16:0/2384128053 >> [v2:172.21.15.16:6800/1882690904,v1:172.21.15.16:6801/1882690904] conn(0x7f3bd8038760 0x7f3bd803ac10 unknown :-1 s=BANNER_CONNECTING pgs=0 cs=0 l=1 rev1=0 crypto rx=0 tx=0 comp rx=0 tx=0)._handle_peer_banner_payload supported=3 required=0
2023-07-18T02:56:21.093 INFO:teuthology.orchestra.run.smithi016.stdout:/usr/bin/ceph: stderr
2023-07-18T02:56:20.333+0000 7f3bf0fb7700 1 --2- 172.21.15.16:0/2384128053 >> [v2:172.21.15.16:6800/1882690904,v1:172.21.15.16:6801/1882690904] conn(0x7f3bd8038760 0x7f3bd803ac10 secure :-1 s=READY pgs=10 cs=0 l=1 rev1=1 crypto rx=0x7f3bdc006fd0 tx=0x7f3bdc006e40 comp rx=0 tx=0).ready entity=mgr.14118 client_cookie=0 server_cookie=0 in_seq=0 out_seq=0
2023-07-18T02:56:21.093 INFO:teuthology.orchestra.run.smithi016.stdout:/usr/bin/ceph: stderr
2023-07-18T02:56:20.338+0000 7f3be27fc700 1 -- 172.21.15.16:0/2384128053 <== mon.0 v2:172.21.15.16:3300/0 6 ==== mon_command_ack([{"prefix": "get_command_descriptions"}]=0 v0) v1 ==== 72+0+178038 (secure 0 0 0) 0x7f3be8018900 con 0x7f3bec106070
2023-07-18T02:56:21.093 INFO:teuthology.orchestra.run.smithi016.stdout:/usr/bin/ceph: stderr
2023-07-18T02:56:20.694+0000 7f3bf3a1c700 1 -- 172.21.15.16:0/2384128053 --> [v2:172.21.15.16:6800/1882690904,v1:172.21.15.16:6801/1882690904] -- mgr_command(tid 0: {"prefix": "cephadm get-pub-key", "target": ["mon-mgr", ""]}) v1 -- 0x7f3bec101d80 con 0x7f3bd8038760
2023-07-18T02:56:21.093 INFO:teuthology.orchestra.run.smithi016.stdout:/usr/bin/ceph: stderr
2023-07-18T02:56:20.695+0000 7f3be27fc700 1 -- 172.21.15.16:0/2384128053 <== mgr.14118 v2:172.21.15.16:6800/1882690904 1 ==== mgr_command_reply(tid 0: 0 ) v1 ==== 8+0+595 (secure 0 0 0) 0x7f3bec101d80 con 0x7f3bd8038760
2023-07-18T02:56:21.094 INFO:teuthology.orchestra.run.smithi016.stdout:/usr/bin/ceph: stderr
2023-07-18T02:56:20.697+0000 7f3bf3a1c700 1 -- 172.21.15.16:0/2384128053 >> [v2:172.21.15.16:6800/1882690904,v1:172.21.15.16:6801/1882690904] conn(0x7f3bd8038760 msgr2=0x7f3bd803ac10 secure :-1 s=STATE_CONNECTION_ESTABLISHED l=1).mark_down
2023-07-18T02:56:21.094 INFO:teuthology.orchestra.run.smithi016.stdout:/usr/bin/ceph: stderr
2023-07-18T02:56:20.697+0000 7f3bf3a1c700 1 --2- 172.21.15.16:0/2384128053 >> [v2:172.21.15.16:6800/1882690904,v1:172.21.15.16:6801/1882690904] conn(0x7f3bd8038760 0x7f3bd803ac10 secure :-1 s=READY pgs=10 cs=0 l=1 rev1=1 crypto rx=0x7f3bdc006fd0 tx=0x7f3bdc006e40 comp rx=0 tx=0).stop
2023-07-18T02:56:21.094 INFO:teuthology.orchestra.run.smithi016.stdout:/usr/bin/ceph: stderr
2023-07-18T02:56:20.697+0000 7f3bf3a1c700 1 -- 172.21.15.16:0/2384128053 >> [v2:172.21.15.16:3300/0,v1:172.21.15.16:6789/0] conn(0x7f3bec106070 msgr2=0x7f3bec1992b0 secure :-1 s=STATE_CONNECTION_ESTABLISHED l=1).mark_down
2023-07-18T02:56:21.094 INFO:teuthology.orchestra.run.smithi016.stdout:/usr/bin/ceph: stderr
2023-07-18T02:56:20.697+0000 7f3bf3a1c700 1 --2- 172.21.15.16:0/2384128053 >> [v2:172.21.15.16:3300/0,v1:172.21.15.16:6789/0] conn(0x7f3bec106070 0x7f3bec1992b0 secure :-1 s=READY pgs=42 cs=0 l=1 rev1=1 crypto rx=0x7f3be8009130 tx=0x7f3be8011ad0 comp rx=0 tx=0).stop
2023-07-18T02:56:21.094 INFO:teuthology.orchestra.run.smithi016.stdout:/usr/bin/ceph: stderr
2023-07-18T02:56:20.697+0000 7f3bf3a1c700 1 -- 172.21.15.16:0/2384128053 shutdown_connections
2023-07-18T02:56:21.094 INFO:teuthology.orchestra.run.smithi016.stdout:/usr/bin/ceph: stderr
2023-07-18T02:56:20.697+0000 7f3bf3a1c700 1 --2- 172.21.15.16:0/2384128053 >> [v2:172.21.15.16:6800/1882690904,v1:172.21.15.16:6801/1882690904] conn(0x7f3bd8038760 0x7f3bd803ac10 unknown :-1 s=CLOSED pgs=10 cs=0 l=1 rev1=1 crypto rx=0 tx=0 comp rx=0 tx=0).stop
2023-07-18T02:56:21.094 INFO:teuthology.orchestra.run.smithi016.stdout:/usr/bin/ceph: stderr
2023-07-18T02:56:20.697+0000 7f3bf3a1c700 1 --2- 172.21.15.16:0/2384128053 >> [v2:172.21.15.16:3300/0,v1:172.21.15.16:6789/0] conn(0x7f3bec106070 0x7f3bec1992b0 unknown :-1 s=CLOSED pgs=42 cs=0 l=1 rev1=1 crypto rx=0 tx=0 comp rx=0 tx=0).stop
2023-07-18T02:56:21.095 INFO:teuthology.orchestra.run.smithi016.stdout:/usr/bin/ceph: stderr
2023-07-18T02:56:20.697+0000 7f3bf3a1c700 1 -- 172.21.15.16:0/2384128053 >> 172.21.15.16:0/2384128053 conn(0x7f3bec0ffa50 msgr2=0x7f3bec101120 unknown :-1 s=STATE_NONE l=0).mark_down
2023-07-18T02:56:21.095 INFO:teuthology.orchestra.run.smithi016.stdout:/usr/bin/ceph: stderr
2023-07-18T02:56:20.698+0000 7f3bf3a1c700 1 -- 172.21.15.16:0/2384128053 shutdown_connections
2023-07-18T02:56:21.095 INFO:teuthology.orchestra.run.smithi016.stdout:/usr/bin/ceph: stderr
2023-07-18T02:56:20.698+0000 7f3bf3a1c700 1 -- 172.21.15.16:0/2384128053 wait complete.
2023-07-18T02:56:21.095 INFO:teuthology.orchestra.run.smithi016.stdout:Wrote public SSH key to /home/ubuntu/cephtest/ceph.pub
2023-07-18T02:56:21.095 INFO:teuthology.orchestra.run.smithi016.stdout:Adding key to root@localhost authorized_keys...
2023-07-18T02:56:21.096 INFO:teuthology.orchestra.run.smithi016.stdout:Adding host smithi016...
2023-07-18T02:56:21.976 INFO:journalctl@ceph.mon.a.smithi016.stdout:Jul 18 02:56:21 smithi016 ceph-mon[96474]: from='client.14136 -' entity='client.admin' cmd=[{"prefix": "cephadm get-pub-key", "target": ["mon-mgr", ""]}]: dispatch
2023-07-18T02:56:22.873 INFO:journalctl@ceph.mon.a.smithi016.stdout:Jul 18 02:56:22 smithi016 ceph-mon[96474]: from='client.14138 -' entity='client.admin' cmd=[{"prefix": "orch host add", "hostname": "smithi016", "addr": "172.21.15.16", "target": ["mon-mgr", ""]}]: dispatch
2023-07-18T02:56:22.873 INFO:journalctl@ceph.mon.a.smithi016.stdout:Jul 18 02:56:22 smithi016 ceph-mon[96474]: Deploying cephadm binary to smithi016
2023-07-18T02:56:24.940 INFO:teuthology.orchestra.run.smithi016.stdout:/usr/bin/ceph: stdout Added host 'smithi016' with addr '172.21.15.16'
2023-07-18T02:56:24.941 INFO:teuthology.orchestra.run.smithi016.stdout:/usr/bin/ceph: stderr
2023-07-18T02:56:21.561+0000 7f1c998f7700 1 Processor -- start
2023-07-18T02:56:24.941 INFO:teuthology.orchestra.run.smithi016.stdout:/usr/bin/ceph: stderr
2023-07-18T02:56:21.561+0000 7f1c998f7700 1 -- start start
2023-07-18T02:56:24.941 INFO:teuthology.orchestra.run.smithi016.stdout:/usr/bin/ceph: stderr
2023-07-18T02:56:21.561+0000 7f1c998f7700 1 --2- >> [v2:172.21.15.16:3300/0,v1:172.21.15.16:6789/0] conn(0x7f1c94105500 0x7f1c94105910 unknown :-1 s=NONE pgs=0 cs=0 l=0 rev1=0 crypto rx=0 tx=0 comp rx=0 tx=0).connect
2023-07-18T02:56:24.941 INFO:teuthology.orchestra.run.smithi016.stdout:/usr/bin/ceph: stderr
2023-07-18T02:56:21.561+0000 7f1c998f7700 1 -- --> [v2:172.21.15.16:3300/0,v1:172.21.15.16:6789/0] -- mon_getmap magic: 0 v1 -- 0x7f1c94105e50 con 0x7f1c94105500
2023-07-18T02:56:24.941 INFO:teuthology.orchestra.run.smithi016.stdout:/usr/bin/ceph: stderr
2023-07-18T02:56:21.561+0000 7f1c92ffd700 1 --2- >> [v2:172.21.15.16:3300/0,v1:172.21.15.16:6789/0] conn(0x7f1c94105500 0x7f1c94105910 unknown :-1 s=BANNER_CONNECTING pgs=0 cs=0 l=0 rev1=0 crypto rx=0 tx=0 comp rx=0 tx=0)._handle_peer_banner_payload supported=3 required=0
2023-07-18T02:56:24.942 INFO:teuthology.orchestra.run.smithi016.stdout:/usr/bin/ceph: stderr
2023-07-18T02:56:21.561+0000 7f1c92ffd700 1 --2- >> [v2:172.21.15.16:3300/0,v1:172.21.15.16:6789/0] conn(0x7f1c94105500 0x7f1c94105910 unknown :-1 s=HELLO_CONNECTING pgs=0 cs=0 l=0 rev1=1 crypto rx=0 tx=0 comp rx=0 tx=0).handle_hello peer v2:172.21.15.16:3300/0 says I am v2:172.21.15.16:34062/0 (socket says 172.21.15.16:34062)
2023-07-18T02:56:24.942 INFO:teuthology.orchestra.run.smithi016.stdout:/usr/bin/ceph: stderr
2023-07-18T02:56:21.561+0000 7f1c92ffd700 1 -- 172.21.15.16:0/1785515106 learned_addr learned my addr 172.21.15.16:0/1785515106 (peer_addr_for_me v2:172.21.15.16:0/0)
2023-07-18T02:56:24.942 INFO:teuthology.orchestra.run.smithi016.stdout:/usr/bin/ceph: stderr
2023-07-18T02:56:21.561+0000 7f1c92ffd700 1 -- 172.21.15.16:0/1785515106 --> [v2:172.21.15.16:3300/0,v1:172.21.15.16:6789/0] -- mon_subscribe({config=0+,monmap=0+}) v3 -- 0x7f1c94105f90 con 0x7f1c94105500
2023-07-18T02:56:24.942 INFO:teuthology.orchestra.run.smithi016.stdout:/usr/bin/ceph: stderr
2023-07-18T02:56:21.562+0000 7f1c92ffd700 1 --2- 172.21.15.16:0/1785515106 >> [v2:172.21.15.16:3300/0,v1:172.21.15.16:6789/0] conn(0x7f1c94105500 0x7f1c94105910 secure :-1 s=READY pgs=43 cs=0 l=1 rev1=1 crypto rx=0x7f1c880098a0 tx=0x7f1c88009bb0 comp rx=0 tx=0).ready entity=mon.0 client_cookie=21eb45bb32b17f25 server_cookie=0 in_seq=0 out_seq=0
2023-07-18T02:56:24.942 INFO:teuthology.orchestra.run.smithi016.stdout:/usr/bin/ceph: stderr
2023-07-18T02:56:21.562+0000 7f1c91ffb700 1 -- 172.21.15.16:0/1785515106 <== mon.0 v2:172.21.15.16:3300/0 1 ==== mon_map magic: 0 v1 ==== 205+0+0 (secure 0 0 0) 0x7f1c88004160 con 0x7f1c94105500
2023-07-18T02:56:24.942 INFO:teuthology.orchestra.run.smithi016.stdout:/usr/bin/ceph: stderr
2023-07-18T02:56:21.562+0000 7f1c91ffb700 1 -- 172.21.15.16:0/1785515106 <== mon.0 v2:172.21.15.16:3300/0 2 ==== config(26 keys) v1 ==== 1074+0+0 (secure 0 0 0) 0x7f1c880042c0 con 0x7f1c94105500
2023-07-18T02:56:24.942 INFO:teuthology.orchestra.run.smithi016.stdout:/usr/bin/ceph: stderr
2023-07-18T02:56:21.562+0000 7f1c91ffb700 1 -- 172.21.15.16:0/1785515106 <== mon.0 v2:172.21.15.16:3300/0 3 ==== mon_map magic: 0 v1 ==== 205+0+0 (secure 0 0 0) 0x7f1c88011a00 con 0x7f1c94105500
2023-07-18T02:56:24.943 INFO:teuthology.orchestra.run.smithi016.stdout:/usr/bin/ceph: stderr
2023-07-18T02:56:21.562+0000 7f1c998f7700 1 -- 172.21.15.16:0/1785515106 >> [v2:172.21.15.16:3300/0,v1:172.21.15.16:6789/0] conn(0x7f1c94105500 msgr2=0x7f1c94105910 secure :-1 s=STATE_CONNECTION_ESTABLISHED l=1).mark_down
2023-07-18T02:56:24.943 INFO:teuthology.orchestra.run.smithi016.stdout:/usr/bin/ceph: stderr
2023-07-18T02:56:21.562+0000 7f1c998f7700 1 --2- 172.21.15.16:0/1785515106 >> [v2:172.21.15.16:3300/0,v1:172.21.15.16:6789/0] conn(0x7f1c94105500 0x7f1c94105910 secure :-1 s=READY pgs=43 cs=0 l=1 rev1=1 crypto rx=0x7f1c880098a0 tx=0x7f1c88009bb0 comp rx=0 tx=0).stop
2023-07-18T02:56:24.943 INFO:teuthology.orchestra.run.smithi016.stdout:/usr/bin/ceph: stderr
2023-07-18T02:56:21.562+0000 7f1c998f7700 1 -- 172.21.15.16:0/1785515106 shutdown_connections
2023-07-18T02:56:24.943 INFO:teuthology.orchestra.run.smithi016.stdout:/usr/bin/ceph: stderr
2023-07-18T02:56:21.562+0000 7f1c998f7700 1 --2- 172.21.15.16:0/1785515106 >> [v2:172.21.15.16:3300/0,v1:172.21.15.16:6789/0] conn(0x7f1c94105500 0x7f1c94105910 unknown :-1 s=CLOSED pgs=43 cs=0 l=1 rev1=1 crypto rx=0 tx=0 comp rx=0 tx=0).stop
2023-07-18T02:56:24.943 INFO:teuthology.orchestra.run.smithi016.stdout:/usr/bin/ceph: stderr
2023-07-18T02:56:21.562+0000 7f1c998f7700 1 -- 172.21.15.16:0/1785515106 >> 172.21.15.16:0/1785515106 conn(0x7f1c94100b70 msgr2=0x7f1c94102f80 unknown :-1 s=STATE_NONE l=0).mark_down
2023-07-18T02:56:24.943 INFO:teuthology.orchestra.run.smithi016.stdout:/usr/bin/ceph: stderr
2023-07-18T02:56:21.562+0000 7f1c998f7700 1 -- 172.21.15.16:0/1785515106 shutdown_connections
2023-07-18T02:56:24.943 INFO:teuthology.orchestra.run.smithi016.stdout:/usr/bin/ceph: stderr
2023-07-18T02:56:21.562+0000 7f1c998f7700 1 -- 172.21.15.16:0/1785515106 wait complete.
2023-07-18T02:56:24.944 INFO:teuthology.orchestra.run.smithi016.stdout:/usr/bin/ceph: stderr
2023-07-18T02:56:21.563+0000 7f1c998f7700 1 Processor -- start
2023-07-18T02:56:24.944 INFO:teuthology.orchestra.run.smithi016.stdout:/usr/bin/ceph: stderr
2023-07-18T02:56:21.563+0000 7f1c998f7700 1 -- start start
2023-07-18T02:56:24.944 INFO:teuthology.orchestra.run.smithi016.stdout:/usr/bin/ceph: stderr
2023-07-18T02:56:21.563+0000 7f1c998f7700 1 --2- >> [v2:172.21.15.16:3300/0,v1:172.21.15.16:6789/0] conn(0x7f1c94105500 0x7f1c9407aaf0 unknown :-1 s=NONE pgs=0 cs=0 l=1 rev1=0 crypto rx=0 tx=0 comp rx=0 tx=0).connect
2023-07-18T02:56:24.944 INFO:teuthology.orchestra.run.smithi016.stdout:/usr/bin/ceph: stderr
2023-07-18T02:56:21.563+0000 7f1c998f7700 1 -- --> [v2:172.21.15.16:3300/0,v1:172.21.15.16:6789/0] -- mon_getmap magic: 0 v1 -- 0x7f1c9407b030 con 0x7f1c94105500
2023-07-18T02:56:24.944 INFO:teuthology.orchestra.run.smithi016.stdout:/usr/bin/ceph: stderr
2023-07-18T02:56:21.564+0000 7f1c92ffd700 1 --2- >> [v2:172.21.15.16:3300/0,v1:172.21.15.16:6789/0] conn(0x7f1c94105500 0x7f1c9407aaf0 unknown :-1 s=BANNER_CONNECTING pgs=0 cs=0 l=1 rev1=0 crypto rx=0 tx=0 comp rx=0 tx=0)._handle_peer_banner_payload supported=3 required=0
2023-07-18T02:56:24.944 INFO:teuthology.orchestra.run.smithi016.stdout:/usr/bin/ceph: stderr
2023-07-18T02:56:21.564+0000 7f1c92ffd700 1 --2- >> [v2:172.21.15.16:3300/0,v1:172.21.15.16:6789/0] conn(0x7f1c94105500 0x7f1c9407aaf0 unknown :-1 s=HELLO_CONNECTING pgs=0 cs=0 l=1 rev1=1 crypto rx=0 tx=0 comp rx=0 tx=0).handle_hello peer v2:172.21.15.16:3300/0 says I am v2:172.21.15.16:34064/0 (socket says 172.21.15.16:34064)
2023-07-18T02:56:24.944 INFO:teuthology.orchestra.run.smithi016.stdout:/usr/bin/ceph: stderr
2023-07-18T02:56:21.564+0000 7f1c92ffd700 1 -- 172.21.15.16:0/901077647 learned_addr learned my addr 172.21.15.16:0/901077647 (peer_addr_for_me v2:172.21.15.16:0/0)
2023-07-18T02:56:24.945 INFO:teuthology.orchestra.run.smithi016.stdout:/usr/bin/ceph: stderr
