2023-07-18T02:56:08.929+0000 7fdaae59c700 1 --2- >> [v2:172.21.15.16:3300/0,v1:172.21.15.16:6789/0] conn(0x7fdab007aca0 0x7fdab00791a0 unknown :-1 s=BANNER_CONNECTING pgs=0 cs=0 l=0 rev1=0 crypto rx=0 tx=0 comp rx=0 tx=0)._handle_peer_banner_payload supported=3 required=0
2023-07-18T02:56:16.007 INFO:teuthology.orchestra.run.smithi016.stdout:/usr/bin/ceph: stderr
2023-07-18T02:56:08.929+0000 7fdaae59c700 1 --2- >> [v2:172.21.15.16:3300/0,v1:172.21.15.16:6789/0] conn(0x7fdab007aca0 0x7fdab00791a0 unknown :-1 s=HELLO_CONNECTING pgs=0 cs=0 l=0 rev1=1 crypto rx=0 tx=0 comp rx=0 tx=0).handle_hello peer v2:172.21.15.16:3300/0 says I am v2:172.21.15.16:33984/0 (socket says 172.21.15.16:33984)
2023-07-18T02:56:16.007 INFO:teuthology.orchestra.run.smithi016.stdout:/usr/bin/ceph: stderr
2023-07-18T02:56:08.929+0000 7fdaae59c700 1 -- 172.21.15.16:0/2757253829 learned_addr learned my addr 172.21.15.16:0/2757253829 (peer_addr_for_me v2:172.21.15.16:0/0)
2023-07-18T02:56:16.007 INFO:teuthology.orchestra.run.smithi016.stdout:/usr/bin/ceph: stderr
2023-07-18T02:56:08.930+0000 7fdaae59c700 1 -- 172.21.15.16:0/2757253829 --> [v2:172.21.15.16:3300/0,v1:172.21.15.16:6789/0] -- mon_subscribe({config=0+,monmap=0+}) v3 -- 0x7fdab0079820 con 0x7fdab007aca0
2023-07-18T02:56:16.008 INFO:teuthology.orchestra.run.smithi016.stdout:/usr/bin/ceph: stderr
2023-07-18T02:56:08.930+0000 7fdaae59c700 1 --2- 172.21.15.16:0/2757253829 >> [v2:172.21.15.16:3300/0,v1:172.21.15.16:6789/0] conn(0x7fdab007aca0 0x7fdab00791a0 secure :-1 s=READY pgs=26 cs=0 l=1 rev1=1 crypto rx=0x7fdaa00098a0 tx=0x7fdaa0009bb0 comp rx=0 tx=0).ready entity=mon.0 client_cookie=31460c9e96b57728 server_cookie=0 in_seq=0 out_seq=0
2023-07-18T02:56:16.008 INFO:teuthology.orchestra.run.smithi016.stdout:/usr/bin/ceph: stderr
2023-07-18T02:56:08.930+0000 7fdaad59a700 1 -- 172.21.15.16:0/2757253829 <== mon.0 v2:172.21.15.16:3300/0 1 ==== mon_map magic: 0 v1 ==== 205+0+0 (secure 0 0 0) 0x7fdaa0004160 con 0x7fdab007aca0
2023-07-18T02:56:16.008 INFO:teuthology.orchestra.run.smithi016.stdout:/usr/bin/ceph: stderr
2023-07-18T02:56:08.930+0000 7fdaad59a700 1 -- 172.21.15.16:0/2757253829 <== mon.0 v2:172.21.15.16:3300/0 2 ==== config(26 keys) v1 ==== 1074+0+0 (secure 0 0 0) 0x7fdaa00042c0 con 0x7fdab007aca0
2023-07-18T02:56:16.008 INFO:teuthology.orchestra.run.smithi016.stdout:/usr/bin/ceph: stderr
2023-07-18T02:56:08.930+0000 7fdaad59a700 1 -- 172.21.15.16:0/2757253829 <== mon.0 v2:172.21.15.16:3300/0 3 ==== mon_map magic: 0 v1 ==== 205+0+0 (secure 0 0 0) 0x7fdaa0011a00 con 0x7fdab007aca0
2023-07-18T02:56:16.008 INFO:teuthology.orchestra.run.smithi016.stdout:/usr/bin/ceph: stderr
2023-07-18T02:56:08.931+0000 7fdab4bdd700 1 -- 172.21.15.16:0/2757253829 >> [v2:172.21.15.16:3300/0,v1:172.21.15.16:6789/0] conn(0x7fdab007aca0 msgr2=0x7fdab00791a0 secure :-1 s=STATE_CONNECTION_ESTABLISHED l=1).mark_down
2023-07-18T02:56:16.008 INFO:teuthology.orchestra.run.smithi016.stdout:/usr/bin/ceph: stderr
2023-07-18T02:56:08.931+0000 7fdab4bdd700 1 --2- 172.21.15.16:0/2757253829 >> [v2:172.21.15.16:3300/0,v1:172.21.15.16:6789/0] conn(0x7fdab007aca0 0x7fdab00791a0 secure :-1 s=READY pgs=26 cs=0 l=1 rev1=1 crypto rx=0x7fdaa00098a0 tx=0x7fdaa0009bb0 comp rx=0 tx=0).stop
2023-07-18T02:56:16.008 INFO:teuthology.orchestra.run.smithi016.stdout:/usr/bin/ceph: stderr
2023-07-18T02:56:08.931+0000 7fdab4bdd700 1 -- 172.21.15.16:0/2757253829 shutdown_connections
2023-07-18T02:56:16.009 INFO:teuthology.orchestra.run.smithi016.stdout:/usr/bin/ceph: stderr
2023-07-18T02:56:08.931+0000 7fdab4bdd700 1 --2- 172.21.15.16:0/2757253829 >> [v2:172.21.15.16:3300/0,v1:172.21.15.16:6789/0] conn(0x7fdab007aca0 0x7fdab00791a0 unknown :-1 s=CLOSED pgs=26 cs=0 l=1 rev1=1 crypto rx=0 tx=0 comp rx=0 tx=0).stop
2023-07-18T02:56:16.009 INFO:teuthology.orchestra.run.smithi016.stdout:/usr/bin/ceph: stderr
2023-07-18T02:56:08.931+0000 7fdab4bdd700 1 -- 172.21.15.16:0/2757253829 >> 172.21.15.16:0/2757253829 conn(0x7fdab0100b70 msgr2=0x7fdab0102f80 unknown :-1 s=STATE_NONE l=0).mark_down
2023-07-18T02:56:16.009 INFO:teuthology.orchestra.run.smithi016.stdout:/usr/bin/ceph: stderr
2023-07-18T02:56:08.931+0000 7fdab4bdd700 1 -- 172.21.15.16:0/2757253829 shutdown_connections
2023-07-18T02:56:16.009 INFO:teuthology.orchestra.run.smithi016.stdout:/usr/bin/ceph: stderr
2023-07-18T02:56:08.931+0000 7fdab4bdd700 1 -- 172.21.15.16:0/2757253829 wait complete.
2023-07-18T02:56:16.009 INFO:teuthology.orchestra.run.smithi016.stdout:/usr/bin/ceph: stderr
2023-07-18T02:56:08.932+0000 7fdab4bdd700 1 Processor -- start
2023-07-18T02:56:16.009 INFO:teuthology.orchestra.run.smithi016.stdout:/usr/bin/ceph: stderr
2023-07-18T02:56:08.932+0000 7fdab4bdd700 1 -- start start
2023-07-18T02:56:16.009 INFO:teuthology.orchestra.run.smithi016.stdout:/usr/bin/ceph: stderr
2023-07-18T02:56:08.932+0000 7fdab4bdd700 1 --2- >> [v2:172.21.15.16:3300/0,v1:172.21.15.16:6789/0] conn(0x7fdab007aca0 0x7fdab019b520 unknown :-1 s=NONE pgs=0 cs=0 l=1 rev1=0 crypto rx=0 tx=0 comp rx=0 tx=0).connect
2023-07-18T02:56:16.010 INFO:teuthology.orchestra.run.smithi016.stdout:/usr/bin/ceph: stderr
2023-07-18T02:56:08.932+0000 7fdab4bdd700 1 -- --> [v2:172.21.15.16:3300/0,v1:172.21.15.16:6789/0] -- mon_getmap magic: 0 v1 -- 0x7fdab019ba60 con 0x7fdab007aca0
2023-07-18T02:56:16.010 INFO:teuthology.orchestra.run.smithi016.stdout:/usr/bin/ceph: stderr
2023-07-18T02:56:08.932+0000 7fdaae59c700 1 --2- >> [v2:172.21.15.16:3300/0,v1:172.21.15.16:6789/0] conn(0x7fdab007aca0 0x7fdab019b520 unknown :-1 s=BANNER_CONNECTING pgs=0 cs=0 l=1 rev1=0 crypto rx=0 tx=0 comp rx=0 tx=0)._handle_peer_banner_payload supported=3 required=0
2023-07-18T02:56:16.010 INFO:teuthology.orchestra.run.smithi016.stdout:/usr/bin/ceph: stderr
2023-07-18T02:56:08.932+0000 7fdaae59c700 1 --2- >> [v2:172.21.15.16:3300/0,v1:172.21.15.16:6789/0] conn(0x7fdab007aca0 0x7fdab019b520 unknown :-1 s=HELLO_CONNECTING pgs=0 cs=0 l=1 rev1=1 crypto rx=0 tx=0 comp rx=0 tx=0).handle_hello peer v2:172.21.15.16:3300/0 says I am v2:172.21.15.16:33986/0 (socket says 172.21.15.16:33986)
2023-07-18T02:56:16.010 INFO:teuthology.orchestra.run.smithi016.stdout:/usr/bin/ceph: stderr
2023-07-18T02:56:08.932+0000 7fdaae59c700 1 -- 172.21.15.16:0/2746590417 learned_addr learned my addr 172.21.15.16:0/2746590417 (peer_addr_for_me v2:172.21.15.16:0/0)
2023-07-18T02:56:16.010 INFO:teuthology.orchestra.run.smithi016.stdout:/usr/bin/ceph: stderr
2023-07-18T02:56:08.932+0000 7fdaae59c700 1 -- 172.21.15.16:0/2746590417 --> [v2:172.21.15.16:3300/0,v1:172.21.15.16:6789/0] -- mon_subscribe({config=0+,monmap=0+}) v3 -- 0x7fdaa0009550 con 0x7fdab007aca0
2023-07-18T02:56:16.010 INFO:teuthology.orchestra.run.smithi016.stdout:/usr/bin/ceph: stderr
2023-07-18T02:56:08.932+0000 7fdaae59c700 1 --2- 172.21.15.16:0/2746590417 >> [v2:172.21.15.16:3300/0,v1:172.21.15.16:6789/0] conn(0x7fdab007aca0 0x7fdab019b520 secure :-1 s=READY pgs=27 cs=0 l=1 rev1=1 crypto rx=0x7fdaa0003f50 tx=0x7fdaa0011ad0 comp rx=0 tx=0).ready entity=mon.0 client_cookie=0 server_cookie=0 in_seq=0 out_seq=0
2023-07-18T02:56:16.010 INFO:teuthology.orchestra.run.smithi016.stdout:/usr/bin/ceph: stderr
2023-07-18T02:56:08.933+0000 7fda9f7fe700 1 -- 172.21.15.16:0/2746590417 <== mon.0 v2:172.21.15.16:3300/0 1 ==== mon_map magic: 0 v1 ==== 205+0+0 (secure 0 0 0) 0x7fdaa0003aa0 con 0x7fdab007aca0
2023-07-18T02:56:16.010 INFO:teuthology.orchestra.run.smithi016.stdout:/usr/bin/ceph: stderr
2023-07-18T02:56:08.933+0000 7fda9f7fe700 1 -- 172.21.15.16:0/2746590417 <== mon.0 v2:172.21.15.16:3300/0 2 ==== config(26 keys) v1 ==== 1074+0+0 (secure 0 0 0) 0x7fdaa0003c00 con 0x7fdab007aca0
2023-07-18T02:56:16.011 INFO:teuthology.orchestra.run.smithi016.stdout:/usr/bin/ceph: stderr
2023-07-18T02:56:08.933+0000 7fdab4bdd700 1 -- 172.21.15.16:0/2746590417 --> [v2:172.21.15.16:3300/0,v1:172.21.15.16:6789/0] -- mon_subscribe({mgrmap=0+}) v3 -- 0x7fdab019bc60 con 0x7fdab007aca0
2023-07-18T02:56:16.011 INFO:teuthology.orchestra.run.smithi016.stdout:/usr/bin/ceph: stderr
2023-07-18T02:56:08.933+0000 7fda9f7fe700 1 -- 172.21.15.16:0/2746590417 <== mon.0 v2:172.21.15.16:3300/0 3 ==== mon_map magic: 0 v1 ==== 205+0+0 (secure 0 0 0) 0x7fdaa00247c0 con 0x7fdab007aca0
2023-07-18T02:56:16.011 INFO:teuthology.orchestra.run.smithi016.stdout:/usr/bin/ceph: stderr
2023-07-18T02:56:08.933+0000 7fdab4bdd700 1 -- 172.21.15.16:0/2746590417 --> [v2:172.21.15.16:3300/0,v1:172.21.15.16:6789/0] -- mon_subscribe({osdmap=0}) v3 -- 0x7fdab019c080 con 0x7fdab007aca0
2023-07-18T02:56:16.011 INFO:teuthology.orchestra.run.smithi016.stdout:/usr/bin/ceph: stderr
2023-07-18T02:56:08.934+0000 7fda9f7fe700 1 -- 172.21.15.16:0/2746590417 <== mon.0 v2:172.21.15.16:3300/0 4 ==== mgrmap(e 5) v1 ==== 45483+0+0 (secure 0 0 0) 0x7fdaa0024920 con 0x7fdab007aca0
2023-07-18T02:56:16.011 INFO:teuthology.orchestra.run.smithi016.stdout:/usr/bin/ceph: stderr
2023-07-18T02:56:08.934+0000 7fda9f7fe700 1 --2- 172.21.15.16:0/2746590417 >> [v2:172.21.15.16:6800/3191656177,v1:172.21.15.16:6801/3191656177] conn(0x7fda98038710 0x7fda9803abc0 unknown :-1 s=NONE pgs=0 cs=0 l=1 rev1=0 crypto rx=0 tx=0 comp rx=0 tx=0).connect
2023-07-18T02:56:16.011 INFO:teuthology.orchestra.run.smithi016.stdout:/usr/bin/ceph: stderr
2023-07-18T02:56:08.934+0000 7fda9f7fe700 1 -- 172.21.15.16:0/2746590417 --> [v2:172.21.15.16:6800/3191656177,v1:172.21.15.16:6801/3191656177] -- command(tid 0: {"prefix": "get_command_descriptions"}) v1 -- 0x7fda9803b2d0 con 0x7fda98038710
2023-07-18T02:56:16.011 INFO:teuthology.orchestra.run.smithi016.stdout:/usr/bin/ceph: stderr
2023-07-18T02:56:08.934+0000 7fda9f7fe700 1 -- 172.21.15.16:0/2746590417 <== mon.0 v2:172.21.15.16:3300/0 5 ==== osd_map(1..1 src has 1..1) v4 ==== 725+0+0 (secure 0 0 0) 0x7fdaa004c380 con 0x7fdab007aca0
2023-07-18T02:56:16.011 INFO:teuthology.orchestra.run.smithi016.stdout:/usr/bin/ceph: stderr
2023-07-18T02:56:08.934+0000 7fdaadd9b700 1 -- 172.21.15.16:0/2746590417 >> [v2:172.21.15.16:6800/3191656177,v1:172.21.15.16:6801/3191656177] conn(0x7fda98038710 msgr2=0x7fda9803abc0 unknown :-1 s=STATE_CONNECTING_RE l=1).process reconnect failed to v2:172.21.15.16:6800/3191656177
2023-07-18T02:56:16.012 INFO:teuthology.orchestra.run.smithi016.stdout:/usr/bin/ceph: stderr
2023-07-18T02:56:08.934+0000 7fdaadd9b700 1 --2- 172.21.15.16:0/2746590417 >> [v2:172.21.15.16:6800/3191656177,v1:172.21.15.16:6801/3191656177] conn(0x7fda98038710 0x7fda9803abc0 unknown :-1 s=START_CONNECT pgs=0 cs=0 l=1 rev1=0 crypto rx=0 tx=0 comp rx=0 tx=0)._fault waiting 0.200000
2023-07-18T02:56:16.012 INFO:teuthology.orchestra.run.smithi016.stdout:/usr/bin/ceph: stderr
2023-07-18T02:56:09.135+0000 7fdaadd9b700 1 -- 172.21.15.16:0/2746590417 >> [v2:172.21.15.16:6800/3191656177,v1:172.21.15.16:6801/3191656177] conn(0x7fda98038710 msgr2=0x7fda9803abc0 unknown :-1 s=STATE_CONNECTING_RE l=1).process reconnect failed to v2:172.21.15.16:6800/3191656177
2023-07-18T02:56:16.012 INFO:teuthology.orchestra.run.smithi016.stdout:/usr/bin/ceph: stderr
2023-07-18T02:56:09.135+0000 7fdaadd9b700 1 --2- 172.21.15.16:0/2746590417 >> [v2:172.21.15.16:6800/3191656177,v1:172.21.15.16:6801/3191656177] conn(0x7fda98038710 0x7fda9803abc0 unknown :-1 s=START_CONNECT pgs=0 cs=0 l=1 rev1=0 crypto rx=0 tx=0 comp rx=0 tx=0)._fault waiting 0.400000
2023-07-18T02:56:16.012 INFO:teuthology.orchestra.run.smithi016.stdout:/usr/bin/ceph: stderr
2023-07-18T02:56:09.536+0000 7fdaadd9b700 1 -- 172.21.15.16:0/2746590417 >> [v2:172.21.15.16:6800/3191656177,v1:172.21.15.16:6801/3191656177] conn(0x7fda98038710 msgr2=0x7fda9803abc0 unknown :-1 s=STATE_CONNECTING_RE l=1).process reconnect failed to v2:172.21.15.16:6800/3191656177
2023-07-18T02:56:16.012 INFO:teuthology.orchestra.run.smithi016.stdout:/usr/bin/ceph: stderr
2023-07-18T02:56:09.536+0000 7fdaadd9b700 1 --2- 172.21.15.16:0/2746590417 >> [v2:172.21.15.16:6800/3191656177,v1:172.21.15.16:6801/3191656177] conn(0x7fda98038710 0x7fda9803abc0 unknown :-1 s=START_CONNECT pgs=0 cs=0 l=1 rev1=0 crypto rx=0 tx=0 comp rx=0 tx=0)._fault waiting 0.800000
2023-07-18T02:56:16.012 INFO:teuthology.orchestra.run.smithi016.stdout:/usr/bin/ceph: stderr
2023-07-18T02:56:10.337+0000 7fdaadd9b700 1 -- 172.21.15.16:0/2746590417 >> [v2:172.21.15.16:6800/3191656177,v1:172.21.15.16:6801/3191656177] conn(0x7fda98038710 msgr2=0x7fda9803abc0 unknown :-1 s=STATE_CONNECTING_RE l=1).process reconnect failed to v2:172.21.15.16:6800/3191656177
2023-07-18T02:56:16.012 INFO:teuthology.orchestra.run.smithi016.stdout:/usr/bin/ceph: stderr
2023-07-18T02:56:10.337+0000 7fdaadd9b700 1 --2- 172.21.15.16:0/2746590417 >> [v2:172.21.15.16:6800/3191656177,v1:172.21.15.16:6801/3191656177] conn(0x7fda98038710 0x7fda9803abc0 unknown :-1 s=START_CONNECT pgs=0 cs=0 l=1 rev1=0 crypto rx=0 tx=0 comp rx=0 tx=0)._fault waiting 1.600000
2023-07-18T02:56:16.013 INFO:teuthology.orchestra.run.smithi016.stdout:/usr/bin/ceph: stderr
2023-07-18T02:56:11.938+0000 7fdaadd9b700 1 -- 172.21.15.16:0/2746590417 >> [v2:172.21.15.16:6800/3191656177,v1:172.21.15.16:6801/3191656177] conn(0x7fda98038710 msgr2=0x7fda9803abc0 unknown :-1 s=STATE_CONNECTING_RE l=1).process reconnect failed to v2:172.21.15.16:6800/3191656177
2023-07-18T02:56:16.013 INFO:teuthology.orchestra.run.smithi016.stdout:/usr/bin/ceph: stderr
2023-07-18T02:56:11.938+0000 7fdaadd9b700 1 --2- 172.21.15.16:0/2746590417 >> [v2:172.21.15.16:6800/3191656177,v1:172.21.15.16:6801/3191656177] conn(0x7fda98038710 0x7fda9803abc0 unknown :-1 s=START_CONNECT pgs=0 cs=0 l=1 rev1=0 crypto rx=0 tx=0 comp rx=0 tx=0)._fault waiting 3.200000
2023-07-18T02:56:16.013 INFO:teuthology.orchestra.run.smithi016.stdout:/usr/bin/ceph: stderr
2023-07-18T02:56:14.683+0000 7fda9f7fe700 1 -- 172.21.15.16:0/2746590417 <== mon.0 v2:172.21.15.16:3300/0 6 ==== mgrmap(e 6) v1 ==== 45250+0+0 (secure 0 0 0) 0x7fdaa002d9b0 con 0x7fdab007aca0
2023-07-18T02:56:16.013 INFO:teuthology.orchestra.run.smithi016.stdout:/usr/bin/ceph: stderr
2023-07-18T02:56:14.683+0000 7fda9f7fe700 1 -- 172.21.15.16:0/2746590417 >> [v2:172.21.15.16:6800/3191656177,v1:172.21.15.16:6801/3191656177] conn(0x7fda98038710 msgr2=0x7fda9803abc0 unknown :-1 s=STATE_CONNECTING l=1).mark_down
2023-07-18T02:56:16.013 INFO:teuthology.orchestra.run.smithi016.stdout:/usr/bin/ceph: stderr
2023-07-18T02:56:14.683+0000 7fda9f7fe700 1 --2- 172.21.15.16:0/2746590417 >> [v2:172.21.15.16:6800/3191656177,v1:172.21.15.16:6801/3191656177] conn(0x7fda98038710 0x7fda9803abc0 unknown :-1 s=START_CONNECT pgs=0 cs=0 l=1 rev1=0 crypto rx=0 tx=0 comp rx=0 tx=0).stop
2023-07-18T02:56:16.013 INFO:teuthology.orchestra.run.smithi016.stdout:/usr/bin/ceph: stderr
2023-07-18T02:56:15.707+0000 7fda9f7fe700 1 -- 172.21.15.16:0/2746590417 <== mon.0 v2:172.21.15.16:3300/0 7 ==== mgrmap(e 7) v1 ==== 45377+0+0 (secure 0 0 0) 0x7fdaa002cba0 con 0x7fdab007aca0
2023-07-18T02:56:16.013 INFO:teuthology.orchestra.run.smithi016.stdout:/usr/bin/ceph: stderr
2023-07-18T02:56:15.707+0000 7fda9f7fe700 1 --2- 172.21.15.16:0/2746590417 >> [v2:172.21.15.16:6800/1882690904,v1:172.21.15.16:6801/1882690904] conn(0x7fda9803bfc0 0x7fda9803e3a0 unknown :-1 s=NONE pgs=0 cs=0 l=1 rev1=0 crypto rx=0 tx=0 comp rx=0 tx=0).connect
2023-07-18T02:56:16.014 INFO:teuthology.orchestra.run.smithi016.stdout:/usr/bin/ceph: stderr
2023-07-18T02:56:15.708+0000 7fda9f7fe700 1 -- 172.21.15.16:0/2746590417 --> [v2:172.21.15.16:6800/1882690904,v1:172.21.15.16:6801/1882690904] -- command(tid 0: {"prefix": "get_command_descriptions"}) v1 -- 0x7fda9803b2d0 con 0x7fda9803bfc0
2023-07-18T02:56:16.014 INFO:teuthology.orchestra.run.smithi016.stdout:/usr/bin/ceph: stderr
2023-07-18T02:56:15.708+0000 7fdaadd9b700 1 --2- 172.21.15.16:0/2746590417 >> [v2:172.21.15.16:6800/1882690904,v1:172.21.15.16:6801/1882690904] conn(0x7fda9803bfc0 0x7fda9803e3a0 unknown :-1 s=BANNER_CONNECTING pgs=0 cs=0 l=1 rev1=0 crypto rx=0 tx=0 comp rx=0 tx=0)._handle_peer_banner_payload supported=3 required=0
2023-07-18T02:56:16.014 INFO:teuthology.orchestra.run.smithi016.stdout:/usr/bin/ceph: stderr
2023-07-18T02:56:15.708+0000 7fdaadd9b700 1 --2- 172.21.15.16:0/2746590417 >> [v2:172.21.15.16:6800/1882690904,v1:172.21.15.16:6801/1882690904] conn(0x7fda9803bfc0 0x7fda9803e3a0 secure :-1 s=READY pgs=3 cs=0 l=1 rev1=1 crypto rx=0x7fdaa4003a10 tx=0x7fdaa4009290 comp rx=0 tx=0).ready entity=mgr.14118 client_cookie=0 server_cookie=0 in_seq=0 out_seq=0
2023-07-18T02:56:16.014 INFO:teuthology.orchestra.run.smithi016.stdout:/usr/bin/ceph: stderr
2023-07-18T02:56:15.709+0000 7fda9f7fe700 1 -- 172.21.15.16:0/2746590417 <== mgr.14118 v2:172.21.15.16:6800/1882690904 1 ==== command_reply(tid 0: 0 ) v1 ==== 8+0+6910 (secure 0 0 0) 0x7fda9803b2d0 con 0x7fda9803bfc0
2023-07-18T02:56:16.014 INFO:teuthology.orchestra.run.smithi016.stdout:/usr/bin/ceph: stderr
2023-07-18T02:56:15.720+0000 7fdab4bdd700 1 -- 172.21.15.16:0/2746590417 --> [v2:172.21.15.16:6800/1882690904,v1:172.21.15.16:6801/1882690904] -- command(tid 1: {"prefix": "mgr_status"}) v1 -- 0x7fdab019c860 con 0x7fda9803bfc0
2023-07-18T02:56:16.014 INFO:teuthology.orchestra.run.smithi016.stdout:/usr/bin/ceph: stderr
2023-07-18T02:56:15.720+0000 7fda9f7fe700 1 -- 172.21.15.16:0/2746590417 <== mgr.14118 v2:172.21.15.16:6800/1882690904 2 ==== command_reply(tid 1: 0 ) v1 ==== 8+0+51 (secure 0 0 0) 0x7fdab019c860 con 0x7fda9803bfc0
2023-07-18T02:56:16.014 INFO:teuthology.orchestra.run.smithi016.stdout:/usr/bin/ceph: stderr
2023-07-18T02:56:15.721+0000 7fdab4bdd700 1 -- 172.21.15.16:0/2746590417 >> [v2:172.21.15.16:6800/1882690904,v1:172.21.15.16:6801/1882690904] conn(0x7fda9803bfc0 msgr2=0x7fda9803e3a0 secure :-1 s=STATE_CONNECTION_ESTABLISHED l=1).mark_down
2023-07-18T02:56:16.014 INFO:teuthology.orchestra.run.smithi016.stdout:/usr/bin/ceph: stderr
2023-07-18T02:56:15.721+0000 7fdab4bdd700 1 --2- 172.21.15.16:0/2746590417 >> [v2:172.21.15.16:6800/1882690904,v1:172.21.15.16:6801/1882690904] conn(0x7fda9803bfc0 0x7fda9803e3a0 secure :-1 s=READY pgs=3 cs=0 l=1 rev1=1 crypto rx=0x7fdaa4003a10 tx=0x7fdaa4009290 comp rx=0 tx=0).stop
2023-07-18T02:56:16.015 INFO:teuthology.orchestra.run.smithi016.stdout:/usr/bin/ceph: stderr
2023-07-18T02:56:15.721+0000 7fdab4bdd700 1 -- 172.21.15.16:0/2746590417 >> [v2:172.21.15.16:3300/0,v1:172.21.15.16:6789/0] conn(0x7fdab007aca0 msgr2=0x7fdab019b520 secure :-1 s=STATE_CONNECTION_ESTABLISHED l=1).mark_down
2023-07-18T02:56:16.015 INFO:teuthology.orchestra.run.smithi016.stdout:/usr/bin/ceph: stderr
2023-07-18T02:56:15.721+0000 7fdab4bdd700 1 --2- 172.21.15.16:0/2746590417 >> [v2:172.21.15.16:3300/0,v1:172.21.15.16:6789/0] conn(0x7fdab007aca0 0x7fdab019b520 secure :-1 s=READY pgs=27 cs=0 l=1 rev1=1 crypto rx=0x7fdaa0003f50 tx=0x7fdaa0011ad0 comp rx=0 tx=0).stop
2023-07-18T02:56:16.015 INFO:teuthology.orchestra.run.smithi016.stdout:/usr/bin/ceph: stderr
2023-07-18T02:56:15.721+0000 7fdab4bdd700 1 -- 172.21.15.16:0/2746590417 shutdown_connections
2023-07-18T02:56:16.015 INFO:teuthology.orchestra.run.smithi016.stdout:/usr/bin/ceph: stderr
2023-07-18T02:56:15.721+0000 7fdab4bdd700 1 --2- 172.21.15.16:0/2746590417 >> [v2:172.21.15.16:6800/1882690904,v1:172.21.15.16:6801/1882690904] conn(0x7fda9803bfc0 0x7fda9803e3a0 unknown :-1 s=CLOSED pgs=3 cs=0 l=1 rev1=1 crypto rx=0 tx=0 comp rx=0 tx=0).stop
2023-07-18T02:56:16.015 INFO:teuthology.orchestra.run.smithi016.stdout:/usr/bin/ceph: stderr
2023-07-18T02:56:15.721+0000 7fdab4bdd700 1 --2- 172.21.15.16:0/2746590417 >> [v2:172.21.15.16:3300/0,v1:172.21.15.16:6789/0] conn(0x7fdab007aca0 0x7fdab019b520 unknown :-1 s=CLOSED pgs=27 cs=0 l=1 rev1=1 crypto rx=0 tx=0 comp rx=0 tx=0).stop
2023-07-18T02:56:16.015 INFO:teuthology.orchestra.run.smithi016.stdout:/usr/bin/ceph: stderr
2023-07-18T02:56:15.721+0000 7fdab4bdd700 1 --2- 172.21.15.16:0/2746590417 >> [v2:172.21.15.16:6800/3191656177,v1:172.21.15.16:6801/3191656177] conn(0x7fda98038710 0x7fda9803abc0 unknown :-1 s=CLOSED pgs=0 cs=0 l=1 rev1=0 crypto rx=0 tx=0 comp rx=0 tx=0).stop
2023-07-18T02:56:16.015 INFO:teuthology.orchestra.run.smithi016.stdout:/usr/bin/ceph: stderr
2023-07-18T02:56:15.721+0000 7fdab4bdd700 1 -- 172.21.15.16:0/2746590417 >> 172.21.15.16:0/2746590417 conn(0x7fdab0100b70 msgr2=0x7fdab0102260 unknown :-1 s=STATE_NONE l=0).mark_down
2023-07-18T02:56:16.015 INFO:teuthology.orchestra.run.smithi016.stdout:/usr/bin/ceph: stderr
2023-07-18T02:56:15.721+0000 7fdab4bdd700 1 -- 172.21.15.16:0/2746590417 shutdown_connections
2023-07-18T02:56:16.016 INFO:teuthology.orchestra.run.smithi016.stdout:/usr/bin/ceph: stderr
2023-07-18T02:56:15.721+0000 7fdab4bdd700 1 -- 172.21.15.16:0/2746590417 wait complete.
2023-07-18T02:56:16.016 INFO:teuthology.orchestra.run.smithi016.stdout:mgr epoch 5 is available
2023-07-18T02:56:16.016 INFO:teuthology.orchestra.run.smithi016.stdout:Setting orchestrator backend to cephadm...
2023-07-18T02:56:16.016 INFO:journalctl@ceph.mon.a.smithi016.stdout:Jul 18 02:56:15 smithi016 ceph-mon[96474]: Found migration_current of "None". Setting to last migration.
2023-07-18T02:56:16.017 INFO:journalctl@ceph.mon.a.smithi016.stdout:Jul 18 02:56:15 smithi016 ceph-mon[96474]: from='mgr.14118 172.21.15.16:0/2529547160' entity='mgr.x' cmd=[{"prefix": "config dump", "format": "json"}]: dispatch
2023-07-18T02:56:16.017 INFO:journalctl@ceph.mon.a.smithi016.stdout:Jul 18 02:56:15 smithi016 ceph-mon[96474]: from='mgr.14118 172.21.15.16:0/2529547160' entity='mgr.x' cmd=[{"prefix":"config rm","who":"mgr","name":"mgr/rbd_support/x/mirror_snapshot_schedule"}]: dispatch
2023-07-18T02:56:16.017 INFO:journalctl@ceph.mon.a.smithi016.stdout:Jul 18 02:56:15 smithi016 ceph-mon[96474]: from='mgr.14118 172.21.15.16:0/2529547160' entity='mgr.x' cmd=[{"prefix":"config rm","who":"mgr","name":"mgr/rbd_support/x/trash_purge_schedule"}]: dispatch
2023-07-18T02:56:16.017 INFO:journalctl@ceph.mon.a.smithi016.stdout:Jul 18 02:56:15 smithi016 ceph-mon[96474]: from='mgr.14118 172.21.15.16:0/2529547160' entity='mgr.x'
2023-07-18T02:56:16.017 INFO:journalctl@ceph.mon.a.smithi016.stdout:Jul 18 02:56:15 smithi016 ceph-mon[96474]: from='mgr.14118 172.21.15.16:0/2529547160' entity='mgr.x'
2023-07-18T02:56:16.017 INFO:journalctl@ceph.mon.a.smithi016.stdout:Jul 18 02:56:15 smithi016 ceph-mon[96474]: from='mgr.14118 172.21.15.16:0/2529547160' entity='mgr.x' cmd=[{"prefix": "config dump", "format": "json"}]: dispatch
2023-07-18T02:56:16.017 INFO:journalctl@ceph.mon.a.smithi016.stdout:Jul 18 02:56:15 smithi016 ceph-mon[96474]: mgrmap e7: x(active, since 1.02859s)
2023-07-18T02:56:17.002 INFO:journalctl@ceph.mon.a.smithi016.stdout:Jul 18 02:56:16 smithi016 ceph-mon[96474]: [18/Jul/2023:02:56:15] ENGINE Bus STARTING
2023-07-18T02:56:17.002 INFO:journalctl@ceph.mon.a.smithi016.stdout:Jul 18 02:56:16 smithi016 ceph-mon[96474]: [18/Jul/2023:02:56:15] ENGINE Serving on https://172.21.15.16:7150
2023-07-18T02:56:17.002 INFO:journalctl@ceph.mon.a.smithi016.stdout:Jul 18 02:56:16 smithi016 ceph-mon[96474]: [18/Jul/2023:02:56:15] ENGINE Serving on http://172.21.15.16:8765
2023-07-18T02:56:17.002 INFO:journalctl@ceph.mon.a.smithi016.stdout:Jul 18 02:56:16 smithi016 ceph-mon[96474]: [18/Jul/2023:02:56:15] ENGINE Bus STARTED
2023-07-18T02:56:17.003 INFO:journalctl@ceph.mon.a.smithi016.stdout:Jul 18 02:56:16 smithi016 ceph-mon[96474]: from='client.14122 -' entity='client.admin' cmd=[{"prefix": "get_command_descriptions"}]: dispatch
2023-07-18T02:56:17.003 INFO:journalctl@ceph.mon.a.smithi016.stdout:Jul 18 02:56:16 smithi016 ceph-mon[96474]: from='client.14122 -' entity='client.admin' cmd=[{"prefix": "mgr_status"}]: dispatch
2023-07-18T02:56:17.250 INFO:teuthology.orchestra.run.smithi016.stdout:/usr/bin/ceph: stderr
2023-07-18T02:56:16.494+0000 7fa65a302700 1 Processor -- start
2023-07-18T02:56:17.251 INFO:teuthology.orchestra.run.smithi016.stdout:/usr/bin/ceph: stderr
2023-07-18T02:56:16.494+0000 7fa65a302700 1 -- start start
2023-07-18T02:56:17.251 INFO:teuthology.orchestra.run.smithi016.stdout:/usr/bin/ceph: stderr
2023-07-18T02:56:16.494+0000 7fa65a302700 1 --2- >> [v2:172.21.15.16:3300/0,v1:172.21.15.16:6789/0] conn(0x7fa654103b70 0x7fa654103f80 unknown :-1 s=NONE pgs=0 cs=0 l=0 rev1=0 crypto rx=0 tx=0 comp rx=0 tx=0).connect
2023-07-18T02:56:17.251 INFO:teuthology.orchestra.run.smithi016.stdout:/usr/bin/ceph: stderr
2023-07-18T02:56:16.494+0000 7fa65a302700 1 -- --> [v2:172.21.15.16:3300/0,v1:172.21.15.16:6789/0] -- mon_getmap magic: 0 v1 -- 0x7fa6541044c0 con 0x7fa654103b70
2023-07-18T02:56:17.251 INFO:teuthology.orchestra.run.smithi016.stdout:/usr/bin/ceph: stderr
2023-07-18T02:56:16.495+0000 7fa653fff700 1 --2- >> [v2:172.21.15.16:3300/0,v1:172.21.15.16:6789/0] conn(0x7fa654103b70 0x7fa654103f80 unknown :-1 s=BANNER_CONNECTING pgs=0 cs=0 l=0 rev1=0 crypto rx=0 tx=0 comp rx=0 tx=0)._handle_peer_banner_payload supported=3 required=0
2023-07-18T02:56:17.251 INFO:teuthology.orchestra.run.smithi016.stdout:/usr/bin/ceph: stderr
2023-07-18T02:56:16.495+0000 7fa653fff700 1 --2- >> [v2:172.21.15.16:3300/0,v1:172.21.15.16:6789/0] conn(0x7fa654103b70 0x7fa654103f80 unknown :-1 s=HELLO_CONNECTING pgs=0 cs=0 l=0 rev1=1 crypto rx=0 tx=0 comp rx=0 tx=0).handle_hello peer v2:172.21.15.16:3300/0 says I am v2:172.21.15.16:34038/0 (socket says 172.21.15.16:34038)
2023-07-18T02:56:17.251 INFO:teuthology.orchestra.run.smithi016.stdout:/usr/bin/ceph: stderr
2023-07-18T02:56:16.495+0000 7fa653fff700 1 -- 172.21.15.16:0/2523894729 learned_addr learned my addr 172.21.15.16:0/2523894729 (peer_addr_for_me v2:172.21.15.16:0/0)
2023-07-18T02:56:17.252 INFO:teuthology.orchestra.run.smithi016.stdout:/usr/bin/ceph: stderr
2023-07-18T02:56:16.495+0000 7fa653fff700 1 -- 172.21.15.16:0/2523894729 --> [v2:172.21.15.16:3300/0,v1:172.21.15.16:6789/0] -- mon_subscribe({config=0+,monmap=0+}) v3 -- 0x7fa654104600 con 0x7fa654103b70
2023-07-18T02:56:17.252 INFO:teuthology.orchestra.run.smithi016.stdout:/usr/bin/ceph: stderr
2023-07-18T02:56:16.495+0000 7fa653fff700 1 --2- 172.21.15.16:0/2523894729 >> [v2:172.21.15.16:3300/0,v1:172.21.15.16:6789/0] conn(0x7fa654103b70 0x7fa654103f80 secure :-1 s=READY pgs=35 cs=0 l=1 rev1=1 crypto rx=0x7fa6440098a0 tx=0x7fa644009bb0 comp rx=0 tx=0).ready entity=mon.0 client_cookie=38e4850ce224da6a server_cookie=0 in_seq=0 out_seq=0
2023-07-18T02:56:17.252 INFO:teuthology.orchestra.run.smithi016.stdout:/usr/bin/ceph: stderr
2023-07-18T02:56:16.495+0000 7fa652ffd700 1 -- 172.21.15.16:0/2523894729 <== mon.0 v2:172.21.15.16:3300/0 1 ==== mon_map magic: 0 v1 ==== 205+0+0 (secure 0 0 0) 0x7fa644004160 con 0x7fa654103b70
2023-07-18T02:56:17.252 INFO:teuthology.orchestra.run.smithi016.stdout:/usr/bin/ceph: stderr
2023-07-18T02:56:16.495+0000 7fa652ffd700 1 -- 172.21.15.16:0/2523894729 <== mon.0 v2:172.21.15.16:3300/0 2 ==== config(26 keys) v1 ==== 1074+0+0 (secure 0 0 0) 0x7fa6440042c0 con 0x7fa654103b70
2023-07-18T02:56:17.252 INFO:teuthology.orchestra.run.smithi016.stdout:/usr/bin/ceph: stderr
2023-07-18T02:56:16.495+0000 7fa652ffd700 1 -- 172.21.15.16:0/2523894729 <== mon.0 v2:172.21.15.16:3300/0 3 ==== mon_map magic: 0 v1 ==== 205+0+0 (secure 0 0 0) 0x7fa644011a00 con 0x7fa654103b70
2023-07-18T02:56:17.252 INFO:teuthology.orchestra.run.smithi016.stdout:/usr/bin/ceph: stderr
2023-07-18T02:56:16.496+0000 7fa65a302700 1 -- 172.21.15.16:0/2523894729 >> [v2:172.21.15.16:3300/0,v1:172.21.15.16:6789/0] conn(0x7fa654103b70 msgr2=0x7fa654103f80 secure :-1 s=STATE_CONNECTION_ESTABLISHED l=1).mark_down
2023-07-18T02:56:17.252 INFO:teuthology.orchestra.run.smithi016.stdout:/usr/bin/ceph: stderr
2023-07-18T02:56:16.496+0000 7fa65a302700 1 --2- 172.21.15.16:0/2523894729 >> [v2:172.21.15.16:3300/0,v1:172.21.15.16:6789/0] conn(0x7fa654103b70 0x7fa654103f80 secure :-1 s=READY pgs=35 cs=0 l=1 rev1=1 crypto rx=0x7fa6440098a0 tx=0x7fa644009bb0 comp rx=0 tx=0).stop
2023-07-18T02:56:17.252 INFO:teuthology.orchestra.run.smithi016.stdout:/usr/bin/ceph: stderr
2023-07-18T02:56:16.496+0000 7fa65a302700 1 -- 172.21.15.16:0/2523894729 shutdown_connections
2023-07-18T02:56:17.253 INFO:teuthology.orchestra.run.smithi016.stdout:/usr/bin/ceph: stderr
2023-07-18T02:56:16.496+0000 7fa65a302700 1 --2- 172.21.15.16:0/2523894729 >> [v2:172.21.15.16:3300/0,v1:172.21.15.16:6789/0] conn(0x7fa654103b70 0x7fa654103f80 unknown :-1 s=CLOSED pgs=35 cs=0 l=1 rev1=1 crypto rx=0 tx=0 comp rx=0 tx=0).stop
2023-07-18T02:56:17.253 INFO:teuthology.orchestra.run.smithi016.stdout:/usr/bin/ceph: stderr
2023-07-18T02:56:16.496+0000 7fa65a302700 1 -- 172.21.15.16:0/2523894729 >> 172.21.15.16:0/2523894729 conn(0x7fa6540ff1c0 msgr2=0x7fa6541015f0 unknown :-1 s=STATE_NONE l=0).mark_down
2023-07-18T02:56:17.253 INFO:teuthology.orchestra.run.smithi016.stdout:/usr/bin/ceph: stderr
2023-07-18T02:56:16.496+0000 7fa65a302700 1 -- 172.21.15.16:0/2523894729 shutdown_connections
2023-07-18T02:56:17.253 INFO:teuthology.orchestra.run.smithi016.stdout:/usr/bin/ceph: stderr
2023-07-18T02:56:16.496+0000 7fa65a302700 1 -- 172.21.15.16:0/2523894729 wait complete.
2023-07-18T02:56:17.253 INFO:teuthology.orchestra.run.smithi016.stdout:/usr/bin/ceph: stderr
2023-07-18T02:56:16.497+0000 7fa65a302700 1 Processor -- start
2023-07-18T02:56:17.253 INFO:teuthology.orchestra.run.smithi016.stdout:/usr/bin/ceph: stderr
2023-07-18T02:56:16.497+0000 7fa65a302700 1 -- start start
2023-07-18T02:56:17.253 INFO:teuthology.orchestra.run.smithi016.stdout:/usr/bin/ceph: stderr
2023-07-18T02:56:16.497+0000 7fa65a302700 1 --2- >> [v2:172.21.15.16:3300/0,v1:172.21.15.16:6789/0] conn(0x7fa654103b70 0x7fa6541009c0 unknown :-1 s=NONE pgs=0 cs=0 l=1 rev1=0 crypto rx=0 tx=0 comp rx=0 tx=0).connect
2023-07-18T02:56:17.254 INFO:teuthology.orchestra.run.smithi016.stdout:/usr/bin/ceph: stderr
2023-07-18T02:56:16.497+0000 7fa65a302700 1 -- --> [v2:172.21.15.16:3300/0,v1:172.21.15.16:6789/0] -- mon_getmap magic: 0 v1 -- 0x7fa65419bf90 con 0x7fa654103b70
2023-07-18T02:56:17.254 INFO:teuthology.orchestra.run.smithi016.stdout:/usr/bin/ceph: stderr
2023-07-18T02:56:16.497+0000 7fa653fff700 1 --2- >> [v2:172.21.15.16:3300/0,v1:172.21.15.16:6789/0] conn(0x7fa654103b70 0x7fa6541009c0 unknown :-1 s=BANNER_CONNECTING pgs=0 cs=0 l=1 rev1=0 crypto rx=0 tx=0 comp rx=0 tx=0)._handle_peer_banner_payload supported=3 required=0
2023-07-18T02:56:17.254 INFO:teuthology.orchestra.run.smithi016.stdout:/usr/bin/ceph: stderr
2023-07-18T02:56:16.497+0000 7fa653fff700 1 --2- >> [v2:172.21.15.16:3300/0,v1:172.21.15.16:6789/0] conn(0x7fa654103b70 0x7fa6541009c0 unknown :-1 s=HELLO_CONNECTING pgs=0 cs=0 l=1 rev1=1 crypto rx=0 tx=0 comp rx=0 tx=0).handle_hello peer v2:172.21.15.16:3300/0 says I am v2:172.21.15.16:34040/0 (socket says 172.21.15.16:34040)
2023-07-18T02:56:17.254 INFO:teuthology.orchestra.run.smithi016.stdout:/usr/bin/ceph: stderr
2023-07-18T02:56:16.497+0000 7fa653fff700 1 -- 172.21.15.16:0/1295262968 learned_addr learned my addr 172.21.15.16:0/1295262968 (peer_addr_for_me v2:172.21.15.16:0/0)
2023-07-18T02:56:17.254 INFO:teuthology.orchestra.run.smithi016.stdout:/usr/bin/ceph: stderr
2023-07-18T02:56:16.497+0000 7fa653fff700 1 -- 172.21.15.16:0/1295262968 --> [v2:172.21.15.16:3300/0,v1:172.21.15.16:6789/0] -- mon_subscribe({config=0+,monmap=0+}) v3 -- 0x7fa644009550 con 0x7fa654103b70
2023-07-18T02:56:17.254 INFO:teuthology.orchestra.run.smithi016.stdout:/usr/bin/ceph: stderr
2023-07-18T02:56:16.498+0000 7fa653fff700 1 --2- 172.21.15.16:0/1295262968 >> [v2:172.21.15.16:3300/0,v1:172.21.15.16:6789/0] conn(0x7fa654103b70 0x7fa6541009c0 secure :-1 s=READY pgs=36 cs=0 l=1 rev1=1 crypto rx=0x7fa644009fb0 tx=0x7fa644011ad0 comp rx=0 tx=0).ready entity=mon.0 client_cookie=0 server_cookie=0 in_seq=0 out_seq=0
2023-07-18T02:56:17.254 INFO:teuthology.orchestra.run.smithi016.stdout:/usr/bin/ceph: stderr
2023-07-18T02:56:16.498+0000 7fa6517fa700 1 -- 172.21.15.16:0/1295262968 <== mon.0 v2:172.21.15.16:3300/0 1 ==== mon_map magic: 0 v1 ==== 205+0+0 (secure 0 0 0) 0x7fa644003a40 con 0x7fa654103b70
2023-07-18T02:56:17.255 INFO:teuthology.orchestra.run.smithi016.stdout:/usr/bin/ceph: stderr
2023-07-18T02:56:16.498+0000 7fa6517fa700 1 -- 172.21.15.16:0/1295262968 <== mon.0 v2:172.21.15.16:3300/0 2 ==== config(26 keys) v1 ==== 1074+0+0 (secure 0 0 0) 0x7fa644003ba0 con 0x7fa654103b70
2023-07-18T02:56:17.255 INFO:teuthology.orchestra.run.smithi016.stdout:/usr/bin/ceph: stderr
2023-07-18T02:56:16.498+0000 7fa65a302700 1 -- 172.21.15.16:0/1295262968 --> [v2:172.21.15.16:3300/0,v1:172.21.15.16:6789/0] -- mon_subscribe({mgrmap=0+}) v3 -- 0x7fa65419c0d0 con 0x7fa654103b70
2023-07-18T02:56:17.255 INFO:teuthology.orchestra.run.smithi016.stdout:/usr/bin/ceph: stderr
2023-07-18T02:56:16.498+0000 7fa6517fa700 1 -- 172.21.15.16:0/1295262968 <== mon.0 v2:172.21.15.16:3300/0 3 ==== mon_map magic: 0 v1 ==== 205+0+0 (secure 0 0 0) 0x7fa64401a750 con 0x7fa654103b70
2023-07-18T02:56:17.255 INFO:teuthology.orchestra.run.smithi016.stdout:/usr/bin/ceph: stderr
2023-07-18T02:56:16.498+0000 7fa65a302700 1 -- 172.21.15.16:0/1295262968 --> [v2:172.21.15.16:3300/0,v1:172.21.15.16:6789/0] -- mon_subscribe({osdmap=0}) v3 -- 0x7fa65419c4f0 con 0x7fa654103b70
2023-07-18T02:56:17.255 INFO:teuthology.orchestra.run.smithi016.stdout:/usr/bin/ceph: stderr
2023-07-18T02:56:16.499+0000 7fa6517fa700 1 -- 172.21.15.16:0/1295262968 <== mon.0 v2:172.21.15.16:3300/0 4 ==== mgrmap(e 7) v1 ==== 45377+0+0 (secure 0 0 0) 0x7fa644024b60 con 0x7fa654103b70
2023-07-18T02:56:17.255 INFO:teuthology.orchestra.run.smithi016.stdout:/usr/bin/ceph: stderr
2023-07-18T02:56:16.499+0000 7fa65a302700 1 -- 172.21.15.16:0/1295262968 --> [v2:172.21.15.16:3300/0,v1:172.21.15.16:6789/0] -- mon_command({"prefix": "get_command_descriptions"} v 0) v1 -- 0x7fa654192050 con 0x7fa654103b70
2023-07-18T02:56:17.255 INFO:teuthology.orchestra.run.smithi016.stdout:/usr/bin/ceph: stderr
2023-07-18T02:56:16.499+0000 7fa6517fa700 1 --2- 172.21.15.16:0/1295262968 >> [v2:172.21.15.16:6800/1882690904,v1:172.21.15.16:6801/1882690904] conn(0x7fa6400385f0 0x7fa64003aaa0 unknown :-1 s=NONE pgs=0 cs=0 l=1 rev1=0 crypto rx=0 tx=0 comp rx=0 tx=0).connect
2023-07-18T02:56:17.255 INFO:teuthology.orchestra.run.smithi016.stdout:/usr/bin/ceph: stderr
2023-07-18T02:56:16.499+0000 7fa6517fa700 1 -- 172.21.15.16:0/1295262968 <== mon.0 v2:172.21.15.16:3300/0 5 ==== osd_map(2..2 src has 1..2) v4 ==== 940+0+0 (secure 0 0 0) 0x7fa64404c570 con 0x7fa654103b70
2023-07-18T02:56:17.256 INFO:teuthology.orchestra.run.smithi016.stdout:/usr/bin/ceph: stderr
2023-07-18T02:56:16.499+0000 7fa6537fe700 1 --2- 172.21.15.16:0/1295262968 >> [v2:172.21.15.16:6800/1882690904,v1:172.21.15.16:6801/1882690904] conn(0x7fa6400385f0 0x7fa64003aaa0 unknown :-1 s=BANNER_CONNECTING pgs=0 cs=0 l=1 rev1=0 crypto rx=0 tx=0 comp rx=0 tx=0)._handle_peer_banner_payload supported=3 required=0
2023-07-18T02:56:17.256 INFO:teuthology.orchestra.run.smithi016.stdout:/usr/bin/ceph: stderr
2023-07-18T02:56:16.500+0000 7fa6537fe700 1 --2- 172.21.15.16:0/1295262968 >> [v2:172.21.15.16:6800/1882690904,v1:172.21.15.16:6801/1882690904] conn(0x7fa6400385f0 0x7fa64003aaa0 secure :-1 s=READY pgs=7 cs=0 l=1 rev1=1 crypto rx=0x7fa63c006fd0 tx=0x7fa63c006e40 comp rx=0 tx=0).ready entity=mgr.14118 client_cookie=0 server_cookie=0 in_seq=0 out_seq=0
2023-07-18T02:56:17.256 INFO:teuthology.orchestra.run.smithi016.stdout:/usr/bin/ceph: stderr
2023-07-18T02:56:16.504+0000 7fa6517fa700 1 -- 172.21.15.16:0/1295262968 <== mon.0 v2:172.21.15.16:3300/0 6 ==== mon_command_ack([{"prefix": "get_command_descriptions"}]=0 v0) v1 ==== 72+0+178038 (secure 0 0 0) 0x7fa644018700 con 0x7fa654103b70
2023-07-18T02:56:17.256 INFO:teuthology.orchestra.run.smithi016.stdout:/usr/bin/ceph: stderr
2023-07-18T02:56:16.737+0000 7fa6517fa700 1 -- 172.21.15.16:0/1295262968 <== mon.0 v2:172.21.15.16:3300/0 7 ==== mgrmap(e 8) v1 ==== 45483+0+0 (secure 0 0 0) 0x7fa64402d7d0 con 0x7fa654103b70
2023-07-18T02:56:17.256 INFO:teuthology.orchestra.run.smithi016.stdout:/usr/bin/ceph: stderr
2023-07-18T02:56:16.887+0000 7fa65a302700 1 -- 172.21.15.16:0/1295262968 --> [v2:172.21.15.16:6800/1882690904,v1:172.21.15.16:6801/1882690904] -- mgr_command(tid 0: {"prefix": "orch set backend", "module_name": "cephadm", "target": ["mon-mgr", ""]}) v1 -- 0x7fa654060950 con 0x7fa6400385f0
2023-07-18T02:56:17.256 INFO:teuthology.orchestra.run.smithi016.stdout:/usr/bin/ceph: stderr
2023-07-18T02:56:16.893+0000 7fa6517fa700 1 -- 172.21.15.16:0/1295262968 <== mgr.14118 v2:172.21.15.16:6800/1882690904 1 ==== mgr_command_reply(tid 0: 0 ) v1 ==== 8+0+0 (secure 0 0 0) 0x7fa654060950 con 0x7fa6400385f0
2023-07-18T02:56:17.256 INFO:teuthology.orchestra.run.smithi016.stdout:/usr/bin/ceph: stderr
2023-07-18T02:56:16.896+0000 7fa65a302700 1 -- 172.21.15.16:0/1295262968 >> [v2:172.21.15.16:6800/1882690904,v1:172.21.15.16:6801/1882690904] conn(0x7fa6400385f0 msgr2=0x7fa64003aaa0 secure :-1 s=STATE_CONNECTION_ESTABLISHED l=1).mark_down
2023-07-18T02:56:17.257 INFO:teuthology.orchestra.run.smithi016.stdout:/usr/bin/ceph: stderr
2023-07-18T02:56:16.896+0000 7fa65a302700 1 --2- 172.21.15.16:0/1295262968 >> [v2:172.21.15.16:6800/1882690904,v1:172.21.15.16:6801/1882690904] conn(0x7fa6400385f0 0x7fa64003aaa0 secure :-1 s=READY pgs=7 cs=0 l=1 rev1=1 crypto rx=0x7fa63c006fd0 tx=0x7fa63c006e40 comp rx=0 tx=0).stop
2023-07-18T02:56:17.257 INFO:teuthology.orchestra.run.smithi016.stdout:/usr/bin/ceph: stderr
2023-07-18T02:56:16.896+0000 7fa65a302700 1 -- 172.21.15.16:0/1295262968 >> [v2:172.21.15.16:3300/0,v1:172.21.15.16:6789/0] conn(0x7fa654103b70 msgr2=0x7fa6541009c0 secure :-1 s=STATE_CONNECTION_ESTABLISHED l=1).mark_down
2023-07-18T02:56:17.257 INFO:teuthology.orchestra.run.smithi016.stdout:/usr/bin/ceph: stderr
2023-07-18T02:56:16.896+0000 7fa65a302700 1 --2- 172.21.15.16:0/1295262968 >> [v2:172.21.15.16:3300/0,v1:172.21.15.16:6789/0] conn(0x7fa654103b70 0x7fa6541009c0 secure :-1 s=READY pgs=36 cs=0 l=1 rev1=1 crypto rx=0x7fa644009fb0 tx=0x7fa644011ad0 comp rx=0 tx=0).stop
2023-07-18T02:56:17.257 INFO:teuthology.orchestra.run.smithi016.stdout:/usr/bin/ceph: stderr
2023-07-18T02:56:16.896+0000 7fa65a302700 1 -- 172.21.15.16:0/1295262968 shutdown_connections
2023-07-18T02:56:17.257 INFO:teuthology.orchestra.run.smithi016.stdout:/usr/bin/ceph: stderr
2023-07-18T02:56:16.896+0000 7fa65a302700 1 --2- 172.21.15.16:0/1295262968 >> [v2:172.21.15.16:6800/1882690904,v1:172.21.15.16:6801/1882690904] conn(0x7fa6400385f0 0x7fa64003aaa0 unknown :-1 s=CLOSED pgs=7 cs=0 l=1 rev1=1 crypto rx=0 tx=0 comp rx=0 tx=0).stop
2023-07-18T02:56:17.257 INFO:teuthology.orchestra.run.smithi016.stdout:/usr/bin/ceph: stderr
2023-07-18T02:56:16.896+0000 7fa65a302700 1 --2- 172.21.15.16:0/1295262968 >> [v2:172.21.15.16:3300/0,v1:172.21.15.16:6789/0] conn(0x7fa654103b70 0x7fa6541009c0 unknown :-1 s=CLOSED pgs=36 cs=0 l=1 rev1=1 crypto rx=0 tx=0 comp rx=0 tx=0).stop
2023-07-18T02:56:17.257 INFO:teuthology.orchestra.run.smithi016.stdout:/usr/bin/ceph: stderr
2023-07-18T02:56:16.896+0000 7fa65a302700 1 -- 172.21.15.16:0/1295262968 >> 172.21.15.16:0/1295262968 conn(0x7fa6540ff1c0 msgr2=0x7fa65418f190 unknown :-1 s=STATE_NONE l=0).mark_down
2023-07-18T02:56:17.257 INFO:teuthology.orchestra.run.smithi016.stdout:/usr/bin/ceph: stderr
2023-07-18T02:56:16.897+0000 7fa65a302700 1 -- 172.21.15.16:0/1295262968 shutdown_connections
2023-07-18T02:56:17.258 INFO:teuthology.orchestra.run.smithi016.stdout:/usr/bin/ceph: stderr
2023-07-18T02:56:16.897+0000 7fa65a302700 1 -- 172.21.15.16:0/1295262968 wait complete.
2023-07-18T02:56:18.018 INFO:journalctl@ceph.mon.a.smithi016.stdout:Jul 18 02:56:17 smithi016 ceph-mon[96474]: mgrmap e8: x(active, since 2s)
2023-07-18T02:56:18.018 INFO:journalctl@ceph.mon.a.smithi016.stdout:Jul 18 02:56:17 smithi016 ceph-mon[96474]: from='mgr.14118 172.21.15.16:0/2529547160' entity='mgr.x'
2023-07-18T02:56:18.018 INFO:journalctl@ceph.mon.a.smithi016.stdout:Jul 18 02:56:17 smithi016 ceph-mon[96474]: from='mgr.14118 172.21.15.16:0/2529547160' entity='mgr.x' cmd=[{"prefix": "config dump", "format": "json"}]: dispatch
2023-07-18T02:56:18.396 INFO:teuthology.orchestra.run.smithi016.stdout:/usr/bin/ceph: stdout value unchanged
2023-07-18T02:56:18.396 INFO:teuthology.orchestra.run.smithi016.stdout:/usr/bin/ceph: stderr
2023-07-18T02:56:17.733+0000 7fbb7149c700 1 Processor -- start
2023-07-18T02:56:18.396 INFO:teuthology.orchestra.run.smithi016.stdout:/usr/bin/ceph: stderr
2023-07-18T02:56:17.733+0000 7fbb7149c700 1 -- start start
2023-07-18T02:56:18.396 INFO:teuthology.orchestra.run.smithi016.stdout:/usr/bin/ceph: stderr
2023-07-18T02:56:17.734+0000 7fbb7149c700 1 --2- >> [v2:172.21.15.16:3300/0,v1:172.21.15.16:6789/0] conn(0x7fbb6c073ba0 0x7fbb6c1080a0 unknown :-1 s=NONE pgs=0 cs=0 l=0 rev1=0 crypto rx=0 tx=0 comp rx=0 tx=0).connect
2023-07-18T02:56:18.396 INFO:teuthology.orchestra.run.smithi016.stdout:/usr/bin/ceph: stderr
2023-07-18T02:56:17.734+0000 7fbb7149c700 1 -- --> [v2:172.21.15.16:3300/0,v1:172.21.15.16:6789/0] -- mon_getmap magic: 0 v1 -- 0x7fbb6c1085e0 con 0x7fbb6c073ba0
2023-07-18T02:56:18.397 INFO:teuthology.orchestra.run.smithi016.stdout:/usr/bin/ceph: stderr
2023-07-18T02:56:17.734+0000 7fbb6affd700 1 --2- >> [v2:172.21.15.16:3300/0,v1:172.21.15.16:6789/0] conn(0x7fbb6c073ba0 0x7fbb6c1080a0 unknown :-1 s=BANNER_CONNECTING pgs=0 cs=0 l=0 rev1=0 crypto rx=0 tx=0 comp rx=0 tx=0)._handle_peer_banner_payload supported=3 required=0
2023-07-18T02:56:18.397 INFO:teuthology.orchestra.run.smithi016.stdout:/usr/bin/ceph: stderr
2023-07-18T02:56:17.734+0000 7fbb6affd700 1 --2- >> [v2:172.21.15.16:3300/0,v1:172.21.15.16:6789/0] conn(0x7fbb6c073ba0 0x7fbb6c1080a0 unknown :-1 s=HELLO_CONNECTING pgs=0 cs=0 l=0 rev1=1 crypto rx=0 tx=0 comp rx=0 tx=0).handle_hello peer v2:172.21.15.16:3300/0 says I am v2:172.21.15.16:34044/0 (socket says 172.21.15.16:34044)
2023-07-18T02:56:18.397 INFO:teuthology.orchestra.run.smithi016.stdout:/usr/bin/ceph: stderr
2023-07-18T02:56:17.734+0000 7fbb6affd700 1 -- 172.21.15.16:0/4083425968 learned_addr learned my addr 172.21.15.16:0/4083425968 (peer_addr_for_me v2:172.21.15.16:0/0)
2023-07-18T02:56:18.397 INFO:teuthology.orchestra.run.smithi016.stdout:/usr/bin/ceph: stderr
2023-07-18T02:56:17.734+0000 7fbb6affd700 1 -- 172.21.15.16:0/4083425968 --> [v2:172.21.15.16:3300/0,v1:172.21.15.16:6789/0] -- mon_subscribe({config=0+,monmap=0+}) v3 -- 0x7fbb6c108720 con 0x7fbb6c073ba0
2023-07-18T02:56:18.397 INFO:teuthology.orchestra.run.smithi016.stdout:/usr/bin/ceph: stderr
2023-07-18T02:56:17.734+0000 7fbb6affd700 1 --2- 172.21.15.16:0/4083425968 >> [v2:172.21.15.16:3300/0,v1:172.21.15.16:6789/0] conn(0x7fbb6c073ba0 0x7fbb6c1080a0 secure :-1 s=READY pgs=37 cs=0 l=1 rev1=1 crypto rx=0x7fbb5c0098a0 tx=0x7fbb5c009bb0 comp rx=0 tx=0).ready entity=mon.0 client_cookie=5c3cbf3dbf6d6722 server_cookie=0 in_seq=0 out_seq=0
2023-07-18T02:56:18.397 INFO:teuthology.orchestra.run.smithi016.stdout:/usr/bin/ceph: stderr
2023-07-18T02:56:17.734+0000 7fbb69ffb700 1 -- 172.21.15.16:0/4083425968 <== mon.0 v2:172.21.15.16:3300/0 1 ==== mon_map magic: 0 v1 ==== 205+0+0 (secure 0 0 0) 0x7fbb5c004160 con 0x7fbb6c073ba0
2023-07-18T02:56:18.397 INFO:teuthology.orchestra.run.smithi016.stdout:/usr/bin/ceph: stderr
2023-07-18T02:56:17.734+0000 7fbb69ffb700 1 -- 172.21.15.16:0/4083425968 <== mon.0 v2:172.21.15.16:3300/0 2 ==== config(26 keys) v1 ==== 1074+0+0 (secure 0 0 0) 0x7fbb5c0042c0 con 0x7fbb6c073ba0
2023-07-18T02:56:18.398 INFO:teuthology.orchestra.run.smithi016.stdout:/usr/bin/ceph: stderr
2023-07-18T02:56:17.734+0000 7fbb69ffb700 1 -- 172.21.15.16:0/4083425968 <== mon.0 v2:172.21.15.16:3300/0 3 ==== mon_map magic: 0 v1 ==== 205+0+0 (secure 0 0 0) 0x7fbb5c011a00 con 0x7fbb6c073ba0
2023-07-18T02:56:18.398 INFO:teuthology.orchestra.run.smithi016.stdout:/usr/bin/ceph: stderr
2023-07-18T02:56:17.735+0000 7fbb7149c700 1 -- 172.21.15.16:0/4083425968 >> [v2:172.21.15.16:3300/0,v1:172.21.15.16:6789/0] conn(0x7fbb6c073ba0 msgr2=0x7fbb6c1080a0 secure :-1 s=STATE_CONNECTION_ESTABLISHED l=1).mark_down
2023-07-18T02:56:18.398 INFO:teuthology.orchestra.run.smithi016.stdout:/usr/bin/ceph: stderr
2023-07-18T02:56:17.735+0000 7fbb7149c700 1 --2- 172.21.15.16:0/4083425968 >> [v2:172.21.15.16:3300/0,v1:172.21.15.16:6789/0] conn(0x7fbb6c073ba0 0x7fbb6c1080a0 secure :-1 s=READY pgs=37 cs=0 l=1 rev1=1 crypto rx=0x7fbb5c0098a0 tx=0x7fbb5c009bb0 comp rx=0 tx=0).stop
2023-07-18T02:56:18.398 INFO:teuthology.orchestra.run.smithi016.stdout:/usr/bin/ceph: stderr
2023-07-18T02:56:17.735+0000 7fbb7149c700 1 -- 172.21.15.16:0/4083425968 shutdown_connections
2023-07-18T02:56:18.398 INFO:teuthology.orchestra.run.smithi016.stdout:/usr/bin/ceph: stderr
2023-07-18T02:56:17.735+0000 7fbb7149c700 1 --2- 172.21.15.16:0/4083425968 >> [v2:172.21.15.16:3300/0,v1:172.21.15.16:6789/0] conn(0x7fbb6c073ba0 0x7fbb6c1080a0 unknown :-1 s=CLOSED pgs=37 cs=0 l=1 rev1=1 crypto rx=0 tx=0 comp rx=0 tx=0).stop
2023-07-18T02:56:18.398 INFO:teuthology.orchestra.run.smithi016.stdout:/usr/bin/ceph: stderr
2023-07-18T02:56:17.735+0000 7fbb7149c700 1 -- 172.21.15.16:0/4083425968 >> 172.21.15.16:0/4083425968 conn(0x7fbb6c0ffa50 msgr2=0x7fbb6c101e80 unknown :-1 s=STATE_NONE l=0).mark_down
2023-07-18T02:56:18.398 INFO:teuthology.orchestra.run.smithi016.stdout:/usr/bin/ceph: stderr
2023-07-18T02:56:17.735+0000 7fbb7149c700 1 -- 172.21.15.16:0/4083425968 shutdown_connections
2023-07-18T02:56:18.399 INFO:teuthology.orchestra.run.smithi016.stdout:/usr/bin/ceph: stderr
2023-07-18T02:56:17.735+0000 7fbb7149c700 1 -- 172.21.15.16:0/4083425968 wait complete.
2023-07-18T02:56:18.399 INFO:teuthology.orchestra.run.smithi016.stdout:/usr/bin/ceph: stderr
2023-07-18T02:56:17.736+0000 7fbb7149c700 1 Processor -- start
2023-07-18T02:56:18.399 INFO:teuthology.orchestra.run.smithi016.stdout:/usr/bin/ceph: stderr
2023-07-18T02:56:17.736+0000 7fbb7149c700 1 -- start start
2023-07-18T02:56:18.399 INFO:teuthology.orchestra.run.smithi016.stdout:/usr/bin/ceph: stderr
2023-07-18T02:56:17.736+0000 7fbb7149c700 1 --2- >> [v2:172.21.15.16:3300/0,v1:172.21.15.16:6789/0] conn(0x7fbb6c19b480 0x7fbb6c19b890 unknown :-1 s=NONE pgs=0 cs=0 l=1 rev1=0 crypto rx=0 tx=0 comp rx=0 tx=0).connect
2023-07-18T02:56:18.399 INFO:teuthology.orchestra.run.smithi016.stdout:/usr/bin/ceph: stderr
2023-07-18T02:56:17.736+0000 7fbb7149c700 1 -- --> [v2:172.21.15.16:3300/0,v1:172.21.15.16:6789/0] -- mon_getmap magic: 0 v1 -- 0x7fbb6c19bdd0 con 0x7fbb6c19b480
2023-07-18T02:56:18.399 INFO:teuthology.orchestra.run.smithi016.stdout:/usr/bin/ceph: stderr
2023-07-18T02:56:17.736+0000 7fbb6affd700 1 --2- >> [v2:172.21.15.16:3300/0,v1:172.21.15.16:6789/0] conn(0x7fbb6c19b480 0x7fbb6c19b890 unknown :-1 s=BANNER_CONNECTING pgs=0 cs=0 l=1 rev1=0 crypto rx=0 tx=0 comp rx=0 tx=0)._handle_peer_banner_payload supported=3 required=0
2023-07-18T02:56:18.399 INFO:teuthology.orchestra.run.smithi016.stdout:/usr/bin/ceph: stderr
2023-07-18T02:56:17.736+0000 7fbb6affd700 1 --2- >> [v2:172.21.15.16:3300/0,v1:172.21.15.16:6789/0] conn(0x7fbb6c19b480 0x7fbb6c19b890 unknown :-1 s=HELLO_CONNECTING pgs=0 cs=0 l=1 rev1=1 crypto rx=0 tx=0 comp rx=0 tx=0).handle_hello peer v2:172.21.15.16:3300/0 says I am v2:172.21.15.16:34046/0 (socket says 172.21.15.16:34046)
2023-07-18T02:56:18.400 INFO:teuthology.orchestra.run.smithi016.stdout:/usr/bin/ceph: stderr
2023-07-18T02:56:17.736+0000 7fbb6affd700 1 -- 172.21.15.16:0/258815355 learned_addr learned my addr 172.21.15.16:0/258815355 (peer_addr_for_me v2:172.21.15.16:0/0)
2023-07-18T02:56:18.400 INFO:teuthology.orchestra.run.smithi016.stdout:/usr/bin/ceph: stderr
2023-07-18T02:56:17.737+0000 7fbb6affd700 1 -- 172.21.15.16:0/258815355 --> [v2:172.21.15.16:3300/0,v1:172.21.15.16:6789/0] -- mon_subscribe({config=0+,monmap=0+}) v3 -- 0x7fbb5c009550 con 0x7fbb6c19b480
2023-07-18T02:56:18.400 INFO:teuthology.orchestra.run.smithi016.stdout:/usr/bin/ceph: stderr
2023-07-18T02:56:17.737+0000 7fbb6affd700 1 --2- 172.21.15.16:0/258815355 >> [v2:172.21.15.16:3300/0,v1:172.21.15.16:6789/0] conn(0x7fbb6c19b480 0x7fbb6c19b890 secure :-1 s=READY pgs=38 cs=0 l=1 rev1=1 crypto rx=0x7fbb5c009130 tx=0x7fbb5c011ad0 comp rx=0 tx=0).ready entity=mon.0 client_cookie=0 server_cookie=0 in_seq=0 out_seq=0
2023-07-18T02:56:18.400 INFO:teuthology.orchestra.run.smithi016.stdout:/usr/bin/ceph: stderr
2023-07-18T02:56:17.738+0000 7fbb53fff700 1 -- 172.21.15.16:0/258815355 <== mon.0 v2:172.21.15.16:3300/0 1 ==== mon_map magic: 0 v1 ==== 205+0+0 (secure 0 0 0) 0x7fbb5c003ab0 con 0x7fbb6c19b480
2023-07-18T02:56:18.400 INFO:teuthology.orchestra.run.smithi016.stdout:/usr/bin/ceph: stderr
2023-07-18T02:56:17.738+0000 7fbb7149c700 1 -- 172.21.15.16:0/258815355 --> [v2:172.21.15.16:3300/0,v1:172.21.15.16:6789/0] -- mon_subscribe({mgrmap=0+}) v3 -- 0x7fbb6c19bfd0 con 0x7fbb6c19b480
2023-07-18T02:56:18.400 INFO:teuthology.orchestra.run.smithi016.stdout:/usr/bin/ceph: stderr
2023-07-18T02:56:17.738+0000 7fbb53fff700 1 -- 172.21.15.16:0/258815355 <== mon.0 v2:172.21.15.16:3300/0 2 ==== config(26 keys) v1 ==== 1074+0+0 (secure 0 0 0) 0x7fbb5c003c10 con 0x7fbb6c19b480
2023-07-18T02:56:18.400 INFO:teuthology.orchestra.run.smithi016.stdout:/usr/bin/ceph: stderr
2023-07-18T02:56:17.738+0000 7fbb53fff700 1 -- 172.21.15.16:0/258815355 <== mon.0 v2:172.21.15.16:3300/0 3 ==== mon_map magic: 0 v1 ==== 205+0+0 (secure 0 0 0) 0x7fbb5c0247d0 con 0x7fbb6c19b480
2023-07-18T02:56:18.401 INFO:teuthology.orchestra.run.smithi016.stdout:/usr/bin/ceph: stderr
2023-07-18T02:56:17.738+0000 7fbb7149c700 1 -- 172.21.15.16:0/258815355 --> [v2:172.21.15.16:3300/0,v1:172.21.15.16:6789/0] -- mon_subscribe({osdmap=0}) v3 -- 0x7fbb6c19ec30 con 0x7fbb6c19b480
2023-07-18T02:56:18.401 INFO:teuthology.orchestra.run.smithi016.stdout:/usr/bin/ceph: stderr
2023-07-18T02:56:17.740+0000 7fbb53fff700 1 -- 172.21.15.16:0/258815355 <== mon.0 v2:172.21.15.16:3300/0 4 ==== mgrmap(e 8) v1 ==== 45483+0+0 (secure 0 0 0) 0x7fbb5c02d3f0 con 0x7fbb6c19b480
2023-07-18T02:56:18.401 INFO:teuthology.orchestra.run.smithi016.stdout:/usr/bin/ceph: stderr
2023-07-18T02:56:17.740+0000 7fbb7149c700 1 -- 172.21.15.16:0/258815355 --> [v2:172.21.15.16:3300/0,v1:172.21.15.16:6789/0] -- mon_command({"prefix": "get_command_descriptions"} v 0) v1 -- 0x7fbb6c073ba0 con 0x7fbb6c19b480
