2023-07-18T02:56:33.093+0000 7f5531f27700 1 -- 172.21.15.16:0/141084994 learned_addr learned my addr 172.21.15.16:0/141084994 (peer_addr_for_me v2:172.21.15.16:0/0)
2023-07-18T02:56:33.919 INFO:teuthology.orchestra.run.smithi016.stdout:/usr/bin/ceph: stderr
2023-07-18T02:56:33.094+0000 7f5531f27700 1 -- 172.21.15.16:0/141084994 --> [v2:172.21.15.16:3300/0,v1:172.21.15.16:6789/0] -- mon_subscribe({config=0+,monmap=0+}) v3 -- 0x7f5528009550 con 0x7f552c1043f0
2023-07-18T02:56:33.920 INFO:teuthology.orchestra.run.smithi016.stdout:/usr/bin/ceph: stderr
2023-07-18T02:56:33.094+0000 7f5531f27700 1 --2- 172.21.15.16:0/141084994 >> [v2:172.21.15.16:3300/0,v1:172.21.15.16:6789/0] conn(0x7f552c1043f0 0x7f552c18f590 secure :-1 s=READY pgs=58 cs=0 l=1 rev1=1 crypto rx=0x7f5528006af0 tx=0x7f5528011a10 comp rx=0 tx=0).ready entity=mon.0 client_cookie=0 server_cookie=0 in_seq=0 out_seq=0
2023-07-18T02:56:33.920 INFO:teuthology.orchestra.run.smithi016.stdout:/usr/bin/ceph: stderr
2023-07-18T02:56:33.094+0000 7f5522ffd700 1 -- 172.21.15.16:0/141084994 <== mon.0 v2:172.21.15.16:3300/0 1 ==== mon_map magic: 0 v1 ==== 205+0+0 (secure 0 0 0) 0x7f5528003a40 con 0x7f552c1043f0
2023-07-18T02:56:33.920 INFO:teuthology.orchestra.run.smithi016.stdout:/usr/bin/ceph: stderr
2023-07-18T02:56:33.094+0000 7f5522ffd700 1 -- 172.21.15.16:0/141084994 <== mon.0 v2:172.21.15.16:3300/0 2 ==== config(26 keys) v1 ==== 1105+0+0 (secure 0 0 0) 0x7f5528003ba0 con 0x7f552c1043f0
2023-07-18T02:56:33.920 INFO:teuthology.orchestra.run.smithi016.stdout:/usr/bin/ceph: stderr
2023-07-18T02:56:33.094+0000 7f553418b700 1 -- 172.21.15.16:0/141084994 --> [v2:172.21.15.16:3300/0,v1:172.21.15.16:6789/0] -- mon_subscribe({mgrmap=0+}) v3 -- 0x7f552c18dbe0 con 0x7f552c1043f0
2023-07-18T02:56:33.920 INFO:teuthology.orchestra.run.smithi016.stdout:/usr/bin/ceph: stderr
2023-07-18T02:56:33.094+0000 7f5522ffd700 1 -- 172.21.15.16:0/141084994 <== mon.0 v2:172.21.15.16:3300/0 3 ==== mon_map magic: 0 v1 ==== 205+0+0 (secure 0 0 0) 0x7f55280196c0 con 0x7f552c1043f0
2023-07-18T02:56:33.920 INFO:teuthology.orchestra.run.smithi016.stdout:/usr/bin/ceph: stderr
2023-07-18T02:56:33.094+0000 7f553418b700 1 -- 172.21.15.16:0/141084994 --> [v2:172.21.15.16:3300/0,v1:172.21.15.16:6789/0] -- mon_subscribe({osdmap=0}) v3 -- 0x7f552c18e000 con 0x7f552c1043f0
2023-07-18T02:56:33.921 INFO:teuthology.orchestra.run.smithi016.stdout:/usr/bin/ceph: stderr
2023-07-18T02:56:33.095+0000 7f5522ffd700 1 -- 172.21.15.16:0/141084994 <== mon.0 v2:172.21.15.16:3300/0 4 ==== mgrmap(e 9) v1 ==== 45496+0+0 (secure 0 0 0) 0x7f5528019930 con 0x7f552c1043f0
2023-07-18T02:56:33.921 INFO:teuthology.orchestra.run.smithi016.stdout:/usr/bin/ceph: stderr
2023-07-18T02:56:33.095+0000 7f553418b700 1 -- 172.21.15.16:0/141084994 --> [v2:172.21.15.16:3300/0,v1:172.21.15.16:6789/0] -- mon_command({"prefix": "get_command_descriptions"} v 0) v1 -- 0x7f552c061b40 con 0x7f552c1043f0
2023-07-18T02:56:33.921 INFO:teuthology.orchestra.run.smithi016.stdout:/usr/bin/ceph: stderr
2023-07-18T02:56:33.095+0000 7f5522ffd700 1 --2- 172.21.15.16:0/141084994 >> [v2:172.21.15.16:6800/1882690904,v1:172.21.15.16:6801/1882690904] conn(0x7f5518038760 0x7f551803ac10 unknown :-1 s=NONE pgs=0 cs=0 l=1 rev1=0 crypto rx=0 tx=0 comp rx=0 tx=0).connect
2023-07-18T02:56:33.921 INFO:teuthology.orchestra.run.smithi016.stdout:/usr/bin/ceph: stderr
2023-07-18T02:56:33.095+0000 7f5522ffd700 1 -- 172.21.15.16:0/141084994 <== mon.0 v2:172.21.15.16:3300/0 5 ==== osd_map(2..2 src has 1..2) v4 ==== 940+0+0 (secure 0 0 0) 0x7f552804c6d0 con 0x7f552c1043f0
2023-07-18T02:56:33.921 INFO:teuthology.orchestra.run.smithi016.stdout:/usr/bin/ceph: stderr
2023-07-18T02:56:33.095+0000 7f5531726700 1 -- 172.21.15.16:0/141084994 >> [v2:172.21.15.16:6800/1882690904,v1:172.21.15.16:6801/1882690904] conn(0x7f5518038760 msgr2=0x7f551803ac10 unknown :-1 s=STATE_CONNECTING_RE l=1).process reconnect failed to v2:172.21.15.16:6800/1882690904
2023-07-18T02:56:33.921 INFO:teuthology.orchestra.run.smithi016.stdout:/usr/bin/ceph: stderr
2023-07-18T02:56:33.095+0000 7f5531726700 1 --2- 172.21.15.16:0/141084994 >> [v2:172.21.15.16:6800/1882690904,v1:172.21.15.16:6801/1882690904] conn(0x7f5518038760 0x7f551803ac10 unknown :-1 s=START_CONNECT pgs=0 cs=0 l=1 rev1=0 crypto rx=0 tx=0 comp rx=0 tx=0)._fault waiting 0.200000
2023-07-18T02:56:33.921 INFO:teuthology.orchestra.run.smithi016.stdout:/usr/bin/ceph: stderr
2023-07-18T02:56:33.100+0000 7f5522ffd700 1 -- 172.21.15.16:0/141084994 <== mon.0 v2:172.21.15.16:3300/0 6 ==== mon_command_ack([{"prefix": "get_command_descriptions"}]=0 v0) v1 ==== 72+0+178038 (secure 0 0 0) 0x7f552802dcd0 con 0x7f552c1043f0
2023-07-18T02:56:33.922 INFO:teuthology.orchestra.run.smithi016.stdout:/usr/bin/ceph: stderr
2023-07-18T02:56:33.296+0000 7f5531726700 1 -- 172.21.15.16:0/141084994 >> [v2:172.21.15.16:6800/1882690904,v1:172.21.15.16:6801/1882690904] conn(0x7f5518038760 msgr2=0x7f551803ac10 unknown :-1 s=STATE_CONNECTING_RE l=1).process reconnect failed to v2:172.21.15.16:6800/1882690904
2023-07-18T02:56:33.922 INFO:teuthology.orchestra.run.smithi016.stdout:/usr/bin/ceph: stderr
2023-07-18T02:56:33.296+0000 7f5531726700 1 --2- 172.21.15.16:0/141084994 >> [v2:172.21.15.16:6800/1882690904,v1:172.21.15.16:6801/1882690904] conn(0x7f5518038760 0x7f551803ac10 unknown :-1 s=START_CONNECT pgs=0 cs=0 l=1 rev1=0 crypto rx=0 tx=0 comp rx=0 tx=0)._fault waiting 0.400000
2023-07-18T02:56:33.922 INFO:teuthology.orchestra.run.smithi016.stdout:/usr/bin/ceph: stderr
2023-07-18T02:56:33.564+0000 7f553418b700 1 -- 172.21.15.16:0/141084994 --> [v2:172.21.15.16:3300/0,v1:172.21.15.16:6789/0] -- mon_command({"prefix": "mgr stat"} v 0) v1 -- 0x7f552c18e9d0 con 0x7f552c1043f0
2023-07-18T02:56:33.922 INFO:teuthology.orchestra.run.smithi016.stdout:/usr/bin/ceph: stderr
2023-07-18T02:56:33.564+0000 7f5522ffd700 1 -- 172.21.15.16:0/141084994 <== mon.0 v2:172.21.15.16:3300/0 7 ==== mon_command_ack([{"prefix": "mgr stat"}]=0 v9) v1 ==== 56+0+88 (secure 0 0 0) 0x7f5528018350 con 0x7f552c1043f0
2023-07-18T02:56:33.922 INFO:teuthology.orchestra.run.smithi016.stdout:/usr/bin/ceph: stderr
2023-07-18T02:56:33.567+0000 7f553418b700 1 -- 172.21.15.16:0/141084994 >> [v2:172.21.15.16:6800/1882690904,v1:172.21.15.16:6801/1882690904] conn(0x7f5518038760 msgr2=0x7f551803ac10 unknown :-1 s=STATE_CONNECTING l=1).mark_down
2023-07-18T02:56:33.922 INFO:teuthology.orchestra.run.smithi016.stdout:/usr/bin/ceph: stderr
2023-07-18T02:56:33.567+0000 7f553418b700 1 --2- 172.21.15.16:0/141084994 >> [v2:172.21.15.16:6800/1882690904,v1:172.21.15.16:6801/1882690904] conn(0x7f5518038760 0x7f551803ac10 unknown :-1 s=START_CONNECT pgs=0 cs=0 l=1 rev1=0 crypto rx=0 tx=0 comp rx=0 tx=0).stop
2023-07-18T02:56:33.922 INFO:teuthology.orchestra.run.smithi016.stdout:/usr/bin/ceph: stderr
2023-07-18T02:56:33.567+0000 7f553418b700 1 -- 172.21.15.16:0/141084994 >> [v2:172.21.15.16:3300/0,v1:172.21.15.16:6789/0] conn(0x7f552c1043f0 msgr2=0x7f552c18f590 secure :-1 s=STATE_CONNECTION_ESTABLISHED l=1).mark_down
2023-07-18T02:56:33.923 INFO:teuthology.orchestra.run.smithi016.stdout:/usr/bin/ceph: stderr
2023-07-18T02:56:33.567+0000 7f553418b700 1 --2- 172.21.15.16:0/141084994 >> [v2:172.21.15.16:3300/0,v1:172.21.15.16:6789/0] conn(0x7f552c1043f0 0x7f552c18f590 secure :-1 s=READY pgs=58 cs=0 l=1 rev1=1 crypto rx=0x7f5528006af0 tx=0x7f5528011a10 comp rx=0 tx=0).stop
2023-07-18T02:56:33.923 INFO:teuthology.orchestra.run.smithi016.stdout:/usr/bin/ceph: stderr
2023-07-18T02:56:33.567+0000 7f553418b700 1 -- 172.21.15.16:0/141084994 shutdown_connections
2023-07-18T02:56:33.923 INFO:teuthology.orchestra.run.smithi016.stdout:/usr/bin/ceph: stderr
2023-07-18T02:56:33.567+0000 7f553418b700 1 --2- 172.21.15.16:0/141084994 >> [v2:172.21.15.16:6800/1882690904,v1:172.21.15.16:6801/1882690904] conn(0x7f5518038760 0x7f551803ac10 unknown :-1 s=CLOSED pgs=0 cs=0 l=1 rev1=0 crypto rx=0 tx=0 comp rx=0 tx=0).stop
2023-07-18T02:56:33.923 INFO:teuthology.orchestra.run.smithi016.stdout:/usr/bin/ceph: stderr
2023-07-18T02:56:33.567+0000 7f553418b700 1 --2- 172.21.15.16:0/141084994 >> [v2:172.21.15.16:3300/0,v1:172.21.15.16:6789/0] conn(0x7f552c1043f0 0x7f552c18f590 unknown :-1 s=CLOSED pgs=58 cs=0 l=1 rev1=1 crypto rx=0 tx=0 comp rx=0 tx=0).stop
2023-07-18T02:56:33.923 INFO:teuthology.orchestra.run.smithi016.stdout:/usr/bin/ceph: stderr
2023-07-18T02:56:33.567+0000 7f553418b700 1 -- 172.21.15.16:0/141084994 >> 172.21.15.16:0/141084994 conn(0x7f552c0ffa40 msgr2=0x7f552c072f90 unknown :-1 s=STATE_NONE l=0).mark_down
2023-07-18T02:56:33.923 INFO:teuthology.orchestra.run.smithi016.stdout:/usr/bin/ceph: stderr
2023-07-18T02:56:33.567+0000 7f553418b700 1 -- 172.21.15.16:0/141084994 shutdown_connections
2023-07-18T02:56:33.923 INFO:teuthology.orchestra.run.smithi016.stdout:/usr/bin/ceph: stderr
2023-07-18T02:56:33.567+0000 7f553418b700 1 -- 172.21.15.16:0/141084994 wait complete.
2023-07-18T02:56:33.923 INFO:teuthology.orchestra.run.smithi016.stdout:Waiting for the mgr to restart...
2023-07-18T02:56:33.924 INFO:teuthology.orchestra.run.smithi016.stdout:Waiting for mgr epoch 9...
2023-07-18T02:56:34.017 INFO:journalctl@ceph.mgr.x.smithi016.stdout:Jul 18 02:56:33 smithi016 ceph-79ec4218-2516-11ee-9b34-001a4aab830c-mgr-x[96721]:
2023-07-18T02:56:33.689+0000 7f9977db3200 -1 mgr[py] Module alerts has missing NOTIFY_TYPES member
2023-07-18T02:56:34.517 INFO:journalctl@ceph.mon.a.smithi016.stdout:Jul 18 02:56:34 smithi016 ceph-mon[96474]: from='client.? 172.21.15.16:0/141084994' entity='client.admin' cmd=[{"prefix": "mgr stat"}]: dispatch
2023-07-18T02:56:34.518 INFO:journalctl@ceph.mgr.x.smithi016.stdout:Jul 18 02:56:34 smithi016 ceph-79ec4218-2516-11ee-9b34-001a4aab830c-mgr-x[96721]:
2023-07-18T02:56:34.214+0000 7f9977db3200 -1 mgr[py] Module progress has missing NOTIFY_TYPES member
2023-07-18T02:56:35.267 INFO:journalctl@ceph.mgr.x.smithi016.stdout:Jul 18 02:56:34 smithi016 ceph-79ec4218-2516-11ee-9b34-001a4aab830c-mgr-x[96721]:
2023-07-18T02:56:34.900+0000 7f9977db3200 -1 mgr[py] Module rook has missing NOTIFY_TYPES member
2023-07-18T02:56:35.268 INFO:journalctl@ceph.mgr.x.smithi016.stdout:Jul 18 02:56:35 smithi016 ceph-79ec4218-2516-11ee-9b34-001a4aab830c-mgr-x[96721]:
2023-07-18T02:56:35.092+0000 7f9977db3200 -1 mgr[py] Module iostat has missing NOTIFY_TYPES member
2023-07-18T02:56:36.356 INFO:journalctl@ceph.mgr.x.smithi016.stdout:Jul 18 02:56:36 smithi016 ceph-79ec4218-2516-11ee-9b34-001a4aab830c-mgr-x[96721]:
2023-07-18T02:56:36.053+0000 7f9977db3200 -1 mgr[py] Module test_orchestrator has missing NOTIFY_TYPES member
2023-07-18T02:56:36.357 INFO:journalctl@ceph.mgr.x.smithi016.stdout:Jul 18 02:56:36 smithi016 ceph-79ec4218-2516-11ee-9b34-001a4aab830c-mgr-x[96721]:
2023-07-18T02:56:36.165+0000 7f9977db3200 -1 mgr[py] Module osd_perf_query has missing NOTIFY_TYPES member
2023-07-18T02:56:36.708 INFO:journalctl@ceph.mgr.x.smithi016.stdout:Jul 18 02:56:36 smithi016 ceph-79ec4218-2516-11ee-9b34-001a4aab830c-mgr-x[96721]:
2023-07-18T02:56:36.383+0000 7f9977db3200 -1 mgr[py] Module orchestrator has missing NOTIFY_TYPES member
2023-07-18T02:56:36.959 INFO:journalctl@ceph.mgr.x.smithi016.stdout:Jul 18 02:56:36 smithi016 ceph-79ec4218-2516-11ee-9b34-001a4aab830c-mgr-x[96721]:
2023-07-18T02:56:36.735+0000 7f9977db3200 -1 mgr[py] Module rgw has missing NOTIFY_TYPES member
2023-07-18T02:56:37.267 INFO:journalctl@ceph.mgr.x.smithi016.stdout:Jul 18 02:56:36 smithi016 ceph-79ec4218-2516-11ee-9b34-001a4aab830c-mgr-x[96721]:
2023-07-18T02:56:36.986+0000 7f9977db3200 -1 mgr[py] Module influx has missing NOTIFY_TYPES member
2023-07-18T02:56:37.268 INFO:journalctl@ceph.mgr.x.smithi016.stdout:Jul 18 02:56:37 smithi016 ceph-79ec4218-2516-11ee-9b34-001a4aab830c-mgr-x[96721]:
2023-07-18T02:56:37.167+0000 7f9977db3200 -1 mgr[py] Module telemetry has missing NOTIFY_TYPES member
2023-07-18T02:56:37.767 INFO:journalctl@ceph.mgr.x.smithi016.stdout:Jul 18 02:56:37 smithi016 ceph-79ec4218-2516-11ee-9b34-001a4aab830c-mgr-x[96721]:
2023-07-18T02:56:37.495+0000 7f9977db3200 -1 mgr[py] Module telegraf has missing NOTIFY_TYPES member
2023-07-18T02:56:38.688 INFO:journalctl@ceph.mgr.x.smithi016.stdout:Jul 18 02:56:38 smithi016 ceph-79ec4218-2516-11ee-9b34-001a4aab830c-mgr-x[96721]:
2023-07-18T02:56:38.315+0000 7f9977db3200 -1 mgr[py] Module balancer has missing NOTIFY_TYPES member
2023-07-18T02:56:38.689 INFO:journalctl@ceph.mgr.x.smithi016.stdout:Jul 18 02:56:38 smithi016 ceph-79ec4218-2516-11ee-9b34-001a4aab830c-mgr-x[96721]:
2023-07-18T02:56:38.471+0000 7f9977db3200 -1 mgr[py] Module diskprediction_local has missing NOTIFY_TYPES member
2023-07-18T02:56:39.017 INFO:journalctl@ceph.mgr.x.smithi016.stdout:Jul 18 02:56:38 smithi016 ceph-79ec4218-2516-11ee-9b34-001a4aab830c-mgr-x[96721]:
2023-07-18T02:56:38.715+0000 7f9977db3200 -1 mgr[py] Module nfs has missing NOTIFY_TYPES member
2023-07-18T02:56:39.018 INFO:journalctl@ceph.mgr.x.smithi016.stdout:Jul 18 02:56:38 smithi016 ceph-79ec4218-2516-11ee-9b34-001a4aab830c-mgr-x[96721]:
2023-07-18T02:56:38.852+0000 7f9977db3200 -1 mgr[py] Module rbd_support has missing NOTIFY_TYPES member
2023-07-18T02:56:39.517 INFO:journalctl@ceph.mgr.x.smithi016.stdout:Jul 18 02:56:39 smithi016 ceph-79ec4218-2516-11ee-9b34-001a4aab830c-mgr-x[96721]:
2023-07-18T02:56:39.122+0000 7f9977db3200 -1 mgr[py] Module volumes has missing NOTIFY_TYPES member
2023-07-18T02:56:40.517 INFO:journalctl@ceph.mgr.x.smithi016.stdout:Jul 18 02:56:40 smithi016 ceph-79ec4218-2516-11ee-9b34-001a4aab830c-mgr-x[96721]:
2023-07-18T02:56:40.159+0000 7f9977db3200 -1 mgr[py] Module pg_autoscaler has missing NOTIFY_TYPES member
2023-07-18T02:56:41.017 INFO:journalctl@ceph.mon.a.smithi016.stdout:Jul 18 02:56:40 smithi016 ceph-mon[96474]: Active manager daemon x restarted
2023-07-18T02:56:41.018 INFO:journalctl@ceph.mon.a.smithi016.stdout:Jul 18 02:56:40 smithi016 ceph-mon[96474]: Activating manager daemon x
2023-07-18T02:56:41.018 INFO:journalctl@ceph.mon.a.smithi016.stdout:Jul 18 02:56:40 smithi016 ceph-mon[96474]: osdmap e3: 0 total, 0 up, 0 in
2023-07-18T02:56:41.018 INFO:journalctl@ceph.mon.a.smithi016.stdout:Jul 18 02:56:40 smithi016 ceph-mon[96474]: mgrmap e10: x(active, starting, since 0.00343061s)
2023-07-18T02:56:41.018 INFO:journalctl@ceph.mon.a.smithi016.stdout:Jul 18 02:56:40 smithi016 ceph-mon[96474]: from='mgr.14150 172.21.15.16:0/3375066374' entity='mgr.x' cmd=[{"prefix": "mon metadata", "id": "a"}]: dispatch
2023-07-18T02:56:41.018 INFO:journalctl@ceph.mon.a.smithi016.stdout:Jul 18 02:56:40 smithi016 ceph-mon[96474]: from='mgr.14150 172.21.15.16:0/3375066374' entity='mgr.x' cmd=[{"prefix": "mgr metadata", "who": "x", "id": "x"}]: dispatch
2023-07-18T02:56:41.019 INFO:journalctl@ceph.mon.a.smithi016.stdout:Jul 18 02:56:40 smithi016 ceph-mon[96474]: from='mgr.14150 172.21.15.16:0/3375066374' entity='mgr.x' cmd=[{"prefix": "mds metadata"}]: dispatch
2023-07-18T02:56:41.019 INFO:journalctl@ceph.mon.a.smithi016.stdout:Jul 18 02:56:40 smithi016 ceph-mon[96474]: from='mgr.14150 172.21.15.16:0/3375066374' entity='mgr.x' cmd=[{"prefix": "osd metadata"}]: dispatch
2023-07-18T02:56:41.019 INFO:journalctl@ceph.mon.a.smithi016.stdout:Jul 18 02:56:40 smithi016 ceph-mon[96474]: from='mgr.14150 172.21.15.16:0/3375066374' entity='mgr.x' cmd=[{"prefix": "mon metadata"}]: dispatch
2023-07-18T02:56:41.019 INFO:journalctl@ceph.mon.a.smithi016.stdout:Jul 18 02:56:40 smithi016 ceph-mon[96474]: Manager daemon x is now available
2023-07-18T02:56:41.019 INFO:journalctl@ceph.mon.a.smithi016.stdout:Jul 18 02:56:40 smithi016 ceph-mon[96474]: from='mgr.14150 172.21.15.16:0/3375066374' entity='mgr.x' cmd=[{"prefix": "config dump", "format": "json"}]: dispatch
2023-07-18T02:56:41.019 INFO:journalctl@ceph.mon.a.smithi016.stdout:Jul 18 02:56:40 smithi016 ceph-mon[96474]: from='mgr.14150 172.21.15.16:0/3375066374' entity='mgr.x' cmd=[{"prefix": "config dump", "format": "json"}]: dispatch
2023-07-18T02:56:41.019 INFO:journalctl@ceph.mon.a.smithi016.stdout:Jul 18 02:56:40 smithi016 ceph-mon[96474]: from='mgr.14150 172.21.15.16:0/3375066374' entity='mgr.x' cmd=[{"prefix":"config rm","who":"mgr","name":"mgr/rbd_support/x/mirror_snapshot_schedule"}]: dispatch
2023-07-18T02:56:41.019 INFO:journalctl@ceph.mon.a.smithi016.stdout:Jul 18 02:56:40 smithi016 ceph-mon[96474]: from='mgr.14150 172.21.15.16:0/3375066374' entity='mgr.x' cmd=[{"prefix":"config rm","who":"mgr","name":"mgr/rbd_support/x/trash_purge_schedule"}]: dispatch
2023-07-18T02:56:41.478 INFO:teuthology.orchestra.run.smithi016.stdout:/usr/bin/ceph: stdout {
2023-07-18T02:56:41.479 INFO:teuthology.orchestra.run.smithi016.stdout:/usr/bin/ceph: stdout "mgrmap_epoch": 11,
2023-07-18T02:56:41.479 INFO:teuthology.orchestra.run.smithi016.stdout:/usr/bin/ceph: stdout "initialized": true
2023-07-18T02:56:41.479 INFO:teuthology.orchestra.run.smithi016.stdout:/usr/bin/ceph: stdout }
2023-07-18T02:56:41.479 INFO:teuthology.orchestra.run.smithi016.stdout:/usr/bin/ceph: stderr
2023-07-18T02:56:34.402+0000 7f73c265e700 1 Processor -- start
2023-07-18T02:56:41.479 INFO:teuthology.orchestra.run.smithi016.stdout:/usr/bin/ceph: stderr
2023-07-18T02:56:34.402+0000 7f73c265e700 1 -- start start
2023-07-18T02:56:41.479 INFO:teuthology.orchestra.run.smithi016.stdout:/usr/bin/ceph: stderr
2023-07-18T02:56:34.402+0000 7f73c265e700 1 --2- >> [v2:172.21.15.16:3300/0,v1:172.21.15.16:6789/0] conn(0x7f73bc105500 0x7f73bc105910 unknown :-1 s=NONE pgs=0 cs=0 l=0 rev1=0 crypto rx=0 tx=0 comp rx=0 tx=0).connect
2023-07-18T02:56:41.479 INFO:teuthology.orchestra.run.smithi016.stdout:/usr/bin/ceph: stderr
2023-07-18T02:56:34.402+0000 7f73c265e700 1 -- --> [v2:172.21.15.16:3300/0,v1:172.21.15.16:6789/0] -- mon_getmap magic: 0 v1 -- 0x7f73bc105e50 con 0x7f73bc105500
2023-07-18T02:56:41.480 INFO:teuthology.orchestra.run.smithi016.stdout:/usr/bin/ceph: stderr
2023-07-18T02:56:34.402+0000 7f73bbfff700 1 --2- >> [v2:172.21.15.16:3300/0,v1:172.21.15.16:6789/0] conn(0x7f73bc105500 0x7f73bc105910 unknown :-1 s=BANNER_CONNECTING pgs=0 cs=0 l=0 rev1=0 crypto rx=0 tx=0 comp rx=0 tx=0)._handle_peer_banner_payload supported=3 required=0
2023-07-18T02:56:41.480 INFO:teuthology.orchestra.run.smithi016.stdout:/usr/bin/ceph: stderr
2023-07-18T02:56:34.402+0000 7f73bbfff700 1 --2- >> [v2:172.21.15.16:3300/0,v1:172.21.15.16:6789/0] conn(0x7f73bc105500 0x7f73bc105910 unknown :-1 s=HELLO_CONNECTING pgs=0 cs=0 l=0 rev1=1 crypto rx=0 tx=0 comp rx=0 tx=0).handle_hello peer v2:172.21.15.16:3300/0 says I am v2:172.21.15.16:34148/0 (socket says 172.21.15.16:34148)
2023-07-18T02:56:41.480 INFO:teuthology.orchestra.run.smithi016.stdout:/usr/bin/ceph: stderr
2023-07-18T02:56:34.402+0000 7f73bbfff700 1 -- 172.21.15.16:0/2342137036 learned_addr learned my addr 172.21.15.16:0/2342137036 (peer_addr_for_me v2:172.21.15.16:0/0)
2023-07-18T02:56:41.480 INFO:teuthology.orchestra.run.smithi016.stdout:/usr/bin/ceph: stderr
2023-07-18T02:56:34.402+0000 7f73bbfff700 1 -- 172.21.15.16:0/2342137036 --> [v2:172.21.15.16:3300/0,v1:172.21.15.16:6789/0] -- mon_subscribe({config=0+,monmap=0+}) v3 -- 0x7f73bc105f90 con 0x7f73bc105500
2023-07-18T02:56:41.480 INFO:teuthology.orchestra.run.smithi016.stdout:/usr/bin/ceph: stderr
2023-07-18T02:56:34.403+0000 7f73bbfff700 1 --2- 172.21.15.16:0/2342137036 >> [v2:172.21.15.16:3300/0,v1:172.21.15.16:6789/0] conn(0x7f73bc105500 0x7f73bc105910 secure :-1 s=READY pgs=59 cs=0 l=1 rev1=1 crypto rx=0x7f73ac0098a0 tx=0x7f73ac009bb0 comp rx=0 tx=0).ready entity=mon.0 client_cookie=fdeb3880c3ec2ee2 server_cookie=0 in_seq=0 out_seq=0
2023-07-18T02:56:41.480 INFO:teuthology.orchestra.run.smithi016.stdout:/usr/bin/ceph: stderr
2023-07-18T02:56:34.403+0000 7f73baffd700 1 -- 172.21.15.16:0/2342137036 <== mon.0 v2:172.21.15.16:3300/0 1 ==== mon_map magic: 0 v1 ==== 205+0+0 (secure 0 0 0) 0x7f73ac004160 con 0x7f73bc105500
2023-07-18T02:56:41.480 INFO:teuthology.orchestra.run.smithi016.stdout:/usr/bin/ceph: stderr
2023-07-18T02:56:34.403+0000 7f73baffd700 1 -- 172.21.15.16:0/2342137036 <== mon.0 v2:172.21.15.16:3300/0 2 ==== config(26 keys) v1 ==== 1105+0+0 (secure 0 0 0) 0x7f73ac0042c0 con 0x7f73bc105500
2023-07-18T02:56:41.481 INFO:teuthology.orchestra.run.smithi016.stdout:/usr/bin/ceph: stderr
2023-07-18T02:56:34.403+0000 7f73baffd700 1 -- 172.21.15.16:0/2342137036 <== mon.0 v2:172.21.15.16:3300/0 3 ==== mon_map magic: 0 v1 ==== 205+0+0 (secure 0 0 0) 0x7f73ac0119b0 con 0x7f73bc105500
2023-07-18T02:56:41.481 INFO:teuthology.orchestra.run.smithi016.stdout:/usr/bin/ceph: stderr
2023-07-18T02:56:34.403+0000 7f73c265e700 1 -- 172.21.15.16:0/2342137036 >> [v2:172.21.15.16:3300/0,v1:172.21.15.16:6789/0] conn(0x7f73bc105500 msgr2=0x7f73bc105910 secure :-1 s=STATE_CONNECTION_ESTABLISHED l=1).mark_down
2023-07-18T02:56:41.481 INFO:teuthology.orchestra.run.smithi016.stdout:/usr/bin/ceph: stderr
2023-07-18T02:56:34.403+0000 7f73c265e700 1 --2- 172.21.15.16:0/2342137036 >> [v2:172.21.15.16:3300/0,v1:172.21.15.16:6789/0] conn(0x7f73bc105500 0x7f73bc105910 secure :-1 s=READY pgs=59 cs=0 l=1 rev1=1 crypto rx=0x7f73ac0098a0 tx=0x7f73ac009bb0 comp rx=0 tx=0).stop
2023-07-18T02:56:41.481 INFO:teuthology.orchestra.run.smithi016.stdout:/usr/bin/ceph: stderr
2023-07-18T02:56:34.404+0000 7f73c265e700 1 -- 172.21.15.16:0/2342137036 shutdown_connections
2023-07-18T02:56:41.481 INFO:teuthology.orchestra.run.smithi016.stdout:/usr/bin/ceph: stderr
2023-07-18T02:56:34.404+0000 7f73c265e700 1 --2- 172.21.15.16:0/2342137036 >> [v2:172.21.15.16:3300/0,v1:172.21.15.16:6789/0] conn(0x7f73bc105500 0x7f73bc105910 unknown :-1 s=CLOSED pgs=59 cs=0 l=1 rev1=1 crypto rx=0 tx=0 comp rx=0 tx=0).stop
2023-07-18T02:56:41.481 INFO:teuthology.orchestra.run.smithi016.stdout:/usr/bin/ceph: stderr
2023-07-18T02:56:34.404+0000 7f73c265e700 1 -- 172.21.15.16:0/2342137036 >> 172.21.15.16:0/2342137036 conn(0x7f73bc100b70 msgr2=0x7f73bc102f80 unknown :-1 s=STATE_NONE l=0).mark_down
2023-07-18T02:56:41.481 INFO:teuthology.orchestra.run.smithi016.stdout:/usr/bin/ceph: stderr
2023-07-18T02:56:34.404+0000 7f73c265e700 1 -- 172.21.15.16:0/2342137036 shutdown_connections
2023-07-18T02:56:41.481 INFO:teuthology.orchestra.run.smithi016.stdout:/usr/bin/ceph: stderr
2023-07-18T02:56:34.404+0000 7f73c265e700 1 -- 172.21.15.16:0/2342137036 wait complete.
2023-07-18T02:56:41.482 INFO:teuthology.orchestra.run.smithi016.stdout:/usr/bin/ceph: stderr
2023-07-18T02:56:34.404+0000 7f73c265e700 1 Processor -- start
2023-07-18T02:56:41.482 INFO:teuthology.orchestra.run.smithi016.stdout:/usr/bin/ceph: stderr
2023-07-18T02:56:34.404+0000 7f73c265e700 1 -- start start
2023-07-18T02:56:41.482 INFO:teuthology.orchestra.run.smithi016.stdout:/usr/bin/ceph: stderr
2023-07-18T02:56:34.405+0000 7f73c265e700 1 --2- >> [v2:172.21.15.16:3300/0,v1:172.21.15.16:6789/0] conn(0x7f73bc105500 0x7f73bc07aaf0 unknown :-1 s=NONE pgs=0 cs=0 l=1 rev1=0 crypto rx=0 tx=0 comp rx=0 tx=0).connect
2023-07-18T02:56:41.482 INFO:teuthology.orchestra.run.smithi016.stdout:/usr/bin/ceph: stderr
2023-07-18T02:56:34.405+0000 7f73c265e700 1 -- --> [v2:172.21.15.16:3300/0,v1:172.21.15.16:6789/0] -- mon_getmap magic: 0 v1 -- 0x7f73bc07b030 con 0x7f73bc105500
2023-07-18T02:56:41.482 INFO:teuthology.orchestra.run.smithi016.stdout:/usr/bin/ceph: stderr
2023-07-18T02:56:34.405+0000 7f73bbfff700 1 --2- >> [v2:172.21.15.16:3300/0,v1:172.21.15.16:6789/0] conn(0x7f73bc105500 0x7f73bc07aaf0 unknown :-1 s=BANNER_CONNECTING pgs=0 cs=0 l=1 rev1=0 crypto rx=0 tx=0 comp rx=0 tx=0)._handle_peer_banner_payload supported=3 required=0
2023-07-18T02:56:41.482 INFO:teuthology.orchestra.run.smithi016.stdout:/usr/bin/ceph: stderr
2023-07-18T02:56:34.405+0000 7f73bbfff700 1 --2- >> [v2:172.21.15.16:3300/0,v1:172.21.15.16:6789/0] conn(0x7f73bc105500 0x7f73bc07aaf0 unknown :-1 s=HELLO_CONNECTING pgs=0 cs=0 l=1 rev1=1 crypto rx=0 tx=0 comp rx=0 tx=0).handle_hello peer v2:172.21.15.16:3300/0 says I am v2:172.21.15.16:34150/0 (socket says 172.21.15.16:34150)
2023-07-18T02:56:41.482 INFO:teuthology.orchestra.run.smithi016.stdout:/usr/bin/ceph: stderr
2023-07-18T02:56:34.405+0000 7f73bbfff700 1 -- 172.21.15.16:0/3102865142 learned_addr learned my addr 172.21.15.16:0/3102865142 (peer_addr_for_me v2:172.21.15.16:0/0)
2023-07-18T02:56:41.482 INFO:teuthology.orchestra.run.smithi016.stdout:/usr/bin/ceph: stderr
2023-07-18T02:56:34.405+0000 7f73bbfff700 1 -- 172.21.15.16:0/3102865142 --> [v2:172.21.15.16:3300/0,v1:172.21.15.16:6789/0] -- mon_subscribe({config=0+,monmap=0+}) v3 -- 0x7f73ac009550 con 0x7f73bc105500
2023-07-18T02:56:41.483 INFO:teuthology.orchestra.run.smithi016.stdout:/usr/bin/ceph: stderr
2023-07-18T02:56:34.405+0000 7f73bbfff700 1 --2- 172.21.15.16:0/3102865142 >> [v2:172.21.15.16:3300/0,v1:172.21.15.16:6789/0] conn(0x7f73bc105500 0x7f73bc07aaf0 secure :-1 s=READY pgs=60 cs=0 l=1 rev1=1 crypto rx=0x7f73ac003f00 tx=0x7f73ac011a30 comp rx=0 tx=0).ready entity=mon.0 client_cookie=0 server_cookie=0 in_seq=0 out_seq=0
2023-07-18T02:56:41.483 INFO:teuthology.orchestra.run.smithi016.stdout:/usr/bin/ceph: stderr
2023-07-18T02:56:34.405+0000 7f73b97fa700 1 -- 172.21.15.16:0/3102865142 <== mon.0 v2:172.21.15.16:3300/0 1 ==== mon_map magic: 0 v1 ==== 205+0+0 (secure 0 0 0) 0x7f73ac003b20 con 0x7f73bc105500
2023-07-18T02:56:41.483 INFO:teuthology.orchestra.run.smithi016.stdout:/usr/bin/ceph: stderr
2023-07-18T02:56:34.405+0000 7f73b97fa700 1 -- 172.21.15.16:0/3102865142 <== mon.0 v2:172.21.15.16:3300/0 2 ==== config(26 keys) v1 ==== 1105+0+0 (secure 0 0 0) 0x7f73ac003c80 con 0x7f73bc105500
2023-07-18T02:56:41.483 INFO:teuthology.orchestra.run.smithi016.stdout:/usr/bin/ceph: stderr
2023-07-18T02:56:34.405+0000 7f73b97fa700 1 -- 172.21.15.16:0/3102865142 <== mon.0 v2:172.21.15.16:3300/0 3 ==== mon_map magic: 0 v1 ==== 205+0+0 (secure 0 0 0) 0x7f73ac019770 con 0x7f73bc105500
2023-07-18T02:56:41.483 INFO:teuthology.orchestra.run.smithi016.stdout:/usr/bin/ceph: stderr
2023-07-18T02:56:34.405+0000 7f73c265e700 1 -- 172.21.15.16:0/3102865142 --> [v2:172.21.15.16:3300/0,v1:172.21.15.16:6789/0] -- mon_subscribe({mgrmap=0+}) v3 -- 0x7f73bc079140 con 0x7f73bc105500
2023-07-18T02:56:41.483 INFO:teuthology.orchestra.run.smithi016.stdout:/usr/bin/ceph: stderr
2023-07-18T02:56:34.406+0000 7f73c265e700 1 -- 172.21.15.16:0/3102865142 --> [v2:172.21.15.16:3300/0,v1:172.21.15.16:6789/0] -- mon_subscribe({osdmap=0}) v3 -- 0x7f73bc079560 con 0x7f73bc105500
2023-07-18T02:56:41.483 INFO:teuthology.orchestra.run.smithi016.stdout:/usr/bin/ceph: stderr
2023-07-18T02:56:34.406+0000 7f73b97fa700 1 -- 172.21.15.16:0/3102865142 <== mon.0 v2:172.21.15.16:3300/0 4 ==== mgrmap(e 9) v1 ==== 45496+0+0 (secure 0 0 0) 0x7f73ac01a430 con 0x7f73bc105500
2023-07-18T02:56:41.484 INFO:teuthology.orchestra.run.smithi016.stdout:/usr/bin/ceph: stderr
2023-07-18T02:56:34.407+0000 7f73b97fa700 1 --2- 172.21.15.16:0/3102865142 >> [v2:172.21.15.16:6800/1882690904,v1:172.21.15.16:6801/1882690904] conn(0x7f73a40387b0 0x7f73a403ac60 unknown :-1 s=NONE pgs=0 cs=0 l=1 rev1=0 crypto rx=0 tx=0 comp rx=0 tx=0).connect
2023-07-18T02:56:41.484 INFO:teuthology.orchestra.run.smithi016.stdout:/usr/bin/ceph: stderr
2023-07-18T02:56:34.407+0000 7f73c265e700 1 -- 172.21.15.16:0/3102865142 --> [v2:172.21.15.16:6800/1882690904,v1:172.21.15.16:6801/1882690904] -- command(tid 0: {"prefix": "get_command_descriptions"}) v1 -- 0x7f73bc061b40 con 0x7f73a40387b0
2023-07-18T02:56:41.484 INFO:teuthology.orchestra.run.smithi016.stdout:/usr/bin/ceph: stderr
2023-07-18T02:56:34.407+0000 7f73b97fa700 1 -- 172.21.15.16:0/3102865142 <== mon.0 v2:172.21.15.16:3300/0 5 ==== osd_map(2..2 src has 1..2) v4 ==== 940+0+0 (secure 0 0 0) 0x7f73ac04c950 con 0x7f73bc105500
2023-07-18T02:56:41.484 INFO:teuthology.orchestra.run.smithi016.stdout:/usr/bin/ceph: stderr
2023-07-18T02:56:34.407+0000 7f73bb7fe700 1 -- 172.21.15.16:0/3102865142 >> [v2:172.21.15.16:6800/1882690904,v1:172.21.15.16:6801/1882690904] conn(0x7f73a40387b0 msgr2=0x7f73a403ac60 unknown :-1 s=STATE_CONNECTING_RE l=1).process reconnect failed to v2:172.21.15.16:6800/1882690904
2023-07-18T02:56:41.484 INFO:teuthology.orchestra.run.smithi016.stdout:/usr/bin/ceph: stderr
2023-07-18T02:56:34.407+0000 7f73bb7fe700 1 --2- 172.21.15.16:0/3102865142 >> [v2:172.21.15.16:6800/1882690904,v1:172.21.15.16:6801/1882690904] conn(0x7f73a40387b0 0x7f73a403ac60 unknown :-1 s=START_CONNECT pgs=0 cs=0 l=1 rev1=0 crypto rx=0 tx=0 comp rx=0 tx=0)._fault waiting 0.200000
2023-07-18T02:56:41.484 INFO:teuthology.orchestra.run.smithi016.stdout:/usr/bin/ceph: stderr
2023-07-18T02:56:34.608+0000 7f73bb7fe700 1 -- 172.21.15.16:0/3102865142 >> [v2:172.21.15.16:6800/1882690904,v1:172.21.15.16:6801/1882690904] conn(0x7f73a40387b0 msgr2=0x7f73a403ac60 unknown :-1 s=STATE_CONNECTING_RE l=1).process reconnect failed to v2:172.21.15.16:6800/1882690904
2023-07-18T02:56:41.484 INFO:teuthology.orchestra.run.smithi016.stdout:/usr/bin/ceph: stderr
2023-07-18T02:56:34.608+0000 7f73bb7fe700 1 --2- 172.21.15.16:0/3102865142 >> [v2:172.21.15.16:6800/1882690904,v1:172.21.15.16:6801/1882690904] conn(0x7f73a40387b0 0x7f73a403ac60 unknown :-1 s=START_CONNECT pgs=0 cs=0 l=1 rev1=0 crypto rx=0 tx=0 comp rx=0 tx=0)._fault waiting 0.400000
2023-07-18T02:56:41.485 INFO:teuthology.orchestra.run.smithi016.stdout:/usr/bin/ceph: stderr
2023-07-18T02:56:35.009+0000 7f73bb7fe700 1 -- 172.21.15.16:0/3102865142 >> [v2:172.21.15.16:6800/1882690904,v1:172.21.15.16:6801/1882690904] conn(0x7f73a40387b0 msgr2=0x7f73a403ac60 unknown :-1 s=STATE_CONNECTING_RE l=1).process reconnect failed to v2:172.21.15.16:6800/1882690904
2023-07-18T02:56:41.485 INFO:teuthology.orchestra.run.smithi016.stdout:/usr/bin/ceph: stderr
2023-07-18T02:56:35.009+0000 7f73bb7fe700 1 --2- 172.21.15.16:0/3102865142 >> [v2:172.21.15.16:6800/1882690904,v1:172.21.15.16:6801/1882690904] conn(0x7f73a40387b0 0x7f73a403ac60 unknown :-1 s=START_CONNECT pgs=0 cs=0 l=1 rev1=0 crypto rx=0 tx=0 comp rx=0 tx=0)._fault waiting 0.800000
2023-07-18T02:56:41.485 INFO:teuthology.orchestra.run.smithi016.stdout:/usr/bin/ceph: stderr
2023-07-18T02:56:35.810+0000 7f73bb7fe700 1 -- 172.21.15.16:0/3102865142 >> [v2:172.21.15.16:6800/1882690904,v1:172.21.15.16:6801/1882690904] conn(0x7f73a40387b0 msgr2=0x7f73a403ac60 unknown :-1 s=STATE_CONNECTING_RE l=1).process reconnect failed to v2:172.21.15.16:6800/1882690904
2023-07-18T02:56:41.485 INFO:teuthology.orchestra.run.smithi016.stdout:/usr/bin/ceph: stderr
2023-07-18T02:56:35.810+0000 7f73bb7fe700 1 --2- 172.21.15.16:0/3102865142 >> [v2:172.21.15.16:6800/1882690904,v1:172.21.15.16:6801/1882690904] conn(0x7f73a40387b0 0x7f73a403ac60 unknown :-1 s=START_CONNECT pgs=0 cs=0 l=1 rev1=0 crypto rx=0 tx=0 comp rx=0 tx=0)._fault waiting 1.600000
2023-07-18T02:56:41.485 INFO:teuthology.orchestra.run.smithi016.stdout:/usr/bin/ceph: stderr
2023-07-18T02:56:37.411+0000 7f73bb7fe700 1 -- 172.21.15.16:0/3102865142 >> [v2:172.21.15.16:6800/1882690904,v1:172.21.15.16:6801/1882690904] conn(0x7f73a40387b0 msgr2=0x7f73a403ac60 unknown :-1 s=STATE_CONNECTING_RE l=1).process reconnect failed to v2:172.21.15.16:6800/1882690904
2023-07-18T02:56:41.485 INFO:teuthology.orchestra.run.smithi016.stdout:/usr/bin/ceph: stderr
2023-07-18T02:56:37.411+0000 7f73bb7fe700 1 --2- 172.21.15.16:0/3102865142 >> [v2:172.21.15.16:6800/1882690904,v1:172.21.15.16:6801/1882690904] conn(0x7f73a40387b0 0x7f73a403ac60 unknown :-1 s=START_CONNECT pgs=0 cs=0 l=1 rev1=0 crypto rx=0 tx=0 comp rx=0 tx=0)._fault waiting 3.200000
2023-07-18T02:56:41.485 INFO:teuthology.orchestra.run.smithi016.stdout:/usr/bin/ceph: stderr
2023-07-18T02:56:40.175+0000 7f73b97fa700 1 -- 172.21.15.16:0/3102865142 <== mon.0 v2:172.21.15.16:3300/0 6 ==== mgrmap(e 10) v1 ==== 45263+0+0 (secure 0 0 0) 0x7f73ac0199e0 con 0x7f73bc105500
2023-07-18T02:56:41.485 INFO:teuthology.orchestra.run.smithi016.stdout:/usr/bin/ceph: stderr
2023-07-18T02:56:40.175+0000 7f73b97fa700 1 -- 172.21.15.16:0/3102865142 >> [v2:172.21.15.16:6800/1882690904,v1:172.21.15.16:6801/1882690904] conn(0x7f73a40387b0 msgr2=0x7f73a403ac60 unknown :-1 s=STATE_CONNECTING l=1).mark_down
2023-07-18T02:56:41.486 INFO:teuthology.orchestra.run.smithi016.stdout:/usr/bin/ceph: stderr
2023-07-18T02:56:40.175+0000 7f73b97fa700 1 --2- 172.21.15.16:0/3102865142 >> [v2:172.21.15.16:6800/1882690904,v1:172.21.15.16:6801/1882690904] conn(0x7f73a40387b0 0x7f73a403ac60 unknown :-1 s=START_CONNECT pgs=0 cs=0 l=1 rev1=0 crypto rx=0 tx=0 comp rx=0 tx=0).stop
2023-07-18T02:56:41.486 INFO:teuthology.orchestra.run.smithi016.stdout:/usr/bin/ceph: stderr
2023-07-18T02:56:41.176+0000 7f73b97fa700 1 -- 172.21.15.16:0/3102865142 <== mon.0 v2:172.21.15.16:3300/0 7 ==== mgrmap(e 11) v1 ==== 45390+0+0 (secure 0 0 0) 0x7f73ac04e680 con 0x7f73bc105500
2023-07-18T02:56:41.486 INFO:teuthology.orchestra.run.smithi016.stdout:/usr/bin/ceph: stderr
2023-07-18T02:56:41.176+0000 7f73b97fa700 1 --2- 172.21.15.16:0/3102865142 >> [v2:172.21.15.16:6800/75508800,v1:172.21.15.16:6801/75508800] conn(0x7f73a403bfc0 0x7f73a403e3a0 unknown :-1 s=NONE pgs=0 cs=0 l=1 rev1=0 crypto rx=0 tx=0 comp rx=0 tx=0).connect
2023-07-18T02:56:41.486 INFO:teuthology.orchestra.run.smithi016.stdout:/usr/bin/ceph: stderr
2023-07-18T02:56:41.176+0000 7f73b97fa700 1 -- 172.21.15.16:0/3102865142 --> [v2:172.21.15.16:6800/75508800,v1:172.21.15.16:6801/75508800] -- command(tid 0: {"prefix": "get_command_descriptions"}) v1 -- 0x7f73bc061b40 con 0x7f73a403bfc0
2023-07-18T02:56:41.486 INFO:teuthology.orchestra.run.smithi016.stdout:/usr/bin/ceph: stderr
2023-07-18T02:56:41.177+0000 7f73bb7fe700 1 --2- 172.21.15.16:0/3102865142 >> [v2:172.21.15.16:6800/75508800,v1:172.21.15.16:6801/75508800] conn(0x7f73a403bfc0 0x7f73a403e3a0 unknown :-1 s=BANNER_CONNECTING pgs=0 cs=0 l=1 rev1=0 crypto rx=0 tx=0 comp rx=0 tx=0)._handle_peer_banner_payload supported=3 required=0
2023-07-18T02:56:41.486 INFO:teuthology.orchestra.run.smithi016.stdout:/usr/bin/ceph: stderr
2023-07-18T02:56:41.178+0000 7f73bb7fe700 1 --2- 172.21.15.16:0/3102865142 >> [v2:172.21.15.16:6800/75508800,v1:172.21.15.16:6801/75508800] conn(0x7f73a403bfc0 0x7f73a403e3a0 secure :-1 s=READY pgs=4 cs=0 l=1 rev1=1 crypto rx=0x7f73b0003a10 tx=0x7f73b0009270 comp rx=0 tx=0).ready entity=mgr.14150 client_cookie=0 server_cookie=0 in_seq=0 out_seq=0
2023-07-18T02:56:41.486 INFO:teuthology.orchestra.run.smithi016.stdout:/usr/bin/ceph: stderr
2023-07-18T02:56:41.178+0000 7f73b97fa700 1 -- 172.21.15.16:0/3102865142 <== mgr.14150 v2:172.21.15.16:6800/75508800 1 ==== command_reply(tid 0: 0 ) v1 ==== 8+0+6910 (secure 0 0 0) 0x7f73bc061b40 con 0x7f73a403bfc0
2023-07-18T02:56:41.486 INFO:teuthology.orchestra.run.smithi016.stdout:/usr/bin/ceph: stderr
2023-07-18T02:56:41.189+0000 7f73c265e700 1 -- 172.21.15.16:0/3102865142 --> [v2:172.21.15.16:6800/75508800,v1:172.21.15.16:6801/75508800] -- command(tid 1: {"prefix": "mgr_status"}) v1 -- 0x7f73bc07a690 con 0x7f73a403bfc0
2023-07-18T02:56:41.487 INFO:teuthology.orchestra.run.smithi016.stdout:/usr/bin/ceph: stderr
2023-07-18T02:56:41.189+0000 7f73b97fa700 1 -- 172.21.15.16:0/3102865142 <== mgr.14150 v2:172.21.15.16:6800/75508800 2 ==== command_reply(tid 1: 0 ) v1 ==== 8+0+52 (secure 0 0 0) 0x7f73bc07a690 con 0x7f73a403bfc0
2023-07-18T02:56:41.487 INFO:teuthology.orchestra.run.smithi016.stdout:/usr/bin/ceph: stderr
2023-07-18T02:56:41.189+0000 7f73c265e700 1 -- 172.21.15.16:0/3102865142 >> [v2:172.21.15.16:6800/75508800,v1:172.21.15.16:6801/75508800] conn(0x7f73a403bfc0 msgr2=0x7f73a403e3a0 secure :-1 s=STATE_CONNECTION_ESTABLISHED l=1).mark_down
2023-07-18T02:56:41.487 INFO:teuthology.orchestra.run.smithi016.stdout:/usr/bin/ceph: stderr
2023-07-18T02:56:41.189+0000 7f73c265e700 1 --2- 172.21.15.16:0/3102865142 >> [v2:172.21.15.16:6800/75508800,v1:172.21.15.16:6801/75508800] conn(0x7f73a403bfc0 0x7f73a403e3a0 secure :-1 s=READY pgs=4 cs=0 l=1 rev1=1 crypto rx=0x7f73b0003a10 tx=0x7f73b0009270 comp rx=0 tx=0).stop
2023-07-18T02:56:41.487 INFO:teuthology.orchestra.run.smithi016.stdout:/usr/bin/ceph: stderr
2023-07-18T02:56:41.189+0000 7f73c265e700 1 -- 172.21.15.16:0/3102865142 >> [v2:172.21.15.16:3300/0,v1:172.21.15.16:6789/0] conn(0x7f73bc105500 msgr2=0x7f73bc07aaf0 secure :-1 s=STATE_CONNECTION_ESTABLISHED l=1).mark_down
2023-07-18T02:56:41.487 INFO:teuthology.orchestra.run.smithi016.stdout:/usr/bin/ceph: stderr
2023-07-18T02:56:41.189+0000 7f73c265e700 1 --2- 172.21.15.16:0/3102865142 >> [v2:172.21.15.16:3300/0,v1:172.21.15.16:6789/0] conn(0x7f73bc105500 0x7f73bc07aaf0 secure :-1 s=READY pgs=60 cs=0 l=1 rev1=1 crypto rx=0x7f73ac003f00 tx=0x7f73ac011a30 comp rx=0 tx=0).stop
2023-07-18T02:56:41.487 INFO:teuthology.orchestra.run.smithi016.stdout:/usr/bin/ceph: stderr
2023-07-18T02:56:41.189+0000 7f73c265e700 1 -- 172.21.15.16:0/3102865142 shutdown_connections
2023-07-18T02:56:41.487 INFO:teuthology.orchestra.run.smithi016.stdout:/usr/bin/ceph: stderr
2023-07-18T02:56:41.189+0000 7f73c265e700 1 --2- 172.21.15.16:0/3102865142 >> [v2:172.21.15.16:3300/0,v1:172.21.15.16:6789/0] conn(0x7f73bc105500 0x7f73bc07aaf0 unknown :-1 s=CLOSED pgs=60 cs=0 l=1 rev1=1 crypto rx=0 tx=0 comp rx=0 tx=0).stop
2023-07-18T02:56:41.487 INFO:teuthology.orchestra.run.smithi016.stdout:/usr/bin/ceph: stderr
2023-07-18T02:56:41.189+0000 7f73c265e700 1 --2- 172.21.15.16:0/3102865142 >> [v2:172.21.15.16:6800/75508800,v1:172.21.15.16:6801/75508800] conn(0x7f73a403bfc0 0x7f73a403e3a0 unknown :-1 s=CLOSED pgs=4 cs=0 l=1 rev1=1 crypto rx=0 tx=0 comp rx=0 tx=0).stop
2023-07-18T02:56:41.488 INFO:teuthology.orchestra.run.smithi016.stdout:/usr/bin/ceph: stderr
2023-07-18T02:56:41.189+0000 7f73c265e700 1 --2- 172.21.15.16:0/3102865142 >> [v2:172.21.15.16:6800/1882690904,v1:172.21.15.16:6801/1882690904] conn(0x7f73a40387b0 0x7f73a403ac60 unknown :-1 s=CLOSED pgs=0 cs=0 l=1 rev1=0 crypto rx=0 tx=0 comp rx=0 tx=0).stop
2023-07-18T02:56:41.488 INFO:teuthology.orchestra.run.smithi016.stdout:/usr/bin/ceph: stderr
2023-07-18T02:56:41.189+0000 7f73c265e700 1 -- 172.21.15.16:0/3102865142 >> 172.21.15.16:0/3102865142 conn(0x7f73bc100b70 msgr2=0x7f73bc102200 unknown :-1 s=STATE_NONE l=0).mark_down
2023-07-18T02:56:41.488 INFO:teuthology.orchestra.run.smithi016.stdout:/usr/bin/ceph: stderr
2023-07-18T02:56:41.189+0000 7f73c265e700 1 -- 172.21.15.16:0/3102865142 shutdown_connections
2023-07-18T02:56:41.488 INFO:teuthology.orchestra.run.smithi016.stdout:/usr/bin/ceph: stderr
2023-07-18T02:56:41.189+0000 7f73c265e700 1 -- 172.21.15.16:0/3102865142 wait complete.
2023-07-18T02:56:41.488 INFO:teuthology.orchestra.run.smithi016.stdout:mgr epoch 9 is available
2023-07-18T02:56:41.488 INFO:teuthology.orchestra.run.smithi016.stdout:Generating a dashboard self-signed certificate...
2023-07-18T02:56:42.489 INFO:journalctl@ceph.mon.a.smithi016.stdout:Jul 18 02:56:42 smithi016 ceph-mon[96474]: from='client.14154 -' entity='client.admin' cmd=[{"prefix": "get_command_descriptions"}]: dispatch
2023-07-18T02:56:42.489 INFO:journalctl@ceph.mon.a.smithi016.stdout:Jul 18 02:56:42 smithi016 ceph-mon[96474]: mgrmap e11: x(active, since 1.00583s)
2023-07-18T02:56:42.490 INFO:journalctl@ceph.mon.a.smithi016.stdout:Jul 18 02:56:42 smithi016 ceph-mon[96474]: from='client.14154 -' entity='client.admin' cmd=[{"prefix": "mgr_status"}]: dispatch
2023-07-18T02:56:42.876 INFO:teuthology.orchestra.run.smithi016.stdout:/usr/bin/ceph: stdout Self-signed certificate created
2023-07-18T02:56:42.876 INFO:teuthology.orchestra.run.smithi016.stdout:/usr/bin/ceph: stderr
2023-07-18T02:56:42.066+0000 7fb1a161c700 1 Processor -- start
2023-07-18T02:56:42.876 INFO:teuthology.orchestra.run.smithi016.stdout:/usr/bin/ceph: stderr
2023-07-18T02:56:42.066+0000 7fb1a161c700 1 -- start start
2023-07-18T02:56:42.877 INFO:teuthology.orchestra.run.smithi016.stdout:/usr/bin/ceph: stderr
2023-07-18T02:56:42.066+0000 7fb1a161c700 1 --2- >> [v2:172.21.15.16:3300/0,v1:172.21.15.16:6789/0] conn(0x7fb19c104370 0x7fb19c104780 unknown :-1 s=NONE pgs=0 cs=0 l=0 rev1=0 crypto rx=0 tx=0 comp rx=0 tx=0).connect
2023-07-18T02:56:42.877 INFO:teuthology.orchestra.run.smithi016.stdout:/usr/bin/ceph: stderr
2023-07-18T02:56:42.066+0000 7fb1a161c700 1 -- --> [v2:172.21.15.16:3300/0,v1:172.21.15.16:6789/0] -- mon_getmap magic: 0 v1 -- 0x7fb19c104cc0 con 0x7fb19c104370
2023-07-18T02:56:42.877 INFO:teuthology.orchestra.run.smithi016.stdout:/usr/bin/ceph: stderr
2023-07-18T02:56:42.066+0000 7fb19affd700 1 --2- >> [v2:172.21.15.16:3300/0,v1:172.21.15.16:6789/0] conn(0x7fb19c104370 0x7fb19c104780 unknown :-1 s=BANNER_CONNECTING pgs=0 cs=0 l=0 rev1=0 crypto rx=0 tx=0 comp rx=0 tx=0)._handle_peer_banner_payload supported=3 required=0
2023-07-18T02:56:42.877 INFO:teuthology.orchestra.run.smithi016.stdout:/usr/bin/ceph: stderr
2023-07-18T02:56:42.066+0000 7fb19affd700 1 --2- >> [v2:172.21.15.16:3300/0,v1:172.21.15.16:6789/0] conn(0x7fb19c104370 0x7fb19c104780 unknown :-1 s=HELLO_CONNECTING pgs=0 cs=0 l=0 rev1=1 crypto rx=0 tx=0 comp rx=0 tx=0).handle_hello peer v2:172.21.15.16:3300/0 says I am v2:172.21.15.16:34204/0 (socket says 172.21.15.16:34204)
2023-07-18T02:56:42.877 INFO:teuthology.orchestra.run.smithi016.stdout:/usr/bin/ceph: stderr
2023-07-18T02:56:42.066+0000 7fb19affd700 1 -- 172.21.15.16:0/3086318932 learned_addr learned my addr 172.21.15.16:0/3086318932 (peer_addr_for_me v2:172.21.15.16:0/0)
2023-07-18T02:56:42.877 INFO:teuthology.orchestra.run.smithi016.stdout:/usr/bin/ceph: stderr
2023-07-18T02:56:42.066+0000 7fb19affd700 1 -- 172.21.15.16:0/3086318932 --> [v2:172.21.15.16:3300/0,v1:172.21.15.16:6789/0] -- mon_subscribe({config=0+,monmap=0+}) v3 -- 0x7fb19c104e00 con 0x7fb19c104370
2023-07-18T02:56:42.878 INFO:teuthology.orchestra.run.smithi016.stdout:/usr/bin/ceph: stderr
2023-07-18T02:56:42.067+0000 7fb19affd700 1 --2- 172.21.15.16:0/3086318932 >> [v2:172.21.15.16:3300/0,v1:172.21.15.16:6789/0] conn(0x7fb19c104370 0x7fb19c104780 secure :-1 s=READY pgs=68 cs=0 l=1 rev1=1 crypto rx=0x7fb18c0098a0 tx=0x7fb18c009bb0 comp rx=0 tx=0).ready entity=mon.0 client_cookie=cd84f93f73feee28 server_cookie=0 in_seq=0 out_seq=0
2023-07-18T02:56:42.878 INFO:teuthology.orchestra.run.smithi016.stdout:/usr/bin/ceph: stderr
2023-07-18T02:56:42.067+0000 7fb199ffb700 1 -- 172.21.15.16:0/3086318932 <== mon.0 v2:172.21.15.16:3300/0 1 ==== mon_map magic: 0 v1 ==== 205+0+0 (secure 0 0 0) 0x7fb18c004160 con 0x7fb19c104370
2023-07-18T02:56:42.878 INFO:teuthology.orchestra.run.smithi016.stdout:/usr/bin/ceph: stderr
2023-07-18T02:56:42.067+0000 7fb199ffb700 1 -- 172.21.15.16:0/3086318932 <== mon.0 v2:172.21.15.16:3300/0 2 ==== config(26 keys) v1 ==== 1105+0+0 (secure 0 0 0) 0x7fb18c0042c0 con 0x7fb19c104370
2023-07-18T02:56:42.878 INFO:teuthology.orchestra.run.smithi016.stdout:/usr/bin/ceph: stderr
2023-07-18T02:56:42.067+0000 7fb199ffb700 1 -- 172.21.15.16:0/3086318932 <== mon.0 v2:172.21.15.16:3300/0 3 ==== mon_map magic: 0 v1 ==== 205+0+0 (secure 0 0 0) 0x7fb18c0119b0 con 0x7fb19c104370
2023-07-18T02:56:42.878 INFO:teuthology.orchestra.run.smithi016.stdout:/usr/bin/ceph: stderr
2023-07-18T02:56:42.068+0000 7fb1a161c700 1 -- 172.21.15.16:0/3086318932 >> [v2:172.21.15.16:3300/0,v1:172.21.15.16:6789/0] conn(0x7fb19c104370 msgr2=0x7fb19c104780 secure :-1 s=STATE_CONNECTION_ESTABLISHED l=1).mark_down
2023-07-18T02:56:42.878 INFO:teuthology.orchestra.run.smithi016.stdout:/usr/bin/ceph: stderr
2023-07-18T02:56:42.068+0000 7fb1a161c700 1 --2- 172.21.15.16:0/3086318932 >> [v2:172.21.15.16:3300/0,v1:172.21.15.16:6789/0] conn(0x7fb19c104370 0x7fb19c104780 secure :-1 s=READY pgs=68 cs=0 l=1 rev1=1 crypto rx=0x7fb18c0098a0 tx=0x7fb18c009bb0 comp rx=0 tx=0).stop
2023-07-18T02:56:42.878 INFO:teuthology.orchestra.run.smithi016.stdout:/usr/bin/ceph: stderr
2023-07-18T02:56:42.068+0000 7fb1a161c700 1 -- 172.21.15.16:0/3086318932 shutdown_connections
2023-07-18T02:56:42.879 INFO:teuthology.orchestra.run.smithi016.stdout:/usr/bin/ceph: stderr
2023-07-18T02:56:42.068+0000 7fb1a161c700 1 --2- 172.21.15.16:0/3086318932 >> [v2:172.21.15.16:3300/0,v1:172.21.15.16:6789/0] conn(0x7fb19c104370 0x7fb19c104780 unknown :-1 s=CLOSED pgs=68 cs=0 l=1 rev1=1 crypto rx=0 tx=0 comp rx=0 tx=0).stop
2023-07-18T02:56:42.879 INFO:teuthology.orchestra.run.smithi016.stdout:/usr/bin/ceph: stderr
2023-07-18T02:56:42.068+0000 7fb1a161c700 1 -- 172.21.15.16:0/3086318932 >> 172.21.15.16:0/3086318932 conn(0x7fb19c0ff9e0 msgr2=0x7fb19c101df0 unknown :-1 s=STATE_NONE l=0).mark_down
2023-07-18T02:56:42.879 INFO:teuthology.orchestra.run.smithi016.stdout:/usr/bin/ceph: stderr
2023-07-18T02:56:42.068+0000 7fb1a161c700 1 -- 172.21.15.16:0/3086318932 shutdown_connections
2023-07-18T02:56:42.879 INFO:teuthology.orchestra.run.smithi016.stdout:/usr/bin/ceph: stderr
2023-07-18T02:56:42.068+0000 7fb1a161c700 1 -- 172.21.15.16:0/3086318932 wait complete.
2023-07-18T02:56:42.879 INFO:teuthology.orchestra.run.smithi016.stdout:/usr/bin/ceph: stderr
2023-07-18T02:56:42.068+0000 7fb1a161c700 1 Processor -- start
2023-07-18T02:56:42.879 INFO:teuthology.orchestra.run.smithi016.stdout:/usr/bin/ceph: stderr
2023-07-18T02:56:42.069+0000 7fb1a161c700 1 -- start start
2023-07-18T02:56:42.879 INFO:teuthology.orchestra.run.smithi016.stdout:/usr/bin/ceph: stderr
2023-07-18T02:56:42.069+0000 7fb1a161c700 1 --2- >> [v2:172.21.15.16:3300/0,v1:172.21.15.16:6789/0] conn(0x7fb19c104370 0x7fb19c18f510 unknown :-1 s=NONE pgs=0 cs=0 l=1 rev1=0 crypto rx=0 tx=0 comp rx=0 tx=0).connect
2023-07-18T02:56:42.880 INFO:teuthology.orchestra.run.smithi016.stdout:/usr/bin/ceph: stderr
2023-07-18T02:56:42.069+0000 7fb1a161c700 1 -- --> [v2:172.21.15.16:3300/0,v1:172.21.15.16:6789/0] -- mon_getmap magic: 0 v1 -- 0x7fb19c18fa50 con 0x7fb19c104370
2023-07-18T02:56:42.880 INFO:teuthology.orchestra.run.smithi016.stdout:/usr/bin/ceph: stderr
2023-07-18T02:56:42.069+0000 7fb19affd700 1 --2- >> [v2:172.21.15.16:3300/0,v1:172.21.15.16:6789/0] conn(0x7fb19c104370 0x7fb19c18f510 unknown :-1 s=BANNER_CONNECTING pgs=0 cs=0 l=1 rev1=0 crypto rx=0 tx=0 comp rx=0 tx=0)._handle_peer_banner_payload supported=3 required=0
2023-07-18T02:56:42.880 INFO:teuthology.orchestra.run.smithi016.stdout:/usr/bin/ceph: stderr
2023-07-18T02:56:42.069+0000 7fb19affd700 1 --2- >> [v2:172.21.15.16:3300/0,v1:172.21.15.16:6789/0] conn(0x7fb19c104370 0x7fb19c18f510 unknown :-1 s=HELLO_CONNECTING pgs=0 cs=0 l=1 rev1=1 crypto rx=0 tx=0 comp rx=0 tx=0).handle_hello peer v2:172.21.15.16:3300/0 says I am v2:172.21.15.16:34206/0 (socket says 172.21.15.16:34206)
2023-07-18T02:56:42.880 INFO:teuthology.orchestra.run.smithi016.stdout:/usr/bin/ceph: stderr
2023-07-18T02:56:42.069+0000 7fb19affd700 1 -- 172.21.15.16:0/3648214602 learned_addr learned my addr 172.21.15.16:0/3648214602 (peer_addr_for_me v2:172.21.15.16:0/0)
2023-07-18T02:56:42.880 INFO:teuthology.orchestra.run.smithi016.stdout:/usr/bin/ceph: stderr
2023-07-18T02:56:42.069+0000 7fb19affd700 1 -- 172.21.15.16:0/3648214602 --> [v2:172.21.15.16:3300/0,v1:172.21.15.16:6789/0] -- mon_subscribe({config=0+,monmap=0+}) v3 -- 0x7fb18c009550 con 0x7fb19c104370
2023-07-18T02:56:42.880 INFO:teuthology.orchestra.run.smithi016.stdout:/usr/bin/ceph: stderr
2023-07-18T02:56:42.069+0000 7fb19affd700 1 --2- 172.21.15.16:0/3648214602 >> [v2:172.21.15.16:3300/0,v1:172.21.15.16:6789/0] conn(0x7fb19c104370 0x7fb19c18f510 secure :-1 s=READY pgs=69 cs=0 l=1 rev1=1 crypto rx=0x7fb18c003f00 tx=0x7fb18c011a30 comp rx=0 tx=0).ready entity=mon.0 client_cookie=0 server_cookie=0 in_seq=0 out_seq=0
2023-07-18T02:56:42.881 INFO:teuthology.orchestra.run.smithi016.stdout:/usr/bin/ceph: stderr
2023-07-18T02:56:42.069+0000 7fb183fff700 1 -- 172.21.15.16:0/3648214602 <== mon.0 v2:172.21.15.16:3300/0 1 ==== mon_map magic: 0 v1 ==== 205+0+0 (secure 0 0 0) 0x7fb18c003b20 con 0x7fb19c104370
2023-07-18T02:56:42.881 INFO:teuthology.orchestra.run.smithi016.stdout:/usr/bin/ceph: stderr
2023-07-18T02:56:42.069+0000 7fb183fff700 1 -- 172.21.15.16:0/3648214602 <== mon.0 v2:172.21.15.16:3300/0 2 ==== config(26 keys) v1 ==== 1105+0+0 (secure 0 0 0) 0x7fb18c003c80 con 0x7fb19c104370
2023-07-18T02:56:42.881 INFO:teuthology.orchestra.run.smithi016.stdout:/usr/bin/ceph: stderr
2023-07-18T02:56:42.069+0000 7fb183fff700 1 -- 172.21.15.16:0/3648214602 <== mon.0 v2:172.21.15.16:3300/0 3 ==== mon_map magic: 0 v1 ==== 205+0+0 (secure 0 0 0) 0x7fb18c019770 con 0x7fb19c104370
2023-07-18T02:56:42.881 INFO:teuthology.orchestra.run.smithi016.stdout:/usr/bin/ceph: stderr
2023-07-18T02:56:42.070+0000 7fb1a161c700 1 -- 172.21.15.16:0/3648214602 --> [v2:172.21.15.16:3300/0,v1:172.21.15.16:6789/0] -- mon_subscribe({mgrmap=0+}) v3 -- 0x7fb19c18db60 con 0x7fb19c104370
2023-07-18T02:56:42.882 INFO:teuthology.orchestra.run.smithi016.stdout:/usr/bin/ceph: stderr
2023-07-18T02:56:42.070+0000 7fb1a161c700 1 -- 172.21.15.16:0/3648214602 --> [v2:172.21.15.16:3300/0,v1:172.21.15.16:6789/0] -- mon_subscribe({osdmap=0}) v3 -- 0x7fb19c18df80 con 0x7fb19c104370
2023-07-18T02:56:42.882 INFO:teuthology.orchestra.run.smithi016.stdout:/usr/bin/ceph: stderr
2023-07-18T02:56:42.070+0000 7fb183fff700 1 -- 172.21.15.16:0/3648214602 <== mon.0 v2:172.21.15.16:3300/0 4 ==== mgrmap(e 11) v1 ==== 45390+0+0 (secure 0 0 0) 0x7fb18c01ab60 con 0x7fb19c104370
2023-07-18T02:56:42.882 INFO:teuthology.orchestra.run.smithi016.stdout:/usr/bin/ceph: stderr
2023-07-18T02:56:42.071+0000 7fb183fff700 1 --2- 172.21.15.16:0/3648214602 >> [v2:172.21.15.16:6800/75508800,v1:172.21.15.16:6801/75508800] conn(0x7fb184038680 0x7fb18403ab30 unknown :-1 s=NONE pgs=0 cs=0 l=1 rev1=0 crypto rx=0 tx=0 comp rx=0 tx=0).connect
2023-07-18T02:56:42.882 INFO:teuthology.orchestra.run.smithi016.stdout:/usr/bin/ceph: stderr
2023-07-18T02:56:42.071+0000 7fb183fff700 1 -- 172.21.15.16:0/3648214602 <== mon.0 v2:172.21.15.16:3300/0 5 ==== osd_map(3..3 src has 1..3) v4 ==== 1155+0+0 (secure 0 0 0) 0x7fb18c04c9b0 con 0x7fb19c104370
2023-07-18T02:56:42.882 INFO:teuthology.orchestra.run.smithi016.stdout:/usr/bin/ceph: stderr
2023-07-18T02:56:42.071+0000 7fb1a161c700 1 -- 172.21.15.16:0/3648214602 --> [v2:172.21.15.16:3300/0,v1:172.21.15.16:6789/0] -- mon_command({"prefix": "get_command_descriptions"} v 0) v1 -- 0x7fb19c061b40 con 0x7fb19c104370
2023-07-18T02:56:42.883 INFO:teuthology.orchestra.run.smithi016.stdout:/usr/bin/ceph: stderr
