2023-07-21T18:58:11.523 INFO:teuthology.orchestra.run.smithi005.stdout:/usr/bin/ceph: stderr
2023-07-21T18:58:10.569+0000 7f1d90edf700 1 --2- 172.21.15.5:0/1583928537 >> [v2:172.21.15.5:3300/0,v1:172.21.15.5:6789/0] conn(0x7f1d8c105210 0x7f1d8c105620 unknown :-1 s=CLOSED pgs=72 cs=0 l=1 rev1=1 crypto rx=0 tx=0 comp rx=0 tx=0).stop
2023-07-21T18:58:11.523 INFO:teuthology.orchestra.run.smithi005.stdout:/usr/bin/ceph: stderr
2023-07-21T18:58:10.569+0000 7f1d90edf700 1 -- 172.21.15.5:0/1583928537 >> 172.21.15.5:0/1583928537 conn(0x7f1d8c100900 msgr2=0x7f1d8c102d10 unknown :-1 s=STATE_NONE l=0).mark_down
2023-07-21T18:58:11.523 INFO:teuthology.orchestra.run.smithi005.stdout:/usr/bin/ceph: stderr
2023-07-21T18:58:10.569+0000 7f1d90edf700 1 -- 172.21.15.5:0/1583928537 shutdown_connections
2023-07-21T18:58:11.523 INFO:teuthology.orchestra.run.smithi005.stdout:/usr/bin/ceph: stderr
2023-07-21T18:58:10.569+0000 7f1d90edf700 1 -- 172.21.15.5:0/1583928537 wait complete.
2023-07-21T18:58:11.523 INFO:teuthology.orchestra.run.smithi005.stdout:/usr/bin/ceph: stderr
2023-07-21T18:58:10.570+0000 7f1d90edf700 1 Processor -- start
2023-07-21T18:58:11.523 INFO:teuthology.orchestra.run.smithi005.stdout:/usr/bin/ceph: stderr
2023-07-21T18:58:10.570+0000 7f1d90edf700 1 -- start start
2023-07-21T18:58:11.523 INFO:teuthology.orchestra.run.smithi005.stdout:/usr/bin/ceph: stderr
2023-07-21T18:58:10.571+0000 7f1d90edf700 1 --2- >> [v2:172.21.15.5:3300/0,v1:172.21.15.5:6789/0] conn(0x7f1d8c105210 0x7f1d8c07bc60 unknown :-1 s=NONE pgs=0 cs=0 l=1 rev1=0 crypto rx=0 tx=0 comp rx=0 tx=0).connect
2023-07-21T18:58:11.523 INFO:teuthology.orchestra.run.smithi005.stdout:/usr/bin/ceph: stderr
2023-07-21T18:58:10.571+0000 7f1d90edf700 1 -- --> [v2:172.21.15.5:3300/0,v1:172.21.15.5:6789/0] -- mon_getmap magic: 0 v1 -- 0x7f1d8c07c1a0 con 0x7f1d8c105210
2023-07-21T18:58:11.524 INFO:teuthology.orchestra.run.smithi005.stdout:/usr/bin/ceph: stderr
2023-07-21T18:58:10.571+0000 7f1d8a59c700 1 --2- >> [v2:172.21.15.5:3300/0,v1:172.21.15.5:6789/0] conn(0x7f1d8c105210 0x7f1d8c07bc60 unknown :-1 s=BANNER_CONNECTING pgs=0 cs=0 l=1 rev1=0 crypto rx=0 tx=0 comp rx=0 tx=0)._handle_peer_banner_payload supported=3 required=0
2023-07-21T18:58:11.524 INFO:teuthology.orchestra.run.smithi005.stdout:/usr/bin/ceph: stderr
2023-07-21T18:58:10.571+0000 7f1d8a59c700 1 --2- >> [v2:172.21.15.5:3300/0,v1:172.21.15.5:6789/0] conn(0x7f1d8c105210 0x7f1d8c07bc60 unknown :-1 s=HELLO_CONNECTING pgs=0 cs=0 l=1 rev1=1 crypto rx=0 tx=0 comp rx=0 tx=0).handle_hello peer v2:172.21.15.5:3300/0 says I am v2:172.21.15.5:55724/0 (socket says 172.21.15.5:55724)
2023-07-21T18:58:11.524 INFO:teuthology.orchestra.run.smithi005.stdout:/usr/bin/ceph: stderr
2023-07-21T18:58:10.571+0000 7f1d8a59c700 1 -- 172.21.15.5:0/2099679349 learned_addr learned my addr 172.21.15.5:0/2099679349 (peer_addr_for_me v2:172.21.15.5:0/0)
2023-07-21T18:58:11.524 INFO:teuthology.orchestra.run.smithi005.stdout:/usr/bin/ceph: stderr
2023-07-21T18:58:10.571+0000 7f1d8a59c700 1 -- 172.21.15.5:0/2099679349 --> [v2:172.21.15.5:3300/0,v1:172.21.15.5:6789/0] -- mon_subscribe({config=0+,monmap=0+}) v3 -- 0x7f1d7c009550 con 0x7f1d8c105210
2023-07-21T18:58:11.524 INFO:teuthology.orchestra.run.smithi005.stdout:/usr/bin/ceph: stderr
2023-07-21T18:58:10.572+0000 7f1d8a59c700 1 --2- 172.21.15.5:0/2099679349 >> [v2:172.21.15.5:3300/0,v1:172.21.15.5:6789/0] conn(0x7f1d8c105210 0x7f1d8c07bc60 secure :-1 s=READY pgs=73 cs=0 l=1 rev1=1 crypto rx=0x7f1d7c003e30 tx=0x7f1d7c0119a0 comp rx=0 tx=0).ready entity=mon.0 client_cookie=0 server_cookie=0 in_seq=0 out_seq=0
2023-07-21T18:58:11.524 INFO:teuthology.orchestra.run.smithi005.stdout:/usr/bin/ceph: stderr
2023-07-21T18:58:10.572+0000 7f1d7b7fe700 1 -- 172.21.15.5:0/2099679349 <== mon.0 v2:172.21.15.5:3300/0 1 ==== mon_map magic: 0 v1 ==== 205+0+0 (secure 0 0 0) 0x7f1d7c0036a0 con 0x7f1d8c105210
2023-07-21T18:58:11.524 INFO:teuthology.orchestra.run.smithi005.stdout:/usr/bin/ceph: stderr
2023-07-21T18:58:10.572+0000 7f1d7b7fe700 1 -- 172.21.15.5:0/2099679349 <== mon.0 v2:172.21.15.5:3300/0 2 ==== config(25 keys) v1 ==== 1067+0+0 (secure 0 0 0) 0x7f1d7c01b440 con 0x7f1d8c105210
2023-07-21T18:58:11.525 INFO:teuthology.orchestra.run.smithi005.stdout:/usr/bin/ceph: stderr
2023-07-21T18:58:10.572+0000 7f1d90edf700 1 -- 172.21.15.5:0/2099679349 --> [v2:172.21.15.5:3300/0,v1:172.21.15.5:6789/0] -- mon_subscribe({mgrmap=0+}) v3 -- 0x7f1d8c07a2b0 con 0x7f1d8c105210
2023-07-21T18:58:11.525 INFO:teuthology.orchestra.run.smithi005.stdout:/usr/bin/ceph: stderr
2023-07-21T18:58:10.572+0000 7f1d7b7fe700 1 -- 172.21.15.5:0/2099679349 <== mon.0 v2:172.21.15.5:3300/0 3 ==== mon_map magic: 0 v1 ==== 205+0+0 (secure 0 0 0) 0x7f1d7c023400 con 0x7f1d8c105210
2023-07-21T18:58:11.525 INFO:teuthology.orchestra.run.smithi005.stdout:/usr/bin/ceph: stderr
2023-07-21T18:58:10.572+0000 7f1d90edf700 1 -- 172.21.15.5:0/2099679349 --> [v2:172.21.15.5:3300/0,v1:172.21.15.5:6789/0] -- mon_subscribe({osdmap=0}) v3 -- 0x7f1d8c07a6d0 con 0x7f1d8c105210
2023-07-21T18:58:11.525 INFO:teuthology.orchestra.run.smithi005.stdout:/usr/bin/ceph: stderr
2023-07-21T18:58:10.573+0000 7f1d7b7fe700 1 -- 172.21.15.5:0/2099679349 <== mon.0 v2:172.21.15.5:3300/0 4 ==== mgrmap(e 12) v1 ==== 45496+0+0 (secure 0 0 0) 0x7f1d7c003800 con 0x7f1d8c105210
2023-07-21T18:58:11.525 INFO:teuthology.orchestra.run.smithi005.stdout:/usr/bin/ceph: stderr
2023-07-21T18:58:10.574+0000 7f1d7b7fe700 1 --2- 172.21.15.5:0/2099679349 >> [v2:172.21.15.5:6800/1627438252,v1:172.21.15.5:6801/1627438252] conn(0x7f1d74038760 0x7f1d7403ac10 unknown :-1 s=NONE pgs=0 cs=0 l=1 rev1=0 crypto rx=0 tx=0 comp rx=0 tx=0).connect
2023-07-21T18:58:11.525 INFO:teuthology.orchestra.run.smithi005.stdout:/usr/bin/ceph: stderr
2023-07-21T18:58:10.574+0000 7f1d90edf700 1 -- 172.21.15.5:0/2099679349 --> [v2:172.21.15.5:3300/0,v1:172.21.15.5:6789/0] -- mon_command({"prefix": "get_command_descriptions"} v 0) v1 -- 0x7f1d8c061b40 con 0x7f1d8c105210
2023-07-21T18:58:11.525 INFO:teuthology.orchestra.run.smithi005.stdout:/usr/bin/ceph: stderr
2023-07-21T18:58:10.574+0000 7f1d7b7fe700 1 -- 172.21.15.5:0/2099679349 <== mon.0 v2:172.21.15.5:3300/0 5 ==== osd_map(3..3 src has 1..3) v4 ==== 1155+0+0 (secure 0 0 0) 0x7f1d7c04c830 con 0x7f1d8c105210
2023-07-21T18:58:11.526 INFO:teuthology.orchestra.run.smithi005.stdout:/usr/bin/ceph: stderr
2023-07-21T18:58:10.574+0000 7f1d89d9b700 1 --2- 172.21.15.5:0/2099679349 >> [v2:172.21.15.5:6800/1627438252,v1:172.21.15.5:6801/1627438252] conn(0x7f1d74038760 0x7f1d7403ac10 unknown :-1 s=BANNER_CONNECTING pgs=0 cs=0 l=1 rev1=0 crypto rx=0 tx=0 comp rx=0 tx=0)._handle_peer_banner_payload supported=3 required=0
2023-07-21T18:58:11.526 INFO:teuthology.orchestra.run.smithi005.stdout:/usr/bin/ceph: stderr
2023-07-21T18:58:10.575+0000 7f1d89d9b700 1 --2- 172.21.15.5:0/2099679349 >> [v2:172.21.15.5:6800/1627438252,v1:172.21.15.5:6801/1627438252] conn(0x7f1d74038760 0x7f1d7403ac10 secure :-1 s=READY pgs=8 cs=0 l=1 rev1=1 crypto rx=0x7f1d80006fd0 tx=0x7f1d80006e40 comp rx=0 tx=0).ready entity=mgr.14152 client_cookie=0 server_cookie=0 in_seq=0 out_seq=0
2023-07-21T18:58:11.526 INFO:teuthology.orchestra.run.smithi005.stdout:/usr/bin/ceph: stderr
2023-07-21T18:58:10.579+0000 7f1d7b7fe700 1 -- 172.21.15.5:0/2099679349 <== mon.0 v2:172.21.15.5:3300/0 6 ==== mon_command_ack([{"prefix": "get_command_descriptions"}]=0 v0) v1 ==== 72+0+178038 (secure 0 0 0) 0x7f1d7c0197f0 con 0x7f1d8c105210
2023-07-21T18:58:11.526 INFO:teuthology.orchestra.run.smithi005.stdout:/usr/bin/ceph: stderr
2023-07-21T18:58:10.833+0000 7f1d90edf700 1 -- 172.21.15.5:0/2099679349 --> [v2:172.21.15.5:6800/1627438252,v1:172.21.15.5:6801/1627438252] -- mgr_command(tid 0: {"prefix": "dashboard ac-user-create", "username": "admin", "rolename": "administrator", "force_password": true, "pwd_update_required": true, "target": ["mon-mgr", ""]}) v1 -- 0x7f1d8c061960 con 0x7f1d74038760
2023-07-21T18:58:11.526 INFO:teuthology.orchestra.run.smithi005.stdout:/usr/bin/ceph: stderr
2023-07-21T18:58:11.080+0000 7f1d7b7fe700 1 -- 172.21.15.5:0/2099679349 <== mgr.14152 v2:172.21.15.5:6800/1627438252 1 ==== mgr_command_reply(tid 0: 0 ) v1 ==== 8+0+252 (secure 0 0 0) 0x7f1d8c061960 con 0x7f1d74038760
2023-07-21T18:58:11.526 INFO:teuthology.orchestra.run.smithi005.stdout:/usr/bin/ceph: stderr
2023-07-21T18:58:11.083+0000 7f1d90edf700 1 -- 172.21.15.5:0/2099679349 >> [v2:172.21.15.5:6800/1627438252,v1:172.21.15.5:6801/1627438252] conn(0x7f1d74038760 msgr2=0x7f1d7403ac10 secure :-1 s=STATE_CONNECTION_ESTABLISHED l=1).mark_down
2023-07-21T18:58:11.526 INFO:teuthology.orchestra.run.smithi005.stdout:/usr/bin/ceph: stderr
2023-07-21T18:58:11.083+0000 7f1d90edf700 1 --2- 172.21.15.5:0/2099679349 >> [v2:172.21.15.5:6800/1627438252,v1:172.21.15.5:6801/1627438252] conn(0x7f1d74038760 0x7f1d7403ac10 secure :-1 s=READY pgs=8 cs=0 l=1 rev1=1 crypto rx=0x7f1d80006fd0 tx=0x7f1d80006e40 comp rx=0 tx=0).stop
2023-07-21T18:58:11.526 INFO:teuthology.orchestra.run.smithi005.stdout:/usr/bin/ceph: stderr
2023-07-21T18:58:11.083+0000 7f1d90edf700 1 -- 172.21.15.5:0/2099679349 >> [v2:172.21.15.5:3300/0,v1:172.21.15.5:6789/0] conn(0x7f1d8c105210 msgr2=0x7f1d8c07bc60 secure :-1 s=STATE_CONNECTION_ESTABLISHED l=1).mark_down
2023-07-21T18:58:11.527 INFO:teuthology.orchestra.run.smithi005.stdout:/usr/bin/ceph: stderr
2023-07-21T18:58:11.083+0000 7f1d90edf700 1 --2- 172.21.15.5:0/2099679349 >> [v2:172.21.15.5:3300/0,v1:172.21.15.5:6789/0] conn(0x7f1d8c105210 0x7f1d8c07bc60 secure :-1 s=READY pgs=73 cs=0 l=1 rev1=1 crypto rx=0x7f1d7c003e30 tx=0x7f1d7c0119a0 comp rx=0 tx=0).stop
2023-07-21T18:58:11.527 INFO:teuthology.orchestra.run.smithi005.stdout:/usr/bin/ceph: stderr
2023-07-21T18:58:11.083+0000 7f1d90edf700 1 -- 172.21.15.5:0/2099679349 shutdown_connections
2023-07-21T18:58:11.527 INFO:teuthology.orchestra.run.smithi005.stdout:/usr/bin/ceph: stderr
2023-07-21T18:58:11.083+0000 7f1d90edf700 1 --2- 172.21.15.5:0/2099679349 >> [v2:172.21.15.5:6800/1627438252,v1:172.21.15.5:6801/1627438252] conn(0x7f1d74038760 0x7f1d7403ac10 unknown :-1 s=CLOSED pgs=8 cs=0 l=1 rev1=1 crypto rx=0 tx=0 comp rx=0 tx=0).stop
2023-07-21T18:58:11.527 INFO:teuthology.orchestra.run.smithi005.stdout:/usr/bin/ceph: stderr
2023-07-21T18:58:11.083+0000 7f1d90edf700 1 --2- 172.21.15.5:0/2099679349 >> [v2:172.21.15.5:3300/0,v1:172.21.15.5:6789/0] conn(0x7f1d8c105210 0x7f1d8c07bc60 unknown :-1 s=CLOSED pgs=73 cs=0 l=1 rev1=1 crypto rx=0 tx=0 comp rx=0 tx=0).stop
2023-07-21T18:58:11.527 INFO:teuthology.orchestra.run.smithi005.stdout:/usr/bin/ceph: stderr
2023-07-21T18:58:11.083+0000 7f1d90edf700 1 -- 172.21.15.5:0/2099679349 >> 172.21.15.5:0/2099679349 conn(0x7f1d8c100900 msgr2=0x7f1d8c102060 unknown :-1 s=STATE_NONE l=0).mark_down
2023-07-21T18:58:11.527 INFO:teuthology.orchestra.run.smithi005.stdout:/usr/bin/ceph: stderr
2023-07-21T18:58:11.083+0000 7f1d90edf700 1 -- 172.21.15.5:0/2099679349 shutdown_connections
2023-07-21T18:58:11.527 INFO:teuthology.orchestra.run.smithi005.stdout:/usr/bin/ceph: stderr
2023-07-21T18:58:11.083+0000 7f1d90edf700 1 -- 172.21.15.5:0/2099679349 wait complete.
2023-07-21T18:58:11.528 INFO:teuthology.orchestra.run.smithi005.stdout:Fetching dashboard port number...
2023-07-21T18:58:12.168 INFO:journalctl@ceph.mon.a.smithi005.stdout:Jul 21 18:58:11 smithi005 ceph-mon[126460]: from='client.14166 -' entity='client.admin' cmd=[{"prefix": "dashboard ac-user-create", "username": "admin", "rolename": "administrator", "force_password": true, "pwd_update_required": true, "target": ["mon-mgr", ""]}]: dispatch
2023-07-21T18:58:12.169 INFO:journalctl@ceph.mon.a.smithi005.stdout:Jul 21 18:58:11 smithi005 ceph-mon[126460]: from='mgr.14152 172.21.15.5:0/1786384506' entity='mgr.x'
2023-07-21T18:58:12.169 INFO:journalctl@ceph.mon.a.smithi005.stdout:Jul 21 18:58:11 smithi005 ceph-mon[126460]: from='mgr.14152 172.21.15.5:0/1786384506' entity='mgr.x'
2023-07-21T18:58:13.053 INFO:teuthology.orchestra.run.smithi005.stdout:/usr/bin/ceph: stdout 8443
2023-07-21T18:58:13.053 INFO:teuthology.orchestra.run.smithi005.stdout:/usr/bin/ceph: stderr
2023-07-21T18:58:12.074+0000 7fa9d6609700 1 Processor -- start
2023-07-21T18:58:13.053 INFO:teuthology.orchestra.run.smithi005.stdout:/usr/bin/ceph: stderr
2023-07-21T18:58:12.074+0000 7fa9d6609700 1 -- start start
2023-07-21T18:58:13.053 INFO:teuthology.orchestra.run.smithi005.stdout:/usr/bin/ceph: stderr
2023-07-21T18:58:12.074+0000 7fa9d6609700 1 --2- >> [v2:172.21.15.5:3300/0,v1:172.21.15.5:6789/0] conn(0x7fa9d0105200 0x7fa9d0105610 unknown :-1 s=NONE pgs=0 cs=0 l=0 rev1=0 crypto rx=0 tx=0 comp rx=0 tx=0).connect
2023-07-21T18:58:13.053 INFO:teuthology.orchestra.run.smithi005.stdout:/usr/bin/ceph: stderr
2023-07-21T18:58:12.074+0000 7fa9d6609700 1 -- --> [v2:172.21.15.5:3300/0,v1:172.21.15.5:6789/0] -- mon_getmap magic: 0 v1 -- 0x7fa9d0105b50 con 0x7fa9d0105200
2023-07-21T18:58:13.053 INFO:teuthology.orchestra.run.smithi005.stdout:/usr/bin/ceph: stderr
2023-07-21T18:58:12.075+0000 7fa9cffff700 1 --2- >> [v2:172.21.15.5:3300/0,v1:172.21.15.5:6789/0] conn(0x7fa9d0105200 0x7fa9d0105610 unknown :-1 s=BANNER_CONNECTING pgs=0 cs=0 l=0 rev1=0 crypto rx=0 tx=0 comp rx=0 tx=0)._handle_peer_banner_payload supported=3 required=0
2023-07-21T18:58:13.054 INFO:teuthology.orchestra.run.smithi005.stdout:/usr/bin/ceph: stderr
2023-07-21T18:58:12.075+0000 7fa9cffff700 1 --2- >> [v2:172.21.15.5:3300/0,v1:172.21.15.5:6789/0] conn(0x7fa9d0105200 0x7fa9d0105610 unknown :-1 s=HELLO_CONNECTING pgs=0 cs=0 l=0 rev1=1 crypto rx=0 tx=0 comp rx=0 tx=0).handle_hello peer v2:172.21.15.5:3300/0 says I am v2:172.21.15.5:55730/0 (socket says 172.21.15.5:55730)
2023-07-21T18:58:13.054 INFO:teuthology.orchestra.run.smithi005.stdout:/usr/bin/ceph: stderr
2023-07-21T18:58:12.075+0000 7fa9cffff700 1 -- 172.21.15.5:0/810447392 learned_addr learned my addr 172.21.15.5:0/810447392 (peer_addr_for_me v2:172.21.15.5:0/0)
2023-07-21T18:58:13.054 INFO:teuthology.orchestra.run.smithi005.stdout:/usr/bin/ceph: stderr
2023-07-21T18:58:12.075+0000 7fa9cffff700 1 -- 172.21.15.5:0/810447392 --> [v2:172.21.15.5:3300/0,v1:172.21.15.5:6789/0] -- mon_subscribe({config=0+,monmap=0+}) v3 -- 0x7fa9d0105c90 con 0x7fa9d0105200
2023-07-21T18:58:13.054 INFO:teuthology.orchestra.run.smithi005.stdout:/usr/bin/ceph: stderr
2023-07-21T18:58:12.075+0000 7fa9cffff700 1 --2- 172.21.15.5:0/810447392 >> [v2:172.21.15.5:3300/0,v1:172.21.15.5:6789/0] conn(0x7fa9d0105200 0x7fa9d0105610 secure :-1 s=READY pgs=74 cs=0 l=1 rev1=1 crypto rx=0x7fa9c00098a0 tx=0x7fa9c0009bb0 comp rx=0 tx=0).ready entity=mon.0 client_cookie=6465ed942e0b1802 server_cookie=0 in_seq=0 out_seq=0
2023-07-21T18:58:13.054 INFO:teuthology.orchestra.run.smithi005.stdout:/usr/bin/ceph: stderr
2023-07-21T18:58:12.076+0000 7fa9ceffd700 1 -- 172.21.15.5:0/810447392 <== mon.0 v2:172.21.15.5:3300/0 1 ==== mon_map magic: 0 v1 ==== 205+0+0 (secure 0 0 0) 0x7fa9c0004160 con 0x7fa9d0105200
2023-07-21T18:58:13.054 INFO:teuthology.orchestra.run.smithi005.stdout:/usr/bin/ceph: stderr
2023-07-21T18:58:12.076+0000 7fa9ceffd700 1 -- 172.21.15.5:0/810447392 <== mon.0 v2:172.21.15.5:3300/0 2 ==== config(25 keys) v1 ==== 1067+0+0 (secure 0 0 0) 0x7fa9c00042c0 con 0x7fa9d0105200
2023-07-21T18:58:13.054 INFO:teuthology.orchestra.run.smithi005.stdout:/usr/bin/ceph: stderr
2023-07-21T18:58:12.076+0000 7fa9ceffd700 1 -- 172.21.15.5:0/810447392 <== mon.0 v2:172.21.15.5:3300/0 3 ==== mon_map magic: 0 v1 ==== 205+0+0 (secure 0 0 0) 0x7fa9c00118e0 con 0x7fa9d0105200
2023-07-21T18:58:13.055 INFO:teuthology.orchestra.run.smithi005.stdout:/usr/bin/ceph: stderr
2023-07-21T18:58:12.076+0000 7fa9d6609700 1 -- 172.21.15.5:0/810447392 >> [v2:172.21.15.5:3300/0,v1:172.21.15.5:6789/0] conn(0x7fa9d0105200 msgr2=0x7fa9d0105610 secure :-1 s=STATE_CONNECTION_ESTABLISHED l=1).mark_down
2023-07-21T18:58:13.055 INFO:teuthology.orchestra.run.smithi005.stdout:/usr/bin/ceph: stderr
2023-07-21T18:58:12.076+0000 7fa9d6609700 1 --2- 172.21.15.5:0/810447392 >> [v2:172.21.15.5:3300/0,v1:172.21.15.5:6789/0] conn(0x7fa9d0105200 0x7fa9d0105610 secure :-1 s=READY pgs=74 cs=0 l=1 rev1=1 crypto rx=0x7fa9c00098a0 tx=0x7fa9c0009bb0 comp rx=0 tx=0).stop
2023-07-21T18:58:13.055 INFO:teuthology.orchestra.run.smithi005.stdout:/usr/bin/ceph: stderr
2023-07-21T18:58:12.076+0000 7fa9d6609700 1 -- 172.21.15.5:0/810447392 shutdown_connections
2023-07-21T18:58:13.055 INFO:teuthology.orchestra.run.smithi005.stdout:/usr/bin/ceph: stderr
2023-07-21T18:58:12.076+0000 7fa9d6609700 1 --2- 172.21.15.5:0/810447392 >> [v2:172.21.15.5:3300/0,v1:172.21.15.5:6789/0] conn(0x7fa9d0105200 0x7fa9d0105610 unknown :-1 s=CLOSED pgs=74 cs=0 l=1 rev1=1 crypto rx=0 tx=0 comp rx=0 tx=0).stop
2023-07-21T18:58:13.055 INFO:teuthology.orchestra.run.smithi005.stdout:/usr/bin/ceph: stderr
2023-07-21T18:58:12.076+0000 7fa9d6609700 1 -- 172.21.15.5:0/810447392 >> 172.21.15.5:0/810447392 conn(0x7fa9d0100890 msgr2=0x7fa9d0102ca0 unknown :-1 s=STATE_NONE l=0).mark_down
2023-07-21T18:58:13.055 INFO:teuthology.orchestra.run.smithi005.stdout:/usr/bin/ceph: stderr
2023-07-21T18:58:12.076+0000 7fa9d6609700 1 -- 172.21.15.5:0/810447392 shutdown_connections
2023-07-21T18:58:13.055 INFO:teuthology.orchestra.run.smithi005.stdout:/usr/bin/ceph: stderr
2023-07-21T18:58:12.076+0000 7fa9d6609700 1 -- 172.21.15.5:0/810447392 wait complete.
2023-07-21T18:58:13.055 INFO:teuthology.orchestra.run.smithi005.stdout:/usr/bin/ceph: stderr
2023-07-21T18:58:12.077+0000 7fa9d6609700 1 Processor -- start
2023-07-21T18:58:13.056 INFO:teuthology.orchestra.run.smithi005.stdout:/usr/bin/ceph: stderr
2023-07-21T18:58:12.078+0000 7fa9d6609700 1 -- start start
2023-07-21T18:58:13.056 INFO:teuthology.orchestra.run.smithi005.stdout:/usr/bin/ceph: stderr
2023-07-21T18:58:12.078+0000 7fa9d6609700 1 --2- >> [v2:172.21.15.5:3300/0,v1:172.21.15.5:6789/0] conn(0x7fa9d0105200 0x7fa9d0198f10 unknown :-1 s=NONE pgs=0 cs=0 l=1 rev1=0 crypto rx=0 tx=0 comp rx=0 tx=0).connect
2023-07-21T18:58:13.056 INFO:teuthology.orchestra.run.smithi005.stdout:/usr/bin/ceph: stderr
2023-07-21T18:58:12.078+0000 7fa9d6609700 1 -- --> [v2:172.21.15.5:3300/0,v1:172.21.15.5:6789/0] -- mon_getmap magic: 0 v1 -- 0x7fa9d0199450 con 0x7fa9d0105200
2023-07-21T18:58:13.056 INFO:teuthology.orchestra.run.smithi005.stdout:/usr/bin/ceph: stderr
2023-07-21T18:58:12.078+0000 7fa9cffff700 1 --2- >> [v2:172.21.15.5:3300/0,v1:172.21.15.5:6789/0] conn(0x7fa9d0105200 0x7fa9d0198f10 unknown :-1 s=BANNER_CONNECTING pgs=0 cs=0 l=1 rev1=0 crypto rx=0 tx=0 comp rx=0 tx=0)._handle_peer_banner_payload supported=3 required=0
2023-07-21T18:58:13.056 INFO:teuthology.orchestra.run.smithi005.stdout:/usr/bin/ceph: stderr
2023-07-21T18:58:12.078+0000 7fa9cffff700 1 --2- >> [v2:172.21.15.5:3300/0,v1:172.21.15.5:6789/0] conn(0x7fa9d0105200 0x7fa9d0198f10 unknown :-1 s=HELLO_CONNECTING pgs=0 cs=0 l=1 rev1=1 crypto rx=0 tx=0 comp rx=0 tx=0).handle_hello peer v2:172.21.15.5:3300/0 says I am v2:172.21.15.5:55734/0 (socket says 172.21.15.5:55734)
2023-07-21T18:58:13.056 INFO:teuthology.orchestra.run.smithi005.stdout:/usr/bin/ceph: stderr
2023-07-21T18:58:12.078+0000 7fa9cffff700 1 -- 172.21.15.5:0/998681133 learned_addr learned my addr 172.21.15.5:0/998681133 (peer_addr_for_me v2:172.21.15.5:0/0)
2023-07-21T18:58:13.056 INFO:teuthology.orchestra.run.smithi005.stdout:/usr/bin/ceph: stderr
2023-07-21T18:58:12.078+0000 7fa9cffff700 1 -- 172.21.15.5:0/998681133 --> [v2:172.21.15.5:3300/0,v1:172.21.15.5:6789/0] -- mon_subscribe({config=0+,monmap=0+}) v3 -- 0x7fa9c0009550 con 0x7fa9d0105200
2023-07-21T18:58:13.057 INFO:teuthology.orchestra.run.smithi005.stdout:/usr/bin/ceph: stderr
2023-07-21T18:58:12.079+0000 7fa9cffff700 1 --2- 172.21.15.5:0/998681133 >> [v2:172.21.15.5:3300/0,v1:172.21.15.5:6789/0] conn(0x7fa9d0105200 0x7fa9d0198f10 secure :-1 s=READY pgs=75 cs=0 l=1 rev1=1 crypto rx=0x7fa9c0006af0 tx=0x7fa9c0011ed0 comp rx=0 tx=0).ready entity=mon.0 client_cookie=0 server_cookie=0 in_seq=0 out_seq=0
2023-07-21T18:58:13.057 INFO:teuthology.orchestra.run.smithi005.stdout:/usr/bin/ceph: stderr
2023-07-21T18:58:12.079+0000 7fa9cd7fa700 1 -- 172.21.15.5:0/998681133 <== mon.0 v2:172.21.15.5:3300/0 1 ==== mon_map magic: 0 v1 ==== 205+0+0 (secure 0 0 0) 0x7fa9c00037d0 con 0x7fa9d0105200
2023-07-21T18:58:13.057 INFO:teuthology.orchestra.run.smithi005.stdout:/usr/bin/ceph: stderr
2023-07-21T18:58:12.079+0000 7fa9cd7fa700 1 -- 172.21.15.5:0/998681133 <== mon.0 v2:172.21.15.5:3300/0 2 ==== config(25 keys) v1 ==== 1067+0+0 (secure 0 0 0) 0x7fa9c001b440 con 0x7fa9d0105200
2023-07-21T18:58:13.057 INFO:teuthology.orchestra.run.smithi005.stdout:/usr/bin/ceph: stderr
2023-07-21T18:58:12.079+0000 7fa9d6609700 1 -- 172.21.15.5:0/998681133 --> [v2:172.21.15.5:3300/0,v1:172.21.15.5:6789/0] -- mon_subscribe({mgrmap=0+}) v3 -- 0x7fa9d0199650 con 0x7fa9d0105200
2023-07-21T18:58:13.057 INFO:teuthology.orchestra.run.smithi005.stdout:/usr/bin/ceph: stderr
2023-07-21T18:58:12.079+0000 7fa9cd7fa700 1 -- 172.21.15.5:0/998681133 <== mon.0 v2:172.21.15.5:3300/0 3 ==== mon_map magic: 0 v1 ==== 205+0+0 (secure 0 0 0) 0x7fa9c0023400 con 0x7fa9d0105200
2023-07-21T18:58:13.057 INFO:teuthology.orchestra.run.smithi005.stdout:/usr/bin/ceph: stderr
2023-07-21T18:58:12.079+0000 7fa9d6609700 1 -- 172.21.15.5:0/998681133 --> [v2:172.21.15.5:3300/0,v1:172.21.15.5:6789/0] -- mon_subscribe({osdmap=0}) v3 -- 0x7fa9d0199a70 con 0x7fa9d0105200
2023-07-21T18:58:13.057 INFO:teuthology.orchestra.run.smithi005.stdout:/usr/bin/ceph: stderr
2023-07-21T18:58:12.080+0000 7fa9cd7fa700 1 -- 172.21.15.5:0/998681133 <== mon.0 v2:172.21.15.5:3300/0 4 ==== mgrmap(e 12) v1 ==== 45496+0+0 (secure 0 0 0) 0x7fa9c001b5b0 con 0x7fa9d0105200
2023-07-21T18:58:13.057 INFO:teuthology.orchestra.run.smithi005.stdout:/usr/bin/ceph: stderr
2023-07-21T18:58:12.080+0000 7fa9d6609700 1 -- 172.21.15.5:0/998681133 --> [v2:172.21.15.5:3300/0,v1:172.21.15.5:6789/0] -- mon_command({"prefix": "get_command_descriptions"} v 0) v1 -- 0x7fa9d0061b40 con 0x7fa9d0105200
2023-07-21T18:58:13.058 INFO:teuthology.orchestra.run.smithi005.stdout:/usr/bin/ceph: stderr
2023-07-21T18:58:12.081+0000 7fa9cd7fa700 1 --2- 172.21.15.5:0/998681133 >> [v2:172.21.15.5:6800/1627438252,v1:172.21.15.5:6801/1627438252] conn(0x7fa9b8038760 0x7fa9b803ac10 unknown :-1 s=NONE pgs=0 cs=0 l=1 rev1=0 crypto rx=0 tx=0 comp rx=0 tx=0).connect
2023-07-21T18:58:13.058 INFO:teuthology.orchestra.run.smithi005.stdout:/usr/bin/ceph: stderr
2023-07-21T18:58:12.081+0000 7fa9cd7fa700 1 -- 172.21.15.5:0/998681133 <== mon.0 v2:172.21.15.5:3300/0 5 ==== osd_map(3..3 src has 1..3) v4 ==== 1155+0+0 (secure 0 0 0) 0x7fa9c004c8c0 con 0x7fa9d0105200
2023-07-21T18:58:13.058 INFO:teuthology.orchestra.run.smithi005.stdout:/usr/bin/ceph: stderr
2023-07-21T18:58:12.081+0000 7fa9cf7fe700 1 --2- 172.21.15.5:0/998681133 >> [v2:172.21.15.5:6800/1627438252,v1:172.21.15.5:6801/1627438252] conn(0x7fa9b8038760 0x7fa9b803ac10 unknown :-1 s=BANNER_CONNECTING pgs=0 cs=0 l=1 rev1=0 crypto rx=0 tx=0 comp rx=0 tx=0)._handle_peer_banner_payload supported=3 required=0
2023-07-21T18:58:13.058 INFO:teuthology.orchestra.run.smithi005.stdout:/usr/bin/ceph: stderr
2023-07-21T18:58:12.082+0000 7fa9cf7fe700 1 --2- 172.21.15.5:0/998681133 >> [v2:172.21.15.5:6800/1627438252,v1:172.21.15.5:6801/1627438252] conn(0x7fa9b8038760 0x7fa9b803ac10 secure :-1 s=READY pgs=9 cs=0 l=1 rev1=1 crypto rx=0x7fa9c4006fd0 tx=0x7fa9c4006e40 comp rx=0 tx=0).ready entity=mgr.14152 client_cookie=0 server_cookie=0 in_seq=0 out_seq=0
2023-07-21T18:58:13.058 INFO:teuthology.orchestra.run.smithi005.stdout:/usr/bin/ceph: stderr
2023-07-21T18:58:12.085+0000 7fa9cd7fa700 1 -- 172.21.15.5:0/998681133 <== mon.0 v2:172.21.15.5:3300/0 6 ==== mon_command_ack([{"prefix": "get_command_descriptions"}]=0 v0) v1 ==== 72+0+178038 (secure 0 0 0) 0x7fa9c001b8d0 con 0x7fa9d0105200
2023-07-21T18:58:13.058 INFO:teuthology.orchestra.run.smithi005.stdout:/usr/bin/ceph: stderr
2023-07-21T18:58:12.322+0000 7fa9d6609700 1 -- 172.21.15.5:0/998681133 --> [v2:172.21.15.5:3300/0,v1:172.21.15.5:6789/0] -- mon_command({"prefix": "config get", "who": "mgr", "key": "mgr/dashboard/ssl_server_port"} v 0) v1 -- 0x7fa9d019c8d0 con 0x7fa9d0105200
2023-07-21T18:58:13.058 INFO:teuthology.orchestra.run.smithi005.stdout:/usr/bin/ceph: stderr
2023-07-21T18:58:12.322+0000 7fa9cd7fa700 1 -- 172.21.15.5:0/998681133 <== mon.0 v2:172.21.15.5:3300/0 7 ==== mon_command_ack([{"prefix": "config get", "who": "mgr", "key": "mgr/dashboard/ssl_server_port"}]=0 v8) v1 ==== 112+0+5 (secure 0 0 0) 0x7fa9c000bbd0 con 0x7fa9d0105200
2023-07-21T18:58:13.059 INFO:teuthology.orchestra.run.smithi005.stdout:/usr/bin/ceph: stderr
2023-07-21T18:58:12.325+0000 7fa9d6609700 1 -- 172.21.15.5:0/998681133 >> [v2:172.21.15.5:6800/1627438252,v1:172.21.15.5:6801/1627438252] conn(0x7fa9b8038760 msgr2=0x7fa9b803ac10 secure :-1 s=STATE_CONNECTION_ESTABLISHED l=1).mark_down
2023-07-21T18:58:13.059 INFO:teuthology.orchestra.run.smithi005.stdout:/usr/bin/ceph: stderr
2023-07-21T18:58:12.325+0000 7fa9d6609700 1 --2- 172.21.15.5:0/998681133 >> [v2:172.21.15.5:6800/1627438252,v1:172.21.15.5:6801/1627438252] conn(0x7fa9b8038760 0x7fa9b803ac10 secure :-1 s=READY pgs=9 cs=0 l=1 rev1=1 crypto rx=0x7fa9c4006fd0 tx=0x7fa9c4006e40 comp rx=0 tx=0).stop
2023-07-21T18:58:13.059 INFO:teuthology.orchestra.run.smithi005.stdout:/usr/bin/ceph: stderr
2023-07-21T18:58:12.325+0000 7fa9d6609700 1 -- 172.21.15.5:0/998681133 >> [v2:172.21.15.5:3300/0,v1:172.21.15.5:6789/0] conn(0x7fa9d0105200 msgr2=0x7fa9d0198f10 secure :-1 s=STATE_CONNECTION_ESTABLISHED l=1).mark_down
2023-07-21T18:58:13.059 INFO:teuthology.orchestra.run.smithi005.stdout:/usr/bin/ceph: stderr
2023-07-21T18:58:12.325+0000 7fa9d6609700 1 --2- 172.21.15.5:0/998681133 >> [v2:172.21.15.5:3300/0,v1:172.21.15.5:6789/0] conn(0x7fa9d0105200 0x7fa9d0198f10 secure :-1 s=READY pgs=75 cs=0 l=1 rev1=1 crypto rx=0x7fa9c0006af0 tx=0x7fa9c0011ed0 comp rx=0 tx=0).stop
2023-07-21T18:58:13.059 INFO:teuthology.orchestra.run.smithi005.stdout:/usr/bin/ceph: stderr
2023-07-21T18:58:12.325+0000 7fa9d6609700 1 -- 172.21.15.5:0/998681133 shutdown_connections
2023-07-21T18:58:13.059 INFO:teuthology.orchestra.run.smithi005.stdout:/usr/bin/ceph: stderr
2023-07-21T18:58:12.325+0000 7fa9d6609700 1 --2- 172.21.15.5:0/998681133 >> [v2:172.21.15.5:6800/1627438252,v1:172.21.15.5:6801/1627438252] conn(0x7fa9b8038760 0x7fa9b803ac10 unknown :-1 s=CLOSED pgs=9 cs=0 l=1 rev1=1 crypto rx=0 tx=0 comp rx=0 tx=0).stop
2023-07-21T18:58:13.059 INFO:teuthology.orchestra.run.smithi005.stdout:/usr/bin/ceph: stderr
2023-07-21T18:58:12.325+0000 7fa9d6609700 1 --2- 172.21.15.5:0/998681133 >> [v2:172.21.15.5:3300/0,v1:172.21.15.5:6789/0] conn(0x7fa9d0105200 0x7fa9d0198f10 unknown :-1 s=CLOSED pgs=75 cs=0 l=1 rev1=1 crypto rx=0 tx=0 comp rx=0 tx=0).stop
2023-07-21T18:58:13.059 INFO:teuthology.orchestra.run.smithi005.stdout:/usr/bin/ceph: stderr
2023-07-21T18:58:12.325+0000 7fa9d6609700 1 -- 172.21.15.5:0/998681133 >> 172.21.15.5:0/998681133 conn(0x7fa9d0100890 msgr2=0x7fa9d0101670 unknown :-1 s=STATE_NONE l=0).mark_down
2023-07-21T18:58:13.060 INFO:teuthology.orchestra.run.smithi005.stdout:/usr/bin/ceph: stderr
2023-07-21T18:58:12.325+0000 7fa9d6609700 1 -- 172.21.15.5:0/998681133 shutdown_connections
2023-07-21T18:58:13.060 INFO:teuthology.orchestra.run.smithi005.stdout:/usr/bin/ceph: stderr
2023-07-21T18:58:12.325+0000 7fa9d6609700 1 -- 172.21.15.5:0/998681133 wait complete.
2023-07-21T18:58:13.072 INFO:teuthology.orchestra.run.smithi005.stdout:Non-zero exit code 1 from systemctl is-enabled firewalld.service
2023-07-21T18:58:13.072 INFO:teuthology.orchestra.run.smithi005.stdout:systemctl: stdout disabled
2023-07-21T18:58:13.089 INFO:teuthology.orchestra.run.smithi005.stdout:Non-zero exit code 3 from systemctl is-active firewalld.service
2023-07-21T18:58:13.089 INFO:teuthology.orchestra.run.smithi005.stdout:systemctl: stdout inactive
2023-07-21T18:58:13.089 INFO:teuthology.orchestra.run.smithi005.stdout:firewalld.service is not enabled
2023-07-21T18:58:13.089 INFO:teuthology.orchestra.run.smithi005.stdout:Not possible to open ports <[8443]>. firewalld.service is not available
2023-07-21T18:58:13.091 INFO:teuthology.orchestra.run.smithi005.stdout:Ceph Dashboard is now available at:
2023-07-21T18:58:13.092 INFO:teuthology.orchestra.run.smithi005.stdout:
2023-07-21T18:58:13.092 INFO:teuthology.orchestra.run.smithi005.stdout: URL: https://smithi005.front.sepia.ceph.com:8443/
2023-07-21T18:58:13.092 INFO:teuthology.orchestra.run.smithi005.stdout: User: admin
2023-07-21T18:58:13.092 INFO:teuthology.orchestra.run.smithi005.stdout: Password: uhvymw9c4v
2023-07-21T18:58:13.092 INFO:teuthology.orchestra.run.smithi005.stdout:
2023-07-21T18:58:13.093 INFO:teuthology.orchestra.run.smithi005.stdout:Saving cluster configuration to /var/lib/ceph/3dc43aa4-27f8-11ee-9b34-001a4aab830c/config directory
2023-07-21T18:58:13.093 INFO:teuthology.orchestra.run.smithi005.stdout:Enabling autotune for osd_memory_target
2023-07-21T18:58:13.394 INFO:journalctl@ceph.mon.a.smithi005.stdout:Jul 21 18:58:13 smithi005 ceph-mon[126460]: from='client.? 172.21.15.5:0/998681133' entity='client.admin' cmd=[{"prefix": "config get", "who": "mgr", "key": "mgr/dashboard/ssl_server_port"}]: dispatch
2023-07-21T18:58:14.274 INFO:teuthology.orchestra.run.smithi005.stdout:/usr/bin/ceph: stderr
2023-07-21T18:58:13.606+0000 7f59149a8700 1 Processor -- start
2023-07-21T18:58:14.275 INFO:teuthology.orchestra.run.smithi005.stdout:/usr/bin/ceph: stderr
2023-07-21T18:58:13.606+0000 7f59149a8700 1 -- start start
2023-07-21T18:58:14.275 INFO:teuthology.orchestra.run.smithi005.stdout:/usr/bin/ceph: stderr
2023-07-21T18:58:13.607+0000 7f59149a8700 1 --2- >> [v2:172.21.15.5:3300/0,v1:172.21.15.5:6789/0] conn(0x7f5910105200 0x7f5910105610 unknown :-1 s=NONE pgs=0 cs=0 l=0 rev1=0 crypto rx=0 tx=0 comp rx=0 tx=0).connect
2023-07-21T18:58:14.275 INFO:teuthology.orchestra.run.smithi005.stdout:/usr/bin/ceph: stderr
2023-07-21T18:58:13.607+0000 7f59149a8700 1 -- --> [v2:172.21.15.5:3300/0,v1:172.21.15.5:6789/0] -- mon_getmap magic: 0 v1 -- 0x7f5910105b50 con 0x7f5910105200
2023-07-21T18:58:14.275 INFO:teuthology.orchestra.run.smithi005.stdout:/usr/bin/ceph: stderr
2023-07-21T18:58:13.607+0000 7f590e59c700 1 --2- >> [v2:172.21.15.5:3300/0,v1:172.21.15.5:6789/0] conn(0x7f5910105200 0x7f5910105610 unknown :-1 s=BANNER_CONNECTING pgs=0 cs=0 l=0 rev1=0 crypto rx=0 tx=0 comp rx=0 tx=0)._handle_peer_banner_payload supported=3 required=0
2023-07-21T18:58:14.275 INFO:teuthology.orchestra.run.smithi005.stdout:/usr/bin/ceph: stderr
2023-07-21T18:58:13.607+0000 7f590e59c700 1 --2- >> [v2:172.21.15.5:3300/0,v1:172.21.15.5:6789/0] conn(0x7f5910105200 0x7f5910105610 unknown :-1 s=HELLO_CONNECTING pgs=0 cs=0 l=0 rev1=1 crypto rx=0 tx=0 comp rx=0 tx=0).handle_hello peer v2:172.21.15.5:3300/0 says I am v2:172.21.15.5:55746/0 (socket says 172.21.15.5:55746)
2023-07-21T18:58:14.275 INFO:teuthology.orchestra.run.smithi005.stdout:/usr/bin/ceph: stderr
2023-07-21T18:58:13.607+0000 7f590e59c700 1 -- 172.21.15.5:0/3349666328 learned_addr learned my addr 172.21.15.5:0/3349666328 (peer_addr_for_me v2:172.21.15.5:0/0)
2023-07-21T18:58:14.275 INFO:teuthology.orchestra.run.smithi005.stdout:/usr/bin/ceph: stderr
2023-07-21T18:58:13.608+0000 7f590e59c700 1 -- 172.21.15.5:0/3349666328 --> [v2:172.21.15.5:3300/0,v1:172.21.15.5:6789/0] -- mon_subscribe({config=0+,monmap=0+}) v3 -- 0x7f5910105c90 con 0x7f5910105200
2023-07-21T18:58:14.276 INFO:teuthology.orchestra.run.smithi005.stdout:/usr/bin/ceph: stderr
2023-07-21T18:58:13.608+0000 7f590e59c700 1 --2- 172.21.15.5:0/3349666328 >> [v2:172.21.15.5:3300/0,v1:172.21.15.5:6789/0] conn(0x7f5910105200 0x7f5910105610 secure :-1 s=READY pgs=76 cs=0 l=1 rev1=1 crypto rx=0x7f59000098a0 tx=0x7f5900009bb0 comp rx=0 tx=0).ready entity=mon.0 client_cookie=6253077fe8d81674 server_cookie=0 in_seq=0 out_seq=0
2023-07-21T18:58:14.276 INFO:teuthology.orchestra.run.smithi005.stdout:/usr/bin/ceph: stderr
2023-07-21T18:58:13.608+0000 7f590d59a700 1 -- 172.21.15.5:0/3349666328 <== mon.0 v2:172.21.15.5:3300/0 1 ==== mon_map magic: 0 v1 ==== 205+0+0 (secure 0 0 0) 0x7f5900004160 con 0x7f5910105200
2023-07-21T18:58:14.276 INFO:teuthology.orchestra.run.smithi005.stdout:/usr/bin/ceph: stderr
2023-07-21T18:58:13.608+0000 7f590d59a700 1 -- 172.21.15.5:0/3349666328 <== mon.0 v2:172.21.15.5:3300/0 2 ==== config(25 keys) v1 ==== 1067+0+0 (secure 0 0 0) 0x7f59000042c0 con 0x7f5910105200
2023-07-21T18:58:14.276 INFO:teuthology.orchestra.run.smithi005.stdout:/usr/bin/ceph: stderr
2023-07-21T18:58:13.608+0000 7f590d59a700 1 -- 172.21.15.5:0/3349666328 <== mon.0 v2:172.21.15.5:3300/0 3 ==== mon_map magic: 0 v1 ==== 205+0+0 (secure 0 0 0) 0x7f59000118e0 con 0x7f5910105200
2023-07-21T18:58:14.276 INFO:teuthology.orchestra.run.smithi005.stdout:/usr/bin/ceph: stderr
2023-07-21T18:58:13.608+0000 7f59149a8700 1 -- 172.21.15.5:0/3349666328 >> [v2:172.21.15.5:3300/0,v1:172.21.15.5:6789/0] conn(0x7f5910105200 msgr2=0x7f5910105610 secure :-1 s=STATE_CONNECTION_ESTABLISHED l=1).mark_down
2023-07-21T18:58:14.276 INFO:teuthology.orchestra.run.smithi005.stdout:/usr/bin/ceph: stderr
2023-07-21T18:58:13.609+0000 7f59149a8700 1 --2- 172.21.15.5:0/3349666328 >> [v2:172.21.15.5:3300/0,v1:172.21.15.5:6789/0] conn(0x7f5910105200 0x7f5910105610 secure :-1 s=READY pgs=76 cs=0 l=1 rev1=1 crypto rx=0x7f59000098a0 tx=0x7f5900009bb0 comp rx=0 tx=0).stop
2023-07-21T18:58:14.276 INFO:teuthology.orchestra.run.smithi005.stdout:/usr/bin/ceph: stderr
2023-07-21T18:58:13.609+0000 7f59149a8700 1 -- 172.21.15.5:0/3349666328 shutdown_connections
2023-07-21T18:58:14.277 INFO:teuthology.orchestra.run.smithi005.stdout:/usr/bin/ceph: stderr
2023-07-21T18:58:13.609+0000 7f59149a8700 1 --2- 172.21.15.5:0/3349666328 >> [v2:172.21.15.5:3300/0,v1:172.21.15.5:6789/0] conn(0x7f5910105200 0x7f5910105610 unknown :-1 s=CLOSED pgs=76 cs=0 l=1 rev1=1 crypto rx=0 tx=0 comp rx=0 tx=0).stop
2023-07-21T18:58:14.277 INFO:teuthology.orchestra.run.smithi005.stdout:/usr/bin/ceph: stderr
2023-07-21T18:58:13.609+0000 7f59149a8700 1 -- 172.21.15.5:0/3349666328 >> 172.21.15.5:0/3349666328 conn(0x7f5910100890 msgr2=0x7f5910102ca0 unknown :-1 s=STATE_NONE l=0).mark_down
2023-07-21T18:58:14.277 INFO:teuthology.orchestra.run.smithi005.stdout:/usr/bin/ceph: stderr
2023-07-21T18:58:13.609+0000 7f59149a8700 1 -- 172.21.15.5:0/3349666328 shutdown_connections
2023-07-21T18:58:14.277 INFO:teuthology.orchestra.run.smithi005.stdout:/usr/bin/ceph: stderr
2023-07-21T18:58:13.609+0000 7f59149a8700 1 -- 172.21.15.5:0/3349666328 wait complete.
2023-07-21T18:58:14.277 INFO:teuthology.orchestra.run.smithi005.stdout:/usr/bin/ceph: stderr
2023-07-21T18:58:13.610+0000 7f59149a8700 1 Processor -- start
2023-07-21T18:58:14.277 INFO:teuthology.orchestra.run.smithi005.stdout:/usr/bin/ceph: stderr
2023-07-21T18:58:13.610+0000 7f59149a8700 1 -- start start
2023-07-21T18:58:14.277 INFO:teuthology.orchestra.run.smithi005.stdout:/usr/bin/ceph: stderr
2023-07-21T18:58:13.610+0000 7f59149a8700 1 --2- >> [v2:172.21.15.5:3300/0,v1:172.21.15.5:6789/0] conn(0x7f5910105200 0x7f591019b100 unknown :-1 s=NONE pgs=0 cs=0 l=1 rev1=0 crypto rx=0 tx=0 comp rx=0 tx=0).connect
2023-07-21T18:58:14.278 INFO:teuthology.orchestra.run.smithi005.stdout:/usr/bin/ceph: stderr
2023-07-21T18:58:13.610+0000 7f59149a8700 1 -- --> [v2:172.21.15.5:3300/0,v1:172.21.15.5:6789/0] -- mon_getmap magic: 0 v1 -- 0x7f591019b640 con 0x7f5910105200
2023-07-21T18:58:14.278 INFO:teuthology.orchestra.run.smithi005.stdout:/usr/bin/ceph: stderr
2023-07-21T18:58:13.610+0000 7f590e59c700 1 --2- >> [v2:172.21.15.5:3300/0,v1:172.21.15.5:6789/0] conn(0x7f5910105200 0x7f591019b100 unknown :-1 s=BANNER_CONNECTING pgs=0 cs=0 l=1 rev1=0 crypto rx=0 tx=0 comp rx=0 tx=0)._handle_peer_banner_payload supported=3 required=0
2023-07-21T18:58:14.278 INFO:teuthology.orchestra.run.smithi005.stdout:/usr/bin/ceph: stderr
2023-07-21T18:58:13.610+0000 7f590e59c700 1 --2- >> [v2:172.21.15.5:3300/0,v1:172.21.15.5:6789/0] conn(0x7f5910105200 0x7f591019b100 unknown :-1 s=HELLO_CONNECTING pgs=0 cs=0 l=1 rev1=1 crypto rx=0 tx=0 comp rx=0 tx=0).handle_hello peer v2:172.21.15.5:3300/0 says I am v2:172.21.15.5:55762/0 (socket says 172.21.15.5:55762)
2023-07-21T18:58:14.278 INFO:teuthology.orchestra.run.smithi005.stdout:/usr/bin/ceph: stderr
2023-07-21T18:58:13.610+0000 7f590e59c700 1 -- 172.21.15.5:0/3608232132 learned_addr learned my addr 172.21.15.5:0/3608232132 (peer_addr_for_me v2:172.21.15.5:0/0)
2023-07-21T18:58:14.278 INFO:teuthology.orchestra.run.smithi005.stdout:/usr/bin/ceph: stderr
2023-07-21T18:58:13.611+0000 7f590e59c700 1 -- 172.21.15.5:0/3608232132 --> [v2:172.21.15.5:3300/0,v1:172.21.15.5:6789/0] -- mon_subscribe({config=0+,monmap=0+}) v3 -- 0x7f5900009550 con 0x7f5910105200
2023-07-21T18:58:14.278 INFO:teuthology.orchestra.run.smithi005.stdout:/usr/bin/ceph: stderr
2023-07-21T18:58:13.611+0000 7f590e59c700 1 --2- 172.21.15.5:0/3608232132 >> [v2:172.21.15.5:3300/0,v1:172.21.15.5:6789/0] conn(0x7f5910105200 0x7f591019b100 secure :-1 s=READY pgs=77 cs=0 l=1 rev1=1 crypto rx=0x7f5900003e30 tx=0x7f59000119a0 comp rx=0 tx=0).ready entity=mon.0 client_cookie=0 server_cookie=0 in_seq=0 out_seq=0
2023-07-21T18:58:14.278 INFO:teuthology.orchestra.run.smithi005.stdout:/usr/bin/ceph: stderr
2023-07-21T18:58:13.611+0000 7f58ff7fe700 1 -- 172.21.15.5:0/3608232132 <== mon.0 v2:172.21.15.5:3300/0 1 ==== mon_map magic: 0 v1 ==== 205+0+0 (secure 0 0 0) 0x7f59000036a0 con 0x7f5910105200
2023-07-21T18:58:14.279 INFO:teuthology.orchestra.run.smithi005.stdout:/usr/bin/ceph: stderr
2023-07-21T18:58:13.611+0000 7f59149a8700 1 -- 172.21.15.5:0/3608232132 --> [v2:172.21.15.5:3300/0,v1:172.21.15.5:6789/0] -- mon_subscribe({mgrmap=0+}) v3 -- 0x7f591019b840 con 0x7f5910105200
2023-07-21T18:58:14.279 INFO:teuthology.orchestra.run.smithi005.stdout:/usr/bin/ceph: stderr
2023-07-21T18:58:13.611+0000 7f58ff7fe700 1 -- 172.21.15.5:0/3608232132 <== mon.0 v2:172.21.15.5:3300/0 2 ==== config(25 keys) v1 ==== 1067+0+0 (secure 0 0 0) 0x7f590001b440 con 0x7f5910105200
2023-07-21T18:58:14.279 INFO:teuthology.orchestra.run.smithi005.stdout:/usr/bin/ceph: stderr
2023-07-21T18:58:13.611+0000 7f58ff7fe700 1 -- 172.21.15.5:0/3608232132 <== mon.0 v2:172.21.15.5:3300/0 3 ==== mon_map magic: 0 v1 ==== 205+0+0 (secure 0 0 0) 0x7f5900023400 con 0x7f5910105200
2023-07-21T18:58:14.279 INFO:teuthology.orchestra.run.smithi005.stdout:/usr/bin/ceph: stderr
2023-07-21T18:58:13.611+0000 7f59149a8700 1 -- 172.21.15.5:0/3608232132 --> [v2:172.21.15.5:3300/0,v1:172.21.15.5:6789/0] -- mon_subscribe({osdmap=0}) v3 -- 0x7f591019bc60 con 0x7f5910105200
2023-07-21T18:58:14.279 INFO:teuthology.orchestra.run.smithi005.stdout:/usr/bin/ceph: stderr
2023-07-21T18:58:13.612+0000 7f59149a8700 1 -- 172.21.15.5:0/3608232132 --> [v2:172.21.15.5:3300/0,v1:172.21.15.5:6789/0] -- mon_command({"prefix": "get_command_descriptions"} v 0) v1 -- 0x7f5910061b40 con 0x7f5910105200
2023-07-21T18:58:14.279 INFO:teuthology.orchestra.run.smithi005.stdout:/usr/bin/ceph: stderr
2023-07-21T18:58:13.612+0000 7f58ff7fe700 1 -- 172.21.15.5:0/3608232132 <== mon.0 v2:172.21.15.5:3300/0 4 ==== mgrmap(e 12) v1 ==== 45496+0+0 (secure 0 0 0) 0x7f590001b5b0 con 0x7f5910105200
2023-07-21T18:58:14.279 INFO:teuthology.orchestra.run.smithi005.stdout:/usr/bin/ceph: stderr
2023-07-21T18:58:13.613+0000 7f58ff7fe700 1 --2- 172.21.15.5:0/3608232132 >> [v2:172.21.15.5:6800/1627438252,v1:172.21.15.5:6801/1627438252] conn(0x7f58f80387b0 0x7f58f803ac60 unknown :-1 s=NONE pgs=0 cs=0 l=1 rev1=0 crypto rx=0 tx=0 comp rx=0 tx=0).connect
2023-07-21T18:58:14.279 INFO:teuthology.orchestra.run.smithi005.stdout:/usr/bin/ceph: stderr
2023-07-21T18:58:13.613+0000 7f58ff7fe700 1 -- 172.21.15.5:0/3608232132 <== mon.0 v2:172.21.15.5:3300/0 5 ==== osd_map(3..3 src has 1..3) v4 ==== 1155+0+0 (secure 0 0 0) 0x7f590004c860 con 0x7f5910105200
2023-07-21T18:58:14.280 INFO:teuthology.orchestra.run.smithi005.stdout:/usr/bin/ceph: stderr
2023-07-21T18:58:13.613+0000 7f590dd9b700 1 --2- 172.21.15.5:0/3608232132 >> [v2:172.21.15.5:6800/1627438252,v1:172.21.15.5:6801/1627438252] conn(0x7f58f80387b0 0x7f58f803ac60 unknown :-1 s=BANNER_CONNECTING pgs=0 cs=0 l=1 rev1=0 crypto rx=0 tx=0 comp rx=0 tx=0)._handle_peer_banner_payload supported=3 required=0
2023-07-21T18:58:14.280 INFO:teuthology.orchestra.run.smithi005.stdout:/usr/bin/ceph: stderr
2023-07-21T18:58:13.614+0000 7f590dd9b700 1 --2- 172.21.15.5:0/3608232132 >> [v2:172.21.15.5:6800/1627438252,v1:172.21.15.5:6801/1627438252] conn(0x7f58f80387b0 0x7f58f803ac60 secure :-1 s=READY pgs=10 cs=0 l=1 rev1=1 crypto rx=0x7f5904006fd0 tx=0x7f5904006e40 comp rx=0 tx=0).ready entity=mgr.14152 client_cookie=0 server_cookie=0 in_seq=0 out_seq=0
2023-07-21T18:58:14.280 INFO:teuthology.orchestra.run.smithi005.stdout:/usr/bin/ceph: stderr
2023-07-21T18:58:13.618+0000 7f58ff7fe700 1 -- 172.21.15.5:0/3608232132 <== mon.0 v2:172.21.15.5:3300/0 6 ==== mon_command_ack([{"prefix": "get_command_descriptions"}]=0 v0) v1 ==== 72+0+178038 (secure 0 0 0) 0x7f5900019c30 con 0x7f5910105200
2023-07-21T18:58:14.280 INFO:teuthology.orchestra.run.smithi005.stdout:/usr/bin/ceph: stderr
2023-07-21T18:58:13.823+0000 7f59149a8700 1 -- 172.21.15.5:0/3608232132 --> [v2:172.21.15.5:3300/0,v1:172.21.15.5:6789/0] -- mon_command([{prefix=config set, name=osd_memory_target_autotune}] v 0) v1 -- 0x7f591019eac0 con 0x7f5910105200
2023-07-21T18:58:14.280 INFO:teuthology.orchestra.run.smithi005.stdout:/usr/bin/ceph: stderr
2023-07-21T18:58:13.823+0000 7f58ff7fe700 1 -- 172.21.15.5:0/3608232132 <== mon.0 v2:172.21.15.5:3300/0 7 ==== mon_command_ack([{prefix=config set, name=osd_memory_target_autotune}]=0 v8)=0 v8) v1 ==== 127+0+0 (secure 0 0 0) 0x7f5900019840 con 0x7f5910105200
2023-07-21T18:58:14.280 INFO:teuthology.orchestra.run.smithi005.stdout:/usr/bin/ceph: stderr
2023-07-21T18:58:13.825+0000 7f59149a8700 1 -- 172.21.15.5:0/3608232132 >> [v2:172.21.15.5:6800/1627438252,v1:172.21.15.5:6801/1627438252] conn(0x7f58f80387b0 msgr2=0x7f58f803ac60 secure :-1 s=STATE_CONNECTION_ESTABLISHED l=1).mark_down
2023-07-21T18:58:14.280 INFO:teuthology.orchestra.run.smithi005.stdout:/usr/bin/ceph: stderr
2023-07-21T18:58:13.825+0000 7f59149a8700 1 --2- 172.21.15.5:0/3608232132 >> [v2:172.21.15.5:6800/1627438252,v1:172.21.15.5:6801/1627438252] conn(0x7f58f80387b0 0x7f58f803ac60 secure :-1 s=READY pgs=10 cs=0 l=1 rev1=1 crypto rx=0x7f5904006fd0 tx=0x7f5904006e40 comp rx=0 tx=0).stop
2023-07-21T18:58:14.281 INFO:teuthology.orchestra.run.smithi005.stdout:/usr/bin/ceph: stderr
2023-07-21T18:58:13.825+0000 7f59149a8700 1 -- 172.21.15.5:0/3608232132 >> [v2:172.21.15.5:3300/0,v1:172.21.15.5:6789/0] conn(0x7f5910105200 msgr2=0x7f591019b100 secure :-1 s=STATE_CONNECTION_ESTABLISHED l=1).mark_down
2023-07-21T18:58:14.281 INFO:teuthology.orchestra.run.smithi005.stdout:/usr/bin/ceph: stderr
2023-07-21T18:58:13.825+0000 7f59149a8700 1 --2- 172.21.15.5:0/3608232132 >> [v2:172.21.15.5:3300/0,v1:172.21.15.5:6789/0] conn(0x7f5910105200 0x7f591019b100 secure :-1 s=READY pgs=77 cs=0 l=1 rev1=1 crypto rx=0x7f5900003e30 tx=0x7f59000119a0 comp rx=0 tx=0).stop
2023-07-21T18:58:14.281 INFO:teuthology.orchestra.run.smithi005.stdout:/usr/bin/ceph: stderr
2023-07-21T18:58:13.825+0000 7f59149a8700 1 -- 172.21.15.5:0/3608232132 shutdown_connections
2023-07-21T18:58:14.281 INFO:teuthology.orchestra.run.smithi005.stdout:/usr/bin/ceph: stderr
2023-07-21T18:58:13.825+0000 7f59149a8700 1 --2- 172.21.15.5:0/3608232132 >> [v2:172.21.15.5:6800/1627438252,v1:172.21.15.5:6801/1627438252] conn(0x7f58f80387b0 0x7f58f803ac60 unknown :-1 s=CLOSED pgs=10 cs=0 l=1 rev1=1 crypto rx=0 tx=0 comp rx=0 tx=0).stop
2023-07-21T18:58:14.281 INFO:teuthology.orchestra.run.smithi005.stdout:/usr/bin/ceph: stderr
2023-07-21T18:58:13.825+0000 7f59149a8700 1 --2- 172.21.15.5:0/3608232132 >> [v2:172.21.15.5:3300/0,v1:172.21.15.5:6789/0] conn(0x7f5910105200 0x7f591019b100 unknown :-1 s=CLOSED pgs=77 cs=0 l=1 rev1=1 crypto rx=0 tx=0 comp rx=0 tx=0).stop
2023-07-21T18:58:14.281 INFO:teuthology.orchestra.run.smithi005.stdout:/usr/bin/ceph: stderr
2023-07-21T18:58:13.826+0000 7f59149a8700 1 -- 172.21.15.5:0/3608232132 >> 172.21.15.5:0/3608232132 conn(0x7f5910100890 msgr2=0x7f5910101630 unknown :-1 s=STATE_NONE l=0).mark_down
2023-07-21T18:58:14.281 INFO:teuthology.orchestra.run.smithi005.stdout:/usr/bin/ceph: stderr
2023-07-21T18:58:13.826+0000 7f59149a8700 1 -- 172.21.15.5:0/3608232132 shutdown_connections
2023-07-21T18:58:14.282 INFO:teuthology.orchestra.run.smithi005.stdout:/usr/bin/ceph: stderr
2023-07-21T18:58:13.826+0000 7f59149a8700 1 -- 172.21.15.5:0/3608232132 wait complete.
2023-07-21T18:58:15.418 INFO:journalctl@ceph.mon.a.smithi005.stdout:Jul 21 18:58:15 smithi005 ceph-mon[126460]: mgrmap e13: x(active, since 6s)
2023-07-21T18:58:15.419 INFO:journalctl@ceph.mon.a.smithi005.stdout:Jul 21 18:58:15 smithi005 ceph-mon[126460]: from='client.? 172.21.15.5:0/878896416' entity='client.admin'
2023-07-21T18:58:15.555 INFO:teuthology.orchestra.run.smithi005.stdout:/usr/bin/ceph: stderr
2023-07-21T18:58:14.747+0000 7f32e5e04700 1 Processor -- start
2023-07-21T18:58:15.555 INFO:teuthology.orchestra.run.smithi005.stdout:/usr/bin/ceph: stderr
2023-07-21T18:58:14.747+0000 7f32e5e04700 1 -- start start
2023-07-21T18:58:15.555 INFO:teuthology.orchestra.run.smithi005.stdout:/usr/bin/ceph: stderr
2023-07-21T18:58:14.747+0000 7f32e5e04700 1 --2- >> [v2:172.21.15.5:3300/0,v1:172.21.15.5:6789/0] conn(0x7f32e007be10 0x7f32e007a310 unknown :-1 s=NONE pgs=0 cs=0 l=0 rev1=0 crypto rx=0 tx=0 comp rx=0 tx=0).connect
2023-07-21T18:58:15.555 INFO:teuthology.orchestra.run.smithi005.stdout:/usr/bin/ceph: stderr
2023-07-21T18:58:14.747+0000 7f32e5e04700 1 -- --> [v2:172.21.15.5:3300/0,v1:172.21.15.5:6789/0] -- mon_getmap magic: 0 v1 -- 0x7f32e007a850 con 0x7f32e007be10
2023-07-21T18:58:15.556 INFO:teuthology.orchestra.run.smithi005.stdout:/usr/bin/ceph: stderr
2023-07-21T18:58:14.748+0000 7f32e4e02700 1 --2- >> [v2:172.21.15.5:3300/0,v1:172.21.15.5:6789/0] conn(0x7f32e007be10 0x7f32e007a310 unknown :-1 s=BANNER_CONNECTING pgs=0 cs=0 l=0 rev1=0 crypto rx=0 tx=0 comp rx=0 tx=0)._handle_peer_banner_payload supported=3 required=0
2023-07-21T18:58:15.556 INFO:teuthology.orchestra.run.smithi005.stdout:/usr/bin/ceph: stderr
2023-07-21T18:58:14.748+0000 7f32e4e02700 1 --2- >> [v2:172.21.15.5:3300/0,v1:172.21.15.5:6789/0] conn(0x7f32e007be10 0x7f32e007a310 unknown :-1 s=HELLO_CONNECTING pgs=0 cs=0 l=0 rev1=1 crypto rx=0 tx=0 comp rx=0 tx=0).handle_hello peer v2:172.21.15.5:3300/0 says I am v2:172.21.15.5:55770/0 (socket says 172.21.15.5:55770)
2023-07-21T18:58:15.556 INFO:teuthology.orchestra.run.smithi005.stdout:/usr/bin/ceph: stderr
2023-07-21T18:58:14.748+0000 7f32e4e02700 1 -- 172.21.15.5:0/3048118990 learned_addr learned my addr 172.21.15.5:0/3048118990 (peer_addr_for_me v2:172.21.15.5:0/0)
2023-07-21T18:58:15.556 INFO:teuthology.orchestra.run.smithi005.stdout:/usr/bin/ceph: stderr
2023-07-21T18:58:14.748+0000 7f32e4e02700 1 -- 172.21.15.5:0/3048118990 --> [v2:172.21.15.5:3300/0,v1:172.21.15.5:6789/0] -- mon_subscribe({config=0+,monmap=0+}) v3 -- 0x7f32e007a990 con 0x7f32e007be10
2023-07-21T18:58:15.556 INFO:teuthology.orchestra.run.smithi005.stdout:/usr/bin/ceph: stderr
2023-07-21T18:58:14.748+0000 7f32e4e02700 1 --2- 172.21.15.5:0/3048118990 >> [v2:172.21.15.5:3300/0,v1:172.21.15.5:6789/0] conn(0x7f32e007be10 0x7f32e007a310 secure :-1 s=READY pgs=78 cs=0 l=1 rev1=1 crypto rx=0x7f32d40098a0 tx=0x7f32d4009bb0 comp rx=0 tx=0).ready entity=mon.0 client_cookie=52b3427b22d783fb server_cookie=0 in_seq=0 out_seq=0
2023-07-21T18:58:15.556 INFO:teuthology.orchestra.run.smithi005.stdout:/usr/bin/ceph: stderr
2023-07-21T18:58:14.748+0000 7f32df7fe700 1 -- 172.21.15.5:0/3048118990 <== mon.0 v2:172.21.15.5:3300/0 1 ==== mon_map magic: 0 v1 ==== 205+0+0 (secure 0 0 0) 0x7f32d4004160 con 0x7f32e007be10
2023-07-21T18:58:15.556 INFO:teuthology.orchestra.run.smithi005.stdout:/usr/bin/ceph: stderr
2023-07-21T18:58:14.749+0000 7f32df7fe700 1 -- 172.21.15.5:0/3048118990 <== mon.0 v2:172.21.15.5:3300/0 2 ==== config(25 keys) v1 ==== 1067+0+0 (secure 0 0 0) 0x7f32d40042c0 con 0x7f32e007be10
2023-07-21T18:58:15.557 INFO:teuthology.orchestra.run.smithi005.stdout:/usr/bin/ceph: stderr
2023-07-21T18:58:14.749+0000 7f32df7fe700 1 -- 172.21.15.5:0/3048118990 <== mon.0 v2:172.21.15.5:3300/0 3 ==== mon_map magic: 0 v1 ==== 205+0+0 (secure 0 0 0) 0x7f32d40118e0 con 0x7f32e007be10
2023-07-21T18:58:15.557 INFO:teuthology.orchestra.run.smithi005.stdout:/usr/bin/ceph: stderr
2023-07-21T18:58:14.749+0000 7f32e5e04700 1 -- 172.21.15.5:0/3048118990 >> [v2:172.21.15.5:3300/0,v1:172.21.15.5:6789/0] conn(0x7f32e007be10 msgr2=0x7f32e007a310 secure :-1 s=STATE_CONNECTION_ESTABLISHED l=1).mark_down
2023-07-21T18:58:15.557 INFO:teuthology.orchestra.run.smithi005.stdout:/usr/bin/ceph: stderr
2023-07-21T18:58:14.749+0000 7f32e5e04700 1 --2- 172.21.15.5:0/3048118990 >> [v2:172.21.15.5:3300/0,v1:172.21.15.5:6789/0] conn(0x7f32e007be10 0x7f32e007a310 secure :-1 s=READY pgs=78 cs=0 l=1 rev1=1 crypto rx=0x7f32d40098a0 tx=0x7f32d4009bb0 comp rx=0 tx=0).stop
2023-07-21T18:58:15.557 INFO:teuthology.orchestra.run.smithi005.stdout:/usr/bin/ceph: stderr
2023-07-21T18:58:14.749+0000 7f32e5e04700 1 -- 172.21.15.5:0/3048118990 shutdown_connections
2023-07-21T18:58:15.557 INFO:teuthology.orchestra.run.smithi005.stdout:/usr/bin/ceph: stderr
2023-07-21T18:58:14.749+0000 7f32e5e04700 1 --2- 172.21.15.5:0/3048118990 >> [v2:172.21.15.5:3300/0,v1:172.21.15.5:6789/0] conn(0x7f32e007be10 0x7f32e007a310 unknown :-1 s=CLOSED pgs=78 cs=0 l=1 rev1=1 crypto rx=0 tx=0 comp rx=0 tx=0).stop
2023-07-21T18:58:15.557 INFO:teuthology.orchestra.run.smithi005.stdout:/usr/bin/ceph: stderr
2023-07-21T18:58:14.749+0000 7f32e5e04700 1 -- 172.21.15.5:0/3048118990 >> 172.21.15.5:0/3048118990 conn(0x7f32e01006c0 msgr2=0x7f32e0102ad0 unknown :-1 s=STATE_NONE l=0).mark_down
2023-07-21T18:58:15.557 INFO:teuthology.orchestra.run.smithi005.stdout:/usr/bin/ceph: stderr
