2023-07-21T18:57:26.374+0000 7f0bf8215700 1 -- 172.21.15.5:0/2332378115 >> [v2:172.21.15.5:3300/0,v1:172.21.15.5:6789/0] conn(0x7f0bf0105210 msgr2=0x7f0bf019b100 secure :-1 s=STATE_CONNECTION_ESTABLISHED l=1).mark_down
2023-07-21T18:57:26.869 INFO:teuthology.orchestra.run.smithi005.stdout:/usr/bin/ceph: stderr
2023-07-21T18:57:26.374+0000 7f0bf8215700 1 --2- 172.21.15.5:0/2332378115 >> [v2:172.21.15.5:3300/0,v1:172.21.15.5:6789/0] conn(0x7f0bf0105210 0x7f0bf019b100 secure :-1 s=READY pgs=10 cs=0 l=1 rev1=1 crypto rx=0x7f0bec011dc0 tx=0x7f0bec011ea0 comp rx=0 tx=0).stop
2023-07-21T18:57:26.869 INFO:teuthology.orchestra.run.smithi005.stdout:/usr/bin/ceph: stderr
2023-07-21T18:57:26.374+0000 7f0bf8215700 1 -- 172.21.15.5:0/2332378115 shutdown_connections
2023-07-21T18:57:26.869 INFO:teuthology.orchestra.run.smithi005.stdout:/usr/bin/ceph: stderr
2023-07-21T18:57:26.374+0000 7f0bf8215700 1 --2- 172.21.15.5:0/2332378115 >> [v2:172.21.15.5:3300/0,v1:172.21.15.5:6789/0] conn(0x7f0bf0105210 0x7f0bf019b100 unknown :-1 s=CLOSED pgs=10 cs=0 l=1 rev1=1 crypto rx=0 tx=0 comp rx=0 tx=0).stop
2023-07-21T18:57:26.869 INFO:teuthology.orchestra.run.smithi005.stdout:/usr/bin/ceph: stderr
2023-07-21T18:57:26.374+0000 7f0bf8215700 1 -- 172.21.15.5:0/2332378115 >> 172.21.15.5:0/2332378115 conn(0x7f0bf0100900 msgr2=0x7f0bf0101f60 unknown :-1 s=STATE_NONE l=0).mark_down
2023-07-21T18:57:26.869 INFO:teuthology.orchestra.run.smithi005.stdout:/usr/bin/ceph: stderr
2023-07-21T18:57:26.374+0000 7f0bf8215700 1 -- 172.21.15.5:0/2332378115 shutdown_connections
2023-07-21T18:57:26.870 INFO:teuthology.orchestra.run.smithi005.stdout:/usr/bin/ceph: stderr
2023-07-21T18:57:26.374+0000 7f0bf8215700 1 -- 172.21.15.5:0/2332378115 wait complete.
2023-07-21T18:57:26.870 INFO:teuthology.orchestra.run.smithi005.stdout:mgr not available, waiting (3/15)...
2023-07-21T18:57:26.919 INFO:journalctl@ceph.mgr.x.smithi005.stdout:Jul 21 18:57:26 smithi005 ceph-3dc43aa4-27f8-11ee-9b34-001a4aab830c-mgr-x[126703]:
2023-07-21T18:57:26.776+0000 7f7ab1f11200 -1 mgr[py] Module nfs has missing NOTIFY_TYPES member
2023-07-21T18:57:27.229 INFO:journalctl@ceph.mgr.x.smithi005.stdout:Jul 21 18:57:26 smithi005 ceph-3dc43aa4-27f8-11ee-9b34-001a4aab830c-mgr-x[126703]:
2023-07-21T18:57:26.932+0000 7f7ab1f11200 -1 mgr[py] Module rbd_support has missing NOTIFY_TYPES member
2023-07-21T18:57:27.669 INFO:journalctl@ceph.mgr.x.smithi005.stdout:Jul 21 18:57:27 smithi005 ceph-3dc43aa4-27f8-11ee-9b34-001a4aab830c-mgr-x[126703]:
2023-07-21T18:57:27.217+0000 7f7ab1f11200 -1 mgr[py] Module volumes has missing NOTIFY_TYPES member
2023-07-21T18:57:28.669 INFO:journalctl@ceph.mgr.x.smithi005.stdout:Jul 21 18:57:28 smithi005 ceph-3dc43aa4-27f8-11ee-9b34-001a4aab830c-mgr-x[126703]:
2023-07-21T18:57:28.320+0000 7f7ab1f11200 -1 mgr[py] Module pg_autoscaler has missing NOTIFY_TYPES member
2023-07-21T18:57:28.669 INFO:journalctl@ceph.mon.a.smithi005.stdout:Jul 21 18:57:28 smithi005 ceph-mon[126460]: Activating manager daemon x
2023-07-21T18:57:28.669 INFO:journalctl@ceph.mon.a.smithi005.stdout:Jul 21 18:57:28 smithi005 ceph-mon[126460]: mgrmap e2: x(active, starting, since 0.00431602s)
2023-07-21T18:57:28.669 INFO:journalctl@ceph.mon.a.smithi005.stdout:Jul 21 18:57:28 smithi005 ceph-mon[126460]: from='mgr.14100 172.21.15.5:0/3859941443' entity='mgr.x' cmd=[{"prefix": "mds metadata"}]: dispatch
2023-07-21T18:57:28.669 INFO:journalctl@ceph.mon.a.smithi005.stdout:Jul 21 18:57:28 smithi005 ceph-mon[126460]: from='mgr.14100 172.21.15.5:0/3859941443' entity='mgr.x' cmd=[{"prefix": "osd metadata"}]: dispatch
2023-07-21T18:57:28.670 INFO:journalctl@ceph.mon.a.smithi005.stdout:Jul 21 18:57:28 smithi005 ceph-mon[126460]: from='mgr.14100 172.21.15.5:0/3859941443' entity='mgr.x' cmd=[{"prefix": "mon metadata"}]: dispatch
2023-07-21T18:57:28.670 INFO:journalctl@ceph.mon.a.smithi005.stdout:Jul 21 18:57:28 smithi005 ceph-mon[126460]: from='mgr.14100 172.21.15.5:0/3859941443' entity='mgr.x' cmd=[{"prefix": "mon metadata", "id": "a"}]: dispatch
2023-07-21T18:57:28.670 INFO:journalctl@ceph.mon.a.smithi005.stdout:Jul 21 18:57:28 smithi005 ceph-mon[126460]: from='mgr.14100 172.21.15.5:0/3859941443' entity='mgr.x' cmd=[{"prefix": "mgr metadata", "who": "x", "id": "x"}]: dispatch
2023-07-21T18:57:28.670 INFO:journalctl@ceph.mon.a.smithi005.stdout:Jul 21 18:57:28 smithi005 ceph-mon[126460]: Manager daemon x is now available
2023-07-21T18:57:28.670 INFO:journalctl@ceph.mon.a.smithi005.stdout:Jul 21 18:57:28 smithi005 ceph-mon[126460]: from='mgr.14100 172.21.15.5:0/3859941443' entity='mgr.x' cmd=[{"prefix":"config rm","who":"mgr","name":"mgr/rbd_support/x/mirror_snapshot_schedule"}]: dispatch
2023-07-21T18:57:28.670 INFO:journalctl@ceph.mon.a.smithi005.stdout:Jul 21 18:57:28 smithi005 ceph-mon[126460]: from='mgr.14100 172.21.15.5:0/3859941443' entity='mgr.x'
2023-07-21T18:57:28.670 INFO:journalctl@ceph.mon.a.smithi005.stdout:Jul 21 18:57:28 smithi005 ceph-mon[126460]: from='mgr.14100 172.21.15.5:0/3859941443' entity='mgr.x' cmd=[{"prefix":"config rm","who":"mgr","name":"mgr/rbd_support/x/trash_purge_schedule"}]: dispatch
2023-07-21T18:57:28.671 INFO:journalctl@ceph.mon.a.smithi005.stdout:Jul 21 18:57:28 smithi005 ceph-mon[126460]: from='mgr.14100 172.21.15.5:0/3859941443' entity='mgr.x'
2023-07-21T18:57:28.671 INFO:journalctl@ceph.mon.a.smithi005.stdout:Jul 21 18:57:28 smithi005 ceph-mon[126460]: from='mgr.14100 172.21.15.5:0/3859941443' entity='mgr.x'
2023-07-21T18:57:30.034 INFO:teuthology.orchestra.run.smithi005.stdout:/usr/bin/ceph: stdout
2023-07-21T18:57:30.034 INFO:teuthology.orchestra.run.smithi005.stdout:/usr/bin/ceph: stdout {
2023-07-21T18:57:30.034 INFO:teuthology.orchestra.run.smithi005.stdout:/usr/bin/ceph: stdout "fsid": "3dc43aa4-27f8-11ee-9b34-001a4aab830c",
2023-07-21T18:57:30.035 INFO:teuthology.orchestra.run.smithi005.stdout:/usr/bin/ceph: stdout "health": {
2023-07-21T18:57:30.035 INFO:teuthology.orchestra.run.smithi005.stdout:/usr/bin/ceph: stdout "status": "HEALTH_OK",
2023-07-21T18:57:30.035 INFO:teuthology.orchestra.run.smithi005.stdout:/usr/bin/ceph: stdout "checks": {},
2023-07-21T18:57:30.035 INFO:teuthology.orchestra.run.smithi005.stdout:/usr/bin/ceph: stdout "mutes": []
2023-07-21T18:57:30.035 INFO:teuthology.orchestra.run.smithi005.stdout:/usr/bin/ceph: stdout },
2023-07-21T18:57:30.035 INFO:teuthology.orchestra.run.smithi005.stdout:/usr/bin/ceph: stdout "election_epoch": 5,
2023-07-21T18:57:30.035 INFO:teuthology.orchestra.run.smithi005.stdout:/usr/bin/ceph: stdout "quorum": [
2023-07-21T18:57:30.035 INFO:teuthology.orchestra.run.smithi005.stdout:/usr/bin/ceph: stdout 0
2023-07-21T18:57:30.036 INFO:teuthology.orchestra.run.smithi005.stdout:/usr/bin/ceph: stdout ],
2023-07-21T18:57:30.036 INFO:teuthology.orchestra.run.smithi005.stdout:/usr/bin/ceph: stdout "quorum_names": [
2023-07-21T18:57:30.036 INFO:teuthology.orchestra.run.smithi005.stdout:/usr/bin/ceph: stdout "a"
2023-07-21T18:57:30.036 INFO:teuthology.orchestra.run.smithi005.stdout:/usr/bin/ceph: stdout ],
2023-07-21T18:57:30.036 INFO:teuthology.orchestra.run.smithi005.stdout:/usr/bin/ceph: stdout "quorum_age": 12,
2023-07-21T18:57:30.036 INFO:teuthology.orchestra.run.smithi005.stdout:/usr/bin/ceph: stdout "monmap": {
2023-07-21T18:57:30.036 INFO:teuthology.orchestra.run.smithi005.stdout:/usr/bin/ceph: stdout "epoch": 1,
2023-07-21T18:57:30.037 INFO:teuthology.orchestra.run.smithi005.stdout:/usr/bin/ceph: stdout "min_mon_release_name": "reef",
2023-07-21T18:57:30.037 INFO:teuthology.orchestra.run.smithi005.stdout:/usr/bin/ceph: stdout "num_mons": 1
2023-07-21T18:57:30.037 INFO:teuthology.orchestra.run.smithi005.stdout:/usr/bin/ceph: stdout },
2023-07-21T18:57:30.037 INFO:teuthology.orchestra.run.smithi005.stdout:/usr/bin/ceph: stdout "osdmap": {
2023-07-21T18:57:30.037 INFO:teuthology.orchestra.run.smithi005.stdout:/usr/bin/ceph: stdout "epoch": 1,
2023-07-21T18:57:30.037 INFO:teuthology.orchestra.run.smithi005.stdout:/usr/bin/ceph: stdout "num_osds": 0,
2023-07-21T18:57:30.037 INFO:teuthology.orchestra.run.smithi005.stdout:/usr/bin/ceph: stdout "num_up_osds": 0,
2023-07-21T18:57:30.038 INFO:teuthology.orchestra.run.smithi005.stdout:/usr/bin/ceph: stdout "osd_up_since": 0,
2023-07-21T18:57:30.038 INFO:teuthology.orchestra.run.smithi005.stdout:/usr/bin/ceph: stdout "num_in_osds": 0,
2023-07-21T18:57:30.038 INFO:teuthology.orchestra.run.smithi005.stdout:/usr/bin/ceph: stdout "osd_in_since": 0,
2023-07-21T18:57:30.044 INFO:teuthology.orchestra.run.smithi005.stdout:/usr/bin/ceph: stdout "num_remapped_pgs": 0
2023-07-21T18:57:30.044 INFO:teuthology.orchestra.run.smithi005.stdout:/usr/bin/ceph: stdout },
2023-07-21T18:57:30.044 INFO:teuthology.orchestra.run.smithi005.stdout:/usr/bin/ceph: stdout "pgmap": {
2023-07-21T18:57:30.044 INFO:teuthology.orchestra.run.smithi005.stdout:/usr/bin/ceph: stdout "pgs_by_state": [],
2023-07-21T18:57:30.044 INFO:teuthology.orchestra.run.smithi005.stdout:/usr/bin/ceph: stdout "num_pgs": 0,
2023-07-21T18:57:30.044 INFO:teuthology.orchestra.run.smithi005.stdout:/usr/bin/ceph: stdout "num_pools": 0,
2023-07-21T18:57:30.045 INFO:teuthology.orchestra.run.smithi005.stdout:/usr/bin/ceph: stdout "num_objects": 0,
2023-07-21T18:57:30.045 INFO:teuthology.orchestra.run.smithi005.stdout:/usr/bin/ceph: stdout "data_bytes": 0,
2023-07-21T18:57:30.045 INFO:teuthology.orchestra.run.smithi005.stdout:/usr/bin/ceph: stdout "bytes_used": 0,
2023-07-21T18:57:30.045 INFO:teuthology.orchestra.run.smithi005.stdout:/usr/bin/ceph: stdout "bytes_avail": 0,
2023-07-21T18:57:30.045 INFO:teuthology.orchestra.run.smithi005.stdout:/usr/bin/ceph: stdout "bytes_total": 0
2023-07-21T18:57:30.045 INFO:teuthology.orchestra.run.smithi005.stdout:/usr/bin/ceph: stdout },
2023-07-21T18:57:30.045 INFO:teuthology.orchestra.run.smithi005.stdout:/usr/bin/ceph: stdout "fsmap": {
2023-07-21T18:57:30.046 INFO:teuthology.orchestra.run.smithi005.stdout:/usr/bin/ceph: stdout "epoch": 1,
2023-07-21T18:57:30.046 INFO:teuthology.orchestra.run.smithi005.stdout:/usr/bin/ceph: stdout "by_rank": [],
2023-07-21T18:57:30.046 INFO:teuthology.orchestra.run.smithi005.stdout:/usr/bin/ceph: stdout "up:standby": 0
2023-07-21T18:57:30.046 INFO:teuthology.orchestra.run.smithi005.stdout:/usr/bin/ceph: stdout },
2023-07-21T18:57:30.046 INFO:teuthology.orchestra.run.smithi005.stdout:/usr/bin/ceph: stdout "mgrmap": {
2023-07-21T18:57:30.046 INFO:teuthology.orchestra.run.smithi005.stdout:/usr/bin/ceph: stdout "available": true,
2023-07-21T18:57:30.047 INFO:teuthology.orchestra.run.smithi005.stdout:/usr/bin/ceph: stdout "num_standbys": 0,
2023-07-21T18:57:30.047 INFO:teuthology.orchestra.run.smithi005.stdout:/usr/bin/ceph: stdout "modules": [
2023-07-21T18:57:30.047 INFO:teuthology.orchestra.run.smithi005.stdout:/usr/bin/ceph: stdout "iostat",
2023-07-21T18:57:30.047 INFO:teuthology.orchestra.run.smithi005.stdout:/usr/bin/ceph: stdout "nfs",
2023-07-21T18:57:30.047 INFO:teuthology.orchestra.run.smithi005.stdout:/usr/bin/ceph: stdout "restful"
2023-07-21T18:57:30.047 INFO:teuthology.orchestra.run.smithi005.stdout:/usr/bin/ceph: stdout ],
2023-07-21T18:57:30.047 INFO:teuthology.orchestra.run.smithi005.stdout:/usr/bin/ceph: stdout "services": {}
2023-07-21T18:57:30.048 INFO:teuthology.orchestra.run.smithi005.stdout:/usr/bin/ceph: stdout },
2023-07-21T18:57:30.048 INFO:teuthology.orchestra.run.smithi005.stdout:/usr/bin/ceph: stdout "servicemap": {
2023-07-21T18:57:30.048 INFO:teuthology.orchestra.run.smithi005.stdout:/usr/bin/ceph: stdout "epoch": 1,
2023-07-21T18:57:30.048 INFO:teuthology.orchestra.run.smithi005.stdout:/usr/bin/ceph: stdout "modified": "2023-07-21T18:57:04.740231+0000",
2023-07-21T18:57:30.048 INFO:teuthology.orchestra.run.smithi005.stdout:/usr/bin/ceph: stdout "services": {}
2023-07-21T18:57:30.048 INFO:teuthology.orchestra.run.smithi005.stdout:/usr/bin/ceph: stdout },
2023-07-21T18:57:30.048 INFO:teuthology.orchestra.run.smithi005.stdout:/usr/bin/ceph: stdout "progress_events": {}
2023-07-21T18:57:30.048 INFO:teuthology.orchestra.run.smithi005.stdout:/usr/bin/ceph: stdout }
2023-07-21T18:57:30.049 INFO:teuthology.orchestra.run.smithi005.stdout:/usr/bin/ceph: stderr
2023-07-21T18:57:29.325+0000 7f0f1d748700 1 Processor -- start
2023-07-21T18:57:30.049 INFO:teuthology.orchestra.run.smithi005.stdout:/usr/bin/ceph: stderr
2023-07-21T18:57:29.325+0000 7f0f1d748700 1 -- start start
2023-07-21T18:57:30.049 INFO:teuthology.orchestra.run.smithi005.stdout:/usr/bin/ceph: stderr
2023-07-21T18:57:29.325+0000 7f0f1d748700 1 --2- >> [v2:172.21.15.5:3300/0,v1:172.21.15.5:6789/0] conn(0x7f0f18105210 0x7f0f18105620 unknown :-1 s=NONE pgs=0 cs=0 l=0 rev1=0 crypto rx=0 tx=0 comp rx=0 tx=0).connect
2023-07-21T18:57:30.049 INFO:teuthology.orchestra.run.smithi005.stdout:/usr/bin/ceph: stderr
2023-07-21T18:57:29.325+0000 7f0f1d748700 1 -- --> [v2:172.21.15.5:3300/0,v1:172.21.15.5:6789/0] -- mon_getmap magic: 0 v1 -- 0x7f0f18105b60 con 0x7f0f18105210
2023-07-21T18:57:30.050 INFO:teuthology.orchestra.run.smithi005.stdout:/usr/bin/ceph: stderr
2023-07-21T18:57:29.326+0000 7f0f16ffd700 1 --2- >> [v2:172.21.15.5:3300/0,v1:172.21.15.5:6789/0] conn(0x7f0f18105210 0x7f0f18105620 unknown :-1 s=BANNER_CONNECTING pgs=0 cs=0 l=0 rev1=0 crypto rx=0 tx=0 comp rx=0 tx=0)._handle_peer_banner_payload supported=3 required=0
2023-07-21T18:57:30.050 INFO:teuthology.orchestra.run.smithi005.stdout:/usr/bin/ceph: stderr
2023-07-21T18:57:29.326+0000 7f0f16ffd700 1 --2- >> [v2:172.21.15.5:3300/0,v1:172.21.15.5:6789/0] conn(0x7f0f18105210 0x7f0f18105620 unknown :-1 s=HELLO_CONNECTING pgs=0 cs=0 l=0 rev1=1 crypto rx=0 tx=0 comp rx=0 tx=0).handle_hello peer v2:172.21.15.5:3300/0 says I am v2:172.21.15.5:35164/0 (socket says 172.21.15.5:35164)
2023-07-21T18:57:30.050 INFO:teuthology.orchestra.run.smithi005.stdout:/usr/bin/ceph: stderr
2023-07-21T18:57:29.326+0000 7f0f16ffd700 1 -- 172.21.15.5:0/515433872 learned_addr learned my addr 172.21.15.5:0/515433872 (peer_addr_for_me v2:172.21.15.5:0/0)
2023-07-21T18:57:30.050 INFO:teuthology.orchestra.run.smithi005.stdout:/usr/bin/ceph: stderr
2023-07-21T18:57:29.326+0000 7f0f16ffd700 1 -- 172.21.15.5:0/515433872 --> [v2:172.21.15.5:3300/0,v1:172.21.15.5:6789/0] -- mon_subscribe({config=0+,monmap=0+}) v3 -- 0x7f0f18105ca0 con 0x7f0f18105210
2023-07-21T18:57:30.050 INFO:teuthology.orchestra.run.smithi005.stdout:/usr/bin/ceph: stderr
2023-07-21T18:57:29.327+0000 7f0f16ffd700 1 --2- 172.21.15.5:0/515433872 >> [v2:172.21.15.5:3300/0,v1:172.21.15.5:6789/0] conn(0x7f0f18105210 0x7f0f18105620 secure :-1 s=READY pgs=18 cs=0 l=1 rev1=1 crypto rx=0x7f0f080098a0 tx=0x7f0f08009bb0 comp rx=0 tx=0).ready entity=mon.0 client_cookie=9150454d14accfdb server_cookie=0 in_seq=0 out_seq=0
2023-07-21T18:57:30.050 INFO:teuthology.orchestra.run.smithi005.stdout:/usr/bin/ceph: stderr
2023-07-21T18:57:29.331+0000 7f0f15ffb700 1 -- 172.21.15.5:0/515433872 <== mon.0 v2:172.21.15.5:3300/0 1 ==== mon_map magic: 0 v1 ==== 205+0+0 (secure 0 0 0) 0x7f0f08004160 con 0x7f0f18105210
2023-07-21T18:57:30.050 INFO:teuthology.orchestra.run.smithi005.stdout:/usr/bin/ceph: stderr
2023-07-21T18:57:29.331+0000 7f0f15ffb700 1 -- 172.21.15.5:0/515433872 <== mon.0 v2:172.21.15.5:3300/0 2 ==== config(25 keys) v1 ==== 1036+0+0 (secure 0 0 0) 0x7f0f080042c0 con 0x7f0f18105210
2023-07-21T18:57:30.051 INFO:teuthology.orchestra.run.smithi005.stdout:/usr/bin/ceph: stderr
2023-07-21T18:57:29.331+0000 7f0f15ffb700 1 -- 172.21.15.5:0/515433872 <== mon.0 v2:172.21.15.5:3300/0 3 ==== mon_map magic: 0 v1 ==== 205+0+0 (secure 0 0 0) 0x7f0f08011940 con 0x7f0f18105210
2023-07-21T18:57:30.051 INFO:teuthology.orchestra.run.smithi005.stdout:/usr/bin/ceph: stderr
2023-07-21T18:57:29.332+0000 7f0f1d748700 1 -- 172.21.15.5:0/515433872 >> [v2:172.21.15.5:3300/0,v1:172.21.15.5:6789/0] conn(0x7f0f18105210 msgr2=0x7f0f18105620 secure :-1 s=STATE_CONNECTION_ESTABLISHED l=1).mark_down
2023-07-21T18:57:30.051 INFO:teuthology.orchestra.run.smithi005.stdout:/usr/bin/ceph: stderr
2023-07-21T18:57:29.332+0000 7f0f1d748700 1 --2- 172.21.15.5:0/515433872 >> [v2:172.21.15.5:3300/0,v1:172.21.15.5:6789/0] conn(0x7f0f18105210 0x7f0f18105620 secure :-1 s=READY pgs=18 cs=0 l=1 rev1=1 crypto rx=0x7f0f080098a0 tx=0x7f0f08009bb0 comp rx=0 tx=0).stop
2023-07-21T18:57:30.051 INFO:teuthology.orchestra.run.smithi005.stdout:/usr/bin/ceph: stderr
2023-07-21T18:57:29.332+0000 7f0f1d748700 1 -- 172.21.15.5:0/515433872 shutdown_connections
2023-07-21T18:57:30.051 INFO:teuthology.orchestra.run.smithi005.stdout:/usr/bin/ceph: stderr
2023-07-21T18:57:29.332+0000 7f0f1d748700 1 --2- 172.21.15.5:0/515433872 >> [v2:172.21.15.5:3300/0,v1:172.21.15.5:6789/0] conn(0x7f0f18105210 0x7f0f18105620 unknown :-1 s=CLOSED pgs=18 cs=0 l=1 rev1=1 crypto rx=0 tx=0 comp rx=0 tx=0).stop
2023-07-21T18:57:30.052 INFO:teuthology.orchestra.run.smithi005.stdout:/usr/bin/ceph: stderr
2023-07-21T18:57:29.332+0000 7f0f1d748700 1 -- 172.21.15.5:0/515433872 >> 172.21.15.5:0/515433872 conn(0x7f0f18100900 msgr2=0x7f0f18102d10 unknown :-1 s=STATE_NONE l=0).mark_down
2023-07-21T18:57:30.052 INFO:teuthology.orchestra.run.smithi005.stdout:/usr/bin/ceph: stderr
2023-07-21T18:57:29.332+0000 7f0f1d748700 1 -- 172.21.15.5:0/515433872 shutdown_connections
2023-07-21T18:57:30.052 INFO:teuthology.orchestra.run.smithi005.stdout:/usr/bin/ceph: stderr
2023-07-21T18:57:29.332+0000 7f0f1d748700 1 -- 172.21.15.5:0/515433872 wait complete.
2023-07-21T18:57:30.052 INFO:teuthology.orchestra.run.smithi005.stdout:/usr/bin/ceph: stderr
2023-07-21T18:57:29.333+0000 7f0f1d748700 1 Processor -- start
2023-07-21T18:57:30.052 INFO:teuthology.orchestra.run.smithi005.stdout:/usr/bin/ceph: stderr
2023-07-21T18:57:29.333+0000 7f0f1d748700 1 -- start start
2023-07-21T18:57:30.052 INFO:teuthology.orchestra.run.smithi005.stdout:/usr/bin/ceph: stderr
2023-07-21T18:57:29.334+0000 7f0f1d748700 1 --2- >> [v2:172.21.15.5:3300/0,v1:172.21.15.5:6789/0] conn(0x7f0f18105210 0x7f0f18198f00 unknown :-1 s=NONE pgs=0 cs=0 l=1 rev1=0 crypto rx=0 tx=0 comp rx=0 tx=0).connect
2023-07-21T18:57:30.052 INFO:teuthology.orchestra.run.smithi005.stdout:/usr/bin/ceph: stderr
2023-07-21T18:57:29.334+0000 7f0f1d748700 1 -- --> [v2:172.21.15.5:3300/0,v1:172.21.15.5:6789/0] -- mon_getmap magic: 0 v1 -- 0x7f0f18199440 con 0x7f0f18105210
2023-07-21T18:57:30.053 INFO:teuthology.orchestra.run.smithi005.stdout:/usr/bin/ceph: stderr
2023-07-21T18:57:29.334+0000 7f0f16ffd700 1 --2- >> [v2:172.21.15.5:3300/0,v1:172.21.15.5:6789/0] conn(0x7f0f18105210 0x7f0f18198f00 unknown :-1 s=BANNER_CONNECTING pgs=0 cs=0 l=1 rev1=0 crypto rx=0 tx=0 comp rx=0 tx=0)._handle_peer_banner_payload supported=3 required=0
2023-07-21T18:57:30.053 INFO:teuthology.orchestra.run.smithi005.stdout:/usr/bin/ceph: stderr
2023-07-21T18:57:29.334+0000 7f0f16ffd700 1 --2- >> [v2:172.21.15.5:3300/0,v1:172.21.15.5:6789/0] conn(0x7f0f18105210 0x7f0f18198f00 unknown :-1 s=HELLO_CONNECTING pgs=0 cs=0 l=1 rev1=1 crypto rx=0 tx=0 comp rx=0 tx=0).handle_hello peer v2:172.21.15.5:3300/0 says I am v2:172.21.15.5:35168/0 (socket says 172.21.15.5:35168)
2023-07-21T18:57:30.053 INFO:teuthology.orchestra.run.smithi005.stdout:/usr/bin/ceph: stderr
2023-07-21T18:57:29.334+0000 7f0f16ffd700 1 -- 172.21.15.5:0/310884563 learned_addr learned my addr 172.21.15.5:0/310884563 (peer_addr_for_me v2:172.21.15.5:0/0)
2023-07-21T18:57:30.053 INFO:teuthology.orchestra.run.smithi005.stdout:/usr/bin/ceph: stderr
2023-07-21T18:57:29.334+0000 7f0f16ffd700 1 -- 172.21.15.5:0/310884563 --> [v2:172.21.15.5:3300/0,v1:172.21.15.5:6789/0] -- mon_subscribe({config=0+,monmap=0+}) v3 -- 0x7f0f08009550 con 0x7f0f18105210
2023-07-21T18:57:30.053 INFO:teuthology.orchestra.run.smithi005.stdout:/usr/bin/ceph: stderr
2023-07-21T18:57:29.334+0000 7f0f16ffd700 1 --2- 172.21.15.5:0/310884563 >> [v2:172.21.15.5:3300/0,v1:172.21.15.5:6789/0] conn(0x7f0f18105210 0x7f0f18198f00 secure :-1 s=READY pgs=19 cs=0 l=1 rev1=1 crypto rx=0x7f0f08011dc0 tx=0x7f0f08011ea0 comp rx=0 tx=0).ready entity=mon.0 client_cookie=0 server_cookie=0 in_seq=0 out_seq=0
2023-07-21T18:57:30.053 INFO:teuthology.orchestra.run.smithi005.stdout:/usr/bin/ceph: stderr
2023-07-21T18:57:29.335+0000 7f0efffff700 1 -- 172.21.15.5:0/310884563 <== mon.0 v2:172.21.15.5:3300/0 1 ==== mon_map magic: 0 v1 ==== 205+0+0 (secure 0 0 0) 0x7f0f080037d0 con 0x7f0f18105210
2023-07-21T18:57:30.053 INFO:teuthology.orchestra.run.smithi005.stdout:/usr/bin/ceph: stderr
2023-07-21T18:57:29.335+0000 7f0efffff700 1 -- 172.21.15.5:0/310884563 <== mon.0 v2:172.21.15.5:3300/0 2 ==== config(25 keys) v1 ==== 1036+0+0 (secure 0 0 0) 0x7f0f0801b440 con 0x7f0f18105210
2023-07-21T18:57:30.053 INFO:teuthology.orchestra.run.smithi005.stdout:/usr/bin/ceph: stderr
2023-07-21T18:57:29.335+0000 7f0efffff700 1 -- 172.21.15.5:0/310884563 <== mon.0 v2:172.21.15.5:3300/0 3 ==== mon_map magic: 0 v1 ==== 205+0+0 (secure 0 0 0) 0x7f0f0801a560 con 0x7f0f18105210
2023-07-21T18:57:30.054 INFO:teuthology.orchestra.run.smithi005.stdout:/usr/bin/ceph: stderr
2023-07-21T18:57:29.335+0000 7f0f1d748700 1 -- 172.21.15.5:0/310884563 --> [v2:172.21.15.5:3300/0,v1:172.21.15.5:6789/0] -- mon_subscribe({mgrmap=0+}) v3 -- 0x7f0f18199640 con 0x7f0f18105210
2023-07-21T18:57:30.054 INFO:teuthology.orchestra.run.smithi005.stdout:/usr/bin/ceph: stderr
2023-07-21T18:57:29.335+0000 7f0f1d748700 1 -- 172.21.15.5:0/310884563 --> [v2:172.21.15.5:3300/0,v1:172.21.15.5:6789/0] -- mon_subscribe({osdmap=0}) v3 -- 0x7f0f18199a60 con 0x7f0f18105210
2023-07-21T18:57:30.054 INFO:teuthology.orchestra.run.smithi005.stdout:/usr/bin/ceph: stderr
2023-07-21T18:57:29.336+0000 7f0efffff700 1 -- 172.21.15.5:0/310884563 <== mon.0 v2:172.21.15.5:3300/0 4 ==== mgrmap(e 3) v1 ==== 45366+0+0 (secure 0 0 0) 0x7f0f0801b5b0 con 0x7f0f18105210
2023-07-21T18:57:30.054 INFO:teuthology.orchestra.run.smithi005.stdout:/usr/bin/ceph: stderr
2023-07-21T18:57:29.336+0000 7f0f1d748700 1 -- 172.21.15.5:0/310884563 --> [v2:172.21.15.5:3300/0,v1:172.21.15.5:6789/0] -- mon_command({"prefix": "get_command_descriptions"} v 0) v1 -- 0x7f0f18061b40 con 0x7f0f18105210
2023-07-21T18:57:30.054 INFO:teuthology.orchestra.run.smithi005.stdout:/usr/bin/ceph: stderr
2023-07-21T18:57:29.336+0000 7f0efffff700 1 --2- 172.21.15.5:0/310884563 >> [v2:172.21.15.5:6800/474183959,v1:172.21.15.5:6801/474183959] conn(0x7f0f000385e0 0x7f0f0003aa90 unknown :-1 s=NONE pgs=0 cs=0 l=1 rev1=0 crypto rx=0 tx=0 comp rx=0 tx=0).connect
2023-07-21T18:57:30.054 INFO:teuthology.orchestra.run.smithi005.stdout:/usr/bin/ceph: stderr
2023-07-21T18:57:29.336+0000 7f0efffff700 1 -- 172.21.15.5:0/310884563 <== mon.0 v2:172.21.15.5:3300/0 5 ==== osd_map(1..1 src has 1..1) v4 ==== 725+0+0 (secure 0 0 0) 0x7f0f0804c2f0 con 0x7f0f18105210
2023-07-21T18:57:30.054 INFO:teuthology.orchestra.run.smithi005.stdout:/usr/bin/ceph: stderr
2023-07-21T18:57:29.337+0000 7f0f167fc700 1 --2- 172.21.15.5:0/310884563 >> [v2:172.21.15.5:6800/474183959,v1:172.21.15.5:6801/474183959] conn(0x7f0f000385e0 0x7f0f0003aa90 unknown :-1 s=BANNER_CONNECTING pgs=0 cs=0 l=1 rev1=0 crypto rx=0 tx=0 comp rx=0 tx=0)._handle_peer_banner_payload supported=3 required=0
2023-07-21T18:57:30.055 INFO:teuthology.orchestra.run.smithi005.stdout:/usr/bin/ceph: stderr
2023-07-21T18:57:29.337+0000 7f0f167fc700 1 --2- 172.21.15.5:0/310884563 >> [v2:172.21.15.5:6800/474183959,v1:172.21.15.5:6801/474183959] conn(0x7f0f000385e0 0x7f0f0003aa90 secure :-1 s=READY pgs=6 cs=0 l=1 rev1=1 crypto rx=0x7f0f0c006fd0 tx=0x7f0f0c006e40 comp rx=0 tx=0).ready entity=mgr.14100 client_cookie=0 server_cookie=0 in_seq=0 out_seq=0
2023-07-21T18:57:30.055 INFO:teuthology.orchestra.run.smithi005.stdout:/usr/bin/ceph: stderr
2023-07-21T18:57:29.343+0000 7f0efffff700 1 -- 172.21.15.5:0/310884563 <== mon.0 v2:172.21.15.5:3300/0 6 ==== mon_command_ack([{"prefix": "get_command_descriptions"}]=0 v0) v1 ==== 72+0+178038 (secure 0 0 0) 0x7f0f08023590 con 0x7f0f18105210
2023-07-21T18:57:30.055 INFO:teuthology.orchestra.run.smithi005.stdout:/usr/bin/ceph: stderr
2023-07-21T18:57:29.629+0000 7f0f1d748700 1 -- 172.21.15.5:0/310884563 --> [v2:172.21.15.5:3300/0,v1:172.21.15.5:6789/0] -- mon_command({"prefix": "status", "format": "json-pretty"} v 0) v1 -- 0x7f0f181070c0 con 0x7f0f18105210
2023-07-21T18:57:30.055 INFO:teuthology.orchestra.run.smithi005.stdout:/usr/bin/ceph: stderr
2023-07-21T18:57:29.629+0000 7f0efffff700 1 -- 172.21.15.5:0/310884563 <== mon.0 v2:172.21.15.5:3300/0 7 ==== mon_command_ack([{"prefix": "status", "format": "json-pretty"}]=0 v0) v1 ==== 79+0+1238 (secure 0 0 0) 0x7f0f0801f070 con 0x7f0f18105210
2023-07-21T18:57:30.055 INFO:teuthology.orchestra.run.smithi005.stdout:/usr/bin/ceph: stderr
2023-07-21T18:57:29.632+0000 7f0f1d748700 1 -- 172.21.15.5:0/310884563 >> [v2:172.21.15.5:6800/474183959,v1:172.21.15.5:6801/474183959] conn(0x7f0f000385e0 msgr2=0x7f0f0003aa90 secure :-1 s=STATE_CONNECTION_ESTABLISHED l=1).mark_down
2023-07-21T18:57:30.055 INFO:teuthology.orchestra.run.smithi005.stdout:/usr/bin/ceph: stderr
2023-07-21T18:57:29.632+0000 7f0f1d748700 1 --2- 172.21.15.5:0/310884563 >> [v2:172.21.15.5:6800/474183959,v1:172.21.15.5:6801/474183959] conn(0x7f0f000385e0 0x7f0f0003aa90 secure :-1 s=READY pgs=6 cs=0 l=1 rev1=1 crypto rx=0x7f0f0c006fd0 tx=0x7f0f0c006e40 comp rx=0 tx=0).stop
2023-07-21T18:57:30.055 INFO:teuthology.orchestra.run.smithi005.stdout:/usr/bin/ceph: stderr
2023-07-21T18:57:29.632+0000 7f0f1d748700 1 -- 172.21.15.5:0/310884563 >> [v2:172.21.15.5:3300/0,v1:172.21.15.5:6789/0] conn(0x7f0f18105210 msgr2=0x7f0f18198f00 secure :-1 s=STATE_CONNECTION_ESTABLISHED l=1).mark_down
2023-07-21T18:57:30.056 INFO:teuthology.orchestra.run.smithi005.stdout:/usr/bin/ceph: stderr
2023-07-21T18:57:29.632+0000 7f0f1d748700 1 --2- 172.21.15.5:0/310884563 >> [v2:172.21.15.5:3300/0,v1:172.21.15.5:6789/0] conn(0x7f0f18105210 0x7f0f18198f00 secure :-1 s=READY pgs=19 cs=0 l=1 rev1=1 crypto rx=0x7f0f08011dc0 tx=0x7f0f08011ea0 comp rx=0 tx=0).stop
2023-07-21T18:57:30.056 INFO:teuthology.orchestra.run.smithi005.stdout:/usr/bin/ceph: stderr
2023-07-21T18:57:29.632+0000 7f0f1d748700 1 -- 172.21.15.5:0/310884563 shutdown_connections
2023-07-21T18:57:30.056 INFO:teuthology.orchestra.run.smithi005.stdout:/usr/bin/ceph: stderr
2023-07-21T18:57:29.632+0000 7f0f1d748700 1 --2- 172.21.15.5:0/310884563 >> [v2:172.21.15.5:6800/474183959,v1:172.21.15.5:6801/474183959] conn(0x7f0f000385e0 0x7f0f0003aa90 unknown :-1 s=CLOSED pgs=6 cs=0 l=1 rev1=1 crypto rx=0 tx=0 comp rx=0 tx=0).stop
2023-07-21T18:57:30.056 INFO:teuthology.orchestra.run.smithi005.stdout:/usr/bin/ceph: stderr
2023-07-21T18:57:29.632+0000 7f0f1d748700 1 --2- 172.21.15.5:0/310884563 >> [v2:172.21.15.5:3300/0,v1:172.21.15.5:6789/0] conn(0x7f0f18105210 0x7f0f18198f00 unknown :-1 s=CLOSED pgs=19 cs=0 l=1 rev1=1 crypto rx=0 tx=0 comp rx=0 tx=0).stop
2023-07-21T18:57:30.056 INFO:teuthology.orchestra.run.smithi005.stdout:/usr/bin/ceph: stderr
2023-07-21T18:57:29.632+0000 7f0f1d748700 1 -- 172.21.15.5:0/310884563 >> 172.21.15.5:0/310884563 conn(0x7f0f18100900 msgr2=0x7f0f18101fa0 unknown :-1 s=STATE_NONE l=0).mark_down
2023-07-21T18:57:30.056 INFO:teuthology.orchestra.run.smithi005.stdout:/usr/bin/ceph: stderr
2023-07-21T18:57:29.632+0000 7f0f1d748700 1 -- 172.21.15.5:0/310884563 shutdown_connections
2023-07-21T18:57:30.056 INFO:teuthology.orchestra.run.smithi005.stdout:/usr/bin/ceph: stderr
2023-07-21T18:57:29.632+0000 7f0f1d748700 1 -- 172.21.15.5:0/310884563 wait complete.
2023-07-21T18:57:30.056 INFO:teuthology.orchestra.run.smithi005.stdout:mgr is available
2023-07-21T18:57:30.669 INFO:journalctl@ceph.mon.a.smithi005.stdout:Jul 21 18:57:30 smithi005 ceph-mon[126460]: mgrmap e3: x(active, since 1.00862s)
2023-07-21T18:57:30.669 INFO:journalctl@ceph.mon.a.smithi005.stdout:Jul 21 18:57:30 smithi005 ceph-mon[126460]: from='client.? 172.21.15.5:0/310884563' entity='client.admin' cmd=[{"prefix": "status", "format": "json-pretty"}]: dispatch
2023-07-21T18:57:31.219 INFO:teuthology.orchestra.run.smithi005.stdout:/usr/bin/ceph: stdout
2023-07-21T18:57:31.220 INFO:teuthology.orchestra.run.smithi005.stdout:/usr/bin/ceph: stdout [global]
2023-07-21T18:57:31.220 INFO:teuthology.orchestra.run.smithi005.stdout:/usr/bin/ceph: stdout fsid = 3dc43aa4-27f8-11ee-9b34-001a4aab830c
2023-07-21T18:57:31.220 INFO:teuthology.orchestra.run.smithi005.stdout:/usr/bin/ceph: stdout mon_osd_allow_pg_remap = true
2023-07-21T18:57:31.220 INFO:teuthology.orchestra.run.smithi005.stdout:/usr/bin/ceph: stdout mon_osd_allow_primary_affinity = true
2023-07-21T18:57:31.220 INFO:teuthology.orchestra.run.smithi005.stdout:/usr/bin/ceph: stdout mon_warn_on_no_sortbitwise = false
2023-07-21T18:57:31.221 INFO:teuthology.orchestra.run.smithi005.stdout:/usr/bin/ceph: stdout osd_crush_chooseleaf_type = 0
2023-07-21T18:57:31.221 INFO:teuthology.orchestra.run.smithi005.stdout:/usr/bin/ceph: stdout
2023-07-21T18:57:31.221 INFO:teuthology.orchestra.run.smithi005.stdout:/usr/bin/ceph: stdout [mgr]
2023-07-21T18:57:31.221 INFO:teuthology.orchestra.run.smithi005.stdout:/usr/bin/ceph: stdout mgr/telemetry/nag = false
2023-07-21T18:57:31.221 INFO:teuthology.orchestra.run.smithi005.stdout:/usr/bin/ceph: stdout
2023-07-21T18:57:31.221 INFO:teuthology.orchestra.run.smithi005.stdout:/usr/bin/ceph: stdout [osd]
2023-07-21T18:57:31.221 INFO:teuthology.orchestra.run.smithi005.stdout:/usr/bin/ceph: stdout mon_osd_backfillfull_ratio = 0.85
2023-07-21T18:57:31.222 INFO:teuthology.orchestra.run.smithi005.stdout:/usr/bin/ceph: stdout mon_osd_full_ratio = 0.9
2023-07-21T18:57:31.222 INFO:teuthology.orchestra.run.smithi005.stdout:/usr/bin/ceph: stdout mon_osd_nearfull_ratio = 0.8
2023-07-21T18:57:31.222 INFO:teuthology.orchestra.run.smithi005.stdout:/usr/bin/ceph: stdout osd_map_max_advance = 10
2023-07-21T18:57:31.222 INFO:teuthology.orchestra.run.smithi005.stdout:/usr/bin/ceph: stdout osd_sloppy_crc = true
2023-07-21T18:57:31.222 INFO:teuthology.orchestra.run.smithi005.stdout:/usr/bin/ceph: stderr
2023-07-21T18:57:30.526+0000 7fd1f63f3700 1 Processor -- start
2023-07-21T18:57:31.222 INFO:teuthology.orchestra.run.smithi005.stdout:/usr/bin/ceph: stderr
2023-07-21T18:57:30.527+0000 7fd1f63f3700 1 -- start start
2023-07-21T18:57:31.222 INFO:teuthology.orchestra.run.smithi005.stdout:/usr/bin/ceph: stderr
2023-07-21T18:57:30.527+0000 7fd1f63f3700 1 --2- >> [v2:172.21.15.5:3300/0,v1:172.21.15.5:6789/0] conn(0x7fd1f007be30 0x7fd1f007a330 unknown :-1 s=NONE pgs=0 cs=0 l=0 rev1=0 crypto rx=0 tx=0 comp rx=0 tx=0).connect
2023-07-21T18:57:31.223 INFO:teuthology.orchestra.run.smithi005.stdout:/usr/bin/ceph: stderr
2023-07-21T18:57:30.527+0000 7fd1f63f3700 1 -- --> [v2:172.21.15.5:3300/0,v1:172.21.15.5:6789/0] -- mon_getmap magic: 0 v1 -- 0x7fd1f007a870 con 0x7fd1f007be30
2023-07-21T18:57:31.223 INFO:teuthology.orchestra.run.smithi005.stdout:/usr/bin/ceph: stderr
2023-07-21T18:57:30.527+0000 7fd1effff700 1 --2- >> [v2:172.21.15.5:3300/0,v1:172.21.15.5:6789/0] conn(0x7fd1f007be30 0x7fd1f007a330 unknown :-1 s=BANNER_CONNECTING pgs=0 cs=0 l=0 rev1=0 crypto rx=0 tx=0 comp rx=0 tx=0)._handle_peer_banner_payload supported=3 required=0
2023-07-21T18:57:31.223 INFO:teuthology.orchestra.run.smithi005.stdout:/usr/bin/ceph: stderr
2023-07-21T18:57:30.527+0000 7fd1effff700 1 --2- >> [v2:172.21.15.5:3300/0,v1:172.21.15.5:6789/0] conn(0x7fd1f007be30 0x7fd1f007a330 unknown :-1 s=HELLO_CONNECTING pgs=0 cs=0 l=0 rev1=1 crypto rx=0 tx=0 comp rx=0 tx=0).handle_hello peer v2:172.21.15.5:3300/0 says I am v2:172.21.15.5:35170/0 (socket says 172.21.15.5:35170)
2023-07-21T18:57:31.223 INFO:teuthology.orchestra.run.smithi005.stdout:/usr/bin/ceph: stderr
2023-07-21T18:57:30.527+0000 7fd1effff700 1 -- 172.21.15.5:0/584324254 learned_addr learned my addr 172.21.15.5:0/584324254 (peer_addr_for_me v2:172.21.15.5:0/0)
2023-07-21T18:57:31.223 INFO:teuthology.orchestra.run.smithi005.stdout:/usr/bin/ceph: stderr
2023-07-21T18:57:30.528+0000 7fd1effff700 1 -- 172.21.15.5:0/584324254 --> [v2:172.21.15.5:3300/0,v1:172.21.15.5:6789/0] -- mon_subscribe({config=0+,monmap=0+}) v3 -- 0x7fd1f007a9b0 con 0x7fd1f007be30
2023-07-21T18:57:31.223 INFO:teuthology.orchestra.run.smithi005.stdout:/usr/bin/ceph: stderr
2023-07-21T18:57:30.528+0000 7fd1effff700 1 --2- 172.21.15.5:0/584324254 >> [v2:172.21.15.5:3300/0,v1:172.21.15.5:6789/0] conn(0x7fd1f007be30 0x7fd1f007a330 secure :-1 s=READY pgs=20 cs=0 l=1 rev1=1 crypto rx=0x7fd1e00098a0 tx=0x7fd1e0009bb0 comp rx=0 tx=0).ready entity=mon.0 client_cookie=c9a15214d5a596bc server_cookie=0 in_seq=0 out_seq=0
2023-07-21T18:57:31.223 INFO:teuthology.orchestra.run.smithi005.stdout:/usr/bin/ceph: stderr
2023-07-21T18:57:30.528+0000 7fd1eeffd700 1 -- 172.21.15.5:0/584324254 <== mon.0 v2:172.21.15.5:3300/0 1 ==== mon_map magic: 0 v1 ==== 205+0+0 (secure 0 0 0) 0x7fd1e0004160 con 0x7fd1f007be30
2023-07-21T18:57:31.224 INFO:teuthology.orchestra.run.smithi005.stdout:/usr/bin/ceph: stderr
2023-07-21T18:57:30.528+0000 7fd1eeffd700 1 -- 172.21.15.5:0/584324254 <== mon.0 v2:172.21.15.5:3300/0 2 ==== config(25 keys) v1 ==== 1036+0+0 (secure 0 0 0) 0x7fd1e00042c0 con 0x7fd1f007be30
2023-07-21T18:57:31.224 INFO:teuthology.orchestra.run.smithi005.stdout:/usr/bin/ceph: stderr
2023-07-21T18:57:30.528+0000 7fd1eeffd700 1 -- 172.21.15.5:0/584324254 <== mon.0 v2:172.21.15.5:3300/0 3 ==== mon_map magic: 0 v1 ==== 205+0+0 (secure 0 0 0) 0x7fd1e0011940 con 0x7fd1f007be30
2023-07-21T18:57:31.224 INFO:teuthology.orchestra.run.smithi005.stdout:/usr/bin/ceph: stderr
2023-07-21T18:57:30.529+0000 7fd1f63f3700 1 -- 172.21.15.5:0/584324254 >> [v2:172.21.15.5:3300/0,v1:172.21.15.5:6789/0] conn(0x7fd1f007be30 msgr2=0x7fd1f007a330 secure :-1 s=STATE_CONNECTION_ESTABLISHED l=1).mark_down
2023-07-21T18:57:31.224 INFO:teuthology.orchestra.run.smithi005.stdout:/usr/bin/ceph: stderr
2023-07-21T18:57:30.529+0000 7fd1f63f3700 1 --2- 172.21.15.5:0/584324254 >> [v2:172.21.15.5:3300/0,v1:172.21.15.5:6789/0] conn(0x7fd1f007be30 0x7fd1f007a330 secure :-1 s=READY pgs=20 cs=0 l=1 rev1=1 crypto rx=0x7fd1e00098a0 tx=0x7fd1e0009bb0 comp rx=0 tx=0).stop
2023-07-21T18:57:31.224 INFO:teuthology.orchestra.run.smithi005.stdout:/usr/bin/ceph: stderr
2023-07-21T18:57:30.529+0000 7fd1f63f3700 1 -- 172.21.15.5:0/584324254 shutdown_connections
2023-07-21T18:57:31.224 INFO:teuthology.orchestra.run.smithi005.stdout:/usr/bin/ceph: stderr
2023-07-21T18:57:30.529+0000 7fd1f63f3700 1 --2- 172.21.15.5:0/584324254 >> [v2:172.21.15.5:3300/0,v1:172.21.15.5:6789/0] conn(0x7fd1f007be30 0x7fd1f007a330 unknown :-1 s=CLOSED pgs=20 cs=0 l=1 rev1=1 crypto rx=0 tx=0 comp rx=0 tx=0).stop
2023-07-21T18:57:31.224 INFO:teuthology.orchestra.run.smithi005.stdout:/usr/bin/ceph: stderr
2023-07-21T18:57:30.529+0000 7fd1f63f3700 1 -- 172.21.15.5:0/584324254 >> 172.21.15.5:0/584324254 conn(0x7fd1f0100900 msgr2=0x7fd1f0102d10 unknown :-1 s=STATE_NONE l=0).mark_down
2023-07-21T18:57:31.225 INFO:teuthology.orchestra.run.smithi005.stdout:/usr/bin/ceph: stderr
2023-07-21T18:57:30.529+0000 7fd1f63f3700 1 -- 172.21.15.5:0/584324254 shutdown_connections
2023-07-21T18:57:31.225 INFO:teuthology.orchestra.run.smithi005.stdout:/usr/bin/ceph: stderr
2023-07-21T18:57:30.529+0000 7fd1f63f3700 1 -- 172.21.15.5:0/584324254 wait complete.
2023-07-21T18:57:31.225 INFO:teuthology.orchestra.run.smithi005.stdout:/usr/bin/ceph: stderr
2023-07-21T18:57:30.530+0000 7fd1f63f3700 1 Processor -- start
2023-07-21T18:57:31.225 INFO:teuthology.orchestra.run.smithi005.stdout:/usr/bin/ceph: stderr
2023-07-21T18:57:30.530+0000 7fd1f63f3700 1 -- start start
2023-07-21T18:57:31.225 INFO:teuthology.orchestra.run.smithi005.stdout:/usr/bin/ceph: stderr
2023-07-21T18:57:30.530+0000 7fd1f63f3700 1 --2- >> [v2:172.21.15.5:3300/0,v1:172.21.15.5:6789/0] conn(0x7fd1f007be30 0x7fd1f019b1b0 unknown :-1 s=NONE pgs=0 cs=0 l=1 rev1=0 crypto rx=0 tx=0 comp rx=0 tx=0).connect
2023-07-21T18:57:31.225 INFO:teuthology.orchestra.run.smithi005.stdout:/usr/bin/ceph: stderr
2023-07-21T18:57:30.530+0000 7fd1f63f3700 1 -- --> [v2:172.21.15.5:3300/0,v1:172.21.15.5:6789/0] -- mon_getmap magic: 0 v1 -- 0x7fd1f019b6f0 con 0x7fd1f007be30
2023-07-21T18:57:31.225 INFO:teuthology.orchestra.run.smithi005.stdout:/usr/bin/ceph: stderr
2023-07-21T18:57:30.531+0000 7fd1effff700 1 --2- >> [v2:172.21.15.5:3300/0,v1:172.21.15.5:6789/0] conn(0x7fd1f007be30 0x7fd1f019b1b0 unknown :-1 s=BANNER_CONNECTING pgs=0 cs=0 l=1 rev1=0 crypto rx=0 tx=0 comp rx=0 tx=0)._handle_peer_banner_payload supported=3 required=0
2023-07-21T18:57:31.226 INFO:teuthology.orchestra.run.smithi005.stdout:/usr/bin/ceph: stderr
2023-07-21T18:57:30.531+0000 7fd1effff700 1 --2- >> [v2:172.21.15.5:3300/0,v1:172.21.15.5:6789/0] conn(0x7fd1f007be30 0x7fd1f019b1b0 unknown :-1 s=HELLO_CONNECTING pgs=0 cs=0 l=1 rev1=1 crypto rx=0 tx=0 comp rx=0 tx=0).handle_hello peer v2:172.21.15.5:3300/0 says I am v2:172.21.15.5:35186/0 (socket says 172.21.15.5:35186)
2023-07-21T18:57:31.226 INFO:teuthology.orchestra.run.smithi005.stdout:/usr/bin/ceph: stderr
2023-07-21T18:57:30.531+0000 7fd1effff700 1 -- 172.21.15.5:0/1929264720 learned_addr learned my addr 172.21.15.5:0/1929264720 (peer_addr_for_me v2:172.21.15.5:0/0)
2023-07-21T18:57:31.226 INFO:teuthology.orchestra.run.smithi005.stdout:/usr/bin/ceph: stderr
2023-07-21T18:57:30.531+0000 7fd1effff700 1 -- 172.21.15.5:0/1929264720 --> [v2:172.21.15.5:3300/0,v1:172.21.15.5:6789/0] -- mon_subscribe({config=0+,monmap=0+}) v3 -- 0x7fd1e0009550 con 0x7fd1f007be30
2023-07-21T18:57:31.226 INFO:teuthology.orchestra.run.smithi005.stdout:/usr/bin/ceph: stderr
2023-07-21T18:57:30.531+0000 7fd1effff700 1 --2- 172.21.15.5:0/1929264720 >> [v2:172.21.15.5:3300/0,v1:172.21.15.5:6789/0] conn(0x7fd1f007be30 0x7fd1f019b1b0 secure :-1 s=READY pgs=21 cs=0 l=1 rev1=1 crypto rx=0x7fd1e0006af0 tx=0x7fd1e0011a30 comp rx=0 tx=0).ready entity=mon.0 client_cookie=0 server_cookie=0 in_seq=0 out_seq=0
2023-07-21T18:57:31.226 INFO:teuthology.orchestra.run.smithi005.stdout:/usr/bin/ceph: stderr
2023-07-21T18:57:30.531+0000 7fd1ed7fa700 1 -- 172.21.15.5:0/1929264720 <== mon.0 v2:172.21.15.5:3300/0 1 ==== mon_map magic: 0 v1 ==== 205+0+0 (secure 0 0 0) 0x7fd1e0003bf0 con 0x7fd1f007be30
2023-07-21T18:57:31.226 INFO:teuthology.orchestra.run.smithi005.stdout:/usr/bin/ceph: stderr
2023-07-21T18:57:30.531+0000 7fd1ed7fa700 1 -- 172.21.15.5:0/1929264720 <== mon.0 v2:172.21.15.5:3300/0 2 ==== config(25 keys) v1 ==== 1036+0+0 (secure 0 0 0) 0x7fd1e001b8b0 con 0x7fd1f007be30
2023-07-21T18:57:31.226 INFO:teuthology.orchestra.run.smithi005.stdout:/usr/bin/ceph: stderr
2023-07-21T18:57:30.531+0000 7fd1f63f3700 1 -- 172.21.15.5:0/1929264720 --> [v2:172.21.15.5:3300/0,v1:172.21.15.5:6789/0] -- mon_subscribe({mgrmap=0+}) v3 -- 0x7fd1f019b8f0 con 0x7fd1f007be30
2023-07-21T18:57:31.227 INFO:teuthology.orchestra.run.smithi005.stdout:/usr/bin/ceph: stderr
2023-07-21T18:57:30.531+0000 7fd1ed7fa700 1 -- 172.21.15.5:0/1929264720 <== mon.0 v2:172.21.15.5:3300/0 3 ==== mon_map magic: 0 v1 ==== 205+0+0 (secure 0 0 0) 0x7fd1e00197e0 con 0x7fd1f007be30
2023-07-21T18:57:31.227 INFO:teuthology.orchestra.run.smithi005.stdout:/usr/bin/ceph: stderr
2023-07-21T18:57:30.532+0000 7fd1f63f3700 1 -- 172.21.15.5:0/1929264720 --> [v2:172.21.15.5:3300/0,v1:172.21.15.5:6789/0] -- mon_subscribe({osdmap=0}) v3 -- 0x7fd1f019bd10 con 0x7fd1f007be30
2023-07-21T18:57:31.227 INFO:teuthology.orchestra.run.smithi005.stdout:/usr/bin/ceph: stderr
2023-07-21T18:57:30.533+0000 7fd1ed7fa700 1 -- 172.21.15.5:0/1929264720 <== mon.0 v2:172.21.15.5:3300/0 4 ==== mgrmap(e 4) v1 ==== 45472+0+0 (secure 0 0 0) 0x7fd1e001ba20 con 0x7fd1f007be30
2023-07-21T18:57:31.227 INFO:teuthology.orchestra.run.smithi005.stdout:/usr/bin/ceph: stderr
2023-07-21T18:57:30.533+0000 7fd1f63f3700 1 -- 172.21.15.5:0/1929264720 --> [v2:172.21.15.5:3300/0,v1:172.21.15.5:6789/0] -- mon_command({"prefix": "get_command_descriptions"} v 0) v1 -- 0x7fd1f0061b40 con 0x7fd1f007be30
2023-07-21T18:57:31.227 INFO:teuthology.orchestra.run.smithi005.stdout:/usr/bin/ceph: stderr
2023-07-21T18:57:30.533+0000 7fd1ed7fa700 1 --2- 172.21.15.5:0/1929264720 >> [v2:172.21.15.5:6800/474183959,v1:172.21.15.5:6801/474183959] conn(0x7fd1d80386c0 0x7fd1d803ab70 unknown :-1 s=NONE pgs=0 cs=0 l=1 rev1=0 crypto rx=0 tx=0 comp rx=0 tx=0).connect
2023-07-21T18:57:31.227 INFO:teuthology.orchestra.run.smithi005.stdout:/usr/bin/ceph: stderr
2023-07-21T18:57:30.533+0000 7fd1ed7fa700 1 -- 172.21.15.5:0/1929264720 <== mon.0 v2:172.21.15.5:3300/0 5 ==== osd_map(1..1 src has 1..1) v4 ==== 725+0+0 (secure 0 0 0) 0x7fd1e004c8b0 con 0x7fd1f007be30
2023-07-21T18:57:31.227 INFO:teuthology.orchestra.run.smithi005.stdout:/usr/bin/ceph: stderr
2023-07-21T18:57:30.533+0000 7fd1ef7fe700 1 --2- 172.21.15.5:0/1929264720 >> [v2:172.21.15.5:6800/474183959,v1:172.21.15.5:6801/474183959] conn(0x7fd1d80386c0 0x7fd1d803ab70 unknown :-1 s=BANNER_CONNECTING pgs=0 cs=0 l=1 rev1=0 crypto rx=0 tx=0 comp rx=0 tx=0)._handle_peer_banner_payload supported=3 required=0
2023-07-21T18:57:31.228 INFO:teuthology.orchestra.run.smithi005.stdout:/usr/bin/ceph: stderr
2023-07-21T18:57:30.534+0000 7fd1ef7fe700 1 --2- 172.21.15.5:0/1929264720 >> [v2:172.21.15.5:6800/474183959,v1:172.21.15.5:6801/474183959] conn(0x7fd1d80386c0 0x7fd1d803ab70 secure :-1 s=READY pgs=7 cs=0 l=1 rev1=1 crypto rx=0x7fd1e4006fd0 tx=0x7fd1e4006e40 comp rx=0 tx=0).ready entity=mgr.14100 client_cookie=0 server_cookie=0 in_seq=0 out_seq=0
2023-07-21T18:57:31.228 INFO:teuthology.orchestra.run.smithi005.stdout:/usr/bin/ceph: stderr
2023-07-21T18:57:30.538+0000 7fd1ed7fa700 1 -- 172.21.15.5:0/1929264720 <== mon.0 v2:172.21.15.5:3300/0 6 ==== mon_command_ack([{"prefix": "get_command_descriptions"}]=0 v0) v1 ==== 72+0+178038 (secure 0 0 0) 0x7fd1e0018530 con 0x7fd1f007be30
2023-07-21T18:57:31.228 INFO:teuthology.orchestra.run.smithi005.stdout:/usr/bin/ceph: stderr
2023-07-21T18:57:30.742+0000 7fd1f63f3700 1 -- 172.21.15.5:0/1929264720 --> [v2:172.21.15.5:3300/0,v1:172.21.15.5:6789/0] -- mon_command({"prefix": "config assimilate-conf"} v 0) v1 -- 0x7fd1f019eb90 con 0x7fd1f007be30
2023-07-21T18:57:31.228 INFO:teuthology.orchestra.run.smithi005.stdout:/usr/bin/ceph: stderr
2023-07-21T18:57:30.743+0000 7fd1ed7fa700 1 -- 172.21.15.5:0/1929264720 <== mon.0 v2:172.21.15.5:3300/0 7 ==== mon_command_ack([{"prefix": "config assimilate-conf"}]=0 v3) v1 ==== 70+0+373 (secure 0 0 0) 0x7fd1e0018350 con 0x7fd1f007be30
2023-07-21T18:57:31.228 INFO:teuthology.orchestra.run.smithi005.stdout:/usr/bin/ceph: stderr
2023-07-21T18:57:30.746+0000 7fd1f63f3700 1 -- 172.21.15.5:0/1929264720 >> [v2:172.21.15.5:6800/474183959,v1:172.21.15.5:6801/474183959] conn(0x7fd1d80386c0 msgr2=0x7fd1d803ab70 secure :-1 s=STATE_CONNECTION_ESTABLISHED l=1).mark_down
2023-07-21T18:57:31.228 INFO:teuthology.orchestra.run.smithi005.stdout:/usr/bin/ceph: stderr
2023-07-21T18:57:30.746+0000 7fd1f63f3700 1 --2- 172.21.15.5:0/1929264720 >> [v2:172.21.15.5:6800/474183959,v1:172.21.15.5:6801/474183959] conn(0x7fd1d80386c0 0x7fd1d803ab70 secure :-1 s=READY pgs=7 cs=0 l=1 rev1=1 crypto rx=0x7fd1e4006fd0 tx=0x7fd1e4006e40 comp rx=0 tx=0).stop
2023-07-21T18:57:31.229 INFO:teuthology.orchestra.run.smithi005.stdout:/usr/bin/ceph: stderr
2023-07-21T18:57:30.746+0000 7fd1f63f3700 1 -- 172.21.15.5:0/1929264720 >> [v2:172.21.15.5:3300/0,v1:172.21.15.5:6789/0] conn(0x7fd1f007be30 msgr2=0x7fd1f019b1b0 secure :-1 s=STATE_CONNECTION_ESTABLISHED l=1).mark_down
2023-07-21T18:57:31.229 INFO:teuthology.orchestra.run.smithi005.stdout:/usr/bin/ceph: stderr
2023-07-21T18:57:30.746+0000 7fd1f63f3700 1 --2- 172.21.15.5:0/1929264720 >> [v2:172.21.15.5:3300/0,v1:172.21.15.5:6789/0] conn(0x7fd1f007be30 0x7fd1f019b1b0 secure :-1 s=READY pgs=21 cs=0 l=1 rev1=1 crypto rx=0x7fd1e0006af0 tx=0x7fd1e0011a30 comp rx=0 tx=0).stop
2023-07-21T18:57:31.229 INFO:teuthology.orchestra.run.smithi005.stdout:/usr/bin/ceph: stderr
2023-07-21T18:57:30.746+0000 7fd1f63f3700 1 -- 172.21.15.5:0/1929264720 shutdown_connections
2023-07-21T18:57:31.229 INFO:teuthology.orchestra.run.smithi005.stdout:/usr/bin/ceph: stderr
2023-07-21T18:57:30.746+0000 7fd1f63f3700 1 --2- 172.21.15.5:0/1929264720 >> [v2:172.21.15.5:6800/474183959,v1:172.21.15.5:6801/474183959] conn(0x7fd1d80386c0 0x7fd1d803ab70 unknown :-1 s=CLOSED pgs=7 cs=0 l=1 rev1=1 crypto rx=0 tx=0 comp rx=0 tx=0).stop
2023-07-21T18:57:31.229 INFO:teuthology.orchestra.run.smithi005.stdout:/usr/bin/ceph: stderr
2023-07-21T18:57:30.746+0000 7fd1f63f3700 1 --2- 172.21.15.5:0/1929264720 >> [v2:172.21.15.5:3300/0,v1:172.21.15.5:6789/0] conn(0x7fd1f007be30 0x7fd1f019b1b0 unknown :-1 s=CLOSED pgs=21 cs=0 l=1 rev1=1 crypto rx=0 tx=0 comp rx=0 tx=0).stop
2023-07-21T18:57:31.229 INFO:teuthology.orchestra.run.smithi005.stdout:/usr/bin/ceph: stderr
2023-07-21T18:57:30.746+0000 7fd1f63f3700 1 -- 172.21.15.5:0/1929264720 >> 172.21.15.5:0/1929264720 conn(0x7fd1f0100900 msgr2=0x7fd1f0102020 unknown :-1 s=STATE_NONE l=0).mark_down
2023-07-21T18:57:31.229 INFO:teuthology.orchestra.run.smithi005.stdout:/usr/bin/ceph: stderr
2023-07-21T18:57:30.746+0000 7fd1f63f3700 1 -- 172.21.15.5:0/1929264720 shutdown_connections
2023-07-21T18:57:31.230 INFO:teuthology.orchestra.run.smithi005.stdout:/usr/bin/ceph: stderr
2023-07-21T18:57:30.746+0000 7fd1f63f3700 1 -- 172.21.15.5:0/1929264720 wait complete.
2023-07-21T18:57:31.230 INFO:teuthology.orchestra.run.smithi005.stdout:Enabling cephadm module...
2023-07-21T18:57:31.464 INFO:journalctl@ceph.mon.a.smithi005.stdout:Jul 21 18:57:31 smithi005 ceph-mon[126460]: mgrmap e4: x(active, since 2s)
2023-07-21T18:57:31.465 INFO:journalctl@ceph.mon.a.smithi005.stdout:Jul 21 18:57:31 smithi005 ceph-mon[126460]: from='client.? 172.21.15.5:0/1929264720' entity='client.admin' cmd=[{"prefix": "config assimilate-conf"}]: dispatch
2023-07-21T18:57:32.625 INFO:journalctl@ceph.mon.a.smithi005.stdout:Jul 21 18:57:32 smithi005 ceph-mon[126460]: from='client.? 172.21.15.5:0/2611866628' entity='client.admin' cmd=[{"prefix": "mgr module enable", "module": "cephadm"}]: dispatch
2023-07-21T18:57:32.626 INFO:journalctl@ceph.mgr.x.smithi005.stdout:Jul 21 18:57:32 smithi005 ceph-3dc43aa4-27f8-11ee-9b34-001a4aab830c-mgr-x[126703]: ignoring --setuser ceph since I am not root
2023-07-21T18:57:32.626 INFO:journalctl@ceph.mgr.x.smithi005.stdout:Jul 21 18:57:32 smithi005 ceph-3dc43aa4-27f8-11ee-9b34-001a4aab830c-mgr-x[126703]: ignoring --setgroup ceph since I am not root
2023-07-21T18:57:32.901 INFO:teuthology.orchestra.run.smithi005.stdout:/usr/bin/ceph: stderr
2023-07-21T18:57:31.712+0000 7f5d61d2e700 1 Processor -- start
2023-07-21T18:57:32.901 INFO:teuthology.orchestra.run.smithi005.stdout:/usr/bin/ceph: stderr
2023-07-21T18:57:31.712+0000 7f5d61d2e700 1 -- start start
2023-07-21T18:57:32.901 INFO:teuthology.orchestra.run.smithi005.stdout:/usr/bin/ceph: stderr
2023-07-21T18:57:31.712+0000 7f5d61d2e700 1 --2- >> [v2:172.21.15.5:3300/0,v1:172.21.15.5:6789/0] conn(0x7f5d5c105200 0x7f5d5c105610 unknown :-1 s=NONE pgs=0 cs=0 l=0 rev1=0 crypto rx=0 tx=0 comp rx=0 tx=0).connect
2023-07-21T18:57:32.902 INFO:teuthology.orchestra.run.smithi005.stdout:/usr/bin/ceph: stderr
2023-07-21T18:57:31.712+0000 7f5d61d2e700 1 -- --> [v2:172.21.15.5:3300/0,v1:172.21.15.5:6789/0] -- mon_getmap magic: 0 v1 -- 0x7f5d5c105b50 con 0x7f5d5c105200
2023-07-21T18:57:32.902 INFO:teuthology.orchestra.run.smithi005.stdout:/usr/bin/ceph: stderr
2023-07-21T18:57:31.712+0000 7f5d5b7fe700 1 --2- >> [v2:172.21.15.5:3300/0,v1:172.21.15.5:6789/0] conn(0x7f5d5c105200 0x7f5d5c105610 unknown :-1 s=BANNER_CONNECTING pgs=0 cs=0 l=0 rev1=0 crypto rx=0 tx=0 comp rx=0 tx=0)._handle_peer_banner_payload supported=3 required=0
2023-07-21T18:57:32.902 INFO:teuthology.orchestra.run.smithi005.stdout:/usr/bin/ceph: stderr
2023-07-21T18:57:31.712+0000 7f5d5b7fe700 1 --2- >> [v2:172.21.15.5:3300/0,v1:172.21.15.5:6789/0] conn(0x7f5d5c105200 0x7f5d5c105610 unknown :-1 s=HELLO_CONNECTING pgs=0 cs=0 l=0 rev1=1 crypto rx=0 tx=0 comp rx=0 tx=0).handle_hello peer v2:172.21.15.5:3300/0 says I am v2:172.21.15.5:35194/0 (socket says 172.21.15.5:35194)
2023-07-21T18:57:32.902 INFO:teuthology.orchestra.run.smithi005.stdout:/usr/bin/ceph: stderr
2023-07-21T18:57:31.712+0000 7f5d5b7fe700 1 -- 172.21.15.5:0/1763222998 learned_addr learned my addr 172.21.15.5:0/1763222998 (peer_addr_for_me v2:172.21.15.5:0/0)
2023-07-21T18:57:32.905 INFO:teuthology.orchestra.run.smithi005.stdout:/usr/bin/ceph: stderr
2023-07-21T18:57:31.712+0000 7f5d5b7fe700 1 -- 172.21.15.5:0/1763222998 --> [v2:172.21.15.5:3300/0,v1:172.21.15.5:6789/0] -- mon_subscribe({config=0+,monmap=0+}) v3 -- 0x7f5d5c105c90 con 0x7f5d5c105200
2023-07-21T18:57:32.906 INFO:teuthology.orchestra.run.smithi005.stdout:/usr/bin/ceph: stderr
2023-07-21T18:57:31.713+0000 7f5d5b7fe700 1 --2- 172.21.15.5:0/1763222998 >> [v2:172.21.15.5:3300/0,v1:172.21.15.5:6789/0] conn(0x7f5d5c105200 0x7f5d5c105610 secure :-1 s=READY pgs=22 cs=0 l=1 rev1=1 crypto rx=0x7f5d4c0098a0 tx=0x7f5d4c009bb0 comp rx=0 tx=0).ready entity=mon.0 client_cookie=8884d36fee99c5f4 server_cookie=0 in_seq=0 out_seq=0
2023-07-21T18:57:32.906 INFO:teuthology.orchestra.run.smithi005.stdout:/usr/bin/ceph: stderr
2023-07-21T18:57:31.713+0000 7f5d5a7fc700 1 -- 172.21.15.5:0/1763222998 <== mon.0 v2:172.21.15.5:3300/0 1 ==== mon_map magic: 0 v1 ==== 205+0+0 (secure 0 0 0) 0x7f5d4c004160 con 0x7f5d5c105200
2023-07-21T18:57:32.906 INFO:teuthology.orchestra.run.smithi005.stdout:/usr/bin/ceph: stderr
2023-07-21T18:57:31.713+0000 7f5d5a7fc700 1 -- 172.21.15.5:0/1763222998 <== mon.0 v2:172.21.15.5:3300/0 2 ==== config(25 keys) v1 ==== 1036+0+0 (secure 0 0 0) 0x7f5d4c0042c0 con 0x7f5d5c105200
2023-07-21T18:57:32.906 INFO:teuthology.orchestra.run.smithi005.stdout:/usr/bin/ceph: stderr
2023-07-21T18:57:31.713+0000 7f5d5a7fc700 1 -- 172.21.15.5:0/1763222998 <== mon.0 v2:172.21.15.5:3300/0 3 ==== mon_map magic: 0 v1 ==== 205+0+0 (secure 0 0 0) 0x7f5d4c011940 con 0x7f5d5c105200
2023-07-21T18:57:32.906 INFO:teuthology.orchestra.run.smithi005.stdout:/usr/bin/ceph: stderr
2023-07-21T18:57:31.713+0000 7f5d61d2e700 1 -- 172.21.15.5:0/1763222998 >> [v2:172.21.15.5:3300/0,v1:172.21.15.5:6789/0] conn(0x7f5d5c105200 msgr2=0x7f5d5c105610 secure :-1 s=STATE_CONNECTION_ESTABLISHED l=1).mark_down
