2023-07-21T18:57:34.923+0000 7f6eae7fc700 1 -- 172.21.15.5:0/3504577199 >> [v2:172.21.15.5:6800/474183959,v1:172.21.15.5:6801/474183959] conn(0x7f6e98038710 msgr2=0x7f6e9803abc0 unknown :-1 s=STATE_CONNECTING_RE l=1).process reconnect failed to v2:172.21.15.5:6800/474183959
2023-07-21T18:57:42.408 INFO:teuthology.orchestra.run.smithi005.stdout:/usr/bin/ceph: stderr
2023-07-21T18:57:34.923+0000 7f6eae7fc700 1 --2- 172.21.15.5:0/3504577199 >> [v2:172.21.15.5:6800/474183959,v1:172.21.15.5:6801/474183959] conn(0x7f6e98038710 0x7f6e9803abc0 unknown :-1 s=START_CONNECT pgs=0 cs=0 l=1 rev1=0 crypto rx=0 tx=0 comp rx=0 tx=0)._fault waiting 0.400000
2023-07-21T18:57:42.408 INFO:teuthology.orchestra.run.smithi005.stdout:/usr/bin/ceph: stderr
2023-07-21T18:57:35.324+0000 7f6eae7fc700 1 -- 172.21.15.5:0/3504577199 >> [v2:172.21.15.5:6800/474183959,v1:172.21.15.5:6801/474183959] conn(0x7f6e98038710 msgr2=0x7f6e9803abc0 unknown :-1 s=STATE_CONNECTING_RE l=1).process reconnect failed to v2:172.21.15.5:6800/474183959
2023-07-21T18:57:42.408 INFO:teuthology.orchestra.run.smithi005.stdout:/usr/bin/ceph: stderr
2023-07-21T18:57:35.324+0000 7f6eae7fc700 1 --2- 172.21.15.5:0/3504577199 >> [v2:172.21.15.5:6800/474183959,v1:172.21.15.5:6801/474183959] conn(0x7f6e98038710 0x7f6e9803abc0 unknown :-1 s=START_CONNECT pgs=0 cs=0 l=1 rev1=0 crypto rx=0 tx=0 comp rx=0 tx=0)._fault waiting 0.800000
2023-07-21T18:57:42.408 INFO:teuthology.orchestra.run.smithi005.stdout:/usr/bin/ceph: stderr
2023-07-21T18:57:36.125+0000 7f6eae7fc700 1 -- 172.21.15.5:0/3504577199 >> [v2:172.21.15.5:6800/474183959,v1:172.21.15.5:6801/474183959] conn(0x7f6e98038710 msgr2=0x7f6e9803abc0 unknown :-1 s=STATE_CONNECTING_RE l=1).process reconnect failed to v2:172.21.15.5:6800/474183959
2023-07-21T18:57:42.409 INFO:teuthology.orchestra.run.smithi005.stdout:/usr/bin/ceph: stderr
2023-07-21T18:57:36.125+0000 7f6eae7fc700 1 --2- 172.21.15.5:0/3504577199 >> [v2:172.21.15.5:6800/474183959,v1:172.21.15.5:6801/474183959] conn(0x7f6e98038710 0x7f6e9803abc0 unknown :-1 s=START_CONNECT pgs=0 cs=0 l=1 rev1=0 crypto rx=0 tx=0 comp rx=0 tx=0)._fault waiting 1.600000
2023-07-21T18:57:42.409 INFO:teuthology.orchestra.run.smithi005.stdout:/usr/bin/ceph: stderr
2023-07-21T18:57:37.726+0000 7f6eae7fc700 1 -- 172.21.15.5:0/3504577199 >> [v2:172.21.15.5:6800/474183959,v1:172.21.15.5:6801/474183959] conn(0x7f6e98038710 msgr2=0x7f6e9803abc0 unknown :-1 s=STATE_CONNECTING_RE l=1).process reconnect failed to v2:172.21.15.5:6800/474183959
2023-07-21T18:57:42.409 INFO:teuthology.orchestra.run.smithi005.stdout:/usr/bin/ceph: stderr
2023-07-21T18:57:37.726+0000 7f6eae7fc700 1 --2- 172.21.15.5:0/3504577199 >> [v2:172.21.15.5:6800/474183959,v1:172.21.15.5:6801/474183959] conn(0x7f6e98038710 0x7f6e9803abc0 unknown :-1 s=START_CONNECT pgs=0 cs=0 l=1 rev1=0 crypto rx=0 tx=0 comp rx=0 tx=0)._fault waiting 3.200000
2023-07-21T18:57:42.409 INFO:teuthology.orchestra.run.smithi005.stdout:/usr/bin/ceph: stderr
2023-07-21T18:57:40.927+0000 7f6eae7fc700 1 -- 172.21.15.5:0/3504577199 >> [v2:172.21.15.5:6800/474183959,v1:172.21.15.5:6801/474183959] conn(0x7f6e98038710 msgr2=0x7f6e9803abc0 unknown :-1 s=STATE_CONNECTING_RE l=1).process reconnect failed to v2:172.21.15.5:6800/474183959
2023-07-21T18:57:42.409 INFO:teuthology.orchestra.run.smithi005.stdout:/usr/bin/ceph: stderr
2023-07-21T18:57:40.927+0000 7f6eae7fc700 1 --2- 172.21.15.5:0/3504577199 >> [v2:172.21.15.5:6800/474183959,v1:172.21.15.5:6801/474183959] conn(0x7f6e98038710 0x7f6e9803abc0 unknown :-1 s=START_CONNECT pgs=0 cs=0 l=1 rev1=0 crypto rx=0 tx=0 comp rx=0 tx=0)._fault waiting 6.400000
2023-07-21T18:57:42.409 INFO:teuthology.orchestra.run.smithi005.stdout:/usr/bin/ceph: stderr
2023-07-21T18:57:41.029+0000 7f6eb48c8700 1 -- 172.21.15.5:0/3504577199 <== mon.0 v2:172.21.15.5:3300/0 6 ==== mgrmap(e 6) v1 ==== 45250+0+0 (secure 0 0 0) 0x7f6ea001b440 con 0x7f6eb007bdf0
2023-07-21T18:57:42.409 INFO:teuthology.orchestra.run.smithi005.stdout:/usr/bin/ceph: stderr
2023-07-21T18:57:41.029+0000 7f6eb48c8700 1 -- 172.21.15.5:0/3504577199 >> [v2:172.21.15.5:6800/474183959,v1:172.21.15.5:6801/474183959] conn(0x7f6e98038710 msgr2=0x7f6e9803abc0 unknown :-1 s=STATE_CONNECTING l=1).mark_down
2023-07-21T18:57:42.410 INFO:teuthology.orchestra.run.smithi005.stdout:/usr/bin/ceph: stderr
2023-07-21T18:57:41.029+0000 7f6eb48c8700 1 --2- 172.21.15.5:0/3504577199 >> [v2:172.21.15.5:6800/474183959,v1:172.21.15.5:6801/474183959] conn(0x7f6e98038710 0x7f6e9803abc0 unknown :-1 s=START_CONNECT pgs=0 cs=0 l=1 rev1=0 crypto rx=0 tx=0 comp rx=0 tx=0).stop
2023-07-21T18:57:42.410 INFO:teuthology.orchestra.run.smithi005.stdout:/usr/bin/ceph: stderr
2023-07-21T18:57:42.031+0000 7f6eb48c8700 1 -- 172.21.15.5:0/3504577199 <== mon.0 v2:172.21.15.5:3300/0 7 ==== mgrmap(e 7) v1 ==== 45377+0+0 (secure 0 0 0) 0x7f6ea004e2a0 con 0x7f6eb007bdf0
2023-07-21T18:57:42.410 INFO:teuthology.orchestra.run.smithi005.stdout:/usr/bin/ceph: stderr
2023-07-21T18:57:42.032+0000 7f6eb48c8700 1 --2- 172.21.15.5:0/3504577199 >> [v2:172.21.15.5:6800/1672036156,v1:172.21.15.5:6801/1672036156] conn(0x7f6e9803be30 0x7f6e9803e210 unknown :-1 s=NONE pgs=0 cs=0 l=1 rev1=0 crypto rx=0 tx=0 comp rx=0 tx=0).connect
2023-07-21T18:57:42.410 INFO:teuthology.orchestra.run.smithi005.stdout:/usr/bin/ceph: stderr
2023-07-21T18:57:42.032+0000 7f6eb48c8700 1 -- 172.21.15.5:0/3504577199 --> [v2:172.21.15.5:6800/1672036156,v1:172.21.15.5:6801/1672036156] -- command(tid 0: {"prefix": "get_command_descriptions"}) v1 -- 0x7f6eb0061b40 con 0x7f6e9803be30
2023-07-21T18:57:42.410 INFO:teuthology.orchestra.run.smithi005.stdout:/usr/bin/ceph: stderr
2023-07-21T18:57:42.032+0000 7f6eae7fc700 1 --2- 172.21.15.5:0/3504577199 >> [v2:172.21.15.5:6800/1672036156,v1:172.21.15.5:6801/1672036156] conn(0x7f6e9803be30 0x7f6e9803e210 unknown :-1 s=BANNER_CONNECTING pgs=0 cs=0 l=1 rev1=0 crypto rx=0 tx=0 comp rx=0 tx=0)._handle_peer_banner_payload supported=3 required=0
2023-07-21T18:57:42.410 INFO:teuthology.orchestra.run.smithi005.stdout:/usr/bin/ceph: stderr
2023-07-21T18:57:42.033+0000 7f6eae7fc700 1 --2- 172.21.15.5:0/3504577199 >> [v2:172.21.15.5:6800/1672036156,v1:172.21.15.5:6801/1672036156] conn(0x7f6e9803be30 0x7f6e9803e210 secure :-1 s=READY pgs=1 cs=0 l=1 rev1=1 crypto rx=0x7f6ea4003a10 tx=0x7f6ea4009290 comp rx=0 tx=0).ready entity=mgr.14120 client_cookie=0 server_cookie=0 in_seq=0 out_seq=0
2023-07-21T18:57:42.410 INFO:teuthology.orchestra.run.smithi005.stdout:/usr/bin/ceph: stderr
2023-07-21T18:57:42.034+0000 7f6eb48c8700 1 -- 172.21.15.5:0/3504577199 <== mgr.14120 v2:172.21.15.5:6800/1672036156 1 ==== command_reply(tid 0: 0 ) v1 ==== 8+0+6910 (secure 0 0 0) 0x7f6eb0061b40 con 0x7f6e9803be30
2023-07-21T18:57:42.411 INFO:teuthology.orchestra.run.smithi005.stdout:/usr/bin/ceph: stderr
2023-07-21T18:57:42.041+0000 7f6eb58ca700 1 -- 172.21.15.5:0/3504577199 --> [v2:172.21.15.5:6800/1672036156,v1:172.21.15.5:6801/1672036156] -- command(tid 1: {"prefix": "mgr_status"}) v1 -- 0x7f6eb019c4b0 con 0x7f6e9803be30
2023-07-21T18:57:42.411 INFO:teuthology.orchestra.run.smithi005.stdout:/usr/bin/ceph: stderr
2023-07-21T18:57:42.041+0000 7f6eb48c8700 1 -- 172.21.15.5:0/3504577199 <== mgr.14120 v2:172.21.15.5:6800/1672036156 2 ==== command_reply(tid 1: 0 ) v1 ==== 8+0+51 (secure 0 0 0) 0x7f6eb019c4b0 con 0x7f6e9803be30
2023-07-21T18:57:42.411 INFO:teuthology.orchestra.run.smithi005.stdout:/usr/bin/ceph: stderr
2023-07-21T18:57:42.042+0000 7f6eb58ca700 1 -- 172.21.15.5:0/3504577199 >> [v2:172.21.15.5:6800/1672036156,v1:172.21.15.5:6801/1672036156] conn(0x7f6e9803be30 msgr2=0x7f6e9803e210 secure :-1 s=STATE_CONNECTION_ESTABLISHED l=1).mark_down
2023-07-21T18:57:42.411 INFO:teuthology.orchestra.run.smithi005.stdout:/usr/bin/ceph: stderr
2023-07-21T18:57:42.042+0000 7f6eb58ca700 1 --2- 172.21.15.5:0/3504577199 >> [v2:172.21.15.5:6800/1672036156,v1:172.21.15.5:6801/1672036156] conn(0x7f6e9803be30 0x7f6e9803e210 secure :-1 s=READY pgs=1 cs=0 l=1 rev1=1 crypto rx=0x7f6ea4003a10 tx=0x7f6ea4009290 comp rx=0 tx=0).stop
2023-07-21T18:57:42.411 INFO:teuthology.orchestra.run.smithi005.stdout:/usr/bin/ceph: stderr
2023-07-21T18:57:42.042+0000 7f6eb58ca700 1 -- 172.21.15.5:0/3504577199 >> [v2:172.21.15.5:3300/0,v1:172.21.15.5:6789/0] conn(0x7f6eb007bdf0 msgr2=0x7f6eb019b170 secure :-1 s=STATE_CONNECTION_ESTABLISHED l=1).mark_down
2023-07-21T18:57:42.411 INFO:teuthology.orchestra.run.smithi005.stdout:/usr/bin/ceph: stderr
2023-07-21T18:57:42.042+0000 7f6eb58ca700 1 --2- 172.21.15.5:0/3504577199 >> [v2:172.21.15.5:3300/0,v1:172.21.15.5:6789/0] conn(0x7f6eb007bdf0 0x7f6eb019b170 secure :-1 s=READY pgs=29 cs=0 l=1 rev1=1 crypto rx=0x7f6ea0000c00 tx=0x7f6ea0011e70 comp rx=0 tx=0).stop
2023-07-21T18:57:42.411 INFO:teuthology.orchestra.run.smithi005.stdout:/usr/bin/ceph: stderr
2023-07-21T18:57:42.042+0000 7f6eb58ca700 1 -- 172.21.15.5:0/3504577199 shutdown_connections
2023-07-21T18:57:42.411 INFO:teuthology.orchestra.run.smithi005.stdout:/usr/bin/ceph: stderr
2023-07-21T18:57:42.042+0000 7f6eb58ca700 1 --2- 172.21.15.5:0/3504577199 >> [v2:172.21.15.5:6800/1672036156,v1:172.21.15.5:6801/1672036156] conn(0x7f6e9803be30 0x7f6e9803e210 unknown :-1 s=CLOSED pgs=1 cs=0 l=1 rev1=1 crypto rx=0 tx=0 comp rx=0 tx=0).stop
2023-07-21T18:57:42.412 INFO:teuthology.orchestra.run.smithi005.stdout:/usr/bin/ceph: stderr
2023-07-21T18:57:42.042+0000 7f6eb58ca700 1 --2- 172.21.15.5:0/3504577199 >> [v2:172.21.15.5:3300/0,v1:172.21.15.5:6789/0] conn(0x7f6eb007bdf0 0x7f6eb019b170 unknown :-1 s=CLOSED pgs=29 cs=0 l=1 rev1=1 crypto rx=0 tx=0 comp rx=0 tx=0).stop
2023-07-21T18:57:42.412 INFO:teuthology.orchestra.run.smithi005.stdout:/usr/bin/ceph: stderr
2023-07-21T18:57:42.042+0000 7f6eb58ca700 1 --2- 172.21.15.5:0/3504577199 >> [v2:172.21.15.5:6800/474183959,v1:172.21.15.5:6801/474183959] conn(0x7f6e98038710 0x7f6e9803abc0 unknown :-1 s=CLOSED pgs=0 cs=0 l=1 rev1=0 crypto rx=0 tx=0 comp rx=0 tx=0).stop
2023-07-21T18:57:42.412 INFO:teuthology.orchestra.run.smithi005.stdout:/usr/bin/ceph: stderr
2023-07-21T18:57:42.042+0000 7f6eb58ca700 1 -- 172.21.15.5:0/3504577199 >> 172.21.15.5:0/3504577199 conn(0x7f6eb0100900 msgr2=0x7f6eb0101ff0 unknown :-1 s=STATE_NONE l=0).mark_down
2023-07-21T18:57:42.412 INFO:teuthology.orchestra.run.smithi005.stdout:/usr/bin/ceph: stderr
2023-07-21T18:57:42.042+0000 7f6eb58ca700 1 -- 172.21.15.5:0/3504577199 shutdown_connections
2023-07-21T18:57:42.412 INFO:teuthology.orchestra.run.smithi005.stdout:/usr/bin/ceph: stderr
2023-07-21T18:57:42.042+0000 7f6eb58ca700 1 -- 172.21.15.5:0/3504577199 wait complete.
2023-07-21T18:57:42.412 INFO:teuthology.orchestra.run.smithi005.stdout:mgr epoch 5 is available
2023-07-21T18:57:42.412 INFO:teuthology.orchestra.run.smithi005.stdout:Setting orchestrator backend to cephadm...
2023-07-21T18:57:42.418 INFO:journalctl@ceph.mon.a.smithi005.stdout:Jul 21 18:57:42 smithi005 ceph-mon[126460]: Found migration_current of "None". Setting to last migration.
2023-07-21T18:57:42.419 INFO:journalctl@ceph.mon.a.smithi005.stdout:Jul 21 18:57:42 smithi005 ceph-mon[126460]: from='mgr.14120 172.21.15.5:0/312164044' entity='mgr.x' cmd=[{"prefix": "config dump", "format": "json"}]: dispatch
2023-07-21T18:57:42.419 INFO:journalctl@ceph.mon.a.smithi005.stdout:Jul 21 18:57:42 smithi005 ceph-mon[126460]: from='mgr.14120 172.21.15.5:0/312164044' entity='mgr.x' cmd=[{"prefix":"config rm","who":"mgr","name":"mgr/rbd_support/x/mirror_snapshot_schedule"}]: dispatch
2023-07-21T18:57:42.419 INFO:journalctl@ceph.mon.a.smithi005.stdout:Jul 21 18:57:42 smithi005 ceph-mon[126460]: from='mgr.14120 172.21.15.5:0/312164044' entity='mgr.x' cmd=[{"prefix":"config rm","who":"mgr","name":"mgr/rbd_support/x/trash_purge_schedule"}]: dispatch
2023-07-21T18:57:42.419 INFO:journalctl@ceph.mon.a.smithi005.stdout:Jul 21 18:57:42 smithi005 ceph-mon[126460]: mgrmap e7: x(active, since 1.0068s)
2023-07-21T18:57:43.419 INFO:journalctl@ceph.mon.a.smithi005.stdout:Jul 21 18:57:43 smithi005 ceph-mon[126460]: from='client.14124 -' entity='client.admin' cmd=[{"prefix": "get_command_descriptions"}]: dispatch
2023-07-21T18:57:43.419 INFO:journalctl@ceph.mon.a.smithi005.stdout:Jul 21 18:57:43 smithi005 ceph-mon[126460]: from='client.14124 -' entity='client.admin' cmd=[{"prefix": "mgr_status"}]: dispatch
2023-07-21T18:57:43.419 INFO:journalctl@ceph.mon.a.smithi005.stdout:Jul 21 18:57:43 smithi005 ceph-mon[126460]: from='mgr.14120 172.21.15.5:0/312164044' entity='mgr.x'
2023-07-21T18:57:43.419 INFO:journalctl@ceph.mon.a.smithi005.stdout:Jul 21 18:57:43 smithi005 ceph-mon[126460]: from='mgr.14120 172.21.15.5:0/312164044' entity='mgr.x'
2023-07-21T18:57:43.582 INFO:teuthology.orchestra.run.smithi005.stdout:/usr/bin/ceph: stderr
2023-07-21T18:57:42.944+0000 7f1f8dfa7700 1 Processor -- start
2023-07-21T18:57:43.582 INFO:teuthology.orchestra.run.smithi005.stdout:/usr/bin/ceph: stderr
2023-07-21T18:57:42.945+0000 7f1f8dfa7700 1 -- start start
2023-07-21T18:57:43.582 INFO:teuthology.orchestra.run.smithi005.stdout:/usr/bin/ceph: stderr
2023-07-21T18:57:42.945+0000 7f1f8dfa7700 1 --2- >> [v2:172.21.15.5:3300/0,v1:172.21.15.5:6789/0] conn(0x7f1f8807bdf0 0x7f1f8807a2f0 unknown :-1 s=NONE pgs=0 cs=0 l=0 rev1=0 crypto rx=0 tx=0 comp rx=0 tx=0).connect
2023-07-21T18:57:43.582 INFO:teuthology.orchestra.run.smithi005.stdout:/usr/bin/ceph: stderr
2023-07-21T18:57:42.945+0000 7f1f8dfa7700 1 -- --> [v2:172.21.15.5:3300/0,v1:172.21.15.5:6789/0] -- mon_getmap magic: 0 v1 -- 0x7f1f8807a830 con 0x7f1f8807bdf0
2023-07-21T18:57:43.583 INFO:teuthology.orchestra.run.smithi005.stdout:/usr/bin/ceph: stderr
2023-07-21T18:57:42.945+0000 7f1f877fe700 1 --2- >> [v2:172.21.15.5:3300/0,v1:172.21.15.5:6789/0] conn(0x7f1f8807bdf0 0x7f1f8807a2f0 unknown :-1 s=BANNER_CONNECTING pgs=0 cs=0 l=0 rev1=0 crypto rx=0 tx=0 comp rx=0 tx=0)._handle_peer_banner_payload supported=3 required=0
2023-07-21T18:57:43.583 INFO:teuthology.orchestra.run.smithi005.stdout:/usr/bin/ceph: stderr
2023-07-21T18:57:42.945+0000 7f1f877fe700 1 --2- >> [v2:172.21.15.5:3300/0,v1:172.21.15.5:6789/0] conn(0x7f1f8807bdf0 0x7f1f8807a2f0 unknown :-1 s=HELLO_CONNECTING pgs=0 cs=0 l=0 rev1=1 crypto rx=0 tx=0 comp rx=0 tx=0).handle_hello peer v2:172.21.15.5:3300/0 says I am v2:172.21.15.5:56362/0 (socket says 172.21.15.5:56362)
2023-07-21T18:57:43.583 INFO:teuthology.orchestra.run.smithi005.stdout:/usr/bin/ceph: stderr
2023-07-21T18:57:42.945+0000 7f1f877fe700 1 -- 172.21.15.5:0/4196873629 learned_addr learned my addr 172.21.15.5:0/4196873629 (peer_addr_for_me v2:172.21.15.5:0/0)
2023-07-21T18:57:43.583 INFO:teuthology.orchestra.run.smithi005.stdout:/usr/bin/ceph: stderr
2023-07-21T18:57:42.946+0000 7f1f877fe700 1 -- 172.21.15.5:0/4196873629 --> [v2:172.21.15.5:3300/0,v1:172.21.15.5:6789/0] -- mon_subscribe({config=0+,monmap=0+}) v3 -- 0x7f1f8807a970 con 0x7f1f8807bdf0
2023-07-21T18:57:43.583 INFO:teuthology.orchestra.run.smithi005.stdout:/usr/bin/ceph: stderr
2023-07-21T18:57:42.946+0000 7f1f877fe700 1 --2- 172.21.15.5:0/4196873629 >> [v2:172.21.15.5:3300/0,v1:172.21.15.5:6789/0] conn(0x7f1f8807bdf0 0x7f1f8807a2f0 secure :-1 s=READY pgs=37 cs=0 l=1 rev1=1 crypto rx=0x7f1f780098a0 tx=0x7f1f78009bb0 comp rx=0 tx=0).ready entity=mon.0 client_cookie=a8e406930149d9ec server_cookie=0 in_seq=0 out_seq=0
2023-07-21T18:57:43.583 INFO:teuthology.orchestra.run.smithi005.stdout:/usr/bin/ceph: stderr
2023-07-21T18:57:42.946+0000 7f1f867fc700 1 -- 172.21.15.5:0/4196873629 <== mon.0 v2:172.21.15.5:3300/0 1 ==== mon_map magic: 0 v1 ==== 205+0+0 (secure 0 0 0) 0x7f1f78004160 con 0x7f1f8807bdf0
2023-07-21T18:57:43.583 INFO:teuthology.orchestra.run.smithi005.stdout:/usr/bin/ceph: stderr
2023-07-21T18:57:42.946+0000 7f1f867fc700 1 -- 172.21.15.5:0/4196873629 <== mon.0 v2:172.21.15.5:3300/0 2 ==== config(25 keys) v1 ==== 1036+0+0 (secure 0 0 0) 0x7f1f780042c0 con 0x7f1f8807bdf0
2023-07-21T18:57:43.583 INFO:teuthology.orchestra.run.smithi005.stdout:/usr/bin/ceph: stderr
2023-07-21T18:57:42.946+0000 7f1f867fc700 1 -- 172.21.15.5:0/4196873629 <== mon.0 v2:172.21.15.5:3300/0 3 ==== mon_map magic: 0 v1 ==== 205+0+0 (secure 0 0 0) 0x7f1f78011940 con 0x7f1f8807bdf0
2023-07-21T18:57:43.584 INFO:teuthology.orchestra.run.smithi005.stdout:/usr/bin/ceph: stderr
2023-07-21T18:57:42.947+0000 7f1f8dfa7700 1 -- 172.21.15.5:0/4196873629 >> [v2:172.21.15.5:3300/0,v1:172.21.15.5:6789/0] conn(0x7f1f8807bdf0 msgr2=0x7f1f8807a2f0 secure :-1 s=STATE_CONNECTION_ESTABLISHED l=1).mark_down
2023-07-21T18:57:43.584 INFO:teuthology.orchestra.run.smithi005.stdout:/usr/bin/ceph: stderr
2023-07-21T18:57:42.947+0000 7f1f8dfa7700 1 --2- 172.21.15.5:0/4196873629 >> [v2:172.21.15.5:3300/0,v1:172.21.15.5:6789/0] conn(0x7f1f8807bdf0 0x7f1f8807a2f0 secure :-1 s=READY pgs=37 cs=0 l=1 rev1=1 crypto rx=0x7f1f780098a0 tx=0x7f1f78009bb0 comp rx=0 tx=0).stop
2023-07-21T18:57:43.584 INFO:teuthology.orchestra.run.smithi005.stdout:/usr/bin/ceph: stderr
2023-07-21T18:57:42.947+0000 7f1f8dfa7700 1 -- 172.21.15.5:0/4196873629 shutdown_connections
2023-07-21T18:57:43.584 INFO:teuthology.orchestra.run.smithi005.stdout:/usr/bin/ceph: stderr
2023-07-21T18:57:42.947+0000 7f1f8dfa7700 1 --2- 172.21.15.5:0/4196873629 >> [v2:172.21.15.5:3300/0,v1:172.21.15.5:6789/0] conn(0x7f1f8807bdf0 0x7f1f8807a2f0 unknown :-1 s=CLOSED pgs=37 cs=0 l=1 rev1=1 crypto rx=0 tx=0 comp rx=0 tx=0).stop
2023-07-21T18:57:43.584 INFO:teuthology.orchestra.run.smithi005.stdout:/usr/bin/ceph: stderr
2023-07-21T18:57:42.947+0000 7f1f8dfa7700 1 -- 172.21.15.5:0/4196873629 >> 172.21.15.5:0/4196873629 conn(0x7f1f88100890 msgr2=0x7f1f88102ca0 unknown :-1 s=STATE_NONE l=0).mark_down
2023-07-21T18:57:43.584 INFO:teuthology.orchestra.run.smithi005.stdout:/usr/bin/ceph: stderr
2023-07-21T18:57:42.947+0000 7f1f8dfa7700 1 -- 172.21.15.5:0/4196873629 shutdown_connections
2023-07-21T18:57:43.584 INFO:teuthology.orchestra.run.smithi005.stdout:/usr/bin/ceph: stderr
2023-07-21T18:57:42.947+0000 7f1f8dfa7700 1 -- 172.21.15.5:0/4196873629 wait complete.
2023-07-21T18:57:43.585 INFO:teuthology.orchestra.run.smithi005.stdout:/usr/bin/ceph: stderr
2023-07-21T18:57:42.948+0000 7f1f8dfa7700 1 Processor -- start
2023-07-21T18:57:43.585 INFO:teuthology.orchestra.run.smithi005.stdout:/usr/bin/ceph: stderr
2023-07-21T18:57:42.948+0000 7f1f8dfa7700 1 -- start start
2023-07-21T18:57:43.585 INFO:teuthology.orchestra.run.smithi005.stdout:/usr/bin/ceph: stderr
2023-07-21T18:57:42.949+0000 7f1f8dfa7700 1 --2- >> [v2:172.21.15.5:3300/0,v1:172.21.15.5:6789/0] conn(0x7f1f8807bdf0 0x7f1f8819b090 unknown :-1 s=NONE pgs=0 cs=0 l=1 rev1=0 crypto rx=0 tx=0 comp rx=0 tx=0).connect
2023-07-21T18:57:43.585 INFO:teuthology.orchestra.run.smithi005.stdout:/usr/bin/ceph: stderr
2023-07-21T18:57:42.949+0000 7f1f8dfa7700 1 -- --> [v2:172.21.15.5:3300/0,v1:172.21.15.5:6789/0] -- mon_getmap magic: 0 v1 -- 0x7f1f8819b5d0 con 0x7f1f8807bdf0
2023-07-21T18:57:43.585 INFO:teuthology.orchestra.run.smithi005.stdout:/usr/bin/ceph: stderr
2023-07-21T18:57:42.949+0000 7f1f877fe700 1 --2- >> [v2:172.21.15.5:3300/0,v1:172.21.15.5:6789/0] conn(0x7f1f8807bdf0 0x7f1f8819b090 unknown :-1 s=BANNER_CONNECTING pgs=0 cs=0 l=1 rev1=0 crypto rx=0 tx=0 comp rx=0 tx=0)._handle_peer_banner_payload supported=3 required=0
2023-07-21T18:57:43.585 INFO:teuthology.orchestra.run.smithi005.stdout:/usr/bin/ceph: stderr
2023-07-21T18:57:42.949+0000 7f1f877fe700 1 --2- >> [v2:172.21.15.5:3300/0,v1:172.21.15.5:6789/0] conn(0x7f1f8807bdf0 0x7f1f8819b090 unknown :-1 s=HELLO_CONNECTING pgs=0 cs=0 l=1 rev1=1 crypto rx=0 tx=0 comp rx=0 tx=0).handle_hello peer v2:172.21.15.5:3300/0 says I am v2:172.21.15.5:56366/0 (socket says 172.21.15.5:56366)
2023-07-21T18:57:43.585 INFO:teuthology.orchestra.run.smithi005.stdout:/usr/bin/ceph: stderr
2023-07-21T18:57:42.949+0000 7f1f877fe700 1 -- 172.21.15.5:0/3925980884 learned_addr learned my addr 172.21.15.5:0/3925980884 (peer_addr_for_me v2:172.21.15.5:0/0)
2023-07-21T18:57:43.586 INFO:teuthology.orchestra.run.smithi005.stdout:/usr/bin/ceph: stderr
2023-07-21T18:57:42.949+0000 7f1f877fe700 1 -- 172.21.15.5:0/3925980884 --> [v2:172.21.15.5:3300/0,v1:172.21.15.5:6789/0] -- mon_subscribe({config=0+,monmap=0+}) v3 -- 0x7f1f78009550 con 0x7f1f8807bdf0
2023-07-21T18:57:43.586 INFO:teuthology.orchestra.run.smithi005.stdout:/usr/bin/ceph: stderr
2023-07-21T18:57:42.949+0000 7f1f877fe700 1 --2- 172.21.15.5:0/3925980884 >> [v2:172.21.15.5:3300/0,v1:172.21.15.5:6789/0] conn(0x7f1f8807bdf0 0x7f1f8819b090 secure :-1 s=READY pgs=38 cs=0 l=1 rev1=1 crypto rx=0x7f1f78000c00 tx=0x7f1f78011e70 comp rx=0 tx=0).ready entity=mon.0 client_cookie=0 server_cookie=0 in_seq=0 out_seq=0
2023-07-21T18:57:43.586 INFO:teuthology.orchestra.run.smithi005.stdout:/usr/bin/ceph: stderr
2023-07-21T18:57:42.950+0000 7f1f84ff9700 1 -- 172.21.15.5:0/3925980884 <== mon.0 v2:172.21.15.5:3300/0 1 ==== mon_map magic: 0 v1 ==== 205+0+0 (secure 0 0 0) 0x7f1f780036a0 con 0x7f1f8807bdf0
2023-07-21T18:57:43.586 INFO:teuthology.orchestra.run.smithi005.stdout:/usr/bin/ceph: stderr
2023-07-21T18:57:42.950+0000 7f1f84ff9700 1 -- 172.21.15.5:0/3925980884 <== mon.0 v2:172.21.15.5:3300/0 2 ==== config(25 keys) v1 ==== 1036+0+0 (secure 0 0 0) 0x7f1f78003c70 con 0x7f1f8807bdf0
2023-07-21T18:57:43.586 INFO:teuthology.orchestra.run.smithi005.stdout:/usr/bin/ceph: stderr
2023-07-21T18:57:42.950+0000 7f1f8dfa7700 1 -- 172.21.15.5:0/3925980884 --> [v2:172.21.15.5:3300/0,v1:172.21.15.5:6789/0] -- mon_subscribe({mgrmap=0+}) v3 -- 0x7f1f8819b7d0 con 0x7f1f8807bdf0
2023-07-21T18:57:43.586 INFO:teuthology.orchestra.run.smithi005.stdout:/usr/bin/ceph: stderr
2023-07-21T18:57:42.950+0000 7f1f84ff9700 1 -- 172.21.15.5:0/3925980884 <== mon.0 v2:172.21.15.5:3300/0 3 ==== mon_map magic: 0 v1 ==== 205+0+0 (secure 0 0 0) 0x7f1f780193f0 con 0x7f1f8807bdf0
2023-07-21T18:57:43.586 INFO:teuthology.orchestra.run.smithi005.stdout:/usr/bin/ceph: stderr
2023-07-21T18:57:42.950+0000 7f1f8dfa7700 1 -- 172.21.15.5:0/3925980884 --> [v2:172.21.15.5:3300/0,v1:172.21.15.5:6789/0] -- mon_subscribe({osdmap=0}) v3 -- 0x7f1f8819bbf0 con 0x7f1f8807bdf0
2023-07-21T18:57:43.586 INFO:teuthology.orchestra.run.smithi005.stdout:/usr/bin/ceph: stderr
2023-07-21T18:57:42.951+0000 7f1f8dfa7700 1 -- 172.21.15.5:0/3925980884 --> [v2:172.21.15.5:3300/0,v1:172.21.15.5:6789/0] -- mon_command({"prefix": "get_command_descriptions"} v 0) v1 -- 0x7f1f8810b500 con 0x7f1f8807bdf0
2023-07-21T18:57:43.587 INFO:teuthology.orchestra.run.smithi005.stdout:/usr/bin/ceph: stderr
2023-07-21T18:57:42.951+0000 7f1f84ff9700 1 -- 172.21.15.5:0/3925980884 <== mon.0 v2:172.21.15.5:3300/0 4 ==== mgrmap(e 7) v1 ==== 45377+0+0 (secure 0 0 0) 0x7f1f7801b440 con 0x7f1f8807bdf0
2023-07-21T18:57:43.587 INFO:teuthology.orchestra.run.smithi005.stdout:/usr/bin/ceph: stderr
2023-07-21T18:57:42.952+0000 7f1f84ff9700 1 --2- 172.21.15.5:0/3925980884 >> [v2:172.21.15.5:6800/1672036156,v1:172.21.15.5:6801/1672036156] conn(0x7f1f70038630 0x7f1f7003aae0 unknown :-1 s=NONE pgs=0 cs=0 l=1 rev1=0 crypto rx=0 tx=0 comp rx=0 tx=0).connect
2023-07-21T18:57:43.587 INFO:teuthology.orchestra.run.smithi005.stdout:/usr/bin/ceph: stderr
2023-07-21T18:57:42.952+0000 7f1f84ff9700 1 -- 172.21.15.5:0/3925980884 <== mon.0 v2:172.21.15.5:3300/0 5 ==== osd_map(2..2 src has 1..2) v4 ==== 940+0+0 (secure 0 0 0) 0x7f1f7804c3d0 con 0x7f1f8807bdf0
2023-07-21T18:57:43.587 INFO:teuthology.orchestra.run.smithi005.stdout:/usr/bin/ceph: stderr
2023-07-21T18:57:42.952+0000 7f1f86ffd700 1 --2- 172.21.15.5:0/3925980884 >> [v2:172.21.15.5:6800/1672036156,v1:172.21.15.5:6801/1672036156] conn(0x7f1f70038630 0x7f1f7003aae0 unknown :-1 s=BANNER_CONNECTING pgs=0 cs=0 l=1 rev1=0 crypto rx=0 tx=0 comp rx=0 tx=0)._handle_peer_banner_payload supported=3 required=0
2023-07-21T18:57:43.587 INFO:teuthology.orchestra.run.smithi005.stdout:/usr/bin/ceph: stderr
2023-07-21T18:57:42.953+0000 7f1f86ffd700 1 --2- 172.21.15.5:0/3925980884 >> [v2:172.21.15.5:6800/1672036156,v1:172.21.15.5:6801/1672036156] conn(0x7f1f70038630 0x7f1f7003aae0 secure :-1 s=READY pgs=7 cs=0 l=1 rev1=1 crypto rx=0x7f1f7c006fd0 tx=0x7f1f7c006e40 comp rx=0 tx=0).ready entity=mgr.14120 client_cookie=0 server_cookie=0 in_seq=0 out_seq=0
2023-07-21T18:57:43.587 INFO:teuthology.orchestra.run.smithi005.stdout:/usr/bin/ceph: stderr
2023-07-21T18:57:42.957+0000 7f1f84ff9700 1 -- 172.21.15.5:0/3925980884 <== mon.0 v2:172.21.15.5:3300/0 6 ==== mon_command_ack([{"prefix": "get_command_descriptions"}]=0 v0) v1 ==== 72+0+178038 (secure 0 0 0) 0x7f1f78022950 con 0x7f1f8807bdf0
2023-07-21T18:57:43.587 INFO:teuthology.orchestra.run.smithi005.stdout:/usr/bin/ceph: stderr
2023-07-21T18:57:43.177+0000 7f1f8dfa7700 1 -- 172.21.15.5:0/3925980884 --> [v2:172.21.15.5:6800/1672036156,v1:172.21.15.5:6801/1672036156] -- mgr_command(tid 0: {"prefix": "orch set backend", "module_name": "cephadm", "target": ["mon-mgr", ""]}) v1 -- 0x7f1f8819ea50 con 0x7f1f70038630
2023-07-21T18:57:43.588 INFO:teuthology.orchestra.run.smithi005.stdout:/usr/bin/ceph: stderr
2023-07-21T18:57:43.185+0000 7f1f84ff9700 1 -- 172.21.15.5:0/3925980884 <== mgr.14120 v2:172.21.15.5:6800/1672036156 1 ==== mgr_command_reply(tid 0: 0 ) v1 ==== 8+0+0 (secure 0 0 0) 0x7f1f8819ea50 con 0x7f1f70038630
2023-07-21T18:57:43.588 INFO:teuthology.orchestra.run.smithi005.stdout:/usr/bin/ceph: stderr
2023-07-21T18:57:43.187+0000 7f1f8dfa7700 1 -- 172.21.15.5:0/3925980884 >> [v2:172.21.15.5:6800/1672036156,v1:172.21.15.5:6801/1672036156] conn(0x7f1f70038630 msgr2=0x7f1f7003aae0 secure :-1 s=STATE_CONNECTION_ESTABLISHED l=1).mark_down
2023-07-21T18:57:43.588 INFO:teuthology.orchestra.run.smithi005.stdout:/usr/bin/ceph: stderr
2023-07-21T18:57:43.187+0000 7f1f8dfa7700 1 --2- 172.21.15.5:0/3925980884 >> [v2:172.21.15.5:6800/1672036156,v1:172.21.15.5:6801/1672036156] conn(0x7f1f70038630 0x7f1f7003aae0 secure :-1 s=READY pgs=7 cs=0 l=1 rev1=1 crypto rx=0x7f1f7c006fd0 tx=0x7f1f7c006e40 comp rx=0 tx=0).stop
2023-07-21T18:57:43.588 INFO:teuthology.orchestra.run.smithi005.stdout:/usr/bin/ceph: stderr
2023-07-21T18:57:43.187+0000 7f1f8dfa7700 1 -- 172.21.15.5:0/3925980884 >> [v2:172.21.15.5:3300/0,v1:172.21.15.5:6789/0] conn(0x7f1f8807bdf0 msgr2=0x7f1f8819b090 secure :-1 s=STATE_CONNECTION_ESTABLISHED l=1).mark_down
2023-07-21T18:57:43.588 INFO:teuthology.orchestra.run.smithi005.stdout:/usr/bin/ceph: stderr
2023-07-21T18:57:43.187+0000 7f1f8dfa7700 1 --2- 172.21.15.5:0/3925980884 >> [v2:172.21.15.5:3300/0,v1:172.21.15.5:6789/0] conn(0x7f1f8807bdf0 0x7f1f8819b090 secure :-1 s=READY pgs=38 cs=0 l=1 rev1=1 crypto rx=0x7f1f78000c00 tx=0x7f1f78011e70 comp rx=0 tx=0).stop
2023-07-21T18:57:43.588 INFO:teuthology.orchestra.run.smithi005.stdout:/usr/bin/ceph: stderr
2023-07-21T18:57:43.188+0000 7f1f8dfa7700 1 -- 172.21.15.5:0/3925980884 shutdown_connections
2023-07-21T18:57:43.588 INFO:teuthology.orchestra.run.smithi005.stdout:/usr/bin/ceph: stderr
2023-07-21T18:57:43.188+0000 7f1f8dfa7700 1 --2- 172.21.15.5:0/3925980884 >> [v2:172.21.15.5:6800/1672036156,v1:172.21.15.5:6801/1672036156] conn(0x7f1f70038630 0x7f1f7003aae0 unknown :-1 s=CLOSED pgs=7 cs=0 l=1 rev1=1 crypto rx=0 tx=0 comp rx=0 tx=0).stop
2023-07-21T18:57:43.588 INFO:teuthology.orchestra.run.smithi005.stdout:/usr/bin/ceph: stderr
2023-07-21T18:57:43.188+0000 7f1f8dfa7700 1 --2- 172.21.15.5:0/3925980884 >> [v2:172.21.15.5:3300/0,v1:172.21.15.5:6789/0] conn(0x7f1f8807bdf0 0x7f1f8819b090 unknown :-1 s=CLOSED pgs=38 cs=0 l=1 rev1=1 crypto rx=0 tx=0 comp rx=0 tx=0).stop
2023-07-21T18:57:43.589 INFO:teuthology.orchestra.run.smithi005.stdout:/usr/bin/ceph: stderr
2023-07-21T18:57:43.188+0000 7f1f8dfa7700 1 -- 172.21.15.5:0/3925980884 >> 172.21.15.5:0/3925980884 conn(0x7f1f88100890 msgr2=0x7f1f88101610 unknown :-1 s=STATE_NONE l=0).mark_down
2023-07-21T18:57:43.589 INFO:teuthology.orchestra.run.smithi005.stdout:/usr/bin/ceph: stderr
2023-07-21T18:57:43.188+0000 7f1f8dfa7700 1 -- 172.21.15.5:0/3925980884 shutdown_connections
2023-07-21T18:57:43.589 INFO:teuthology.orchestra.run.smithi005.stdout:/usr/bin/ceph: stderr
2023-07-21T18:57:43.188+0000 7f1f8dfa7700 1 -- 172.21.15.5:0/3925980884 wait complete.
2023-07-21T18:57:44.585 INFO:journalctl@ceph.mon.a.smithi005.stdout:Jul 21 18:57:44 smithi005 ceph-mon[126460]: [21/Jul/2023:18:57:43] ENGINE Bus STARTING
2023-07-21T18:57:44.585 INFO:journalctl@ceph.mon.a.smithi005.stdout:Jul 21 18:57:44 smithi005 ceph-mon[126460]: from='client.14132 -' entity='client.admin' cmd=[{"prefix": "orch set backend", "module_name": "cephadm", "target": ["mon-mgr", ""]}]: dispatch
2023-07-21T18:57:44.585 INFO:journalctl@ceph.mon.a.smithi005.stdout:Jul 21 18:57:44 smithi005 ceph-mon[126460]: from='mgr.14120 172.21.15.5:0/312164044' entity='mgr.x'
2023-07-21T18:57:44.585 INFO:journalctl@ceph.mon.a.smithi005.stdout:Jul 21 18:57:44 smithi005 ceph-mon[126460]: from='mgr.14120 172.21.15.5:0/312164044' entity='mgr.x' cmd=[{"prefix": "config dump", "format": "json"}]: dispatch
2023-07-21T18:57:44.585 INFO:journalctl@ceph.mon.a.smithi005.stdout:Jul 21 18:57:44 smithi005 ceph-mon[126460]: [21/Jul/2023:18:57:43] ENGINE Serving on https://172.21.15.5:7150
2023-07-21T18:57:44.585 INFO:journalctl@ceph.mon.a.smithi005.stdout:Jul 21 18:57:44 smithi005 ceph-mon[126460]: [21/Jul/2023:18:57:43] ENGINE Serving on http://172.21.15.5:8765
2023-07-21T18:57:44.586 INFO:journalctl@ceph.mon.a.smithi005.stdout:Jul 21 18:57:44 smithi005 ceph-mon[126460]: [21/Jul/2023:18:57:43] ENGINE Bus STARTED
2023-07-21T18:57:44.586 INFO:journalctl@ceph.mon.a.smithi005.stdout:Jul 21 18:57:44 smithi005 ceph-mon[126460]: from='mgr.14120 172.21.15.5:0/312164044' entity='mgr.x' cmd=[{"prefix": "config dump", "format": "json"}]: dispatch
2023-07-21T18:57:44.586 INFO:journalctl@ceph.mon.a.smithi005.stdout:Jul 21 18:57:44 smithi005 ceph-mon[126460]: mgrmap e8: x(active, since 2s)
2023-07-21T18:57:44.861 INFO:teuthology.orchestra.run.smithi005.stdout:/usr/bin/ceph: stdout value unchanged
2023-07-21T18:57:44.862 INFO:teuthology.orchestra.run.smithi005.stdout:/usr/bin/ceph: stderr
2023-07-21T18:57:44.093+0000 7f6446451700 1 Processor -- start
2023-07-21T18:57:44.862 INFO:teuthology.orchestra.run.smithi005.stdout:/usr/bin/ceph: stderr
2023-07-21T18:57:44.093+0000 7f6446451700 1 -- start start
2023-07-21T18:57:44.862 INFO:teuthology.orchestra.run.smithi005.stdout:/usr/bin/ceph: stderr
2023-07-21T18:57:44.094+0000 7f6446451700 1 --2- >> [v2:172.21.15.5:3300/0,v1:172.21.15.5:6789/0] conn(0x7f644007bdd0 0x7f644007a2d0 unknown :-1 s=NONE pgs=0 cs=0 l=0 rev1=0 crypto rx=0 tx=0 comp rx=0 tx=0).connect
2023-07-21T18:57:44.862 INFO:teuthology.orchestra.run.smithi005.stdout:/usr/bin/ceph: stderr
2023-07-21T18:57:44.094+0000 7f6446451700 1 -- --> [v2:172.21.15.5:3300/0,v1:172.21.15.5:6789/0] -- mon_getmap magic: 0 v1 -- 0x7f644007a810 con 0x7f644007bdd0
2023-07-21T18:57:44.862 INFO:teuthology.orchestra.run.smithi005.stdout:/usr/bin/ceph: stderr
2023-07-21T18:57:44.094+0000 7f643ffff700 1 --2- >> [v2:172.21.15.5:3300/0,v1:172.21.15.5:6789/0] conn(0x7f644007bdd0 0x7f644007a2d0 unknown :-1 s=BANNER_CONNECTING pgs=0 cs=0 l=0 rev1=0 crypto rx=0 tx=0 comp rx=0 tx=0)._handle_peer_banner_payload supported=3 required=0
2023-07-21T18:57:44.863 INFO:teuthology.orchestra.run.smithi005.stdout:/usr/bin/ceph: stderr
2023-07-21T18:57:44.094+0000 7f643ffff700 1 --2- >> [v2:172.21.15.5:3300/0,v1:172.21.15.5:6789/0] conn(0x7f644007bdd0 0x7f644007a2d0 unknown :-1 s=HELLO_CONNECTING pgs=0 cs=0 l=0 rev1=1 crypto rx=0 tx=0 comp rx=0 tx=0).handle_hello peer v2:172.21.15.5:3300/0 says I am v2:172.21.15.5:56382/0 (socket says 172.21.15.5:56382)
2023-07-21T18:57:44.863 INFO:teuthology.orchestra.run.smithi005.stdout:/usr/bin/ceph: stderr
2023-07-21T18:57:44.094+0000 7f643ffff700 1 -- 172.21.15.5:0/3903216983 learned_addr learned my addr 172.21.15.5:0/3903216983 (peer_addr_for_me v2:172.21.15.5:0/0)
2023-07-21T18:57:44.866 INFO:teuthology.orchestra.run.smithi005.stdout:/usr/bin/ceph: stderr
2023-07-21T18:57:44.094+0000 7f643ffff700 1 -- 172.21.15.5:0/3903216983 --> [v2:172.21.15.5:3300/0,v1:172.21.15.5:6789/0] -- mon_subscribe({config=0+,monmap=0+}) v3 -- 0x7f644007a950 con 0x7f644007bdd0
2023-07-21T18:57:44.866 INFO:teuthology.orchestra.run.smithi005.stdout:/usr/bin/ceph: stderr
2023-07-21T18:57:44.095+0000 7f643ffff700 1 --2- 172.21.15.5:0/3903216983 >> [v2:172.21.15.5:3300/0,v1:172.21.15.5:6789/0] conn(0x7f644007bdd0 0x7f644007a2d0 secure :-1 s=READY pgs=39 cs=0 l=1 rev1=1 crypto rx=0x7f64300098a0 tx=0x7f6430009bb0 comp rx=0 tx=0).ready entity=mon.0 client_cookie=508dada348d034fd server_cookie=0 in_seq=0 out_seq=0
2023-07-21T18:57:44.866 INFO:teuthology.orchestra.run.smithi005.stdout:/usr/bin/ceph: stderr
2023-07-21T18:57:44.095+0000 7f643effd700 1 -- 172.21.15.5:0/3903216983 <== mon.0 v2:172.21.15.5:3300/0 1 ==== mon_map magic: 0 v1 ==== 205+0+0 (secure 0 0 0) 0x7f6430004160 con 0x7f644007bdd0
2023-07-21T18:57:44.867 INFO:teuthology.orchestra.run.smithi005.stdout:/usr/bin/ceph: stderr
2023-07-21T18:57:44.095+0000 7f643effd700 1 -- 172.21.15.5:0/3903216983 <== mon.0 v2:172.21.15.5:3300/0 2 ==== config(25 keys) v1 ==== 1036+0+0 (secure 0 0 0) 0x7f64300042c0 con 0x7f644007bdd0
2023-07-21T18:57:44.867 INFO:teuthology.orchestra.run.smithi005.stdout:/usr/bin/ceph: stderr
2023-07-21T18:57:44.095+0000 7f643effd700 1 -- 172.21.15.5:0/3903216983 <== mon.0 v2:172.21.15.5:3300/0 3 ==== mon_map magic: 0 v1 ==== 205+0+0 (secure 0 0 0) 0x7f6430011940 con 0x7f644007bdd0
2023-07-21T18:57:44.867 INFO:teuthology.orchestra.run.smithi005.stdout:/usr/bin/ceph: stderr
2023-07-21T18:57:44.095+0000 7f6446451700 1 -- 172.21.15.5:0/3903216983 >> [v2:172.21.15.5:3300/0,v1:172.21.15.5:6789/0] conn(0x7f644007bdd0 msgr2=0x7f644007a2d0 secure :-1 s=STATE_CONNECTION_ESTABLISHED l=1).mark_down
2023-07-21T18:57:44.867 INFO:teuthology.orchestra.run.smithi005.stdout:/usr/bin/ceph: stderr
2023-07-21T18:57:44.095+0000 7f6446451700 1 --2- 172.21.15.5:0/3903216983 >> [v2:172.21.15.5:3300/0,v1:172.21.15.5:6789/0] conn(0x7f644007bdd0 0x7f644007a2d0 secure :-1 s=READY pgs=39 cs=0 l=1 rev1=1 crypto rx=0x7f64300098a0 tx=0x7f6430009bb0 comp rx=0 tx=0).stop
2023-07-21T18:57:44.867 INFO:teuthology.orchestra.run.smithi005.stdout:/usr/bin/ceph: stderr
2023-07-21T18:57:44.095+0000 7f6446451700 1 -- 172.21.15.5:0/3903216983 shutdown_connections
2023-07-21T18:57:44.867 INFO:teuthology.orchestra.run.smithi005.stdout:/usr/bin/ceph: stderr
2023-07-21T18:57:44.096+0000 7f6446451700 1 --2- 172.21.15.5:0/3903216983 >> [v2:172.21.15.5:3300/0,v1:172.21.15.5:6789/0] conn(0x7f644007bdd0 0x7f644007a2d0 unknown :-1 s=CLOSED pgs=39 cs=0 l=1 rev1=1 crypto rx=0 tx=0 comp rx=0 tx=0).stop
2023-07-21T18:57:44.867 INFO:teuthology.orchestra.run.smithi005.stdout:/usr/bin/ceph: stderr
2023-07-21T18:57:44.096+0000 7f6446451700 1 -- 172.21.15.5:0/3903216983 >> 172.21.15.5:0/3903216983 conn(0x7f6440100900 msgr2=0x7f6440102d10 unknown :-1 s=STATE_NONE l=0).mark_down
2023-07-21T18:57:44.868 INFO:teuthology.orchestra.run.smithi005.stdout:/usr/bin/ceph: stderr
2023-07-21T18:57:44.096+0000 7f6446451700 1 -- 172.21.15.5:0/3903216983 shutdown_connections
2023-07-21T18:57:44.868 INFO:teuthology.orchestra.run.smithi005.stdout:/usr/bin/ceph: stderr
2023-07-21T18:57:44.096+0000 7f6446451700 1 -- 172.21.15.5:0/3903216983 wait complete.
2023-07-21T18:57:44.868 INFO:teuthology.orchestra.run.smithi005.stdout:/usr/bin/ceph: stderr
2023-07-21T18:57:44.097+0000 7f6446451700 1 Processor -- start
2023-07-21T18:57:44.868 INFO:teuthology.orchestra.run.smithi005.stdout:/usr/bin/ceph: stderr
2023-07-21T18:57:44.097+0000 7f6446451700 1 -- start start
2023-07-21T18:57:44.868 INFO:teuthology.orchestra.run.smithi005.stdout:/usr/bin/ceph: stderr
2023-07-21T18:57:44.097+0000 7f6446451700 1 --2- >> [v2:172.21.15.5:3300/0,v1:172.21.15.5:6789/0] conn(0x7f644007bdd0 0x7f644019b170 unknown :-1 s=NONE pgs=0 cs=0 l=1 rev1=0 crypto rx=0 tx=0 comp rx=0 tx=0).connect
2023-07-21T18:57:44.868 INFO:teuthology.orchestra.run.smithi005.stdout:/usr/bin/ceph: stderr
2023-07-21T18:57:44.097+0000 7f6446451700 1 -- --> [v2:172.21.15.5:3300/0,v1:172.21.15.5:6789/0] -- mon_getmap magic: 0 v1 -- 0x7f644019b6b0 con 0x7f644007bdd0
2023-07-21T18:57:44.868 INFO:teuthology.orchestra.run.smithi005.stdout:/usr/bin/ceph: stderr
2023-07-21T18:57:44.097+0000 7f643ffff700 1 --2- >> [v2:172.21.15.5:3300/0,v1:172.21.15.5:6789/0] conn(0x7f644007bdd0 0x7f644019b170 unknown :-1 s=BANNER_CONNECTING pgs=0 cs=0 l=1 rev1=0 crypto rx=0 tx=0 comp rx=0 tx=0)._handle_peer_banner_payload supported=3 required=0
2023-07-21T18:57:44.868 INFO:teuthology.orchestra.run.smithi005.stdout:/usr/bin/ceph: stderr
2023-07-21T18:57:44.097+0000 7f643ffff700 1 --2- >> [v2:172.21.15.5:3300/0,v1:172.21.15.5:6789/0] conn(0x7f644007bdd0 0x7f644019b170 unknown :-1 s=HELLO_CONNECTING pgs=0 cs=0 l=1 rev1=1 crypto rx=0 tx=0 comp rx=0 tx=0).handle_hello peer v2:172.21.15.5:3300/0 says I am v2:172.21.15.5:56394/0 (socket says 172.21.15.5:56394)
2023-07-21T18:57:44.869 INFO:teuthology.orchestra.run.smithi005.stdout:/usr/bin/ceph: stderr
2023-07-21T18:57:44.097+0000 7f643ffff700 1 -- 172.21.15.5:0/2178448747 learned_addr learned my addr 172.21.15.5:0/2178448747 (peer_addr_for_me v2:172.21.15.5:0/0)
2023-07-21T18:57:44.869 INFO:teuthology.orchestra.run.smithi005.stdout:/usr/bin/ceph: stderr
2023-07-21T18:57:44.098+0000 7f643ffff700 1 -- 172.21.15.5:0/2178448747 --> [v2:172.21.15.5:3300/0,v1:172.21.15.5:6789/0] -- mon_subscribe({config=0+,monmap=0+}) v3 -- 0x7f6430009550 con 0x7f644007bdd0
2023-07-21T18:57:44.869 INFO:teuthology.orchestra.run.smithi005.stdout:/usr/bin/ceph: stderr
2023-07-21T18:57:44.098+0000 7f643ffff700 1 --2- 172.21.15.5:0/2178448747 >> [v2:172.21.15.5:3300/0,v1:172.21.15.5:6789/0] conn(0x7f644007bdd0 0x7f644019b170 secure :-1 s=READY pgs=40 cs=0 l=1 rev1=1 crypto rx=0x7f6430000c00 tx=0x7f6430011e70 comp rx=0 tx=0).ready entity=mon.0 client_cookie=0 server_cookie=0 in_seq=0 out_seq=0
2023-07-21T18:57:44.869 INFO:teuthology.orchestra.run.smithi005.stdout:/usr/bin/ceph: stderr
2023-07-21T18:57:44.098+0000 7f643d7fa700 1 -- 172.21.15.5:0/2178448747 <== mon.0 v2:172.21.15.5:3300/0 1 ==== mon_map magic: 0 v1 ==== 205+0+0 (secure 0 0 0) 0x7f64300036a0 con 0x7f644007bdd0
2023-07-21T18:57:44.869 INFO:teuthology.orchestra.run.smithi005.stdout:/usr/bin/ceph: stderr
2023-07-21T18:57:44.098+0000 7f643d7fa700 1 -- 172.21.15.5:0/2178448747 <== mon.0 v2:172.21.15.5:3300/0 2 ==== config(25 keys) v1 ==== 1036+0+0 (secure 0 0 0) 0x7f6430003c70 con 0x7f644007bdd0
2023-07-21T18:57:44.869 INFO:teuthology.orchestra.run.smithi005.stdout:/usr/bin/ceph: stderr
2023-07-21T18:57:44.098+0000 7f6446451700 1 -- 172.21.15.5:0/2178448747 --> [v2:172.21.15.5:3300/0,v1:172.21.15.5:6789/0] -- mon_subscribe({mgrmap=0+}) v3 -- 0x7f644019b8b0 con 0x7f644007bdd0
2023-07-21T18:57:44.869 INFO:teuthology.orchestra.run.smithi005.stdout:/usr/bin/ceph: stderr
2023-07-21T18:57:44.098+0000 7f643d7fa700 1 -- 172.21.15.5:0/2178448747 <== mon.0 v2:172.21.15.5:3300/0 3 ==== mon_map magic: 0 v1 ==== 205+0+0 (secure 0 0 0) 0x7f64300193f0 con 0x7f644007bdd0
2023-07-21T18:57:44.870 INFO:teuthology.orchestra.run.smithi005.stdout:/usr/bin/ceph: stderr
2023-07-21T18:57:44.098+0000 7f6446451700 1 -- 172.21.15.5:0/2178448747 --> [v2:172.21.15.5:3300/0,v1:172.21.15.5:6789/0] -- mon_subscribe({osdmap=0}) v3 -- 0x7f644019bcd0 con 0x7f644007bdd0
2023-07-21T18:57:44.870 INFO:teuthology.orchestra.run.smithi005.stdout:/usr/bin/ceph: stderr
2023-07-21T18:57:44.099+0000 7f6446451700 1 -- 172.21.15.5:0/2178448747 --> [v2:172.21.15.5:3300/0,v1:172.21.15.5:6789/0] -- mon_command({"prefix": "get_command_descriptions"} v 0) v1 -- 0x7f644010b4d0 con 0x7f644007bdd0
2023-07-21T18:57:44.870 INFO:teuthology.orchestra.run.smithi005.stdout:/usr/bin/ceph: stderr
2023-07-21T18:57:44.099+0000 7f643d7fa700 1 -- 172.21.15.5:0/2178448747 <== mon.0 v2:172.21.15.5:3300/0 4 ==== mgrmap(e 8) v1 ==== 45483+0+0 (secure 0 0 0) 0x7f643001b440 con 0x7f644007bdd0
2023-07-21T18:57:44.870 INFO:teuthology.orchestra.run.smithi005.stdout:/usr/bin/ceph: stderr
2023-07-21T18:57:44.100+0000 7f643d7fa700 1 --2- 172.21.15.5:0/2178448747 >> [v2:172.21.15.5:6800/1672036156,v1:172.21.15.5:6801/1672036156] conn(0x7f6428038760 0x7f642803ac10 unknown :-1 s=NONE pgs=0 cs=0 l=1 rev1=0 crypto rx=0 tx=0 comp rx=0 tx=0).connect
2023-07-21T18:57:44.870 INFO:teuthology.orchestra.run.smithi005.stdout:/usr/bin/ceph: stderr
2023-07-21T18:57:44.100+0000 7f643d7fa700 1 -- 172.21.15.5:0/2178448747 <== mon.0 v2:172.21.15.5:3300/0 5 ==== osd_map(2..2 src has 1..2) v4 ==== 940+0+0 (secure 0 0 0) 0x7f643004c590 con 0x7f644007bdd0
2023-07-21T18:57:44.870 INFO:teuthology.orchestra.run.smithi005.stdout:/usr/bin/ceph: stderr
2023-07-21T18:57:44.100+0000 7f643f7fe700 1 --2- 172.21.15.5:0/2178448747 >> [v2:172.21.15.5:6800/1672036156,v1:172.21.15.5:6801/1672036156] conn(0x7f6428038760 0x7f642803ac10 unknown :-1 s=BANNER_CONNECTING pgs=0 cs=0 l=1 rev1=0 crypto rx=0 tx=0 comp rx=0 tx=0)._handle_peer_banner_payload supported=3 required=0
2023-07-21T18:57:44.870 INFO:teuthology.orchestra.run.smithi005.stdout:/usr/bin/ceph: stderr
2023-07-21T18:57:44.101+0000 7f643f7fe700 1 --2- 172.21.15.5:0/2178448747 >> [v2:172.21.15.5:6800/1672036156,v1:172.21.15.5:6801/1672036156] conn(0x7f6428038760 0x7f642803ac10 secure :-1 s=READY pgs=8 cs=0 l=1 rev1=1 crypto rx=0x7f6434006fd0 tx=0x7f6434006e40 comp rx=0 tx=0).ready entity=mgr.14120 client_cookie=0 server_cookie=0 in_seq=0 out_seq=0
2023-07-21T18:57:44.870 INFO:teuthology.orchestra.run.smithi005.stdout:/usr/bin/ceph: stderr
2023-07-21T18:57:44.105+0000 7f643d7fa700 1 -- 172.21.15.5:0/2178448747 <== mon.0 v2:172.21.15.5:3300/0 6 ==== mon_command_ack([{"prefix": "get_command_descriptions"}]=0 v0) v1 ==== 72+0+178038 (secure 0 0 0) 0x7f6430022950 con 0x7f644007bdd0
2023-07-21T18:57:44.871 INFO:teuthology.orchestra.run.smithi005.stdout:/usr/bin/ceph: stderr
2023-07-21T18:57:44.313+0000 7f6446451700 1 -- 172.21.15.5:0/2178448747 --> [v2:172.21.15.5:6800/1672036156,v1:172.21.15.5:6801/1672036156] -- mgr_command(tid 0: {"prefix": "cephadm set-user", "user": "root", "target": ["mon-mgr", ""]}) v1 -- 0x7f644019eb30 con 0x7f6428038760
2023-07-21T18:57:44.871 INFO:teuthology.orchestra.run.smithi005.stdout:/usr/bin/ceph: stderr
2023-07-21T18:57:44.314+0000 7f643d7fa700 1 -- 172.21.15.5:0/2178448747 <== mgr.14120 v2:172.21.15.5:6800/1672036156 1 ==== mgr_command_reply(tid 0: 0 ) v1 ==== 8+0+16 (secure 0 0 0) 0x7f644019eb30 con 0x7f6428038760
2023-07-21T18:57:44.871 INFO:teuthology.orchestra.run.smithi005.stdout:/usr/bin/ceph: stderr
2023-07-21T18:57:44.316+0000 7f6446451700 1 -- 172.21.15.5:0/2178448747 >> [v2:172.21.15.5:6800/1672036156,v1:172.21.15.5:6801/1672036156] conn(0x7f6428038760 msgr2=0x7f642803ac10 secure :-1 s=STATE_CONNECTION_ESTABLISHED l=1).mark_down
2023-07-21T18:57:44.871 INFO:teuthology.orchestra.run.smithi005.stdout:/usr/bin/ceph: stderr
2023-07-21T18:57:44.316+0000 7f6446451700 1 --2- 172.21.15.5:0/2178448747 >> [v2:172.21.15.5:6800/1672036156,v1:172.21.15.5:6801/1672036156] conn(0x7f6428038760 0x7f642803ac10 secure :-1 s=READY pgs=8 cs=0 l=1 rev1=1 crypto rx=0x7f6434006fd0 tx=0x7f6434006e40 comp rx=0 tx=0).stop
2023-07-21T18:57:44.871 INFO:teuthology.orchestra.run.smithi005.stdout:/usr/bin/ceph: stderr
2023-07-21T18:57:44.316+0000 7f6446451700 1 -- 172.21.15.5:0/2178448747 >> [v2:172.21.15.5:3300/0,v1:172.21.15.5:6789/0] conn(0x7f644007bdd0 msgr2=0x7f644019b170 secure :-1 s=STATE_CONNECTION_ESTABLISHED l=1).mark_down
2023-07-21T18:57:44.871 INFO:teuthology.orchestra.run.smithi005.stdout:/usr/bin/ceph: stderr
2023-07-21T18:57:44.316+0000 7f6446451700 1 --2- 172.21.15.5:0/2178448747 >> [v2:172.21.15.5:3300/0,v1:172.21.15.5:6789/0] conn(0x7f644007bdd0 0x7f644019b170 secure :-1 s=READY pgs=40 cs=0 l=1 rev1=1 crypto rx=0x7f6430000c00 tx=0x7f6430011e70 comp rx=0 tx=0).stop
2023-07-21T18:57:44.871 INFO:teuthology.orchestra.run.smithi005.stdout:/usr/bin/ceph: stderr
2023-07-21T18:57:44.316+0000 7f6446451700 1 -- 172.21.15.5:0/2178448747 shutdown_connections
2023-07-21T18:57:44.872 INFO:teuthology.orchestra.run.smithi005.stdout:/usr/bin/ceph: stderr
2023-07-21T18:57:44.316+0000 7f6446451700 1 --2- 172.21.15.5:0/2178448747 >> [v2:172.21.15.5:6800/1672036156,v1:172.21.15.5:6801/1672036156] conn(0x7f6428038760 0x7f642803ac10 unknown :-1 s=CLOSED pgs=8 cs=0 l=1 rev1=1 crypto rx=0 tx=0 comp rx=0 tx=0).stop
2023-07-21T18:57:44.872 INFO:teuthology.orchestra.run.smithi005.stdout:/usr/bin/ceph: stderr
2023-07-21T18:57:44.316+0000 7f6446451700 1 --2- 172.21.15.5:0/2178448747 >> [v2:172.21.15.5:3300/0,v1:172.21.15.5:6789/0] conn(0x7f644007bdd0 0x7f644019b170 unknown :-1 s=CLOSED pgs=40 cs=0 l=1 rev1=1 crypto rx=0 tx=0 comp rx=0 tx=0).stop
2023-07-21T18:57:44.872 INFO:teuthology.orchestra.run.smithi005.stdout:/usr/bin/ceph: stderr
2023-07-21T18:57:44.316+0000 7f6446451700 1 -- 172.21.15.5:0/2178448747 >> 172.21.15.5:0/2178448747 conn(0x7f6440100900 msgr2=0x7f6440102000 unknown :-1 s=STATE_NONE l=0).mark_down
2023-07-21T18:57:44.872 INFO:teuthology.orchestra.run.smithi005.stdout:/usr/bin/ceph: stderr
2023-07-21T18:57:44.316+0000 7f6446451700 1 -- 172.21.15.5:0/2178448747 shutdown_connections
2023-07-21T18:57:44.872 INFO:teuthology.orchestra.run.smithi005.stdout:/usr/bin/ceph: stderr
2023-07-21T18:57:44.317+0000 7f6446451700 1 -- 172.21.15.5:0/2178448747 wait complete.
2023-07-21T18:57:44.872 INFO:teuthology.orchestra.run.smithi005.stdout:Generating ssh key...
2023-07-21T18:57:45.418 INFO:journalctl@ceph.mon.a.smithi005.stdout:Jul 21 18:57:45 smithi005 ceph-mon[126460]: from='client.14134 -' entity='client.admin' cmd=[{"prefix": "cephadm set-user", "user": "root", "target": ["mon-mgr", ""]}]: dispatch
2023-07-21T18:57:46.169 INFO:journalctl@ceph.mgr.x.smithi005.stdout:Jul 21 18:57:45 smithi005 ceph-3dc43aa4-27f8-11ee-9b34-001a4aab830c-mgr-x[126703]: Generating public/private rsa key pair.
2023-07-21T18:57:46.169 INFO:journalctl@ceph.mgr.x.smithi005.stdout:Jul 21 18:57:45 smithi005 ceph-3dc43aa4-27f8-11ee-9b34-001a4aab830c-mgr-x[126703]: Your identification has been saved in /tmp/tmp00h0ywjm/key.
2023-07-21T18:57:46.169 INFO:journalctl@ceph.mgr.x.smithi005.stdout:Jul 21 18:57:45 smithi005 ceph-3dc43aa4-27f8-11ee-9b34-001a4aab830c-mgr-x[126703]: Your public key has been saved in /tmp/tmp00h0ywjm/key.pub.
2023-07-21T18:57:46.169 INFO:journalctl@ceph.mgr.x.smithi005.stdout:Jul 21 18:57:45 smithi005 ceph-3dc43aa4-27f8-11ee-9b34-001a4aab830c-mgr-x[126703]: The key fingerprint is:
2023-07-21T18:57:46.169 INFO:journalctl@ceph.mgr.x.smithi005.stdout:Jul 21 18:57:45 smithi005 ceph-3dc43aa4-27f8-11ee-9b34-001a4aab830c-mgr-x[126703]: SHA256:p8TuThdy+emJhjNxU8QKA9/V24nTWAgnsW2Ab/7onj4 ceph-3dc43aa4-27f8-11ee-9b34-001a4aab830c
2023-07-21T18:57:46.170 INFO:journalctl@ceph.mgr.x.smithi005.stdout:Jul 21 18:57:45 smithi005 ceph-3dc43aa4-27f8-11ee-9b34-001a4aab830c-mgr-x[126703]: The key's randomart image is:
2023-07-21T18:57:46.170 INFO:journalctl@ceph.mgr.x.smithi005.stdout:Jul 21 18:57:45 smithi005 ceph-3dc43aa4-27f8-11ee-9b34-001a4aab830c-mgr-x[126703]: +---[RSA 3072]----+
2023-07-21T18:57:46.170 INFO:journalctl@ceph.mgr.x.smithi005.stdout:Jul 21 18:57:45 smithi005 ceph-3dc43aa4-27f8-11ee-9b34-001a4aab830c-mgr-x[126703]: | .. .*+o. |
2023-07-21T18:57:46.170 INFO:journalctl@ceph.mgr.x.smithi005.stdout:Jul 21 18:57:45 smithi005 ceph-3dc43aa4-27f8-11ee-9b34-001a4aab830c-mgr-x[126703]: | .oo .O... |
2023-07-21T18:57:46.170 INFO:journalctl@ceph.mgr.x.smithi005.stdout:Jul 21 18:57:45 smithi005 ceph-3dc43aa4-27f8-11ee-9b34-001a4aab830c-mgr-x[126703]: | .oo+ o=o.|
2023-07-21T18:57:46.170 INFO:journalctl@ceph.mgr.x.smithi005.stdout:Jul 21 18:57:45 smithi005 ceph-3dc43aa4-27f8-11ee-9b34-001a4aab830c-mgr-x[126703]: | . .+o+.o.|
2023-07-21T18:57:46.170 INFO:journalctl@ceph.mgr.x.smithi005.stdout:Jul 21 18:57:45 smithi005 ceph-3dc43aa4-27f8-11ee-9b34-001a4aab830c-mgr-x[126703]: | S B. . |
2023-07-21T18:57:46.171 INFO:journalctl@ceph.mgr.x.smithi005.stdout:Jul 21 18:57:45 smithi005 ceph-3dc43aa4-27f8-11ee-9b34-001a4aab830c-mgr-x[126703]: | o.=o+ . |
2023-07-21T18:57:46.171 INFO:journalctl@ceph.mgr.x.smithi005.stdout:Jul 21 18:57:45 smithi005 ceph-3dc43aa4-27f8-11ee-9b34-001a4aab830c-mgr-x[126703]: | ++..= |
2023-07-21T18:57:46.171 INFO:journalctl@ceph.mgr.x.smithi005.stdout:Jul 21 18:57:45 smithi005 ceph-3dc43aa4-27f8-11ee-9b34-001a4aab830c-mgr-x[126703]: | o+..E.o |
2023-07-21T18:57:46.171 INFO:journalctl@ceph.mgr.x.smithi005.stdout:Jul 21 18:57:45 smithi005 ceph-3dc43aa4-27f8-11ee-9b34-001a4aab830c-mgr-x[126703]: | .o+==+ |
2023-07-21T18:57:46.171 INFO:journalctl@ceph.mgr.x.smithi005.stdout:Jul 21 18:57:45 smithi005 ceph-3dc43aa4-27f8-11ee-9b34-001a4aab830c-mgr-x[126703]: +----[SHA256]-----+
2023-07-21T18:57:46.245 INFO:teuthology.orchestra.run.smithi005.stdout:/usr/bin/ceph: stderr
2023-07-21T18:57:45.460+0000 7f0d807b1700 1 Processor -- start
2023-07-21T18:57:46.246 INFO:teuthology.orchestra.run.smithi005.stdout:/usr/bin/ceph: stderr
2023-07-21T18:57:45.460+0000 7f0d807b1700 1 -- start start
2023-07-21T18:57:46.246 INFO:teuthology.orchestra.run.smithi005.stdout:/usr/bin/ceph: stderr
2023-07-21T18:57:45.460+0000 7f0d807b1700 1 --2- >> [v2:172.21.15.5:3300/0,v1:172.21.15.5:6789/0] conn(0x7f0d7807bdf0 0x7f0d7807a2f0 unknown :-1 s=NONE pgs=0 cs=0 l=0 rev1=0 crypto rx=0 tx=0 comp rx=0 tx=0).connect
2023-07-21T18:57:46.246 INFO:teuthology.orchestra.run.smithi005.stdout:/usr/bin/ceph: stderr
2023-07-21T18:57:45.460+0000 7f0d807b1700 1 -- --> [v2:172.21.15.5:3300/0,v1:172.21.15.5:6789/0] -- mon_getmap magic: 0 v1 -- 0x7f0d7807a830 con 0x7f0d7807bdf0
2023-07-21T18:57:46.246 INFO:teuthology.orchestra.run.smithi005.stdout:/usr/bin/ceph: stderr
2023-07-21T18:57:45.460+0000 7f0d7e54d700 1 --2- >> [v2:172.21.15.5:3300/0,v1:172.21.15.5:6789/0] conn(0x7f0d7807bdf0 0x7f0d7807a2f0 unknown :-1 s=BANNER_CONNECTING pgs=0 cs=0 l=0 rev1=0 crypto rx=0 tx=0 comp rx=0 tx=0)._handle_peer_banner_payload supported=3 required=0
2023-07-21T18:57:46.246 INFO:teuthology.orchestra.run.smithi005.stdout:/usr/bin/ceph: stderr
