2023-07-21T18:34:11.964+0000 7f0249d5e700 1 --2- 172.21.15.39:0/1067428496 >> [v2:172.21.15.39:3300/0,v1:172.21.15.39:6789/0] conn(0x7f0244103b70 0x7f0244199290 secure :-1 s=READY pgs=75 cs=0 l=1 rev1=1 crypto rx=0x7f0240006af0 tx=0x7f0240011a10 comp rx=0 tx=0).ready entity=mon.0 client_cookie=0 server_cookie=0 in_seq=0 out_seq=0
2023-07-21T18:34:12.708 INFO:teuthology.orchestra.run.smithi039.stdout:/usr/bin/ceph: stderr
2023-07-21T18:34:11.964+0000 7f023affd700 1 -- 172.21.15.39:0/1067428496 <== mon.0 v2:172.21.15.39:3300/0 1 ==== mon_map magic: 0 v1 ==== 205+0+0 (secure 0 0 0) 0x7f0240003a40 con 0x7f0244103b70
2023-07-21T18:34:12.708 INFO:teuthology.orchestra.run.smithi039.stdout:/usr/bin/ceph: stderr
2023-07-21T18:34:11.964+0000 7f024bfc2700 1 -- 172.21.15.39:0/1067428496 --> [v2:172.21.15.39:3300/0,v1:172.21.15.39:6789/0] -- mon_subscribe({mgrmap=0+}) v3 -- 0x7f02441999d0 con 0x7f0244103b70
2023-07-21T18:34:12.708 INFO:teuthology.orchestra.run.smithi039.stdout:/usr/bin/ceph: stderr
2023-07-21T18:34:11.964+0000 7f023affd700 1 -- 172.21.15.39:0/1067428496 <== mon.0 v2:172.21.15.39:3300/0 2 ==== config(26 keys) v1 ==== 1105+0+0 (secure 0 0 0) 0x7f0240003ba0 con 0x7f0244103b70
2023-07-21T18:34:12.708 INFO:teuthology.orchestra.run.smithi039.stdout:/usr/bin/ceph: stderr
2023-07-21T18:34:11.964+0000 7f023affd700 1 -- 172.21.15.39:0/1067428496 <== mon.0 v2:172.21.15.39:3300/0 3 ==== mon_map magic: 0 v1 ==== 205+0+0 (secure 0 0 0) 0x7f02400196c0 con 0x7f0244103b70
2023-07-21T18:34:12.708 INFO:teuthology.orchestra.run.smithi039.stdout:/usr/bin/ceph: stderr
2023-07-21T18:34:11.964+0000 7f024bfc2700 1 -- 172.21.15.39:0/1067428496 --> [v2:172.21.15.39:3300/0,v1:172.21.15.39:6789/0] -- mon_subscribe({osdmap=0}) v3 -- 0x7f0244199df0 con 0x7f0244103b70
2023-07-21T18:34:12.709 INFO:teuthology.orchestra.run.smithi039.stdout:/usr/bin/ceph: stderr
2023-07-21T18:34:11.965+0000 7f023affd700 1 -- 172.21.15.39:0/1067428496 <== mon.0 v2:172.21.15.39:3300/0 4 ==== mgrmap(e 12) v1 ==== 45496+0+0 (secure 0 0 0) 0x7f0240019980 con 0x7f0244103b70
2023-07-21T18:34:12.709 INFO:teuthology.orchestra.run.smithi039.stdout:/usr/bin/ceph: stderr
2023-07-21T18:34:11.965+0000 7f023affd700 1 --2- 172.21.15.39:0/1067428496 >> [v2:172.21.15.39:6800/2116291712,v1:172.21.15.39:6801/2116291712] conn(0x7f0230038700 0x7f023003abb0 unknown :-1 s=NONE pgs=0 cs=0 l=1 rev1=0 crypto rx=0 tx=0 comp rx=0 tx=0).connect
2023-07-21T18:34:12.709 INFO:teuthology.orchestra.run.smithi039.stdout:/usr/bin/ceph: stderr
2023-07-21T18:34:11.965+0000 7f023affd700 1 -- 172.21.15.39:0/1067428496 <== mon.0 v2:172.21.15.39:3300/0 5 ==== osd_map(3..3 src has 1..3) v4 ==== 1155+0+0 (secure 0 0 0) 0x7f024004cc30 con 0x7f0244103b70
2023-07-21T18:34:12.709 INFO:teuthology.orchestra.run.smithi039.stdout:/usr/bin/ceph: stderr
2023-07-21T18:34:11.965+0000 7f024bfc2700 1 -- 172.21.15.39:0/1067428496 --> [v2:172.21.15.39:3300/0,v1:172.21.15.39:6789/0] -- mon_command({"prefix": "get_command_descriptions"} v 0) v1 -- 0x7f0244192a60 con 0x7f0244103b70
2023-07-21T18:34:12.709 INFO:teuthology.orchestra.run.smithi039.stdout:/usr/bin/ceph: stderr
2023-07-21T18:34:11.965+0000 7f024955d700 1 --2- 172.21.15.39:0/1067428496 >> [v2:172.21.15.39:6800/2116291712,v1:172.21.15.39:6801/2116291712] conn(0x7f0230038700 0x7f023003abb0 unknown :-1 s=BANNER_CONNECTING pgs=0 cs=0 l=1 rev1=0 crypto rx=0 tx=0 comp rx=0 tx=0)._handle_peer_banner_payload supported=3 required=0
2023-07-21T18:34:12.709 INFO:teuthology.orchestra.run.smithi039.stdout:/usr/bin/ceph: stderr
2023-07-21T18:34:11.965+0000 7f024955d700 1 --2- 172.21.15.39:0/1067428496 >> [v2:172.21.15.39:6800/2116291712,v1:172.21.15.39:6801/2116291712] conn(0x7f0230038700 0x7f023003abb0 secure :-1 s=READY pgs=9 cs=0 l=1 rev1=1 crypto rx=0x7f0234006fd0 tx=0x7f0234006e40 comp rx=0 tx=0).ready entity=mgr.14152 client_cookie=0 server_cookie=0 in_seq=0 out_seq=0
2023-07-21T18:34:12.710 INFO:teuthology.orchestra.run.smithi039.stdout:/usr/bin/ceph: stderr
2023-07-21T18:34:11.970+0000 7f023affd700 1 -- 172.21.15.39:0/1067428496 <== mon.0 v2:172.21.15.39:3300/0 6 ==== mon_command_ack([{"prefix": "get_command_descriptions"}]=0 v0) v1 ==== 72+0+178038 (secure 0 0 0) 0x7f024002c3a0 con 0x7f0244103b70
2023-07-21T18:34:12.710 INFO:teuthology.orchestra.run.smithi039.stdout:/usr/bin/ceph: stderr
2023-07-21T18:34:12.325+0000 7f024bfc2700 1 -- 172.21.15.39:0/1067428496 --> [v2:172.21.15.39:3300/0,v1:172.21.15.39:6789/0] -- mon_command({"prefix": "config get", "who": "mgr", "key": "mgr/dashboard/ssl_server_port"} v 0) v1 -- 0x7f024402c850 con 0x7f0244103b70
2023-07-21T18:34:12.710 INFO:teuthology.orchestra.run.smithi039.stdout:/usr/bin/ceph: stderr
2023-07-21T18:34:12.326+0000 7f023affd700 1 -- 172.21.15.39:0/1067428496 <== mon.0 v2:172.21.15.39:3300/0 7 ==== mon_command_ack([{"prefix": "config get", "who": "mgr", "key": "mgr/dashboard/ssl_server_port"}]=0 v8) v1 ==== 112+0+5 (secure 0 0 0) 0x7f0240018350 con 0x7f0244103b70
2023-07-21T18:34:12.710 INFO:teuthology.orchestra.run.smithi039.stdout:/usr/bin/ceph: stderr
2023-07-21T18:34:12.328+0000 7f024bfc2700 1 -- 172.21.15.39:0/1067428496 >> [v2:172.21.15.39:6800/2116291712,v1:172.21.15.39:6801/2116291712] conn(0x7f0230038700 msgr2=0x7f023003abb0 secure :-1 s=STATE_CONNECTION_ESTABLISHED l=1).mark_down
2023-07-21T18:34:12.710 INFO:teuthology.orchestra.run.smithi039.stdout:/usr/bin/ceph: stderr
2023-07-21T18:34:12.328+0000 7f024bfc2700 1 --2- 172.21.15.39:0/1067428496 >> [v2:172.21.15.39:6800/2116291712,v1:172.21.15.39:6801/2116291712] conn(0x7f0230038700 0x7f023003abb0 secure :-1 s=READY pgs=9 cs=0 l=1 rev1=1 crypto rx=0x7f0234006fd0 tx=0x7f0234006e40 comp rx=0 tx=0).stop
2023-07-21T18:34:12.710 INFO:teuthology.orchestra.run.smithi039.stdout:/usr/bin/ceph: stderr
2023-07-21T18:34:12.328+0000 7f024bfc2700 1 -- 172.21.15.39:0/1067428496 >> [v2:172.21.15.39:3300/0,v1:172.21.15.39:6789/0] conn(0x7f0244103b70 msgr2=0x7f0244199290 secure :-1 s=STATE_CONNECTION_ESTABLISHED l=1).mark_down
2023-07-21T18:34:12.710 INFO:teuthology.orchestra.run.smithi039.stdout:/usr/bin/ceph: stderr
2023-07-21T18:34:12.328+0000 7f024bfc2700 1 --2- 172.21.15.39:0/1067428496 >> [v2:172.21.15.39:3300/0,v1:172.21.15.39:6789/0] conn(0x7f0244103b70 0x7f0244199290 secure :-1 s=READY pgs=75 cs=0 l=1 rev1=1 crypto rx=0x7f0240006af0 tx=0x7f0240011a10 comp rx=0 tx=0).stop
2023-07-21T18:34:12.710 INFO:teuthology.orchestra.run.smithi039.stdout:/usr/bin/ceph: stderr
2023-07-21T18:34:12.328+0000 7f024bfc2700 1 -- 172.21.15.39:0/1067428496 shutdown_connections
2023-07-21T18:34:12.711 INFO:teuthology.orchestra.run.smithi039.stdout:/usr/bin/ceph: stderr
2023-07-21T18:34:12.328+0000 7f024bfc2700 1 --2- 172.21.15.39:0/1067428496 >> [v2:172.21.15.39:6800/2116291712,v1:172.21.15.39:6801/2116291712] conn(0x7f0230038700 0x7f023003abb0 unknown :-1 s=CLOSED pgs=9 cs=0 l=1 rev1=1 crypto rx=0 tx=0 comp rx=0 tx=0).stop
2023-07-21T18:34:12.711 INFO:teuthology.orchestra.run.smithi039.stdout:/usr/bin/ceph: stderr
2023-07-21T18:34:12.328+0000 7f024bfc2700 1 --2- 172.21.15.39:0/1067428496 >> [v2:172.21.15.39:3300/0,v1:172.21.15.39:6789/0] conn(0x7f0244103b70 0x7f0244199290 unknown :-1 s=CLOSED pgs=75 cs=0 l=1 rev1=1 crypto rx=0 tx=0 comp rx=0 tx=0).stop
2023-07-21T18:34:12.711 INFO:teuthology.orchestra.run.smithi039.stdout:/usr/bin/ceph: stderr
2023-07-21T18:34:12.328+0000 7f024bfc2700 1 -- 172.21.15.39:0/1067428496 >> 172.21.15.39:0/1067428496 conn(0x7f02440ff1c0 msgr2=0x7f024418d7e0 unknown :-1 s=STATE_NONE l=0).mark_down
2023-07-21T18:34:12.711 INFO:teuthology.orchestra.run.smithi039.stdout:/usr/bin/ceph: stderr
2023-07-21T18:34:12.328+0000 7f024bfc2700 1 -- 172.21.15.39:0/1067428496 shutdown_connections
2023-07-21T18:34:12.711 INFO:teuthology.orchestra.run.smithi039.stdout:/usr/bin/ceph: stderr
2023-07-21T18:34:12.328+0000 7f024bfc2700 1 -- 172.21.15.39:0/1067428496 wait complete.
2023-07-21T18:34:12.713 INFO:teuthology.orchestra.run.smithi039.stdout:Non-zero exit code 1 from systemctl is-enabled firewalld.service
2023-07-21T18:34:12.714 INFO:teuthology.orchestra.run.smithi039.stdout:systemctl: stdout disabled
2023-07-21T18:34:12.721 INFO:teuthology.orchestra.run.smithi039.stdout:Non-zero exit code 3 from systemctl is-active firewalld.service
2023-07-21T18:34:12.721 INFO:teuthology.orchestra.run.smithi039.stdout:systemctl: stdout inactive
2023-07-21T18:34:12.721 INFO:teuthology.orchestra.run.smithi039.stdout:firewalld.service is not enabled
2023-07-21T18:34:12.721 INFO:teuthology.orchestra.run.smithi039.stdout:Not possible to open ports <[8443]>. firewalld.service is not available
2023-07-21T18:34:12.723 INFO:teuthology.orchestra.run.smithi039.stdout:Ceph Dashboard is now available at:
2023-07-21T18:34:12.723 INFO:teuthology.orchestra.run.smithi039.stdout:
2023-07-21T18:34:12.723 INFO:teuthology.orchestra.run.smithi039.stdout: URL: https://smithi039:8443/
2023-07-21T18:34:12.723 INFO:teuthology.orchestra.run.smithi039.stdout: User: admin
2023-07-21T18:34:12.723 INFO:teuthology.orchestra.run.smithi039.stdout: Password: xbv8x4hu07
2023-07-21T18:34:12.723 INFO:teuthology.orchestra.run.smithi039.stdout:
2023-07-21T18:34:12.724 INFO:teuthology.orchestra.run.smithi039.stdout:Saving cluster configuration to /var/lib/ceph/eaf8e25a-27f4-11ee-9b34-001a4aab830c/config directory
2023-07-21T18:34:12.724 INFO:teuthology.orchestra.run.smithi039.stdout:Enabling autotune for osd_memory_target
2023-07-21T18:34:13.450 INFO:journalctl@ceph.mon.a.smithi039.stdout:Jul 21 18:34:13 smithi039 ceph-mon[96489]: from='client.? 172.21.15.39:0/1067428496' entity='client.admin' cmd=[{"prefix": "config get", "who": "mgr", "key": "mgr/dashboard/ssl_server_port"}]: dispatch
2023-07-21T18:34:13.869 INFO:teuthology.orchestra.run.smithi039.stdout:/usr/bin/ceph: stderr
2023-07-21T18:34:13.164+0000 7fd2f3b98700 1 Processor -- start
2023-07-21T18:34:13.869 INFO:teuthology.orchestra.run.smithi039.stdout:/usr/bin/ceph: stderr
2023-07-21T18:34:13.165+0000 7fd2f3b98700 1 -- start start
2023-07-21T18:34:13.869 INFO:teuthology.orchestra.run.smithi039.stdout:/usr/bin/ceph: stderr
2023-07-21T18:34:13.165+0000 7fd2f3b98700 1 --2- >> [v2:172.21.15.39:3300/0,v1:172.21.15.39:6789/0] conn(0x7fd2ec106af0 0x7fd2ec106f00 unknown :-1 s=NONE pgs=0 cs=0 l=0 rev1=0 crypto rx=0 tx=0 comp rx=0 tx=0).connect
2023-07-21T18:34:13.869 INFO:teuthology.orchestra.run.smithi039.stdout:/usr/bin/ceph: stderr
2023-07-21T18:34:13.165+0000 7fd2f3b98700 1 -- --> [v2:172.21.15.39:3300/0,v1:172.21.15.39:6789/0] -- mon_getmap magic: 0 v1 -- 0x7fd2ec107440 con 0x7fd2ec106af0
2023-07-21T18:34:13.869 INFO:teuthology.orchestra.run.smithi039.stdout:/usr/bin/ceph: stderr
2023-07-21T18:34:13.165+0000 7fd2f1934700 1 --2- >> [v2:172.21.15.39:3300/0,v1:172.21.15.39:6789/0] conn(0x7fd2ec106af0 0x7fd2ec106f00 unknown :-1 s=BANNER_CONNECTING pgs=0 cs=0 l=0 rev1=0 crypto rx=0 tx=0 comp rx=0 tx=0)._handle_peer_banner_payload supported=3 required=0
2023-07-21T18:34:13.870 INFO:teuthology.orchestra.run.smithi039.stdout:/usr/bin/ceph: stderr
2023-07-21T18:34:13.165+0000 7fd2f1934700 1 --2- >> [v2:172.21.15.39:3300/0,v1:172.21.15.39:6789/0] conn(0x7fd2ec106af0 0x7fd2ec106f00 unknown :-1 s=HELLO_CONNECTING pgs=0 cs=0 l=0 rev1=1 crypto rx=0 tx=0 comp rx=0 tx=0).handle_hello peer v2:172.21.15.39:3300/0 says I am v2:172.21.15.39:54012/0 (socket says 172.21.15.39:54012)
2023-07-21T18:34:13.870 INFO:teuthology.orchestra.run.smithi039.stdout:/usr/bin/ceph: stderr
2023-07-21T18:34:13.165+0000 7fd2f1934700 1 -- 172.21.15.39:0/2705323345 learned_addr learned my addr 172.21.15.39:0/2705323345 (peer_addr_for_me v2:172.21.15.39:0/0)
2023-07-21T18:34:13.870 INFO:teuthology.orchestra.run.smithi039.stdout:/usr/bin/ceph: stderr
2023-07-21T18:34:13.165+0000 7fd2f1934700 1 -- 172.21.15.39:0/2705323345 --> [v2:172.21.15.39:3300/0,v1:172.21.15.39:6789/0] -- mon_subscribe({config=0+,monmap=0+}) v3 -- 0x7fd2ec107580 con 0x7fd2ec106af0
2023-07-21T18:34:13.870 INFO:teuthology.orchestra.run.smithi039.stdout:/usr/bin/ceph: stderr
2023-07-21T18:34:13.165+0000 7fd2f1934700 1 --2- 172.21.15.39:0/2705323345 >> [v2:172.21.15.39:3300/0,v1:172.21.15.39:6789/0] conn(0x7fd2ec106af0 0x7fd2ec106f00 secure :-1 s=READY pgs=76 cs=0 l=1 rev1=1 crypto rx=0x7fd2e80098a0 tx=0x7fd2e8009bb0 comp rx=0 tx=0).ready entity=mon.0 client_cookie=f6eb3c9bc0072882 server_cookie=0 in_seq=0 out_seq=0
2023-07-21T18:34:13.870 INFO:teuthology.orchestra.run.smithi039.stdout:/usr/bin/ceph: stderr
2023-07-21T18:34:13.166+0000 7fd2f0932700 1 -- 172.21.15.39:0/2705323345 <== mon.0 v2:172.21.15.39:3300/0 1 ==== mon_map magic: 0 v1 ==== 205+0+0 (secure 0 0 0) 0x7fd2e8004160 con 0x7fd2ec106af0
2023-07-21T18:34:13.870 INFO:teuthology.orchestra.run.smithi039.stdout:/usr/bin/ceph: stderr
2023-07-21T18:34:13.166+0000 7fd2f0932700 1 -- 172.21.15.39:0/2705323345 <== mon.0 v2:172.21.15.39:3300/0 2 ==== config(26 keys) v1 ==== 1105+0+0 (secure 0 0 0) 0x7fd2e80042c0 con 0x7fd2ec106af0
2023-07-21T18:34:13.870 INFO:teuthology.orchestra.run.smithi039.stdout:/usr/bin/ceph: stderr
2023-07-21T18:34:13.166+0000 7fd2f0932700 1 -- 172.21.15.39:0/2705323345 <== mon.0 v2:172.21.15.39:3300/0 3 ==== mon_map magic: 0 v1 ==== 205+0+0 (secure 0 0 0) 0x7fd2e80119b0 con 0x7fd2ec106af0
2023-07-21T18:34:13.871 INFO:teuthology.orchestra.run.smithi039.stdout:/usr/bin/ceph: stderr
2023-07-21T18:34:13.166+0000 7fd2f3b98700 1 -- 172.21.15.39:0/2705323345 >> [v2:172.21.15.39:3300/0,v1:172.21.15.39:6789/0] conn(0x7fd2ec106af0 msgr2=0x7fd2ec106f00 secure :-1 s=STATE_CONNECTION_ESTABLISHED l=1).mark_down
2023-07-21T18:34:13.871 INFO:teuthology.orchestra.run.smithi039.stdout:/usr/bin/ceph: stderr
2023-07-21T18:34:13.166+0000 7fd2f3b98700 1 --2- 172.21.15.39:0/2705323345 >> [v2:172.21.15.39:3300/0,v1:172.21.15.39:6789/0] conn(0x7fd2ec106af0 0x7fd2ec106f00 secure :-1 s=READY pgs=76 cs=0 l=1 rev1=1 crypto rx=0x7fd2e80098a0 tx=0x7fd2e8009bb0 comp rx=0 tx=0).stop
2023-07-21T18:34:13.871 INFO:teuthology.orchestra.run.smithi039.stdout:/usr/bin/ceph: stderr
2023-07-21T18:34:13.166+0000 7fd2f3b98700 1 -- 172.21.15.39:0/2705323345 shutdown_connections
2023-07-21T18:34:13.871 INFO:teuthology.orchestra.run.smithi039.stdout:/usr/bin/ceph: stderr
2023-07-21T18:34:13.166+0000 7fd2f3b98700 1 --2- 172.21.15.39:0/2705323345 >> [v2:172.21.15.39:3300/0,v1:172.21.15.39:6789/0] conn(0x7fd2ec106af0 0x7fd2ec106f00 unknown :-1 s=CLOSED pgs=76 cs=0 l=1 rev1=1 crypto rx=0 tx=0 comp rx=0 tx=0).stop
2023-07-21T18:34:13.871 INFO:teuthology.orchestra.run.smithi039.stdout:/usr/bin/ceph: stderr
2023-07-21T18:34:13.166+0000 7fd2f3b98700 1 -- 172.21.15.39:0/2705323345 >> 172.21.15.39:0/2705323345 conn(0x7fd2ec0ff1c0 msgr2=0x7fd2ec1015f0 unknown :-1 s=STATE_NONE l=0).mark_down
2023-07-21T18:34:13.871 INFO:teuthology.orchestra.run.smithi039.stdout:/usr/bin/ceph: stderr
2023-07-21T18:34:13.166+0000 7fd2f3b98700 1 -- 172.21.15.39:0/2705323345 shutdown_connections
2023-07-21T18:34:13.871 INFO:teuthology.orchestra.run.smithi039.stdout:/usr/bin/ceph: stderr
2023-07-21T18:34:13.166+0000 7fd2f3b98700 1 -- 172.21.15.39:0/2705323345 wait complete.
2023-07-21T18:34:13.871 INFO:teuthology.orchestra.run.smithi039.stdout:/usr/bin/ceph: stderr
2023-07-21T18:34:13.167+0000 7fd2f3b98700 1 Processor -- start
2023-07-21T18:34:13.872 INFO:teuthology.orchestra.run.smithi039.stdout:/usr/bin/ceph: stderr
2023-07-21T18:34:13.167+0000 7fd2f3b98700 1 -- start start
2023-07-21T18:34:13.872 INFO:teuthology.orchestra.run.smithi039.stdout:/usr/bin/ceph: stderr
2023-07-21T18:34:13.167+0000 7fd2f3b98700 1 --2- >> [v2:172.21.15.39:3300/0,v1:172.21.15.39:6789/0] conn(0x7fd2ec106af0 0x7fd2ec1061f0 unknown :-1 s=NONE pgs=0 cs=0 l=1 rev1=0 crypto rx=0 tx=0 comp rx=0 tx=0).connect
2023-07-21T18:34:13.872 INFO:teuthology.orchestra.run.smithi039.stdout:/usr/bin/ceph: stderr
2023-07-21T18:34:13.167+0000 7fd2f3b98700 1 -- --> [v2:172.21.15.39:3300/0,v1:172.21.15.39:6789/0] -- mon_getmap magic: 0 v1 -- 0x7fd2ec106730 con 0x7fd2ec106af0
2023-07-21T18:34:13.872 INFO:teuthology.orchestra.run.smithi039.stdout:/usr/bin/ceph: stderr
2023-07-21T18:34:13.167+0000 7fd2f1934700 1 --2- >> [v2:172.21.15.39:3300/0,v1:172.21.15.39:6789/0] conn(0x7fd2ec106af0 0x7fd2ec1061f0 unknown :-1 s=BANNER_CONNECTING pgs=0 cs=0 l=1 rev1=0 crypto rx=0 tx=0 comp rx=0 tx=0)._handle_peer_banner_payload supported=3 required=0
2023-07-21T18:34:13.872 INFO:teuthology.orchestra.run.smithi039.stdout:/usr/bin/ceph: stderr
2023-07-21T18:34:13.167+0000 7fd2f1934700 1 --2- >> [v2:172.21.15.39:3300/0,v1:172.21.15.39:6789/0] conn(0x7fd2ec106af0 0x7fd2ec1061f0 unknown :-1 s=HELLO_CONNECTING pgs=0 cs=0 l=1 rev1=1 crypto rx=0 tx=0 comp rx=0 tx=0).handle_hello peer v2:172.21.15.39:3300/0 says I am v2:172.21.15.39:54014/0 (socket says 172.21.15.39:54014)
2023-07-21T18:34:13.872 INFO:teuthology.orchestra.run.smithi039.stdout:/usr/bin/ceph: stderr
2023-07-21T18:34:13.167+0000 7fd2f1934700 1 -- 172.21.15.39:0/920865669 learned_addr learned my addr 172.21.15.39:0/920865669 (peer_addr_for_me v2:172.21.15.39:0/0)
2023-07-21T18:34:13.872 INFO:teuthology.orchestra.run.smithi039.stdout:/usr/bin/ceph: stderr
2023-07-21T18:34:13.168+0000 7fd2f1934700 1 -- 172.21.15.39:0/920865669 --> [v2:172.21.15.39:3300/0,v1:172.21.15.39:6789/0] -- mon_subscribe({config=0+,monmap=0+}) v3 -- 0x7fd2e8009550 con 0x7fd2ec106af0
2023-07-21T18:34:13.873 INFO:teuthology.orchestra.run.smithi039.stdout:/usr/bin/ceph: stderr
2023-07-21T18:34:13.168+0000 7fd2f1934700 1 --2- 172.21.15.39:0/920865669 >> [v2:172.21.15.39:3300/0,v1:172.21.15.39:6789/0] conn(0x7fd2ec106af0 0x7fd2ec1061f0 secure :-1 s=READY pgs=77 cs=0 l=1 rev1=1 crypto rx=0x7fd2e8006af0 tx=0x7fd2e8011a10 comp rx=0 tx=0).ready entity=mon.0 client_cookie=0 server_cookie=0 in_seq=0 out_seq=0
2023-07-21T18:34:13.873 INFO:teuthology.orchestra.run.smithi039.stdout:/usr/bin/ceph: stderr
2023-07-21T18:34:13.168+0000 7fd2deffd700 1 -- 172.21.15.39:0/920865669 <== mon.0 v2:172.21.15.39:3300/0 1 ==== mon_map magic: 0 v1 ==== 205+0+0 (secure 0 0 0) 0x7fd2e8003a40 con 0x7fd2ec106af0
2023-07-21T18:34:13.873 INFO:teuthology.orchestra.run.smithi039.stdout:/usr/bin/ceph: stderr
2023-07-21T18:34:13.168+0000 7fd2deffd700 1 -- 172.21.15.39:0/920865669 <== mon.0 v2:172.21.15.39:3300/0 2 ==== config(26 keys) v1 ==== 1105+0+0 (secure 0 0 0) 0x7fd2e8003ba0 con 0x7fd2ec106af0
2023-07-21T18:34:13.873 INFO:teuthology.orchestra.run.smithi039.stdout:/usr/bin/ceph: stderr
2023-07-21T18:34:13.168+0000 7fd2f3b98700 1 -- 172.21.15.39:0/920865669 --> [v2:172.21.15.39:3300/0,v1:172.21.15.39:6789/0] -- mon_subscribe({mgrmap=0+}) v3 -- 0x7fd2ec104840 con 0x7fd2ec106af0
2023-07-21T18:34:13.873 INFO:teuthology.orchestra.run.smithi039.stdout:/usr/bin/ceph: stderr
2023-07-21T18:34:13.168+0000 7fd2deffd700 1 -- 172.21.15.39:0/920865669 <== mon.0 v2:172.21.15.39:3300/0 3 ==== mon_map magic: 0 v1 ==== 205+0+0 (secure 0 0 0) 0x7fd2e8019690 con 0x7fd2ec106af0
2023-07-21T18:34:13.873 INFO:teuthology.orchestra.run.smithi039.stdout:/usr/bin/ceph: stderr
2023-07-21T18:34:13.168+0000 7fd2f3b98700 1 -- 172.21.15.39:0/920865669 --> [v2:172.21.15.39:3300/0,v1:172.21.15.39:6789/0] -- mon_subscribe({osdmap=0}) v3 -- 0x7fd2ec104c60 con 0x7fd2ec106af0
2023-07-21T18:34:13.873 INFO:teuthology.orchestra.run.smithi039.stdout:/usr/bin/ceph: stderr
2023-07-21T18:34:13.169+0000 7fd2deffd700 1 -- 172.21.15.39:0/920865669 <== mon.0 v2:172.21.15.39:3300/0 4 ==== mgrmap(e 12) v1 ==== 45496+0+0 (secure 0 0 0) 0x7fd2e801aa60 con 0x7fd2ec106af0
2023-07-21T18:34:13.873 INFO:teuthology.orchestra.run.smithi039.stdout:/usr/bin/ceph: stderr
2023-07-21T18:34:13.169+0000 7fd2deffd700 1 --2- 172.21.15.39:0/920865669 >> [v2:172.21.15.39:6800/2116291712,v1:172.21.15.39:6801/2116291712] conn(0x7fd2d8038710 0x7fd2d803abc0 unknown :-1 s=NONE pgs=0 cs=0 l=1 rev1=0 crypto rx=0 tx=0 comp rx=0 tx=0).connect
2023-07-21T18:34:13.874 INFO:teuthology.orchestra.run.smithi039.stdout:/usr/bin/ceph: stderr
2023-07-21T18:34:13.169+0000 7fd2deffd700 1 -- 172.21.15.39:0/920865669 <== mon.0 v2:172.21.15.39:3300/0 5 ==== osd_map(3..3 src has 1..3) v4 ==== 1155+0+0 (secure 0 0 0) 0x7fd2e804cc30 con 0x7fd2ec106af0
2023-07-21T18:34:13.874 INFO:teuthology.orchestra.run.smithi039.stdout:/usr/bin/ceph: stderr
2023-07-21T18:34:13.169+0000 7fd2f3b98700 1 -- 172.21.15.39:0/920865669 --> [v2:172.21.15.39:3300/0,v1:172.21.15.39:6789/0] -- mon_command({"prefix": "get_command_descriptions"} v 0) v1 -- 0x7fd2ec061b40 con 0x7fd2ec106af0
2023-07-21T18:34:13.874 INFO:teuthology.orchestra.run.smithi039.stdout:/usr/bin/ceph: stderr
2023-07-21T18:34:13.170+0000 7fd2f1133700 1 --2- 172.21.15.39:0/920865669 >> [v2:172.21.15.39:6800/2116291712,v1:172.21.15.39:6801/2116291712] conn(0x7fd2d8038710 0x7fd2d803abc0 unknown :-1 s=BANNER_CONNECTING pgs=0 cs=0 l=1 rev1=0 crypto rx=0 tx=0 comp rx=0 tx=0)._handle_peer_banner_payload supported=3 required=0
2023-07-21T18:34:13.874 INFO:teuthology.orchestra.run.smithi039.stdout:/usr/bin/ceph: stderr
2023-07-21T18:34:13.170+0000 7fd2f1133700 1 --2- 172.21.15.39:0/920865669 >> [v2:172.21.15.39:6800/2116291712,v1:172.21.15.39:6801/2116291712] conn(0x7fd2d8038710 0x7fd2d803abc0 secure :-1 s=READY pgs=10 cs=0 l=1 rev1=1 crypto rx=0x7fd2e0006fd0 tx=0x7fd2e0006e40 comp rx=0 tx=0).ready entity=mgr.14152 client_cookie=0 server_cookie=0 in_seq=0 out_seq=0
2023-07-21T18:34:13.874 INFO:teuthology.orchestra.run.smithi039.stdout:/usr/bin/ceph: stderr
2023-07-21T18:34:13.174+0000 7fd2deffd700 1 -- 172.21.15.39:0/920865669 <== mon.0 v2:172.21.15.39:3300/0 6 ==== mon_command_ack([{"prefix": "get_command_descriptions"}]=0 v0) v1 ==== 72+0+178038 (secure 0 0 0) 0x7fd2e8023980 con 0x7fd2ec106af0
2023-07-21T18:34:13.874 INFO:teuthology.orchestra.run.smithi039.stdout:/usr/bin/ceph: stderr
2023-07-21T18:34:13.529+0000 7fd2f3b98700 1 -- 172.21.15.39:0/920865669 --> [v2:172.21.15.39:3300/0,v1:172.21.15.39:6789/0] -- mon_command([{prefix=config set, name=osd_memory_target_autotune}] v 0) v1 -- 0x7fd2ec105560 con 0x7fd2ec106af0
2023-07-21T18:34:13.874 INFO:teuthology.orchestra.run.smithi039.stdout:/usr/bin/ceph: stderr
2023-07-21T18:34:13.530+0000 7fd2deffd700 1 -- 172.21.15.39:0/920865669 <== mon.0 v2:172.21.15.39:3300/0 7 ==== mon_command_ack([{prefix=config set, name=osd_memory_target_autotune}]=0 v8)=0 v8) v1 ==== 127+0+0 (secure 0 0 0) 0x7fd2e8023390 con 0x7fd2ec106af0
2023-07-21T18:34:13.875 INFO:teuthology.orchestra.run.smithi039.stdout:/usr/bin/ceph: stderr
2023-07-21T18:34:13.532+0000 7fd2f3b98700 1 -- 172.21.15.39:0/920865669 >> [v2:172.21.15.39:6800/2116291712,v1:172.21.15.39:6801/2116291712] conn(0x7fd2d8038710 msgr2=0x7fd2d803abc0 secure :-1 s=STATE_CONNECTION_ESTABLISHED l=1).mark_down
2023-07-21T18:34:13.875 INFO:teuthology.orchestra.run.smithi039.stdout:/usr/bin/ceph: stderr
2023-07-21T18:34:13.532+0000 7fd2f3b98700 1 --2- 172.21.15.39:0/920865669 >> [v2:172.21.15.39:6800/2116291712,v1:172.21.15.39:6801/2116291712] conn(0x7fd2d8038710 0x7fd2d803abc0 secure :-1 s=READY pgs=10 cs=0 l=1 rev1=1 crypto rx=0x7fd2e0006fd0 tx=0x7fd2e0006e40 comp rx=0 tx=0).stop
2023-07-21T18:34:13.875 INFO:teuthology.orchestra.run.smithi039.stdout:/usr/bin/ceph: stderr
2023-07-21T18:34:13.532+0000 7fd2f3b98700 1 -- 172.21.15.39:0/920865669 >> [v2:172.21.15.39:3300/0,v1:172.21.15.39:6789/0] conn(0x7fd2ec106af0 msgr2=0x7fd2ec1061f0 secure :-1 s=STATE_CONNECTION_ESTABLISHED l=1).mark_down
2023-07-21T18:34:13.875 INFO:teuthology.orchestra.run.smithi039.stdout:/usr/bin/ceph: stderr
2023-07-21T18:34:13.532+0000 7fd2f3b98700 1 --2- 172.21.15.39:0/920865669 >> [v2:172.21.15.39:3300/0,v1:172.21.15.39:6789/0] conn(0x7fd2ec106af0 0x7fd2ec1061f0 secure :-1 s=READY pgs=77 cs=0 l=1 rev1=1 crypto rx=0x7fd2e8006af0 tx=0x7fd2e8011a10 comp rx=0 tx=0).stop
2023-07-21T18:34:13.875 INFO:teuthology.orchestra.run.smithi039.stdout:/usr/bin/ceph: stderr
2023-07-21T18:34:13.532+0000 7fd2f3b98700 1 -- 172.21.15.39:0/920865669 shutdown_connections
2023-07-21T18:34:13.875 INFO:teuthology.orchestra.run.smithi039.stdout:/usr/bin/ceph: stderr
2023-07-21T18:34:13.532+0000 7fd2f3b98700 1 --2- 172.21.15.39:0/920865669 >> [v2:172.21.15.39:6800/2116291712,v1:172.21.15.39:6801/2116291712] conn(0x7fd2d8038710 0x7fd2d803abc0 unknown :-1 s=CLOSED pgs=10 cs=0 l=1 rev1=1 crypto rx=0 tx=0 comp rx=0 tx=0).stop
2023-07-21T18:34:13.875 INFO:teuthology.orchestra.run.smithi039.stdout:/usr/bin/ceph: stderr
2023-07-21T18:34:13.532+0000 7fd2f3b98700 1 --2- 172.21.15.39:0/920865669 >> [v2:172.21.15.39:3300/0,v1:172.21.15.39:6789/0] conn(0x7fd2ec106af0 0x7fd2ec1061f0 unknown :-1 s=CLOSED pgs=77 cs=0 l=1 rev1=1 crypto rx=0 tx=0 comp rx=0 tx=0).stop
2023-07-21T18:34:13.875 INFO:teuthology.orchestra.run.smithi039.stdout:/usr/bin/ceph: stderr
2023-07-21T18:34:13.532+0000 7fd2f3b98700 1 -- 172.21.15.39:0/920865669 >> 172.21.15.39:0/920865669 conn(0x7fd2ec0ff1c0 msgr2=0x7fd2ec1008c0 unknown :-1 s=STATE_NONE l=0).mark_down
2023-07-21T18:34:13.876 INFO:teuthology.orchestra.run.smithi039.stdout:/usr/bin/ceph: stderr
2023-07-21T18:34:13.533+0000 7fd2f3b98700 1 -- 172.21.15.39:0/920865669 shutdown_connections
2023-07-21T18:34:13.876 INFO:teuthology.orchestra.run.smithi039.stdout:/usr/bin/ceph: stderr
2023-07-21T18:34:13.533+0000 7fd2f3b98700 1 -- 172.21.15.39:0/920865669 wait complete.
2023-07-21T18:34:15.193 INFO:journalctl@ceph.mon.a.smithi039.stdout:Jul 21 18:34:15 smithi039 ceph-mon[96489]: mgrmap e13: x(active, since 7s)
2023-07-21T18:34:15.193 INFO:journalctl@ceph.mon.a.smithi039.stdout:Jul 21 18:34:15 smithi039 ceph-mon[96489]: from='client.? 172.21.15.39:0/1222888566' entity='client.admin'
2023-07-21T18:34:15.215 INFO:teuthology.orchestra.run.smithi039.stdout:/usr/bin/ceph: stderr
2023-07-21T18:34:14.281+0000 7fe7f19c9700 1 Processor -- start
2023-07-21T18:34:15.216 INFO:teuthology.orchestra.run.smithi039.stdout:/usr/bin/ceph: stderr
2023-07-21T18:34:14.281+0000 7fe7f19c9700 1 -- start start
2023-07-21T18:34:15.216 INFO:teuthology.orchestra.run.smithi039.stdout:/usr/bin/ceph: stderr
2023-07-21T18:34:14.281+0000 7fe7f19c9700 1 --2- >> [v2:172.21.15.39:3300/0,v1:172.21.15.39:6789/0] conn(0x7fe7ec07acc0 0x7fe7ec0791c0 unknown :-1 s=NONE pgs=0 cs=0 l=0 rev1=0 crypto rx=0 tx=0 comp rx=0 tx=0).connect
2023-07-21T18:34:15.216 INFO:teuthology.orchestra.run.smithi039.stdout:/usr/bin/ceph: stderr
2023-07-21T18:34:14.281+0000 7fe7f19c9700 1 -- --> [v2:172.21.15.39:3300/0,v1:172.21.15.39:6789/0] -- mon_getmap magic: 0 v1 -- 0x7fe7ec079700 con 0x7fe7ec07acc0
2023-07-21T18:34:15.216 INFO:teuthology.orchestra.run.smithi039.stdout:/usr/bin/ceph: stderr
2023-07-21T18:34:14.281+0000 7fe7eaffd700 1 --2- >> [v2:172.21.15.39:3300/0,v1:172.21.15.39:6789/0] conn(0x7fe7ec07acc0 0x7fe7ec0791c0 unknown :-1 s=BANNER_CONNECTING pgs=0 cs=0 l=0 rev1=0 crypto rx=0 tx=0 comp rx=0 tx=0)._handle_peer_banner_payload supported=3 required=0
2023-07-21T18:34:15.216 INFO:teuthology.orchestra.run.smithi039.stdout:/usr/bin/ceph: stderr
2023-07-21T18:34:14.282+0000 7fe7eaffd700 1 --2- >> [v2:172.21.15.39:3300/0,v1:172.21.15.39:6789/0] conn(0x7fe7ec07acc0 0x7fe7ec0791c0 unknown :-1 s=HELLO_CONNECTING pgs=0 cs=0 l=0 rev1=1 crypto rx=0 tx=0 comp rx=0 tx=0).handle_hello peer v2:172.21.15.39:3300/0 says I am v2:172.21.15.39:54018/0 (socket says 172.21.15.39:54018)
2023-07-21T18:34:15.217 INFO:teuthology.orchestra.run.smithi039.stdout:/usr/bin/ceph: stderr
2023-07-21T18:34:14.282+0000 7fe7eaffd700 1 -- 172.21.15.39:0/1179207516 learned_addr learned my addr 172.21.15.39:0/1179207516 (peer_addr_for_me v2:172.21.15.39:0/0)
2023-07-21T18:34:15.217 INFO:teuthology.orchestra.run.smithi039.stdout:/usr/bin/ceph: stderr
2023-07-21T18:34:14.282+0000 7fe7eaffd700 1 -- 172.21.15.39:0/1179207516 --> [v2:172.21.15.39:3300/0,v1:172.21.15.39:6789/0] -- mon_subscribe({config=0+,monmap=0+}) v3 -- 0x7fe7ec079840 con 0x7fe7ec07acc0
2023-07-21T18:34:15.217 INFO:teuthology.orchestra.run.smithi039.stdout:/usr/bin/ceph: stderr
2023-07-21T18:34:14.282+0000 7fe7eaffd700 1 --2- 172.21.15.39:0/1179207516 >> [v2:172.21.15.39:3300/0,v1:172.21.15.39:6789/0] conn(0x7fe7ec07acc0 0x7fe7ec0791c0 secure :-1 s=READY pgs=78 cs=0 l=1 rev1=1 crypto rx=0x7fe7dc009e80 tx=0x7fe7dc00b330 comp rx=0 tx=0).ready entity=mon.0 client_cookie=762ba2467ca8bd56 server_cookie=0 in_seq=0 out_seq=0
2023-07-21T18:34:15.217 INFO:teuthology.orchestra.run.smithi039.stdout:/usr/bin/ceph: stderr
2023-07-21T18:34:14.282+0000 7fe7e9ffb700 1 -- 172.21.15.39:0/1179207516 <== mon.0 v2:172.21.15.39:3300/0 1 ==== mon_map magic: 0 v1 ==== 205+0+0 (secure 0 0 0) 0x7fe7dc00e070 con 0x7fe7ec07acc0
2023-07-21T18:34:15.217 INFO:teuthology.orchestra.run.smithi039.stdout:/usr/bin/ceph: stderr
2023-07-21T18:34:14.282+0000 7fe7e9ffb700 1 -- 172.21.15.39:0/1179207516 <== mon.0 v2:172.21.15.39:3300/0 2 ==== config(26 keys) v1 ==== 1105+0+0 (secure 0 0 0) 0x7fe7dc00b8c0 con 0x7fe7ec07acc0
2023-07-21T18:34:15.217 INFO:teuthology.orchestra.run.smithi039.stdout:/usr/bin/ceph: stderr
2023-07-21T18:34:14.282+0000 7fe7e9ffb700 1 -- 172.21.15.39:0/1179207516 <== mon.0 v2:172.21.15.39:3300/0 3 ==== mon_map magic: 0 v1 ==== 205+0+0 (secure 0 0 0) 0x7fe7dc0043e0 con 0x7fe7ec07acc0
2023-07-21T18:34:15.217 INFO:teuthology.orchestra.run.smithi039.stdout:/usr/bin/ceph: stderr
2023-07-21T18:34:14.283+0000 7fe7f19c9700 1 -- 172.21.15.39:0/1179207516 >> [v2:172.21.15.39:3300/0,v1:172.21.15.39:6789/0] conn(0x7fe7ec07acc0 msgr2=0x7fe7ec0791c0 secure :-1 s=STATE_CONNECTION_ESTABLISHED l=1).mark_down
2023-07-21T18:34:15.218 INFO:teuthology.orchestra.run.smithi039.stdout:/usr/bin/ceph: stderr
2023-07-21T18:34:14.283+0000 7fe7f19c9700 1 --2- 172.21.15.39:0/1179207516 >> [v2:172.21.15.39:3300/0,v1:172.21.15.39:6789/0] conn(0x7fe7ec07acc0 0x7fe7ec0791c0 secure :-1 s=READY pgs=78 cs=0 l=1 rev1=1 crypto rx=0x7fe7dc009e80 tx=0x7fe7dc00b330 comp rx=0 tx=0).stop
2023-07-21T18:34:15.218 INFO:teuthology.orchestra.run.smithi039.stdout:/usr/bin/ceph: stderr
2023-07-21T18:34:14.283+0000 7fe7f19c9700 1 -- 172.21.15.39:0/1179207516 shutdown_connections
2023-07-21T18:34:15.218 INFO:teuthology.orchestra.run.smithi039.stdout:/usr/bin/ceph: stderr
2023-07-21T18:34:14.283+0000 7fe7f19c9700 1 --2- 172.21.15.39:0/1179207516 >> [v2:172.21.15.39:3300/0,v1:172.21.15.39:6789/0] conn(0x7fe7ec07acc0 0x7fe7ec0791c0 unknown :-1 s=CLOSED pgs=78 cs=0 l=1 rev1=1 crypto rx=0 tx=0 comp rx=0 tx=0).stop
2023-07-21T18:34:15.218 INFO:teuthology.orchestra.run.smithi039.stdout:/usr/bin/ceph: stderr
2023-07-21T18:34:14.283+0000 7fe7f19c9700 1 -- 172.21.15.39:0/1179207516 >> 172.21.15.39:0/1179207516 conn(0x7fe7ec100b40 msgr2=0x7fe7ec102f70 unknown :-1 s=STATE_NONE l=0).mark_down
2023-07-21T18:34:15.218 INFO:teuthology.orchestra.run.smithi039.stdout:/usr/bin/ceph: stderr
2023-07-21T18:34:14.283+0000 7fe7f19c9700 1 -- 172.21.15.39:0/1179207516 shutdown_connections
2023-07-21T18:34:15.219 INFO:teuthology.orchestra.run.smithi039.stdout:/usr/bin/ceph: stderr
2023-07-21T18:34:14.283+0000 7fe7f19c9700 1 -- 172.21.15.39:0/1179207516 wait complete.
2023-07-21T18:34:15.219 INFO:teuthology.orchestra.run.smithi039.stdout:/usr/bin/ceph: stderr
2023-07-21T18:34:14.284+0000 7fe7f19c9700 1 Processor -- start
2023-07-21T18:34:15.219 INFO:teuthology.orchestra.run.smithi039.stdout:/usr/bin/ceph: stderr
2023-07-21T18:34:14.284+0000 7fe7f19c9700 1 -- start start
2023-07-21T18:34:15.219 INFO:teuthology.orchestra.run.smithi039.stdout:/usr/bin/ceph: stderr
2023-07-21T18:34:14.284+0000 7fe7f19c9700 1 --2- >> [v2:172.21.15.39:3300/0,v1:172.21.15.39:6789/0] conn(0x7fe7ec07acc0 0x7fe7ec19b460 unknown :-1 s=NONE pgs=0 cs=0 l=1 rev1=0 crypto rx=0 tx=0 comp rx=0 tx=0).connect
2023-07-21T18:34:15.219 INFO:teuthology.orchestra.run.smithi039.stdout:/usr/bin/ceph: stderr
2023-07-21T18:34:14.284+0000 7fe7f19c9700 1 -- --> [v2:172.21.15.39:3300/0,v1:172.21.15.39:6789/0] -- mon_getmap magic: 0 v1 -- 0x7fe7ec19b9a0 con 0x7fe7ec07acc0
2023-07-21T18:34:15.219 INFO:teuthology.orchestra.run.smithi039.stdout:/usr/bin/ceph: stderr
2023-07-21T18:34:14.284+0000 7fe7eaffd700 1 --2- >> [v2:172.21.15.39:3300/0,v1:172.21.15.39:6789/0] conn(0x7fe7ec07acc0 0x7fe7ec19b460 unknown :-1 s=BANNER_CONNECTING pgs=0 cs=0 l=1 rev1=0 crypto rx=0 tx=0 comp rx=0 tx=0)._handle_peer_banner_payload supported=3 required=0
2023-07-21T18:34:15.219 INFO:teuthology.orchestra.run.smithi039.stdout:/usr/bin/ceph: stderr
2023-07-21T18:34:14.284+0000 7fe7eaffd700 1 --2- >> [v2:172.21.15.39:3300/0,v1:172.21.15.39:6789/0] conn(0x7fe7ec07acc0 0x7fe7ec19b460 unknown :-1 s=HELLO_CONNECTING pgs=0 cs=0 l=1 rev1=1 crypto rx=0 tx=0 comp rx=0 tx=0).handle_hello peer v2:172.21.15.39:3300/0 says I am v2:172.21.15.39:54020/0 (socket says 172.21.15.39:54020)
2023-07-21T18:34:15.220 INFO:teuthology.orchestra.run.smithi039.stdout:/usr/bin/ceph: stderr
2023-07-21T18:34:14.284+0000 7fe7eaffd700 1 -- 172.21.15.39:0/1222888566 learned_addr learned my addr 172.21.15.39:0/1222888566 (peer_addr_for_me v2:172.21.15.39:0/0)
2023-07-21T18:34:15.220 INFO:teuthology.orchestra.run.smithi039.stdout:/usr/bin/ceph: stderr
2023-07-21T18:34:14.285+0000 7fe7eaffd700 1 -- 172.21.15.39:0/1222888566 --> [v2:172.21.15.39:3300/0,v1:172.21.15.39:6789/0] -- mon_subscribe({config=0+,monmap=0+}) v3 -- 0x7fe7dc009b30 con 0x7fe7ec07acc0
2023-07-21T18:34:15.220 INFO:teuthology.orchestra.run.smithi039.stdout:/usr/bin/ceph: stderr
2023-07-21T18:34:14.285+0000 7fe7eaffd700 1 --2- 172.21.15.39:0/1222888566 >> [v2:172.21.15.39:3300/0,v1:172.21.15.39:6789/0] conn(0x7fe7ec07acc0 0x7fe7ec19b460 secure :-1 s=READY pgs=79 cs=0 l=1 rev1=1 crypto rx=0x7fe7dc009e50 tx=0x7fe7dc003ce0 comp rx=0 tx=0).ready entity=mon.0 client_cookie=0 server_cookie=0 in_seq=0 out_seq=0
2023-07-21T18:34:15.220 INFO:teuthology.orchestra.run.smithi039.stdout:/usr/bin/ceph: stderr
2023-07-21T18:34:14.285+0000 7fe7f09c7700 1 -- 172.21.15.39:0/1222888566 <== mon.0 v2:172.21.15.39:3300/0 1 ==== mon_map magic: 0 v1 ==== 205+0+0 (secure 0 0 0) 0x7fe7dc00e040 con 0x7fe7ec07acc0
2023-07-21T18:34:15.220 INFO:teuthology.orchestra.run.smithi039.stdout:/usr/bin/ceph: stderr
2023-07-21T18:34:14.285+0000 7fe7f19c9700 1 -- 172.21.15.39:0/1222888566 --> [v2:172.21.15.39:3300/0,v1:172.21.15.39:6789/0] -- mon_subscribe({mgrmap=0+}) v3 -- 0x7fe7ec19bba0 con 0x7fe7ec07acc0
2023-07-21T18:34:15.220 INFO:teuthology.orchestra.run.smithi039.stdout:/usr/bin/ceph: stderr
2023-07-21T18:34:14.285+0000 7fe7f09c7700 1 -- 172.21.15.39:0/1222888566 <== mon.0 v2:172.21.15.39:3300/0 2 ==== config(26 keys) v1 ==== 1105+0+0 (secure 0 0 0) 0x7fe7dc00be30 con 0x7fe7ec07acc0
2023-07-21T18:34:15.220 INFO:teuthology.orchestra.run.smithi039.stdout:/usr/bin/ceph: stderr
2023-07-21T18:34:14.285+0000 7fe7f09c7700 1 -- 172.21.15.39:0/1222888566 <== mon.0 v2:172.21.15.39:3300/0 3 ==== mon_map magic: 0 v1 ==== 205+0+0 (secure 0 0 0) 0x7fe7dc01c710 con 0x7fe7ec07acc0
2023-07-21T18:34:15.221 INFO:teuthology.orchestra.run.smithi039.stdout:/usr/bin/ceph: stderr
2023-07-21T18:34:14.285+0000 7fe7f19c9700 1 -- 172.21.15.39:0/1222888566 --> [v2:172.21.15.39:3300/0,v1:172.21.15.39:6789/0] -- mon_subscribe({osdmap=0}) v3 -- 0x7fe7ec19c020 con 0x7fe7ec07acc0
2023-07-21T18:34:15.221 INFO:teuthology.orchestra.run.smithi039.stdout:/usr/bin/ceph: stderr
2023-07-21T18:34:14.286+0000 7fe7f09c7700 1 -- 172.21.15.39:0/1222888566 <== mon.0 v2:172.21.15.39:3300/0 4 ==== mgrmap(e 13) v1 ==== 45539+0+0 (secure 0 0 0) 0x7fe7dc01c9d0 con 0x7fe7ec07acc0
2023-07-21T18:34:15.221 INFO:teuthology.orchestra.run.smithi039.stdout:/usr/bin/ceph: stderr
2023-07-21T18:34:14.286+0000 7fe7f09c7700 1 --2- 172.21.15.39:0/1222888566 >> [v2:172.21.15.39:6800/2116291712,v1:172.21.15.39:6801/2116291712] conn(0x7fe7d80387b0 0x7fe7d803ac60 unknown :-1 s=NONE pgs=0 cs=0 l=1 rev1=0 crypto rx=0 tx=0 comp rx=0 tx=0).connect
2023-07-21T18:34:15.221 INFO:teuthology.orchestra.run.smithi039.stdout:/usr/bin/ceph: stderr
2023-07-21T18:34:14.286+0000 7fe7f09c7700 1 -- 172.21.15.39:0/1222888566 <== mon.0 v2:172.21.15.39:3300/0 5 ==== osd_map(3..3 src has 1..3) v4 ==== 1155+0+0 (secure 0 0 0) 0x7fe7dc04c950 con 0x7fe7ec07acc0
2023-07-21T18:34:15.221 INFO:teuthology.orchestra.run.smithi039.stdout:/usr/bin/ceph: stderr
2023-07-21T18:34:14.286+0000 7fe7f19c9700 1 -- 172.21.15.39:0/1222888566 --> [v2:172.21.15.39:3300/0,v1:172.21.15.39:6789/0] -- mon_command({"prefix": "get_command_descriptions"} v 0) v1 -- 0x7fe7ec061b40 con 0x7fe7ec07acc0
2023-07-21T18:34:15.221 INFO:teuthology.orchestra.run.smithi039.stdout:/usr/bin/ceph: stderr
2023-07-21T18:34:14.287+0000 7fe7ea7fc700 1 --2- 172.21.15.39:0/1222888566 >> [v2:172.21.15.39:6800/2116291712,v1:172.21.15.39:6801/2116291712] conn(0x7fe7d80387b0 0x7fe7d803ac60 unknown :-1 s=BANNER_CONNECTING pgs=0 cs=0 l=1 rev1=0 crypto rx=0 tx=0 comp rx=0 tx=0)._handle_peer_banner_payload supported=3 required=0
2023-07-21T18:34:15.221 INFO:teuthology.orchestra.run.smithi039.stdout:/usr/bin/ceph: stderr
2023-07-21T18:34:14.287+0000 7fe7ea7fc700 1 --2- 172.21.15.39:0/1222888566 >> [v2:172.21.15.39:6800/2116291712,v1:172.21.15.39:6801/2116291712] conn(0x7fe7d80387b0 0x7fe7d803ac60 secure :-1 s=READY pgs=11 cs=0 l=1 rev1=1 crypto rx=0x7fe7d4006fd0 tx=0x7fe7d4006e40 comp rx=0 tx=0).ready entity=mgr.14152 client_cookie=0 server_cookie=0 in_seq=0 out_seq=0
2023-07-21T18:34:15.222 INFO:teuthology.orchestra.run.smithi039.stdout:/usr/bin/ceph: stderr
2023-07-21T18:34:14.291+0000 7fe7f09c7700 1 -- 172.21.15.39:0/1222888566 <== mon.0 v2:172.21.15.39:3300/0 6 ==== mon_command_ack([{"prefix": "get_command_descriptions"}]=0 v0) v1 ==== 72+0+178038 (secure 0 0 0) 0x7fe7dc017020 con 0x7fe7ec07acc0
2023-07-21T18:34:15.222 INFO:teuthology.orchestra.run.smithi039.stdout:/usr/bin/ceph: stderr
2023-07-21T18:34:14.860+0000 7fe7f19c9700 1 -- 172.21.15.39:0/1222888566 --> [v2:172.21.15.39:3300/0,v1:172.21.15.39:6789/0] -- mon_command([{prefix=config-key set, key=mgr/dashboard/cluster/status}] v 0) v1 -- 0x7fe7ec19eaf0 con 0x7fe7ec07acc0
2023-07-21T18:34:15.222 INFO:teuthology.orchestra.run.smithi039.stdout:/usr/bin/ceph: stderr
2023-07-21T18:34:14.863+0000 7fe7f09c7700 1 -- 172.21.15.39:0/1222888566 <== mon.0 v2:172.21.15.39:3300/0 7 ==== mon_command_ack([{prefix=config-key set, key=mgr/dashboard/cluster/status}]=0 set mgr/dashboard/cluster/status v28)=0 set mgr/dashboard/cluster/status v28) v1 ==== 153+0+0 (secure 0 0 0) 0x7fe7dc011750 con 0x7fe7ec07acc0
2023-07-21T18:34:15.222 INFO:teuthology.orchestra.run.smithi039.stdout:/usr/bin/ceph: stderr
2023-07-21T18:34:14.866+0000 7fe7f19c9700 1 -- 172.21.15.39:0/1222888566 >> [v2:172.21.15.39:6800/2116291712,v1:172.21.15.39:6801/2116291712] conn(0x7fe7d80387b0 msgr2=0x7fe7d803ac60 secure :-1 s=STATE_CONNECTION_ESTABLISHED l=1).mark_down
2023-07-21T18:34:15.222 INFO:teuthology.orchestra.run.smithi039.stdout:/usr/bin/ceph: stderr
2023-07-21T18:34:14.866+0000 7fe7f19c9700 1 --2- 172.21.15.39:0/1222888566 >> [v2:172.21.15.39:6800/2116291712,v1:172.21.15.39:6801/2116291712] conn(0x7fe7d80387b0 0x7fe7d803ac60 secure :-1 s=READY pgs=11 cs=0 l=1 rev1=1 crypto rx=0x7fe7d4006fd0 tx=0x7fe7d4006e40 comp rx=0 tx=0).stop
2023-07-21T18:34:15.222 INFO:teuthology.orchestra.run.smithi039.stdout:/usr/bin/ceph: stderr
2023-07-21T18:34:14.866+0000 7fe7f19c9700 1 -- 172.21.15.39:0/1222888566 >> [v2:172.21.15.39:3300/0,v1:172.21.15.39:6789/0] conn(0x7fe7ec07acc0 msgr2=0x7fe7ec19b460 secure :-1 s=STATE_CONNECTION_ESTABLISHED l=1).mark_down
2023-07-21T18:34:15.222 INFO:teuthology.orchestra.run.smithi039.stdout:/usr/bin/ceph: stderr
2023-07-21T18:34:14.866+0000 7fe7f19c9700 1 --2- 172.21.15.39:0/1222888566 >> [v2:172.21.15.39:3300/0,v1:172.21.15.39:6789/0] conn(0x7fe7ec07acc0 0x7fe7ec19b460 secure :-1 s=READY pgs=79 cs=0 l=1 rev1=1 crypto rx=0x7fe7dc009e50 tx=0x7fe7dc003ce0 comp rx=0 tx=0).stop
2023-07-21T18:34:15.223 INFO:teuthology.orchestra.run.smithi039.stdout:/usr/bin/ceph: stderr
2023-07-21T18:34:14.866+0000 7fe7f19c9700 1 -- 172.21.15.39:0/1222888566 shutdown_connections
2023-07-21T18:34:15.223 INFO:teuthology.orchestra.run.smithi039.stdout:/usr/bin/ceph: stderr
2023-07-21T18:34:14.866+0000 7fe7f19c9700 1 --2- 172.21.15.39:0/1222888566 >> [v2:172.21.15.39:6800/2116291712,v1:172.21.15.39:6801/2116291712] conn(0x7fe7d80387b0 0x7fe7d803ac60 unknown :-1 s=CLOSED pgs=11 cs=0 l=1 rev1=1 crypto rx=0 tx=0 comp rx=0 tx=0).stop
2023-07-21T18:34:15.223 INFO:teuthology.orchestra.run.smithi039.stdout:/usr/bin/ceph: stderr
2023-07-21T18:34:14.866+0000 7fe7f19c9700 1 --2- 172.21.15.39:0/1222888566 >> [v2:172.21.15.39:3300/0,v1:172.21.15.39:6789/0] conn(0x7fe7ec07acc0 0x7fe7ec19b460 unknown :-1 s=CLOSED pgs=79 cs=0 l=1 rev1=1 crypto rx=0 tx=0 comp rx=0 tx=0).stop
2023-07-21T18:34:15.223 INFO:teuthology.orchestra.run.smithi039.stdout:/usr/bin/ceph: stderr
2023-07-21T18:34:14.866+0000 7fe7f19c9700 1 -- 172.21.15.39:0/1222888566 >> 172.21.15.39:0/1222888566 conn(0x7fe7ec100b40 msgr2=0x7fe7ec102230 unknown :-1 s=STATE_NONE l=0).mark_down
2023-07-21T18:34:15.223 INFO:teuthology.orchestra.run.smithi039.stdout:/usr/bin/ceph: stderr
2023-07-21T18:34:14.866+0000 7fe7f19c9700 1 -- 172.21.15.39:0/1222888566 shutdown_connections
2023-07-21T18:34:15.223 INFO:teuthology.orchestra.run.smithi039.stdout:/usr/bin/ceph: stderr
2023-07-21T18:34:14.866+0000 7fe7f19c9700 1 -- 172.21.15.39:0/1222888566 wait complete.
2023-07-21T18:34:15.223 INFO:teuthology.orchestra.run.smithi039.stdout:/usr/bin/ceph: stderr set mgr/dashboard/cluster/status
2023-07-21T18:34:15.224 INFO:teuthology.orchestra.run.smithi039.stdout:You can access the Ceph CLI as following in case of multi-cluster or non-default config:
2023-07-21T18:34:15.224 INFO:teuthology.orchestra.run.smithi039.stdout:
2023-07-21T18:34:15.224 INFO:teuthology.orchestra.run.smithi039.stdout: sudo /home/ubuntu/cephtest/cephadm shell --fsid eaf8e25a-27f4-11ee-9b34-001a4aab830c -c /etc/ceph/ceph.conf -k /etc/ceph/ceph.client.admin.keyring
2023-07-21T18:34:15.224 INFO:teuthology.orchestra.run.smithi039.stdout:
2023-07-21T18:34:15.224 INFO:teuthology.orchestra.run.smithi039.stdout:Or, if you are only running a single cluster on this host:
2023-07-21T18:34:15.224 INFO:teuthology.orchestra.run.smithi039.stdout:
2023-07-21T18:34:15.224 INFO:teuthology.orchestra.run.smithi039.stdout: sudo /home/ubuntu/cephtest/cephadm shell
2023-07-21T18:34:15.225 INFO:teuthology.orchestra.run.smithi039.stdout:
2023-07-21T18:34:15.225 INFO:teuthology.orchestra.run.smithi039.stdout:Please consider enabling telemetry to help improve Ceph:
2023-07-21T18:34:15.225 INFO:teuthology.orchestra.run.smithi039.stdout:
2023-07-21T18:34:15.225 INFO:teuthology.orchestra.run.smithi039.stdout: ceph telemetry on
2023-07-21T18:34:15.225 INFO:teuthology.orchestra.run.smithi039.stdout:
2023-07-21T18:34:15.225 INFO:teuthology.orchestra.run.smithi039.stdout:For more information see:
2023-07-21T18:34:15.225 INFO:teuthology.orchestra.run.smithi039.stdout:
2023-07-21T18:34:15.226 INFO:teuthology.orchestra.run.smithi039.stdout: https://docs.ceph.com/en/latest/mgr/telemetry/
2023-07-21T18:34:15.226 INFO:teuthology.orchestra.run.smithi039.stdout:
2023-07-21T18:34:15.226 INFO:teuthology.orchestra.run.smithi039.stdout:Bootstrap complete.
2023-07-21T18:34:15.251 INFO:tasks.cephadm:Fetching config...
2023-07-21T18:34:15.252 DEBUG:teuthology.orchestra.run.smithi039:> set -ex
2023-07-21T18:34:15.252 DEBUG:teuthology.orchestra.run.smithi039:> dd if=/etc/ceph/ceph.conf of=/dev/stdout
2023-07-21T18:34:15.310 INFO:tasks.cephadm:Fetching client.admin keyring...
2023-07-21T18:34:15.311 DEBUG:teuthology.orchestra.run.smithi039:> set -ex
2023-07-21T18:34:15.311 DEBUG:teuthology.orchestra.run.smithi039:> dd if=/etc/ceph/ceph.client.admin.keyring of=/dev/stdout
2023-07-21T18:34:15.367 INFO:tasks.cephadm:Fetching mon keyring...
2023-07-21T18:34:15.368 DEBUG:teuthology.orchestra.run.smithi039:> set -ex
2023-07-21T18:34:15.368 DEBUG:teuthology.orchestra.run.smithi039:> sudo dd if=/var/lib/ceph/eaf8e25a-27f4-11ee-9b34-001a4aab830c/mon.a/keyring of=/dev/stdout
2023-07-21T18:34:15.437 INFO:tasks.cephadm:Fetching pub ssh key...
2023-07-21T18:34:15.438 DEBUG:teuthology.orchestra.run.smithi039:> set -ex
2023-07-21T18:34:15.438 DEBUG:teuthology.orchestra.run.smithi039:> dd if=/home/ubuntu/cephtest/ceph.pub of=/dev/stdout
2023-07-21T18:34:15.494 INFO:tasks.cephadm:Installing pub ssh key for root users...
2023-07-21T18:34:15.495 DEBUG:teuthology.orchestra.run.smithi039:> sudo install -d -m 0700 /root/.ssh && echo 'ssh-rsa AAAAB3NzaC1yc2EAAAADAQABAAABgQCebQXoWW5pGKf3B9BRIRTx6M1njcb9Jo/HOWcgbq3rW5l42Nngvd8fmR4NAIAB8AsjjyziK3NchU0DMbb9OKFNXOoPDqTZ1CUSw7uTedVTFqaco7MMOScBWxtSReh9AkRBD0K6hXFIrzVFfMjkCLP1/t356gXWFToEIfYCO0yBfTVuV08PzVp7Nxh7S+PzsAD/+CzXVLgrmOEPorNOcwT532jfCvepP7pm8wlefbfMgq2FJnj5dJmh7ldabie+FBvAXujxLbjzVr1BKrIyL9UYFRi0zP8tBRV7ar1jJ3ZISz5UKXKEKg9DFgGi381qrlj6oKL9UtsaO5SOByaM75pR2j+splllPFUabZUJC6oY4rpLRgSzQ4CoBax+vFjkD/d2eVQuemQ9SDLqViV1QLN2C/0NEpTO3R+vhUyE0cifUYWbWMfTXrg7N84sg0rNYO7sV0GWLgFOj9X9kizFbcC3a61A5axIQ1YzV2/83aynpJCw7mXgianKv9NBlueFyLk= ceph-eaf8e25a-27f4-11ee-9b34-001a4aab830c' | sudo tee -a /root/.ssh/authorized_keys && sudo chmod 0600 /root/.ssh/authorized_keys
2023-07-21T18:34:15.575 INFO:teuthology.orchestra.run.smithi039.stdout:ssh-rsa AAAAB3NzaC1yc2EAAAADAQABAAABgQCebQXoWW5pGKf3B9BRIRTx6M1njcb9Jo/HOWcgbq3rW5l42Nngvd8fmR4NAIAB8AsjjyziK3NchU0DMbb9OKFNXOoPDqTZ1CUSw7uTedVTFqaco7MMOScBWxtSReh9AkRBD0K6hXFIrzVFfMjkCLP1/t356gXWFToEIfYCO0yBfTVuV08PzVp7Nxh7S+PzsAD/+CzXVLgrmOEPorNOcwT532jfCvepP7pm8wlefbfMgq2FJnj5dJmh7ldabie+FBvAXujxLbjzVr1BKrIyL9UYFRi0zP8tBRV7ar1jJ3ZISz5UKXKEKg9DFgGi381qrlj6oKL9UtsaO5SOByaM75pR2j+splllPFUabZUJC6oY4rpLRgSzQ4CoBax+vFjkD/d2eVQuemQ9SDLqViV1QLN2C/0NEpTO3R+vhUyE0cifUYWbWMfTXrg7N84sg0rNYO7sV0GWLgFOj9X9kizFbcC3a61A5axIQ1YzV2/83aynpJCw7mXgianKv9NBlueFyLk= ceph-eaf8e25a-27f4-11ee-9b34-001a4aab830c
2023-07-21T18:34:15.591 DEBUG:teuthology.orchestra.run.smithi155:> sudo install -d -m 0700 /root/.ssh && echo 'ssh-rsa AAAAB3NzaC1yc2EAAAADAQABAAABgQCebQXoWW5pGKf3B9BRIRTx6M1njcb9Jo/HOWcgbq3rW5l42Nngvd8fmR4NAIAB8AsjjyziK3NchU0DMbb9OKFNXOoPDqTZ1CUSw7uTedVTFqaco7MMOScBWxtSReh9AkRBD0K6hXFIrzVFfMjkCLP1/t356gXWFToEIfYCO0yBfTVuV08PzVp7Nxh7S+PzsAD/+CzXVLgrmOEPorNOcwT532jfCvepP7pm8wlefbfMgq2FJnj5dJmh7ldabie+FBvAXujxLbjzVr1BKrIyL9UYFRi0zP8tBRV7ar1jJ3ZISz5UKXKEKg9DFgGi381qrlj6oKL9UtsaO5SOByaM75pR2j+splllPFUabZUJC6oY4rpLRgSzQ4CoBax+vFjkD/d2eVQuemQ9SDLqViV1QLN2C/0NEpTO3R+vhUyE0cifUYWbWMfTXrg7N84sg0rNYO7sV0GWLgFOj9X9kizFbcC3a61A5axIQ1YzV2/83aynpJCw7mXgianKv9NBlueFyLk= ceph-eaf8e25a-27f4-11ee-9b34-001a4aab830c' | sudo tee -a /root/.ssh/authorized_keys && sudo chmod 0600 /root/.ssh/authorized_keys
2023-07-21T18:34:15.637 INFO:teuthology.orchestra.run.smithi155.stdout:ssh-rsa AAAAB3NzaC1yc2EAAAADAQABAAABgQCebQXoWW5pGKf3B9BRIRTx6M1njcb9Jo/HOWcgbq3rW5l42Nngvd8fmR4NAIAB8AsjjyziK3NchU0DMbb9OKFNXOoPDqTZ1CUSw7uTedVTFqaco7MMOScBWxtSReh9AkRBD0K6hXFIrzVFfMjkCLP1/t356gXWFToEIfYCO0yBfTVuV08PzVp7Nxh7S+PzsAD/+CzXVLgrmOEPorNOcwT532jfCvepP7pm8wlefbfMgq2FJnj5dJmh7ldabie+FBvAXujxLbjzVr1BKrIyL9UYFRi0zP8tBRV7ar1jJ3ZISz5UKXKEKg9DFgGi381qrlj6oKL9UtsaO5SOByaM75pR2j+splllPFUabZUJC6oY4rpLRgSzQ4CoBax+vFjkD/d2eVQuemQ9SDLqViV1QLN2C/0NEpTO3R+vhUyE0cifUYWbWMfTXrg7N84sg0rNYO7sV0GWLgFOj9X9kizFbcC3a61A5axIQ1YzV2/83aynpJCw7mXgianKv9NBlueFyLk= ceph-eaf8e25a-27f4-11ee-9b34-001a4aab830c
2023-07-21T18:34:15.650 DEBUG:teuthology.orchestra.run.smithi193:> sudo install -d -m 0700 /root/.ssh && echo 'ssh-rsa AAAAB3NzaC1yc2EAAAADAQABAAABgQCebQXoWW5pGKf3B9BRIRTx6M1njcb9Jo/HOWcgbq3rW5l42Nngvd8fmR4NAIAB8AsjjyziK3NchU0DMbb9OKFNXOoPDqTZ1CUSw7uTedVTFqaco7MMOScBWxtSReh9AkRBD0K6hXFIrzVFfMjkCLP1/t356gXWFToEIfYCO0yBfTVuV08PzVp7Nxh7S+PzsAD/+CzXVLgrmOEPorNOcwT532jfCvepP7pm8wlefbfMgq2FJnj5dJmh7ldabie+FBvAXujxLbjzVr1BKrIyL9UYFRi0zP8tBRV7ar1jJ3ZISz5UKXKEKg9DFgGi381qrlj6oKL9UtsaO5SOByaM75pR2j+splllPFUabZUJC6oY4rpLRgSzQ4CoBax+vFjkD/d2eVQuemQ9SDLqViV1QLN2C/0NEpTO3R+vhUyE0cifUYWbWMfTXrg7N84sg0rNYO7sV0GWLgFOj9X9kizFbcC3a61A5axIQ1YzV2/83aynpJCw7mXgianKv9NBlueFyLk= ceph-eaf8e25a-27f4-11ee-9b34-001a4aab830c' | sudo tee -a /root/.ssh/authorized_keys && sudo chmod 0600 /root/.ssh/authorized_keys
2023-07-21T18:34:15.696 INFO:teuthology.orchestra.run.smithi193.stdout:ssh-rsa AAAAB3NzaC1yc2EAAAADAQABAAABgQCebQXoWW5pGKf3B9BRIRTx6M1njcb9Jo/HOWcgbq3rW5l42Nngvd8fmR4NAIAB8AsjjyziK3NchU0DMbb9OKFNXOoPDqTZ1CUSw7uTedVTFqaco7MMOScBWxtSReh9AkRBD0K6hXFIrzVFfMjkCLP1/t356gXWFToEIfYCO0yBfTVuV08PzVp7Nxh7S+PzsAD/+CzXVLgrmOEPorNOcwT532jfCvepP7pm8wlefbfMgq2FJnj5dJmh7ldabie+FBvAXujxLbjzVr1BKrIyL9UYFRi0zP8tBRV7ar1jJ3ZISz5UKXKEKg9DFgGi381qrlj6oKL9UtsaO5SOByaM75pR2j+splllPFUabZUJC6oY4rpLRgSzQ4CoBax+vFjkD/d2eVQuemQ9SDLqViV1QLN2C/0NEpTO3R+vhUyE0cifUYWbWMfTXrg7N84sg0rNYO7sV0GWLgFOj9X9kizFbcC3a61A5axIQ1YzV2/83aynpJCw7mXgianKv9NBlueFyLk= ceph-eaf8e25a-27f4-11ee-9b34-001a4aab830c
2023-07-21T18:34:15.708 DEBUG:teuthology.orchestra.run.smithi039:> sudo /home/ubuntu/cephtest/cephadm --image quay-quay-quay.apps.os.sepia.ceph.com/ceph-ci/ceph:81cf785aa7781c4e08381c540f890cb9bc987ef9 shell -c /etc/ceph/ceph.conf -k /etc/ceph/ceph.client.admin.keyring --fsid eaf8e25a-27f4-11ee-9b34-001a4aab830c -- ceph config set mgr mgr/cephadm/allow_ptrace true
2023-07-21T18:34:16.520 INFO:teuthology.orchestra.run.smithi039.stderr:Inferring config /var/lib/ceph/eaf8e25a-27f4-11ee-9b34-001a4aab830c/mon.a/config
2023-07-21T18:34:17.837 INFO:teuthology.orchestra.run.smithi039.stderr:2023-07-21T18:34:17.802+0000 7fbbf82c0700 1 -- 172.21.15.39:0/1207619026 >> [v2:172.21.15.39:3300/0,v1:172.21.15.39:6789/0] conn(0x7fbbf00fe4f0 msgr2=0x7fbbf00fe900 secure :-1 s=STATE_CONNECTION_ESTABLISHED l=1).mark_down
2023-07-21T18:34:17.837 INFO:teuthology.orchestra.run.smithi039.stderr:2023-07-21T18:34:17.802+0000 7fbbf82c0700 1 --2- 172.21.15.39:0/1207619026 >> [v2:172.21.15.39:3300/0,v1:172.21.15.39:6789/0] conn(0x7fbbf00fe4f0 0x7fbbf00fe900 secure :-1 s=READY pgs=80 cs=0 l=1 rev1=1 crypto rx=0x7fbbec009910 tx=0x7fbbec009c20 comp rx=0 tx=0).stop
2023-07-21T18:34:17.838 INFO:teuthology.orchestra.run.smithi039.stderr:2023-07-21T18:34:17.803+0000 7fbbf82c0700 1 -- 172.21.15.39:0/1207619026 shutdown_connections
