2023-07-21T18:33:53.891+0000 7f02c073e700 1 -- --> [v2:172.21.15.39:3300/0,v1:172.21.15.39:6789/0] -- mon_getmap magic: 0 v1 -- 0x7f02b8199770 con 0x7f02b8106000
2023-07-21T18:33:54.706 INFO:teuthology.orchestra.run.smithi039.stdout:/usr/bin/ceph: stderr
2023-07-21T18:33:53.891+0000 7f02be4da700 1 --2- >> [v2:172.21.15.39:3300/0,v1:172.21.15.39:6789/0] conn(0x7f02b8106000 0x7f02b8199230 unknown :-1 s=BANNER_CONNECTING pgs=0 cs=0 l=1 rev1=0 crypto rx=0 tx=0 comp rx=0 tx=0)._handle_peer_banner_payload supported=3 required=0
2023-07-21T18:33:54.706 INFO:teuthology.orchestra.run.smithi039.stdout:/usr/bin/ceph: stderr
2023-07-21T18:33:53.891+0000 7f02be4da700 1 --2- >> [v2:172.21.15.39:3300/0,v1:172.21.15.39:6789/0] conn(0x7f02b8106000 0x7f02b8199230 unknown :-1 s=HELLO_CONNECTING pgs=0 cs=0 l=1 rev1=1 crypto rx=0 tx=0 comp rx=0 tx=0).handle_hello peer v2:172.21.15.39:3300/0 says I am v2:172.21.15.39:53892/0 (socket says 172.21.15.39:53892)
2023-07-21T18:33:54.706 INFO:teuthology.orchestra.run.smithi039.stdout:/usr/bin/ceph: stderr
2023-07-21T18:33:53.891+0000 7f02be4da700 1 -- 172.21.15.39:0/3382476557 learned_addr learned my addr 172.21.15.39:0/3382476557 (peer_addr_for_me v2:172.21.15.39:0/0)
2023-07-21T18:33:54.706 INFO:teuthology.orchestra.run.smithi039.stdout:/usr/bin/ceph: stderr
2023-07-21T18:33:53.891+0000 7f02be4da700 1 -- 172.21.15.39:0/3382476557 --> [v2:172.21.15.39:3300/0,v1:172.21.15.39:6789/0] -- mon_subscribe({config=0+,monmap=0+}) v3 -- 0x7f02b4009550 con 0x7f02b8106000
2023-07-21T18:33:54.706 INFO:teuthology.orchestra.run.smithi039.stdout:/usr/bin/ceph: stderr
2023-07-21T18:33:53.891+0000 7f02be4da700 1 --2- 172.21.15.39:0/3382476557 >> [v2:172.21.15.39:3300/0,v1:172.21.15.39:6789/0] conn(0x7f02b8106000 0x7f02b8199230 secure :-1 s=READY pgs=50 cs=0 l=1 rev1=1 crypto rx=0x7f02b4006af0 tx=0x7f02b4011ad0 comp rx=0 tx=0).ready entity=mon.0 client_cookie=0 server_cookie=0 in_seq=0 out_seq=0
2023-07-21T18:33:54.706 INFO:teuthology.orchestra.run.smithi039.stdout:/usr/bin/ceph: stderr
2023-07-21T18:33:53.891+0000 7f02af7fe700 1 -- 172.21.15.39:0/3382476557 <== mon.0 v2:172.21.15.39:3300/0 1 ==== mon_map magic: 0 v1 ==== 205+0+0 (secure 0 0 0) 0x7f02b4003a40 con 0x7f02b8106000
2023-07-21T18:33:54.707 INFO:teuthology.orchestra.run.smithi039.stdout:/usr/bin/ceph: stderr
2023-07-21T18:33:53.891+0000 7f02c073e700 1 -- 172.21.15.39:0/3382476557 --> [v2:172.21.15.39:3300/0,v1:172.21.15.39:6789/0] -- mon_subscribe({mgrmap=0+}) v3 -- 0x7f02b8199970 con 0x7f02b8106000
2023-07-21T18:33:54.707 INFO:teuthology.orchestra.run.smithi039.stdout:/usr/bin/ceph: stderr
2023-07-21T18:33:53.891+0000 7f02af7fe700 1 -- 172.21.15.39:0/3382476557 <== mon.0 v2:172.21.15.39:3300/0 2 ==== config(26 keys) v1 ==== 1074+0+0 (secure 0 0 0) 0x7f02b4003ba0 con 0x7f02b8106000
2023-07-21T18:33:54.707 INFO:teuthology.orchestra.run.smithi039.stdout:/usr/bin/ceph: stderr
2023-07-21T18:33:53.891+0000 7f02af7fe700 1 -- 172.21.15.39:0/3382476557 <== mon.0 v2:172.21.15.39:3300/0 3 ==== mon_map magic: 0 v1 ==== 205+0+0 (secure 0 0 0) 0x7f02b401a700 con 0x7f02b8106000
2023-07-21T18:33:54.707 INFO:teuthology.orchestra.run.smithi039.stdout:/usr/bin/ceph: stderr
2023-07-21T18:33:53.891+0000 7f02c073e700 1 -- 172.21.15.39:0/3382476557 --> [v2:172.21.15.39:3300/0,v1:172.21.15.39:6789/0] -- mon_subscribe({osdmap=0}) v3 -- 0x7f02b8199d90 con 0x7f02b8106000
2023-07-21T18:33:54.707 INFO:teuthology.orchestra.run.smithi039.stdout:/usr/bin/ceph: stderr
2023-07-21T18:33:53.892+0000 7f02af7fe700 1 -- 172.21.15.39:0/3382476557 <== mon.0 v2:172.21.15.39:3300/0 4 ==== mgrmap(e 8) v1 ==== 45483+0+0 (secure 0 0 0) 0x7f02b4024430 con 0x7f02b8106000
2023-07-21T18:33:54.707 INFO:teuthology.orchestra.run.smithi039.stdout:/usr/bin/ceph: stderr
2023-07-21T18:33:53.892+0000 7f02c073e700 1 -- 172.21.15.39:0/3382476557 --> [v2:172.21.15.39:3300/0,v1:172.21.15.39:6789/0] -- mon_command({"prefix": "get_command_descriptions"} v 0) v1 -- 0x7f02b8061b40 con 0x7f02b8106000
2023-07-21T18:33:54.707 INFO:teuthology.orchestra.run.smithi039.stdout:/usr/bin/ceph: stderr
2023-07-21T18:33:53.893+0000 7f02af7fe700 1 --2- 172.21.15.39:0/3382476557 >> [v2:172.21.15.39:6800/2893866425,v1:172.21.15.39:6801/2893866425] conn(0x7f02a4038760 0x7f02a403ac10 unknown :-1 s=NONE pgs=0 cs=0 l=1 rev1=0 crypto rx=0 tx=0 comp rx=0 tx=0).connect
2023-07-21T18:33:54.707 INFO:teuthology.orchestra.run.smithi039.stdout:/usr/bin/ceph: stderr
2023-07-21T18:33:53.893+0000 7f02af7fe700 1 -- 172.21.15.39:0/3382476557 <== mon.0 v2:172.21.15.39:3300/0 5 ==== osd_map(2..2 src has 1..2) v4 ==== 940+0+0 (secure 0 0 0) 0x7f02b404c750 con 0x7f02b8106000
2023-07-21T18:33:54.708 INFO:teuthology.orchestra.run.smithi039.stdout:/usr/bin/ceph: stderr
2023-07-21T18:33:53.893+0000 7f02bdcd9700 1 --2- 172.21.15.39:0/3382476557 >> [v2:172.21.15.39:6800/2893866425,v1:172.21.15.39:6801/2893866425] conn(0x7f02a4038760 0x7f02a403ac10 unknown :-1 s=BANNER_CONNECTING pgs=0 cs=0 l=1 rev1=0 crypto rx=0 tx=0 comp rx=0 tx=0)._handle_peer_banner_payload supported=3 required=0
2023-07-21T18:33:54.708 INFO:teuthology.orchestra.run.smithi039.stdout:/usr/bin/ceph: stderr
2023-07-21T18:33:53.893+0000 7f02bdcd9700 1 --2- 172.21.15.39:0/3382476557 >> [v2:172.21.15.39:6800/2893866425,v1:172.21.15.39:6801/2893866425] conn(0x7f02a4038760 0x7f02a403ac10 secure :-1 s=READY pgs=13 cs=0 l=1 rev1=1 crypto rx=0x7f02a8006fd0 tx=0x7f02a8006e40 comp rx=0 tx=0).ready entity=mgr.14120 client_cookie=0 server_cookie=0 in_seq=0 out_seq=0
2023-07-21T18:33:54.708 INFO:teuthology.orchestra.run.smithi039.stdout:/usr/bin/ceph: stderr
2023-07-21T18:33:53.897+0000 7f02af7fe700 1 -- 172.21.15.39:0/3382476557 <== mon.0 v2:172.21.15.39:3300/0 6 ==== mon_command_ack([{"prefix": "get_command_descriptions"}]=0 v0) v1 ==== 72+0+178038 (secure 0 0 0) 0x7f02b40246e0 con 0x7f02b8106000
2023-07-21T18:33:54.708 INFO:teuthology.orchestra.run.smithi039.stdout:/usr/bin/ceph: stderr
2023-07-21T18:33:54.022+0000 7f02af7fe700 1 -- 172.21.15.39:0/3382476557 <== mon.0 v2:172.21.15.39:3300/0 7 ==== config(26 keys) v1 ==== 1105+0+0 (secure 0 0 0) 0x7f02b40246e0 con 0x7f02b8106000
2023-07-21T18:33:54.708 INFO:teuthology.orchestra.run.smithi039.stdout:/usr/bin/ceph: stderr
2023-07-21T18:33:54.292+0000 7f02c073e700 1 -- 172.21.15.39:0/3382476557 --> [v2:172.21.15.39:6800/2893866425,v1:172.21.15.39:6801/2893866425] -- mgr_command(tid 0: {"prefix": "orch apply", "service_type": "mgr", "unmanaged": true, "target": ["mon-mgr", ""]}) v1 -- 0x7f02a0000d90 con 0x7f02a4038760
2023-07-21T18:33:54.708 INFO:teuthology.orchestra.run.smithi039.stdout:/usr/bin/ceph: stderr
2023-07-21T18:33:54.299+0000 7f02af7fe700 1 -- 172.21.15.39:0/3382476557 <== mgr.14120 v2:172.21.15.39:6800/2893866425 1 ==== mgr_command_reply(tid 0: 0 ) v1 ==== 8+0+24 (secure 0 0 0) 0x7f02a0000d90 con 0x7f02a4038760
2023-07-21T18:33:54.708 INFO:teuthology.orchestra.run.smithi039.stdout:/usr/bin/ceph: stderr
2023-07-21T18:33:54.301+0000 7f02c073e700 1 -- 172.21.15.39:0/3382476557 >> [v2:172.21.15.39:6800/2893866425,v1:172.21.15.39:6801/2893866425] conn(0x7f02a4038760 msgr2=0x7f02a403ac10 secure :-1 s=STATE_CONNECTION_ESTABLISHED l=1).mark_down
2023-07-21T18:33:54.709 INFO:teuthology.orchestra.run.smithi039.stdout:/usr/bin/ceph: stderr
2023-07-21T18:33:54.301+0000 7f02c073e700 1 --2- 172.21.15.39:0/3382476557 >> [v2:172.21.15.39:6800/2893866425,v1:172.21.15.39:6801/2893866425] conn(0x7f02a4038760 0x7f02a403ac10 secure :-1 s=READY pgs=13 cs=0 l=1 rev1=1 crypto rx=0x7f02a8006fd0 tx=0x7f02a8006e40 comp rx=0 tx=0).stop
2023-07-21T18:33:54.709 INFO:teuthology.orchestra.run.smithi039.stdout:/usr/bin/ceph: stderr
2023-07-21T18:33:54.301+0000 7f02c073e700 1 -- 172.21.15.39:0/3382476557 >> [v2:172.21.15.39:3300/0,v1:172.21.15.39:6789/0] conn(0x7f02b8106000 msgr2=0x7f02b8199230 secure :-1 s=STATE_CONNECTION_ESTABLISHED l=1).mark_down
2023-07-21T18:33:54.709 INFO:teuthology.orchestra.run.smithi039.stdout:/usr/bin/ceph: stderr
2023-07-21T18:33:54.301+0000 7f02c073e700 1 --2- 172.21.15.39:0/3382476557 >> [v2:172.21.15.39:3300/0,v1:172.21.15.39:6789/0] conn(0x7f02b8106000 0x7f02b8199230 secure :-1 s=READY pgs=50 cs=0 l=1 rev1=1 crypto rx=0x7f02b4006af0 tx=0x7f02b4011ad0 comp rx=0 tx=0).stop
2023-07-21T18:33:54.709 INFO:teuthology.orchestra.run.smithi039.stdout:/usr/bin/ceph: stderr
2023-07-21T18:33:54.301+0000 7f02c073e700 1 -- 172.21.15.39:0/3382476557 shutdown_connections
2023-07-21T18:33:54.709 INFO:teuthology.orchestra.run.smithi039.stdout:/usr/bin/ceph: stderr
2023-07-21T18:33:54.301+0000 7f02c073e700 1 --2- 172.21.15.39:0/3382476557 >> [v2:172.21.15.39:6800/2893866425,v1:172.21.15.39:6801/2893866425] conn(0x7f02a4038760 0x7f02a403ac10 unknown :-1 s=CLOSED pgs=13 cs=0 l=1 rev1=1 crypto rx=0 tx=0 comp rx=0 tx=0).stop
2023-07-21T18:33:54.709 INFO:teuthology.orchestra.run.smithi039.stdout:/usr/bin/ceph: stderr
2023-07-21T18:33:54.301+0000 7f02c073e700 1 --2- 172.21.15.39:0/3382476557 >> [v2:172.21.15.39:3300/0,v1:172.21.15.39:6789/0] conn(0x7f02b8106000 0x7f02b8199230 unknown :-1 s=CLOSED pgs=50 cs=0 l=1 rev1=1 crypto rx=0 tx=0 comp rx=0 tx=0).stop
2023-07-21T18:33:54.709 INFO:teuthology.orchestra.run.smithi039.stdout:/usr/bin/ceph: stderr
2023-07-21T18:33:54.301+0000 7f02c073e700 1 -- 172.21.15.39:0/3382476557 >> 172.21.15.39:0/3382476557 conn(0x7f02b80ffa40 msgr2=0x7f02b81010b0 unknown :-1 s=STATE_NONE l=0).mark_down
2023-07-21T18:33:54.709 INFO:teuthology.orchestra.run.smithi039.stdout:/usr/bin/ceph: stderr
2023-07-21T18:33:54.301+0000 7f02c073e700 1 -- 172.21.15.39:0/3382476557 shutdown_connections
2023-07-21T18:33:54.710 INFO:teuthology.orchestra.run.smithi039.stdout:/usr/bin/ceph: stderr
2023-07-21T18:33:54.301+0000 7f02c073e700 1 -- 172.21.15.39:0/3382476557 wait complete.
2023-07-21T18:33:55.450 INFO:journalctl@ceph.mon.a.smithi039.stdout:Jul 21 18:33:55 smithi039 ceph-mon[96489]: from='mgr.14120 172.21.15.39:0/2168989012' entity='mgr.x'
2023-07-21T18:33:55.450 INFO:journalctl@ceph.mon.a.smithi039.stdout:Jul 21 18:33:55 smithi039 ceph-mon[96489]: from='client.14144 -' entity='client.admin' cmd=[{"prefix": "orch apply", "service_type": "mgr", "unmanaged": true, "target": ["mon-mgr", ""]}]: dispatch
2023-07-21T18:33:55.450 INFO:journalctl@ceph.mon.a.smithi039.stdout:Jul 21 18:33:55 smithi039 ceph-mon[96489]: Saving service mgr spec with placement count:2
2023-07-21T18:33:55.450 INFO:journalctl@ceph.mon.a.smithi039.stdout:Jul 21 18:33:55 smithi039 ceph-mon[96489]: from='mgr.14120 172.21.15.39:0/2168989012' entity='mgr.x'
2023-07-21T18:33:55.450 INFO:journalctl@ceph.mon.a.smithi039.stdout:Jul 21 18:33:55 smithi039 ceph-mon[96489]: from='mgr.14120 172.21.15.39:0/2168989012' entity='mgr.x'
2023-07-21T18:33:56.148 INFO:teuthology.orchestra.run.smithi039.stdout:/usr/bin/ceph: stderr
2023-07-21T18:33:55.139+0000 7f7ecb620700 1 Processor -- start
2023-07-21T18:33:56.149 INFO:teuthology.orchestra.run.smithi039.stdout:/usr/bin/ceph: stderr
2023-07-21T18:33:55.139+0000 7f7ecb620700 1 -- start start
2023-07-21T18:33:56.149 INFO:teuthology.orchestra.run.smithi039.stdout:/usr/bin/ceph: stderr
2023-07-21T18:33:55.139+0000 7f7ecb620700 1 --2- >> [v2:172.21.15.39:3300/0,v1:172.21.15.39:6789/0] conn(0x7f7ec4073b80 0x7f7ec410a4b0 unknown :-1 s=NONE pgs=0 cs=0 l=0 rev1=0 crypto rx=0 tx=0 comp rx=0 tx=0).connect
2023-07-21T18:33:56.149 INFO:teuthology.orchestra.run.smithi039.stdout:/usr/bin/ceph: stderr
2023-07-21T18:33:55.139+0000 7f7ecb620700 1 -- --> [v2:172.21.15.39:3300/0,v1:172.21.15.39:6789/0] -- mon_getmap magic: 0 v1 -- 0x7f7ec4105ea0 con 0x7f7ec4073b80
2023-07-21T18:33:56.149 INFO:teuthology.orchestra.run.smithi039.stdout:/usr/bin/ceph: stderr
2023-07-21T18:33:55.139+0000 7f7ec93bc700 1 --2- >> [v2:172.21.15.39:3300/0,v1:172.21.15.39:6789/0] conn(0x7f7ec4073b80 0x7f7ec410a4b0 unknown :-1 s=BANNER_CONNECTING pgs=0 cs=0 l=0 rev1=0 crypto rx=0 tx=0 comp rx=0 tx=0)._handle_peer_banner_payload supported=3 required=0
2023-07-21T18:33:56.150 INFO:teuthology.orchestra.run.smithi039.stdout:/usr/bin/ceph: stderr
2023-07-21T18:33:55.139+0000 7f7ec93bc700 1 --2- >> [v2:172.21.15.39:3300/0,v1:172.21.15.39:6789/0] conn(0x7f7ec4073b80 0x7f7ec410a4b0 unknown :-1 s=HELLO_CONNECTING pgs=0 cs=0 l=0 rev1=1 crypto rx=0 tx=0 comp rx=0 tx=0).handle_hello peer v2:172.21.15.39:3300/0 says I am v2:172.21.15.39:53896/0 (socket says 172.21.15.39:53896)
2023-07-21T18:33:56.150 INFO:teuthology.orchestra.run.smithi039.stdout:/usr/bin/ceph: stderr
2023-07-21T18:33:55.139+0000 7f7ec93bc700 1 -- 172.21.15.39:0/2798771705 learned_addr learned my addr 172.21.15.39:0/2798771705 (peer_addr_for_me v2:172.21.15.39:0/0)
2023-07-21T18:33:56.150 INFO:teuthology.orchestra.run.smithi039.stdout:/usr/bin/ceph: stderr
2023-07-21T18:33:55.140+0000 7f7ec93bc700 1 -- 172.21.15.39:0/2798771705 --> [v2:172.21.15.39:3300/0,v1:172.21.15.39:6789/0] -- mon_subscribe({config=0+,monmap=0+}) v3 -- 0x7f7ec410a9f0 con 0x7f7ec4073b80
2023-07-21T18:33:56.151 INFO:teuthology.orchestra.run.smithi039.stdout:/usr/bin/ceph: stderr
2023-07-21T18:33:55.140+0000 7f7ec93bc700 1 --2- 172.21.15.39:0/2798771705 >> [v2:172.21.15.39:3300/0,v1:172.21.15.39:6789/0] conn(0x7f7ec4073b80 0x7f7ec410a4b0 secure :-1 s=READY pgs=51 cs=0 l=1 rev1=1 crypto rx=0x7f7ec00098a0 tx=0x7f7ec0009bb0 comp rx=0 tx=0).ready entity=mon.0 client_cookie=67f7353e0db5d0cf server_cookie=0 in_seq=0 out_seq=0
2023-07-21T18:33:56.151 INFO:teuthology.orchestra.run.smithi039.stdout:/usr/bin/ceph: stderr
2023-07-21T18:33:55.140+0000 7f7ebbfff700 1 -- 172.21.15.39:0/2798771705 <== mon.0 v2:172.21.15.39:3300/0 1 ==== mon_map magic: 0 v1 ==== 205+0+0 (secure 0 0 0) 0x7f7ec0004160 con 0x7f7ec4073b80
2023-07-21T18:33:56.151 INFO:teuthology.orchestra.run.smithi039.stdout:/usr/bin/ceph: stderr
2023-07-21T18:33:55.140+0000 7f7ebbfff700 1 -- 172.21.15.39:0/2798771705 <== mon.0 v2:172.21.15.39:3300/0 2 ==== config(26 keys) v1 ==== 1105+0+0 (secure 0 0 0) 0x7f7ec00042c0 con 0x7f7ec4073b80
2023-07-21T18:33:56.151 INFO:teuthology.orchestra.run.smithi039.stdout:/usr/bin/ceph: stderr
2023-07-21T18:33:55.140+0000 7f7ebbfff700 1 -- 172.21.15.39:0/2798771705 <== mon.0 v2:172.21.15.39:3300/0 3 ==== mon_map magic: 0 v1 ==== 205+0+0 (secure 0 0 0) 0x7f7ec00119b0 con 0x7f7ec4073b80
2023-07-21T18:33:56.152 INFO:teuthology.orchestra.run.smithi039.stdout:/usr/bin/ceph: stderr
2023-07-21T18:33:55.140+0000 7f7ecb620700 1 -- 172.21.15.39:0/2798771705 >> [v2:172.21.15.39:3300/0,v1:172.21.15.39:6789/0] conn(0x7f7ec4073b80 msgr2=0x7f7ec410a4b0 secure :-1 s=STATE_CONNECTION_ESTABLISHED l=1).mark_down
2023-07-21T18:33:56.152 INFO:teuthology.orchestra.run.smithi039.stdout:/usr/bin/ceph: stderr
2023-07-21T18:33:55.140+0000 7f7ecb620700 1 --2- 172.21.15.39:0/2798771705 >> [v2:172.21.15.39:3300/0,v1:172.21.15.39:6789/0] conn(0x7f7ec4073b80 0x7f7ec410a4b0 secure :-1 s=READY pgs=51 cs=0 l=1 rev1=1 crypto rx=0x7f7ec00098a0 tx=0x7f7ec0009bb0 comp rx=0 tx=0).stop
2023-07-21T18:33:56.152 INFO:teuthology.orchestra.run.smithi039.stdout:/usr/bin/ceph: stderr
2023-07-21T18:33:55.141+0000 7f7ecb620700 1 -- 172.21.15.39:0/2798771705 shutdown_connections
2023-07-21T18:33:56.152 INFO:teuthology.orchestra.run.smithi039.stdout:/usr/bin/ceph: stderr
2023-07-21T18:33:55.141+0000 7f7ecb620700 1 --2- 172.21.15.39:0/2798771705 >> [v2:172.21.15.39:3300/0,v1:172.21.15.39:6789/0] conn(0x7f7ec4073b80 0x7f7ec410a4b0 unknown :-1 s=CLOSED pgs=51 cs=0 l=1 rev1=1 crypto rx=0 tx=0 comp rx=0 tx=0).stop
2023-07-21T18:33:56.153 INFO:teuthology.orchestra.run.smithi039.stdout:/usr/bin/ceph: stderr
2023-07-21T18:33:55.141+0000 7f7ecb620700 1 -- 172.21.15.39:0/2798771705 >> 172.21.15.39:0/2798771705 conn(0x7f7ec40ffa40 msgr2=0x7f7ec4101e70 unknown :-1 s=STATE_NONE l=0).mark_down
2023-07-21T18:33:56.153 INFO:teuthology.orchestra.run.smithi039.stdout:/usr/bin/ceph: stderr
2023-07-21T18:33:55.141+0000 7f7ecb620700 1 -- 172.21.15.39:0/2798771705 shutdown_connections
2023-07-21T18:33:56.153 INFO:teuthology.orchestra.run.smithi039.stdout:/usr/bin/ceph: stderr
2023-07-21T18:33:55.141+0000 7f7ecb620700 1 -- 172.21.15.39:0/2798771705 wait complete.
2023-07-21T18:33:56.154 INFO:teuthology.orchestra.run.smithi039.stdout:/usr/bin/ceph: stderr
2023-07-21T18:33:55.141+0000 7f7ecb620700 1 Processor -- start
2023-07-21T18:33:56.154 INFO:teuthology.orchestra.run.smithi039.stdout:/usr/bin/ceph: stderr
2023-07-21T18:33:55.141+0000 7f7ecb620700 1 -- start start
2023-07-21T18:33:56.154 INFO:teuthology.orchestra.run.smithi039.stdout:/usr/bin/ceph: stderr
2023-07-21T18:33:55.142+0000 7f7ecb620700 1 --2- >> [v2:172.21.15.39:3300/0,v1:172.21.15.39:6789/0] conn(0x7f7ec4073b80 0x7f7ec419b460 unknown :-1 s=NONE pgs=0 cs=0 l=1 rev1=0 crypto rx=0 tx=0 comp rx=0 tx=0).connect
2023-07-21T18:33:56.154 INFO:teuthology.orchestra.run.smithi039.stdout:/usr/bin/ceph: stderr
2023-07-21T18:33:55.142+0000 7f7ecb620700 1 -- --> [v2:172.21.15.39:3300/0,v1:172.21.15.39:6789/0] -- mon_getmap magic: 0 v1 -- 0x7f7ec419b9a0 con 0x7f7ec4073b80
2023-07-21T18:33:56.155 INFO:teuthology.orchestra.run.smithi039.stdout:/usr/bin/ceph: stderr
2023-07-21T18:33:55.142+0000 7f7ec93bc700 1 --2- >> [v2:172.21.15.39:3300/0,v1:172.21.15.39:6789/0] conn(0x7f7ec4073b80 0x7f7ec419b460 unknown :-1 s=BANNER_CONNECTING pgs=0 cs=0 l=1 rev1=0 crypto rx=0 tx=0 comp rx=0 tx=0)._handle_peer_banner_payload supported=3 required=0
2023-07-21T18:33:56.155 INFO:teuthology.orchestra.run.smithi039.stdout:/usr/bin/ceph: stderr
2023-07-21T18:33:55.142+0000 7f7ec93bc700 1 --2- >> [v2:172.21.15.39:3300/0,v1:172.21.15.39:6789/0] conn(0x7f7ec4073b80 0x7f7ec419b460 unknown :-1 s=HELLO_CONNECTING pgs=0 cs=0 l=1 rev1=1 crypto rx=0 tx=0 comp rx=0 tx=0).handle_hello peer v2:172.21.15.39:3300/0 says I am v2:172.21.15.39:53898/0 (socket says 172.21.15.39:53898)
2023-07-21T18:33:56.155 INFO:teuthology.orchestra.run.smithi039.stdout:/usr/bin/ceph: stderr
2023-07-21T18:33:55.142+0000 7f7ec93bc700 1 -- 172.21.15.39:0/1851184408 learned_addr learned my addr 172.21.15.39:0/1851184408 (peer_addr_for_me v2:172.21.15.39:0/0)
2023-07-21T18:33:56.156 INFO:teuthology.orchestra.run.smithi039.stdout:/usr/bin/ceph: stderr
2023-07-21T18:33:55.142+0000 7f7ec93bc700 1 -- 172.21.15.39:0/1851184408 --> [v2:172.21.15.39:3300/0,v1:172.21.15.39:6789/0] -- mon_subscribe({config=0+,monmap=0+}) v3 -- 0x7f7ec0009550 con 0x7f7ec4073b80
2023-07-21T18:33:56.156 INFO:teuthology.orchestra.run.smithi039.stdout:/usr/bin/ceph: stderr
2023-07-21T18:33:55.142+0000 7f7ec93bc700 1 --2- 172.21.15.39:0/1851184408 >> [v2:172.21.15.39:3300/0,v1:172.21.15.39:6789/0] conn(0x7f7ec4073b80 0x7f7ec419b460 secure :-1 s=READY pgs=52 cs=0 l=1 rev1=1 crypto rx=0x7f7ec0003e60 tx=0x7f7ec0011a30 comp rx=0 tx=0).ready entity=mon.0 client_cookie=0 server_cookie=0 in_seq=0 out_seq=0
2023-07-21T18:33:56.156 INFO:teuthology.orchestra.run.smithi039.stdout:/usr/bin/ceph: stderr
2023-07-21T18:33:55.142+0000 7f7eba7fc700 1 -- 172.21.15.39:0/1851184408 <== mon.0 v2:172.21.15.39:3300/0 1 ==== mon_map magic: 0 v1 ==== 205+0+0 (secure 0 0 0) 0x7f7ec0003930 con 0x7f7ec4073b80
2023-07-21T18:33:56.157 INFO:teuthology.orchestra.run.smithi039.stdout:/usr/bin/ceph: stderr
2023-07-21T18:33:55.142+0000 7f7eba7fc700 1 -- 172.21.15.39:0/1851184408 <== mon.0 v2:172.21.15.39:3300/0 2 ==== config(26 keys) v1 ==== 1105+0+0 (secure 0 0 0) 0x7f7ec0003a90 con 0x7f7ec4073b80
2023-07-21T18:33:56.157 INFO:teuthology.orchestra.run.smithi039.stdout:/usr/bin/ceph: stderr
2023-07-21T18:33:55.142+0000 7f7ecb620700 1 -- 172.21.15.39:0/1851184408 --> [v2:172.21.15.39:3300/0,v1:172.21.15.39:6789/0] -- mon_subscribe({mgrmap=0+}) v3 -- 0x7f7ec419bba0 con 0x7f7ec4073b80
2023-07-21T18:33:56.157 INFO:teuthology.orchestra.run.smithi039.stdout:/usr/bin/ceph: stderr
2023-07-21T18:33:55.142+0000 7f7eba7fc700 1 -- 172.21.15.39:0/1851184408 <== mon.0 v2:172.21.15.39:3300/0 3 ==== mon_map magic: 0 v1 ==== 205+0+0 (secure 0 0 0) 0x7f7ec0019550 con 0x7f7ec4073b80
2023-07-21T18:33:56.158 INFO:teuthology.orchestra.run.smithi039.stdout:/usr/bin/ceph: stderr
2023-07-21T18:33:55.142+0000 7f7ecb620700 1 -- 172.21.15.39:0/1851184408 --> [v2:172.21.15.39:3300/0,v1:172.21.15.39:6789/0] -- mon_subscribe({osdmap=0}) v3 -- 0x7f7ec419bfc0 con 0x7f7ec4073b80
2023-07-21T18:33:56.158 INFO:teuthology.orchestra.run.smithi039.stdout:/usr/bin/ceph: stderr
2023-07-21T18:33:55.143+0000 7f7eba7fc700 1 -- 172.21.15.39:0/1851184408 <== mon.0 v2:172.21.15.39:3300/0 4 ==== mgrmap(e 8) v1 ==== 45483+0+0 (secure 0 0 0) 0x7f7ec001a430 con 0x7f7ec4073b80
2023-07-21T18:33:56.158 INFO:teuthology.orchestra.run.smithi039.stdout:/usr/bin/ceph: stderr
2023-07-21T18:33:55.143+0000 7f7eba7fc700 1 --2- 172.21.15.39:0/1851184408 >> [v2:172.21.15.39:6800/2893866425,v1:172.21.15.39:6801/2893866425] conn(0x7f7eb00386f0 0x7f7eb003aba0 unknown :-1 s=NONE pgs=0 cs=0 l=1 rev1=0 crypto rx=0 tx=0 comp rx=0 tx=0).connect
2023-07-21T18:33:56.158 INFO:teuthology.orchestra.run.smithi039.stdout:/usr/bin/ceph: stderr
2023-07-21T18:33:55.143+0000 7f7eba7fc700 1 -- 172.21.15.39:0/1851184408 <== mon.0 v2:172.21.15.39:3300/0 5 ==== osd_map(2..2 src has 1..2) v4 ==== 940+0+0 (secure 0 0 0) 0x7f7ec004c7b0 con 0x7f7ec4073b80
2023-07-21T18:33:56.159 INFO:teuthology.orchestra.run.smithi039.stdout:/usr/bin/ceph: stderr
2023-07-21T18:33:55.143+0000 7f7ecb620700 1 -- 172.21.15.39:0/1851184408 --> [v2:172.21.15.39:3300/0,v1:172.21.15.39:6789/0] -- mon_command({"prefix": "get_command_descriptions"} v 0) v1 -- 0x7f7ec4061b40 con 0x7f7ec4073b80
2023-07-21T18:33:56.159 INFO:teuthology.orchestra.run.smithi039.stdout:/usr/bin/ceph: stderr
2023-07-21T18:33:55.144+0000 7f7ec8bbb700 1 --2- 172.21.15.39:0/1851184408 >> [v2:172.21.15.39:6800/2893866425,v1:172.21.15.39:6801/2893866425] conn(0x7f7eb00386f0 0x7f7eb003aba0 unknown :-1 s=BANNER_CONNECTING pgs=0 cs=0 l=1 rev1=0 crypto rx=0 tx=0 comp rx=0 tx=0)._handle_peer_banner_payload supported=3 required=0
2023-07-21T18:33:56.159 INFO:teuthology.orchestra.run.smithi039.stdout:/usr/bin/ceph: stderr
2023-07-21T18:33:55.144+0000 7f7ec8bbb700 1 --2- 172.21.15.39:0/1851184408 >> [v2:172.21.15.39:6800/2893866425,v1:172.21.15.39:6801/2893866425] conn(0x7f7eb00386f0 0x7f7eb003aba0 secure :-1 s=READY pgs=14 cs=0 l=1 rev1=1 crypto rx=0x7f7eb4006fd0 tx=0x7f7eb4006e40 comp rx=0 tx=0).ready entity=mgr.14120 client_cookie=0 server_cookie=0 in_seq=0 out_seq=0
2023-07-21T18:33:56.160 INFO:teuthology.orchestra.run.smithi039.stdout:/usr/bin/ceph: stderr
2023-07-21T18:33:55.148+0000 7f7eba7fc700 1 -- 172.21.15.39:0/1851184408 <== mon.0 v2:172.21.15.39:3300/0 6 ==== mon_command_ack([{"prefix": "get_command_descriptions"}]=0 v0) v1 ==== 72+0+178038 (secure 0 0 0) 0x7f7ec00197c0 con 0x7f7ec4073b80
2023-07-21T18:33:56.160 INFO:teuthology.orchestra.run.smithi039.stdout:/usr/bin/ceph: stderr
2023-07-21T18:33:55.510+0000 7f7ecb620700 1 -- 172.21.15.39:0/1851184408 --> [v2:172.21.15.39:3300/0,v1:172.21.15.39:6789/0] -- mon_command([{prefix=config set, name=mgr/cephadm/container_init}] v 0) v1 -- 0x7f7ec419ea00 con 0x7f7ec4073b80
2023-07-21T18:33:56.160 INFO:teuthology.orchestra.run.smithi039.stdout:/usr/bin/ceph: stderr
2023-07-21T18:33:55.514+0000 7f7eba7fc700 1 -- 172.21.15.39:0/1851184408 <== mon.0 v2:172.21.15.39:3300/0 7 ==== mon_command_ack([{prefix=config set, name=mgr/cephadm/container_init}]=0 v7)=0 v7) v1 ==== 142+0+0 (secure 0 0 0) 0x7f7ec0018350 con 0x7f7ec4073b80
2023-07-21T18:33:56.160 INFO:teuthology.orchestra.run.smithi039.stdout:/usr/bin/ceph: stderr
2023-07-21T18:33:55.516+0000 7f7ecb620700 1 -- 172.21.15.39:0/1851184408 >> [v2:172.21.15.39:6800/2893866425,v1:172.21.15.39:6801/2893866425] conn(0x7f7eb00386f0 msgr2=0x7f7eb003aba0 secure :-1 s=STATE_CONNECTION_ESTABLISHED l=1).mark_down
2023-07-21T18:33:56.161 INFO:teuthology.orchestra.run.smithi039.stdout:/usr/bin/ceph: stderr
2023-07-21T18:33:55.516+0000 7f7ecb620700 1 --2- 172.21.15.39:0/1851184408 >> [v2:172.21.15.39:6800/2893866425,v1:172.21.15.39:6801/2893866425] conn(0x7f7eb00386f0 0x7f7eb003aba0 secure :-1 s=READY pgs=14 cs=0 l=1 rev1=1 crypto rx=0x7f7eb4006fd0 tx=0x7f7eb4006e40 comp rx=0 tx=0).stop
2023-07-21T18:33:56.161 INFO:teuthology.orchestra.run.smithi039.stdout:/usr/bin/ceph: stderr
2023-07-21T18:33:55.516+0000 7f7ecb620700 1 -- 172.21.15.39:0/1851184408 >> [v2:172.21.15.39:3300/0,v1:172.21.15.39:6789/0] conn(0x7f7ec4073b80 msgr2=0x7f7ec419b460 secure :-1 s=STATE_CONNECTION_ESTABLISHED l=1).mark_down
2023-07-21T18:33:56.161 INFO:teuthology.orchestra.run.smithi039.stdout:/usr/bin/ceph: stderr
2023-07-21T18:33:55.516+0000 7f7ecb620700 1 --2- 172.21.15.39:0/1851184408 >> [v2:172.21.15.39:3300/0,v1:172.21.15.39:6789/0] conn(0x7f7ec4073b80 0x7f7ec419b460 secure :-1 s=READY pgs=52 cs=0 l=1 rev1=1 crypto rx=0x7f7ec0003e60 tx=0x7f7ec0011a30 comp rx=0 tx=0).stop
2023-07-21T18:33:56.161 INFO:teuthology.orchestra.run.smithi039.stdout:/usr/bin/ceph: stderr
2023-07-21T18:33:55.517+0000 7f7ecb620700 1 -- 172.21.15.39:0/1851184408 shutdown_connections
2023-07-21T18:33:56.161 INFO:teuthology.orchestra.run.smithi039.stdout:/usr/bin/ceph: stderr
2023-07-21T18:33:55.517+0000 7f7ecb620700 1 --2- 172.21.15.39:0/1851184408 >> [v2:172.21.15.39:6800/2893866425,v1:172.21.15.39:6801/2893866425] conn(0x7f7eb00386f0 0x7f7eb003aba0 unknown :-1 s=CLOSED pgs=14 cs=0 l=1 rev1=1 crypto rx=0 tx=0 comp rx=0 tx=0).stop
2023-07-21T18:33:56.162 INFO:teuthology.orchestra.run.smithi039.stdout:/usr/bin/ceph: stderr
2023-07-21T18:33:55.517+0000 7f7ecb620700 1 --2- 172.21.15.39:0/1851184408 >> [v2:172.21.15.39:3300/0,v1:172.21.15.39:6789/0] conn(0x7f7ec4073b80 0x7f7ec419b460 unknown :-1 s=CLOSED pgs=52 cs=0 l=1 rev1=1 crypto rx=0 tx=0 comp rx=0 tx=0).stop
2023-07-21T18:33:56.162 INFO:teuthology.orchestra.run.smithi039.stdout:/usr/bin/ceph: stderr
2023-07-21T18:33:55.517+0000 7f7ecb620700 1 -- 172.21.15.39:0/1851184408 >> 172.21.15.39:0/1851184408 conn(0x7f7ec40ffa40 msgr2=0x7f7ec4101120 unknown :-1 s=STATE_NONE l=0).mark_down
2023-07-21T18:33:56.162 INFO:teuthology.orchestra.run.smithi039.stdout:/usr/bin/ceph: stderr
2023-07-21T18:33:55.517+0000 7f7ecb620700 1 -- 172.21.15.39:0/1851184408 shutdown_connections
2023-07-21T18:33:56.163 INFO:teuthology.orchestra.run.smithi039.stdout:/usr/bin/ceph: stderr
2023-07-21T18:33:55.517+0000 7f7ecb620700 1 -- 172.21.15.39:0/1851184408 wait complete.
2023-07-21T18:33:56.677 INFO:journalctl@ceph.mon.a.smithi039.stdout:Jul 21 18:33:56 smithi039 ceph-mon[96489]: from='client.? 172.21.15.39:0/1851184408' entity='client.admin'
2023-07-21T18:33:56.678 INFO:journalctl@ceph.mon.a.smithi039.stdout:Jul 21 18:33:56 smithi039 ceph-mon[96489]: from='mgr.14120 172.21.15.39:0/2168989012' entity='mgr.x'
2023-07-21T18:33:57.390 INFO:teuthology.orchestra.run.smithi039.stdout:/usr/bin/ceph: stderr
2023-07-21T18:33:56.634+0000 7fe34d530700 1 Processor -- start
2023-07-21T18:33:57.390 INFO:teuthology.orchestra.run.smithi039.stdout:/usr/bin/ceph: stderr
2023-07-21T18:33:56.634+0000 7fe34d530700 1 -- start start
2023-07-21T18:33:57.391 INFO:teuthology.orchestra.run.smithi039.stdout:/usr/bin/ceph: stderr
2023-07-21T18:33:56.634+0000 7fe34d530700 1 --2- >> [v2:172.21.15.39:3300/0,v1:172.21.15.39:6789/0] conn(0x7fe348073ba0 0x7fe34810a490 unknown :-1 s=NONE pgs=0 cs=0 l=0 rev1=0 crypto rx=0 tx=0 comp rx=0 tx=0).connect
2023-07-21T18:33:57.391 INFO:teuthology.orchestra.run.smithi039.stdout:/usr/bin/ceph: stderr
2023-07-21T18:33:56.634+0000 7fe34d530700 1 -- --> [v2:172.21.15.39:3300/0,v1:172.21.15.39:6789/0] -- mon_getmap magic: 0 v1 -- 0x7fe348105e80 con 0x7fe348073ba0
2023-07-21T18:33:57.391 INFO:teuthology.orchestra.run.smithi039.stdout:/usr/bin/ceph: stderr
2023-07-21T18:33:56.634+0000 7fe346ffd700 1 --2- >> [v2:172.21.15.39:3300/0,v1:172.21.15.39:6789/0] conn(0x7fe348073ba0 0x7fe34810a490 unknown :-1 s=BANNER_CONNECTING pgs=0 cs=0 l=0 rev1=0 crypto rx=0 tx=0 comp rx=0 tx=0)._handle_peer_banner_payload supported=3 required=0
2023-07-21T18:33:57.391 INFO:teuthology.orchestra.run.smithi039.stdout:/usr/bin/ceph: stderr
2023-07-21T18:33:56.634+0000 7fe346ffd700 1 --2- >> [v2:172.21.15.39:3300/0,v1:172.21.15.39:6789/0] conn(0x7fe348073ba0 0x7fe34810a490 unknown :-1 s=HELLO_CONNECTING pgs=0 cs=0 l=0 rev1=1 crypto rx=0 tx=0 comp rx=0 tx=0).handle_hello peer v2:172.21.15.39:3300/0 says I am v2:172.21.15.39:53902/0 (socket says 172.21.15.39:53902)
2023-07-21T18:33:57.391 INFO:teuthology.orchestra.run.smithi039.stdout:/usr/bin/ceph: stderr
2023-07-21T18:33:56.634+0000 7fe346ffd700 1 -- 172.21.15.39:0/3056951561 learned_addr learned my addr 172.21.15.39:0/3056951561 (peer_addr_for_me v2:172.21.15.39:0/0)
2023-07-21T18:33:57.391 INFO:teuthology.orchestra.run.smithi039.stdout:/usr/bin/ceph: stderr
2023-07-21T18:33:56.635+0000 7fe346ffd700 1 -- 172.21.15.39:0/3056951561 --> [v2:172.21.15.39:3300/0,v1:172.21.15.39:6789/0] -- mon_subscribe({config=0+,monmap=0+}) v3 -- 0x7fe34810a9d0 con 0x7fe348073ba0
2023-07-21T18:33:57.391 INFO:teuthology.orchestra.run.smithi039.stdout:/usr/bin/ceph: stderr
2023-07-21T18:33:56.635+0000 7fe346ffd700 1 --2- 172.21.15.39:0/3056951561 >> [v2:172.21.15.39:3300/0,v1:172.21.15.39:6789/0] conn(0x7fe348073ba0 0x7fe34810a490 secure :-1 s=READY pgs=53 cs=0 l=1 rev1=1 crypto rx=0x7fe33c0098a0 tx=0x7fe33c009bb0 comp rx=0 tx=0).ready entity=mon.0 client_cookie=87d2a71d8e6abde4 server_cookie=0 in_seq=0 out_seq=0
2023-07-21T18:33:57.392 INFO:teuthology.orchestra.run.smithi039.stdout:/usr/bin/ceph: stderr
2023-07-21T18:33:56.635+0000 7fe345ffb700 1 -- 172.21.15.39:0/3056951561 <== mon.0 v2:172.21.15.39:3300/0 1 ==== mon_map magic: 0 v1 ==== 205+0+0 (secure 0 0 0) 0x7fe33c004160 con 0x7fe348073ba0
2023-07-21T18:33:57.392 INFO:teuthology.orchestra.run.smithi039.stdout:/usr/bin/ceph: stderr
2023-07-21T18:33:56.635+0000 7fe345ffb700 1 -- 172.21.15.39:0/3056951561 <== mon.0 v2:172.21.15.39:3300/0 2 ==== config(26 keys) v1 ==== 1105+0+0 (secure 0 0 0) 0x7fe33c0042c0 con 0x7fe348073ba0
2023-07-21T18:33:57.392 INFO:teuthology.orchestra.run.smithi039.stdout:/usr/bin/ceph: stderr
2023-07-21T18:33:56.635+0000 7fe345ffb700 1 -- 172.21.15.39:0/3056951561 <== mon.0 v2:172.21.15.39:3300/0 3 ==== mon_map magic: 0 v1 ==== 205+0+0 (secure 0 0 0) 0x7fe33c0119b0 con 0x7fe348073ba0
2023-07-21T18:33:57.392 INFO:teuthology.orchestra.run.smithi039.stdout:/usr/bin/ceph: stderr
2023-07-21T18:33:56.635+0000 7fe34d530700 1 -- 172.21.15.39:0/3056951561 >> [v2:172.21.15.39:3300/0,v1:172.21.15.39:6789/0] conn(0x7fe348073ba0 msgr2=0x7fe34810a490 secure :-1 s=STATE_CONNECTION_ESTABLISHED l=1).mark_down
2023-07-21T18:33:57.392 INFO:teuthology.orchestra.run.smithi039.stdout:/usr/bin/ceph: stderr
2023-07-21T18:33:56.635+0000 7fe34d530700 1 --2- 172.21.15.39:0/3056951561 >> [v2:172.21.15.39:3300/0,v1:172.21.15.39:6789/0] conn(0x7fe348073ba0 0x7fe34810a490 secure :-1 s=READY pgs=53 cs=0 l=1 rev1=1 crypto rx=0x7fe33c0098a0 tx=0x7fe33c009bb0 comp rx=0 tx=0).stop
2023-07-21T18:33:57.392 INFO:teuthology.orchestra.run.smithi039.stdout:/usr/bin/ceph: stderr
2023-07-21T18:33:56.636+0000 7fe34d530700 1 -- 172.21.15.39:0/3056951561 shutdown_connections
2023-07-21T18:33:57.392 INFO:teuthology.orchestra.run.smithi039.stdout:/usr/bin/ceph: stderr
2023-07-21T18:33:56.636+0000 7fe34d530700 1 --2- 172.21.15.39:0/3056951561 >> [v2:172.21.15.39:3300/0,v1:172.21.15.39:6789/0] conn(0x7fe348073ba0 0x7fe34810a490 unknown :-1 s=CLOSED pgs=53 cs=0 l=1 rev1=1 crypto rx=0 tx=0 comp rx=0 tx=0).stop
2023-07-21T18:33:57.393 INFO:teuthology.orchestra.run.smithi039.stdout:/usr/bin/ceph: stderr
2023-07-21T18:33:56.636+0000 7fe34d530700 1 -- 172.21.15.39:0/3056951561 >> 172.21.15.39:0/3056951561 conn(0x7fe3480ffa40 msgr2=0x7fe348101e70 unknown :-1 s=STATE_NONE l=0).mark_down
2023-07-21T18:33:57.393 INFO:teuthology.orchestra.run.smithi039.stdout:/usr/bin/ceph: stderr
2023-07-21T18:33:56.636+0000 7fe34d530700 1 -- 172.21.15.39:0/3056951561 shutdown_connections
2023-07-21T18:33:57.393 INFO:teuthology.orchestra.run.smithi039.stdout:/usr/bin/ceph: stderr
2023-07-21T18:33:56.636+0000 7fe34d530700 1 -- 172.21.15.39:0/3056951561 wait complete.
2023-07-21T18:33:57.393 INFO:teuthology.orchestra.run.smithi039.stdout:/usr/bin/ceph: stderr
2023-07-21T18:33:56.636+0000 7fe34d530700 1 Processor -- start
2023-07-21T18:33:57.393 INFO:teuthology.orchestra.run.smithi039.stdout:/usr/bin/ceph: stderr
2023-07-21T18:33:56.637+0000 7fe34d530700 1 -- start start
2023-07-21T18:33:57.393 INFO:teuthology.orchestra.run.smithi039.stdout:/usr/bin/ceph: stderr
2023-07-21T18:33:56.637+0000 7fe34d530700 1 --2- >> [v2:172.21.15.39:3300/0,v1:172.21.15.39:6789/0] conn(0x7fe34819b420 0x7fe34819b830 unknown :-1 s=NONE pgs=0 cs=0 l=1 rev1=0 crypto rx=0 tx=0 comp rx=0 tx=0).connect
2023-07-21T18:33:57.393 INFO:teuthology.orchestra.run.smithi039.stdout:/usr/bin/ceph: stderr
2023-07-21T18:33:56.637+0000 7fe34d530700 1 -- --> [v2:172.21.15.39:3300/0,v1:172.21.15.39:6789/0] -- mon_getmap magic: 0 v1 -- 0x7fe34819bd70 con 0x7fe34819b420
2023-07-21T18:33:57.393 INFO:teuthology.orchestra.run.smithi039.stdout:/usr/bin/ceph: stderr
2023-07-21T18:33:56.637+0000 7fe346ffd700 1 --2- >> [v2:172.21.15.39:3300/0,v1:172.21.15.39:6789/0] conn(0x7fe34819b420 0x7fe34819b830 unknown :-1 s=BANNER_CONNECTING pgs=0 cs=0 l=1 rev1=0 crypto rx=0 tx=0 comp rx=0 tx=0)._handle_peer_banner_payload supported=3 required=0
2023-07-21T18:33:57.394 INFO:teuthology.orchestra.run.smithi039.stdout:/usr/bin/ceph: stderr
2023-07-21T18:33:56.637+0000 7fe346ffd700 1 --2- >> [v2:172.21.15.39:3300/0,v1:172.21.15.39:6789/0] conn(0x7fe34819b420 0x7fe34819b830 unknown :-1 s=HELLO_CONNECTING pgs=0 cs=0 l=1 rev1=1 crypto rx=0 tx=0 comp rx=0 tx=0).handle_hello peer v2:172.21.15.39:3300/0 says I am v2:172.21.15.39:53904/0 (socket says 172.21.15.39:53904)
2023-07-21T18:33:57.394 INFO:teuthology.orchestra.run.smithi039.stdout:/usr/bin/ceph: stderr
2023-07-21T18:33:56.637+0000 7fe346ffd700 1 -- 172.21.15.39:0/2350054956 learned_addr learned my addr 172.21.15.39:0/2350054956 (peer_addr_for_me v2:172.21.15.39:0/0)
2023-07-21T18:33:57.394 INFO:teuthology.orchestra.run.smithi039.stdout:/usr/bin/ceph: stderr
2023-07-21T18:33:56.637+0000 7fe346ffd700 1 -- 172.21.15.39:0/2350054956 --> [v2:172.21.15.39:3300/0,v1:172.21.15.39:6789/0] -- mon_subscribe({config=0+,monmap=0+}) v3 -- 0x7fe33c009550 con 0x7fe34819b420
2023-07-21T18:33:57.394 INFO:teuthology.orchestra.run.smithi039.stdout:/usr/bin/ceph: stderr
2023-07-21T18:33:56.637+0000 7fe346ffd700 1 --2- 172.21.15.39:0/2350054956 >> [v2:172.21.15.39:3300/0,v1:172.21.15.39:6789/0] conn(0x7fe34819b420 0x7fe34819b830 secure :-1 s=READY pgs=54 cs=0 l=1 rev1=1 crypto rx=0x7fe33c000c00 tx=0x7fe33c011a30 comp rx=0 tx=0).ready entity=mon.0 client_cookie=0 server_cookie=0 in_seq=0 out_seq=0
2023-07-21T18:33:57.394 INFO:teuthology.orchestra.run.smithi039.stdout:/usr/bin/ceph: stderr
2023-07-21T18:33:56.638+0000 7fe32ffff700 1 -- 172.21.15.39:0/2350054956 <== mon.0 v2:172.21.15.39:3300/0 1 ==== mon_map magic: 0 v1 ==== 205+0+0 (secure 0 0 0) 0x7fe33c0039f0 con 0x7fe34819b420
2023-07-21T18:33:57.394 INFO:teuthology.orchestra.run.smithi039.stdout:/usr/bin/ceph: stderr
2023-07-21T18:33:56.638+0000 7fe34d530700 1 -- 172.21.15.39:0/2350054956 --> [v2:172.21.15.39:3300/0,v1:172.21.15.39:6789/0] -- mon_subscribe({mgrmap=0+}) v3 -- 0x7fe34819bf70 con 0x7fe34819b420
2023-07-21T18:33:57.394 INFO:teuthology.orchestra.run.smithi039.stdout:/usr/bin/ceph: stderr
2023-07-21T18:33:56.638+0000 7fe32ffff700 1 -- 172.21.15.39:0/2350054956 <== mon.0 v2:172.21.15.39:3300/0 2 ==== config(26 keys) v1 ==== 1105+0+0 (secure 0 0 0) 0x7fe33c003b50 con 0x7fe34819b420
2023-07-21T18:33:57.394 INFO:teuthology.orchestra.run.smithi039.stdout:/usr/bin/ceph: stderr
2023-07-21T18:33:56.638+0000 7fe32ffff700 1 -- 172.21.15.39:0/2350054956 <== mon.0 v2:172.21.15.39:3300/0 3 ==== mon_map magic: 0 v1 ==== 205+0+0 (secure 0 0 0) 0x7fe33c01a780 con 0x7fe34819b420
2023-07-21T18:33:57.395 INFO:teuthology.orchestra.run.smithi039.stdout:/usr/bin/ceph: stderr
2023-07-21T18:33:56.638+0000 7fe34d530700 1 -- 172.21.15.39:0/2350054956 --> [v2:172.21.15.39:3300/0,v1:172.21.15.39:6789/0] -- mon_subscribe({osdmap=0}) v3 -- 0x7fe34819ebd0 con 0x7fe34819b420
2023-07-21T18:33:57.395 INFO:teuthology.orchestra.run.smithi039.stdout:/usr/bin/ceph: stderr
2023-07-21T18:33:56.638+0000 7fe32ffff700 1 -- 172.21.15.39:0/2350054956 <== mon.0 v2:172.21.15.39:3300/0 4 ==== mgrmap(e 8) v1 ==== 45483+0+0 (secure 0 0 0) 0x7fe33c01aa40 con 0x7fe34819b420
2023-07-21T18:33:57.395 INFO:teuthology.orchestra.run.smithi039.stdout:/usr/bin/ceph: stderr
2023-07-21T18:33:56.639+0000 7fe32ffff700 1 --2- 172.21.15.39:0/2350054956 >> [v2:172.21.15.39:6800/2893866425,v1:172.21.15.39:6801/2893866425] conn(0x7fe330038710 0x7fe33003abc0 unknown :-1 s=NONE pgs=0 cs=0 l=1 rev1=0 crypto rx=0 tx=0 comp rx=0 tx=0).connect
2023-07-21T18:33:57.395 INFO:teuthology.orchestra.run.smithi039.stdout:/usr/bin/ceph: stderr
2023-07-21T18:33:56.639+0000 7fe32ffff700 1 -- 172.21.15.39:0/2350054956 <== mon.0 v2:172.21.15.39:3300/0 5 ==== osd_map(2..2 src has 1..2) v4 ==== 940+0+0 (secure 0 0 0) 0x7fe33c024850 con 0x7fe34819b420
2023-07-21T18:33:57.395 INFO:teuthology.orchestra.run.smithi039.stdout:/usr/bin/ceph: stderr
2023-07-21T18:33:56.639+0000 7fe3467fc700 1 --2- 172.21.15.39:0/2350054956 >> [v2:172.21.15.39:6800/2893866425,v1:172.21.15.39:6801/2893866425] conn(0x7fe330038710 0x7fe33003abc0 unknown :-1 s=BANNER_CONNECTING pgs=0 cs=0 l=1 rev1=0 crypto rx=0 tx=0 comp rx=0 tx=0)._handle_peer_banner_payload supported=3 required=0
2023-07-21T18:33:57.395 INFO:teuthology.orchestra.run.smithi039.stdout:/usr/bin/ceph: stderr
2023-07-21T18:33:56.639+0000 7fe34d530700 1 -- 172.21.15.39:0/2350054956 --> [v2:172.21.15.39:3300/0,v1:172.21.15.39:6789/0] -- mon_command({"prefix": "get_command_descriptions"} v 0) v1 -- 0x7fe348061b40 con 0x7fe34819b420
2023-07-21T18:33:57.395 INFO:teuthology.orchestra.run.smithi039.stdout:/usr/bin/ceph: stderr
2023-07-21T18:33:56.639+0000 7fe3467fc700 1 --2- 172.21.15.39:0/2350054956 >> [v2:172.21.15.39:6800/2893866425,v1:172.21.15.39:6801/2893866425] conn(0x7fe330038710 0x7fe33003abc0 secure :-1 s=READY pgs=15 cs=0 l=1 rev1=1 crypto rx=0x7fe338006fd0 tx=0x7fe338006e40 comp rx=0 tx=0).ready entity=mgr.14120 client_cookie=0 server_cookie=0 in_seq=0 out_seq=0
2023-07-21T18:33:57.396 INFO:teuthology.orchestra.run.smithi039.stdout:/usr/bin/ceph: stderr
2023-07-21T18:33:56.644+0000 7fe32ffff700 1 -- 172.21.15.39:0/2350054956 <== mon.0 v2:172.21.15.39:3300/0 6 ==== mon_command_ack([{"prefix": "get_command_descriptions"}]=0 v0) v1 ==== 72+0+178038 (secure 0 0 0) 0x7fe33c01acf0 con 0x7fe34819b420
2023-07-21T18:33:57.396 INFO:teuthology.orchestra.run.smithi039.stdout:/usr/bin/ceph: stderr
2023-07-21T18:33:57.004+0000 7fe34d530700 1 -- 172.21.15.39:0/2350054956 --> [v2:172.21.15.39:3300/0,v1:172.21.15.39:6789/0] -- mon_command([{prefix=config set, name=mgr/dashboard/ssl_server_port}] v 0) v1 -- 0x7fe34819ef50 con 0x7fe34819b420
2023-07-21T18:33:57.396 INFO:teuthology.orchestra.run.smithi039.stdout:/usr/bin/ceph: stderr
2023-07-21T18:33:57.010+0000 7fe32ffff700 1 -- 172.21.15.39:0/2350054956 <== mon.0 v2:172.21.15.39:3300/0 7 ==== mon_command_ack([{prefix=config set, name=mgr/dashboard/ssl_server_port}]=0 v8)=0 v8) v1 ==== 130+0+0 (secure 0 0 0) 0x7fe33c018350 con 0x7fe34819b420
2023-07-21T18:33:57.396 INFO:teuthology.orchestra.run.smithi039.stdout:/usr/bin/ceph: stderr
2023-07-21T18:33:57.012+0000 7fe34d530700 1 -- 172.21.15.39:0/2350054956 >> [v2:172.21.15.39:6800/2893866425,v1:172.21.15.39:6801/2893866425] conn(0x7fe330038710 msgr2=0x7fe33003abc0 secure :-1 s=STATE_CONNECTION_ESTABLISHED l=1).mark_down
2023-07-21T18:33:57.396 INFO:teuthology.orchestra.run.smithi039.stdout:/usr/bin/ceph: stderr
2023-07-21T18:33:57.012+0000 7fe34d530700 1 --2- 172.21.15.39:0/2350054956 >> [v2:172.21.15.39:6800/2893866425,v1:172.21.15.39:6801/2893866425] conn(0x7fe330038710 0x7fe33003abc0 secure :-1 s=READY pgs=15 cs=0 l=1 rev1=1 crypto rx=0x7fe338006fd0 tx=0x7fe338006e40 comp rx=0 tx=0).stop
2023-07-21T18:33:57.396 INFO:teuthology.orchestra.run.smithi039.stdout:/usr/bin/ceph: stderr
2023-07-21T18:33:57.012+0000 7fe34d530700 1 -- 172.21.15.39:0/2350054956 >> [v2:172.21.15.39:3300/0,v1:172.21.15.39:6789/0] conn(0x7fe34819b420 msgr2=0x7fe34819b830 secure :-1 s=STATE_CONNECTION_ESTABLISHED l=1).mark_down
2023-07-21T18:33:57.396 INFO:teuthology.orchestra.run.smithi039.stdout:/usr/bin/ceph: stderr
2023-07-21T18:33:57.012+0000 7fe34d530700 1 --2- 172.21.15.39:0/2350054956 >> [v2:172.21.15.39:3300/0,v1:172.21.15.39:6789/0] conn(0x7fe34819b420 0x7fe34819b830 secure :-1 s=READY pgs=54 cs=0 l=1 rev1=1 crypto rx=0x7fe33c000c00 tx=0x7fe33c011a30 comp rx=0 tx=0).stop
2023-07-21T18:33:57.396 INFO:teuthology.orchestra.run.smithi039.stdout:/usr/bin/ceph: stderr
2023-07-21T18:33:57.012+0000 7fe34d530700 1 -- 172.21.15.39:0/2350054956 shutdown_connections
2023-07-21T18:33:57.397 INFO:teuthology.orchestra.run.smithi039.stdout:/usr/bin/ceph: stderr
2023-07-21T18:33:57.012+0000 7fe34d530700 1 --2- 172.21.15.39:0/2350054956 >> [v2:172.21.15.39:6800/2893866425,v1:172.21.15.39:6801/2893866425] conn(0x7fe330038710 0x7fe33003abc0 unknown :-1 s=CLOSED pgs=15 cs=0 l=1 rev1=1 crypto rx=0 tx=0 comp rx=0 tx=0).stop
2023-07-21T18:33:57.397 INFO:teuthology.orchestra.run.smithi039.stdout:/usr/bin/ceph: stderr
2023-07-21T18:33:57.012+0000 7fe34d530700 1 --2- 172.21.15.39:0/2350054956 >> [v2:172.21.15.39:3300/0,v1:172.21.15.39:6789/0] conn(0x7fe34819b420 0x7fe34819b830 unknown :-1 s=CLOSED pgs=54 cs=0 l=1 rev1=1 crypto rx=0 tx=0 comp rx=0 tx=0).stop
2023-07-21T18:33:57.397 INFO:teuthology.orchestra.run.smithi039.stdout:/usr/bin/ceph: stderr
2023-07-21T18:33:57.012+0000 7fe34d530700 1 -- 172.21.15.39:0/2350054956 >> 172.21.15.39:0/2350054956 conn(0x7fe3480ffa40 msgr2=0x7fe3481010c0 unknown :-1 s=STATE_NONE l=0).mark_down
2023-07-21T18:33:57.397 INFO:teuthology.orchestra.run.smithi039.stdout:/usr/bin/ceph: stderr
2023-07-21T18:33:57.012+0000 7fe34d530700 1 -- 172.21.15.39:0/2350054956 shutdown_connections
2023-07-21T18:33:57.397 INFO:teuthology.orchestra.run.smithi039.stdout:/usr/bin/ceph: stderr
2023-07-21T18:33:57.012+0000 7fe34d530700 1 -- 172.21.15.39:0/2350054956 wait complete.
2023-07-21T18:33:57.397 INFO:teuthology.orchestra.run.smithi039.stdout:Enabling the dashboard module...
2023-07-21T18:33:58.373 INFO:journalctl@ceph.mon.a.smithi039.stdout:Jul 21 18:33:58 smithi039 ceph-mon[96489]: from='client.? 172.21.15.39:0/2350054956' entity='client.admin'
2023-07-21T18:33:58.373 INFO:journalctl@ceph.mon.a.smithi039.stdout:Jul 21 18:33:58 smithi039 ceph-mon[96489]: from='mgr.14120 172.21.15.39:0/2168989012' entity='mgr.x'
2023-07-21T18:33:59.354 INFO:journalctl@ceph.mon.a.smithi039.stdout:Jul 21 18:33:59 smithi039 ceph-mon[96489]: from='client.? 172.21.15.39:0/3932469396' entity='client.admin' cmd=[{"prefix": "mgr module enable", "module": "dashboard"}]: dispatch
2023-07-21T18:33:59.355 INFO:journalctl@ceph.mgr.x.smithi039.stdout:Jul 21 18:33:59 smithi039 ceph-eaf8e25a-27f4-11ee-9b34-001a4aab830c-mgr-x[96735]: ignoring --setuser ceph since I am not root
2023-07-21T18:33:59.355 INFO:journalctl@ceph.mgr.x.smithi039.stdout:Jul 21 18:33:59 smithi039 ceph-eaf8e25a-27f4-11ee-9b34-001a4aab830c-mgr-x[96735]: ignoring --setgroup ceph since I am not root
2023-07-21T18:33:59.355 INFO:journalctl@ceph.mgr.x.smithi039.stdout:Jul 21 18:33:59 smithi039 ceph-eaf8e25a-27f4-11ee-9b34-001a4aab830c-mgr-x[96735]:
2023-07-21T18:33:59.223+0000 7fe4ca152200 -1 mgr[py] Module devicehealth has missing NOTIFY_TYPES member
2023-07-21T18:33:59.355 INFO:journalctl@ceph.mgr.x.smithi039.stdout:Jul 21 18:33:59 smithi039 ceph-eaf8e25a-27f4-11ee-9b34-001a4aab830c-mgr-x[96735]:
2023-07-21T18:33:59.320+0000 7fe4ca152200 -1 mgr[py] Module osd_support has missing NOTIFY_TYPES member
2023-07-21T18:33:59.449 INFO:teuthology.orchestra.run.smithi039.stdout:/usr/bin/ceph: stderr
2023-07-21T18:33:57.850+0000 7faccf63a700 1 Processor -- start
2023-07-21T18:33:59.449 INFO:teuthology.orchestra.run.smithi039.stdout:/usr/bin/ceph: stderr
2023-07-21T18:33:57.850+0000 7faccf63a700 1 -- start start
2023-07-21T18:33:59.449 INFO:teuthology.orchestra.run.smithi039.stdout:/usr/bin/ceph: stderr
2023-07-21T18:33:57.850+0000 7faccf63a700 1 --2- >> [v2:172.21.15.39:3300/0,v1:172.21.15.39:6789/0] conn(0x7facc8073ba0 0x7facc810a490 unknown :-1 s=NONE pgs=0 cs=0 l=0 rev1=0 crypto rx=0 tx=0 comp rx=0 tx=0).connect
2023-07-21T18:33:59.449 INFO:teuthology.orchestra.run.smithi039.stdout:/usr/bin/ceph: stderr
2023-07-21T18:33:57.850+0000 7faccf63a700 1 -- --> [v2:172.21.15.39:3300/0,v1:172.21.15.39:6789/0] -- mon_getmap magic: 0 v1 -- 0x7facc8105e80 con 0x7facc8073ba0
2023-07-21T18:33:59.449 INFO:teuthology.orchestra.run.smithi039.stdout:/usr/bin/ceph: stderr
2023-07-21T18:33:57.850+0000 7faccd3d6700 1 --2- >> [v2:172.21.15.39:3300/0,v1:172.21.15.39:6789/0] conn(0x7facc8073ba0 0x7facc810a490 unknown :-1 s=BANNER_CONNECTING pgs=0 cs=0 l=0 rev1=0 crypto rx=0 tx=0 comp rx=0 tx=0)._handle_peer_banner_payload supported=3 required=0
2023-07-21T18:33:59.449 INFO:teuthology.orchestra.run.smithi039.stdout:/usr/bin/ceph: stderr
2023-07-21T18:33:57.850+0000 7faccd3d6700 1 --2- >> [v2:172.21.15.39:3300/0,v1:172.21.15.39:6789/0] conn(0x7facc8073ba0 0x7facc810a490 unknown :-1 s=HELLO_CONNECTING pgs=0 cs=0 l=0 rev1=1 crypto rx=0 tx=0 comp rx=0 tx=0).handle_hello peer v2:172.21.15.39:3300/0 says I am v2:172.21.15.39:53908/0 (socket says 172.21.15.39:53908)
2023-07-21T18:33:59.450 INFO:teuthology.orchestra.run.smithi039.stdout:/usr/bin/ceph: stderr
2023-07-21T18:33:57.850+0000 7faccd3d6700 1 -- 172.21.15.39:0/1897808319 learned_addr learned my addr 172.21.15.39:0/1897808319 (peer_addr_for_me v2:172.21.15.39:0/0)
2023-07-21T18:33:59.450 INFO:teuthology.orchestra.run.smithi039.stdout:/usr/bin/ceph: stderr
2023-07-21T18:33:57.851+0000 7faccd3d6700 1 -- 172.21.15.39:0/1897808319 --> [v2:172.21.15.39:3300/0,v1:172.21.15.39:6789/0] -- mon_subscribe({config=0+,monmap=0+}) v3 -- 0x7facc810a9d0 con 0x7facc8073ba0
2023-07-21T18:33:59.450 INFO:teuthology.orchestra.run.smithi039.stdout:/usr/bin/ceph: stderr
2023-07-21T18:33:57.851+0000 7faccd3d6700 1 --2- 172.21.15.39:0/1897808319 >> [v2:172.21.15.39:3300/0,v1:172.21.15.39:6789/0] conn(0x7facc8073ba0 0x7facc810a490 secure :-1 s=READY pgs=55 cs=0 l=1 rev1=1 crypto rx=0x7facc40098a0 tx=0x7facc4009bb0 comp rx=0 tx=0).ready entity=mon.0 client_cookie=e14a1ce48c3900c7 server_cookie=0 in_seq=0 out_seq=0
2023-07-21T18:33:59.450 INFO:teuthology.orchestra.run.smithi039.stdout:/usr/bin/ceph: stderr
2023-07-21T18:33:57.851+0000 7facbffff700 1 -- 172.21.15.39:0/1897808319 <== mon.0 v2:172.21.15.39:3300/0 1 ==== mon_map magic: 0 v1 ==== 205+0+0 (secure 0 0 0) 0x7facc4004160 con 0x7facc8073ba0
2023-07-21T18:33:59.450 INFO:teuthology.orchestra.run.smithi039.stdout:/usr/bin/ceph: stderr
2023-07-21T18:33:57.851+0000 7facbffff700 1 -- 172.21.15.39:0/1897808319 <== mon.0 v2:172.21.15.39:3300/0 2 ==== config(26 keys) v1 ==== 1105+0+0 (secure 0 0 0) 0x7facc40042c0 con 0x7facc8073ba0
2023-07-21T18:33:59.450 INFO:teuthology.orchestra.run.smithi039.stdout:/usr/bin/ceph: stderr
2023-07-21T18:33:57.851+0000 7facbffff700 1 -- 172.21.15.39:0/1897808319 <== mon.0 v2:172.21.15.39:3300/0 3 ==== mon_map magic: 0 v1 ==== 205+0+0 (secure 0 0 0) 0x7facc40119b0 con 0x7facc8073ba0
2023-07-21T18:33:59.450 INFO:teuthology.orchestra.run.smithi039.stdout:/usr/bin/ceph: stderr
2023-07-21T18:33:57.852+0000 7faccf63a700 1 -- 172.21.15.39:0/1897808319 >> [v2:172.21.15.39:3300/0,v1:172.21.15.39:6789/0] conn(0x7facc8073ba0 msgr2=0x7facc810a490 secure :-1 s=STATE_CONNECTION_ESTABLISHED l=1).mark_down
2023-07-21T18:33:59.451 INFO:teuthology.orchestra.run.smithi039.stdout:/usr/bin/ceph: stderr
2023-07-21T18:33:57.852+0000 7faccf63a700 1 --2- 172.21.15.39:0/1897808319 >> [v2:172.21.15.39:3300/0,v1:172.21.15.39:6789/0] conn(0x7facc8073ba0 0x7facc810a490 secure :-1 s=READY pgs=55 cs=0 l=1 rev1=1 crypto rx=0x7facc40098a0 tx=0x7facc4009bb0 comp rx=0 tx=0).stop
2023-07-21T18:33:59.451 INFO:teuthology.orchestra.run.smithi039.stdout:/usr/bin/ceph: stderr
2023-07-21T18:33:57.852+0000 7faccf63a700 1 -- 172.21.15.39:0/1897808319 shutdown_connections
2023-07-21T18:33:59.451 INFO:teuthology.orchestra.run.smithi039.stdout:/usr/bin/ceph: stderr
2023-07-21T18:33:57.852+0000 7faccf63a700 1 --2- 172.21.15.39:0/1897808319 >> [v2:172.21.15.39:3300/0,v1:172.21.15.39:6789/0] conn(0x7facc8073ba0 0x7facc810a490 unknown :-1 s=CLOSED pgs=55 cs=0 l=1 rev1=1 crypto rx=0 tx=0 comp rx=0 tx=0).stop
2023-07-21T18:33:59.454 INFO:teuthology.orchestra.run.smithi039.stdout:/usr/bin/ceph: stderr
2023-07-21T18:33:57.852+0000 7faccf63a700 1 -- 172.21.15.39:0/1897808319 >> 172.21.15.39:0/1897808319 conn(0x7facc80ffa40 msgr2=0x7facc8101e70 unknown :-1 s=STATE_NONE l=0).mark_down
2023-07-21T18:33:59.454 INFO:teuthology.orchestra.run.smithi039.stdout:/usr/bin/ceph: stderr
2023-07-21T18:33:57.852+0000 7faccf63a700 1 -- 172.21.15.39:0/1897808319 shutdown_connections
2023-07-21T18:33:59.454 INFO:teuthology.orchestra.run.smithi039.stdout:/usr/bin/ceph: stderr
2023-07-21T18:33:57.852+0000 7faccf63a700 1 -- 172.21.15.39:0/1897808319 wait complete.
2023-07-21T18:33:59.454 INFO:teuthology.orchestra.run.smithi039.stdout:/usr/bin/ceph: stderr
2023-07-21T18:33:57.853+0000 7faccf63a700 1 Processor -- start
2023-07-21T18:33:59.454 INFO:teuthology.orchestra.run.smithi039.stdout:/usr/bin/ceph: stderr
2023-07-21T18:33:57.853+0000 7faccf63a700 1 -- start start
2023-07-21T18:33:59.454 INFO:teuthology.orchestra.run.smithi039.stdout:/usr/bin/ceph: stderr
2023-07-21T18:33:57.853+0000 7faccf63a700 1 --2- >> [v2:172.21.15.39:3300/0,v1:172.21.15.39:6789/0] conn(0x7facc819b4c0 0x7facc819b8d0 unknown :-1 s=NONE pgs=0 cs=0 l=1 rev1=0 crypto rx=0 tx=0 comp rx=0 tx=0).connect
2023-07-21T18:33:59.454 INFO:teuthology.orchestra.run.smithi039.stdout:/usr/bin/ceph: stderr
2023-07-21T18:33:57.853+0000 7faccf63a700 1 -- --> [v2:172.21.15.39:3300/0,v1:172.21.15.39:6789/0] -- mon_getmap magic: 0 v1 -- 0x7facc819be10 con 0x7facc819b4c0
2023-07-21T18:33:59.455 INFO:teuthology.orchestra.run.smithi039.stdout:/usr/bin/ceph: stderr
