2023-07-21T18:33:57.853+0000 7faccd3d6700 1 --2- >> [v2:172.21.15.39:3300/0,v1:172.21.15.39:6789/0] conn(0x7facc819b4c0 0x7facc819b8d0 unknown :-1 s=BANNER_CONNECTING pgs=0 cs=0 l=1 rev1=0 crypto rx=0 tx=0 comp rx=0 tx=0)._handle_peer_banner_payload supported=3 required=0
2023-07-21T18:33:59.455 INFO:teuthology.orchestra.run.smithi039.stdout:/usr/bin/ceph: stderr
2023-07-21T18:33:57.853+0000 7faccd3d6700 1 --2- >> [v2:172.21.15.39:3300/0,v1:172.21.15.39:6789/0] conn(0x7facc819b4c0 0x7facc819b8d0 unknown :-1 s=HELLO_CONNECTING pgs=0 cs=0 l=1 rev1=1 crypto rx=0 tx=0 comp rx=0 tx=0).handle_hello peer v2:172.21.15.39:3300/0 says I am v2:172.21.15.39:53910/0 (socket says 172.21.15.39:53910)
2023-07-21T18:33:59.455 INFO:teuthology.orchestra.run.smithi039.stdout:/usr/bin/ceph: stderr
2023-07-21T18:33:57.853+0000 7faccd3d6700 1 -- 172.21.15.39:0/3932469396 learned_addr learned my addr 172.21.15.39:0/3932469396 (peer_addr_for_me v2:172.21.15.39:0/0)
2023-07-21T18:33:59.455 INFO:teuthology.orchestra.run.smithi039.stdout:/usr/bin/ceph: stderr
2023-07-21T18:33:57.854+0000 7faccd3d6700 1 -- 172.21.15.39:0/3932469396 --> [v2:172.21.15.39:3300/0,v1:172.21.15.39:6789/0] -- mon_subscribe({config=0+,monmap=0+}) v3 -- 0x7facc4009550 con 0x7facc819b4c0
2023-07-21T18:33:59.455 INFO:teuthology.orchestra.run.smithi039.stdout:/usr/bin/ceph: stderr
2023-07-21T18:33:57.854+0000 7faccd3d6700 1 --2- 172.21.15.39:0/3932469396 >> [v2:172.21.15.39:3300/0,v1:172.21.15.39:6789/0] conn(0x7facc819b4c0 0x7facc819b8d0 secure :-1 s=READY pgs=56 cs=0 l=1 rev1=1 crypto rx=0x7facc4006af0 tx=0x7facc4011a10 comp rx=0 tx=0).ready entity=mon.0 client_cookie=0 server_cookie=0 in_seq=0 out_seq=0
2023-07-21T18:33:59.455 INFO:teuthology.orchestra.run.smithi039.stdout:/usr/bin/ceph: stderr
2023-07-21T18:33:57.854+0000 7facbe7fc700 1 -- 172.21.15.39:0/3932469396 <== mon.0 v2:172.21.15.39:3300/0 1 ==== mon_map magic: 0 v1 ==== 205+0+0 (secure 0 0 0) 0x7facc4003a40 con 0x7facc819b4c0
2023-07-21T18:33:59.456 INFO:teuthology.orchestra.run.smithi039.stdout:/usr/bin/ceph: stderr
2023-07-21T18:33:57.854+0000 7faccf63a700 1 -- 172.21.15.39:0/3932469396 --> [v2:172.21.15.39:3300/0,v1:172.21.15.39:6789/0] -- mon_subscribe({mgrmap=0+}) v3 -- 0x7facc819c010 con 0x7facc819b4c0
2023-07-21T18:33:59.456 INFO:teuthology.orchestra.run.smithi039.stdout:/usr/bin/ceph: stderr
2023-07-21T18:33:57.854+0000 7facbe7fc700 1 -- 172.21.15.39:0/3932469396 <== mon.0 v2:172.21.15.39:3300/0 2 ==== config(26 keys) v1 ==== 1105+0+0 (secure 0 0 0) 0x7facc4003ba0 con 0x7facc819b4c0
2023-07-21T18:33:59.456 INFO:teuthology.orchestra.run.smithi039.stdout:/usr/bin/ceph: stderr
2023-07-21T18:33:57.854+0000 7facbe7fc700 1 -- 172.21.15.39:0/3932469396 <== mon.0 v2:172.21.15.39:3300/0 3 ==== mon_map magic: 0 v1 ==== 205+0+0 (secure 0 0 0) 0x7facc4019690 con 0x7facc819b4c0
2023-07-21T18:33:59.456 INFO:teuthology.orchestra.run.smithi039.stdout:/usr/bin/ceph: stderr
2023-07-21T18:33:57.854+0000 7faccf63a700 1 -- 172.21.15.39:0/3932469396 --> [v2:172.21.15.39:3300/0,v1:172.21.15.39:6789/0] -- mon_subscribe({osdmap=0}) v3 -- 0x7facc819ec70 con 0x7facc819b4c0
2023-07-21T18:33:59.456 INFO:teuthology.orchestra.run.smithi039.stdout:/usr/bin/ceph: stderr
2023-07-21T18:33:57.855+0000 7facbe7fc700 1 -- 172.21.15.39:0/3932469396 <== mon.0 v2:172.21.15.39:3300/0 4 ==== mgrmap(e 8) v1 ==== 45483+0+0 (secure 0 0 0) 0x7facc4019900 con 0x7facc819b4c0
2023-07-21T18:33:59.457 INFO:teuthology.orchestra.run.smithi039.stdout:/usr/bin/ceph: stderr
2023-07-21T18:33:57.855+0000 7facbe7fc700 1 --2- 172.21.15.39:0/3932469396 >> [v2:172.21.15.39:6800/2893866425,v1:172.21.15.39:6801/2893866425] conn(0x7facb4038710 0x7facb403abc0 unknown :-1 s=NONE pgs=0 cs=0 l=1 rev1=0 crypto rx=0 tx=0 comp rx=0 tx=0).connect
2023-07-21T18:33:59.457 INFO:teuthology.orchestra.run.smithi039.stdout:/usr/bin/ceph: stderr
2023-07-21T18:33:57.855+0000 7facbe7fc700 1 -- 172.21.15.39:0/3932469396 <== mon.0 v2:172.21.15.39:3300/0 5 ==== osd_map(2..2 src has 1..2) v4 ==== 940+0+0 (secure 0 0 0) 0x7facc404c900 con 0x7facc819b4c0
2023-07-21T18:33:59.457 INFO:teuthology.orchestra.run.smithi039.stdout:/usr/bin/ceph: stderr
2023-07-21T18:33:57.855+0000 7facccbd5700 1 --2- 172.21.15.39:0/3932469396 >> [v2:172.21.15.39:6800/2893866425,v1:172.21.15.39:6801/2893866425] conn(0x7facb4038710 0x7facb403abc0 unknown :-1 s=BANNER_CONNECTING pgs=0 cs=0 l=1 rev1=0 crypto rx=0 tx=0 comp rx=0 tx=0)._handle_peer_banner_payload supported=3 required=0
2023-07-21T18:33:59.457 INFO:teuthology.orchestra.run.smithi039.stdout:/usr/bin/ceph: stderr
2023-07-21T18:33:57.855+0000 7faccf63a700 1 -- 172.21.15.39:0/3932469396 --> [v2:172.21.15.39:3300/0,v1:172.21.15.39:6789/0] -- mon_command({"prefix": "get_command_descriptions"} v 0) v1 -- 0x7facc8061b40 con 0x7facc819b4c0
2023-07-21T18:33:59.457 INFO:teuthology.orchestra.run.smithi039.stdout:/usr/bin/ceph: stderr
2023-07-21T18:33:57.856+0000 7facccbd5700 1 --2- 172.21.15.39:0/3932469396 >> [v2:172.21.15.39:6800/2893866425,v1:172.21.15.39:6801/2893866425] conn(0x7facb4038710 0x7facb403abc0 secure :-1 s=READY pgs=16 cs=0 l=1 rev1=1 crypto rx=0x7facb8006fd0 tx=0x7facb8006e40 comp rx=0 tx=0).ready entity=mgr.14120 client_cookie=0 server_cookie=0 in_seq=0 out_seq=0
2023-07-21T18:33:59.457 INFO:teuthology.orchestra.run.smithi039.stdout:/usr/bin/ceph: stderr
2023-07-21T18:33:57.861+0000 7facbe7fc700 1 -- 172.21.15.39:0/3932469396 <== mon.0 v2:172.21.15.39:3300/0 6 ==== mon_command_ack([{"prefix": "get_command_descriptions"}]=0 v0) v1 ==== 72+0+178038 (secure 0 0 0) 0x7facc4019e30 con 0x7facc819b4c0
2023-07-21T18:33:59.457 INFO:teuthology.orchestra.run.smithi039.stdout:/usr/bin/ceph: stderr
2023-07-21T18:33:58.348+0000 7faccf63a700 1 -- 172.21.15.39:0/3932469396 --> [v2:172.21.15.39:3300/0,v1:172.21.15.39:6789/0] -- mon_command({"prefix": "mgr module enable", "module": "dashboard"} v 0) v1 -- 0x7facc8073ba0 con 0x7facc819b4c0
2023-07-21T18:33:59.457 INFO:teuthology.orchestra.run.smithi039.stdout:/usr/bin/ceph: stderr
2023-07-21T18:33:59.020+0000 7facbe7fc700 1 -- 172.21.15.39:0/3932469396 <== mon.0 v2:172.21.15.39:3300/0 7 ==== mgrmap(e 9) v1 ==== 45496+0+0 (secure 0 0 0) 0x7facc402d9a0 con 0x7facc819b4c0
2023-07-21T18:33:59.458 INFO:teuthology.orchestra.run.smithi039.stdout:/usr/bin/ceph: stderr
2023-07-21T18:33:59.021+0000 7facbe7fc700 1 -- 172.21.15.39:0/3932469396 <== mon.0 v2:172.21.15.39:3300/0 8 ==== mon_command_ack([{"prefix": "mgr module enable", "module": "dashboard"}]=0 v9) v1 ==== 88+0+0 (secure 0 0 0) 0x7facc4024e10 con 0x7facc819b4c0
2023-07-21T18:33:59.458 INFO:teuthology.orchestra.run.smithi039.stdout:/usr/bin/ceph: stderr
2023-07-21T18:33:59.023+0000 7faccf63a700 1 -- 172.21.15.39:0/3932469396 >> [v2:172.21.15.39:6800/2893866425,v1:172.21.15.39:6801/2893866425] conn(0x7facb4038710 msgr2=0x7facb403abc0 secure :-1 s=STATE_CONNECTION_ESTABLISHED l=1).mark_down
2023-07-21T18:33:59.458 INFO:teuthology.orchestra.run.smithi039.stdout:/usr/bin/ceph: stderr
2023-07-21T18:33:59.023+0000 7faccf63a700 1 --2- 172.21.15.39:0/3932469396 >> [v2:172.21.15.39:6800/2893866425,v1:172.21.15.39:6801/2893866425] conn(0x7facb4038710 0x7facb403abc0 secure :-1 s=READY pgs=16 cs=0 l=1 rev1=1 crypto rx=0x7facb8006fd0 tx=0x7facb8006e40 comp rx=0 tx=0).stop
2023-07-21T18:33:59.458 INFO:teuthology.orchestra.run.smithi039.stdout:/usr/bin/ceph: stderr
2023-07-21T18:33:59.023+0000 7faccf63a700 1 -- 172.21.15.39:0/3932469396 >> [v2:172.21.15.39:3300/0,v1:172.21.15.39:6789/0] conn(0x7facc819b4c0 msgr2=0x7facc819b8d0 secure :-1 s=STATE_CONNECTION_ESTABLISHED l=1).mark_down
2023-07-21T18:33:59.459 INFO:teuthology.orchestra.run.smithi039.stdout:/usr/bin/ceph: stderr
2023-07-21T18:33:59.023+0000 7faccf63a700 1 --2- 172.21.15.39:0/3932469396 >> [v2:172.21.15.39:3300/0,v1:172.21.15.39:6789/0] conn(0x7facc819b4c0 0x7facc819b8d0 secure :-1 s=READY pgs=56 cs=0 l=1 rev1=1 crypto rx=0x7facc4006af0 tx=0x7facc4011a10 comp rx=0 tx=0).stop
2023-07-21T18:33:59.459 INFO:teuthology.orchestra.run.smithi039.stdout:/usr/bin/ceph: stderr
2023-07-21T18:33:59.024+0000 7faccf63a700 1 -- 172.21.15.39:0/3932469396 shutdown_connections
2023-07-21T18:33:59.459 INFO:teuthology.orchestra.run.smithi039.stdout:/usr/bin/ceph: stderr
2023-07-21T18:33:59.024+0000 7faccf63a700 1 --2- 172.21.15.39:0/3932469396 >> [v2:172.21.15.39:6800/2893866425,v1:172.21.15.39:6801/2893866425] conn(0x7facb4038710 0x7facb403abc0 unknown :-1 s=CLOSED pgs=16 cs=0 l=1 rev1=1 crypto rx=0 tx=0 comp rx=0 tx=0).stop
2023-07-21T18:33:59.459 INFO:teuthology.orchestra.run.smithi039.stdout:/usr/bin/ceph: stderr
2023-07-21T18:33:59.024+0000 7faccf63a700 1 --2- 172.21.15.39:0/3932469396 >> [v2:172.21.15.39:3300/0,v1:172.21.15.39:6789/0] conn(0x7facc819b4c0 0x7facc819b8d0 unknown :-1 s=CLOSED pgs=56 cs=0 l=1 rev1=1 crypto rx=0 tx=0 comp rx=0 tx=0).stop
2023-07-21T18:33:59.459 INFO:teuthology.orchestra.run.smithi039.stdout:/usr/bin/ceph: stderr
2023-07-21T18:33:59.024+0000 7faccf63a700 1 -- 172.21.15.39:0/3932469396 >> 172.21.15.39:0/3932469396 conn(0x7facc80ffa40 msgr2=0x7facc8101140 unknown :-1 s=STATE_NONE l=0).mark_down
2023-07-21T18:33:59.459 INFO:teuthology.orchestra.run.smithi039.stdout:/usr/bin/ceph: stderr
2023-07-21T18:33:59.024+0000 7faccf63a700 1 -- 172.21.15.39:0/3932469396 shutdown_connections
2023-07-21T18:33:59.459 INFO:teuthology.orchestra.run.smithi039.stdout:/usr/bin/ceph: stderr
2023-07-21T18:33:59.024+0000 7faccf63a700 1 -- 172.21.15.39:0/3932469396 wait complete.
2023-07-21T18:33:59.610 INFO:journalctl@ceph.mgr.x.smithi039.stdout:Jul 21 18:33:59 smithi039 ceph-eaf8e25a-27f4-11ee-9b34-001a4aab830c-mgr-x[96735]:
2023-07-21T18:33:59.431+0000 7fe4ca152200 -1 mgr[py] Module snap_schedule has missing NOTIFY_TYPES member
2023-07-21T18:33:59.610 INFO:journalctl@ceph.mgr.x.smithi039.stdout:Jul 21 18:33:59 smithi039 ceph-eaf8e25a-27f4-11ee-9b34-001a4aab830c-mgr-x[96735]:
2023-07-21T18:33:59.548+0000 7fe4ca152200 -1 mgr[py] Module zabbix has missing NOTIFY_TYPES member
2023-07-21T18:33:59.949 INFO:journalctl@ceph.mgr.x.smithi039.stdout:Jul 21 18:33:59 smithi039 ceph-eaf8e25a-27f4-11ee-9b34-001a4aab830c-mgr-x[96735]:
2023-07-21T18:33:59.764+0000 7fe4ca152200 -1 mgr[py] Module crash has missing NOTIFY_TYPES member
2023-07-21T18:34:00.307 INFO:journalctl@ceph.mgr.x.smithi039.stdout:Jul 21 18:34:00 smithi039 ceph-eaf8e25a-27f4-11ee-9b34-001a4aab830c-mgr-x[96735]:
2023-07-21T18:34:00.164+0000 7fe4ca152200 -1 mgr[py] Module prometheus has missing NOTIFY_TYPES member
2023-07-21T18:34:00.308 INFO:journalctl@ceph.mon.a.smithi039.stdout:Jul 21 18:34:00 smithi039 ceph-mon[96489]: from='client.? 172.21.15.39:0/3932469396' entity='client.admin' cmd='[{"prefix": "mgr module enable", "module": "dashboard"}]': finished
2023-07-21T18:34:00.308 INFO:journalctl@ceph.mon.a.smithi039.stdout:Jul 21 18:34:00 smithi039 ceph-mon[96489]: mgrmap e9: x(active, since 18s)
2023-07-21T18:34:00.583 INFO:journalctl@ceph.mgr.x.smithi039.stdout:Jul 21 18:34:00 smithi039 ceph-eaf8e25a-27f4-11ee-9b34-001a4aab830c-mgr-x[96735]:
2023-07-21T18:34:00.273+0000 7fe4ca152200 -1 mgr[py] Module status has missing NOTIFY_TYPES member
2023-07-21T18:34:00.583 INFO:journalctl@ceph.mgr.x.smithi039.stdout:Jul 21 18:34:00 smithi039 ceph-eaf8e25a-27f4-11ee-9b34-001a4aab830c-mgr-x[96735]:
2023-07-21T18:34:00.429+0000 7fe4ca152200 -1 mgr[py] Module selftest has missing NOTIFY_TYPES member
2023-07-21T18:34:00.583 INFO:journalctl@ceph.mgr.x.smithi039.stdout:Jul 21 18:34:00 smithi039 ceph-eaf8e25a-27f4-11ee-9b34-001a4aab830c-mgr-x[96735]:
2023-07-21T18:34:00.548+0000 7fe4ca152200 -1 mgr[py] Module alerts has missing NOTIFY_TYPES member
2023-07-21T18:34:00.695 INFO:teuthology.orchestra.run.smithi039.stdout:/usr/bin/ceph: stdout {
2023-07-21T18:34:00.701 INFO:teuthology.orchestra.run.smithi039.stdout:/usr/bin/ceph: stdout "epoch": 9,
2023-07-21T18:34:00.701 INFO:teuthology.orchestra.run.smithi039.stdout:/usr/bin/ceph: stdout "available": true,
2023-07-21T18:34:00.701 INFO:teuthology.orchestra.run.smithi039.stdout:/usr/bin/ceph: stdout "active_name": "x",
2023-07-21T18:34:00.701 INFO:teuthology.orchestra.run.smithi039.stdout:/usr/bin/ceph: stdout "num_standby": 0
2023-07-21T18:34:00.702 INFO:teuthology.orchestra.run.smithi039.stdout:/usr/bin/ceph: stdout }
2023-07-21T18:34:00.702 INFO:teuthology.orchestra.run.smithi039.stdout:/usr/bin/ceph: stderr
2023-07-21T18:33:59.876+0000 7fdb8cf67700 1 Processor -- start
2023-07-21T18:34:00.702 INFO:teuthology.orchestra.run.smithi039.stdout:/usr/bin/ceph: stderr
2023-07-21T18:33:59.876+0000 7fdb8cf67700 1 -- start start
2023-07-21T18:34:00.702 INFO:teuthology.orchestra.run.smithi039.stdout:/usr/bin/ceph: stderr
2023-07-21T18:33:59.876+0000 7fdb8cf67700 1 --2- >> [v2:172.21.15.39:3300/0,v1:172.21.15.39:6789/0] conn(0x7fdb88106070 0x7fdb88108450 unknown :-1 s=NONE pgs=0 cs=0 l=0 rev1=0 crypto rx=0 tx=0 comp rx=0 tx=0).connect
2023-07-21T18:34:00.702 INFO:teuthology.orchestra.run.smithi039.stdout:/usr/bin/ceph: stderr
2023-07-21T18:33:59.876+0000 7fdb8cf67700 1 -- --> [v2:172.21.15.39:3300/0,v1:172.21.15.39:6789/0] -- mon_getmap magic: 0 v1 -- 0x7fdb88073bc0 con 0x7fdb88106070
2023-07-21T18:34:00.702 INFO:teuthology.orchestra.run.smithi039.stdout:/usr/bin/ceph: stderr
2023-07-21T18:33:59.877+0000 7fdb8659c700 1 --2- >> [v2:172.21.15.39:3300/0,v1:172.21.15.39:6789/0] conn(0x7fdb88106070 0x7fdb88108450 unknown :-1 s=BANNER_CONNECTING pgs=0 cs=0 l=0 rev1=0 crypto rx=0 tx=0 comp rx=0 tx=0)._handle_peer_banner_payload supported=3 required=0
2023-07-21T18:34:00.702 INFO:teuthology.orchestra.run.smithi039.stdout:/usr/bin/ceph: stderr
2023-07-21T18:33:59.877+0000 7fdb8659c700 1 --2- >> [v2:172.21.15.39:3300/0,v1:172.21.15.39:6789/0] conn(0x7fdb88106070 0x7fdb88108450 unknown :-1 s=HELLO_CONNECTING pgs=0 cs=0 l=0 rev1=1 crypto rx=0 tx=0 comp rx=0 tx=0).handle_hello peer v2:172.21.15.39:3300/0 says I am v2:172.21.15.39:53924/0 (socket says 172.21.15.39:53924)
2023-07-21T18:34:00.703 INFO:teuthology.orchestra.run.smithi039.stdout:/usr/bin/ceph: stderr
2023-07-21T18:33:59.877+0000 7fdb8659c700 1 -- 172.21.15.39:0/2185892799 learned_addr learned my addr 172.21.15.39:0/2185892799 (peer_addr_for_me v2:172.21.15.39:0/0)
2023-07-21T18:34:00.703 INFO:teuthology.orchestra.run.smithi039.stdout:/usr/bin/ceph: stderr
2023-07-21T18:33:59.877+0000 7fdb8659c700 1 -- 172.21.15.39:0/2185892799 --> [v2:172.21.15.39:3300/0,v1:172.21.15.39:6789/0] -- mon_subscribe({config=0+,monmap=0+}) v3 -- 0x7fdb88073d00 con 0x7fdb88106070
2023-07-21T18:34:00.703 INFO:teuthology.orchestra.run.smithi039.stdout:/usr/bin/ceph: stderr
2023-07-21T18:33:59.877+0000 7fdb8659c700 1 --2- 172.21.15.39:0/2185892799 >> [v2:172.21.15.39:3300/0,v1:172.21.15.39:6789/0] conn(0x7fdb88106070 0x7fdb88108450 secure :-1 s=READY pgs=59 cs=0 l=1 rev1=1 crypto rx=0x7fdb780098a0 tx=0x7fdb78009bb0 comp rx=0 tx=0).ready entity=mon.0 client_cookie=13fcd2f4a7086e54 server_cookie=0 in_seq=0 out_seq=0
2023-07-21T18:34:00.703 INFO:teuthology.orchestra.run.smithi039.stdout:/usr/bin/ceph: stderr
2023-07-21T18:33:59.877+0000 7fdb8559a700 1 -- 172.21.15.39:0/2185892799 <== mon.0 v2:172.21.15.39:3300/0 1 ==== mon_map magic: 0 v1 ==== 205+0+0 (secure 0 0 0) 0x7fdb78004160 con 0x7fdb88106070
2023-07-21T18:34:00.703 INFO:teuthology.orchestra.run.smithi039.stdout:/usr/bin/ceph: stderr
2023-07-21T18:33:59.877+0000 7fdb8559a700 1 -- 172.21.15.39:0/2185892799 <== mon.0 v2:172.21.15.39:3300/0 2 ==== config(26 keys) v1 ==== 1105+0+0 (secure 0 0 0) 0x7fdb780042c0 con 0x7fdb88106070
2023-07-21T18:34:00.704 INFO:teuthology.orchestra.run.smithi039.stdout:/usr/bin/ceph: stderr
2023-07-21T18:33:59.877+0000 7fdb8559a700 1 -- 172.21.15.39:0/2185892799 <== mon.0 v2:172.21.15.39:3300/0 3 ==== mon_map magic: 0 v1 ==== 205+0+0 (secure 0 0 0) 0x7fdb780119b0 con 0x7fdb88106070
2023-07-21T18:34:00.704 INFO:teuthology.orchestra.run.smithi039.stdout:/usr/bin/ceph: stderr
2023-07-21T18:33:59.878+0000 7fdb8cf67700 1 -- 172.21.15.39:0/2185892799 >> [v2:172.21.15.39:3300/0,v1:172.21.15.39:6789/0] conn(0x7fdb88106070 msgr2=0x7fdb88108450 secure :-1 s=STATE_CONNECTION_ESTABLISHED l=1).mark_down
2023-07-21T18:34:00.704 INFO:teuthology.orchestra.run.smithi039.stdout:/usr/bin/ceph: stderr
2023-07-21T18:33:59.878+0000 7fdb8cf67700 1 --2- 172.21.15.39:0/2185892799 >> [v2:172.21.15.39:3300/0,v1:172.21.15.39:6789/0] conn(0x7fdb88106070 0x7fdb88108450 secure :-1 s=READY pgs=59 cs=0 l=1 rev1=1 crypto rx=0x7fdb780098a0 tx=0x7fdb78009bb0 comp rx=0 tx=0).stop
2023-07-21T18:34:00.704 INFO:teuthology.orchestra.run.smithi039.stdout:/usr/bin/ceph: stderr
2023-07-21T18:33:59.878+0000 7fdb8cf67700 1 -- 172.21.15.39:0/2185892799 shutdown_connections
2023-07-21T18:34:00.704 INFO:teuthology.orchestra.run.smithi039.stdout:/usr/bin/ceph: stderr
2023-07-21T18:33:59.878+0000 7fdb8cf67700 1 --2- 172.21.15.39:0/2185892799 >> [v2:172.21.15.39:3300/0,v1:172.21.15.39:6789/0] conn(0x7fdb88106070 0x7fdb88108450 unknown :-1 s=CLOSED pgs=59 cs=0 l=1 rev1=1 crypto rx=0 tx=0 comp rx=0 tx=0).stop
2023-07-21T18:34:00.704 INFO:teuthology.orchestra.run.smithi039.stdout:/usr/bin/ceph: stderr
2023-07-21T18:33:59.878+0000 7fdb8cf67700 1 -- 172.21.15.39:0/2185892799 >> 172.21.15.39:0/2185892799 conn(0x7fdb880ffa50 msgr2=0x7fdb88101e80 unknown :-1 s=STATE_NONE l=0).mark_down
2023-07-21T18:34:00.704 INFO:teuthology.orchestra.run.smithi039.stdout:/usr/bin/ceph: stderr
2023-07-21T18:33:59.878+0000 7fdb8cf67700 1 -- 172.21.15.39:0/2185892799 shutdown_connections
2023-07-21T18:34:00.705 INFO:teuthology.orchestra.run.smithi039.stdout:/usr/bin/ceph: stderr
2023-07-21T18:33:59.878+0000 7fdb8cf67700 1 -- 172.21.15.39:0/2185892799 wait complete.
2023-07-21T18:34:00.705 INFO:teuthology.orchestra.run.smithi039.stdout:/usr/bin/ceph: stderr
2023-07-21T18:33:59.879+0000 7fdb8cf67700 1 Processor -- start
2023-07-21T18:34:00.705 INFO:teuthology.orchestra.run.smithi039.stdout:/usr/bin/ceph: stderr
2023-07-21T18:33:59.879+0000 7fdb8cf67700 1 -- start start
2023-07-21T18:34:00.705 INFO:teuthology.orchestra.run.smithi039.stdout:/usr/bin/ceph: stderr
2023-07-21T18:33:59.879+0000 7fdb8cf67700 1 --2- >> [v2:172.21.15.39:3300/0,v1:172.21.15.39:6789/0] conn(0x7fdb88106070 0x7fdb881992d0 unknown :-1 s=NONE pgs=0 cs=0 l=1 rev1=0 crypto rx=0 tx=0 comp rx=0 tx=0).connect
2023-07-21T18:34:00.705 INFO:teuthology.orchestra.run.smithi039.stdout:/usr/bin/ceph: stderr
2023-07-21T18:33:59.879+0000 7fdb8cf67700 1 -- --> [v2:172.21.15.39:3300/0,v1:172.21.15.39:6789/0] -- mon_getmap magic: 0 v1 -- 0x7fdb88199810 con 0x7fdb88106070
2023-07-21T18:34:00.705 INFO:teuthology.orchestra.run.smithi039.stdout:/usr/bin/ceph: stderr
2023-07-21T18:33:59.879+0000 7fdb8659c700 1 --2- >> [v2:172.21.15.39:3300/0,v1:172.21.15.39:6789/0] conn(0x7fdb88106070 0x7fdb881992d0 unknown :-1 s=BANNER_CONNECTING pgs=0 cs=0 l=1 rev1=0 crypto rx=0 tx=0 comp rx=0 tx=0)._handle_peer_banner_payload supported=3 required=0
2023-07-21T18:34:00.705 INFO:teuthology.orchestra.run.smithi039.stdout:/usr/bin/ceph: stderr
2023-07-21T18:33:59.880+0000 7fdb8659c700 1 --2- >> [v2:172.21.15.39:3300/0,v1:172.21.15.39:6789/0] conn(0x7fdb88106070 0x7fdb881992d0 unknown :-1 s=HELLO_CONNECTING pgs=0 cs=0 l=1 rev1=1 crypto rx=0 tx=0 comp rx=0 tx=0).handle_hello peer v2:172.21.15.39:3300/0 says I am v2:172.21.15.39:53926/0 (socket says 172.21.15.39:53926)
2023-07-21T18:34:00.705 INFO:teuthology.orchestra.run.smithi039.stdout:/usr/bin/ceph: stderr
2023-07-21T18:33:59.880+0000 7fdb8659c700 1 -- 172.21.15.39:0/3594522597 learned_addr learned my addr 172.21.15.39:0/3594522597 (peer_addr_for_me v2:172.21.15.39:0/0)
2023-07-21T18:34:00.706 INFO:teuthology.orchestra.run.smithi039.stdout:/usr/bin/ceph: stderr
2023-07-21T18:33:59.880+0000 7fdb8659c700 1 -- 172.21.15.39:0/3594522597 --> [v2:172.21.15.39:3300/0,v1:172.21.15.39:6789/0] -- mon_subscribe({config=0+,monmap=0+}) v3 -- 0x7fdb78009550 con 0x7fdb88106070
2023-07-21T18:34:00.706 INFO:teuthology.orchestra.run.smithi039.stdout:/usr/bin/ceph: stderr
2023-07-21T18:33:59.880+0000 7fdb8659c700 1 --2- 172.21.15.39:0/3594522597 >> [v2:172.21.15.39:3300/0,v1:172.21.15.39:6789/0] conn(0x7fdb88106070 0x7fdb881992d0 secure :-1 s=READY pgs=60 cs=0 l=1 rev1=1 crypto rx=0x7fdb78003e60 tx=0x7fdb78011a30 comp rx=0 tx=0).ready entity=mon.0 client_cookie=0 server_cookie=0 in_seq=0 out_seq=0
2023-07-21T18:34:00.706 INFO:teuthology.orchestra.run.smithi039.stdout:/usr/bin/ceph: stderr
2023-07-21T18:33:59.880+0000 7fdb777fe700 1 -- 172.21.15.39:0/3594522597 <== mon.0 v2:172.21.15.39:3300/0 1 ==== mon_map magic: 0 v1 ==== 205+0+0 (secure 0 0 0) 0x7fdb78003a60 con 0x7fdb88106070
2023-07-21T18:34:00.706 INFO:teuthology.orchestra.run.smithi039.stdout:/usr/bin/ceph: stderr
2023-07-21T18:33:59.880+0000 7fdb8cf67700 1 -- 172.21.15.39:0/3594522597 --> [v2:172.21.15.39:3300/0,v1:172.21.15.39:6789/0] -- mon_subscribe({mgrmap=0+}) v3 -- 0x7fdb88199a10 con 0x7fdb88106070
2023-07-21T18:34:00.706 INFO:teuthology.orchestra.run.smithi039.stdout:/usr/bin/ceph: stderr
2023-07-21T18:33:59.880+0000 7fdb777fe700 1 -- 172.21.15.39:0/3594522597 <== mon.0 v2:172.21.15.39:3300/0 2 ==== config(26 keys) v1 ==== 1105+0+0 (secure 0 0 0) 0x7fdb78003bc0 con 0x7fdb88106070
2023-07-21T18:34:00.706 INFO:teuthology.orchestra.run.smithi039.stdout:/usr/bin/ceph: stderr
2023-07-21T18:33:59.880+0000 7fdb777fe700 1 -- 172.21.15.39:0/3594522597 <== mon.0 v2:172.21.15.39:3300/0 3 ==== mon_map magic: 0 v1 ==== 205+0+0 (secure 0 0 0) 0x7fdb780196c0 con 0x7fdb88106070
2023-07-21T18:34:00.706 INFO:teuthology.orchestra.run.smithi039.stdout:/usr/bin/ceph: stderr
2023-07-21T18:33:59.880+0000 7fdb8cf67700 1 -- 172.21.15.39:0/3594522597 --> [v2:172.21.15.39:3300/0,v1:172.21.15.39:6789/0] -- mon_subscribe({osdmap=0}) v3 -- 0x7fdb88199e30 con 0x7fdb88106070
2023-07-21T18:34:00.707 INFO:teuthology.orchestra.run.smithi039.stdout:/usr/bin/ceph: stderr
2023-07-21T18:33:59.881+0000 7fdb777fe700 1 -- 172.21.15.39:0/3594522597 <== mon.0 v2:172.21.15.39:3300/0 4 ==== mgrmap(e 9) v1 ==== 45496+0+0 (secure 0 0 0) 0x7fdb78019930 con 0x7fdb88106070
2023-07-21T18:34:00.707 INFO:teuthology.orchestra.run.smithi039.stdout:/usr/bin/ceph: stderr
2023-07-21T18:33:59.881+0000 7fdb777fe700 1 --2- 172.21.15.39:0/3594522597 >> [v2:172.21.15.39:6800/2893866425,v1:172.21.15.39:6801/2893866425] conn(0x7fdb70038790 0x7fdb7003ac40 unknown :-1 s=NONE pgs=0 cs=0 l=1 rev1=0 crypto rx=0 tx=0 comp rx=0 tx=0).connect
2023-07-21T18:34:00.707 INFO:teuthology.orchestra.run.smithi039.stdout:/usr/bin/ceph: stderr
2023-07-21T18:33:59.881+0000 7fdb777fe700 1 -- 172.21.15.39:0/3594522597 <== mon.0 v2:172.21.15.39:3300/0 5 ==== osd_map(2..2 src has 1..2) v4 ==== 940+0+0 (secure 0 0 0) 0x7fdb7804d8d0 con 0x7fdb88106070
2023-07-21T18:34:00.707 INFO:teuthology.orchestra.run.smithi039.stdout:/usr/bin/ceph: stderr
2023-07-21T18:33:59.881+0000 7fdb85d9b700 1 -- 172.21.15.39:0/3594522597 >> [v2:172.21.15.39:6800/2893866425,v1:172.21.15.39:6801/2893866425] conn(0x7fdb70038790 msgr2=0x7fdb7003ac40 unknown :-1 s=STATE_CONNECTING_RE l=1).process reconnect failed to v2:172.21.15.39:6800/2893866425
2023-07-21T18:34:00.707 INFO:teuthology.orchestra.run.smithi039.stdout:/usr/bin/ceph: stderr
2023-07-21T18:33:59.881+0000 7fdb85d9b700 1 --2- 172.21.15.39:0/3594522597 >> [v2:172.21.15.39:6800/2893866425,v1:172.21.15.39:6801/2893866425] conn(0x7fdb70038790 0x7fdb7003ac40 unknown :-1 s=START_CONNECT pgs=0 cs=0 l=1 rev1=0 crypto rx=0 tx=0 comp rx=0 tx=0)._fault waiting 0.200000
2023-07-21T18:34:00.707 INFO:teuthology.orchestra.run.smithi039.stdout:/usr/bin/ceph: stderr
2023-07-21T18:33:59.882+0000 7fdb8cf67700 1 -- 172.21.15.39:0/3594522597 --> [v2:172.21.15.39:3300/0,v1:172.21.15.39:6789/0] -- mon_command({"prefix": "get_command_descriptions"} v 0) v1 -- 0x7fdb88061b40 con 0x7fdb88106070
2023-07-21T18:34:00.707 INFO:teuthology.orchestra.run.smithi039.stdout:/usr/bin/ceph: stderr
2023-07-21T18:33:59.886+0000 7fdb777fe700 1 -- 172.21.15.39:0/3594522597 <== mon.0 v2:172.21.15.39:3300/0 6 ==== mon_command_ack([{"prefix": "get_command_descriptions"}]=0 v0) v1 ==== 72+0+178038 (secure 0 0 0) 0x7fdb78019e60 con 0x7fdb88106070
2023-07-21T18:34:00.708 INFO:teuthology.orchestra.run.smithi039.stdout:/usr/bin/ceph: stderr
2023-07-21T18:34:00.082+0000 7fdb85d9b700 1 -- 172.21.15.39:0/3594522597 >> [v2:172.21.15.39:6800/2893866425,v1:172.21.15.39:6801/2893866425] conn(0x7fdb70038790 msgr2=0x7fdb7003ac40 unknown :-1 s=STATE_CONNECTING_RE l=1).process reconnect failed to v2:172.21.15.39:6800/2893866425
2023-07-21T18:34:00.708 INFO:teuthology.orchestra.run.smithi039.stdout:/usr/bin/ceph: stderr
2023-07-21T18:34:00.082+0000 7fdb85d9b700 1 --2- 172.21.15.39:0/3594522597 >> [v2:172.21.15.39:6800/2893866425,v1:172.21.15.39:6801/2893866425] conn(0x7fdb70038790 0x7fdb7003ac40 unknown :-1 s=START_CONNECT pgs=0 cs=0 l=1 rev1=0 crypto rx=0 tx=0 comp rx=0 tx=0)._fault waiting 0.400000
2023-07-21T18:34:00.708 INFO:teuthology.orchestra.run.smithi039.stdout:/usr/bin/ceph: stderr
2023-07-21T18:34:00.351+0000 7fdb8cf67700 1 -- 172.21.15.39:0/3594522597 --> [v2:172.21.15.39:3300/0,v1:172.21.15.39:6789/0] -- mon_command({"prefix": "mgr stat"} v 0) v1 -- 0x7fdb8819c870 con 0x7fdb88106070
2023-07-21T18:34:00.708 INFO:teuthology.orchestra.run.smithi039.stdout:/usr/bin/ceph: stderr
2023-07-21T18:34:00.352+0000 7fdb777fe700 1 -- 172.21.15.39:0/3594522597 <== mon.0 v2:172.21.15.39:3300/0 7 ==== mon_command_ack([{"prefix": "mgr stat"}]=0 v9) v1 ==== 56+0+88 (secure 0 0 0) 0x7fdb78010b70 con 0x7fdb88106070
2023-07-21T18:34:00.708 INFO:teuthology.orchestra.run.smithi039.stdout:/usr/bin/ceph: stderr
2023-07-21T18:34:00.354+0000 7fdb8cf67700 1 -- 172.21.15.39:0/3594522597 >> [v2:172.21.15.39:6800/2893866425,v1:172.21.15.39:6801/2893866425] conn(0x7fdb70038790 msgr2=0x7fdb7003ac40 unknown :-1 s=STATE_CONNECTING l=1).mark_down
2023-07-21T18:34:00.708 INFO:teuthology.orchestra.run.smithi039.stdout:/usr/bin/ceph: stderr
2023-07-21T18:34:00.354+0000 7fdb8cf67700 1 --2- 172.21.15.39:0/3594522597 >> [v2:172.21.15.39:6800/2893866425,v1:172.21.15.39:6801/2893866425] conn(0x7fdb70038790 0x7fdb7003ac40 unknown :-1 s=START_CONNECT pgs=0 cs=0 l=1 rev1=0 crypto rx=0 tx=0 comp rx=0 tx=0).stop
2023-07-21T18:34:00.708 INFO:teuthology.orchestra.run.smithi039.stdout:/usr/bin/ceph: stderr
2023-07-21T18:34:00.354+0000 7fdb8cf67700 1 -- 172.21.15.39:0/3594522597 >> [v2:172.21.15.39:3300/0,v1:172.21.15.39:6789/0] conn(0x7fdb88106070 msgr2=0x7fdb881992d0 secure :-1 s=STATE_CONNECTION_ESTABLISHED l=1).mark_down
2023-07-21T18:34:00.709 INFO:teuthology.orchestra.run.smithi039.stdout:/usr/bin/ceph: stderr
2023-07-21T18:34:00.354+0000 7fdb8cf67700 1 --2- 172.21.15.39:0/3594522597 >> [v2:172.21.15.39:3300/0,v1:172.21.15.39:6789/0] conn(0x7fdb88106070 0x7fdb881992d0 secure :-1 s=READY pgs=60 cs=0 l=1 rev1=1 crypto rx=0x7fdb78003e60 tx=0x7fdb78011a30 comp rx=0 tx=0).stop
2023-07-21T18:34:00.709 INFO:teuthology.orchestra.run.smithi039.stdout:/usr/bin/ceph: stderr
2023-07-21T18:34:00.354+0000 7fdb8cf67700 1 -- 172.21.15.39:0/3594522597 shutdown_connections
2023-07-21T18:34:00.709 INFO:teuthology.orchestra.run.smithi039.stdout:/usr/bin/ceph: stderr
2023-07-21T18:34:00.354+0000 7fdb8cf67700 1 --2- 172.21.15.39:0/3594522597 >> [v2:172.21.15.39:6800/2893866425,v1:172.21.15.39:6801/2893866425] conn(0x7fdb70038790 0x7fdb7003ac40 unknown :-1 s=CLOSED pgs=0 cs=0 l=1 rev1=0 crypto rx=0 tx=0 comp rx=0 tx=0).stop
2023-07-21T18:34:00.709 INFO:teuthology.orchestra.run.smithi039.stdout:/usr/bin/ceph: stderr
2023-07-21T18:34:00.354+0000 7fdb8cf67700 1 --2- 172.21.15.39:0/3594522597 >> [v2:172.21.15.39:3300/0,v1:172.21.15.39:6789/0] conn(0x7fdb88106070 0x7fdb881992d0 unknown :-1 s=CLOSED pgs=60 cs=0 l=1 rev1=1 crypto rx=0 tx=0 comp rx=0 tx=0).stop
2023-07-21T18:34:00.709 INFO:teuthology.orchestra.run.smithi039.stdout:/usr/bin/ceph: stderr
2023-07-21T18:34:00.354+0000 7fdb8cf67700 1 -- 172.21.15.39:0/3594522597 >> 172.21.15.39:0/3594522597 conn(0x7fdb880ffa50 msgr2=0x7fdb88101120 unknown :-1 s=STATE_NONE l=0).mark_down
2023-07-21T18:34:00.709 INFO:teuthology.orchestra.run.smithi039.stdout:/usr/bin/ceph: stderr
2023-07-21T18:34:00.354+0000 7fdb8cf67700 1 -- 172.21.15.39:0/3594522597 shutdown_connections
2023-07-21T18:34:00.709 INFO:teuthology.orchestra.run.smithi039.stdout:/usr/bin/ceph: stderr
2023-07-21T18:34:00.354+0000 7fdb8cf67700 1 -- 172.21.15.39:0/3594522597 wait complete.
2023-07-21T18:34:00.709 INFO:teuthology.orchestra.run.smithi039.stdout:Waiting for the mgr to restart...
2023-07-21T18:34:00.710 INFO:teuthology.orchestra.run.smithi039.stdout:Waiting for mgr epoch 9...
2023-07-21T18:34:01.200 INFO:journalctl@ceph.mon.a.smithi039.stdout:Jul 21 18:34:01 smithi039 ceph-mon[96489]: from='client.? 172.21.15.39:0/3594522597' entity='client.admin' cmd=[{"prefix": "mgr stat"}]: dispatch
2023-07-21T18:34:01.200 INFO:journalctl@ceph.mgr.x.smithi039.stdout:Jul 21 18:34:01 smithi039 ceph-eaf8e25a-27f4-11ee-9b34-001a4aab830c-mgr-x[96735]:
2023-07-21T18:34:01.071+0000 7fe4ca152200 -1 mgr[py] Module progress has missing NOTIFY_TYPES member
2023-07-21T18:34:02.199 INFO:journalctl@ceph.mgr.x.smithi039.stdout:Jul 21 18:34:01 smithi039 ceph-eaf8e25a-27f4-11ee-9b34-001a4aab830c-mgr-x[96735]:
2023-07-21T18:34:01.759+0000 7fe4ca152200 -1 mgr[py] Module rook has missing NOTIFY_TYPES member
2023-07-21T18:34:02.200 INFO:journalctl@ceph.mgr.x.smithi039.stdout:Jul 21 18:34:01 smithi039 ceph-eaf8e25a-27f4-11ee-9b34-001a4aab830c-mgr-x[96735]:
2023-07-21T18:34:01.952+0000 7fe4ca152200 -1 mgr[py] Module iostat has missing NOTIFY_TYPES member
2023-07-21T18:34:03.199 INFO:journalctl@ceph.mgr.x.smithi039.stdout:Jul 21 18:34:02 smithi039 ceph-eaf8e25a-27f4-11ee-9b34-001a4aab830c-mgr-x[96735]:
2023-07-21T18:34:02.913+0000 7fe4ca152200 -1 mgr[py] Module test_orchestrator has missing NOTIFY_TYPES member
2023-07-21T18:34:03.200 INFO:journalctl@ceph.mgr.x.smithi039.stdout:Jul 21 18:34:03 smithi039 ceph-eaf8e25a-27f4-11ee-9b34-001a4aab830c-mgr-x[96735]:
2023-07-21T18:34:03.024+0000 7fe4ca152200 -1 mgr[py] Module osd_perf_query has missing NOTIFY_TYPES member
2023-07-21T18:34:03.625 INFO:journalctl@ceph.mgr.x.smithi039.stdout:Jul 21 18:34:03 smithi039 ceph-eaf8e25a-27f4-11ee-9b34-001a4aab830c-mgr-x[96735]:
2023-07-21T18:34:03.243+0000 7fe4ca152200 -1 mgr[py] Module orchestrator has missing NOTIFY_TYPES member
2023-07-21T18:34:03.878 INFO:journalctl@ceph.mgr.x.smithi039.stdout:Jul 21 18:34:03 smithi039 ceph-eaf8e25a-27f4-11ee-9b34-001a4aab830c-mgr-x[96735]:
2023-07-21T18:34:03.591+0000 7fe4ca152200 -1 mgr[py] Module rgw has missing NOTIFY_TYPES member
2023-07-21T18:34:04.200 INFO:journalctl@ceph.mgr.x.smithi039.stdout:Jul 21 18:34:03 smithi039 ceph-eaf8e25a-27f4-11ee-9b34-001a4aab830c-mgr-x[96735]:
2023-07-21T18:34:03.844+0000 7fe4ca152200 -1 mgr[py] Module influx has missing NOTIFY_TYPES member
2023-07-21T18:34:04.200 INFO:journalctl@ceph.mgr.x.smithi039.stdout:Jul 21 18:34:04 smithi039 ceph-eaf8e25a-27f4-11ee-9b34-001a4aab830c-mgr-x[96735]:
2023-07-21T18:34:04.027+0000 7fe4ca152200 -1 mgr[py] Module telemetry has missing NOTIFY_TYPES member
2023-07-21T18:34:04.700 INFO:journalctl@ceph.mgr.x.smithi039.stdout:Jul 21 18:34:04 smithi039 ceph-eaf8e25a-27f4-11ee-9b34-001a4aab830c-mgr-x[96735]:
2023-07-21T18:34:04.355+0000 7fe4ca152200 -1 mgr[py] Module telegraf has missing NOTIFY_TYPES member
2023-07-21T18:34:05.615 INFO:journalctl@ceph.mgr.x.smithi039.stdout:Jul 21 18:34:05 smithi039 ceph-eaf8e25a-27f4-11ee-9b34-001a4aab830c-mgr-x[96735]:
2023-07-21T18:34:05.180+0000 7fe4ca152200 -1 mgr[py] Module balancer has missing NOTIFY_TYPES member
2023-07-21T18:34:05.615 INFO:journalctl@ceph.mgr.x.smithi039.stdout:Jul 21 18:34:05 smithi039 ceph-eaf8e25a-27f4-11ee-9b34-001a4aab830c-mgr-x[96735]:
2023-07-21T18:34:05.337+0000 7fe4ca152200 -1 mgr[py] Module diskprediction_local has missing NOTIFY_TYPES member
2023-07-21T18:34:05.949 INFO:journalctl@ceph.mgr.x.smithi039.stdout:Jul 21 18:34:05 smithi039 ceph-eaf8e25a-27f4-11ee-9b34-001a4aab830c-mgr-x[96735]:
2023-07-21T18:34:05.580+0000 7fe4ca152200 -1 mgr[py] Module nfs has missing NOTIFY_TYPES member
2023-07-21T18:34:05.950 INFO:journalctl@ceph.mgr.x.smithi039.stdout:Jul 21 18:34:05 smithi039 ceph-eaf8e25a-27f4-11ee-9b34-001a4aab830c-mgr-x[96735]:
2023-07-21T18:34:05.718+0000 7fe4ca152200 -1 mgr[py] Module rbd_support has missing NOTIFY_TYPES member
2023-07-21T18:34:06.449 INFO:journalctl@ceph.mgr.x.smithi039.stdout:Jul 21 18:34:05 smithi039 ceph-eaf8e25a-27f4-11ee-9b34-001a4aab830c-mgr-x[96735]:
2023-07-21T18:34:05.989+0000 7fe4ca152200 -1 mgr[py] Module volumes has missing NOTIFY_TYPES member
2023-07-21T18:34:07.450 INFO:journalctl@ceph.mgr.x.smithi039.stdout:Jul 21 18:34:07 smithi039 ceph-eaf8e25a-27f4-11ee-9b34-001a4aab830c-mgr-x[96735]:
2023-07-21T18:34:07.026+0000 7fe4ca152200 -1 mgr[py] Module pg_autoscaler has missing NOTIFY_TYPES member
2023-07-21T18:34:07.450 INFO:journalctl@ceph.mon.a.smithi039.stdout:Jul 21 18:34:07 smithi039 ceph-mon[96489]: Active manager daemon x restarted
2023-07-21T18:34:07.450 INFO:journalctl@ceph.mon.a.smithi039.stdout:Jul 21 18:34:07 smithi039 ceph-mon[96489]: Activating manager daemon x
2023-07-21T18:34:07.450 INFO:journalctl@ceph.mon.a.smithi039.stdout:Jul 21 18:34:07 smithi039 ceph-mon[96489]: osdmap e3: 0 total, 0 up, 0 in
2023-07-21T18:34:07.450 INFO:journalctl@ceph.mon.a.smithi039.stdout:Jul 21 18:34:07 smithi039 ceph-mon[96489]: mgrmap e10: x(active, starting, since 0.00804447s)
2023-07-21T18:34:07.451 INFO:journalctl@ceph.mon.a.smithi039.stdout:Jul 21 18:34:07 smithi039 ceph-mon[96489]: from='mgr.14152 172.21.15.39:0/4015368534' entity='mgr.x' cmd=[{"prefix": "mon metadata", "id": "a"}]: dispatch
2023-07-21T18:34:07.451 INFO:journalctl@ceph.mon.a.smithi039.stdout:Jul 21 18:34:07 smithi039 ceph-mon[96489]: from='mgr.14152 172.21.15.39:0/4015368534' entity='mgr.x' cmd=[{"prefix": "mgr metadata", "who": "x", "id": "x"}]: dispatch
2023-07-21T18:34:07.451 INFO:journalctl@ceph.mon.a.smithi039.stdout:Jul 21 18:34:07 smithi039 ceph-mon[96489]: from='mgr.14152 172.21.15.39:0/4015368534' entity='mgr.x' cmd=[{"prefix": "mds metadata"}]: dispatch
2023-07-21T18:34:07.451 INFO:journalctl@ceph.mon.a.smithi039.stdout:Jul 21 18:34:07 smithi039 ceph-mon[96489]: from='mgr.14152 172.21.15.39:0/4015368534' entity='mgr.x' cmd=[{"prefix": "osd metadata"}]: dispatch
2023-07-21T18:34:07.451 INFO:journalctl@ceph.mon.a.smithi039.stdout:Jul 21 18:34:07 smithi039 ceph-mon[96489]: from='mgr.14152 172.21.15.39:0/4015368534' entity='mgr.x' cmd=[{"prefix": "mon metadata"}]: dispatch
2023-07-21T18:34:07.451 INFO:journalctl@ceph.mon.a.smithi039.stdout:Jul 21 18:34:07 smithi039 ceph-mon[96489]: Manager daemon x is now available
2023-07-21T18:34:07.451 INFO:journalctl@ceph.mon.a.smithi039.stdout:Jul 21 18:34:07 smithi039 ceph-mon[96489]: from='mgr.14152 172.21.15.39:0/4015368534' entity='mgr.x' cmd=[{"prefix": "config dump", "format": "json"}]: dispatch
2023-07-21T18:34:08.357 INFO:teuthology.orchestra.run.smithi039.stdout:/usr/bin/ceph: stdout {
2023-07-21T18:34:08.362 INFO:teuthology.orchestra.run.smithi039.stdout:/usr/bin/ceph: stdout "mgrmap_epoch": 11,
2023-07-21T18:34:08.363 INFO:teuthology.orchestra.run.smithi039.stdout:/usr/bin/ceph: stdout "initialized": true
2023-07-21T18:34:08.363 INFO:teuthology.orchestra.run.smithi039.stdout:/usr/bin/ceph: stdout }
2023-07-21T18:34:08.363 INFO:teuthology.orchestra.run.smithi039.stdout:/usr/bin/ceph: stderr
2023-07-21T18:34:01.181+0000 7ff31f205700 1 Processor -- start
2023-07-21T18:34:08.363 INFO:teuthology.orchestra.run.smithi039.stdout:/usr/bin/ceph: stderr
2023-07-21T18:34:01.181+0000 7ff31f205700 1 -- start start
2023-07-21T18:34:08.363 INFO:teuthology.orchestra.run.smithi039.stdout:/usr/bin/ceph: stderr
2023-07-21T18:34:01.181+0000 7ff31f205700 1 --2- >> [v2:172.21.15.39:3300/0,v1:172.21.15.39:6789/0] conn(0x7ff318103e30 0x7ff318104240 unknown :-1 s=NONE pgs=0 cs=0 l=0 rev1=0 crypto rx=0 tx=0 comp rx=0 tx=0).connect
2023-07-21T18:34:08.363 INFO:teuthology.orchestra.run.smithi039.stdout:/usr/bin/ceph: stderr
2023-07-21T18:34:01.181+0000 7ff31f205700 1 -- --> [v2:172.21.15.39:3300/0,v1:172.21.15.39:6789/0] -- mon_getmap magic: 0 v1 -- 0x7ff318073be0 con 0x7ff318103e30
2023-07-21T18:34:08.363 INFO:teuthology.orchestra.run.smithi039.stdout:/usr/bin/ceph: stderr
2023-07-21T18:34:01.182+0000 7ff31cfa1700 1 --2- >> [v2:172.21.15.39:3300/0,v1:172.21.15.39:6789/0] conn(0x7ff318103e30 0x7ff318104240 unknown :-1 s=BANNER_CONNECTING pgs=0 cs=0 l=0 rev1=0 crypto rx=0 tx=0 comp rx=0 tx=0)._handle_peer_banner_payload supported=3 required=0
2023-07-21T18:34:08.364 INFO:teuthology.orchestra.run.smithi039.stdout:/usr/bin/ceph: stderr
2023-07-21T18:34:01.182+0000 7ff31cfa1700 1 --2- >> [v2:172.21.15.39:3300/0,v1:172.21.15.39:6789/0] conn(0x7ff318103e30 0x7ff318104240 unknown :-1 s=HELLO_CONNECTING pgs=0 cs=0 l=0 rev1=1 crypto rx=0 tx=0 comp rx=0 tx=0).handle_hello peer v2:172.21.15.39:3300/0 says I am v2:172.21.15.39:53934/0 (socket says 172.21.15.39:53934)
2023-07-21T18:34:08.364 INFO:teuthology.orchestra.run.smithi039.stdout:/usr/bin/ceph: stderr
2023-07-21T18:34:01.182+0000 7ff31cfa1700 1 -- 172.21.15.39:0/2878685611 learned_addr learned my addr 172.21.15.39:0/2878685611 (peer_addr_for_me v2:172.21.15.39:0/0)
2023-07-21T18:34:08.364 INFO:teuthology.orchestra.run.smithi039.stdout:/usr/bin/ceph: stderr
2023-07-21T18:34:01.182+0000 7ff31cfa1700 1 -- 172.21.15.39:0/2878685611 --> [v2:172.21.15.39:3300/0,v1:172.21.15.39:6789/0] -- mon_subscribe({config=0+,monmap=0+}) v3 -- 0x7ff318073d20 con 0x7ff318103e30
2023-07-21T18:34:08.364 INFO:teuthology.orchestra.run.smithi039.stdout:/usr/bin/ceph: stderr
2023-07-21T18:34:01.182+0000 7ff31cfa1700 1 --2- 172.21.15.39:0/2878685611 >> [v2:172.21.15.39:3300/0,v1:172.21.15.39:6789/0] conn(0x7ff318103e30 0x7ff318104240 secure :-1 s=READY pgs=61 cs=0 l=1 rev1=1 crypto rx=0x7ff30c0098a0 tx=0x7ff30c009bb0 comp rx=0 tx=0).ready entity=mon.0 client_cookie=c7206415229709d0 server_cookie=0 in_seq=0 out_seq=0
2023-07-21T18:34:08.364 INFO:teuthology.orchestra.run.smithi039.stdout:/usr/bin/ceph: stderr
2023-07-21T18:34:01.182+0000 7ff3177fe700 1 -- 172.21.15.39:0/2878685611 <== mon.0 v2:172.21.15.39:3300/0 1 ==== mon_map magic: 0 v1 ==== 205+0+0 (secure 0 0 0) 0x7ff30c004160 con 0x7ff318103e30
2023-07-21T18:34:08.364 INFO:teuthology.orchestra.run.smithi039.stdout:/usr/bin/ceph: stderr
2023-07-21T18:34:01.182+0000 7ff3177fe700 1 -- 172.21.15.39:0/2878685611 <== mon.0 v2:172.21.15.39:3300/0 2 ==== config(26 keys) v1 ==== 1105+0+0 (secure 0 0 0) 0x7ff30c0042c0 con 0x7ff318103e30
2023-07-21T18:34:08.364 INFO:teuthology.orchestra.run.smithi039.stdout:/usr/bin/ceph: stderr
2023-07-21T18:34:01.182+0000 7ff3177fe700 1 -- 172.21.15.39:0/2878685611 <== mon.0 v2:172.21.15.39:3300/0 3 ==== mon_map magic: 0 v1 ==== 205+0+0 (secure 0 0 0) 0x7ff30c0119b0 con 0x7ff318103e30
2023-07-21T18:34:08.365 INFO:teuthology.orchestra.run.smithi039.stdout:/usr/bin/ceph: stderr
2023-07-21T18:34:01.183+0000 7ff31f205700 1 -- 172.21.15.39:0/2878685611 >> [v2:172.21.15.39:3300/0,v1:172.21.15.39:6789/0] conn(0x7ff318103e30 msgr2=0x7ff318104240 secure :-1 s=STATE_CONNECTION_ESTABLISHED l=1).mark_down
2023-07-21T18:34:08.365 INFO:teuthology.orchestra.run.smithi039.stdout:/usr/bin/ceph: stderr
2023-07-21T18:34:01.183+0000 7ff31f205700 1 --2- 172.21.15.39:0/2878685611 >> [v2:172.21.15.39:3300/0,v1:172.21.15.39:6789/0] conn(0x7ff318103e30 0x7ff318104240 secure :-1 s=READY pgs=61 cs=0 l=1 rev1=1 crypto rx=0x7ff30c0098a0 tx=0x7ff30c009bb0 comp rx=0 tx=0).stop
2023-07-21T18:34:08.365 INFO:teuthology.orchestra.run.smithi039.stdout:/usr/bin/ceph: stderr
2023-07-21T18:34:01.183+0000 7ff31f205700 1 -- 172.21.15.39:0/2878685611 shutdown_connections
2023-07-21T18:34:08.365 INFO:teuthology.orchestra.run.smithi039.stdout:/usr/bin/ceph: stderr
2023-07-21T18:34:01.183+0000 7ff31f205700 1 --2- 172.21.15.39:0/2878685611 >> [v2:172.21.15.39:3300/0,v1:172.21.15.39:6789/0] conn(0x7ff318103e30 0x7ff318104240 unknown :-1 s=CLOSED pgs=61 cs=0 l=1 rev1=1 crypto rx=0 tx=0 comp rx=0 tx=0).stop
2023-07-21T18:34:08.365 INFO:teuthology.orchestra.run.smithi039.stdout:/usr/bin/ceph: stderr
2023-07-21T18:34:01.183+0000 7ff31f205700 1 -- 172.21.15.39:0/2878685611 >> 172.21.15.39:0/2878685611 conn(0x7ff3180ffa40 msgr2=0x7ff318101e70 unknown :-1 s=STATE_NONE l=0).mark_down
2023-07-21T18:34:08.365 INFO:teuthology.orchestra.run.smithi039.stdout:/usr/bin/ceph: stderr
2023-07-21T18:34:01.183+0000 7ff31f205700 1 -- 172.21.15.39:0/2878685611 shutdown_connections
2023-07-21T18:34:08.365 INFO:teuthology.orchestra.run.smithi039.stdout:/usr/bin/ceph: stderr
2023-07-21T18:34:01.183+0000 7ff31f205700 1 -- 172.21.15.39:0/2878685611 wait complete.
2023-07-21T18:34:08.365 INFO:teuthology.orchestra.run.smithi039.stdout:/usr/bin/ceph: stderr
2023-07-21T18:34:01.184+0000 7ff31f205700 1 Processor -- start
2023-07-21T18:34:08.366 INFO:teuthology.orchestra.run.smithi039.stdout:/usr/bin/ceph: stderr
2023-07-21T18:34:01.184+0000 7ff31f205700 1 -- start start
2023-07-21T18:34:08.366 INFO:teuthology.orchestra.run.smithi039.stdout:/usr/bin/ceph: stderr
2023-07-21T18:34:01.184+0000 7ff31f205700 1 --2- >> [v2:172.21.15.39:3300/0,v1:172.21.15.39:6789/0] conn(0x7ff318103e30 0x7ff31819b430 unknown :-1 s=NONE pgs=0 cs=0 l=1 rev1=0 crypto rx=0 tx=0 comp rx=0 tx=0).connect
2023-07-21T18:34:08.366 INFO:teuthology.orchestra.run.smithi039.stdout:/usr/bin/ceph: stderr
2023-07-21T18:34:01.184+0000 7ff31f205700 1 -- --> [v2:172.21.15.39:3300/0,v1:172.21.15.39:6789/0] -- mon_getmap magic: 0 v1 -- 0x7ff31819b970 con 0x7ff318103e30
2023-07-21T18:34:08.366 INFO:teuthology.orchestra.run.smithi039.stdout:/usr/bin/ceph: stderr
2023-07-21T18:34:01.184+0000 7ff31cfa1700 1 --2- >> [v2:172.21.15.39:3300/0,v1:172.21.15.39:6789/0] conn(0x7ff318103e30 0x7ff31819b430 unknown :-1 s=BANNER_CONNECTING pgs=0 cs=0 l=1 rev1=0 crypto rx=0 tx=0 comp rx=0 tx=0)._handle_peer_banner_payload supported=3 required=0
2023-07-21T18:34:08.366 INFO:teuthology.orchestra.run.smithi039.stdout:/usr/bin/ceph: stderr
2023-07-21T18:34:01.184+0000 7ff31cfa1700 1 --2- >> [v2:172.21.15.39:3300/0,v1:172.21.15.39:6789/0] conn(0x7ff318103e30 0x7ff31819b430 unknown :-1 s=HELLO_CONNECTING pgs=0 cs=0 l=1 rev1=1 crypto rx=0 tx=0 comp rx=0 tx=0).handle_hello peer v2:172.21.15.39:3300/0 says I am v2:172.21.15.39:53936/0 (socket says 172.21.15.39:53936)
2023-07-21T18:34:08.366 INFO:teuthology.orchestra.run.smithi039.stdout:/usr/bin/ceph: stderr
2023-07-21T18:34:01.184+0000 7ff31cfa1700 1 -- 172.21.15.39:0/614615285 learned_addr learned my addr 172.21.15.39:0/614615285 (peer_addr_for_me v2:172.21.15.39:0/0)
2023-07-21T18:34:08.366 INFO:teuthology.orchestra.run.smithi039.stdout:/usr/bin/ceph: stderr
2023-07-21T18:34:01.184+0000 7ff31cfa1700 1 -- 172.21.15.39:0/614615285 --> [v2:172.21.15.39:3300/0,v1:172.21.15.39:6789/0] -- mon_subscribe({config=0+,monmap=0+}) v3 -- 0x7ff30c009550 con 0x7ff318103e30
2023-07-21T18:34:08.366 INFO:teuthology.orchestra.run.smithi039.stdout:/usr/bin/ceph: stderr
2023-07-21T18:34:01.185+0000 7ff31cfa1700 1 --2- 172.21.15.39:0/614615285 >> [v2:172.21.15.39:3300/0,v1:172.21.15.39:6789/0] conn(0x7ff318103e30 0x7ff31819b430 secure :-1 s=READY pgs=62 cs=0 l=1 rev1=1 crypto rx=0x7ff30c006af0 tx=0x7ff30c011a10 comp rx=0 tx=0).ready entity=mon.0 client_cookie=0 server_cookie=0 in_seq=0 out_seq=0
2023-07-21T18:34:08.367 INFO:teuthology.orchestra.run.smithi039.stdout:/usr/bin/ceph: stderr
2023-07-21T18:34:01.185+0000 7ff315ffb700 1 -- 172.21.15.39:0/614615285 <== mon.0 v2:172.21.15.39:3300/0 1 ==== mon_map magic: 0 v1 ==== 205+0+0 (secure 0 0 0) 0x7ff30c003a40 con 0x7ff318103e30
2023-07-21T18:34:08.367 INFO:teuthology.orchestra.run.smithi039.stdout:/usr/bin/ceph: stderr
2023-07-21T18:34:01.185+0000 7ff315ffb700 1 -- 172.21.15.39:0/614615285 <== mon.0 v2:172.21.15.39:3300/0 2 ==== config(26 keys) v1 ==== 1105+0+0 (secure 0 0 0) 0x7ff30c003ba0 con 0x7ff318103e30
2023-07-21T18:34:08.367 INFO:teuthology.orchestra.run.smithi039.stdout:/usr/bin/ceph: stderr
2023-07-21T18:34:01.185+0000 7ff31f205700 1 -- 172.21.15.39:0/614615285 --> [v2:172.21.15.39:3300/0,v1:172.21.15.39:6789/0] -- mon_subscribe({mgrmap=0+}) v3 -- 0x7ff31819bbd0 con 0x7ff318103e30
2023-07-21T18:34:08.367 INFO:teuthology.orchestra.run.smithi039.stdout:/usr/bin/ceph: stderr
2023-07-21T18:34:01.185+0000 7ff315ffb700 1 -- 172.21.15.39:0/614615285 <== mon.0 v2:172.21.15.39:3300/0 3 ==== mon_map magic: 0 v1 ==== 205+0+0 (secure 0 0 0) 0x7ff30c019690 con 0x7ff318103e30
2023-07-21T18:34:08.367 INFO:teuthology.orchestra.run.smithi039.stdout:/usr/bin/ceph: stderr
2023-07-21T18:34:01.185+0000 7ff31f205700 1 -- 172.21.15.39:0/614615285 --> [v2:172.21.15.39:3300/0,v1:172.21.15.39:6789/0] -- mon_subscribe({osdmap=0}) v3 -- 0x7ff31819c050 con 0x7ff318103e30
2023-07-21T18:34:08.367 INFO:teuthology.orchestra.run.smithi039.stdout:/usr/bin/ceph: stderr
2023-07-21T18:34:01.186+0000 7ff315ffb700 1 -- 172.21.15.39:0/614615285 <== mon.0 v2:172.21.15.39:3300/0 4 ==== mgrmap(e 9) v1 ==== 45496+0+0 (secure 0 0 0) 0x7ff30c019900 con 0x7ff318103e30
2023-07-21T18:34:08.367 INFO:teuthology.orchestra.run.smithi039.stdout:/usr/bin/ceph: stderr
2023-07-21T18:34:01.186+0000 7ff315ffb700 1 --2- 172.21.15.39:0/614615285 >> [v2:172.21.15.39:6800/2893866425,v1:172.21.15.39:6801/2893866425] conn(0x7ff308038760 0x7ff30803ac10 unknown :-1 s=NONE pgs=0 cs=0 l=1 rev1=0 crypto rx=0 tx=0 comp rx=0 tx=0).connect
2023-07-21T18:34:08.367 INFO:teuthology.orchestra.run.smithi039.stdout:/usr/bin/ceph: stderr
2023-07-21T18:34:01.186+0000 7ff315ffb700 1 -- 172.21.15.39:0/614615285 --> [v2:172.21.15.39:6800/2893866425,v1:172.21.15.39:6801/2893866425] -- command(tid 0: {"prefix": "get_command_descriptions"}) v1 -- 0x7ff30803b320 con 0x7ff308038760
2023-07-21T18:34:08.368 INFO:teuthology.orchestra.run.smithi039.stdout:/usr/bin/ceph: stderr
2023-07-21T18:34:01.186+0000 7ff315ffb700 1 -- 172.21.15.39:0/614615285 <== mon.0 v2:172.21.15.39:3300/0 5 ==== osd_map(2..2 src has 1..2) v4 ==== 940+0+0 (secure 0 0 0) 0x7ff30c04c860 con 0x7ff318103e30
2023-07-21T18:34:08.368 INFO:teuthology.orchestra.run.smithi039.stdout:/usr/bin/ceph: stderr
2023-07-21T18:34:01.186+0000 7ff317fff700 1 -- 172.21.15.39:0/614615285 >> [v2:172.21.15.39:6800/2893866425,v1:172.21.15.39:6801/2893866425] conn(0x7ff308038760 msgr2=0x7ff30803ac10 unknown :-1 s=STATE_CONNECTING_RE l=1).process reconnect failed to v2:172.21.15.39:6800/2893866425
2023-07-21T18:34:08.368 INFO:teuthology.orchestra.run.smithi039.stdout:/usr/bin/ceph: stderr
2023-07-21T18:34:01.186+0000 7ff317fff700 1 --2- 172.21.15.39:0/614615285 >> [v2:172.21.15.39:6800/2893866425,v1:172.21.15.39:6801/2893866425] conn(0x7ff308038760 0x7ff30803ac10 unknown :-1 s=START_CONNECT pgs=0 cs=0 l=1 rev1=0 crypto rx=0 tx=0 comp rx=0 tx=0)._fault waiting 0.200000
2023-07-21T18:34:08.368 INFO:teuthology.orchestra.run.smithi039.stdout:/usr/bin/ceph: stderr
2023-07-21T18:34:01.387+0000 7ff317fff700 1 -- 172.21.15.39:0/614615285 >> [v2:172.21.15.39:6800/2893866425,v1:172.21.15.39:6801/2893866425] conn(0x7ff308038760 msgr2=0x7ff30803ac10 unknown :-1 s=STATE_CONNECTING_RE l=1).process reconnect failed to v2:172.21.15.39:6800/2893866425
2023-07-21T18:34:08.368 INFO:teuthology.orchestra.run.smithi039.stdout:/usr/bin/ceph: stderr
2023-07-21T18:34:01.387+0000 7ff317fff700 1 --2- 172.21.15.39:0/614615285 >> [v2:172.21.15.39:6800/2893866425,v1:172.21.15.39:6801/2893866425] conn(0x7ff308038760 0x7ff30803ac10 unknown :-1 s=START_CONNECT pgs=0 cs=0 l=1 rev1=0 crypto rx=0 tx=0 comp rx=0 tx=0)._fault waiting 0.400000
2023-07-21T18:34:08.368 INFO:teuthology.orchestra.run.smithi039.stdout:/usr/bin/ceph: stderr
2023-07-21T18:34:01.788+0000 7ff317fff700 1 -- 172.21.15.39:0/614615285 >> [v2:172.21.15.39:6800/2893866425,v1:172.21.15.39:6801/2893866425] conn(0x7ff308038760 msgr2=0x7ff30803ac10 unknown :-1 s=STATE_CONNECTING_RE l=1).process reconnect failed to v2:172.21.15.39:6800/2893866425
2023-07-21T18:34:08.368 INFO:teuthology.orchestra.run.smithi039.stdout:/usr/bin/ceph: stderr
2023-07-21T18:34:01.788+0000 7ff317fff700 1 --2- 172.21.15.39:0/614615285 >> [v2:172.21.15.39:6800/2893866425,v1:172.21.15.39:6801/2893866425] conn(0x7ff308038760 0x7ff30803ac10 unknown :-1 s=START_CONNECT pgs=0 cs=0 l=1 rev1=0 crypto rx=0 tx=0 comp rx=0 tx=0)._fault waiting 0.800000
2023-07-21T18:34:08.369 INFO:teuthology.orchestra.run.smithi039.stdout:/usr/bin/ceph: stderr
2023-07-21T18:34:02.589+0000 7ff317fff700 1 -- 172.21.15.39:0/614615285 >> [v2:172.21.15.39:6800/2893866425,v1:172.21.15.39:6801/2893866425] conn(0x7ff308038760 msgr2=0x7ff30803ac10 unknown :-1 s=STATE_CONNECTING_RE l=1).process reconnect failed to v2:172.21.15.39:6800/2893866425
2023-07-21T18:34:08.369 INFO:teuthology.orchestra.run.smithi039.stdout:/usr/bin/ceph: stderr
2023-07-21T18:34:02.589+0000 7ff317fff700 1 --2- 172.21.15.39:0/614615285 >> [v2:172.21.15.39:6800/2893866425,v1:172.21.15.39:6801/2893866425] conn(0x7ff308038760 0x7ff30803ac10 unknown :-1 s=START_CONNECT pgs=0 cs=0 l=1 rev1=0 crypto rx=0 tx=0 comp rx=0 tx=0)._fault waiting 1.600000
2023-07-21T18:34:08.369 INFO:teuthology.orchestra.run.smithi039.stdout:/usr/bin/ceph: stderr
2023-07-21T18:34:04.190+0000 7ff317fff700 1 -- 172.21.15.39:0/614615285 >> [v2:172.21.15.39:6800/2893866425,v1:172.21.15.39:6801/2893866425] conn(0x7ff308038760 msgr2=0x7ff30803ac10 unknown :-1 s=STATE_CONNECTING_RE l=1).process reconnect failed to v2:172.21.15.39:6800/2893866425
2023-07-21T18:34:08.369 INFO:teuthology.orchestra.run.smithi039.stdout:/usr/bin/ceph: stderr
2023-07-21T18:34:04.190+0000 7ff317fff700 1 --2- 172.21.15.39:0/614615285 >> [v2:172.21.15.39:6800/2893866425,v1:172.21.15.39:6801/2893866425] conn(0x7ff308038760 0x7ff30803ac10 unknown :-1 s=START_CONNECT pgs=0 cs=0 l=1 rev1=0 crypto rx=0 tx=0 comp rx=0 tx=0)._fault waiting 3.200000
2023-07-21T18:34:08.369 INFO:teuthology.orchestra.run.smithi039.stdout:/usr/bin/ceph: stderr
2023-07-21T18:34:07.046+0000 7ff315ffb700 1 -- 172.21.15.39:0/614615285 <== mon.0 v2:172.21.15.39:3300/0 6 ==== mgrmap(e 10) v1 ==== 45263+0+0 (secure 0 0 0) 0x7ff30c02d960 con 0x7ff318103e30
