2023-07-21T18:33:30.325 INFO:teuthology.orchestra.run.smithi039.stdout:/usr/bin/ceph: stderr
2023-07-21T18:33:29.412+0000 7f5623fff700 1 -- 172.21.15.39:0/2598208228 <== mon.0 v2:172.21.15.39:3300/0 3 ==== mon_map magic: 0 v1 ==== 205+0+0 (secure 0 0 0) 0x7f562c019610 con 0x7f563c1043f0
2023-07-21T18:33:30.325 INFO:teuthology.orchestra.run.smithi039.stdout:/usr/bin/ceph: stderr
2023-07-21T18:33:29.412+0000 7f5641038700 1 -- 172.21.15.39:0/2598208228 --> [v2:172.21.15.39:3300/0,v1:172.21.15.39:6789/0] -- mon_subscribe({osdmap=0}) v3 -- 0x7f563c19c4d0 con 0x7f563c1043f0
2023-07-21T18:33:30.325 INFO:teuthology.orchestra.run.smithi039.stdout:/usr/bin/ceph: stderr
2023-07-21T18:33:29.412+0000 7f5623fff700 1 -- 172.21.15.39:0/2598208228 <== mon.0 v2:172.21.15.39:3300/0 4 ==== mgrmap(e 3) v1 ==== 45366+0+0 (secure 0 0 0) 0x7f562c0198f0 con 0x7f563c1043f0
2023-07-21T18:33:30.326 INFO:teuthology.orchestra.run.smithi039.stdout:/usr/bin/ceph: stderr
2023-07-21T18:33:29.413+0000 7f5623fff700 1 --2- 172.21.15.39:0/2598208228 >> [v2:172.21.15.39:6800/889516631,v1:172.21.15.39:6801/889516631] conn(0x7f5624038550 0x7f562403aa00 unknown :-1 s=NONE pgs=0 cs=0 l=1 rev1=0 crypto rx=0 tx=0 comp rx=0 tx=0).connect
2023-07-21T18:33:30.326 INFO:teuthology.orchestra.run.smithi039.stdout:/usr/bin/ceph: stderr
2023-07-21T18:33:29.413+0000 7f5623fff700 1 -- 172.21.15.39:0/2598208228 <== mon.0 v2:172.21.15.39:3300/0 5 ==== osd_map(1..1 src has 1..1) v4 ==== 725+0+0 (secure 0 0 0) 0x7f562c04c390 con 0x7f563c1043f0
2023-07-21T18:33:30.326 INFO:teuthology.orchestra.run.smithi039.stdout:/usr/bin/ceph: stderr
2023-07-21T18:33:29.413+0000 7f5641038700 1 -- 172.21.15.39:0/2598208228 --> [v2:172.21.15.39:3300/0,v1:172.21.15.39:6789/0] -- mon_command({"prefix": "get_command_descriptions"} v 0) v1 -- 0x7f563c061b40 con 0x7f563c1043f0
2023-07-21T18:33:30.326 INFO:teuthology.orchestra.run.smithi039.stdout:/usr/bin/ceph: stderr
2023-07-21T18:33:29.413+0000 7f563a59c700 1 --2- 172.21.15.39:0/2598208228 >> [v2:172.21.15.39:6800/889516631,v1:172.21.15.39:6801/889516631] conn(0x7f5624038550 0x7f562403aa00 unknown :-1 s=BANNER_CONNECTING pgs=0 cs=0 l=1 rev1=0 crypto rx=0 tx=0 comp rx=0 tx=0)._handle_peer_banner_payload supported=3 required=0
2023-07-21T18:33:30.326 INFO:teuthology.orchestra.run.smithi039.stdout:/usr/bin/ceph: stderr
2023-07-21T18:33:29.413+0000 7f563a59c700 1 --2- 172.21.15.39:0/2598208228 >> [v2:172.21.15.39:6800/889516631,v1:172.21.15.39:6801/889516631] conn(0x7f5624038550 0x7f562403aa00 secure :-1 s=READY pgs=6 cs=0 l=1 rev1=1 crypto rx=0x7f5630006fd0 tx=0x7f5630006e40 comp rx=0 tx=0).ready entity=mgr.14100 client_cookie=0 server_cookie=0 in_seq=0 out_seq=0
2023-07-21T18:33:30.326 INFO:teuthology.orchestra.run.smithi039.stdout:/usr/bin/ceph: stderr
2023-07-21T18:33:29.418+0000 7f5623fff700 1 -- 172.21.15.39:0/2598208228 <== mon.0 v2:172.21.15.39:3300/0 6 ==== mon_command_ack([{"prefix": "get_command_descriptions"}]=0 v0) v1 ==== 72+0+178038 (secure 0 0 0) 0x7f562c019ba0 con 0x7f563c1043f0
2023-07-21T18:33:30.326 INFO:teuthology.orchestra.run.smithi039.stdout:/usr/bin/ceph: stderr
2023-07-21T18:33:29.825+0000 7f5623fff700 1 -- 172.21.15.39:0/2598208228 <== mon.0 v2:172.21.15.39:3300/0 7 ==== mgrmap(e 4) v1 ==== 45472+0+0 (secure 0 0 0) 0x7f562c02da50 con 0x7f563c1043f0
2023-07-21T18:33:30.326 INFO:teuthology.orchestra.run.smithi039.stdout:/usr/bin/ceph: stderr
2023-07-21T18:33:29.931+0000 7f5641038700 1 -- 172.21.15.39:0/2598208228 --> [v2:172.21.15.39:3300/0,v1:172.21.15.39:6789/0] -- mon_command({"prefix": "status", "format": "json-pretty"} v 0) v1 -- 0x7f563c19cd10 con 0x7f563c1043f0
2023-07-21T18:33:30.327 INFO:teuthology.orchestra.run.smithi039.stdout:/usr/bin/ceph: stderr
2023-07-21T18:33:29.932+0000 7f5623fff700 1 -- 172.21.15.39:0/2598208228 <== mon.0 v2:172.21.15.39:3300/0 8 ==== mon_command_ack([{"prefix": "status", "format": "json-pretty"}]=0 v0) v1 ==== 79+0+1238 (secure 0 0 0) 0x7f562c003c00 con 0x7f563c1043f0
2023-07-21T18:33:30.327 INFO:teuthology.orchestra.run.smithi039.stdout:/usr/bin/ceph: stderr
2023-07-21T18:33:29.934+0000 7f5641038700 1 -- 172.21.15.39:0/2598208228 >> [v2:172.21.15.39:6800/889516631,v1:172.21.15.39:6801/889516631] conn(0x7f5624038550 msgr2=0x7f562403aa00 secure :-1 s=STATE_CONNECTION_ESTABLISHED l=1).mark_down
2023-07-21T18:33:30.327 INFO:teuthology.orchestra.run.smithi039.stdout:/usr/bin/ceph: stderr
2023-07-21T18:33:29.934+0000 7f5641038700 1 --2- 172.21.15.39:0/2598208228 >> [v2:172.21.15.39:6800/889516631,v1:172.21.15.39:6801/889516631] conn(0x7f5624038550 0x7f562403aa00 secure :-1 s=READY pgs=6 cs=0 l=1 rev1=1 crypto rx=0x7f5630006fd0 tx=0x7f5630006e40 comp rx=0 tx=0).stop
2023-07-21T18:33:30.327 INFO:teuthology.orchestra.run.smithi039.stdout:/usr/bin/ceph: stderr
2023-07-21T18:33:29.934+0000 7f5641038700 1 -- 172.21.15.39:0/2598208228 >> [v2:172.21.15.39:3300/0,v1:172.21.15.39:6789/0] conn(0x7f563c1043f0 msgr2=0x7f563c0739f0 secure :-1 s=STATE_CONNECTION_ESTABLISHED l=1).mark_down
2023-07-21T18:33:30.327 INFO:teuthology.orchestra.run.smithi039.stdout:/usr/bin/ceph: stderr
2023-07-21T18:33:29.934+0000 7f5641038700 1 --2- 172.21.15.39:0/2598208228 >> [v2:172.21.15.39:3300/0,v1:172.21.15.39:6789/0] conn(0x7f563c1043f0 0x7f563c0739f0 secure :-1 s=READY pgs=19 cs=0 l=1 rev1=1 crypto rx=0x7f562c009fb0 tx=0x7f562c011ad0 comp rx=0 tx=0).stop
2023-07-21T18:33:30.327 INFO:teuthology.orchestra.run.smithi039.stdout:/usr/bin/ceph: stderr
2023-07-21T18:33:29.934+0000 7f5641038700 1 -- 172.21.15.39:0/2598208228 shutdown_connections
2023-07-21T18:33:30.327 INFO:teuthology.orchestra.run.smithi039.stdout:/usr/bin/ceph: stderr
2023-07-21T18:33:29.934+0000 7f5641038700 1 --2- 172.21.15.39:0/2598208228 >> [v2:172.21.15.39:6800/889516631,v1:172.21.15.39:6801/889516631] conn(0x7f5624038550 0x7f562403aa00 unknown :-1 s=CLOSED pgs=6 cs=0 l=1 rev1=1 crypto rx=0 tx=0 comp rx=0 tx=0).stop
2023-07-21T18:33:30.328 INFO:teuthology.orchestra.run.smithi039.stdout:/usr/bin/ceph: stderr
2023-07-21T18:33:29.934+0000 7f5641038700 1 --2- 172.21.15.39:0/2598208228 >> [v2:172.21.15.39:3300/0,v1:172.21.15.39:6789/0] conn(0x7f563c1043f0 0x7f563c0739f0 unknown :-1 s=CLOSED pgs=19 cs=0 l=1 rev1=1 crypto rx=0 tx=0 comp rx=0 tx=0).stop
2023-07-21T18:33:30.328 INFO:teuthology.orchestra.run.smithi039.stdout:/usr/bin/ceph: stderr
2023-07-21T18:33:29.934+0000 7f5641038700 1 -- 172.21.15.39:0/2598208228 >> 172.21.15.39:0/2598208228 conn(0x7f563c0ffa40 msgr2=0x7f563c1010b0 unknown :-1 s=STATE_NONE l=0).mark_down
2023-07-21T18:33:30.328 INFO:teuthology.orchestra.run.smithi039.stdout:/usr/bin/ceph: stderr
2023-07-21T18:33:29.934+0000 7f5641038700 1 -- 172.21.15.39:0/2598208228 shutdown_connections
2023-07-21T18:33:30.328 INFO:teuthology.orchestra.run.smithi039.stdout:/usr/bin/ceph: stderr
2023-07-21T18:33:29.934+0000 7f5641038700 1 -- 172.21.15.39:0/2598208228 wait complete.
2023-07-21T18:33:30.328 INFO:teuthology.orchestra.run.smithi039.stdout:mgr is available
2023-07-21T18:33:31.165 INFO:journalctl@ceph.mon.a.smithi039.stdout:Jul 21 18:33:30 smithi039 ceph-mon[96489]: mgrmap e4: x(active, since 2s)
2023-07-21T18:33:31.166 INFO:journalctl@ceph.mon.a.smithi039.stdout:Jul 21 18:33:30 smithi039 ceph-mon[96489]: from='client.? 172.21.15.39:0/2598208228' entity='client.admin' cmd=[{"prefix": "status", "format": "json-pretty"}]: dispatch
2023-07-21T18:33:31.454 INFO:teuthology.orchestra.run.smithi039.stdout:/usr/bin/ceph: stdout
2023-07-21T18:33:31.454 INFO:teuthology.orchestra.run.smithi039.stdout:/usr/bin/ceph: stdout [global]
2023-07-21T18:33:31.454 INFO:teuthology.orchestra.run.smithi039.stdout:/usr/bin/ceph: stdout fsid = eaf8e25a-27f4-11ee-9b34-001a4aab830c
2023-07-21T18:33:31.454 INFO:teuthology.orchestra.run.smithi039.stdout:/usr/bin/ceph: stdout mon_osd_allow_pg_remap = true
2023-07-21T18:33:31.454 INFO:teuthology.orchestra.run.smithi039.stdout:/usr/bin/ceph: stdout mon_osd_allow_primary_affinity = true
2023-07-21T18:33:31.455 INFO:teuthology.orchestra.run.smithi039.stdout:/usr/bin/ceph: stdout mon_warn_on_no_sortbitwise = false
2023-07-21T18:33:31.455 INFO:teuthology.orchestra.run.smithi039.stdout:/usr/bin/ceph: stdout osd_crush_chooseleaf_type = 0
2023-07-21T18:33:31.455 INFO:teuthology.orchestra.run.smithi039.stdout:/usr/bin/ceph: stdout
2023-07-21T18:33:31.455 INFO:teuthology.orchestra.run.smithi039.stdout:/usr/bin/ceph: stdout [mgr]
2023-07-21T18:33:31.455 INFO:teuthology.orchestra.run.smithi039.stdout:/usr/bin/ceph: stdout mgr/telemetry/nag = false
2023-07-21T18:33:31.455 INFO:teuthology.orchestra.run.smithi039.stdout:/usr/bin/ceph: stdout
2023-07-21T18:33:31.455 INFO:teuthology.orchestra.run.smithi039.stdout:/usr/bin/ceph: stdout [osd]
2023-07-21T18:33:31.455 INFO:teuthology.orchestra.run.smithi039.stdout:/usr/bin/ceph: stdout mon_osd_backfillfull_ratio = 0.85
2023-07-21T18:33:31.456 INFO:teuthology.orchestra.run.smithi039.stdout:/usr/bin/ceph: stdout mon_osd_full_ratio = 0.9
2023-07-21T18:33:31.456 INFO:teuthology.orchestra.run.smithi039.stdout:/usr/bin/ceph: stdout mon_osd_nearfull_ratio = 0.8
2023-07-21T18:33:31.456 INFO:teuthology.orchestra.run.smithi039.stdout:/usr/bin/ceph: stdout osd_map_max_advance = 10
2023-07-21T18:33:31.456 INFO:teuthology.orchestra.run.smithi039.stdout:/usr/bin/ceph: stdout osd_sloppy_crc = true
2023-07-21T18:33:31.456 INFO:teuthology.orchestra.run.smithi039.stdout:/usr/bin/ceph: stderr
2023-07-21T18:33:30.743+0000 7f59d1176700 1 Processor -- start
2023-07-21T18:33:31.456 INFO:teuthology.orchestra.run.smithi039.stdout:/usr/bin/ceph: stderr
2023-07-21T18:33:30.743+0000 7f59d1176700 1 -- start start
2023-07-21T18:33:31.456 INFO:teuthology.orchestra.run.smithi039.stdout:/usr/bin/ceph: stderr
2023-07-21T18:33:30.743+0000 7f59d1176700 1 --2- >> [v2:172.21.15.39:3300/0,v1:172.21.15.39:6789/0] conn(0x7f59cc106050 0x7f59cc108430 unknown :-1 s=NONE pgs=0 cs=0 l=0 rev1=0 crypto rx=0 tx=0 comp rx=0 tx=0).connect
2023-07-21T18:33:31.457 INFO:teuthology.orchestra.run.smithi039.stdout:/usr/bin/ceph: stderr
2023-07-21T18:33:30.743+0000 7f59d1176700 1 -- --> [v2:172.21.15.39:3300/0,v1:172.21.15.39:6789/0] -- mon_getmap magic: 0 v1 -- 0x7f59cc073be0 con 0x7f59cc106050
2023-07-21T18:33:31.457 INFO:teuthology.orchestra.run.smithi039.stdout:/usr/bin/ceph: stderr
2023-07-21T18:33:30.743+0000 7f59cad9d700 1 --2- >> [v2:172.21.15.39:3300/0,v1:172.21.15.39:6789/0] conn(0x7f59cc106050 0x7f59cc108430 unknown :-1 s=BANNER_CONNECTING pgs=0 cs=0 l=0 rev1=0 crypto rx=0 tx=0 comp rx=0 tx=0)._handle_peer_banner_payload supported=3 required=0
2023-07-21T18:33:31.457 INFO:teuthology.orchestra.run.smithi039.stdout:/usr/bin/ceph: stderr
2023-07-21T18:33:30.743+0000 7f59cad9d700 1 --2- >> [v2:172.21.15.39:3300/0,v1:172.21.15.39:6789/0] conn(0x7f59cc106050 0x7f59cc108430 unknown :-1 s=HELLO_CONNECTING pgs=0 cs=0 l=0 rev1=1 crypto rx=0 tx=0 comp rx=0 tx=0).handle_hello peer v2:172.21.15.39:3300/0 says I am v2:172.21.15.39:53738/0 (socket says 172.21.15.39:53738)
2023-07-21T18:33:31.457 INFO:teuthology.orchestra.run.smithi039.stdout:/usr/bin/ceph: stderr
2023-07-21T18:33:30.743+0000 7f59cad9d700 1 -- 172.21.15.39:0/876923426 learned_addr learned my addr 172.21.15.39:0/876923426 (peer_addr_for_me v2:172.21.15.39:0/0)
2023-07-21T18:33:31.457 INFO:teuthology.orchestra.run.smithi039.stdout:/usr/bin/ceph: stderr
2023-07-21T18:33:30.743+0000 7f59cad9d700 1 -- 172.21.15.39:0/876923426 --> [v2:172.21.15.39:3300/0,v1:172.21.15.39:6789/0] -- mon_subscribe({config=0+,monmap=0+}) v3 -- 0x7f59cc073d20 con 0x7f59cc106050
2023-07-21T18:33:31.458 INFO:teuthology.orchestra.run.smithi039.stdout:/usr/bin/ceph: stderr
2023-07-21T18:33:30.744+0000 7f59cad9d700 1 --2- 172.21.15.39:0/876923426 >> [v2:172.21.15.39:3300/0,v1:172.21.15.39:6789/0] conn(0x7f59cc106050 0x7f59cc108430 secure :-1 s=READY pgs=20 cs=0 l=1 rev1=1 crypto rx=0x7f59bc0098a0 tx=0x7f59bc009bb0 comp rx=0 tx=0).ready entity=mon.0 client_cookie=5b664211bf5fb38e server_cookie=0 in_seq=0 out_seq=0
2023-07-21T18:33:31.458 INFO:teuthology.orchestra.run.smithi039.stdout:/usr/bin/ceph: stderr
2023-07-21T18:33:30.744+0000 7f59c9d9b700 1 -- 172.21.15.39:0/876923426 <== mon.0 v2:172.21.15.39:3300/0 1 ==== mon_map magic: 0 v1 ==== 205+0+0 (secure 0 0 0) 0x7f59bc004160 con 0x7f59cc106050
2023-07-21T18:33:31.458 INFO:teuthology.orchestra.run.smithi039.stdout:/usr/bin/ceph: stderr
2023-07-21T18:33:30.744+0000 7f59c9d9b700 1 -- 172.21.15.39:0/876923426 <== mon.0 v2:172.21.15.39:3300/0 2 ==== config(26 keys) v1 ==== 1074+0+0 (secure 0 0 0) 0x7f59bc0042c0 con 0x7f59cc106050
2023-07-21T18:33:31.458 INFO:teuthology.orchestra.run.smithi039.stdout:/usr/bin/ceph: stderr
2023-07-21T18:33:30.744+0000 7f59c9d9b700 1 -- 172.21.15.39:0/876923426 <== mon.0 v2:172.21.15.39:3300/0 3 ==== mon_map magic: 0 v1 ==== 205+0+0 (secure 0 0 0) 0x7f59bc011a00 con 0x7f59cc106050
2023-07-21T18:33:31.458 INFO:teuthology.orchestra.run.smithi039.stdout:/usr/bin/ceph: stderr
2023-07-21T18:33:30.744+0000 7f59d1176700 1 -- 172.21.15.39:0/876923426 >> [v2:172.21.15.39:3300/0,v1:172.21.15.39:6789/0] conn(0x7f59cc106050 msgr2=0x7f59cc108430 secure :-1 s=STATE_CONNECTION_ESTABLISHED l=1).mark_down
2023-07-21T18:33:31.458 INFO:teuthology.orchestra.run.smithi039.stdout:/usr/bin/ceph: stderr
2023-07-21T18:33:30.744+0000 7f59d1176700 1 --2- 172.21.15.39:0/876923426 >> [v2:172.21.15.39:3300/0,v1:172.21.15.39:6789/0] conn(0x7f59cc106050 0x7f59cc108430 secure :-1 s=READY pgs=20 cs=0 l=1 rev1=1 crypto rx=0x7f59bc0098a0 tx=0x7f59bc009bb0 comp rx=0 tx=0).stop
2023-07-21T18:33:31.458 INFO:teuthology.orchestra.run.smithi039.stdout:/usr/bin/ceph: stderr
2023-07-21T18:33:30.744+0000 7f59d1176700 1 -- 172.21.15.39:0/876923426 shutdown_connections
2023-07-21T18:33:31.459 INFO:teuthology.orchestra.run.smithi039.stdout:/usr/bin/ceph: stderr
2023-07-21T18:33:30.744+0000 7f59d1176700 1 --2- 172.21.15.39:0/876923426 >> [v2:172.21.15.39:3300/0,v1:172.21.15.39:6789/0] conn(0x7f59cc106050 0x7f59cc108430 unknown :-1 s=CLOSED pgs=20 cs=0 l=1 rev1=1 crypto rx=0 tx=0 comp rx=0 tx=0).stop
2023-07-21T18:33:31.459 INFO:teuthology.orchestra.run.smithi039.stdout:/usr/bin/ceph: stderr
2023-07-21T18:33:30.744+0000 7f59d1176700 1 -- 172.21.15.39:0/876923426 >> 172.21.15.39:0/876923426 conn(0x7f59cc0ffa50 msgr2=0x7f59cc101e80 unknown :-1 s=STATE_NONE l=0).mark_down
2023-07-21T18:33:31.459 INFO:teuthology.orchestra.run.smithi039.stdout:/usr/bin/ceph: stderr
2023-07-21T18:33:30.744+0000 7f59d1176700 1 -- 172.21.15.39:0/876923426 shutdown_connections
2023-07-21T18:33:31.459 INFO:teuthology.orchestra.run.smithi039.stdout:/usr/bin/ceph: stderr
2023-07-21T18:33:30.745+0000 7f59d1176700 1 -- 172.21.15.39:0/876923426 wait complete.
2023-07-21T18:33:31.459 INFO:teuthology.orchestra.run.smithi039.stdout:/usr/bin/ceph: stderr
2023-07-21T18:33:30.745+0000 7f59d1176700 1 Processor -- start
2023-07-21T18:33:31.459 INFO:teuthology.orchestra.run.smithi039.stdout:/usr/bin/ceph: stderr
2023-07-21T18:33:30.746+0000 7f59d1176700 1 -- start start
2023-07-21T18:33:31.459 INFO:teuthology.orchestra.run.smithi039.stdout:/usr/bin/ceph: stderr
2023-07-21T18:33:30.746+0000 7f59d1176700 1 --2- >> [v2:172.21.15.39:3300/0,v1:172.21.15.39:6789/0] conn(0x7f59cc106050 0x7f59cc199250 unknown :-1 s=NONE pgs=0 cs=0 l=1 rev1=0 crypto rx=0 tx=0 comp rx=0 tx=0).connect
2023-07-21T18:33:31.460 INFO:teuthology.orchestra.run.smithi039.stdout:/usr/bin/ceph: stderr
2023-07-21T18:33:30.746+0000 7f59d1176700 1 -- --> [v2:172.21.15.39:3300/0,v1:172.21.15.39:6789/0] -- mon_getmap magic: 0 v1 -- 0x7f59cc199790 con 0x7f59cc106050
2023-07-21T18:33:31.460 INFO:teuthology.orchestra.run.smithi039.stdout:/usr/bin/ceph: stderr
2023-07-21T18:33:30.746+0000 7f59cad9d700 1 --2- >> [v2:172.21.15.39:3300/0,v1:172.21.15.39:6789/0] conn(0x7f59cc106050 0x7f59cc199250 unknown :-1 s=BANNER_CONNECTING pgs=0 cs=0 l=1 rev1=0 crypto rx=0 tx=0 comp rx=0 tx=0)._handle_peer_banner_payload supported=3 required=0
2023-07-21T18:33:31.460 INFO:teuthology.orchestra.run.smithi039.stdout:/usr/bin/ceph: stderr
2023-07-21T18:33:30.746+0000 7f59cad9d700 1 --2- >> [v2:172.21.15.39:3300/0,v1:172.21.15.39:6789/0] conn(0x7f59cc106050 0x7f59cc199250 unknown :-1 s=HELLO_CONNECTING pgs=0 cs=0 l=1 rev1=1 crypto rx=0 tx=0 comp rx=0 tx=0).handle_hello peer v2:172.21.15.39:3300/0 says I am v2:172.21.15.39:53740/0 (socket says 172.21.15.39:53740)
2023-07-21T18:33:31.461 INFO:teuthology.orchestra.run.smithi039.stdout:/usr/bin/ceph: stderr
2023-07-21T18:33:30.746+0000 7f59cad9d700 1 -- 172.21.15.39:0/2860215723 learned_addr learned my addr 172.21.15.39:0/2860215723 (peer_addr_for_me v2:172.21.15.39:0/0)
2023-07-21T18:33:31.461 INFO:teuthology.orchestra.run.smithi039.stdout:/usr/bin/ceph: stderr
2023-07-21T18:33:30.746+0000 7f59cad9d700 1 -- 172.21.15.39:0/2860215723 --> [v2:172.21.15.39:3300/0,v1:172.21.15.39:6789/0] -- mon_subscribe({config=0+,monmap=0+}) v3 -- 0x7f59bc009550 con 0x7f59cc106050
2023-07-21T18:33:31.461 INFO:teuthology.orchestra.run.smithi039.stdout:/usr/bin/ceph: stderr
2023-07-21T18:33:30.746+0000 7f59cad9d700 1 --2- 172.21.15.39:0/2860215723 >> [v2:172.21.15.39:3300/0,v1:172.21.15.39:6789/0] conn(0x7f59cc106050 0x7f59cc199250 secure :-1 s=READY pgs=21 cs=0 l=1 rev1=1 crypto rx=0x7f59bc009fb0 tx=0x7f59bc011ad0 comp rx=0 tx=0).ready entity=mon.0 client_cookie=0 server_cookie=0 in_seq=0 out_seq=0
2023-07-21T18:33:31.462 INFO:teuthology.orchestra.run.smithi039.stdout:/usr/bin/ceph: stderr
2023-07-21T18:33:30.747+0000 7f59b3fff700 1 -- 172.21.15.39:0/2860215723 <== mon.0 v2:172.21.15.39:3300/0 1 ==== mon_map magic: 0 v1 ==== 205+0+0 (secure 0 0 0) 0x7f59bc003a40 con 0x7f59cc106050
2023-07-21T18:33:31.462 INFO:teuthology.orchestra.run.smithi039.stdout:/usr/bin/ceph: stderr
2023-07-21T18:33:30.747+0000 7f59b3fff700 1 -- 172.21.15.39:0/2860215723 <== mon.0 v2:172.21.15.39:3300/0 2 ==== config(26 keys) v1 ==== 1074+0+0 (secure 0 0 0) 0x7f59bc003ba0 con 0x7f59cc106050
2023-07-21T18:33:31.462 INFO:teuthology.orchestra.run.smithi039.stdout:/usr/bin/ceph: stderr
2023-07-21T18:33:30.747+0000 7f59d1176700 1 -- 172.21.15.39:0/2860215723 --> [v2:172.21.15.39:3300/0,v1:172.21.15.39:6789/0] -- mon_subscribe({mgrmap=0+}) v3 -- 0x7f59cc1999f0 con 0x7f59cc106050
2023-07-21T18:33:31.463 INFO:teuthology.orchestra.run.smithi039.stdout:/usr/bin/ceph: stderr
2023-07-21T18:33:30.747+0000 7f59b3fff700 1 -- 172.21.15.39:0/2860215723 <== mon.0 v2:172.21.15.39:3300/0 3 ==== mon_map magic: 0 v1 ==== 205+0+0 (secure 0 0 0) 0x7f59bc01a750 con 0x7f59cc106050
2023-07-21T18:33:31.463 INFO:teuthology.orchestra.run.smithi039.stdout:/usr/bin/ceph: stderr
2023-07-21T18:33:30.747+0000 7f59d1176700 1 -- 172.21.15.39:0/2860215723 --> [v2:172.21.15.39:3300/0,v1:172.21.15.39:6789/0] -- mon_subscribe({osdmap=0}) v3 -- 0x7f59cc199e70 con 0x7f59cc106050
2023-07-21T18:33:31.463 INFO:teuthology.orchestra.run.smithi039.stdout:/usr/bin/ceph: stderr
2023-07-21T18:33:30.748+0000 7f59b3fff700 1 -- 172.21.15.39:0/2860215723 <== mon.0 v2:172.21.15.39:3300/0 4 ==== mgrmap(e 4) v1 ==== 45472+0+0 (secure 0 0 0) 0x7f59bc01a980 con 0x7f59cc106050
2023-07-21T18:33:31.463 INFO:teuthology.orchestra.run.smithi039.stdout:/usr/bin/ceph: stderr
2023-07-21T18:33:30.748+0000 7f59b3fff700 1 --2- 172.21.15.39:0/2860215723 >> [v2:172.21.15.39:6800/889516631,v1:172.21.15.39:6801/889516631] conn(0x7f59b40386c0 0x7f59b403ab70 unknown :-1 s=NONE pgs=0 cs=0 l=1 rev1=0 crypto rx=0 tx=0 comp rx=0 tx=0).connect
2023-07-21T18:33:31.464 INFO:teuthology.orchestra.run.smithi039.stdout:/usr/bin/ceph: stderr
2023-07-21T18:33:30.748+0000 7f59b3fff700 1 -- 172.21.15.39:0/2860215723 <== mon.0 v2:172.21.15.39:3300/0 5 ==== osd_map(1..1 src has 1..1) v4 ==== 725+0+0 (secure 0 0 0) 0x7f59bc04c290 con 0x7f59cc106050
2023-07-21T18:33:31.464 INFO:teuthology.orchestra.run.smithi039.stdout:/usr/bin/ceph: stderr
2023-07-21T18:33:30.748+0000 7f59d1176700 1 -- 172.21.15.39:0/2860215723 --> [v2:172.21.15.39:3300/0,v1:172.21.15.39:6789/0] -- mon_command({"prefix": "get_command_descriptions"} v 0) v1 -- 0x7f59cc109570 con 0x7f59cc106050
2023-07-21T18:33:31.464 INFO:teuthology.orchestra.run.smithi039.stdout:/usr/bin/ceph: stderr
2023-07-21T18:33:30.748+0000 7f59ca59c700 1 --2- 172.21.15.39:0/2860215723 >> [v2:172.21.15.39:6800/889516631,v1:172.21.15.39:6801/889516631] conn(0x7f59b40386c0 0x7f59b403ab70 unknown :-1 s=BANNER_CONNECTING pgs=0 cs=0 l=1 rev1=0 crypto rx=0 tx=0 comp rx=0 tx=0)._handle_peer_banner_payload supported=3 required=0
2023-07-21T18:33:31.465 INFO:teuthology.orchestra.run.smithi039.stdout:/usr/bin/ceph: stderr
2023-07-21T18:33:30.748+0000 7f59ca59c700 1 --2- 172.21.15.39:0/2860215723 >> [v2:172.21.15.39:6800/889516631,v1:172.21.15.39:6801/889516631] conn(0x7f59b40386c0 0x7f59b403ab70 secure :-1 s=READY pgs=7 cs=0 l=1 rev1=1 crypto rx=0x7f59c0006fd0 tx=0x7f59c0006e40 comp rx=0 tx=0).ready entity=mgr.14100 client_cookie=0 server_cookie=0 in_seq=0 out_seq=0
2023-07-21T18:33:31.465 INFO:teuthology.orchestra.run.smithi039.stdout:/usr/bin/ceph: stderr
2023-07-21T18:33:30.753+0000 7f59b3fff700 1 -- 172.21.15.39:0/2860215723 <== mon.0 v2:172.21.15.39:3300/0 6 ==== mon_command_ack([{"prefix": "get_command_descriptions"}]=0 v0) v1 ==== 72+0+178038 (secure 0 0 0) 0x7f59bc018db0 con 0x7f59cc106050
2023-07-21T18:33:31.465 INFO:teuthology.orchestra.run.smithi039.stdout:/usr/bin/ceph: stderr
2023-07-21T18:33:31.106+0000 7f59d1176700 1 -- 172.21.15.39:0/2860215723 --> [v2:172.21.15.39:3300/0,v1:172.21.15.39:6789/0] -- mon_command({"prefix": "config assimilate-conf"} v 0) v1 -- 0x7f59cc19cc10 con 0x7f59cc106050
2023-07-21T18:33:31.465 INFO:teuthology.orchestra.run.smithi039.stdout:/usr/bin/ceph: stderr
2023-07-21T18:33:31.107+0000 7f59b3fff700 1 -- 172.21.15.39:0/2860215723 <== mon.0 v2:172.21.15.39:3300/0 7 ==== mon_command_ack([{"prefix": "config assimilate-conf"}]=0 v3) v1 ==== 70+0+373 (secure 0 0 0) 0x7f59bc018350 con 0x7f59cc106050
2023-07-21T18:33:31.465 INFO:teuthology.orchestra.run.smithi039.stdout:/usr/bin/ceph: stderr
2023-07-21T18:33:31.109+0000 7f59d1176700 1 -- 172.21.15.39:0/2860215723 >> [v2:172.21.15.39:6800/889516631,v1:172.21.15.39:6801/889516631] conn(0x7f59b40386c0 msgr2=0x7f59b403ab70 secure :-1 s=STATE_CONNECTION_ESTABLISHED l=1).mark_down
2023-07-21T18:33:31.466 INFO:teuthology.orchestra.run.smithi039.stdout:/usr/bin/ceph: stderr
2023-07-21T18:33:31.109+0000 7f59d1176700 1 --2- 172.21.15.39:0/2860215723 >> [v2:172.21.15.39:6800/889516631,v1:172.21.15.39:6801/889516631] conn(0x7f59b40386c0 0x7f59b403ab70 secure :-1 s=READY pgs=7 cs=0 l=1 rev1=1 crypto rx=0x7f59c0006fd0 tx=0x7f59c0006e40 comp rx=0 tx=0).stop
2023-07-21T18:33:31.466 INFO:teuthology.orchestra.run.smithi039.stdout:/usr/bin/ceph: stderr
2023-07-21T18:33:31.109+0000 7f59d1176700 1 -- 172.21.15.39:0/2860215723 >> [v2:172.21.15.39:3300/0,v1:172.21.15.39:6789/0] conn(0x7f59cc106050 msgr2=0x7f59cc199250 secure :-1 s=STATE_CONNECTION_ESTABLISHED l=1).mark_down
2023-07-21T18:33:31.466 INFO:teuthology.orchestra.run.smithi039.stdout:/usr/bin/ceph: stderr
2023-07-21T18:33:31.109+0000 7f59d1176700 1 --2- 172.21.15.39:0/2860215723 >> [v2:172.21.15.39:3300/0,v1:172.21.15.39:6789/0] conn(0x7f59cc106050 0x7f59cc199250 secure :-1 s=READY pgs=21 cs=0 l=1 rev1=1 crypto rx=0x7f59bc009fb0 tx=0x7f59bc011ad0 comp rx=0 tx=0).stop
2023-07-21T18:33:31.466 INFO:teuthology.orchestra.run.smithi039.stdout:/usr/bin/ceph: stderr
2023-07-21T18:33:31.110+0000 7f59d1176700 1 -- 172.21.15.39:0/2860215723 shutdown_connections
2023-07-21T18:33:31.466 INFO:teuthology.orchestra.run.smithi039.stdout:/usr/bin/ceph: stderr
2023-07-21T18:33:31.110+0000 7f59d1176700 1 --2- 172.21.15.39:0/2860215723 >> [v2:172.21.15.39:6800/889516631,v1:172.21.15.39:6801/889516631] conn(0x7f59b40386c0 0x7f59b403ab70 unknown :-1 s=CLOSED pgs=7 cs=0 l=1 rev1=1 crypto rx=0 tx=0 comp rx=0 tx=0).stop
2023-07-21T18:33:31.466 INFO:teuthology.orchestra.run.smithi039.stdout:/usr/bin/ceph: stderr
2023-07-21T18:33:31.110+0000 7f59d1176700 1 --2- 172.21.15.39:0/2860215723 >> [v2:172.21.15.39:3300/0,v1:172.21.15.39:6789/0] conn(0x7f59cc106050 0x7f59cc199250 unknown :-1 s=CLOSED pgs=21 cs=0 l=1 rev1=1 crypto rx=0 tx=0 comp rx=0 tx=0).stop
2023-07-21T18:33:31.466 INFO:teuthology.orchestra.run.smithi039.stdout:/usr/bin/ceph: stderr
2023-07-21T18:33:31.110+0000 7f59d1176700 1 -- 172.21.15.39:0/2860215723 >> 172.21.15.39:0/2860215723 conn(0x7f59cc0ffa50 msgr2=0x7f59cc101120 unknown :-1 s=STATE_NONE l=0).mark_down
2023-07-21T18:33:31.466 INFO:teuthology.orchestra.run.smithi039.stdout:/usr/bin/ceph: stderr
2023-07-21T18:33:31.110+0000 7f59d1176700 1 -- 172.21.15.39:0/2860215723 shutdown_connections
2023-07-21T18:33:31.467 INFO:teuthology.orchestra.run.smithi039.stdout:/usr/bin/ceph: stderr
2023-07-21T18:33:31.110+0000 7f59d1176700 1 -- 172.21.15.39:0/2860215723 wait complete.
2023-07-21T18:33:31.467 INFO:teuthology.orchestra.run.smithi039.stdout:Enabling cephadm module...
2023-07-21T18:33:32.199 INFO:journalctl@ceph.mon.a.smithi039.stdout:Jul 21 18:33:31 smithi039 ceph-mon[96489]: from='client.? 172.21.15.39:0/2860215723' entity='client.admin' cmd=[{"prefix": "config assimilate-conf"}]: dispatch
2023-07-21T18:33:33.186 INFO:journalctl@ceph.mon.a.smithi039.stdout:Jul 21 18:33:32 smithi039 ceph-mon[96489]: from='client.? 172.21.15.39:0/2885530486' entity='client.admin' cmd=[{"prefix": "mgr module enable", "module": "cephadm"}]: dispatch
2023-07-21T18:33:33.186 INFO:journalctl@ceph.mgr.x.smithi039.stdout:Jul 21 18:33:32 smithi039 ceph-eaf8e25a-27f4-11ee-9b34-001a4aab830c-mgr-x[96735]: ignoring --setuser ceph since I am not root
2023-07-21T18:33:33.187 INFO:journalctl@ceph.mgr.x.smithi039.stdout:Jul 21 18:33:32 smithi039 ceph-eaf8e25a-27f4-11ee-9b34-001a4aab830c-mgr-x[96735]: ignoring --setgroup ceph since I am not root
2023-07-21T18:33:33.187 INFO:journalctl@ceph.mgr.x.smithi039.stdout:Jul 21 18:33:33 smithi039 ceph-eaf8e25a-27f4-11ee-9b34-001a4aab830c-mgr-x[96735]:
2023-07-21T18:33:33.055+0000 7ff841b51200 -1 mgr[py] Module devicehealth has missing NOTIFY_TYPES member
2023-07-21T18:33:33.294 INFO:teuthology.orchestra.run.smithi039.stdout:/usr/bin/ceph: stderr
2023-07-21T18:33:31.849+0000 7f8ead5b0700 1 Processor -- start
2023-07-21T18:33:33.294 INFO:teuthology.orchestra.run.smithi039.stdout:/usr/bin/ceph: stderr
2023-07-21T18:33:31.849+0000 7f8ead5b0700 1 -- start start
2023-07-21T18:33:33.294 INFO:teuthology.orchestra.run.smithi039.stdout:/usr/bin/ceph: stderr
2023-07-21T18:33:31.849+0000 7f8ead5b0700 1 --2- >> [v2:172.21.15.39:3300/0,v1:172.21.15.39:6789/0] conn(0x7f8ea8073ba0 0x7f8ea810a490 unknown :-1 s=NONE pgs=0 cs=0 l=0 rev1=0 crypto rx=0 tx=0 comp rx=0 tx=0).connect
2023-07-21T18:33:33.295 INFO:teuthology.orchestra.run.smithi039.stdout:/usr/bin/ceph: stderr
2023-07-21T18:33:31.849+0000 7f8ead5b0700 1 -- --> [v2:172.21.15.39:3300/0,v1:172.21.15.39:6789/0] -- mon_getmap magic: 0 v1 -- 0x7f8ea8105e80 con 0x7f8ea8073ba0
2023-07-21T18:33:33.295 INFO:teuthology.orchestra.run.smithi039.stdout:/usr/bin/ceph: stderr
2023-07-21T18:33:31.849+0000 7f8ea6ffd700 1 --2- >> [v2:172.21.15.39:3300/0,v1:172.21.15.39:6789/0] conn(0x7f8ea8073ba0 0x7f8ea810a490 unknown :-1 s=BANNER_CONNECTING pgs=0 cs=0 l=0 rev1=0 crypto rx=0 tx=0 comp rx=0 tx=0)._handle_peer_banner_payload supported=3 required=0
2023-07-21T18:33:33.295 INFO:teuthology.orchestra.run.smithi039.stdout:/usr/bin/ceph: stderr
2023-07-21T18:33:31.849+0000 7f8ea6ffd700 1 --2- >> [v2:172.21.15.39:3300/0,v1:172.21.15.39:6789/0] conn(0x7f8ea8073ba0 0x7f8ea810a490 unknown :-1 s=HELLO_CONNECTING pgs=0 cs=0 l=0 rev1=1 crypto rx=0 tx=0 comp rx=0 tx=0).handle_hello peer v2:172.21.15.39:3300/0 says I am v2:172.21.15.39:53744/0 (socket says 172.21.15.39:53744)
2023-07-21T18:33:33.295 INFO:teuthology.orchestra.run.smithi039.stdout:/usr/bin/ceph: stderr
2023-07-21T18:33:31.849+0000 7f8ea6ffd700 1 -- 172.21.15.39:0/1260929231 learned_addr learned my addr 172.21.15.39:0/1260929231 (peer_addr_for_me v2:172.21.15.39:0/0)
2023-07-21T18:33:33.295 INFO:teuthology.orchestra.run.smithi039.stdout:/usr/bin/ceph: stderr
2023-07-21T18:33:31.850+0000 7f8ea6ffd700 1 -- 172.21.15.39:0/1260929231 --> [v2:172.21.15.39:3300/0,v1:172.21.15.39:6789/0] -- mon_subscribe({config=0+,monmap=0+}) v3 -- 0x7f8ea810a9d0 con 0x7f8ea8073ba0
2023-07-21T18:33:33.298 INFO:teuthology.orchestra.run.smithi039.stdout:/usr/bin/ceph: stderr
2023-07-21T18:33:31.850+0000 7f8ea6ffd700 1 --2- 172.21.15.39:0/1260929231 >> [v2:172.21.15.39:3300/0,v1:172.21.15.39:6789/0] conn(0x7f8ea8073ba0 0x7f8ea810a490 secure :-1 s=READY pgs=22 cs=0 l=1 rev1=1 crypto rx=0x7f8e9c0098a0 tx=0x7f8e9c009bb0 comp rx=0 tx=0).ready entity=mon.0 client_cookie=ccc23ee29657b93 server_cookie=0 in_seq=0 out_seq=0
2023-07-21T18:33:33.299 INFO:teuthology.orchestra.run.smithi039.stdout:/usr/bin/ceph: stderr
2023-07-21T18:33:31.850+0000 7f8ea5ffb700 1 -- 172.21.15.39:0/1260929231 <== mon.0 v2:172.21.15.39:3300/0 1 ==== mon_map magic: 0 v1 ==== 205+0+0 (secure 0 0 0) 0x7f8e9c004160 con 0x7f8ea8073ba0
2023-07-21T18:33:33.299 INFO:teuthology.orchestra.run.smithi039.stdout:/usr/bin/ceph: stderr
2023-07-21T18:33:31.850+0000 7f8ea5ffb700 1 -- 172.21.15.39:0/1260929231 <== mon.0 v2:172.21.15.39:3300/0 2 ==== config(26 keys) v1 ==== 1074+0+0 (secure 0 0 0) 0x7f8e9c0042c0 con 0x7f8ea8073ba0
2023-07-21T18:33:33.299 INFO:teuthology.orchestra.run.smithi039.stdout:/usr/bin/ceph: stderr
2023-07-21T18:33:31.850+0000 7f8ea5ffb700 1 -- 172.21.15.39:0/1260929231 <== mon.0 v2:172.21.15.39:3300/0 3 ==== mon_map magic: 0 v1 ==== 205+0+0 (secure 0 0 0) 0x7f8e9c011a00 con 0x7f8ea8073ba0
2023-07-21T18:33:33.299 INFO:teuthology.orchestra.run.smithi039.stdout:/usr/bin/ceph: stderr
2023-07-21T18:33:31.851+0000 7f8ead5b0700 1 -- 172.21.15.39:0/1260929231 >> [v2:172.21.15.39:3300/0,v1:172.21.15.39:6789/0] conn(0x7f8ea8073ba0 msgr2=0x7f8ea810a490 secure :-1 s=STATE_CONNECTION_ESTABLISHED l=1).mark_down
2023-07-21T18:33:33.299 INFO:teuthology.orchestra.run.smithi039.stdout:/usr/bin/ceph: stderr
2023-07-21T18:33:31.851+0000 7f8ead5b0700 1 --2- 172.21.15.39:0/1260929231 >> [v2:172.21.15.39:3300/0,v1:172.21.15.39:6789/0] conn(0x7f8ea8073ba0 0x7f8ea810a490 secure :-1 s=READY pgs=22 cs=0 l=1 rev1=1 crypto rx=0x7f8e9c0098a0 tx=0x7f8e9c009bb0 comp rx=0 tx=0).stop
2023-07-21T18:33:33.299 INFO:teuthology.orchestra.run.smithi039.stdout:/usr/bin/ceph: stderr
2023-07-21T18:33:31.851+0000 7f8ead5b0700 1 -- 172.21.15.39:0/1260929231 shutdown_connections
2023-07-21T18:33:33.299 INFO:teuthology.orchestra.run.smithi039.stdout:/usr/bin/ceph: stderr
2023-07-21T18:33:31.851+0000 7f8ead5b0700 1 --2- 172.21.15.39:0/1260929231 >> [v2:172.21.15.39:3300/0,v1:172.21.15.39:6789/0] conn(0x7f8ea8073ba0 0x7f8ea810a490 unknown :-1 s=CLOSED pgs=22 cs=0 l=1 rev1=1 crypto rx=0 tx=0 comp rx=0 tx=0).stop
2023-07-21T18:33:33.300 INFO:teuthology.orchestra.run.smithi039.stdout:/usr/bin/ceph: stderr
2023-07-21T18:33:31.851+0000 7f8ead5b0700 1 -- 172.21.15.39:0/1260929231 >> 172.21.15.39:0/1260929231 conn(0x7f8ea80ffa40 msgr2=0x7f8ea8101e70 unknown :-1 s=STATE_NONE l=0).mark_down
2023-07-21T18:33:33.300 INFO:teuthology.orchestra.run.smithi039.stdout:/usr/bin/ceph: stderr
2023-07-21T18:33:31.851+0000 7f8ead5b0700 1 -- 172.21.15.39:0/1260929231 shutdown_connections
2023-07-21T18:33:33.300 INFO:teuthology.orchestra.run.smithi039.stdout:/usr/bin/ceph: stderr
2023-07-21T18:33:31.851+0000 7f8ead5b0700 1 -- 172.21.15.39:0/1260929231 wait complete.
2023-07-21T18:33:33.300 INFO:teuthology.orchestra.run.smithi039.stdout:/usr/bin/ceph: stderr
2023-07-21T18:33:31.851+0000 7f8ead5b0700 1 Processor -- start
2023-07-21T18:33:33.300 INFO:teuthology.orchestra.run.smithi039.stdout:/usr/bin/ceph: stderr
2023-07-21T18:33:31.852+0000 7f8ead5b0700 1 -- start start
2023-07-21T18:33:33.300 INFO:teuthology.orchestra.run.smithi039.stdout:/usr/bin/ceph: stderr
2023-07-21T18:33:31.852+0000 7f8ead5b0700 1 --2- >> [v2:172.21.15.39:3300/0,v1:172.21.15.39:6789/0] conn(0x7f8ea819b400 0x7f8ea819b810 unknown :-1 s=NONE pgs=0 cs=0 l=1 rev1=0 crypto rx=0 tx=0 comp rx=0 tx=0).connect
2023-07-21T18:33:33.301 INFO:teuthology.orchestra.run.smithi039.stdout:/usr/bin/ceph: stderr
2023-07-21T18:33:31.852+0000 7f8ead5b0700 1 -- --> [v2:172.21.15.39:3300/0,v1:172.21.15.39:6789/0] -- mon_getmap magic: 0 v1 -- 0x7f8ea819bd50 con 0x7f8ea819b400
2023-07-21T18:33:33.301 INFO:teuthology.orchestra.run.smithi039.stdout:/usr/bin/ceph: stderr
2023-07-21T18:33:31.852+0000 7f8ea6ffd700 1 --2- >> [v2:172.21.15.39:3300/0,v1:172.21.15.39:6789/0] conn(0x7f8ea819b400 0x7f8ea819b810 unknown :-1 s=BANNER_CONNECTING pgs=0 cs=0 l=1 rev1=0 crypto rx=0 tx=0 comp rx=0 tx=0)._handle_peer_banner_payload supported=3 required=0
2023-07-21T18:33:33.301 INFO:teuthology.orchestra.run.smithi039.stdout:/usr/bin/ceph: stderr
2023-07-21T18:33:31.852+0000 7f8ea6ffd700 1 --2- >> [v2:172.21.15.39:3300/0,v1:172.21.15.39:6789/0] conn(0x7f8ea819b400 0x7f8ea819b810 unknown :-1 s=HELLO_CONNECTING pgs=0 cs=0 l=1 rev1=1 crypto rx=0 tx=0 comp rx=0 tx=0).handle_hello peer v2:172.21.15.39:3300/0 says I am v2:172.21.15.39:53746/0 (socket says 172.21.15.39:53746)
2023-07-21T18:33:33.301 INFO:teuthology.orchestra.run.smithi039.stdout:/usr/bin/ceph: stderr
2023-07-21T18:33:31.852+0000 7f8ea6ffd700 1 -- 172.21.15.39:0/2885530486 learned_addr learned my addr 172.21.15.39:0/2885530486 (peer_addr_for_me v2:172.21.15.39:0/0)
2023-07-21T18:33:33.301 INFO:teuthology.orchestra.run.smithi039.stdout:/usr/bin/ceph: stderr
2023-07-21T18:33:31.852+0000 7f8ea6ffd700 1 -- 172.21.15.39:0/2885530486 --> [v2:172.21.15.39:3300/0,v1:172.21.15.39:6789/0] -- mon_subscribe({config=0+,monmap=0+}) v3 -- 0x7f8e9c009550 con 0x7f8ea819b400
2023-07-21T18:33:33.301 INFO:teuthology.orchestra.run.smithi039.stdout:/usr/bin/ceph: stderr
2023-07-21T18:33:31.852+0000 7f8ea6ffd700 1 --2- 172.21.15.39:0/2885530486 >> [v2:172.21.15.39:3300/0,v1:172.21.15.39:6789/0] conn(0x7f8ea819b400 0x7f8ea819b810 secure :-1 s=READY pgs=23 cs=0 l=1 rev1=1 crypto rx=0x7f8e9c006af0 tx=0x7f8e9c011ad0 comp rx=0 tx=0).ready entity=mon.0 client_cookie=0 server_cookie=0 in_seq=0 out_seq=0
2023-07-21T18:33:33.301 INFO:teuthology.orchestra.run.smithi039.stdout:/usr/bin/ceph: stderr
2023-07-21T18:33:31.852+0000 7f8e8ffff700 1 -- 172.21.15.39:0/2885530486 <== mon.0 v2:172.21.15.39:3300/0 1 ==== mon_map magic: 0 v1 ==== 205+0+0 (secure 0 0 0) 0x7f8e9c003a40 con 0x7f8ea819b400
2023-07-21T18:33:33.302 INFO:teuthology.orchestra.run.smithi039.stdout:/usr/bin/ceph: stderr
2023-07-21T18:33:31.852+0000 7f8e8ffff700 1 -- 172.21.15.39:0/2885530486 <== mon.0 v2:172.21.15.39:3300/0 2 ==== config(26 keys) v1 ==== 1074+0+0 (secure 0 0 0) 0x7f8e9c003ba0 con 0x7f8ea819b400
2023-07-21T18:33:33.302 INFO:teuthology.orchestra.run.smithi039.stdout:/usr/bin/ceph: stderr
2023-07-21T18:33:31.852+0000 7f8ead5b0700 1 -- 172.21.15.39:0/2885530486 --> [v2:172.21.15.39:3300/0,v1:172.21.15.39:6789/0] -- mon_subscribe({mgrmap=0+}) v3 -- 0x7f8ea819bf50 con 0x7f8ea819b400
2023-07-21T18:33:33.302 INFO:teuthology.orchestra.run.smithi039.stdout:/usr/bin/ceph: stderr
2023-07-21T18:33:31.852+0000 7f8e8ffff700 1 -- 172.21.15.39:0/2885530486 <== mon.0 v2:172.21.15.39:3300/0 3 ==== mon_map magic: 0 v1 ==== 205+0+0 (secure 0 0 0) 0x7f8e9c01a700 con 0x7f8ea819b400
2023-07-21T18:33:33.302 INFO:teuthology.orchestra.run.smithi039.stdout:/usr/bin/ceph: stderr
2023-07-21T18:33:31.852+0000 7f8ead5b0700 1 -- 172.21.15.39:0/2885530486 --> [v2:172.21.15.39:3300/0,v1:172.21.15.39:6789/0] -- mon_subscribe({osdmap=0}) v3 -- 0x7f8ea819ebb0 con 0x7f8ea819b400
2023-07-21T18:33:33.302 INFO:teuthology.orchestra.run.smithi039.stdout:/usr/bin/ceph: stderr
2023-07-21T18:33:31.853+0000 7f8e8ffff700 1 -- 172.21.15.39:0/2885530486 <== mon.0 v2:172.21.15.39:3300/0 4 ==== mgrmap(e 4) v1 ==== 45472+0+0 (secure 0 0 0) 0x7f8e9c024ad0 con 0x7f8ea819b400
2023-07-21T18:33:33.302 INFO:teuthology.orchestra.run.smithi039.stdout:/usr/bin/ceph: stderr
2023-07-21T18:33:31.854+0000 7f8e8ffff700 1 --2- 172.21.15.39:0/2885530486 >> [v2:172.21.15.39:6800/889516631,v1:172.21.15.39:6801/889516631] conn(0x7f8e90038710 0x7f8e9003abc0 unknown :-1 s=NONE pgs=0 cs=0 l=1 rev1=0 crypto rx=0 tx=0 comp rx=0 tx=0).connect
2023-07-21T18:33:33.302 INFO:teuthology.orchestra.run.smithi039.stdout:/usr/bin/ceph: stderr
2023-07-21T18:33:31.854+0000 7f8ead5b0700 1 -- 172.21.15.39:0/2885530486 --> [v2:172.21.15.39:3300/0,v1:172.21.15.39:6789/0] -- mon_command({"prefix": "get_command_descriptions"} v 0) v1 -- 0x7f8ea8073ba0 con 0x7f8ea819b400
2023-07-21T18:33:33.302 INFO:teuthology.orchestra.run.smithi039.stdout:/usr/bin/ceph: stderr
2023-07-21T18:33:31.854+0000 7f8e8ffff700 1 -- 172.21.15.39:0/2885530486 <== mon.0 v2:172.21.15.39:3300/0 5 ==== osd_map(1..1 src has 1..1) v4 ==== 725+0+0 (secure 0 0 0) 0x7f8e9c04c600 con 0x7f8ea819b400
2023-07-21T18:33:33.303 INFO:teuthology.orchestra.run.smithi039.stdout:/usr/bin/ceph: stderr
2023-07-21T18:33:31.854+0000 7f8ea67fc700 1 --2- 172.21.15.39:0/2885530486 >> [v2:172.21.15.39:6800/889516631,v1:172.21.15.39:6801/889516631] conn(0x7f8e90038710 0x7f8e9003abc0 unknown :-1 s=BANNER_CONNECTING pgs=0 cs=0 l=1 rev1=0 crypto rx=0 tx=0 comp rx=0 tx=0)._handle_peer_banner_payload supported=3 required=0
2023-07-21T18:33:33.303 INFO:teuthology.orchestra.run.smithi039.stdout:/usr/bin/ceph: stderr
2023-07-21T18:33:31.854+0000 7f8ea67fc700 1 --2- 172.21.15.39:0/2885530486 >> [v2:172.21.15.39:6800/889516631,v1:172.21.15.39:6801/889516631] conn(0x7f8e90038710 0x7f8e9003abc0 secure :-1 s=READY pgs=8 cs=0 l=1 rev1=1 crypto rx=0x7f8e98006fd0 tx=0x7f8e98006e40 comp rx=0 tx=0).ready entity=mgr.14100 client_cookie=0 server_cookie=0 in_seq=0 out_seq=0
2023-07-21T18:33:33.303 INFO:teuthology.orchestra.run.smithi039.stdout:/usr/bin/ceph: stderr
2023-07-21T18:33:31.858+0000 7f8e8ffff700 1 -- 172.21.15.39:0/2885530486 <== mon.0 v2:172.21.15.39:3300/0 6 ==== mon_command_ack([{"prefix": "get_command_descriptions"}]=0 v0) v1 ==== 72+0+178038 (secure 0 0 0) 0x7f8e9c02d3f0 con 0x7f8ea819b400
2023-07-21T18:33:33.303 INFO:teuthology.orchestra.run.smithi039.stdout:/usr/bin/ceph: stderr
2023-07-21T18:33:32.323+0000 7f8ead5b0700 1 -- 172.21.15.39:0/2885530486 --> [v2:172.21.15.39:3300/0,v1:172.21.15.39:6789/0] -- mon_command({"prefix": "mgr module enable", "module": "cephadm"} v 0) v1 -- 0x7f8ea8073d90 con 0x7f8ea819b400
2023-07-21T18:33:33.303 INFO:teuthology.orchestra.run.smithi039.stdout:/usr/bin/ceph: stderr
2023-07-21T18:33:32.858+0000 7f8e8ffff700 1 -- 172.21.15.39:0/2885530486 <== mon.0 v2:172.21.15.39:3300/0 7 ==== mgrmap(e 5) v1 ==== 45483+0+0 (secure 0 0 0) 0x7f8e9c02d770 con 0x7f8ea819b400
2023-07-21T18:33:33.303 INFO:teuthology.orchestra.run.smithi039.stdout:/usr/bin/ceph: stderr
2023-07-21T18:33:32.860+0000 7f8e8ffff700 1 -- 172.21.15.39:0/2885530486 <== mon.0 v2:172.21.15.39:3300/0 8 ==== mon_command_ack([{"prefix": "mgr module enable", "module": "cephadm"}]=0 v5) v1 ==== 86+0+0 (secure 0 0 0) 0x7f8e9c018dd0 con 0x7f8ea819b400
2023-07-21T18:33:33.303 INFO:teuthology.orchestra.run.smithi039.stdout:/usr/bin/ceph: stderr
2023-07-21T18:33:32.863+0000 7f8ead5b0700 1 -- 172.21.15.39:0/2885530486 >> [v2:172.21.15.39:6800/889516631,v1:172.21.15.39:6801/889516631] conn(0x7f8e90038710 msgr2=0x7f8e9003abc0 secure :-1 s=STATE_CONNECTION_ESTABLISHED l=1).mark_down
2023-07-21T18:33:33.304 INFO:teuthology.orchestra.run.smithi039.stdout:/usr/bin/ceph: stderr
2023-07-21T18:33:32.863+0000 7f8ead5b0700 1 --2- 172.21.15.39:0/2885530486 >> [v2:172.21.15.39:6800/889516631,v1:172.21.15.39:6801/889516631] conn(0x7f8e90038710 0x7f8e9003abc0 secure :-1 s=READY pgs=8 cs=0 l=1 rev1=1 crypto rx=0x7f8e98006fd0 tx=0x7f8e98006e40 comp rx=0 tx=0).stop
2023-07-21T18:33:33.304 INFO:teuthology.orchestra.run.smithi039.stdout:/usr/bin/ceph: stderr
2023-07-21T18:33:32.863+0000 7f8ead5b0700 1 -- 172.21.15.39:0/2885530486 >> [v2:172.21.15.39:3300/0,v1:172.21.15.39:6789/0] conn(0x7f8ea819b400 msgr2=0x7f8ea819b810 secure :-1 s=STATE_CONNECTION_ESTABLISHED l=1).mark_down
2023-07-21T18:33:33.304 INFO:teuthology.orchestra.run.smithi039.stdout:/usr/bin/ceph: stderr
2023-07-21T18:33:32.863+0000 7f8ead5b0700 1 --2- 172.21.15.39:0/2885530486 >> [v2:172.21.15.39:3300/0,v1:172.21.15.39:6789/0] conn(0x7f8ea819b400 0x7f8ea819b810 secure :-1 s=READY pgs=23 cs=0 l=1 rev1=1 crypto rx=0x7f8e9c006af0 tx=0x7f8e9c011ad0 comp rx=0 tx=0).stop
2023-07-21T18:33:33.304 INFO:teuthology.orchestra.run.smithi039.stdout:/usr/bin/ceph: stderr
2023-07-21T18:33:32.863+0000 7f8ead5b0700 1 -- 172.21.15.39:0/2885530486 shutdown_connections
2023-07-21T18:33:33.304 INFO:teuthology.orchestra.run.smithi039.stdout:/usr/bin/ceph: stderr
2023-07-21T18:33:32.863+0000 7f8ead5b0700 1 --2- 172.21.15.39:0/2885530486 >> [v2:172.21.15.39:6800/889516631,v1:172.21.15.39:6801/889516631] conn(0x7f8e90038710 0x7f8e9003abc0 unknown :-1 s=CLOSED pgs=8 cs=0 l=1 rev1=1 crypto rx=0 tx=0 comp rx=0 tx=0).stop
2023-07-21T18:33:33.304 INFO:teuthology.orchestra.run.smithi039.stdout:/usr/bin/ceph: stderr
2023-07-21T18:33:32.863+0000 7f8ead5b0700 1 --2- 172.21.15.39:0/2885530486 >> [v2:172.21.15.39:3300/0,v1:172.21.15.39:6789/0] conn(0x7f8ea819b400 0x7f8ea819b810 unknown :-1 s=CLOSED pgs=23 cs=0 l=1 rev1=1 crypto rx=0 tx=0 comp rx=0 tx=0).stop
2023-07-21T18:33:33.304 INFO:teuthology.orchestra.run.smithi039.stdout:/usr/bin/ceph: stderr
2023-07-21T18:33:32.863+0000 7f8ead5b0700 1 -- 172.21.15.39:0/2885530486 >> 172.21.15.39:0/2885530486 conn(0x7f8ea80ffa40 msgr2=0x7f8ea81010c0 unknown :-1 s=STATE_NONE l=0).mark_down
2023-07-21T18:33:33.304 INFO:teuthology.orchestra.run.smithi039.stdout:/usr/bin/ceph: stderr
2023-07-21T18:33:32.863+0000 7f8ead5b0700 1 -- 172.21.15.39:0/2885530486 shutdown_connections
2023-07-21T18:33:33.305 INFO:teuthology.orchestra.run.smithi039.stdout:/usr/bin/ceph: stderr
2023-07-21T18:33:32.863+0000 7f8ead5b0700 1 -- 172.21.15.39:0/2885530486 wait complete.
2023-07-21T18:33:33.449 INFO:journalctl@ceph.mgr.x.smithi039.stdout:Jul 21 18:33:33 smithi039 ceph-eaf8e25a-27f4-11ee-9b34-001a4aab830c-mgr-x[96735]:
2023-07-21T18:33:33.151+0000 7ff841b51200 -1 mgr[py] Module osd_support has missing NOTIFY_TYPES member
2023-07-21T18:33:33.449 INFO:journalctl@ceph.mgr.x.smithi039.stdout:Jul 21 18:33:33 smithi039 ceph-eaf8e25a-27f4-11ee-9b34-001a4aab830c-mgr-x[96735]:
2023-07-21T18:33:33.261+0000 7ff841b51200 -1 mgr[py] Module snap_schedule has missing NOTIFY_TYPES member
2023-07-21T18:33:33.450 INFO:journalctl@ceph.mgr.x.smithi039.stdout:Jul 21 18:33:33 smithi039 ceph-eaf8e25a-27f4-11ee-9b34-001a4aab830c-mgr-x[96735]:
2023-07-21T18:33:33.388+0000 7ff841b51200 -1 mgr[py] Module zabbix has missing NOTIFY_TYPES member
2023-07-21T18:33:33.896 INFO:journalctl@ceph.mgr.x.smithi039.stdout:Jul 21 18:33:33 smithi039 ceph-eaf8e25a-27f4-11ee-9b34-001a4aab830c-mgr-x[96735]:
2023-07-21T18:33:33.599+0000 7ff841b51200 -1 mgr[py] Module crash has missing NOTIFY_TYPES member
2023-07-21T18:33:34.199 INFO:journalctl@ceph.mon.a.smithi039.stdout:Jul 21 18:33:33 smithi039 ceph-mon[96489]: from='client.? 172.21.15.39:0/2885530486' entity='client.admin' cmd='[{"prefix": "mgr module enable", "module": "cephadm"}]': finished
2023-07-21T18:33:34.199 INFO:journalctl@ceph.mon.a.smithi039.stdout:Jul 21 18:33:33 smithi039 ceph-mon[96489]: mgrmap e5: x(active, since 5s)
2023-07-21T18:33:34.200 INFO:journalctl@ceph.mgr.x.smithi039.stdout:Jul 21 18:33:33 smithi039 ceph-eaf8e25a-27f4-11ee-9b34-001a4aab830c-mgr-x[96735]:
2023-07-21T18:33:33.997+0000 7ff841b51200 -1 mgr[py] Module prometheus has missing NOTIFY_TYPES member
2023-07-21T18:33:34.200 INFO:journalctl@ceph.mgr.x.smithi039.stdout:Jul 21 18:33:34 smithi039 ceph-eaf8e25a-27f4-11ee-9b34-001a4aab830c-mgr-x[96735]:
2023-07-21T18:33:34.106+0000 7ff841b51200 -1 mgr[py] Module status has missing NOTIFY_TYPES member
2023-07-21T18:33:34.659 INFO:teuthology.orchestra.run.smithi039.stdout:/usr/bin/ceph: stdout {
2023-07-21T18:33:34.659 INFO:teuthology.orchestra.run.smithi039.stdout:/usr/bin/ceph: stdout "epoch": 5,
2023-07-21T18:33:34.660 INFO:teuthology.orchestra.run.smithi039.stdout:/usr/bin/ceph: stdout "available": true,
2023-07-21T18:33:34.660 INFO:teuthology.orchestra.run.smithi039.stdout:/usr/bin/ceph: stdout "active_name": "x",
2023-07-21T18:33:34.660 INFO:teuthology.orchestra.run.smithi039.stdout:/usr/bin/ceph: stdout "num_standby": 0
2023-07-21T18:33:34.660 INFO:teuthology.orchestra.run.smithi039.stdout:/usr/bin/ceph: stdout }
2023-07-21T18:33:34.660 INFO:teuthology.orchestra.run.smithi039.stdout:/usr/bin/ceph: stderr
2023-07-21T18:33:33.774+0000 7f7b803ac700 1 Processor -- start
2023-07-21T18:33:34.660 INFO:teuthology.orchestra.run.smithi039.stdout:/usr/bin/ceph: stderr
2023-07-21T18:33:33.774+0000 7f7b803ac700 1 -- start start
2023-07-21T18:33:34.661 INFO:teuthology.orchestra.run.smithi039.stdout:/usr/bin/ceph: stderr
2023-07-21T18:33:33.775+0000 7f7b803ac700 1 --2- >> [v2:172.21.15.39:3300/0,v1:172.21.15.39:6789/0] conn(0x7f7b78106010 0x7f7b781083f0 unknown :-1 s=NONE pgs=0 cs=0 l=0 rev1=0 crypto rx=0 tx=0 comp rx=0 tx=0).connect
2023-07-21T18:33:34.661 INFO:teuthology.orchestra.run.smithi039.stdout:/usr/bin/ceph: stderr
2023-07-21T18:33:33.775+0000 7f7b803ac700 1 -- --> [v2:172.21.15.39:3300/0,v1:172.21.15.39:6789/0] -- mon_getmap magic: 0 v1 -- 0x7f7b78073c20 con 0x7f7b78106010
2023-07-21T18:33:34.661 INFO:teuthology.orchestra.run.smithi039.stdout:/usr/bin/ceph: stderr
2023-07-21T18:33:33.775+0000 7f7b7e148700 1 --2- >> [v2:172.21.15.39:3300/0,v1:172.21.15.39:6789/0] conn(0x7f7b78106010 0x7f7b781083f0 unknown :-1 s=BANNER_CONNECTING pgs=0 cs=0 l=0 rev1=0 crypto rx=0 tx=0 comp rx=0 tx=0)._handle_peer_banner_payload supported=3 required=0
2023-07-21T18:33:34.661 INFO:teuthology.orchestra.run.smithi039.stdout:/usr/bin/ceph: stderr
2023-07-21T18:33:33.775+0000 7f7b7e148700 1 --2- >> [v2:172.21.15.39:3300/0,v1:172.21.15.39:6789/0] conn(0x7f7b78106010 0x7f7b781083f0 unknown :-1 s=HELLO_CONNECTING pgs=0 cs=0 l=0 rev1=1 crypto rx=0 tx=0 comp rx=0 tx=0).handle_hello peer v2:172.21.15.39:3300/0 says I am v2:172.21.15.39:53760/0 (socket says 172.21.15.39:53760)
2023-07-21T18:33:34.661 INFO:teuthology.orchestra.run.smithi039.stdout:/usr/bin/ceph: stderr
2023-07-21T18:33:33.775+0000 7f7b7e148700 1 -- 172.21.15.39:0/2996195889 learned_addr learned my addr 172.21.15.39:0/2996195889 (peer_addr_for_me v2:172.21.15.39:0/0)
2023-07-21T18:33:34.661 INFO:teuthology.orchestra.run.smithi039.stdout:/usr/bin/ceph: stderr
2023-07-21T18:33:33.775+0000 7f7b7e148700 1 -- 172.21.15.39:0/2996195889 --> [v2:172.21.15.39:3300/0,v1:172.21.15.39:6789/0] -- mon_subscribe({config=0+,monmap=0+}) v3 -- 0x7f7b78073d60 con 0x7f7b78106010
2023-07-21T18:33:34.662 INFO:teuthology.orchestra.run.smithi039.stdout:/usr/bin/ceph: stderr
2023-07-21T18:33:33.775+0000 7f7b7e148700 1 --2- 172.21.15.39:0/2996195889 >> [v2:172.21.15.39:3300/0,v1:172.21.15.39:6789/0] conn(0x7f7b78106010 0x7f7b781083f0 secure :-1 s=READY pgs=26 cs=0 l=1 rev1=1 crypto rx=0x7f7b740098a0 tx=0x7f7b74009bb0 comp rx=0 tx=0).ready entity=mon.0 client_cookie=c922be40eb69a098 server_cookie=0 in_seq=0 out_seq=0
2023-07-21T18:33:34.662 INFO:teuthology.orchestra.run.smithi039.stdout:/usr/bin/ceph: stderr
2023-07-21T18:33:33.775+0000 7f7b7d146700 1 -- 172.21.15.39:0/2996195889 <== mon.0 v2:172.21.15.39:3300/0 1 ==== mon_map magic: 0 v1 ==== 205+0+0 (secure 0 0 0) 0x7f7b74004160 con 0x7f7b78106010
2023-07-21T18:33:34.662 INFO:teuthology.orchestra.run.smithi039.stdout:/usr/bin/ceph: stderr
2023-07-21T18:33:33.775+0000 7f7b7d146700 1 -- 172.21.15.39:0/2996195889 <== mon.0 v2:172.21.15.39:3300/0 2 ==== config(26 keys) v1 ==== 1074+0+0 (secure 0 0 0) 0x7f7b740042c0 con 0x7f7b78106010
2023-07-21T18:33:34.662 INFO:teuthology.orchestra.run.smithi039.stdout:/usr/bin/ceph: stderr
2023-07-21T18:33:33.775+0000 7f7b7d146700 1 -- 172.21.15.39:0/2996195889 <== mon.0 v2:172.21.15.39:3300/0 3 ==== mon_map magic: 0 v1 ==== 205+0+0 (secure 0 0 0) 0x7f7b74011a00 con 0x7f7b78106010
2023-07-21T18:33:34.662 INFO:teuthology.orchestra.run.smithi039.stdout:/usr/bin/ceph: stderr
2023-07-21T18:33:33.776+0000 7f7b803ac700 1 -- 172.21.15.39:0/2996195889 >> [v2:172.21.15.39:3300/0,v1:172.21.15.39:6789/0] conn(0x7f7b78106010 msgr2=0x7f7b781083f0 secure :-1 s=STATE_CONNECTION_ESTABLISHED l=1).mark_down
2023-07-21T18:33:34.663 INFO:teuthology.orchestra.run.smithi039.stdout:/usr/bin/ceph: stderr
2023-07-21T18:33:33.776+0000 7f7b803ac700 1 --2- 172.21.15.39:0/2996195889 >> [v2:172.21.15.39:3300/0,v1:172.21.15.39:6789/0] conn(0x7f7b78106010 0x7f7b781083f0 secure :-1 s=READY pgs=26 cs=0 l=1 rev1=1 crypto rx=0x7f7b740098a0 tx=0x7f7b74009bb0 comp rx=0 tx=0).stop
2023-07-21T18:33:34.663 INFO:teuthology.orchestra.run.smithi039.stdout:/usr/bin/ceph: stderr
2023-07-21T18:33:33.776+0000 7f7b803ac700 1 -- 172.21.15.39:0/2996195889 shutdown_connections
2023-07-21T18:33:34.663 INFO:teuthology.orchestra.run.smithi039.stdout:/usr/bin/ceph: stderr
2023-07-21T18:33:33.776+0000 7f7b803ac700 1 --2- 172.21.15.39:0/2996195889 >> [v2:172.21.15.39:3300/0,v1:172.21.15.39:6789/0] conn(0x7f7b78106010 0x7f7b781083f0 unknown :-1 s=CLOSED pgs=26 cs=0 l=1 rev1=1 crypto rx=0 tx=0 comp rx=0 tx=0).stop
2023-07-21T18:33:34.663 INFO:teuthology.orchestra.run.smithi039.stdout:/usr/bin/ceph: stderr
2023-07-21T18:33:33.776+0000 7f7b803ac700 1 -- 172.21.15.39:0/2996195889 >> 172.21.15.39:0/2996195889 conn(0x7f7b780ffa50 msgr2=0x7f7b78101e80 unknown :-1 s=STATE_NONE l=0).mark_down
2023-07-21T18:33:34.663 INFO:teuthology.orchestra.run.smithi039.stdout:/usr/bin/ceph: stderr
2023-07-21T18:33:33.776+0000 7f7b803ac700 1 -- 172.21.15.39:0/2996195889 shutdown_connections
2023-07-21T18:33:34.663 INFO:teuthology.orchestra.run.smithi039.stdout:/usr/bin/ceph: stderr
2023-07-21T18:33:33.776+0000 7f7b803ac700 1 -- 172.21.15.39:0/2996195889 wait complete.
2023-07-21T18:33:34.664 INFO:teuthology.orchestra.run.smithi039.stdout:/usr/bin/ceph: stderr
2023-07-21T18:33:33.777+0000 7f7b803ac700 1 Processor -- start
2023-07-21T18:33:34.664 INFO:teuthology.orchestra.run.smithi039.stdout:/usr/bin/ceph: stderr
2023-07-21T18:33:33.777+0000 7f7b803ac700 1 -- start start
2023-07-21T18:33:34.664 INFO:teuthology.orchestra.run.smithi039.stdout:/usr/bin/ceph: stderr
