2023-07-21T18:34:08.369 INFO:teuthology.orchestra.run.smithi039.stdout:/usr/bin/ceph: stderr
2023-07-21T18:34:07.046+0000 7ff315ffb700 1 -- 172.21.15.39:0/614615285 >> [v2:172.21.15.39:6800/2893866425,v1:172.21.15.39:6801/2893866425] conn(0x7ff308038760 msgr2=0x7ff30803ac10 unknown :-1 s=STATE_CONNECTING l=1).mark_down
2023-07-21T18:34:08.369 INFO:teuthology.orchestra.run.smithi039.stdout:/usr/bin/ceph: stderr
2023-07-21T18:34:07.046+0000 7ff315ffb700 1 --2- 172.21.15.39:0/614615285 >> [v2:172.21.15.39:6800/2893866425,v1:172.21.15.39:6801/2893866425] conn(0x7ff308038760 0x7ff30803ac10 unknown :-1 s=START_CONNECT pgs=0 cs=0 l=1 rev1=0 crypto rx=0 tx=0 comp rx=0 tx=0).stop
2023-07-21T18:34:08.369 INFO:teuthology.orchestra.run.smithi039.stdout:/usr/bin/ceph: stderr
2023-07-21T18:34:08.043+0000 7ff315ffb700 1 -- 172.21.15.39:0/614615285 <== mon.0 v2:172.21.15.39:3300/0 7 ==== mgrmap(e 11) v1 ==== 45390+0+0 (secure 0 0 0) 0x7ff30c04e160 con 0x7ff318103e30
2023-07-21T18:34:08.370 INFO:teuthology.orchestra.run.smithi039.stdout:/usr/bin/ceph: stderr
2023-07-21T18:34:08.043+0000 7ff315ffb700 1 --2- 172.21.15.39:0/614615285 >> [v2:172.21.15.39:6800/2116291712,v1:172.21.15.39:6801/2116291712] conn(0x7ff30803bff0 0x7ff30803e3d0 unknown :-1 s=NONE pgs=0 cs=0 l=1 rev1=0 crypto rx=0 tx=0 comp rx=0 tx=0).connect
2023-07-21T18:34:08.370 INFO:teuthology.orchestra.run.smithi039.stdout:/usr/bin/ceph: stderr
2023-07-21T18:34:08.043+0000 7ff315ffb700 1 -- 172.21.15.39:0/614615285 --> [v2:172.21.15.39:6800/2116291712,v1:172.21.15.39:6801/2116291712] -- command(tid 0: {"prefix": "get_command_descriptions"}) v1 -- 0x7ff30803b320 con 0x7ff30803bff0
2023-07-21T18:34:08.370 INFO:teuthology.orchestra.run.smithi039.stdout:/usr/bin/ceph: stderr
2023-07-21T18:34:08.044+0000 7ff317fff700 1 --2- 172.21.15.39:0/614615285 >> [v2:172.21.15.39:6800/2116291712,v1:172.21.15.39:6801/2116291712] conn(0x7ff30803bff0 0x7ff30803e3d0 unknown :-1 s=BANNER_CONNECTING pgs=0 cs=0 l=1 rev1=0 crypto rx=0 tx=0 comp rx=0 tx=0)._handle_peer_banner_payload supported=3 required=0
2023-07-21T18:34:08.370 INFO:teuthology.orchestra.run.smithi039.stdout:/usr/bin/ceph: stderr
2023-07-21T18:34:08.044+0000 7ff317fff700 1 --2- 172.21.15.39:0/614615285 >> [v2:172.21.15.39:6800/2116291712,v1:172.21.15.39:6801/2116291712] conn(0x7ff30803bff0 0x7ff30803e3d0 secure :-1 s=READY pgs=4 cs=0 l=1 rev1=1 crypto rx=0x7ff304003a10 tx=0x7ff304009270 comp rx=0 tx=0).ready entity=mgr.14152 client_cookie=0 server_cookie=0 in_seq=0 out_seq=0
2023-07-21T18:34:08.370 INFO:teuthology.orchestra.run.smithi039.stdout:/usr/bin/ceph: stderr
2023-07-21T18:34:08.045+0000 7ff315ffb700 1 -- 172.21.15.39:0/614615285 <== mgr.14152 v2:172.21.15.39:6800/2116291712 1 ==== command_reply(tid 0: 0 ) v1 ==== 8+0+6910 (secure 0 0 0) 0x7ff30803b320 con 0x7ff30803bff0
2023-07-21T18:34:08.370 INFO:teuthology.orchestra.run.smithi039.stdout:/usr/bin/ceph: stderr
2023-07-21T18:34:08.055+0000 7ff31f205700 1 -- 172.21.15.39:0/614615285 --> [v2:172.21.15.39:6800/2116291712,v1:172.21.15.39:6801/2116291712] -- command(tid 1: {"prefix": "mgr_status"}) v1 -- 0x7ff31819c770 con 0x7ff30803bff0
2023-07-21T18:34:08.370 INFO:teuthology.orchestra.run.smithi039.stdout:/usr/bin/ceph: stderr
2023-07-21T18:34:08.056+0000 7ff315ffb700 1 -- 172.21.15.39:0/614615285 <== mgr.14152 v2:172.21.15.39:6800/2116291712 2 ==== command_reply(tid 1: 0 ) v1 ==== 8+0+52 (secure 0 0 0) 0x7ff31819c770 con 0x7ff30803bff0
2023-07-21T18:34:08.371 INFO:teuthology.orchestra.run.smithi039.stdout:/usr/bin/ceph: stderr
2023-07-21T18:34:08.056+0000 7ff31f205700 1 -- 172.21.15.39:0/614615285 >> [v2:172.21.15.39:6800/2116291712,v1:172.21.15.39:6801/2116291712] conn(0x7ff30803bff0 msgr2=0x7ff30803e3d0 secure :-1 s=STATE_CONNECTION_ESTABLISHED l=1).mark_down
2023-07-21T18:34:08.371 INFO:teuthology.orchestra.run.smithi039.stdout:/usr/bin/ceph: stderr
2023-07-21T18:34:08.056+0000 7ff31f205700 1 --2- 172.21.15.39:0/614615285 >> [v2:172.21.15.39:6800/2116291712,v1:172.21.15.39:6801/2116291712] conn(0x7ff30803bff0 0x7ff30803e3d0 secure :-1 s=READY pgs=4 cs=0 l=1 rev1=1 crypto rx=0x7ff304003a10 tx=0x7ff304009270 comp rx=0 tx=0).stop
2023-07-21T18:34:08.371 INFO:teuthology.orchestra.run.smithi039.stdout:/usr/bin/ceph: stderr
2023-07-21T18:34:08.056+0000 7ff31f205700 1 -- 172.21.15.39:0/614615285 >> [v2:172.21.15.39:3300/0,v1:172.21.15.39:6789/0] conn(0x7ff318103e30 msgr2=0x7ff31819b430 secure :-1 s=STATE_CONNECTION_ESTABLISHED l=1).mark_down
2023-07-21T18:34:08.371 INFO:teuthology.orchestra.run.smithi039.stdout:/usr/bin/ceph: stderr
2023-07-21T18:34:08.056+0000 7ff31f205700 1 --2- 172.21.15.39:0/614615285 >> [v2:172.21.15.39:3300/0,v1:172.21.15.39:6789/0] conn(0x7ff318103e30 0x7ff31819b430 secure :-1 s=READY pgs=62 cs=0 l=1 rev1=1 crypto rx=0x7ff30c006af0 tx=0x7ff30c011a10 comp rx=0 tx=0).stop
2023-07-21T18:34:08.371 INFO:teuthology.orchestra.run.smithi039.stdout:/usr/bin/ceph: stderr
2023-07-21T18:34:08.056+0000 7ff31f205700 1 -- 172.21.15.39:0/614615285 shutdown_connections
2023-07-21T18:34:08.371 INFO:teuthology.orchestra.run.smithi039.stdout:/usr/bin/ceph: stderr
2023-07-21T18:34:08.056+0000 7ff31f205700 1 --2- 172.21.15.39:0/614615285 >> [v2:172.21.15.39:6800/2116291712,v1:172.21.15.39:6801/2116291712] conn(0x7ff30803bff0 0x7ff30803e3d0 unknown :-1 s=CLOSED pgs=4 cs=0 l=1 rev1=1 crypto rx=0 tx=0 comp rx=0 tx=0).stop
2023-07-21T18:34:08.371 INFO:teuthology.orchestra.run.smithi039.stdout:/usr/bin/ceph: stderr
2023-07-21T18:34:08.056+0000 7ff31f205700 1 --2- 172.21.15.39:0/614615285 >> [v2:172.21.15.39:3300/0,v1:172.21.15.39:6789/0] conn(0x7ff318103e30 0x7ff31819b430 unknown :-1 s=CLOSED pgs=62 cs=0 l=1 rev1=1 crypto rx=0 tx=0 comp rx=0 tx=0).stop
2023-07-21T18:34:08.371 INFO:teuthology.orchestra.run.smithi039.stdout:/usr/bin/ceph: stderr
2023-07-21T18:34:08.056+0000 7ff31f205700 1 --2- 172.21.15.39:0/614615285 >> [v2:172.21.15.39:6800/2893866425,v1:172.21.15.39:6801/2893866425] conn(0x7ff308038760 0x7ff30803ac10 unknown :-1 s=CLOSED pgs=0 cs=0 l=1 rev1=0 crypto rx=0 tx=0 comp rx=0 tx=0).stop
2023-07-21T18:34:08.372 INFO:teuthology.orchestra.run.smithi039.stdout:/usr/bin/ceph: stderr
2023-07-21T18:34:08.056+0000 7ff31f205700 1 -- 172.21.15.39:0/614615285 >> 172.21.15.39:0/614615285 conn(0x7ff3180ffa40 msgr2=0x7ff31818f9f0 unknown :-1 s=STATE_NONE l=0).mark_down
2023-07-21T18:34:08.372 INFO:teuthology.orchestra.run.smithi039.stdout:/usr/bin/ceph: stderr
2023-07-21T18:34:08.056+0000 7ff31f205700 1 -- 172.21.15.39:0/614615285 shutdown_connections
2023-07-21T18:34:08.372 INFO:teuthology.orchestra.run.smithi039.stdout:/usr/bin/ceph: stderr
2023-07-21T18:34:08.056+0000 7ff31f205700 1 -- 172.21.15.39:0/614615285 wait complete.
2023-07-21T18:34:08.372 INFO:teuthology.orchestra.run.smithi039.stdout:mgr epoch 9 is available
2023-07-21T18:34:08.372 INFO:teuthology.orchestra.run.smithi039.stdout:Generating a dashboard self-signed certificate...
2023-07-21T18:34:08.373 INFO:journalctl@ceph.mon.a.smithi039.stdout:Jul 21 18:34:08 smithi039 ceph-mon[96489]: from='mgr.14152 172.21.15.39:0/4015368534' entity='mgr.x' cmd=[{"prefix": "config dump", "format": "json"}]: dispatch
2023-07-21T18:34:08.373 INFO:journalctl@ceph.mon.a.smithi039.stdout:Jul 21 18:34:08 smithi039 ceph-mon[96489]: from='mgr.14152 172.21.15.39:0/4015368534' entity='mgr.x' cmd=[{"prefix":"config rm","who":"mgr","name":"mgr/rbd_support/x/mirror_snapshot_schedule"}]: dispatch
2023-07-21T18:34:08.373 INFO:journalctl@ceph.mon.a.smithi039.stdout:Jul 21 18:34:08 smithi039 ceph-mon[96489]: from='mgr.14152 172.21.15.39:0/4015368534' entity='mgr.x' cmd=[{"prefix":"config rm","who":"mgr","name":"mgr/rbd_support/x/trash_purge_schedule"}]: dispatch
2023-07-21T18:34:08.373 INFO:journalctl@ceph.mon.a.smithi039.stdout:Jul 21 18:34:08 smithi039 ceph-mon[96489]: [21/Jul/2023:18:34:07] ENGINE Bus STARTING
2023-07-21T18:34:08.374 INFO:journalctl@ceph.mon.a.smithi039.stdout:Jul 21 18:34:08 smithi039 ceph-mon[96489]: [21/Jul/2023:18:34:07] ENGINE Serving on http://172.21.15.39:8765
2023-07-21T18:34:08.374 INFO:journalctl@ceph.mon.a.smithi039.stdout:Jul 21 18:34:08 smithi039 ceph-mon[96489]: from='client.14156 -' entity='client.admin' cmd=[{"prefix": "get_command_descriptions"}]: dispatch
2023-07-21T18:34:08.374 INFO:journalctl@ceph.mon.a.smithi039.stdout:Jul 21 18:34:08 smithi039 ceph-mon[96489]: mgrmap e11: x(active, since 1.00617s)
2023-07-21T18:34:08.374 INFO:journalctl@ceph.mon.a.smithi039.stdout:Jul 21 18:34:08 smithi039 ceph-mon[96489]: from='client.14156 -' entity='client.admin' cmd=[{"prefix": "mgr_status"}]: dispatch
2023-07-21T18:34:08.374 INFO:journalctl@ceph.mon.a.smithi039.stdout:Jul 21 18:34:08 smithi039 ceph-mon[96489]: [21/Jul/2023:18:34:08] ENGINE Serving on https://172.21.15.39:7150
2023-07-21T18:34:08.374 INFO:journalctl@ceph.mon.a.smithi039.stdout:Jul 21 18:34:08 smithi039 ceph-mon[96489]: [21/Jul/2023:18:34:08] ENGINE Bus STARTED
2023-07-21T18:34:09.908 INFO:teuthology.orchestra.run.smithi039.stdout:/usr/bin/ceph: stdout Self-signed certificate created
2023-07-21T18:34:09.909 INFO:teuthology.orchestra.run.smithi039.stdout:/usr/bin/ceph: stderr
2023-07-21T18:34:08.936+0000 7fa15ff09700 1 Processor -- start
2023-07-21T18:34:09.909 INFO:teuthology.orchestra.run.smithi039.stdout:/usr/bin/ceph: stderr
2023-07-21T18:34:08.936+0000 7fa15ff09700 1 -- start start
2023-07-21T18:34:09.909 INFO:teuthology.orchestra.run.smithi039.stdout:/usr/bin/ceph: stderr
2023-07-21T18:34:08.937+0000 7fa15ff09700 1 --2- >> [v2:172.21.15.39:3300/0,v1:172.21.15.39:6789/0] conn(0x7fa158073ba0 0x7fa15810a410 unknown :-1 s=NONE pgs=0 cs=0 l=0 rev1=0 crypto rx=0 tx=0 comp rx=0 tx=0).connect
2023-07-21T18:34:09.909 INFO:teuthology.orchestra.run.smithi039.stdout:/usr/bin/ceph: stderr
2023-07-21T18:34:08.937+0000 7fa15ff09700 1 -- --> [v2:172.21.15.39:3300/0,v1:172.21.15.39:6789/0] -- mon_getmap magic: 0 v1 -- 0x7fa158105e00 con 0x7fa158073ba0
2023-07-21T18:34:09.909 INFO:teuthology.orchestra.run.smithi039.stdout:/usr/bin/ceph: stderr
2023-07-21T18:34:08.937+0000 7fa15dca5700 1 --2- >> [v2:172.21.15.39:3300/0,v1:172.21.15.39:6789/0] conn(0x7fa158073ba0 0x7fa15810a410 unknown :-1 s=BANNER_CONNECTING pgs=0 cs=0 l=0 rev1=0 crypto rx=0 tx=0 comp rx=0 tx=0)._handle_peer_banner_payload supported=3 required=0
2023-07-21T18:34:09.909 INFO:teuthology.orchestra.run.smithi039.stdout:/usr/bin/ceph: stderr
2023-07-21T18:34:08.937+0000 7fa15dca5700 1 --2- >> [v2:172.21.15.39:3300/0,v1:172.21.15.39:6789/0] conn(0x7fa158073ba0 0x7fa15810a410 unknown :-1 s=HELLO_CONNECTING pgs=0 cs=0 l=0 rev1=1 crypto rx=0 tx=0 comp rx=0 tx=0).handle_hello peer v2:172.21.15.39:3300/0 says I am v2:172.21.15.39:53990/0 (socket says 172.21.15.39:53990)
2023-07-21T18:34:09.910 INFO:teuthology.orchestra.run.smithi039.stdout:/usr/bin/ceph: stderr
2023-07-21T18:34:08.937+0000 7fa15dca5700 1 -- 172.21.15.39:0/2560096018 learned_addr learned my addr 172.21.15.39:0/2560096018 (peer_addr_for_me v2:172.21.15.39:0/0)
2023-07-21T18:34:09.910 INFO:teuthology.orchestra.run.smithi039.stdout:/usr/bin/ceph: stderr
2023-07-21T18:34:08.937+0000 7fa15dca5700 1 -- 172.21.15.39:0/2560096018 --> [v2:172.21.15.39:3300/0,v1:172.21.15.39:6789/0] -- mon_subscribe({config=0+,monmap=0+}) v3 -- 0x7fa15810a950 con 0x7fa158073ba0
2023-07-21T18:34:09.910 INFO:teuthology.orchestra.run.smithi039.stdout:/usr/bin/ceph: stderr
2023-07-21T18:34:08.937+0000 7fa15dca5700 1 --2- 172.21.15.39:0/2560096018 >> [v2:172.21.15.39:3300/0,v1:172.21.15.39:6789/0] conn(0x7fa158073ba0 0x7fa15810a410 secure :-1 s=READY pgs=70 cs=0 l=1 rev1=1 crypto rx=0x7fa1480098a0 tx=0x7fa148009bb0 comp rx=0 tx=0).ready entity=mon.0 client_cookie=34624c6ff1882168 server_cookie=0 in_seq=0 out_seq=0
2023-07-21T18:34:09.910 INFO:teuthology.orchestra.run.smithi039.stdout:/usr/bin/ceph: stderr
2023-07-21T18:34:08.937+0000 7fa15cca3700 1 -- 172.21.15.39:0/2560096018 <== mon.0 v2:172.21.15.39:3300/0 1 ==== mon_map magic: 0 v1 ==== 205+0+0 (secure 0 0 0) 0x7fa148004160 con 0x7fa158073ba0
2023-07-21T18:34:09.910 INFO:teuthology.orchestra.run.smithi039.stdout:/usr/bin/ceph: stderr
2023-07-21T18:34:08.937+0000 7fa15cca3700 1 -- 172.21.15.39:0/2560096018 <== mon.0 v2:172.21.15.39:3300/0 2 ==== config(26 keys) v1 ==== 1105+0+0 (secure 0 0 0) 0x7fa1480042c0 con 0x7fa158073ba0
2023-07-21T18:34:09.910 INFO:teuthology.orchestra.run.smithi039.stdout:/usr/bin/ceph: stderr
2023-07-21T18:34:08.937+0000 7fa15cca3700 1 -- 172.21.15.39:0/2560096018 <== mon.0 v2:172.21.15.39:3300/0 3 ==== mon_map magic: 0 v1 ==== 205+0+0 (secure 0 0 0) 0x7fa1480119b0 con 0x7fa158073ba0
2023-07-21T18:34:09.910 INFO:teuthology.orchestra.run.smithi039.stdout:/usr/bin/ceph: stderr
2023-07-21T18:34:08.938+0000 7fa15ff09700 1 -- 172.21.15.39:0/2560096018 >> [v2:172.21.15.39:3300/0,v1:172.21.15.39:6789/0] conn(0x7fa158073ba0 msgr2=0x7fa15810a410 secure :-1 s=STATE_CONNECTION_ESTABLISHED l=1).mark_down
2023-07-21T18:34:09.910 INFO:teuthology.orchestra.run.smithi039.stdout:/usr/bin/ceph: stderr
2023-07-21T18:34:08.938+0000 7fa15ff09700 1 --2- 172.21.15.39:0/2560096018 >> [v2:172.21.15.39:3300/0,v1:172.21.15.39:6789/0] conn(0x7fa158073ba0 0x7fa15810a410 secure :-1 s=READY pgs=70 cs=0 l=1 rev1=1 crypto rx=0x7fa1480098a0 tx=0x7fa148009bb0 comp rx=0 tx=0).stop
2023-07-21T18:34:09.911 INFO:teuthology.orchestra.run.smithi039.stdout:/usr/bin/ceph: stderr
2023-07-21T18:34:08.938+0000 7fa15ff09700 1 -- 172.21.15.39:0/2560096018 shutdown_connections
2023-07-21T18:34:09.911 INFO:teuthology.orchestra.run.smithi039.stdout:/usr/bin/ceph: stderr
2023-07-21T18:34:08.938+0000 7fa15ff09700 1 --2- 172.21.15.39:0/2560096018 >> [v2:172.21.15.39:3300/0,v1:172.21.15.39:6789/0] conn(0x7fa158073ba0 0x7fa15810a410 unknown :-1 s=CLOSED pgs=70 cs=0 l=1 rev1=1 crypto rx=0 tx=0 comp rx=0 tx=0).stop
2023-07-21T18:34:09.911 INFO:teuthology.orchestra.run.smithi039.stdout:/usr/bin/ceph: stderr
2023-07-21T18:34:08.938+0000 7fa15ff09700 1 -- 172.21.15.39:0/2560096018 >> 172.21.15.39:0/2560096018 conn(0x7fa1580ff9e0 msgr2=0x7fa158101df0 unknown :-1 s=STATE_NONE l=0).mark_down
2023-07-21T18:34:09.911 INFO:teuthology.orchestra.run.smithi039.stdout:/usr/bin/ceph: stderr
2023-07-21T18:34:08.938+0000 7fa15ff09700 1 -- 172.21.15.39:0/2560096018 shutdown_connections
2023-07-21T18:34:09.911 INFO:teuthology.orchestra.run.smithi039.stdout:/usr/bin/ceph: stderr
2023-07-21T18:34:08.938+0000 7fa15ff09700 1 -- 172.21.15.39:0/2560096018 wait complete.
2023-07-21T18:34:09.911 INFO:teuthology.orchestra.run.smithi039.stdout:/usr/bin/ceph: stderr
2023-07-21T18:34:08.939+0000 7fa15ff09700 1 Processor -- start
2023-07-21T18:34:09.911 INFO:teuthology.orchestra.run.smithi039.stdout:/usr/bin/ceph: stderr
2023-07-21T18:34:08.939+0000 7fa15ff09700 1 -- start start
2023-07-21T18:34:09.911 INFO:teuthology.orchestra.run.smithi039.stdout:/usr/bin/ceph: stderr
2023-07-21T18:34:08.939+0000 7fa15ff09700 1 --2- >> [v2:172.21.15.39:3300/0,v1:172.21.15.39:6789/0] conn(0x7fa15819b380 0x7fa15819b790 unknown :-1 s=NONE pgs=0 cs=0 l=1 rev1=0 crypto rx=0 tx=0 comp rx=0 tx=0).connect
2023-07-21T18:34:09.912 INFO:teuthology.orchestra.run.smithi039.stdout:/usr/bin/ceph: stderr
2023-07-21T18:34:08.939+0000 7fa15ff09700 1 -- --> [v2:172.21.15.39:3300/0,v1:172.21.15.39:6789/0] -- mon_getmap magic: 0 v1 -- 0x7fa15819bcd0 con 0x7fa15819b380
2023-07-21T18:34:09.912 INFO:teuthology.orchestra.run.smithi039.stdout:/usr/bin/ceph: stderr
2023-07-21T18:34:08.939+0000 7fa15dca5700 1 --2- >> [v2:172.21.15.39:3300/0,v1:172.21.15.39:6789/0] conn(0x7fa15819b380 0x7fa15819b790 unknown :-1 s=BANNER_CONNECTING pgs=0 cs=0 l=1 rev1=0 crypto rx=0 tx=0 comp rx=0 tx=0)._handle_peer_banner_payload supported=3 required=0
2023-07-21T18:34:09.912 INFO:teuthology.orchestra.run.smithi039.stdout:/usr/bin/ceph: stderr
2023-07-21T18:34:08.939+0000 7fa15dca5700 1 --2- >> [v2:172.21.15.39:3300/0,v1:172.21.15.39:6789/0] conn(0x7fa15819b380 0x7fa15819b790 unknown :-1 s=HELLO_CONNECTING pgs=0 cs=0 l=1 rev1=1 crypto rx=0 tx=0 comp rx=0 tx=0).handle_hello peer v2:172.21.15.39:3300/0 says I am v2:172.21.15.39:53992/0 (socket says 172.21.15.39:53992)
2023-07-21T18:34:09.912 INFO:teuthology.orchestra.run.smithi039.stdout:/usr/bin/ceph: stderr
2023-07-21T18:34:08.939+0000 7fa15dca5700 1 -- 172.21.15.39:0/2618755469 learned_addr learned my addr 172.21.15.39:0/2618755469 (peer_addr_for_me v2:172.21.15.39:0/0)
2023-07-21T18:34:09.912 INFO:teuthology.orchestra.run.smithi039.stdout:/usr/bin/ceph: stderr
2023-07-21T18:34:08.939+0000 7fa15dca5700 1 -- 172.21.15.39:0/2618755469 --> [v2:172.21.15.39:3300/0,v1:172.21.15.39:6789/0] -- mon_subscribe({config=0+,monmap=0+}) v3 -- 0x7fa148009550 con 0x7fa15819b380
2023-07-21T18:34:09.912 INFO:teuthology.orchestra.run.smithi039.stdout:/usr/bin/ceph: stderr
2023-07-21T18:34:08.940+0000 7fa15dca5700 1 --2- 172.21.15.39:0/2618755469 >> [v2:172.21.15.39:3300/0,v1:172.21.15.39:6789/0] conn(0x7fa15819b380 0x7fa15819b790 secure :-1 s=READY pgs=71 cs=0 l=1 rev1=1 crypto rx=0x7fa148006af0 tx=0x7fa148011a10 comp rx=0 tx=0).ready entity=mon.0 client_cookie=0 server_cookie=0 in_seq=0 out_seq=0
2023-07-21T18:34:09.912 INFO:teuthology.orchestra.run.smithi039.stdout:/usr/bin/ceph: stderr
2023-07-21T18:34:08.940+0000 7fa14effd700 1 -- 172.21.15.39:0/2618755469 <== mon.0 v2:172.21.15.39:3300/0 1 ==== mon_map magic: 0 v1 ==== 205+0+0 (secure 0 0 0) 0x7fa148003a40 con 0x7fa15819b380
2023-07-21T18:34:09.913 INFO:teuthology.orchestra.run.smithi039.stdout:/usr/bin/ceph: stderr
2023-07-21T18:34:08.940+0000 7fa14effd700 1 -- 172.21.15.39:0/2618755469 <== mon.0 v2:172.21.15.39:3300/0 2 ==== config(26 keys) v1 ==== 1105+0+0 (secure 0 0 0) 0x7fa148003ba0 con 0x7fa15819b380
2023-07-21T18:34:09.913 INFO:teuthology.orchestra.run.smithi039.stdout:/usr/bin/ceph: stderr
2023-07-21T18:34:08.940+0000 7fa15ff09700 1 -- 172.21.15.39:0/2618755469 --> [v2:172.21.15.39:3300/0,v1:172.21.15.39:6789/0] -- mon_subscribe({mgrmap=0+}) v3 -- 0x7fa15819bed0 con 0x7fa15819b380
2023-07-21T18:34:09.913 INFO:teuthology.orchestra.run.smithi039.stdout:/usr/bin/ceph: stderr
2023-07-21T18:34:08.940+0000 7fa14effd700 1 -- 172.21.15.39:0/2618755469 <== mon.0 v2:172.21.15.39:3300/0 3 ==== mon_map magic: 0 v1 ==== 205+0+0 (secure 0 0 0) 0x7fa148019690 con 0x7fa15819b380
2023-07-21T18:34:09.913 INFO:teuthology.orchestra.run.smithi039.stdout:/usr/bin/ceph: stderr
2023-07-21T18:34:08.940+0000 7fa15ff09700 1 -- 172.21.15.39:0/2618755469 --> [v2:172.21.15.39:3300/0,v1:172.21.15.39:6789/0] -- mon_subscribe({osdmap=0}) v3 -- 0x7fa15819eb30 con 0x7fa15819b380
2023-07-21T18:34:09.913 INFO:teuthology.orchestra.run.smithi039.stdout:/usr/bin/ceph: stderr
2023-07-21T18:34:08.941+0000 7fa14effd700 1 -- 172.21.15.39:0/2618755469 <== mon.0 v2:172.21.15.39:3300/0 4 ==== mgrmap(e 11) v1 ==== 45390+0+0 (secure 0 0 0) 0x7fa14801a430 con 0x7fa15819b380
2023-07-21T18:34:09.913 INFO:teuthology.orchestra.run.smithi039.stdout:/usr/bin/ceph: stderr
2023-07-21T18:34:08.941+0000 7fa14effd700 1 --2- 172.21.15.39:0/2618755469 >> [v2:172.21.15.39:6800/2116291712,v1:172.21.15.39:6801/2116291712] conn(0x7fa144038640 0x7fa14403aaf0 unknown :-1 s=NONE pgs=0 cs=0 l=1 rev1=0 crypto rx=0 tx=0 comp rx=0 tx=0).connect
2023-07-21T18:34:09.913 INFO:teuthology.orchestra.run.smithi039.stdout:/usr/bin/ceph: stderr
2023-07-21T18:34:08.941+0000 7fa15ff09700 1 -- 172.21.15.39:0/2618755469 --> [v2:172.21.15.39:3300/0,v1:172.21.15.39:6789/0] -- mon_command({"prefix": "get_command_descriptions"} v 0) v1 -- 0x7fa158073ba0 con 0x7fa15819b380
2023-07-21T18:34:09.914 INFO:teuthology.orchestra.run.smithi039.stdout:/usr/bin/ceph: stderr
2023-07-21T18:34:08.941+0000 7fa14effd700 1 -- 172.21.15.39:0/2618755469 <== mon.0 v2:172.21.15.39:3300/0 5 ==== osd_map(3..3 src has 1..3) v4 ==== 1155+0+0 (secure 0 0 0) 0x7fa14804c980 con 0x7fa15819b380
2023-07-21T18:34:09.914 INFO:teuthology.orchestra.run.smithi039.stdout:/usr/bin/ceph: stderr
2023-07-21T18:34:08.941+0000 7fa15d4a4700 1 --2- 172.21.15.39:0/2618755469 >> [v2:172.21.15.39:6800/2116291712,v1:172.21.15.39:6801/2116291712] conn(0x7fa144038640 0x7fa14403aaf0 unknown :-1 s=BANNER_CONNECTING pgs=0 cs=0 l=1 rev1=0 crypto rx=0 tx=0 comp rx=0 tx=0)._handle_peer_banner_payload supported=3 required=0
2023-07-21T18:34:09.914 INFO:teuthology.orchestra.run.smithi039.stdout:/usr/bin/ceph: stderr
2023-07-21T18:34:08.942+0000 7fa15d4a4700 1 --2- 172.21.15.39:0/2618755469 >> [v2:172.21.15.39:6800/2116291712,v1:172.21.15.39:6801/2116291712] conn(0x7fa144038640 0x7fa14403aaf0 secure :-1 s=READY pgs=7 cs=0 l=1 rev1=1 crypto rx=0x7fa154006fd0 tx=0x7fa154006e40 comp rx=0 tx=0).ready entity=mgr.14152 client_cookie=0 server_cookie=0 in_seq=0 out_seq=0
2023-07-21T18:34:09.914 INFO:teuthology.orchestra.run.smithi039.stdout:/usr/bin/ceph: stderr
2023-07-21T18:34:08.946+0000 7fa14effd700 1 -- 172.21.15.39:0/2618755469 <== mon.0 v2:172.21.15.39:3300/0 6 ==== mon_command_ack([{"prefix": "get_command_descriptions"}]=0 v0) v1 ==== 72+0+178038 (secure 0 0 0) 0x7fa14802d430 con 0x7fa15819b380
2023-07-21T18:34:09.914 INFO:teuthology.orchestra.run.smithi039.stdout:/usr/bin/ceph: stderr
2023-07-21T18:34:09.329+0000 7fa15ff09700 1 -- 172.21.15.39:0/2618755469 --> [v2:172.21.15.39:6800/2116291712,v1:172.21.15.39:6801/2116291712] -- mgr_command(tid 0: {"prefix": "dashboard create-self-signed-cert", "target": ["mon-mgr", ""]}) v1 -- 0x7fa158101c80 con 0x7fa144038640
2023-07-21T18:34:09.914 INFO:teuthology.orchestra.run.smithi039.stdout:/usr/bin/ceph: stderr
2023-07-21T18:34:09.522+0000 7fa14effd700 1 -- 172.21.15.39:0/2618755469 <== mgr.14152 v2:172.21.15.39:6800/2116291712 1 ==== mgr_command_reply(tid 0: 0 ) v1 ==== 8+0+32 (secure 0 0 0) 0x7fa158101c80 con 0x7fa144038640
2023-07-21T18:34:09.914 INFO:teuthology.orchestra.run.smithi039.stdout:/usr/bin/ceph: stderr
2023-07-21T18:34:09.524+0000 7fa15ff09700 1 -- 172.21.15.39:0/2618755469 >> [v2:172.21.15.39:6800/2116291712,v1:172.21.15.39:6801/2116291712] conn(0x7fa144038640 msgr2=0x7fa14403aaf0 secure :-1 s=STATE_CONNECTION_ESTABLISHED l=1).mark_down
2023-07-21T18:34:09.914 INFO:teuthology.orchestra.run.smithi039.stdout:/usr/bin/ceph: stderr
2023-07-21T18:34:09.524+0000 7fa15ff09700 1 --2- 172.21.15.39:0/2618755469 >> [v2:172.21.15.39:6800/2116291712,v1:172.21.15.39:6801/2116291712] conn(0x7fa144038640 0x7fa14403aaf0 secure :-1 s=READY pgs=7 cs=0 l=1 rev1=1 crypto rx=0x7fa154006fd0 tx=0x7fa154006e40 comp rx=0 tx=0).stop
2023-07-21T18:34:09.915 INFO:teuthology.orchestra.run.smithi039.stdout:/usr/bin/ceph: stderr
2023-07-21T18:34:09.524+0000 7fa15ff09700 1 -- 172.21.15.39:0/2618755469 >> [v2:172.21.15.39:3300/0,v1:172.21.15.39:6789/0] conn(0x7fa15819b380 msgr2=0x7fa15819b790 secure :-1 s=STATE_CONNECTION_ESTABLISHED l=1).mark_down
2023-07-21T18:34:09.915 INFO:teuthology.orchestra.run.smithi039.stdout:/usr/bin/ceph: stderr
2023-07-21T18:34:09.524+0000 7fa15ff09700 1 --2- 172.21.15.39:0/2618755469 >> [v2:172.21.15.39:3300/0,v1:172.21.15.39:6789/0] conn(0x7fa15819b380 0x7fa15819b790 secure :-1 s=READY pgs=71 cs=0 l=1 rev1=1 crypto rx=0x7fa148006af0 tx=0x7fa148011a10 comp rx=0 tx=0).stop
2023-07-21T18:34:09.915 INFO:teuthology.orchestra.run.smithi039.stdout:/usr/bin/ceph: stderr
2023-07-21T18:34:09.524+0000 7fa15ff09700 1 -- 172.21.15.39:0/2618755469 shutdown_connections
2023-07-21T18:34:09.915 INFO:teuthology.orchestra.run.smithi039.stdout:/usr/bin/ceph: stderr
2023-07-21T18:34:09.524+0000 7fa15ff09700 1 --2- 172.21.15.39:0/2618755469 >> [v2:172.21.15.39:6800/2116291712,v1:172.21.15.39:6801/2116291712] conn(0x7fa144038640 0x7fa14403aaf0 unknown :-1 s=CLOSED pgs=7 cs=0 l=1 rev1=1 crypto rx=0 tx=0 comp rx=0 tx=0).stop
2023-07-21T18:34:09.915 INFO:teuthology.orchestra.run.smithi039.stdout:/usr/bin/ceph: stderr
2023-07-21T18:34:09.524+0000 7fa15ff09700 1 --2- 172.21.15.39:0/2618755469 >> [v2:172.21.15.39:3300/0,v1:172.21.15.39:6789/0] conn(0x7fa15819b380 0x7fa15819b790 unknown :-1 s=CLOSED pgs=71 cs=0 l=1 rev1=1 crypto rx=0 tx=0 comp rx=0 tx=0).stop
2023-07-21T18:34:09.915 INFO:teuthology.orchestra.run.smithi039.stdout:/usr/bin/ceph: stderr
2023-07-21T18:34:09.524+0000 7fa15ff09700 1 -- 172.21.15.39:0/2618755469 >> 172.21.15.39:0/2618755469 conn(0x7fa1580ff9e0 msgr2=0x7fa158101020 unknown :-1 s=STATE_NONE l=0).mark_down
2023-07-21T18:34:09.915 INFO:teuthology.orchestra.run.smithi039.stdout:/usr/bin/ceph: stderr
2023-07-21T18:34:09.524+0000 7fa15ff09700 1 -- 172.21.15.39:0/2618755469 shutdown_connections
2023-07-21T18:34:09.916 INFO:teuthology.orchestra.run.smithi039.stdout:/usr/bin/ceph: stderr
2023-07-21T18:34:09.524+0000 7fa15ff09700 1 -- 172.21.15.39:0/2618755469 wait complete.
2023-07-21T18:34:09.916 INFO:teuthology.orchestra.run.smithi039.stdout:Creating initial admin user...
2023-07-21T18:34:10.152 INFO:journalctl@ceph.mon.a.smithi039.stdout:Jul 21 18:34:10 smithi039 ceph-mon[96489]: from='mgr.14152 172.21.15.39:0/4015368534' entity='mgr.x'
2023-07-21T18:34:10.153 INFO:journalctl@ceph.mon.a.smithi039.stdout:Jul 21 18:34:10 smithi039 ceph-mon[96489]: from='mgr.14152 172.21.15.39:0/4015368534' entity='mgr.x'
2023-07-21T18:34:10.153 INFO:journalctl@ceph.mon.a.smithi039.stdout:Jul 21 18:34:10 smithi039 ceph-mon[96489]: from='mgr.14152 172.21.15.39:0/4015368534' entity='mgr.x'
2023-07-21T18:34:10.153 INFO:journalctl@ceph.mon.a.smithi039.stdout:Jul 21 18:34:10 smithi039 ceph-mon[96489]: from='mgr.14152 172.21.15.39:0/4015368534' entity='mgr.x'
2023-07-21T18:34:11.369 INFO:journalctl@ceph.mon.a.smithi039.stdout:Jul 21 18:34:11 smithi039 ceph-mon[96489]: from='client.14164 -' entity='client.admin' cmd=[{"prefix": "dashboard create-self-signed-cert", "target": ["mon-mgr", ""]}]: dispatch
2023-07-21T18:34:11.370 INFO:journalctl@ceph.mon.a.smithi039.stdout:Jul 21 18:34:11 smithi039 ceph-mon[96489]: mgrmap e12: x(active, since 3s)
2023-07-21T18:34:11.370 INFO:journalctl@ceph.mon.a.smithi039.stdout:Jul 21 18:34:11 smithi039 ceph-mon[96489]: from='mgr.14152 172.21.15.39:0/4015368534' entity='mgr.x'
2023-07-21T18:34:11.555 INFO:teuthology.orchestra.run.smithi039.stdout:/usr/bin/ceph: stdout {"username": "admin", "password": "$2b$12$QM2sRta/5NKtgiHnOC6yo.LNpFsnmxJA.vqAXQyOfUmvrjUn8dVN2", "roles": ["administrator"], "name": null, "email": null, "lastUpdate": 1689964451, "enabled": true, "pwdExpirationDate": null, "pwdUpdateRequired": true}
2023-07-21T18:34:11.556 INFO:teuthology.orchestra.run.smithi039.stdout:/usr/bin/ceph: stderr
2023-07-21T18:34:10.372+0000 7f15321b7700 1 Processor -- start
2023-07-21T18:34:11.556 INFO:teuthology.orchestra.run.smithi039.stdout:/usr/bin/ceph: stderr
2023-07-21T18:34:10.372+0000 7f15321b7700 1 -- start start
2023-07-21T18:34:11.556 INFO:teuthology.orchestra.run.smithi039.stdout:/usr/bin/ceph: stderr
2023-07-21T18:34:10.372+0000 7f15321b7700 1 --2- >> [v2:172.21.15.39:3300/0,v1:172.21.15.39:6789/0] conn(0x7f152c073ba0 0x7f152c1080a0 unknown :-1 s=NONE pgs=0 cs=0 l=0 rev1=0 crypto rx=0 tx=0 comp rx=0 tx=0).connect
2023-07-21T18:34:11.556 INFO:teuthology.orchestra.run.smithi039.stdout:/usr/bin/ceph: stderr
2023-07-21T18:34:10.372+0000 7f15321b7700 1 -- --> [v2:172.21.15.39:3300/0,v1:172.21.15.39:6789/0] -- mon_getmap magic: 0 v1 -- 0x7f152c1085e0 con 0x7f152c073ba0
2023-07-21T18:34:11.556 INFO:teuthology.orchestra.run.smithi039.stdout:/usr/bin/ceph: stderr
2023-07-21T18:34:10.372+0000 7f152b7fe700 1 --2- >> [v2:172.21.15.39:3300/0,v1:172.21.15.39:6789/0] conn(0x7f152c073ba0 0x7f152c1080a0 unknown :-1 s=BANNER_CONNECTING pgs=0 cs=0 l=0 rev1=0 crypto rx=0 tx=0 comp rx=0 tx=0)._handle_peer_banner_payload supported=3 required=0
2023-07-21T18:34:11.556 INFO:teuthology.orchestra.run.smithi039.stdout:/usr/bin/ceph: stderr
2023-07-21T18:34:10.372+0000 7f152b7fe700 1 --2- >> [v2:172.21.15.39:3300/0,v1:172.21.15.39:6789/0] conn(0x7f152c073ba0 0x7f152c1080a0 unknown :-1 s=HELLO_CONNECTING pgs=0 cs=0 l=0 rev1=1 crypto rx=0 tx=0 comp rx=0 tx=0).handle_hello peer v2:172.21.15.39:3300/0 says I am v2:172.21.15.39:53996/0 (socket says 172.21.15.39:53996)
2023-07-21T18:34:11.557 INFO:teuthology.orchestra.run.smithi039.stdout:/usr/bin/ceph: stderr
2023-07-21T18:34:10.372+0000 7f152b7fe700 1 -- 172.21.15.39:0/153192191 learned_addr learned my addr 172.21.15.39:0/153192191 (peer_addr_for_me v2:172.21.15.39:0/0)
2023-07-21T18:34:11.557 INFO:teuthology.orchestra.run.smithi039.stdout:/usr/bin/ceph: stderr
2023-07-21T18:34:10.373+0000 7f152b7fe700 1 -- 172.21.15.39:0/153192191 --> [v2:172.21.15.39:3300/0,v1:172.21.15.39:6789/0] -- mon_subscribe({config=0+,monmap=0+}) v3 -- 0x7f152c108720 con 0x7f152c073ba0
2023-07-21T18:34:11.557 INFO:teuthology.orchestra.run.smithi039.stdout:/usr/bin/ceph: stderr
2023-07-21T18:34:10.373+0000 7f152b7fe700 1 --2- 172.21.15.39:0/153192191 >> [v2:172.21.15.39:3300/0,v1:172.21.15.39:6789/0] conn(0x7f152c073ba0 0x7f152c1080a0 secure :-1 s=READY pgs=72 cs=0 l=1 rev1=1 crypto rx=0x7f151c0098a0 tx=0x7f151c009bb0 comp rx=0 tx=0).ready entity=mon.0 client_cookie=5a3f97b521051e23 server_cookie=0 in_seq=0 out_seq=0
2023-07-21T18:34:11.557 INFO:teuthology.orchestra.run.smithi039.stdout:/usr/bin/ceph: stderr
2023-07-21T18:34:10.373+0000 7f152a7fc700 1 -- 172.21.15.39:0/153192191 <== mon.0 v2:172.21.15.39:3300/0 1 ==== mon_map magic: 0 v1 ==== 205+0+0 (secure 0 0 0) 0x7f151c004160 con 0x7f152c073ba0
2023-07-21T18:34:11.557 INFO:teuthology.orchestra.run.smithi039.stdout:/usr/bin/ceph: stderr
2023-07-21T18:34:10.373+0000 7f152a7fc700 1 -- 172.21.15.39:0/153192191 <== mon.0 v2:172.21.15.39:3300/0 2 ==== config(26 keys) v1 ==== 1105+0+0 (secure 0 0 0) 0x7f151c0042c0 con 0x7f152c073ba0
2023-07-21T18:34:11.557 INFO:teuthology.orchestra.run.smithi039.stdout:/usr/bin/ceph: stderr
2023-07-21T18:34:10.373+0000 7f152a7fc700 1 -- 172.21.15.39:0/153192191 <== mon.0 v2:172.21.15.39:3300/0 3 ==== mon_map magic: 0 v1 ==== 205+0+0 (secure 0 0 0) 0x7f151c0119b0 con 0x7f152c073ba0
2023-07-21T18:34:11.557 INFO:teuthology.orchestra.run.smithi039.stdout:/usr/bin/ceph: stderr
2023-07-21T18:34:10.373+0000 7f15321b7700 1 -- 172.21.15.39:0/153192191 >> [v2:172.21.15.39:3300/0,v1:172.21.15.39:6789/0] conn(0x7f152c073ba0 msgr2=0x7f152c1080a0 secure :-1 s=STATE_CONNECTION_ESTABLISHED l=1).mark_down
2023-07-21T18:34:11.558 INFO:teuthology.orchestra.run.smithi039.stdout:/usr/bin/ceph: stderr
2023-07-21T18:34:10.373+0000 7f15321b7700 1 --2- 172.21.15.39:0/153192191 >> [v2:172.21.15.39:3300/0,v1:172.21.15.39:6789/0] conn(0x7f152c073ba0 0x7f152c1080a0 secure :-1 s=READY pgs=72 cs=0 l=1 rev1=1 crypto rx=0x7f151c0098a0 tx=0x7f151c009bb0 comp rx=0 tx=0).stop
2023-07-21T18:34:11.558 INFO:teuthology.orchestra.run.smithi039.stdout:/usr/bin/ceph: stderr
2023-07-21T18:34:10.373+0000 7f15321b7700 1 -- 172.21.15.39:0/153192191 shutdown_connections
2023-07-21T18:34:11.558 INFO:teuthology.orchestra.run.smithi039.stdout:/usr/bin/ceph: stderr
2023-07-21T18:34:10.373+0000 7f15321b7700 1 --2- 172.21.15.39:0/153192191 >> [v2:172.21.15.39:3300/0,v1:172.21.15.39:6789/0] conn(0x7f152c073ba0 0x7f152c1080a0 unknown :-1 s=CLOSED pgs=72 cs=0 l=1 rev1=1 crypto rx=0 tx=0 comp rx=0 tx=0).stop
2023-07-21T18:34:11.558 INFO:teuthology.orchestra.run.smithi039.stdout:/usr/bin/ceph: stderr
2023-07-21T18:34:10.373+0000 7f15321b7700 1 -- 172.21.15.39:0/153192191 >> 172.21.15.39:0/153192191 conn(0x7f152c0ffa50 msgr2=0x7f152c101e80 unknown :-1 s=STATE_NONE l=0).mark_down
2023-07-21T18:34:11.558 INFO:teuthology.orchestra.run.smithi039.stdout:/usr/bin/ceph: stderr
2023-07-21T18:34:10.374+0000 7f15321b7700 1 -- 172.21.15.39:0/153192191 shutdown_connections
2023-07-21T18:34:11.558 INFO:teuthology.orchestra.run.smithi039.stdout:/usr/bin/ceph: stderr
2023-07-21T18:34:10.374+0000 7f15321b7700 1 -- 172.21.15.39:0/153192191 wait complete.
2023-07-21T18:34:11.558 INFO:teuthology.orchestra.run.smithi039.stdout:/usr/bin/ceph: stderr
2023-07-21T18:34:10.374+0000 7f15321b7700 1 Processor -- start
2023-07-21T18:34:11.559 INFO:teuthology.orchestra.run.smithi039.stdout:/usr/bin/ceph: stderr
2023-07-21T18:34:10.375+0000 7f15321b7700 1 -- start start
2023-07-21T18:34:11.559 INFO:teuthology.orchestra.run.smithi039.stdout:/usr/bin/ceph: stderr
2023-07-21T18:34:10.375+0000 7f15321b7700 1 --2- >> [v2:172.21.15.39:3300/0,v1:172.21.15.39:6789/0] conn(0x7f152c1059b0 0x7f152c104040 unknown :-1 s=NONE pgs=0 cs=0 l=1 rev1=0 crypto rx=0 tx=0 comp rx=0 tx=0).connect
2023-07-21T18:34:11.559 INFO:teuthology.orchestra.run.smithi039.stdout:/usr/bin/ceph: stderr
2023-07-21T18:34:10.375+0000 7f15321b7700 1 -- --> [v2:172.21.15.39:3300/0,v1:172.21.15.39:6789/0] -- mon_getmap magic: 0 v1 -- 0x7f152c105dc0 con 0x7f152c1059b0
2023-07-21T18:34:11.559 INFO:teuthology.orchestra.run.smithi039.stdout:/usr/bin/ceph: stderr
2023-07-21T18:34:10.375+0000 7f152b7fe700 1 --2- >> [v2:172.21.15.39:3300/0,v1:172.21.15.39:6789/0] conn(0x7f152c1059b0 0x7f152c104040 unknown :-1 s=BANNER_CONNECTING pgs=0 cs=0 l=1 rev1=0 crypto rx=0 tx=0 comp rx=0 tx=0)._handle_peer_banner_payload supported=3 required=0
2023-07-21T18:34:11.559 INFO:teuthology.orchestra.run.smithi039.stdout:/usr/bin/ceph: stderr
2023-07-21T18:34:10.375+0000 7f152b7fe700 1 --2- >> [v2:172.21.15.39:3300/0,v1:172.21.15.39:6789/0] conn(0x7f152c1059b0 0x7f152c104040 unknown :-1 s=HELLO_CONNECTING pgs=0 cs=0 l=1 rev1=1 crypto rx=0 tx=0 comp rx=0 tx=0).handle_hello peer v2:172.21.15.39:3300/0 says I am v2:172.21.15.39:53998/0 (socket says 172.21.15.39:53998)
2023-07-21T18:34:11.559 INFO:teuthology.orchestra.run.smithi039.stdout:/usr/bin/ceph: stderr
2023-07-21T18:34:10.375+0000 7f152b7fe700 1 -- 172.21.15.39:0/2849941507 learned_addr learned my addr 172.21.15.39:0/2849941507 (peer_addr_for_me v2:172.21.15.39:0/0)
2023-07-21T18:34:11.559 INFO:teuthology.orchestra.run.smithi039.stdout:/usr/bin/ceph: stderr
2023-07-21T18:34:10.375+0000 7f152b7fe700 1 -- 172.21.15.39:0/2849941507 --> [v2:172.21.15.39:3300/0,v1:172.21.15.39:6789/0] -- mon_subscribe({config=0+,monmap=0+}) v3 -- 0x7f151c009550 con 0x7f152c1059b0
2023-07-21T18:34:11.560 INFO:teuthology.orchestra.run.smithi039.stdout:/usr/bin/ceph: stderr
2023-07-21T18:34:10.375+0000 7f152b7fe700 1 --2- 172.21.15.39:0/2849941507 >> [v2:172.21.15.39:3300/0,v1:172.21.15.39:6789/0] conn(0x7f152c1059b0 0x7f152c104040 secure :-1 s=READY pgs=73 cs=0 l=1 rev1=1 crypto rx=0x7f151c003e60 tx=0x7f151c011a30 comp rx=0 tx=0).ready entity=mon.0 client_cookie=0 server_cookie=0 in_seq=0 out_seq=0
2023-07-21T18:34:11.560 INFO:teuthology.orchestra.run.smithi039.stdout:/usr/bin/ceph: stderr
2023-07-21T18:34:10.375+0000 7f1528ff9700 1 -- 172.21.15.39:0/2849941507 <== mon.0 v2:172.21.15.39:3300/0 1 ==== mon_map magic: 0 v1 ==== 205+0+0 (secure 0 0 0) 0x7f151c003a60 con 0x7f152c1059b0
2023-07-21T18:34:11.560 INFO:teuthology.orchestra.run.smithi039.stdout:/usr/bin/ceph: stderr
2023-07-21T18:34:10.376+0000 7f1528ff9700 1 -- 172.21.15.39:0/2849941507 <== mon.0 v2:172.21.15.39:3300/0 2 ==== config(26 keys) v1 ==== 1105+0+0 (secure 0 0 0) 0x7f151c003bc0 con 0x7f152c1059b0
2023-07-21T18:34:11.560 INFO:teuthology.orchestra.run.smithi039.stdout:/usr/bin/ceph: stderr
2023-07-21T18:34:10.376+0000 7f1528ff9700 1 -- 172.21.15.39:0/2849941507 <== mon.0 v2:172.21.15.39:3300/0 3 ==== mon_map magic: 0 v1 ==== 205+0+0 (secure 0 0 0) 0x7f151c0196c0 con 0x7f152c1059b0
2023-07-21T18:34:11.560 INFO:teuthology.orchestra.run.smithi039.stdout:/usr/bin/ceph: stderr
2023-07-21T18:34:10.376+0000 7f15321b7700 1 -- 172.21.15.39:0/2849941507 --> [v2:172.21.15.39:3300/0,v1:172.21.15.39:6789/0] -- mon_subscribe({mgrmap=0+}) v3 -- 0x7f152c104580 con 0x7f152c1059b0
2023-07-21T18:34:11.560 INFO:teuthology.orchestra.run.smithi039.stdout:/usr/bin/ceph: stderr
2023-07-21T18:34:10.376+0000 7f15321b7700 1 -- 172.21.15.39:0/2849941507 --> [v2:172.21.15.39:3300/0,v1:172.21.15.39:6789/0] -- mon_subscribe({osdmap=0}) v3 -- 0x7f152c1049a0 con 0x7f152c1059b0
2023-07-21T18:34:11.560 INFO:teuthology.orchestra.run.smithi039.stdout:/usr/bin/ceph: stderr
2023-07-21T18:34:10.376+0000 7f1528ff9700 1 -- 172.21.15.39:0/2849941507 <== mon.0 v2:172.21.15.39:3300/0 4 ==== mgrmap(e 12) v1 ==== 45496+0+0 (secure 0 0 0) 0x7f151c01ab60 con 0x7f152c1059b0
2023-07-21T18:34:11.561 INFO:teuthology.orchestra.run.smithi039.stdout:/usr/bin/ceph: stderr
2023-07-21T18:34:10.377+0000 7f1528ff9700 1 --2- 172.21.15.39:0/2849941507 >> [v2:172.21.15.39:6800/2116291712,v1:172.21.15.39:6801/2116291712] conn(0x7f1514038790 0x7f151403ac40 unknown :-1 s=NONE pgs=0 cs=0 l=1 rev1=0 crypto rx=0 tx=0 comp rx=0 tx=0).connect
2023-07-21T18:34:11.561 INFO:teuthology.orchestra.run.smithi039.stdout:/usr/bin/ceph: stderr
2023-07-21T18:34:10.377+0000 7f1528ff9700 1 -- 172.21.15.39:0/2849941507 <== mon.0 v2:172.21.15.39:3300/0 5 ==== osd_map(3..3 src has 1..3) v4 ==== 1155+0+0 (secure 0 0 0) 0x7f151c04ca20 con 0x7f152c1059b0
2023-07-21T18:34:11.561 INFO:teuthology.orchestra.run.smithi039.stdout:/usr/bin/ceph: stderr
2023-07-21T18:34:10.377+0000 7f152affd700 1 --2- 172.21.15.39:0/2849941507 >> [v2:172.21.15.39:6800/2116291712,v1:172.21.15.39:6801/2116291712] conn(0x7f1514038790 0x7f151403ac40 unknown :-1 s=BANNER_CONNECTING pgs=0 cs=0 l=1 rev1=0 crypto rx=0 tx=0 comp rx=0 tx=0)._handle_peer_banner_payload supported=3 required=0
2023-07-21T18:34:11.561 INFO:teuthology.orchestra.run.smithi039.stdout:/usr/bin/ceph: stderr
2023-07-21T18:34:10.377+0000 7f15321b7700 1 -- 172.21.15.39:0/2849941507 --> [v2:172.21.15.39:3300/0,v1:172.21.15.39:6789/0] -- mon_command({"prefix": "get_command_descriptions"} v 0) v1 -- 0x7f152c061b40 con 0x7f152c1059b0
2023-07-21T18:34:11.561 INFO:teuthology.orchestra.run.smithi039.stdout:/usr/bin/ceph: stderr
2023-07-21T18:34:10.377+0000 7f152affd700 1 --2- 172.21.15.39:0/2849941507 >> [v2:172.21.15.39:6800/2116291712,v1:172.21.15.39:6801/2116291712] conn(0x7f1514038790 0x7f151403ac40 secure :-1 s=READY pgs=8 cs=0 l=1 rev1=1 crypto rx=0x7f1520006fd0 tx=0x7f1520006e40 comp rx=0 tx=0).ready entity=mgr.14152 client_cookie=0 server_cookie=0 in_seq=0 out_seq=0
2023-07-21T18:34:11.561 INFO:teuthology.orchestra.run.smithi039.stdout:/usr/bin/ceph: stderr
2023-07-21T18:34:10.382+0000 7f1528ff9700 1 -- 172.21.15.39:0/2849941507 <== mon.0 v2:172.21.15.39:3300/0 6 ==== mon_command_ack([{"prefix": "get_command_descriptions"}]=0 v0) v1 ==== 72+0+178038 (secure 0 0 0) 0x7f151c01a430 con 0x7f152c1059b0
2023-07-21T18:34:11.561 INFO:teuthology.orchestra.run.smithi039.stdout:/usr/bin/ceph: stderr
2023-07-21T18:34:10.781+0000 7f15321b7700 1 -- 172.21.15.39:0/2849941507 --> [v2:172.21.15.39:6800/2116291712,v1:172.21.15.39:6801/2116291712] -- mgr_command(tid 0: {"prefix": "dashboard ac-user-create", "username": "admin", "rolename": "administrator", "force_password": true, "pwd_update_required": true, "target": ["mon-mgr", ""]}) v1 -- 0x7f152c061960 con 0x7f1514038790
2023-07-21T18:34:11.562 INFO:teuthology.orchestra.run.smithi039.stdout:/usr/bin/ceph: stderr
2023-07-21T18:34:11.034+0000 7f1528ff9700 1 -- 172.21.15.39:0/2849941507 <== mgr.14152 v2:172.21.15.39:6800/2116291712 1 ==== mgr_command_reply(tid 0: 0 ) v1 ==== 8+0+252 (secure 0 0 0) 0x7f152c061960 con 0x7f1514038790
2023-07-21T18:34:11.562 INFO:teuthology.orchestra.run.smithi039.stdout:/usr/bin/ceph: stderr
2023-07-21T18:34:11.037+0000 7f15321b7700 1 -- 172.21.15.39:0/2849941507 >> [v2:172.21.15.39:6800/2116291712,v1:172.21.15.39:6801/2116291712] conn(0x7f1514038790 msgr2=0x7f151403ac40 secure :-1 s=STATE_CONNECTION_ESTABLISHED l=1).mark_down
2023-07-21T18:34:11.562 INFO:teuthology.orchestra.run.smithi039.stdout:/usr/bin/ceph: stderr
2023-07-21T18:34:11.037+0000 7f15321b7700 1 --2- 172.21.15.39:0/2849941507 >> [v2:172.21.15.39:6800/2116291712,v1:172.21.15.39:6801/2116291712] conn(0x7f1514038790 0x7f151403ac40 secure :-1 s=READY pgs=8 cs=0 l=1 rev1=1 crypto rx=0x7f1520006fd0 tx=0x7f1520006e40 comp rx=0 tx=0).stop
2023-07-21T18:34:11.562 INFO:teuthology.orchestra.run.smithi039.stdout:/usr/bin/ceph: stderr
2023-07-21T18:34:11.037+0000 7f15321b7700 1 -- 172.21.15.39:0/2849941507 >> [v2:172.21.15.39:3300/0,v1:172.21.15.39:6789/0] conn(0x7f152c1059b0 msgr2=0x7f152c104040 secure :-1 s=STATE_CONNECTION_ESTABLISHED l=1).mark_down
2023-07-21T18:34:11.562 INFO:teuthology.orchestra.run.smithi039.stdout:/usr/bin/ceph: stderr
2023-07-21T18:34:11.037+0000 7f15321b7700 1 --2- 172.21.15.39:0/2849941507 >> [v2:172.21.15.39:3300/0,v1:172.21.15.39:6789/0] conn(0x7f152c1059b0 0x7f152c104040 secure :-1 s=READY pgs=73 cs=0 l=1 rev1=1 crypto rx=0x7f151c003e60 tx=0x7f151c011a30 comp rx=0 tx=0).stop
2023-07-21T18:34:11.562 INFO:teuthology.orchestra.run.smithi039.stdout:/usr/bin/ceph: stderr
2023-07-21T18:34:11.037+0000 7f15321b7700 1 -- 172.21.15.39:0/2849941507 shutdown_connections
2023-07-21T18:34:11.562 INFO:teuthology.orchestra.run.smithi039.stdout:/usr/bin/ceph: stderr
2023-07-21T18:34:11.037+0000 7f15321b7700 1 --2- 172.21.15.39:0/2849941507 >> [v2:172.21.15.39:6800/2116291712,v1:172.21.15.39:6801/2116291712] conn(0x7f1514038790 0x7f151403ac40 unknown :-1 s=CLOSED pgs=8 cs=0 l=1 rev1=1 crypto rx=0 tx=0 comp rx=0 tx=0).stop
2023-07-21T18:34:11.563 INFO:teuthology.orchestra.run.smithi039.stdout:/usr/bin/ceph: stderr
2023-07-21T18:34:11.037+0000 7f15321b7700 1 --2- 172.21.15.39:0/2849941507 >> [v2:172.21.15.39:3300/0,v1:172.21.15.39:6789/0] conn(0x7f152c1059b0 0x7f152c104040 unknown :-1 s=CLOSED pgs=73 cs=0 l=1 rev1=1 crypto rx=0 tx=0 comp rx=0 tx=0).stop
2023-07-21T18:34:11.563 INFO:teuthology.orchestra.run.smithi039.stdout:/usr/bin/ceph: stderr
2023-07-21T18:34:11.037+0000 7f15321b7700 1 -- 172.21.15.39:0/2849941507 >> 172.21.15.39:0/2849941507 conn(0x7f152c0ffa50 msgr2=0x7f152c101130 unknown :-1 s=STATE_NONE l=0).mark_down
2023-07-21T18:34:11.563 INFO:teuthology.orchestra.run.smithi039.stdout:/usr/bin/ceph: stderr
2023-07-21T18:34:11.037+0000 7f15321b7700 1 -- 172.21.15.39:0/2849941507 shutdown_connections
2023-07-21T18:34:11.563 INFO:teuthology.orchestra.run.smithi039.stdout:/usr/bin/ceph: stderr
2023-07-21T18:34:11.037+0000 7f15321b7700 1 -- 172.21.15.39:0/2849941507 wait complete.
2023-07-21T18:34:11.563 INFO:teuthology.orchestra.run.smithi039.stdout:Fetching dashboard port number...
2023-07-21T18:34:12.392 INFO:journalctl@ceph.mon.a.smithi039.stdout:Jul 21 18:34:12 smithi039 ceph-mon[96489]: from='client.14166 -' entity='client.admin' cmd=[{"prefix": "dashboard ac-user-create", "username": "admin", "rolename": "administrator", "force_password": true, "pwd_update_required": true, "target": ["mon-mgr", ""]}]: dispatch
2023-07-21T18:34:12.704 INFO:teuthology.orchestra.run.smithi039.stdout:/usr/bin/ceph: stdout 8443
2023-07-21T18:34:12.704 INFO:teuthology.orchestra.run.smithi039.stdout:/usr/bin/ceph: stderr
2023-07-21T18:34:11.960+0000 7f024bfc2700 1 Processor -- start
2023-07-21T18:34:12.704 INFO:teuthology.orchestra.run.smithi039.stdout:/usr/bin/ceph: stderr
2023-07-21T18:34:11.960+0000 7f024bfc2700 1 -- start start
2023-07-21T18:34:12.704 INFO:teuthology.orchestra.run.smithi039.stdout:/usr/bin/ceph: stderr
2023-07-21T18:34:11.961+0000 7f024bfc2700 1 --2- >> [v2:172.21.15.39:3300/0,v1:172.21.15.39:6789/0] conn(0x7f0244103b70 0x7f0244103f80 unknown :-1 s=NONE pgs=0 cs=0 l=0 rev1=0 crypto rx=0 tx=0 comp rx=0 tx=0).connect
2023-07-21T18:34:12.704 INFO:teuthology.orchestra.run.smithi039.stdout:/usr/bin/ceph: stderr
2023-07-21T18:34:11.961+0000 7f024bfc2700 1 -- --> [v2:172.21.15.39:3300/0,v1:172.21.15.39:6789/0] -- mon_getmap magic: 0 v1 -- 0x7f02441044c0 con 0x7f0244103b70
2023-07-21T18:34:12.705 INFO:teuthology.orchestra.run.smithi039.stdout:/usr/bin/ceph: stderr
2023-07-21T18:34:11.961+0000 7f0249d5e700 1 --2- >> [v2:172.21.15.39:3300/0,v1:172.21.15.39:6789/0] conn(0x7f0244103b70 0x7f0244103f80 unknown :-1 s=BANNER_CONNECTING pgs=0 cs=0 l=0 rev1=0 crypto rx=0 tx=0 comp rx=0 tx=0)._handle_peer_banner_payload supported=3 required=0
2023-07-21T18:34:12.705 INFO:teuthology.orchestra.run.smithi039.stdout:/usr/bin/ceph: stderr
2023-07-21T18:34:11.961+0000 7f0249d5e700 1 --2- >> [v2:172.21.15.39:3300/0,v1:172.21.15.39:6789/0] conn(0x7f0244103b70 0x7f0244103f80 unknown :-1 s=HELLO_CONNECTING pgs=0 cs=0 l=0 rev1=1 crypto rx=0 tx=0 comp rx=0 tx=0).handle_hello peer v2:172.21.15.39:3300/0 says I am v2:172.21.15.39:54002/0 (socket says 172.21.15.39:54002)
2023-07-21T18:34:12.705 INFO:teuthology.orchestra.run.smithi039.stdout:/usr/bin/ceph: stderr
2023-07-21T18:34:11.961+0000 7f0249d5e700 1 -- 172.21.15.39:0/2097877633 learned_addr learned my addr 172.21.15.39:0/2097877633 (peer_addr_for_me v2:172.21.15.39:0/0)
2023-07-21T18:34:12.705 INFO:teuthology.orchestra.run.smithi039.stdout:/usr/bin/ceph: stderr
2023-07-21T18:34:11.961+0000 7f0249d5e700 1 -- 172.21.15.39:0/2097877633 --> [v2:172.21.15.39:3300/0,v1:172.21.15.39:6789/0] -- mon_subscribe({config=0+,monmap=0+}) v3 -- 0x7f0244104600 con 0x7f0244103b70
2023-07-21T18:34:12.705 INFO:teuthology.orchestra.run.smithi039.stdout:/usr/bin/ceph: stderr
2023-07-21T18:34:11.961+0000 7f0249d5e700 1 --2- 172.21.15.39:0/2097877633 >> [v2:172.21.15.39:3300/0,v1:172.21.15.39:6789/0] conn(0x7f0244103b70 0x7f0244103f80 secure :-1 s=READY pgs=74 cs=0 l=1 rev1=1 crypto rx=0x7f02400098a0 tx=0x7f0240009bb0 comp rx=0 tx=0).ready entity=mon.0 client_cookie=9f7ce8c5053ac8bb server_cookie=0 in_seq=0 out_seq=0
2023-07-21T18:34:12.705 INFO:teuthology.orchestra.run.smithi039.stdout:/usr/bin/ceph: stderr
2023-07-21T18:34:11.961+0000 7f0248d5c700 1 -- 172.21.15.39:0/2097877633 <== mon.0 v2:172.21.15.39:3300/0 1 ==== mon_map magic: 0 v1 ==== 205+0+0 (secure 0 0 0) 0x7f0240004160 con 0x7f0244103b70
2023-07-21T18:34:12.705 INFO:teuthology.orchestra.run.smithi039.stdout:/usr/bin/ceph: stderr
2023-07-21T18:34:11.962+0000 7f0248d5c700 1 -- 172.21.15.39:0/2097877633 <== mon.0 v2:172.21.15.39:3300/0 2 ==== config(26 keys) v1 ==== 1105+0+0 (secure 0 0 0) 0x7f02400042c0 con 0x7f0244103b70
2023-07-21T18:34:12.706 INFO:teuthology.orchestra.run.smithi039.stdout:/usr/bin/ceph: stderr
2023-07-21T18:34:11.962+0000 7f0248d5c700 1 -- 172.21.15.39:0/2097877633 <== mon.0 v2:172.21.15.39:3300/0 3 ==== mon_map magic: 0 v1 ==== 205+0+0 (secure 0 0 0) 0x7f02400119b0 con 0x7f0244103b70
2023-07-21T18:34:12.706 INFO:teuthology.orchestra.run.smithi039.stdout:/usr/bin/ceph: stderr
2023-07-21T18:34:11.962+0000 7f024bfc2700 1 -- 172.21.15.39:0/2097877633 >> [v2:172.21.15.39:3300/0,v1:172.21.15.39:6789/0] conn(0x7f0244103b70 msgr2=0x7f0244103f80 secure :-1 s=STATE_CONNECTION_ESTABLISHED l=1).mark_down
2023-07-21T18:34:12.706 INFO:teuthology.orchestra.run.smithi039.stdout:/usr/bin/ceph: stderr
2023-07-21T18:34:11.962+0000 7f024bfc2700 1 --2- 172.21.15.39:0/2097877633 >> [v2:172.21.15.39:3300/0,v1:172.21.15.39:6789/0] conn(0x7f0244103b70 0x7f0244103f80 secure :-1 s=READY pgs=74 cs=0 l=1 rev1=1 crypto rx=0x7f02400098a0 tx=0x7f0240009bb0 comp rx=0 tx=0).stop
2023-07-21T18:34:12.706 INFO:teuthology.orchestra.run.smithi039.stdout:/usr/bin/ceph: stderr
2023-07-21T18:34:11.962+0000 7f024bfc2700 1 -- 172.21.15.39:0/2097877633 shutdown_connections
2023-07-21T18:34:12.706 INFO:teuthology.orchestra.run.smithi039.stdout:/usr/bin/ceph: stderr
2023-07-21T18:34:11.962+0000 7f024bfc2700 1 --2- 172.21.15.39:0/2097877633 >> [v2:172.21.15.39:3300/0,v1:172.21.15.39:6789/0] conn(0x7f0244103b70 0x7f0244103f80 unknown :-1 s=CLOSED pgs=74 cs=0 l=1 rev1=1 crypto rx=0 tx=0 comp rx=0 tx=0).stop
2023-07-21T18:34:12.706 INFO:teuthology.orchestra.run.smithi039.stdout:/usr/bin/ceph: stderr
2023-07-21T18:34:11.962+0000 7f024bfc2700 1 -- 172.21.15.39:0/2097877633 >> 172.21.15.39:0/2097877633 conn(0x7f02440ff1c0 msgr2=0x7f02441015f0 unknown :-1 s=STATE_NONE l=0).mark_down
2023-07-21T18:34:12.706 INFO:teuthology.orchestra.run.smithi039.stdout:/usr/bin/ceph: stderr
2023-07-21T18:34:11.962+0000 7f024bfc2700 1 -- 172.21.15.39:0/2097877633 shutdown_connections
2023-07-21T18:34:12.706 INFO:teuthology.orchestra.run.smithi039.stdout:/usr/bin/ceph: stderr
2023-07-21T18:34:11.962+0000 7f024bfc2700 1 -- 172.21.15.39:0/2097877633 wait complete.
2023-07-21T18:34:12.707 INFO:teuthology.orchestra.run.smithi039.stdout:/usr/bin/ceph: stderr
2023-07-21T18:34:11.963+0000 7f024bfc2700 1 Processor -- start
2023-07-21T18:34:12.707 INFO:teuthology.orchestra.run.smithi039.stdout:/usr/bin/ceph: stderr
2023-07-21T18:34:11.963+0000 7f024bfc2700 1 -- start start
2023-07-21T18:34:12.707 INFO:teuthology.orchestra.run.smithi039.stdout:/usr/bin/ceph: stderr
2023-07-21T18:34:11.963+0000 7f024bfc2700 1 --2- >> [v2:172.21.15.39:3300/0,v1:172.21.15.39:6789/0] conn(0x7f0244103b70 0x7f0244199290 unknown :-1 s=NONE pgs=0 cs=0 l=1 rev1=0 crypto rx=0 tx=0 comp rx=0 tx=0).connect
2023-07-21T18:34:12.707 INFO:teuthology.orchestra.run.smithi039.stdout:/usr/bin/ceph: stderr
2023-07-21T18:34:11.963+0000 7f024bfc2700 1 -- --> [v2:172.21.15.39:3300/0,v1:172.21.15.39:6789/0] -- mon_getmap magic: 0 v1 -- 0x7f02441997d0 con 0x7f0244103b70
2023-07-21T18:34:12.707 INFO:teuthology.orchestra.run.smithi039.stdout:/usr/bin/ceph: stderr
2023-07-21T18:34:11.963+0000 7f0249d5e700 1 --2- >> [v2:172.21.15.39:3300/0,v1:172.21.15.39:6789/0] conn(0x7f0244103b70 0x7f0244199290 unknown :-1 s=BANNER_CONNECTING pgs=0 cs=0 l=1 rev1=0 crypto rx=0 tx=0 comp rx=0 tx=0)._handle_peer_banner_payload supported=3 required=0
2023-07-21T18:34:12.707 INFO:teuthology.orchestra.run.smithi039.stdout:/usr/bin/ceph: stderr
2023-07-21T18:34:11.963+0000 7f0249d5e700 1 --2- >> [v2:172.21.15.39:3300/0,v1:172.21.15.39:6789/0] conn(0x7f0244103b70 0x7f0244199290 unknown :-1 s=HELLO_CONNECTING pgs=0 cs=0 l=1 rev1=1 crypto rx=0 tx=0 comp rx=0 tx=0).handle_hello peer v2:172.21.15.39:3300/0 says I am v2:172.21.15.39:54004/0 (socket says 172.21.15.39:54004)
2023-07-21T18:34:12.707 INFO:teuthology.orchestra.run.smithi039.stdout:/usr/bin/ceph: stderr
2023-07-21T18:34:11.963+0000 7f0249d5e700 1 -- 172.21.15.39:0/1067428496 learned_addr learned my addr 172.21.15.39:0/1067428496 (peer_addr_for_me v2:172.21.15.39:0/0)
2023-07-21T18:34:12.708 INFO:teuthology.orchestra.run.smithi039.stdout:/usr/bin/ceph: stderr
2023-07-21T18:34:11.963+0000 7f0249d5e700 1 -- 172.21.15.39:0/1067428496 --> [v2:172.21.15.39:3300/0,v1:172.21.15.39:6789/0] -- mon_subscribe({config=0+,monmap=0+}) v3 -- 0x7f0240009550 con 0x7f0244103b70
2023-07-21T18:34:12.708 INFO:teuthology.orchestra.run.smithi039.stdout:/usr/bin/ceph: stderr
