2023-07-21T22:07:29.839+0000 7f9d7aeff700 1 -- 172.21.15.86:0/3560290852 >> [v2:172.21.15.86:6800/1510950581,v1:172.21.15.86:6801/1510950581] conn(0x7f9d60038640 msgr2=0x7f9d6003aaf0 secure :-1 s=STATE_CONNECTION_ESTABLISHED l=1).mark_down
2023-07-21T22:07:30.270 INFO:teuthology.orchestra.run.smithi086.stdout:/usr/bin/ceph: stderr
2023-07-21T22:07:29.839+0000 7f9d7aeff700 1 --2- 172.21.15.86:0/3560290852 >> [v2:172.21.15.86:6800/1510950581,v1:172.21.15.86:6801/1510950581] conn(0x7f9d60038640 0x7f9d6003aaf0 secure :-1 s=READY pgs=7 cs=0 l=1 rev1=1 crypto rx=0x7f9d5c006fd0 tx=0x7f9d5c006e40 comp rx=0 tx=0).stop
2023-07-21T22:07:30.271 INFO:teuthology.orchestra.run.smithi086.stdout:/usr/bin/ceph: stderr
2023-07-21T22:07:29.839+0000 7f9d7aeff700 1 -- 172.21.15.86:0/3560290852 >> [v2:172.21.15.86:3300/0,v1:172.21.15.86:6789/0] conn(0x7f9d741042f0 msgr2=0x7f9d74198020 secure :-1 s=STATE_CONNECTION_ESTABLISHED l=1).mark_down
2023-07-21T22:07:30.271 INFO:teuthology.orchestra.run.smithi086.stdout:/usr/bin/ceph: stderr
2023-07-21T22:07:29.839+0000 7f9d7aeff700 1 --2- 172.21.15.86:0/3560290852 >> [v2:172.21.15.86:3300/0,v1:172.21.15.86:6789/0] conn(0x7f9d741042f0 0x7f9d74198020 secure :-1 s=READY pgs=69 cs=0 l=1 rev1=1 crypto rx=0x7f9d64003e60 tx=0x7f9d64011aa0 comp rx=0 tx=0).stop
2023-07-21T22:07:30.271 INFO:teuthology.orchestra.run.smithi086.stdout:/usr/bin/ceph: stderr
2023-07-21T22:07:29.839+0000 7f9d7aeff700 1 -- 172.21.15.86:0/3560290852 shutdown_connections
2023-07-21T22:07:30.271 INFO:teuthology.orchestra.run.smithi086.stdout:/usr/bin/ceph: stderr
2023-07-21T22:07:29.839+0000 7f9d7aeff700 1 --2- 172.21.15.86:0/3560290852 >> [v2:172.21.15.86:6800/1510950581,v1:172.21.15.86:6801/1510950581] conn(0x7f9d60038640 0x7f9d6003aaf0 unknown :-1 s=CLOSED pgs=7 cs=0 l=1 rev1=1 crypto rx=0 tx=0 comp rx=0 tx=0).stop
2023-07-21T22:07:30.271 INFO:teuthology.orchestra.run.smithi086.stdout:/usr/bin/ceph: stderr
2023-07-21T22:07:29.839+0000 7f9d7aeff700 1 --2- 172.21.15.86:0/3560290852 >> [v2:172.21.15.86:3300/0,v1:172.21.15.86:6789/0] conn(0x7f9d741042f0 0x7f9d74198020 unknown :-1 s=CLOSED pgs=69 cs=0 l=1 rev1=1 crypto rx=0 tx=0 comp rx=0 tx=0).stop
2023-07-21T22:07:30.271 INFO:teuthology.orchestra.run.smithi086.stdout:/usr/bin/ceph: stderr
2023-07-21T22:07:29.839+0000 7f9d7aeff700 1 -- 172.21.15.86:0/3560290852 >> 172.21.15.86:0/3560290852 conn(0x7f9d740ff860 msgr2=0x7f9d74100650 unknown :-1 s=STATE_NONE l=0).mark_down
2023-07-21T22:07:30.271 INFO:teuthology.orchestra.run.smithi086.stdout:/usr/bin/ceph: stderr
2023-07-21T22:07:29.839+0000 7f9d7aeff700 1 -- 172.21.15.86:0/3560290852 shutdown_connections
2023-07-21T22:07:30.272 INFO:teuthology.orchestra.run.smithi086.stdout:/usr/bin/ceph: stderr
2023-07-21T22:07:29.839+0000 7f9d7aeff700 1 -- 172.21.15.86:0/3560290852 wait complete.
2023-07-21T22:07:30.272 INFO:teuthology.orchestra.run.smithi086.stdout:Creating initial admin user...
2023-07-21T22:07:30.544 INFO:journalctl@ceph.mon.a.smithi086.stdout:Jul 21 22:07:30 smithi086 ceph-mon[96589]: from='client.14162 -' entity='client.admin' cmd=[{"prefix": "dashboard create-self-signed-cert", "target": ["mon-mgr", ""]}]: dispatch
2023-07-21T22:07:30.545 INFO:journalctl@ceph.mon.a.smithi086.stdout:Jul 21 22:07:30 smithi086 ceph-mon[96589]: from='mgr.14150 172.21.15.86:0/3701265603' entity='mgr.x'
2023-07-21T22:07:30.545 INFO:journalctl@ceph.mon.a.smithi086.stdout:Jul 21 22:07:30 smithi086 ceph-mon[96589]: from='mgr.14150 172.21.15.86:0/3701265603' entity='mgr.x'
2023-07-21T22:07:30.545 INFO:journalctl@ceph.mon.a.smithi086.stdout:Jul 21 22:07:30 smithi086 ceph-mon[96589]: mgrmap e12: x(active, since 2s)
2023-07-21T22:07:31.609 INFO:teuthology.orchestra.run.smithi086.stdout:/usr/bin/ceph: stdout {"username": "admin", "password": "$2b$12$FHY.GOWIEAqt/K/7hMsEaOSonFiJqYY/2ANQvJMHmg51fn0uJ4VQy", "roles": ["administrator"], "name": null, "email": null, "lastUpdate": 1689977251, "enabled": true, "pwdExpirationDate": null, "pwdUpdateRequired": true}
2023-07-21T22:07:31.609 INFO:teuthology.orchestra.run.smithi086.stdout:/usr/bin/ceph: stderr
2023-07-21T22:07:30.707+0000 7fb4497a7700 1 Processor -- start
2023-07-21T22:07:31.610 INFO:teuthology.orchestra.run.smithi086.stdout:/usr/bin/ceph: stderr
2023-07-21T22:07:30.707+0000 7fb4497a7700 1 -- start start
2023-07-21T22:07:31.610 INFO:teuthology.orchestra.run.smithi086.stdout:/usr/bin/ceph: stderr
2023-07-21T22:07:30.707+0000 7fb4497a7700 1 --2- >> [v2:172.21.15.86:3300/0,v1:172.21.15.86:6789/0] conn(0x7fb4441042f0 0x7fb444104700 unknown :-1 s=NONE pgs=0 cs=0 l=0 rev1=0 crypto rx=0 tx=0 comp rx=0 tx=0).connect
2023-07-21T22:07:31.610 INFO:teuthology.orchestra.run.smithi086.stdout:/usr/bin/ceph: stderr
2023-07-21T22:07:30.707+0000 7fb4497a7700 1 -- --> [v2:172.21.15.86:3300/0,v1:172.21.15.86:6789/0] -- mon_getmap magic: 0 v1 -- 0x7fb444104cd0 con 0x7fb4441042f0
2023-07-21T22:07:31.610 INFO:teuthology.orchestra.run.smithi086.stdout:/usr/bin/ceph: stderr
2023-07-21T22:07:30.708+0000 7fb442ffd700 1 --2- >> [v2:172.21.15.86:3300/0,v1:172.21.15.86:6789/0] conn(0x7fb4441042f0 0x7fb444104700 unknown :-1 s=BANNER_CONNECTING pgs=0 cs=0 l=0 rev1=0 crypto rx=0 tx=0 comp rx=0 tx=0)._handle_peer_banner_payload supported=3 required=0
2023-07-21T22:07:31.610 INFO:teuthology.orchestra.run.smithi086.stdout:/usr/bin/ceph: stderr
2023-07-21T22:07:30.708+0000 7fb442ffd700 1 --2- >> [v2:172.21.15.86:3300/0,v1:172.21.15.86:6789/0] conn(0x7fb4441042f0 0x7fb444104700 unknown :-1 s=HELLO_CONNECTING pgs=0 cs=0 l=0 rev1=1 crypto rx=0 tx=0 comp rx=0 tx=0).handle_hello peer v2:172.21.15.86:3300/0 says I am v2:172.21.15.86:53262/0 (socket says 172.21.15.86:53262)
2023-07-21T22:07:31.610 INFO:teuthology.orchestra.run.smithi086.stdout:/usr/bin/ceph: stderr
2023-07-21T22:07:30.708+0000 7fb442ffd700 1 -- 172.21.15.86:0/1363135352 learned_addr learned my addr 172.21.15.86:0/1363135352 (peer_addr_for_me v2:172.21.15.86:0/0)
2023-07-21T22:07:31.610 INFO:teuthology.orchestra.run.smithi086.stdout:/usr/bin/ceph: stderr
2023-07-21T22:07:30.708+0000 7fb442ffd700 1 -- 172.21.15.86:0/1363135352 --> [v2:172.21.15.86:3300/0,v1:172.21.15.86:6789/0] -- mon_subscribe({config=0+,monmap=0+}) v3 -- 0x7fb4441054f0 con 0x7fb4441042f0
2023-07-21T22:07:31.611 INFO:teuthology.orchestra.run.smithi086.stdout:/usr/bin/ceph: stderr
2023-07-21T22:07:30.708+0000 7fb442ffd700 1 --2- 172.21.15.86:0/1363135352 >> [v2:172.21.15.86:3300/0,v1:172.21.15.86:6789/0] conn(0x7fb4441042f0 0x7fb444104700 secure :-1 s=READY pgs=70 cs=0 l=1 rev1=1 crypto rx=0x7fb4340098a0 tx=0x7fb434009bb0 comp rx=0 tx=0).ready entity=mon.0 client_cookie=d51eceeb5ecdbdac server_cookie=0 in_seq=0 out_seq=0
2023-07-21T22:07:31.611 INFO:teuthology.orchestra.run.smithi086.stdout:/usr/bin/ceph: stderr
2023-07-21T22:07:30.708+0000 7fb441ffb700 1 -- 172.21.15.86:0/1363135352 <== mon.0 v2:172.21.15.86:3300/0 1 ==== mon_map magic: 0 v1 ==== 205+0+0 (secure 0 0 0) 0x7fb434004160 con 0x7fb4441042f0
2023-07-21T22:07:31.611 INFO:teuthology.orchestra.run.smithi086.stdout:/usr/bin/ceph: stderr
2023-07-21T22:07:30.709+0000 7fb441ffb700 1 -- 172.21.15.86:0/1363135352 <== mon.0 v2:172.21.15.86:3300/0 2 ==== config(26 keys) v1 ==== 1105+0+0 (secure 0 0 0) 0x7fb4340042c0 con 0x7fb4441042f0
2023-07-21T22:07:31.611 INFO:teuthology.orchestra.run.smithi086.stdout:/usr/bin/ceph: stderr
2023-07-21T22:07:30.709+0000 7fb441ffb700 1 -- 172.21.15.86:0/1363135352 <== mon.0 v2:172.21.15.86:3300/0 3 ==== mon_map magic: 0 v1 ==== 205+0+0 (secure 0 0 0) 0x7fb43400fa20 con 0x7fb4441042f0
2023-07-21T22:07:31.611 INFO:teuthology.orchestra.run.smithi086.stdout:/usr/bin/ceph: stderr
2023-07-21T22:07:30.709+0000 7fb4497a7700 1 -- 172.21.15.86:0/1363135352 >> [v2:172.21.15.86:3300/0,v1:172.21.15.86:6789/0] conn(0x7fb4441042f0 msgr2=0x7fb444104700 secure :-1 s=STATE_CONNECTION_ESTABLISHED l=1).mark_down
2023-07-21T22:07:31.611 INFO:teuthology.orchestra.run.smithi086.stdout:/usr/bin/ceph: stderr
2023-07-21T22:07:30.709+0000 7fb4497a7700 1 --2- 172.21.15.86:0/1363135352 >> [v2:172.21.15.86:3300/0,v1:172.21.15.86:6789/0] conn(0x7fb4441042f0 0x7fb444104700 secure :-1 s=READY pgs=70 cs=0 l=1 rev1=1 crypto rx=0x7fb4340098a0 tx=0x7fb434009bb0 comp rx=0 tx=0).stop
2023-07-21T22:07:31.611 INFO:teuthology.orchestra.run.smithi086.stdout:/usr/bin/ceph: stderr
2023-07-21T22:07:30.709+0000 7fb4497a7700 1 -- 172.21.15.86:0/1363135352 shutdown_connections
2023-07-21T22:07:31.612 INFO:teuthology.orchestra.run.smithi086.stdout:/usr/bin/ceph: stderr
2023-07-21T22:07:30.709+0000 7fb4497a7700 1 --2- 172.21.15.86:0/1363135352 >> [v2:172.21.15.86:3300/0,v1:172.21.15.86:6789/0] conn(0x7fb4441042f0 0x7fb444104700 unknown :-1 s=CLOSED pgs=70 cs=0 l=1 rev1=1 crypto rx=0 tx=0 comp rx=0 tx=0).stop
2023-07-21T22:07:31.612 INFO:teuthology.orchestra.run.smithi086.stdout:/usr/bin/ceph: stderr
2023-07-21T22:07:30.709+0000 7fb4497a7700 1 -- 172.21.15.86:0/1363135352 >> 172.21.15.86:0/1363135352 conn(0x7fb4440ff860 msgr2=0x7fb444101cd0 unknown :-1 s=STATE_NONE l=0).mark_down
2023-07-21T22:07:31.612 INFO:teuthology.orchestra.run.smithi086.stdout:/usr/bin/ceph: stderr
2023-07-21T22:07:30.709+0000 7fb4497a7700 1 -- 172.21.15.86:0/1363135352 shutdown_connections
2023-07-21T22:07:31.612 INFO:teuthology.orchestra.run.smithi086.stdout:/usr/bin/ceph: stderr
2023-07-21T22:07:30.709+0000 7fb4497a7700 1 -- 172.21.15.86:0/1363135352 wait complete.
2023-07-21T22:07:31.612 INFO:teuthology.orchestra.run.smithi086.stdout:/usr/bin/ceph: stderr
2023-07-21T22:07:30.710+0000 7fb4497a7700 1 Processor -- start
2023-07-21T22:07:31.612 INFO:teuthology.orchestra.run.smithi086.stdout:/usr/bin/ceph: stderr
2023-07-21T22:07:30.710+0000 7fb4497a7700 1 -- start start
2023-07-21T22:07:31.612 INFO:teuthology.orchestra.run.smithi086.stdout:/usr/bin/ceph: stderr
2023-07-21T22:07:30.710+0000 7fb4497a7700 1 --2- >> [v2:172.21.15.86:3300/0,v1:172.21.15.86:6789/0] conn(0x7fb4441042f0 0x7fb444196f50 unknown :-1 s=NONE pgs=0 cs=0 l=1 rev1=0 crypto rx=0 tx=0 comp rx=0 tx=0).connect
2023-07-21T22:07:31.612 INFO:teuthology.orchestra.run.smithi086.stdout:/usr/bin/ceph: stderr
2023-07-21T22:07:30.710+0000 7fb4497a7700 1 -- --> [v2:172.21.15.86:3300/0,v1:172.21.15.86:6789/0] -- mon_getmap magic: 0 v1 -- 0x7fb444197490 con 0x7fb4441042f0
2023-07-21T22:07:31.613 INFO:teuthology.orchestra.run.smithi086.stdout:/usr/bin/ceph: stderr
2023-07-21T22:07:30.711+0000 7fb442ffd700 1 --2- >> [v2:172.21.15.86:3300/0,v1:172.21.15.86:6789/0] conn(0x7fb4441042f0 0x7fb444196f50 unknown :-1 s=BANNER_CONNECTING pgs=0 cs=0 l=1 rev1=0 crypto rx=0 tx=0 comp rx=0 tx=0)._handle_peer_banner_payload supported=3 required=0
2023-07-21T22:07:31.613 INFO:teuthology.orchestra.run.smithi086.stdout:/usr/bin/ceph: stderr
2023-07-21T22:07:30.711+0000 7fb442ffd700 1 --2- >> [v2:172.21.15.86:3300/0,v1:172.21.15.86:6789/0] conn(0x7fb4441042f0 0x7fb444196f50 unknown :-1 s=HELLO_CONNECTING pgs=0 cs=0 l=1 rev1=1 crypto rx=0 tx=0 comp rx=0 tx=0).handle_hello peer v2:172.21.15.86:3300/0 says I am v2:172.21.15.86:53264/0 (socket says 172.21.15.86:53264)
2023-07-21T22:07:31.613 INFO:teuthology.orchestra.run.smithi086.stdout:/usr/bin/ceph: stderr
2023-07-21T22:07:30.711+0000 7fb442ffd700 1 -- 172.21.15.86:0/2287872003 learned_addr learned my addr 172.21.15.86:0/2287872003 (peer_addr_for_me v2:172.21.15.86:0/0)
2023-07-21T22:07:31.613 INFO:teuthology.orchestra.run.smithi086.stdout:/usr/bin/ceph: stderr
2023-07-21T22:07:30.711+0000 7fb442ffd700 1 -- 172.21.15.86:0/2287872003 --> [v2:172.21.15.86:3300/0,v1:172.21.15.86:6789/0] -- mon_subscribe({config=0+,monmap=0+}) v3 -- 0x7fb434009550 con 0x7fb4441042f0
2023-07-21T22:07:31.613 INFO:teuthology.orchestra.run.smithi086.stdout:/usr/bin/ceph: stderr
2023-07-21T22:07:30.711+0000 7fb442ffd700 1 --2- 172.21.15.86:0/2287872003 >> [v2:172.21.15.86:3300/0,v1:172.21.15.86:6789/0] conn(0x7fb4441042f0 0x7fb444196f50 secure :-1 s=READY pgs=71 cs=0 l=1 rev1=1 crypto rx=0x7fb434000c00 tx=0x7fb43400faa0 comp rx=0 tx=0).ready entity=mon.0 client_cookie=0 server_cookie=0 in_seq=0 out_seq=0
2023-07-21T22:07:31.613 INFO:teuthology.orchestra.run.smithi086.stdout:/usr/bin/ceph: stderr
2023-07-21T22:07:30.711+0000 7fb42bfff700 1 -- 172.21.15.86:0/2287872003 <== mon.0 v2:172.21.15.86:3300/0 1 ==== mon_map magic: 0 v1 ==== 205+0+0 (secure 0 0 0) 0x7fb4340038b0 con 0x7fb4441042f0
2023-07-21T22:07:31.613 INFO:teuthology.orchestra.run.smithi086.stdout:/usr/bin/ceph: stderr
2023-07-21T22:07:30.711+0000 7fb42bfff700 1 -- 172.21.15.86:0/2287872003 <== mon.0 v2:172.21.15.86:3300/0 2 ==== config(26 keys) v1 ==== 1105+0+0 (secure 0 0 0) 0x7fb434003a10 con 0x7fb4441042f0
2023-07-21T22:07:31.614 INFO:teuthology.orchestra.run.smithi086.stdout:/usr/bin/ceph: stderr
2023-07-21T22:07:30.711+0000 7fb4497a7700 1 -- 172.21.15.86:0/2287872003 --> [v2:172.21.15.86:3300/0,v1:172.21.15.86:6789/0] -- mon_subscribe({mgrmap=0+}) v3 -- 0x7fb444197690 con 0x7fb4441042f0
2023-07-21T22:07:31.614 INFO:teuthology.orchestra.run.smithi086.stdout:/usr/bin/ceph: stderr
2023-07-21T22:07:30.711+0000 7fb42bfff700 1 -- 172.21.15.86:0/2287872003 <== mon.0 v2:172.21.15.86:3300/0 3 ==== mon_map magic: 0 v1 ==== 205+0+0 (secure 0 0 0) 0x7fb4340215c0 con 0x7fb4441042f0
2023-07-21T22:07:31.614 INFO:teuthology.orchestra.run.smithi086.stdout:/usr/bin/ceph: stderr
2023-07-21T22:07:30.711+0000 7fb4497a7700 1 -- 172.21.15.86:0/2287872003 --> [v2:172.21.15.86:3300/0,v1:172.21.15.86:6789/0] -- mon_subscribe({osdmap=0}) v3 -- 0x7fb444197ab0 con 0x7fb4441042f0
2023-07-21T22:07:31.614 INFO:teuthology.orchestra.run.smithi086.stdout:/usr/bin/ceph: stderr
2023-07-21T22:07:30.712+0000 7fb42bfff700 1 -- 172.21.15.86:0/2287872003 <== mon.0 v2:172.21.15.86:3300/0 4 ==== mgrmap(e 12) v1 ==== 45496+0+0 (secure 0 0 0) 0x7fb43402b440 con 0x7fb4441042f0
2023-07-21T22:07:31.614 INFO:teuthology.orchestra.run.smithi086.stdout:/usr/bin/ceph: stderr
2023-07-21T22:07:30.712+0000 7fb42bfff700 1 --2- 172.21.15.86:0/2287872003 >> [v2:172.21.15.86:6800/1510950581,v1:172.21.15.86:6801/1510950581] conn(0x7fb42c03cb70 0x7fb42c03f020 unknown :-1 s=NONE pgs=0 cs=0 l=1 rev1=0 crypto rx=0 tx=0 comp rx=0 tx=0).connect
2023-07-21T22:07:31.614 INFO:teuthology.orchestra.run.smithi086.stdout:/usr/bin/ceph: stderr
2023-07-21T22:07:30.712+0000 7fb4497a7700 1 -- 172.21.15.86:0/2287872003 --> [v2:172.21.15.86:3300/0,v1:172.21.15.86:6789/0] -- mon_command({"prefix": "get_command_descriptions"} v 0) v1 -- 0x7fb444190b80 con 0x7fb4441042f0
2023-07-21T22:07:31.614 INFO:teuthology.orchestra.run.smithi086.stdout:/usr/bin/ceph: stderr
2023-07-21T22:07:30.712+0000 7fb42bfff700 1 -- 172.21.15.86:0/2287872003 <== mon.0 v2:172.21.15.86:3300/0 5 ==== osd_map(3..3 src has 1..3) v4 ==== 1155+0+0 (secure 0 0 0) 0x7fb43404c3a0 con 0x7fb4441042f0
2023-07-21T22:07:31.614 INFO:teuthology.orchestra.run.smithi086.stdout:/usr/bin/ceph: stderr
2023-07-21T22:07:30.712+0000 7fb4427fc700 1 --2- 172.21.15.86:0/2287872003 >> [v2:172.21.15.86:6800/1510950581,v1:172.21.15.86:6801/1510950581] conn(0x7fb42c03cb70 0x7fb42c03f020 unknown :-1 s=BANNER_CONNECTING pgs=0 cs=0 l=1 rev1=0 crypto rx=0 tx=0 comp rx=0 tx=0)._handle_peer_banner_payload supported=3 required=0
2023-07-21T22:07:31.615 INFO:teuthology.orchestra.run.smithi086.stdout:/usr/bin/ceph: stderr
2023-07-21T22:07:30.713+0000 7fb4427fc700 1 --2- 172.21.15.86:0/2287872003 >> [v2:172.21.15.86:6800/1510950581,v1:172.21.15.86:6801/1510950581] conn(0x7fb42c03cb70 0x7fb42c03f020 secure :-1 s=READY pgs=8 cs=0 l=1 rev1=1 crypto rx=0x7fb438006fd0 tx=0x7fb438006e40 comp rx=0 tx=0).ready entity=mgr.14150 client_cookie=0 server_cookie=0 in_seq=0 out_seq=0
2023-07-21T22:07:31.615 INFO:teuthology.orchestra.run.smithi086.stdout:/usr/bin/ceph: stderr
2023-07-21T22:07:30.718+0000 7fb42bfff700 1 -- 172.21.15.86:0/2287872003 <== mon.0 v2:172.21.15.86:3300/0 6 ==== mon_command_ack([{"prefix": "get_command_descriptions"}]=0 v0) v1 ==== 72+0+178008 (secure 0 0 0) 0x7fb434029720 con 0x7fb4441042f0
2023-07-21T22:07:31.615 INFO:teuthology.orchestra.run.smithi086.stdout:/usr/bin/ceph: stderr
2023-07-21T22:07:30.938+0000 7fb4497a7700 1 -- 172.21.15.86:0/2287872003 --> [v2:172.21.15.86:6800/1510950581,v1:172.21.15.86:6801/1510950581] -- mgr_command(tid 0: {"prefix": "dashboard ac-user-create", "username": "admin", "rolename": "administrator", "force_password": true, "pwd_update_required": true, "target": ["mon-mgr", ""]}) v1 -- 0x7fb444061b40 con 0x7fb42c03cb70
2023-07-21T22:07:31.615 INFO:teuthology.orchestra.run.smithi086.stdout:/usr/bin/ceph: stderr
2023-07-21T22:07:31.163+0000 7fb42bfff700 1 -- 172.21.15.86:0/2287872003 <== mgr.14150 v2:172.21.15.86:6800/1510950581 1 ==== mgr_command_reply(tid 0: 0 ) v1 ==== 8+0+252 (secure 0 0 0) 0x7fb444061b40 con 0x7fb42c03cb70
2023-07-21T22:07:31.615 INFO:teuthology.orchestra.run.smithi086.stdout:/usr/bin/ceph: stderr
2023-07-21T22:07:31.165+0000 7fb4497a7700 1 -- 172.21.15.86:0/2287872003 >> [v2:172.21.15.86:6800/1510950581,v1:172.21.15.86:6801/1510950581] conn(0x7fb42c03cb70 msgr2=0x7fb42c03f020 secure :-1 s=STATE_CONNECTION_ESTABLISHED l=1).mark_down
2023-07-21T22:07:31.615 INFO:teuthology.orchestra.run.smithi086.stdout:/usr/bin/ceph: stderr
2023-07-21T22:07:31.165+0000 7fb4497a7700 1 --2- 172.21.15.86:0/2287872003 >> [v2:172.21.15.86:6800/1510950581,v1:172.21.15.86:6801/1510950581] conn(0x7fb42c03cb70 0x7fb42c03f020 secure :-1 s=READY pgs=8 cs=0 l=1 rev1=1 crypto rx=0x7fb438006fd0 tx=0x7fb438006e40 comp rx=0 tx=0).stop
2023-07-21T22:07:31.615 INFO:teuthology.orchestra.run.smithi086.stdout:/usr/bin/ceph: stderr
2023-07-21T22:07:31.165+0000 7fb4497a7700 1 -- 172.21.15.86:0/2287872003 >> [v2:172.21.15.86:3300/0,v1:172.21.15.86:6789/0] conn(0x7fb4441042f0 msgr2=0x7fb444196f50 secure :-1 s=STATE_CONNECTION_ESTABLISHED l=1).mark_down
2023-07-21T22:07:31.616 INFO:teuthology.orchestra.run.smithi086.stdout:/usr/bin/ceph: stderr
2023-07-21T22:07:31.165+0000 7fb4497a7700 1 --2- 172.21.15.86:0/2287872003 >> [v2:172.21.15.86:3300/0,v1:172.21.15.86:6789/0] conn(0x7fb4441042f0 0x7fb444196f50 secure :-1 s=READY pgs=71 cs=0 l=1 rev1=1 crypto rx=0x7fb434000c00 tx=0x7fb43400faa0 comp rx=0 tx=0).stop
2023-07-21T22:07:31.616 INFO:teuthology.orchestra.run.smithi086.stdout:/usr/bin/ceph: stderr
2023-07-21T22:07:31.165+0000 7fb4497a7700 1 -- 172.21.15.86:0/2287872003 shutdown_connections
2023-07-21T22:07:31.616 INFO:teuthology.orchestra.run.smithi086.stdout:/usr/bin/ceph: stderr
2023-07-21T22:07:31.165+0000 7fb4497a7700 1 --2- 172.21.15.86:0/2287872003 >> [v2:172.21.15.86:6800/1510950581,v1:172.21.15.86:6801/1510950581] conn(0x7fb42c03cb70 0x7fb42c03f020 unknown :-1 s=CLOSED pgs=8 cs=0 l=1 rev1=1 crypto rx=0 tx=0 comp rx=0 tx=0).stop
2023-07-21T22:07:31.616 INFO:teuthology.orchestra.run.smithi086.stdout:/usr/bin/ceph: stderr
2023-07-21T22:07:31.165+0000 7fb4497a7700 1 --2- 172.21.15.86:0/2287872003 >> [v2:172.21.15.86:3300/0,v1:172.21.15.86:6789/0] conn(0x7fb4441042f0 0x7fb444196f50 unknown :-1 s=CLOSED pgs=71 cs=0 l=1 rev1=1 crypto rx=0 tx=0 comp rx=0 tx=0).stop
2023-07-21T22:07:31.616 INFO:teuthology.orchestra.run.smithi086.stdout:/usr/bin/ceph: stderr
2023-07-21T22:07:31.165+0000 7fb4497a7700 1 -- 172.21.15.86:0/2287872003 >> 172.21.15.86:0/2287872003 conn(0x7fb4440ff860 msgr2=0x7fb44418dcc0 unknown :-1 s=STATE_NONE l=0).mark_down
2023-07-21T22:07:31.616 INFO:teuthology.orchestra.run.smithi086.stdout:/usr/bin/ceph: stderr
2023-07-21T22:07:31.165+0000 7fb4497a7700 1 -- 172.21.15.86:0/2287872003 shutdown_connections
2023-07-21T22:07:31.616 INFO:teuthology.orchestra.run.smithi086.stdout:/usr/bin/ceph: stderr
2023-07-21T22:07:31.165+0000 7fb4497a7700 1 -- 172.21.15.86:0/2287872003 wait complete.
2023-07-21T22:07:31.617 INFO:teuthology.orchestra.run.smithi086.stdout:Fetching dashboard port number...
2023-07-21T22:07:31.817 INFO:journalctl@ceph.mon.a.smithi086.stdout:Jul 21 22:07:31 smithi086 ceph-mon[96589]: from='mgr.14150 172.21.15.86:0/3701265603' entity='mgr.x'
2023-07-21T22:07:31.818 INFO:journalctl@ceph.mon.a.smithi086.stdout:Jul 21 22:07:31 smithi086 ceph-mon[96589]: from='mgr.14150 172.21.15.86:0/3701265603' entity='mgr.x'
2023-07-21T22:07:32.831 INFO:journalctl@ceph.mon.a.smithi086.stdout:Jul 21 22:07:32 smithi086 ceph-mon[96589]: from='client.14164 -' entity='client.admin' cmd=[{"prefix": "dashboard ac-user-create", "username": "admin", "rolename": "administrator", "force_password": true, "pwd_update_required": true, "target": ["mon-mgr", ""]}]: dispatch
2023-07-21T22:07:32.831 INFO:journalctl@ceph.mon.a.smithi086.stdout:Jul 21 22:07:32 smithi086 ceph-mon[96589]: from='client.? 172.21.15.86:0/933490291' entity='client.admin' cmd=[{"prefix": "config get", "who": "mgr", "key": "mgr/dashboard/ssl_server_port"}]: dispatch
2023-07-21T22:07:32.855 INFO:teuthology.orchestra.run.smithi086.stdout:/usr/bin/ceph: stdout 8443
2023-07-21T22:07:32.855 INFO:teuthology.orchestra.run.smithi086.stdout:/usr/bin/ceph: stderr
2023-07-21T22:07:32.217+0000 7f4cd5cff700 1 Processor -- start
2023-07-21T22:07:32.855 INFO:teuthology.orchestra.run.smithi086.stdout:/usr/bin/ceph: stderr
2023-07-21T22:07:32.217+0000 7f4cd5cff700 1 -- start start
2023-07-21T22:07:32.856 INFO:teuthology.orchestra.run.smithi086.stdout:/usr/bin/ceph: stderr
2023-07-21T22:07:32.217+0000 7f4cd5cff700 1 --2- >> [v2:172.21.15.86:3300/0,v1:172.21.15.86:6789/0] conn(0x7f4cd0104810 0x7f4cd0104c20 unknown :-1 s=NONE pgs=0 cs=0 l=0 rev1=0 crypto rx=0 tx=0 comp rx=0 tx=0).connect
2023-07-21T22:07:32.856 INFO:teuthology.orchestra.run.smithi086.stdout:/usr/bin/ceph: stderr
2023-07-21T22:07:32.217+0000 7f4cd5cff700 1 -- --> [v2:172.21.15.86:3300/0,v1:172.21.15.86:6789/0] -- mon_getmap magic: 0 v1 -- 0x7f4cd01051f0 con 0x7f4cd0104810
2023-07-21T22:07:32.856 INFO:teuthology.orchestra.run.smithi086.stdout:/usr/bin/ceph: stderr
2023-07-21T22:07:32.217+0000 7f4ccf7fe700 1 --2- >> [v2:172.21.15.86:3300/0,v1:172.21.15.86:6789/0] conn(0x7f4cd0104810 0x7f4cd0104c20 unknown :-1 s=BANNER_CONNECTING pgs=0 cs=0 l=0 rev1=0 crypto rx=0 tx=0 comp rx=0 tx=0)._handle_peer_banner_payload supported=3 required=0
2023-07-21T22:07:32.856 INFO:teuthology.orchestra.run.smithi086.stdout:/usr/bin/ceph: stderr
2023-07-21T22:07:32.217+0000 7f4ccf7fe700 1 --2- >> [v2:172.21.15.86:3300/0,v1:172.21.15.86:6789/0] conn(0x7f4cd0104810 0x7f4cd0104c20 unknown :-1 s=HELLO_CONNECTING pgs=0 cs=0 l=0 rev1=1 crypto rx=0 tx=0 comp rx=0 tx=0).handle_hello peer v2:172.21.15.86:3300/0 says I am v2:172.21.15.86:53268/0 (socket says 172.21.15.86:53268)
2023-07-21T22:07:32.856 INFO:teuthology.orchestra.run.smithi086.stdout:/usr/bin/ceph: stderr
2023-07-21T22:07:32.217+0000 7f4ccf7fe700 1 -- 172.21.15.86:0/169884253 learned_addr learned my addr 172.21.15.86:0/169884253 (peer_addr_for_me v2:172.21.15.86:0/0)
2023-07-21T22:07:32.856 INFO:teuthology.orchestra.run.smithi086.stdout:/usr/bin/ceph: stderr
2023-07-21T22:07:32.218+0000 7f4ccf7fe700 1 -- 172.21.15.86:0/169884253 --> [v2:172.21.15.86:3300/0,v1:172.21.15.86:6789/0] -- mon_subscribe({config=0+,monmap=0+}) v3 -- 0x7f4cd0105530 con 0x7f4cd0104810
2023-07-21T22:07:32.856 INFO:teuthology.orchestra.run.smithi086.stdout:/usr/bin/ceph: stderr
2023-07-21T22:07:32.218+0000 7f4ccf7fe700 1 --2- 172.21.15.86:0/169884253 >> [v2:172.21.15.86:3300/0,v1:172.21.15.86:6789/0] conn(0x7f4cd0104810 0x7f4cd0104c20 secure :-1 s=READY pgs=72 cs=0 l=1 rev1=1 crypto rx=0x7f4cc400bb40 tx=0x7f4cc400be50 comp rx=0 tx=0).ready entity=mon.0 client_cookie=10ac7f2196eb36f0 server_cookie=0 in_seq=0 out_seq=0
2023-07-21T22:07:32.857 INFO:teuthology.orchestra.run.smithi086.stdout:/usr/bin/ceph: stderr
2023-07-21T22:07:32.218+0000 7f4cce7fc700 1 -- 172.21.15.86:0/169884253 <== mon.0 v2:172.21.15.86:3300/0 1 ==== mon_map magic: 0 v1 ==== 205+0+0 (secure 0 0 0) 0x7f4cc400dbe0 con 0x7f4cd0104810
2023-07-21T22:07:32.857 INFO:teuthology.orchestra.run.smithi086.stdout:/usr/bin/ceph: stderr
2023-07-21T22:07:32.218+0000 7f4cce7fc700 1 -- 172.21.15.86:0/169884253 <== mon.0 v2:172.21.15.86:3300/0 2 ==== config(26 keys) v1 ==== 1105+0+0 (secure 0 0 0) 0x7f4cc40044f0 con 0x7f4cd0104810
2023-07-21T22:07:32.857 INFO:teuthology.orchestra.run.smithi086.stdout:/usr/bin/ceph: stderr
2023-07-21T22:07:32.218+0000 7f4cce7fc700 1 -- 172.21.15.86:0/169884253 <== mon.0 v2:172.21.15.86:3300/0 3 ==== mon_map magic: 0 v1 ==== 205+0+0 (secure 0 0 0) 0x7f4cc4003e60 con 0x7f4cd0104810
2023-07-21T22:07:32.857 INFO:teuthology.orchestra.run.smithi086.stdout:/usr/bin/ceph: stderr
2023-07-21T22:07:32.218+0000 7f4cd5cff700 1 -- 172.21.15.86:0/169884253 >> [v2:172.21.15.86:3300/0,v1:172.21.15.86:6789/0] conn(0x7f4cd0104810 msgr2=0x7f4cd0104c20 secure :-1 s=STATE_CONNECTION_ESTABLISHED l=1).mark_down
2023-07-21T22:07:32.857 INFO:teuthology.orchestra.run.smithi086.stdout:/usr/bin/ceph: stderr
2023-07-21T22:07:32.218+0000 7f4cd5cff700 1 --2- 172.21.15.86:0/169884253 >> [v2:172.21.15.86:3300/0,v1:172.21.15.86:6789/0] conn(0x7f4cd0104810 0x7f4cd0104c20 secure :-1 s=READY pgs=72 cs=0 l=1 rev1=1 crypto rx=0x7f4cc400bb40 tx=0x7f4cc400be50 comp rx=0 tx=0).stop
2023-07-21T22:07:32.857 INFO:teuthology.orchestra.run.smithi086.stdout:/usr/bin/ceph: stderr
2023-07-21T22:07:32.219+0000 7f4cd5cff700 1 -- 172.21.15.86:0/169884253 shutdown_connections
2023-07-21T22:07:32.857 INFO:teuthology.orchestra.run.smithi086.stdout:/usr/bin/ceph: stderr
2023-07-21T22:07:32.219+0000 7f4cd5cff700 1 --2- 172.21.15.86:0/169884253 >> [v2:172.21.15.86:3300/0,v1:172.21.15.86:6789/0] conn(0x7f4cd0104810 0x7f4cd0104c20 unknown :-1 s=CLOSED pgs=72 cs=0 l=1 rev1=1 crypto rx=0 tx=0 comp rx=0 tx=0).stop
2023-07-21T22:07:32.858 INFO:teuthology.orchestra.run.smithi086.stdout:/usr/bin/ceph: stderr
2023-07-21T22:07:32.219+0000 7f4cd5cff700 1 -- 172.21.15.86:0/169884253 >> 172.21.15.86:0/169884253 conn(0x7f4cd00ff000 msgr2=0x7f4cd0101470 unknown :-1 s=STATE_NONE l=0).mark_down
2023-07-21T22:07:32.858 INFO:teuthology.orchestra.run.smithi086.stdout:/usr/bin/ceph: stderr
2023-07-21T22:07:32.219+0000 7f4cd5cff700 1 -- 172.21.15.86:0/169884253 shutdown_connections
2023-07-21T22:07:32.858 INFO:teuthology.orchestra.run.smithi086.stdout:/usr/bin/ceph: stderr
2023-07-21T22:07:32.219+0000 7f4cd5cff700 1 -- 172.21.15.86:0/169884253 wait complete.
2023-07-21T22:07:32.858 INFO:teuthology.orchestra.run.smithi086.stdout:/usr/bin/ceph: stderr
2023-07-21T22:07:32.219+0000 7f4cd5cff700 1 Processor -- start
2023-07-21T22:07:32.858 INFO:teuthology.orchestra.run.smithi086.stdout:/usr/bin/ceph: stderr
2023-07-21T22:07:32.219+0000 7f4cd5cff700 1 -- start start
2023-07-21T22:07:32.858 INFO:teuthology.orchestra.run.smithi086.stdout:/usr/bin/ceph: stderr
2023-07-21T22:07:32.219+0000 7f4cd5cff700 1 --2- >> [v2:172.21.15.86:3300/0,v1:172.21.15.86:6789/0] conn(0x7f4cd0104810 0x7f4cd0196f50 unknown :-1 s=NONE pgs=0 cs=0 l=1 rev1=0 crypto rx=0 tx=0 comp rx=0 tx=0).connect
2023-07-21T22:07:32.858 INFO:teuthology.orchestra.run.smithi086.stdout:/usr/bin/ceph: stderr
2023-07-21T22:07:32.219+0000 7f4cd5cff700 1 -- --> [v2:172.21.15.86:3300/0,v1:172.21.15.86:6789/0] -- mon_getmap magic: 0 v1 -- 0x7f4cd0197490 con 0x7f4cd0104810
2023-07-21T22:07:32.858 INFO:teuthology.orchestra.run.smithi086.stdout:/usr/bin/ceph: stderr
2023-07-21T22:07:32.220+0000 7f4ccf7fe700 1 --2- >> [v2:172.21.15.86:3300/0,v1:172.21.15.86:6789/0] conn(0x7f4cd0104810 0x7f4cd0196f50 unknown :-1 s=BANNER_CONNECTING pgs=0 cs=0 l=1 rev1=0 crypto rx=0 tx=0 comp rx=0 tx=0)._handle_peer_banner_payload supported=3 required=0
2023-07-21T22:07:32.859 INFO:teuthology.orchestra.run.smithi086.stdout:/usr/bin/ceph: stderr
2023-07-21T22:07:32.220+0000 7f4ccf7fe700 1 --2- >> [v2:172.21.15.86:3300/0,v1:172.21.15.86:6789/0] conn(0x7f4cd0104810 0x7f4cd0196f50 unknown :-1 s=HELLO_CONNECTING pgs=0 cs=0 l=1 rev1=1 crypto rx=0 tx=0 comp rx=0 tx=0).handle_hello peer v2:172.21.15.86:3300/0 says I am v2:172.21.15.86:53270/0 (socket says 172.21.15.86:53270)
2023-07-21T22:07:32.859 INFO:teuthology.orchestra.run.smithi086.stdout:/usr/bin/ceph: stderr
2023-07-21T22:07:32.220+0000 7f4ccf7fe700 1 -- 172.21.15.86:0/933490291 learned_addr learned my addr 172.21.15.86:0/933490291 (peer_addr_for_me v2:172.21.15.86:0/0)
2023-07-21T22:07:32.859 INFO:teuthology.orchestra.run.smithi086.stdout:/usr/bin/ceph: stderr
2023-07-21T22:07:32.220+0000 7f4ccf7fe700 1 -- 172.21.15.86:0/933490291 --> [v2:172.21.15.86:3300/0,v1:172.21.15.86:6789/0] -- mon_subscribe({config=0+,monmap=0+}) v3 -- 0x7f4cc400b7f0 con 0x7f4cd0104810
2023-07-21T22:07:32.859 INFO:teuthology.orchestra.run.smithi086.stdout:/usr/bin/ceph: stderr
2023-07-21T22:07:32.220+0000 7f4ccf7fe700 1 --2- 172.21.15.86:0/933490291 >> [v2:172.21.15.86:3300/0,v1:172.21.15.86:6789/0] conn(0x7f4cd0104810 0x7f4cd0196f50 secure :-1 s=READY pgs=73 cs=0 l=1 rev1=1 crypto rx=0x7f4cc40104d0 tx=0x7f4cc4004020 comp rx=0 tx=0).ready entity=mon.0 client_cookie=0 server_cookie=0 in_seq=0 out_seq=0
2023-07-21T22:07:32.859 INFO:teuthology.orchestra.run.smithi086.stdout:/usr/bin/ceph: stderr
2023-07-21T22:07:32.220+0000 7f4cccff9700 1 -- 172.21.15.86:0/933490291 <== mon.0 v2:172.21.15.86:3300/0 1 ==== mon_map magic: 0 v1 ==== 205+0+0 (secure 0 0 0) 0x7f4cc401e070 con 0x7f4cd0104810
2023-07-21T22:07:32.859 INFO:teuthology.orchestra.run.smithi086.stdout:/usr/bin/ceph: stderr
2023-07-21T22:07:32.220+0000 7f4cccff9700 1 -- 172.21.15.86:0/933490291 <== mon.0 v2:172.21.15.86:3300/0 2 ==== config(26 keys) v1 ==== 1105+0+0 (secure 0 0 0) 0x7f4cc4010b40 con 0x7f4cd0104810
2023-07-21T22:07:32.860 INFO:teuthology.orchestra.run.smithi086.stdout:/usr/bin/ceph: stderr
2023-07-21T22:07:32.220+0000 7f4cccff9700 1 -- 172.21.15.86:0/933490291 <== mon.0 v2:172.21.15.86:3300/0 3 ==== mon_map magic: 0 v1 ==== 205+0+0 (secure 0 0 0) 0x7f4cc4022b30 con 0x7f4cd0104810
2023-07-21T22:07:32.860 INFO:teuthology.orchestra.run.smithi086.stdout:/usr/bin/ceph: stderr
2023-07-21T22:07:32.220+0000 7f4cd5cff700 1 -- 172.21.15.86:0/933490291 --> [v2:172.21.15.86:3300/0,v1:172.21.15.86:6789/0] -- mon_subscribe({mgrmap=0+}) v3 -- 0x7f4cd0197690 con 0x7f4cd0104810
2023-07-21T22:07:32.860 INFO:teuthology.orchestra.run.smithi086.stdout:/usr/bin/ceph: stderr
2023-07-21T22:07:32.220+0000 7f4cd5cff700 1 -- 172.21.15.86:0/933490291 --> [v2:172.21.15.86:3300/0,v1:172.21.15.86:6789/0] -- mon_subscribe({osdmap=0}) v3 -- 0x7f4cd0197ab0 con 0x7f4cd0104810
2023-07-21T22:07:32.860 INFO:teuthology.orchestra.run.smithi086.stdout:/usr/bin/ceph: stderr
2023-07-21T22:07:32.221+0000 7f4cccff9700 1 -- 172.21.15.86:0/933490291 <== mon.0 v2:172.21.15.86:3300/0 4 ==== mgrmap(e 12) v1 ==== 45496+0+0 (secure 0 0 0) 0x7f4cc402c440 con 0x7f4cd0104810
2023-07-21T22:07:32.860 INFO:teuthology.orchestra.run.smithi086.stdout:/usr/bin/ceph: stderr
2023-07-21T22:07:32.221+0000 7f4cd5cff700 1 -- 172.21.15.86:0/933490291 --> [v2:172.21.15.86:3300/0,v1:172.21.15.86:6789/0] -- mon_command({"prefix": "get_command_descriptions"} v 0) v1 -- 0x7f4cd0190bc0 con 0x7f4cd0104810
2023-07-21T22:07:32.860 INFO:teuthology.orchestra.run.smithi086.stdout:/usr/bin/ceph: stderr
2023-07-21T22:07:32.221+0000 7f4cccff9700 1 --2- 172.21.15.86:0/933490291 >> [v2:172.21.15.86:6800/1510950581,v1:172.21.15.86:6801/1510950581] conn(0x7f4cb8038760 0x7f4cb803ac10 unknown :-1 s=NONE pgs=0 cs=0 l=1 rev1=0 crypto rx=0 tx=0 comp rx=0 tx=0).connect
2023-07-21T22:07:32.861 INFO:teuthology.orchestra.run.smithi086.stdout:/usr/bin/ceph: stderr
2023-07-21T22:07:32.221+0000 7f4cccff9700 1 -- 172.21.15.86:0/933490291 <== mon.0 v2:172.21.15.86:3300/0 5 ==== osd_map(3..3 src has 1..3) v4 ==== 1155+0+0 (secure 0 0 0) 0x7f4cc404f280 con 0x7f4cd0104810
2023-07-21T22:07:32.861 INFO:teuthology.orchestra.run.smithi086.stdout:/usr/bin/ceph: stderr
2023-07-21T22:07:32.221+0000 7f4cceffd700 1 --2- 172.21.15.86:0/933490291 >> [v2:172.21.15.86:6800/1510950581,v1:172.21.15.86:6801/1510950581] conn(0x7f4cb8038760 0x7f4cb803ac10 unknown :-1 s=BANNER_CONNECTING pgs=0 cs=0 l=1 rev1=0 crypto rx=0 tx=0 comp rx=0 tx=0)._handle_peer_banner_payload supported=3 required=0
2023-07-21T22:07:32.861 INFO:teuthology.orchestra.run.smithi086.stdout:/usr/bin/ceph: stderr
2023-07-21T22:07:32.222+0000 7f4cceffd700 1 --2- 172.21.15.86:0/933490291 >> [v2:172.21.15.86:6800/1510950581,v1:172.21.15.86:6801/1510950581] conn(0x7f4cb8038760 0x7f4cb803ac10 secure :-1 s=READY pgs=9 cs=0 l=1 rev1=1 crypto rx=0x7f4cc0006fd0 tx=0x7f4cc0006e40 comp rx=0 tx=0).ready entity=mgr.14150 client_cookie=0 server_cookie=0 in_seq=0 out_seq=0
2023-07-21T22:07:32.861 INFO:teuthology.orchestra.run.smithi086.stdout:/usr/bin/ceph: stderr
2023-07-21T22:07:32.226+0000 7f4cccff9700 1 -- 172.21.15.86:0/933490291 <== mon.0 v2:172.21.15.86:3300/0 6 ==== mon_command_ack([{"prefix": "get_command_descriptions"}]=0 v0) v1 ==== 72+0+178008 (secure 0 0 0) 0x7f4cc402a950 con 0x7f4cd0104810
2023-07-21T22:07:32.861 INFO:teuthology.orchestra.run.smithi086.stdout:/usr/bin/ceph: stderr
2023-07-21T22:07:32.418+0000 7f4cd5cff700 1 -- 172.21.15.86:0/933490291 --> [v2:172.21.15.86:3300/0,v1:172.21.15.86:6789/0] -- mon_command({"prefix": "config get", "who": "mgr", "key": "mgr/dashboard/ssl_server_port"} v 0) v1 -- 0x7f4cd0061120 con 0x7f4cd0104810
2023-07-21T22:07:32.861 INFO:teuthology.orchestra.run.smithi086.stdout:/usr/bin/ceph: stderr
2023-07-21T22:07:32.418+0000 7f4cccff9700 1 -- 172.21.15.86:0/933490291 <== mon.0 v2:172.21.15.86:3300/0 7 ==== mon_command_ack([{"prefix": "config get", "who": "mgr", "key": "mgr/dashboard/ssl_server_port"}]=0 v8) v1 ==== 112+0+5 (secure 0 0 0) 0x7f4cc4027020 con 0x7f4cd0104810
2023-07-21T22:07:32.861 INFO:teuthology.orchestra.run.smithi086.stdout:/usr/bin/ceph: stderr
2023-07-21T22:07:32.421+0000 7f4cd5cff700 1 -- 172.21.15.86:0/933490291 >> [v2:172.21.15.86:6800/1510950581,v1:172.21.15.86:6801/1510950581] conn(0x7f4cb8038760 msgr2=0x7f4cb803ac10 secure :-1 s=STATE_CONNECTION_ESTABLISHED l=1).mark_down
2023-07-21T22:07:32.862 INFO:teuthology.orchestra.run.smithi086.stdout:/usr/bin/ceph: stderr
2023-07-21T22:07:32.421+0000 7f4cd5cff700 1 --2- 172.21.15.86:0/933490291 >> [v2:172.21.15.86:6800/1510950581,v1:172.21.15.86:6801/1510950581] conn(0x7f4cb8038760 0x7f4cb803ac10 secure :-1 s=READY pgs=9 cs=0 l=1 rev1=1 crypto rx=0x7f4cc0006fd0 tx=0x7f4cc0006e40 comp rx=0 tx=0).stop
2023-07-21T22:07:32.862 INFO:teuthology.orchestra.run.smithi086.stdout:/usr/bin/ceph: stderr
2023-07-21T22:07:32.421+0000 7f4cd5cff700 1 -- 172.21.15.86:0/933490291 >> [v2:172.21.15.86:3300/0,v1:172.21.15.86:6789/0] conn(0x7f4cd0104810 msgr2=0x7f4cd0196f50 secure :-1 s=STATE_CONNECTION_ESTABLISHED l=1).mark_down
2023-07-21T22:07:32.862 INFO:teuthology.orchestra.run.smithi086.stdout:/usr/bin/ceph: stderr
2023-07-21T22:07:32.421+0000 7f4cd5cff700 1 --2- 172.21.15.86:0/933490291 >> [v2:172.21.15.86:3300/0,v1:172.21.15.86:6789/0] conn(0x7f4cd0104810 0x7f4cd0196f50 secure :-1 s=READY pgs=73 cs=0 l=1 rev1=1 crypto rx=0x7f4cc40104d0 tx=0x7f4cc4004020 comp rx=0 tx=0).stop
2023-07-21T22:07:32.862 INFO:teuthology.orchestra.run.smithi086.stdout:/usr/bin/ceph: stderr
2023-07-21T22:07:32.421+0000 7f4cd5cff700 1 -- 172.21.15.86:0/933490291 shutdown_connections
2023-07-21T22:07:32.862 INFO:teuthology.orchestra.run.smithi086.stdout:/usr/bin/ceph: stderr
2023-07-21T22:07:32.421+0000 7f4cd5cff700 1 --2- 172.21.15.86:0/933490291 >> [v2:172.21.15.86:6800/1510950581,v1:172.21.15.86:6801/1510950581] conn(0x7f4cb8038760 0x7f4cb803ac10 unknown :-1 s=CLOSED pgs=9 cs=0 l=1 rev1=1 crypto rx=0 tx=0 comp rx=0 tx=0).stop
2023-07-21T22:07:32.862 INFO:teuthology.orchestra.run.smithi086.stdout:/usr/bin/ceph: stderr
2023-07-21T22:07:32.421+0000 7f4cd5cff700 1 --2- 172.21.15.86:0/933490291 >> [v2:172.21.15.86:3300/0,v1:172.21.15.86:6789/0] conn(0x7f4cd0104810 0x7f4cd0196f50 unknown :-1 s=CLOSED pgs=73 cs=0 l=1 rev1=1 crypto rx=0 tx=0 comp rx=0 tx=0).stop
2023-07-21T22:07:32.862 INFO:teuthology.orchestra.run.smithi086.stdout:/usr/bin/ceph: stderr
2023-07-21T22:07:32.421+0000 7f4cd5cff700 1 -- 172.21.15.86:0/933490291 >> 172.21.15.86:0/933490291 conn(0x7f4cd00ff000 msgr2=0x7f4cd018dd00 unknown :-1 s=STATE_NONE l=0).mark_down
2023-07-21T22:07:32.863 INFO:teuthology.orchestra.run.smithi086.stdout:/usr/bin/ceph: stderr
2023-07-21T22:07:32.422+0000 7f4cd5cff700 1 -- 172.21.15.86:0/933490291 shutdown_connections
2023-07-21T22:07:32.863 INFO:teuthology.orchestra.run.smithi086.stdout:/usr/bin/ceph: stderr
2023-07-21T22:07:32.422+0000 7f4cd5cff700 1 -- 172.21.15.86:0/933490291 wait complete.
2023-07-21T22:07:32.863 INFO:teuthology.orchestra.run.smithi086.stdout:Non-zero exit code 1 from systemctl is-enabled firewalld.service
2023-07-21T22:07:32.863 INFO:teuthology.orchestra.run.smithi086.stdout:systemctl: stdout disabled
2023-07-21T22:07:32.870 INFO:teuthology.orchestra.run.smithi086.stdout:Non-zero exit code 3 from systemctl is-active firewalld.service
2023-07-21T22:07:32.870 INFO:teuthology.orchestra.run.smithi086.stdout:systemctl: stdout inactive
2023-07-21T22:07:32.870 INFO:teuthology.orchestra.run.smithi086.stdout:firewalld.service is not enabled
2023-07-21T22:07:32.870 INFO:teuthology.orchestra.run.smithi086.stdout:Not possible to open ports <[8443]>. firewalld.service is not available
2023-07-21T22:07:32.871 INFO:teuthology.orchestra.run.smithi086.stdout:Ceph Dashboard is now available at:
2023-07-21T22:07:32.871 INFO:teuthology.orchestra.run.smithi086.stdout:
2023-07-21T22:07:32.872 INFO:teuthology.orchestra.run.smithi086.stdout: URL: https://smithi086:8443/
2023-07-21T22:07:32.872 INFO:teuthology.orchestra.run.smithi086.stdout: User: admin
2023-07-21T22:07:32.872 INFO:teuthology.orchestra.run.smithi086.stdout: Password: fc76g4kbp6
2023-07-21T22:07:32.872 INFO:teuthology.orchestra.run.smithi086.stdout:
2023-07-21T22:07:32.872 INFO:teuthology.orchestra.run.smithi086.stdout:Saving cluster configuration to /var/lib/ceph/bfa769aa-2812-11ee-9b34-001a4aab830c/config directory
2023-07-21T22:07:32.873 INFO:teuthology.orchestra.run.smithi086.stdout:Enabling autotune for osd_memory_target
2023-07-21T22:07:33.917 INFO:teuthology.orchestra.run.smithi086.stdout:/usr/bin/ceph: stderr
2023-07-21T22:07:33.303+0000 7f02946fc700 1 Processor -- start
2023-07-21T22:07:33.917 INFO:teuthology.orchestra.run.smithi086.stdout:/usr/bin/ceph: stderr
2023-07-21T22:07:33.303+0000 7f02946fc700 1 -- start start
2023-07-21T22:07:33.917 INFO:teuthology.orchestra.run.smithi086.stdout:/usr/bin/ceph: stderr
2023-07-21T22:07:33.303+0000 7f02946fc700 1 --2- >> [v2:172.21.15.86:3300/0,v1:172.21.15.86:6789/0] conn(0x7f028c105ec0 0x7f028c1082a0 unknown :-1 s=NONE pgs=0 cs=0 l=0 rev1=0 crypto rx=0 tx=0 comp rx=0 tx=0).connect
2023-07-21T22:07:33.917 INFO:teuthology.orchestra.run.smithi086.stdout:/usr/bin/ceph: stderr
2023-07-21T22:07:33.303+0000 7f02946fc700 1 -- --> [v2:172.21.15.86:3300/0,v1:172.21.15.86:6789/0] -- mon_getmap magic: 0 v1 -- 0x7f028c073d80 con 0x7f028c105ec0
2023-07-21T22:07:33.918 INFO:teuthology.orchestra.run.smithi086.stdout:/usr/bin/ceph: stderr
2023-07-21T22:07:33.304+0000 7f0292498700 1 --2- >> [v2:172.21.15.86:3300/0,v1:172.21.15.86:6789/0] conn(0x7f028c105ec0 0x7f028c1082a0 unknown :-1 s=BANNER_CONNECTING pgs=0 cs=0 l=0 rev1=0 crypto rx=0 tx=0 comp rx=0 tx=0)._handle_peer_banner_payload supported=3 required=0
2023-07-21T22:07:33.918 INFO:teuthology.orchestra.run.smithi086.stdout:/usr/bin/ceph: stderr
2023-07-21T22:07:33.304+0000 7f0292498700 1 --2- >> [v2:172.21.15.86:3300/0,v1:172.21.15.86:6789/0] conn(0x7f028c105ec0 0x7f028c1082a0 unknown :-1 s=HELLO_CONNECTING pgs=0 cs=0 l=0 rev1=1 crypto rx=0 tx=0 comp rx=0 tx=0).handle_hello peer v2:172.21.15.86:3300/0 says I am v2:172.21.15.86:53278/0 (socket says 172.21.15.86:53278)
2023-07-21T22:07:33.918 INFO:teuthology.orchestra.run.smithi086.stdout:/usr/bin/ceph: stderr
2023-07-21T22:07:33.304+0000 7f0292498700 1 -- 172.21.15.86:0/22451474 learned_addr learned my addr 172.21.15.86:0/22451474 (peer_addr_for_me v2:172.21.15.86:0/0)
2023-07-21T22:07:33.918 INFO:teuthology.orchestra.run.smithi086.stdout:/usr/bin/ceph: stderr
2023-07-21T22:07:33.304+0000 7f0292498700 1 -- 172.21.15.86:0/22451474 --> [v2:172.21.15.86:3300/0,v1:172.21.15.86:6789/0] -- mon_subscribe({config=0+,monmap=0+}) v3 -- 0x7f028c1087e0 con 0x7f028c105ec0
2023-07-21T22:07:33.918 INFO:teuthology.orchestra.run.smithi086.stdout:/usr/bin/ceph: stderr
2023-07-21T22:07:33.304+0000 7f0292498700 1 --2- 172.21.15.86:0/22451474 >> [v2:172.21.15.86:3300/0,v1:172.21.15.86:6789/0] conn(0x7f028c105ec0 0x7f028c1082a0 secure :-1 s=READY pgs=74 cs=0 l=1 rev1=1 crypto rx=0x7f027c0098a0 tx=0x7f027c009bb0 comp rx=0 tx=0).ready entity=mon.0 client_cookie=e86b6401233b2bd4 server_cookie=0 in_seq=0 out_seq=0
2023-07-21T22:07:33.918 INFO:teuthology.orchestra.run.smithi086.stdout:/usr/bin/ceph: stderr
2023-07-21T22:07:33.304+0000 7f0291496700 1 -- 172.21.15.86:0/22451474 <== mon.0 v2:172.21.15.86:3300/0 1 ==== mon_map magic: 0 v1 ==== 205+0+0 (secure 0 0 0) 0x7f027c004160 con 0x7f028c105ec0
2023-07-21T22:07:33.918 INFO:teuthology.orchestra.run.smithi086.stdout:/usr/bin/ceph: stderr
2023-07-21T22:07:33.304+0000 7f0291496700 1 -- 172.21.15.86:0/22451474 <== mon.0 v2:172.21.15.86:3300/0 2 ==== config(26 keys) v1 ==== 1105+0+0 (secure 0 0 0) 0x7f027c0042c0 con 0x7f028c105ec0
2023-07-21T22:07:33.919 INFO:teuthology.orchestra.run.smithi086.stdout:/usr/bin/ceph: stderr
2023-07-21T22:07:33.304+0000 7f0291496700 1 -- 172.21.15.86:0/22451474 <== mon.0 v2:172.21.15.86:3300/0 3 ==== mon_map magic: 0 v1 ==== 205+0+0 (secure 0 0 0) 0x7f027c0119b0 con 0x7f028c105ec0
2023-07-21T22:07:33.919 INFO:teuthology.orchestra.run.smithi086.stdout:/usr/bin/ceph: stderr
2023-07-21T22:07:33.305+0000 7f02946fc700 1 -- 172.21.15.86:0/22451474 >> [v2:172.21.15.86:3300/0,v1:172.21.15.86:6789/0] conn(0x7f028c105ec0 msgr2=0x7f028c1082a0 secure :-1 s=STATE_CONNECTION_ESTABLISHED l=1).mark_down
2023-07-21T22:07:33.919 INFO:teuthology.orchestra.run.smithi086.stdout:/usr/bin/ceph: stderr
2023-07-21T22:07:33.305+0000 7f02946fc700 1 --2- 172.21.15.86:0/22451474 >> [v2:172.21.15.86:3300/0,v1:172.21.15.86:6789/0] conn(0x7f028c105ec0 0x7f028c1082a0 secure :-1 s=READY pgs=74 cs=0 l=1 rev1=1 crypto rx=0x7f027c0098a0 tx=0x7f027c009bb0 comp rx=0 tx=0).stop
2023-07-21T22:07:33.919 INFO:teuthology.orchestra.run.smithi086.stdout:/usr/bin/ceph: stderr
2023-07-21T22:07:33.305+0000 7f02946fc700 1 -- 172.21.15.86:0/22451474 shutdown_connections
2023-07-21T22:07:33.919 INFO:teuthology.orchestra.run.smithi086.stdout:/usr/bin/ceph: stderr
2023-07-21T22:07:33.305+0000 7f02946fc700 1 --2- 172.21.15.86:0/22451474 >> [v2:172.21.15.86:3300/0,v1:172.21.15.86:6789/0] conn(0x7f028c105ec0 0x7f028c1082a0 unknown :-1 s=CLOSED pgs=74 cs=0 l=1 rev1=1 crypto rx=0 tx=0 comp rx=0 tx=0).stop
2023-07-21T22:07:33.919 INFO:teuthology.orchestra.run.smithi086.stdout:/usr/bin/ceph: stderr
2023-07-21T22:07:33.305+0000 7f02946fc700 1 -- 172.21.15.86:0/22451474 >> 172.21.15.86:0/22451474 conn(0x7f028c0ff860 msgr2=0x7f028c101cd0 unknown :-1 s=STATE_NONE l=0).mark_down
2023-07-21T22:07:33.919 INFO:teuthology.orchestra.run.smithi086.stdout:/usr/bin/ceph: stderr
2023-07-21T22:07:33.305+0000 7f02946fc700 1 -- 172.21.15.86:0/22451474 shutdown_connections
2023-07-21T22:07:33.920 INFO:teuthology.orchestra.run.smithi086.stdout:/usr/bin/ceph: stderr
2023-07-21T22:07:33.305+0000 7f02946fc700 1 -- 172.21.15.86:0/22451474 wait complete.
2023-07-21T22:07:33.920 INFO:teuthology.orchestra.run.smithi086.stdout:/usr/bin/ceph: stderr
2023-07-21T22:07:33.306+0000 7f02946fc700 1 Processor -- start
2023-07-21T22:07:33.920 INFO:teuthology.orchestra.run.smithi086.stdout:/usr/bin/ceph: stderr
2023-07-21T22:07:33.306+0000 7f02946fc700 1 -- start start
2023-07-21T22:07:33.920 INFO:teuthology.orchestra.run.smithi086.stdout:/usr/bin/ceph: stderr
2023-07-21T22:07:33.306+0000 7f02946fc700 1 --2- >> [v2:172.21.15.86:3300/0,v1:172.21.15.86:6789/0] conn(0x7f028c105ec0 0x7f028c199100 unknown :-1 s=NONE pgs=0 cs=0 l=1 rev1=0 crypto rx=0 tx=0 comp rx=0 tx=0).connect
2023-07-21T22:07:33.920 INFO:teuthology.orchestra.run.smithi086.stdout:/usr/bin/ceph: stderr
2023-07-21T22:07:33.306+0000 7f02946fc700 1 -- --> [v2:172.21.15.86:3300/0,v1:172.21.15.86:6789/0] -- mon_getmap magic: 0 v1 -- 0x7f028c199640 con 0x7f028c105ec0
2023-07-21T22:07:33.920 INFO:teuthology.orchestra.run.smithi086.stdout:/usr/bin/ceph: stderr
2023-07-21T22:07:33.306+0000 7f0292498700 1 --2- >> [v2:172.21.15.86:3300/0,v1:172.21.15.86:6789/0] conn(0x7f028c105ec0 0x7f028c199100 unknown :-1 s=BANNER_CONNECTING pgs=0 cs=0 l=1 rev1=0 crypto rx=0 tx=0 comp rx=0 tx=0)._handle_peer_banner_payload supported=3 required=0
2023-07-21T22:07:33.920 INFO:teuthology.orchestra.run.smithi086.stdout:/usr/bin/ceph: stderr
2023-07-21T22:07:33.306+0000 7f0292498700 1 --2- >> [v2:172.21.15.86:3300/0,v1:172.21.15.86:6789/0] conn(0x7f028c105ec0 0x7f028c199100 unknown :-1 s=HELLO_CONNECTING pgs=0 cs=0 l=1 rev1=1 crypto rx=0 tx=0 comp rx=0 tx=0).handle_hello peer v2:172.21.15.86:3300/0 says I am v2:172.21.15.86:53280/0 (socket says 172.21.15.86:53280)
2023-07-21T22:07:33.920 INFO:teuthology.orchestra.run.smithi086.stdout:/usr/bin/ceph: stderr
2023-07-21T22:07:33.306+0000 7f0292498700 1 -- 172.21.15.86:0/907643034 learned_addr learned my addr 172.21.15.86:0/907643034 (peer_addr_for_me v2:172.21.15.86:0/0)
2023-07-21T22:07:33.921 INFO:teuthology.orchestra.run.smithi086.stdout:/usr/bin/ceph: stderr
2023-07-21T22:07:33.306+0000 7f0292498700 1 -- 172.21.15.86:0/907643034 --> [v2:172.21.15.86:3300/0,v1:172.21.15.86:6789/0] -- mon_subscribe({config=0+,monmap=0+}) v3 -- 0x7f027c009550 con 0x7f028c105ec0
2023-07-21T22:07:33.921 INFO:teuthology.orchestra.run.smithi086.stdout:/usr/bin/ceph: stderr
2023-07-21T22:07:33.306+0000 7f0292498700 1 --2- 172.21.15.86:0/907643034 >> [v2:172.21.15.86:3300/0,v1:172.21.15.86:6789/0] conn(0x7f028c105ec0 0x7f028c199100 secure :-1 s=READY pgs=75 cs=0 l=1 rev1=1 crypto rx=0x7f027c003e60 tx=0x7f027c011aa0 comp rx=0 tx=0).ready entity=mon.0 client_cookie=0 server_cookie=0 in_seq=0 out_seq=0
2023-07-21T22:07:33.921 INFO:teuthology.orchestra.run.smithi086.stdout:/usr/bin/ceph: stderr
2023-07-21T22:07:33.307+0000 7f02837fe700 1 -- 172.21.15.86:0/907643034 <== mon.0 v2:172.21.15.86:3300/0 1 ==== mon_map magic: 0 v1 ==== 205+0+0 (secure 0 0 0) 0x7f027c003970 con 0x7f028c105ec0
2023-07-21T22:07:33.921 INFO:teuthology.orchestra.run.smithi086.stdout:/usr/bin/ceph: stderr
2023-07-21T22:07:33.307+0000 7f02837fe700 1 -- 172.21.15.86:0/907643034 <== mon.0 v2:172.21.15.86:3300/0 2 ==== config(26 keys) v1 ==== 1105+0+0 (secure 0 0 0) 0x7f027c003ad0 con 0x7f028c105ec0
2023-07-21T22:07:33.921 INFO:teuthology.orchestra.run.smithi086.stdout:/usr/bin/ceph: stderr
2023-07-21T22:07:33.307+0000 7f02946fc700 1 -- 172.21.15.86:0/907643034 --> [v2:172.21.15.86:3300/0,v1:172.21.15.86:6789/0] -- mon_subscribe({mgrmap=0+}) v3 -- 0x7f028c199840 con 0x7f028c105ec0
2023-07-21T22:07:33.922 INFO:teuthology.orchestra.run.smithi086.stdout:/usr/bin/ceph: stderr
2023-07-21T22:07:33.307+0000 7f02837fe700 1 -- 172.21.15.86:0/907643034 <== mon.0 v2:172.21.15.86:3300/0 3 ==== mon_map magic: 0 v1 ==== 205+0+0 (secure 0 0 0) 0x7f027c0195e0 con 0x7f028c105ec0
2023-07-21T22:07:33.922 INFO:teuthology.orchestra.run.smithi086.stdout:/usr/bin/ceph: stderr
2023-07-21T22:07:33.307+0000 7f02946fc700 1 -- 172.21.15.86:0/907643034 --> [v2:172.21.15.86:3300/0,v1:172.21.15.86:6789/0] -- mon_subscribe({osdmap=0}) v3 -- 0x7f028c199c60 con 0x7f028c105ec0
2023-07-21T22:07:33.922 INFO:teuthology.orchestra.run.smithi086.stdout:/usr/bin/ceph: stderr
2023-07-21T22:07:33.308+0000 7f02837fe700 1 -- 172.21.15.86:0/907643034 <== mon.0 v2:172.21.15.86:3300/0 4 ==== mgrmap(e 12) v1 ==== 45496+0+0 (secure 0 0 0) 0x7f027c0198a0 con 0x7f028c105ec0
2023-07-21T22:07:33.922 INFO:teuthology.orchestra.run.smithi086.stdout:/usr/bin/ceph: stderr
2023-07-21T22:07:33.308+0000 7f02946fc700 1 -- 172.21.15.86:0/907643034 --> [v2:172.21.15.86:3300/0,v1:172.21.15.86:6789/0] -- mon_command({"prefix": "get_command_descriptions"} v 0) v1 -- 0x7f028c061b40 con 0x7f028c105ec0
2023-07-21T22:07:33.922 INFO:teuthology.orchestra.run.smithi086.stdout:/usr/bin/ceph: stderr
2023-07-21T22:07:33.308+0000 7f02837fe700 1 --2- 172.21.15.86:0/907643034 >> [v2:172.21.15.86:6800/1510950581,v1:172.21.15.86:6801/1510950581] conn(0x7f0278038710 0x7f027803abc0 unknown :-1 s=NONE pgs=0 cs=0 l=1 rev1=0 crypto rx=0 tx=0 comp rx=0 tx=0).connect
2023-07-21T22:07:33.922 INFO:teuthology.orchestra.run.smithi086.stdout:/usr/bin/ceph: stderr
2023-07-21T22:07:33.308+0000 7f02837fe700 1 -- 172.21.15.86:0/907643034 <== mon.0 v2:172.21.15.86:3300/0 5 ==== osd_map(3..3 src has 1..3) v4 ==== 1155+0+0 (secure 0 0 0) 0x7f027c04ca40 con 0x7f028c105ec0
2023-07-21T22:07:33.922 INFO:teuthology.orchestra.run.smithi086.stdout:/usr/bin/ceph: stderr
2023-07-21T22:07:33.308+0000 7f0291c97700 1 --2- 172.21.15.86:0/907643034 >> [v2:172.21.15.86:6800/1510950581,v1:172.21.15.86:6801/1510950581] conn(0x7f0278038710 0x7f027803abc0 unknown :-1 s=BANNER_CONNECTING pgs=0 cs=0 l=1 rev1=0 crypto rx=0 tx=0 comp rx=0 tx=0)._handle_peer_banner_payload supported=3 required=0
2023-07-21T22:07:33.922 INFO:teuthology.orchestra.run.smithi086.stdout:/usr/bin/ceph: stderr
2023-07-21T22:07:33.308+0000 7f0291c97700 1 --2- 172.21.15.86:0/907643034 >> [v2:172.21.15.86:6800/1510950581,v1:172.21.15.86:6801/1510950581] conn(0x7f0278038710 0x7f027803abc0 secure :-1 s=READY pgs=10 cs=0 l=1 rev1=1 crypto rx=0x7f0288006fd0 tx=0x7f0288006e40 comp rx=0 tx=0).ready entity=mgr.14150 client_cookie=0 server_cookie=0 in_seq=0 out_seq=0
2023-07-21T22:07:33.923 INFO:teuthology.orchestra.run.smithi086.stdout:/usr/bin/ceph: stderr
2023-07-21T22:07:33.313+0000 7f02837fe700 1 -- 172.21.15.86:0/907643034 <== mon.0 v2:172.21.15.86:3300/0 6 ==== mon_command_ack([{"prefix": "get_command_descriptions"}]=0 v0) v1 ==== 72+0+178008 (secure 0 0 0) 0x7f027c003c40 con 0x7f028c105ec0
2023-07-21T22:07:33.923 INFO:teuthology.orchestra.run.smithi086.stdout:/usr/bin/ceph: stderr
2023-07-21T22:07:33.500+0000 7f02946fc700 1 -- 172.21.15.86:0/907643034 --> [v2:172.21.15.86:3300/0,v1:172.21.15.86:6789/0] -- mon_command([{prefix=config set, name=osd_memory_target_autotune}] v 0) v1 -- 0x7f028c19cac0 con 0x7f028c105ec0
