2023-07-21T22:09:09.484+0000 7f79aeffd700 1 --2- >> [v2:172.21.15.151:3300/0,v1:172.21.15.151:6789/0] conn(0x7f79b007be10 0x7f79b019b1a0 unknown :-1 s=HELLO_CONNECTING pgs=0 cs=0 l=1 rev1=1 crypto rx=0 tx=0 comp rx=0 tx=0).handle_hello peer v2:172.21.15.151:3300/0 says I am v2:172.21.15.151:42624/0 (socket says 172.21.15.151:42624)
2023-07-21T22:09:17.101 INFO:teuthology.orchestra.run.smithi151.stdout:/usr/bin/ceph: stderr
2023-07-21T22:09:09.484+0000 7f79aeffd700 1 -- 172.21.15.151:0/3403877368 learned_addr learned my addr 172.21.15.151:0/3403877368 (peer_addr_for_me v2:172.21.15.151:0/0)
2023-07-21T22:09:17.101 INFO:teuthology.orchestra.run.smithi151.stdout:/usr/bin/ceph: stderr
2023-07-21T22:09:09.484+0000 7f79aeffd700 1 -- 172.21.15.151:0/3403877368 --> [v2:172.21.15.151:3300/0,v1:172.21.15.151:6789/0] -- mon_subscribe({config=0+,monmap=0+}) v3 -- 0x7f79a0009550 con 0x7f79b007be10
2023-07-21T22:09:17.102 INFO:teuthology.orchestra.run.smithi151.stdout:/usr/bin/ceph: stderr
2023-07-21T22:09:09.484+0000 7f79aeffd700 1 --2- 172.21.15.151:0/3403877368 >> [v2:172.21.15.151:3300/0,v1:172.21.15.151:6789/0] conn(0x7f79b007be10 0x7f79b019b1a0 secure :-1 s=READY pgs=29 cs=0 l=1 rev1=1 crypto rx=0x7f79a0000c00 tx=0x7f79a0004250 comp rx=0 tx=0).ready entity=mon.0 client_cookie=0 server_cookie=0 in_seq=0 out_seq=0
2023-07-21T22:09:17.102 INFO:teuthology.orchestra.run.smithi151.stdout:/usr/bin/ceph: stderr
2023-07-21T22:09:09.484+0000 7f7997fff700 1 -- 172.21.15.151:0/3403877368 <== mon.0 v2:172.21.15.151:3300/0 1 ==== mon_map magic: 0 v1 ==== 205+0+0 (secure 0 0 0) 0x7f79a00036a0 con 0x7f79b007be10
2023-07-21T22:09:17.102 INFO:teuthology.orchestra.run.smithi151.stdout:/usr/bin/ceph: stderr
2023-07-21T22:09:09.484+0000 7f7997fff700 1 -- 172.21.15.151:0/3403877368 <== mon.0 v2:172.21.15.151:3300/0 2 ==== config(25 keys) v1 ==== 1036+0+0 (secure 0 0 0) 0x7f79a0003c70 con 0x7f79b007be10
2023-07-21T22:09:17.102 INFO:teuthology.orchestra.run.smithi151.stdout:/usr/bin/ceph: stderr
2023-07-21T22:09:09.484+0000 7f79b5658700 1 -- 172.21.15.151:0/3403877368 --> [v2:172.21.15.151:3300/0,v1:172.21.15.151:6789/0] -- mon_subscribe({mgrmap=0+}) v3 -- 0x7f79b019b8e0 con 0x7f79b007be10
2023-07-21T22:09:17.102 INFO:teuthology.orchestra.run.smithi151.stdout:/usr/bin/ceph: stderr
2023-07-21T22:09:09.484+0000 7f7997fff700 1 -- 172.21.15.151:0/3403877368 <== mon.0 v2:172.21.15.151:3300/0 3 ==== mon_map magic: 0 v1 ==== 205+0+0 (secure 0 0 0) 0x7f79a0024d70 con 0x7f79b007be10
2023-07-21T22:09:17.103 INFO:teuthology.orchestra.run.smithi151.stdout:/usr/bin/ceph: stderr
2023-07-21T22:09:09.485+0000 7f79b5658700 1 -- 172.21.15.151:0/3403877368 --> [v2:172.21.15.151:3300/0,v1:172.21.15.151:6789/0] -- mon_subscribe({osdmap=0}) v3 -- 0x7f79b019bd00 con 0x7f79b007be10
2023-07-21T22:09:17.103 INFO:teuthology.orchestra.run.smithi151.stdout:/usr/bin/ceph: stderr
2023-07-21T22:09:09.486+0000 7f7997fff700 1 -- 172.21.15.151:0/3403877368 <== mon.0 v2:172.21.15.151:3300/0 4 ==== mgrmap(e 5) v1 ==== 45483+0+0 (secure 0 0 0) 0x7f79a001a480 con 0x7f79b007be10
2023-07-21T22:09:17.103 INFO:teuthology.orchestra.run.smithi151.stdout:/usr/bin/ceph: stderr
2023-07-21T22:09:09.486+0000 7f7997fff700 1 --2- 172.21.15.151:0/3403877368 >> [v2:172.21.15.151:6800/4032529407,v1:172.21.15.151:6801/4032529407] conn(0x7f7998038710 0x7f799803abc0 unknown :-1 s=NONE pgs=0 cs=0 l=1 rev1=0 crypto rx=0 tx=0 comp rx=0 tx=0).connect
2023-07-21T22:09:17.103 INFO:teuthology.orchestra.run.smithi151.stdout:/usr/bin/ceph: stderr
2023-07-21T22:09:09.486+0000 7f7997fff700 1 -- 172.21.15.151:0/3403877368 --> [v2:172.21.15.151:6800/4032529407,v1:172.21.15.151:6801/4032529407] -- command(tid 0: {"prefix": "get_command_descriptions"}) v1 -- 0x7f799803b2d0 con 0x7f7998038710
2023-07-21T22:09:17.104 INFO:teuthology.orchestra.run.smithi151.stdout:/usr/bin/ceph: stderr
2023-07-21T22:09:09.486+0000 7f7997fff700 1 -- 172.21.15.151:0/3403877368 <== mon.0 v2:172.21.15.151:3300/0 5 ==== osd_map(1..1 src has 1..1) v4 ==== 725+0+0 (secure 0 0 0) 0x7f79a004c500 con 0x7f79b007be10
2023-07-21T22:09:17.104 INFO:teuthology.orchestra.run.smithi151.stdout:/usr/bin/ceph: stderr
2023-07-21T22:09:09.486+0000 7f79ae7fc700 1 -- 172.21.15.151:0/3403877368 >> [v2:172.21.15.151:6800/4032529407,v1:172.21.15.151:6801/4032529407] conn(0x7f7998038710 msgr2=0x7f799803abc0 unknown :-1 s=STATE_CONNECTING_RE l=1).process reconnect failed to v2:172.21.15.151:6800/4032529407
2023-07-21T22:09:17.104 INFO:teuthology.orchestra.run.smithi151.stdout:/usr/bin/ceph: stderr
2023-07-21T22:09:09.486+0000 7f79ae7fc700 1 --2- 172.21.15.151:0/3403877368 >> [v2:172.21.15.151:6800/4032529407,v1:172.21.15.151:6801/4032529407] conn(0x7f7998038710 0x7f799803abc0 unknown :-1 s=START_CONNECT pgs=0 cs=0 l=1 rev1=0 crypto rx=0 tx=0 comp rx=0 tx=0)._fault waiting 0.200000
2023-07-21T22:09:17.104 INFO:teuthology.orchestra.run.smithi151.stdout:/usr/bin/ceph: stderr
2023-07-21T22:09:09.687+0000 7f79ae7fc700 1 -- 172.21.15.151:0/3403877368 >> [v2:172.21.15.151:6800/4032529407,v1:172.21.15.151:6801/4032529407] conn(0x7f7998038710 msgr2=0x7f799803abc0 unknown :-1 s=STATE_CONNECTING_RE l=1).process reconnect failed to v2:172.21.15.151:6800/4032529407
2023-07-21T22:09:17.104 INFO:teuthology.orchestra.run.smithi151.stdout:/usr/bin/ceph: stderr
2023-07-21T22:09:09.687+0000 7f79ae7fc700 1 --2- 172.21.15.151:0/3403877368 >> [v2:172.21.15.151:6800/4032529407,v1:172.21.15.151:6801/4032529407] conn(0x7f7998038710 0x7f799803abc0 unknown :-1 s=START_CONNECT pgs=0 cs=0 l=1 rev1=0 crypto rx=0 tx=0 comp rx=0 tx=0)._fault waiting 0.400000
2023-07-21T22:09:17.104 INFO:teuthology.orchestra.run.smithi151.stdout:/usr/bin/ceph: stderr
2023-07-21T22:09:10.088+0000 7f79ae7fc700 1 -- 172.21.15.151:0/3403877368 >> [v2:172.21.15.151:6800/4032529407,v1:172.21.15.151:6801/4032529407] conn(0x7f7998038710 msgr2=0x7f799803abc0 unknown :-1 s=STATE_CONNECTING_RE l=1).process reconnect failed to v2:172.21.15.151:6800/4032529407
2023-07-21T22:09:17.105 INFO:teuthology.orchestra.run.smithi151.stdout:/usr/bin/ceph: stderr
2023-07-21T22:09:10.088+0000 7f79ae7fc700 1 --2- 172.21.15.151:0/3403877368 >> [v2:172.21.15.151:6800/4032529407,v1:172.21.15.151:6801/4032529407] conn(0x7f7998038710 0x7f799803abc0 unknown :-1 s=START_CONNECT pgs=0 cs=0 l=1 rev1=0 crypto rx=0 tx=0 comp rx=0 tx=0)._fault waiting 0.800000
2023-07-21T22:09:17.105 INFO:teuthology.orchestra.run.smithi151.stdout:/usr/bin/ceph: stderr
2023-07-21T22:09:10.889+0000 7f79ae7fc700 1 -- 172.21.15.151:0/3403877368 >> [v2:172.21.15.151:6800/4032529407,v1:172.21.15.151:6801/4032529407] conn(0x7f7998038710 msgr2=0x7f799803abc0 unknown :-1 s=STATE_CONNECTING_RE l=1).process reconnect failed to v2:172.21.15.151:6800/4032529407
2023-07-21T22:09:17.105 INFO:teuthology.orchestra.run.smithi151.stdout:/usr/bin/ceph: stderr
2023-07-21T22:09:10.889+0000 7f79ae7fc700 1 --2- 172.21.15.151:0/3403877368 >> [v2:172.21.15.151:6800/4032529407,v1:172.21.15.151:6801/4032529407] conn(0x7f7998038710 0x7f799803abc0 unknown :-1 s=START_CONNECT pgs=0 cs=0 l=1 rev1=0 crypto rx=0 tx=0 comp rx=0 tx=0)._fault waiting 1.600000
2023-07-21T22:09:17.105 INFO:teuthology.orchestra.run.smithi151.stdout:/usr/bin/ceph: stderr
2023-07-21T22:09:12.490+0000 7f79ae7fc700 1 -- 172.21.15.151:0/3403877368 >> [v2:172.21.15.151:6800/4032529407,v1:172.21.15.151:6801/4032529407] conn(0x7f7998038710 msgr2=0x7f799803abc0 unknown :-1 s=STATE_CONNECTING_RE l=1).process reconnect failed to v2:172.21.15.151:6800/4032529407
2023-07-21T22:09:17.105 INFO:teuthology.orchestra.run.smithi151.stdout:/usr/bin/ceph: stderr
2023-07-21T22:09:12.490+0000 7f79ae7fc700 1 --2- 172.21.15.151:0/3403877368 >> [v2:172.21.15.151:6800/4032529407,v1:172.21.15.151:6801/4032529407] conn(0x7f7998038710 0x7f799803abc0 unknown :-1 s=START_CONNECT pgs=0 cs=0 l=1 rev1=0 crypto rx=0 tx=0 comp rx=0 tx=0)._fault waiting 3.200000
2023-07-21T22:09:17.105 INFO:teuthology.orchestra.run.smithi151.stdout:/usr/bin/ceph: stderr
2023-07-21T22:09:15.558+0000 7f7997fff700 1 -- 172.21.15.151:0/3403877368 <== mon.0 v2:172.21.15.151:3300/0 6 ==== mgrmap(e 6) v1 ==== 45250+0+0 (secure 0 0 0) 0x7f79a001a910 con 0x7f79b007be10
2023-07-21T22:09:17.105 INFO:teuthology.orchestra.run.smithi151.stdout:/usr/bin/ceph: stderr
2023-07-21T22:09:15.558+0000 7f7997fff700 1 -- 172.21.15.151:0/3403877368 >> [v2:172.21.15.151:6800/4032529407,v1:172.21.15.151:6801/4032529407] conn(0x7f7998038710 msgr2=0x7f799803abc0 unknown :-1 s=STATE_CONNECTING l=1).mark_down
2023-07-21T22:09:17.105 INFO:teuthology.orchestra.run.smithi151.stdout:/usr/bin/ceph: stderr
2023-07-21T22:09:15.558+0000 7f7997fff700 1 --2- 172.21.15.151:0/3403877368 >> [v2:172.21.15.151:6800/4032529407,v1:172.21.15.151:6801/4032529407] conn(0x7f7998038710 0x7f799803abc0 unknown :-1 s=START_CONNECT pgs=0 cs=0 l=1 rev1=0 crypto rx=0 tx=0 comp rx=0 tx=0).stop
2023-07-21T22:09:17.106 INFO:teuthology.orchestra.run.smithi151.stdout:/usr/bin/ceph: stderr
2023-07-21T22:09:16.560+0000 7f7997fff700 1 -- 172.21.15.151:0/3403877368 <== mon.0 v2:172.21.15.151:3300/0 7 ==== mgrmap(e 7) v1 ==== 45377+0+0 (secure 0 0 0) 0x7f79a001ac90 con 0x7f79b007be10
2023-07-21T22:09:17.106 INFO:teuthology.orchestra.run.smithi151.stdout:/usr/bin/ceph: stderr
2023-07-21T22:09:16.560+0000 7f7997fff700 1 --2- 172.21.15.151:0/3403877368 >> [v2:172.21.15.151:6800/191414094,v1:172.21.15.151:6801/191414094] conn(0x7f799803bfe0 0x7f799803e3c0 unknown :-1 s=NONE pgs=0 cs=0 l=1 rev1=0 crypto rx=0 tx=0 comp rx=0 tx=0).connect
2023-07-21T22:09:17.106 INFO:teuthology.orchestra.run.smithi151.stdout:/usr/bin/ceph: stderr
2023-07-21T22:09:16.560+0000 7f7997fff700 1 -- 172.21.15.151:0/3403877368 --> [v2:172.21.15.151:6800/191414094,v1:172.21.15.151:6801/191414094] -- command(tid 0: {"prefix": "get_command_descriptions"}) v1 -- 0x7f799803b2d0 con 0x7f799803bfe0
2023-07-21T22:09:17.106 INFO:teuthology.orchestra.run.smithi151.stdout:/usr/bin/ceph: stderr
2023-07-21T22:09:16.561+0000 7f79ae7fc700 1 --2- 172.21.15.151:0/3403877368 >> [v2:172.21.15.151:6800/191414094,v1:172.21.15.151:6801/191414094] conn(0x7f799803bfe0 0x7f799803e3c0 unknown :-1 s=BANNER_CONNECTING pgs=0 cs=0 l=1 rev1=0 crypto rx=0 tx=0 comp rx=0 tx=0)._handle_peer_banner_payload supported=3 required=0
2023-07-21T22:09:17.106 INFO:teuthology.orchestra.run.smithi151.stdout:/usr/bin/ceph: stderr
2023-07-21T22:09:16.562+0000 7f79ae7fc700 1 --2- 172.21.15.151:0/3403877368 >> [v2:172.21.15.151:6800/191414094,v1:172.21.15.151:6801/191414094] conn(0x7f799803bfe0 0x7f799803e3c0 secure :-1 s=READY pgs=1 cs=0 l=1 rev1=1 crypto rx=0x7f79a4003a10 tx=0x7f79a4009290 comp rx=0 tx=0).ready entity=mgr.14120 client_cookie=0 server_cookie=0 in_seq=0 out_seq=0
2023-07-21T22:09:17.106 INFO:teuthology.orchestra.run.smithi151.stdout:/usr/bin/ceph: stderr
2023-07-21T22:09:16.563+0000 7f7997fff700 1 -- 172.21.15.151:0/3403877368 <== mgr.14120 v2:172.21.15.151:6800/191414094 1 ==== command_reply(tid 0: 0 ) v1 ==== 8+0+6910 (secure 0 0 0) 0x7f799803b2d0 con 0x7f799803bfe0
2023-07-21T22:09:17.106 INFO:teuthology.orchestra.run.smithi151.stdout:/usr/bin/ceph: stderr
2023-07-21T22:09:16.569+0000 7f79b5658700 1 -- 172.21.15.151:0/3403877368 --> [v2:172.21.15.151:6800/191414094,v1:172.21.15.151:6801/191414094] -- command(tid 1: {"prefix": "mgr_status"}) v1 -- 0x7f79b019c4e0 con 0x7f799803bfe0
2023-07-21T22:09:17.107 INFO:teuthology.orchestra.run.smithi151.stdout:/usr/bin/ceph: stderr
2023-07-21T22:09:16.570+0000 7f7997fff700 1 -- 172.21.15.151:0/3403877368 <== mgr.14120 v2:172.21.15.151:6800/191414094 2 ==== command_reply(tid 1: 0 ) v1 ==== 8+0+51 (secure 0 0 0) 0x7f79b019c4e0 con 0x7f799803bfe0
2023-07-21T22:09:17.107 INFO:teuthology.orchestra.run.smithi151.stdout:/usr/bin/ceph: stderr
2023-07-21T22:09:16.570+0000 7f79b5658700 1 -- 172.21.15.151:0/3403877368 >> [v2:172.21.15.151:6800/191414094,v1:172.21.15.151:6801/191414094] conn(0x7f799803bfe0 msgr2=0x7f799803e3c0 secure :-1 s=STATE_CONNECTION_ESTABLISHED l=1).mark_down
2023-07-21T22:09:17.107 INFO:teuthology.orchestra.run.smithi151.stdout:/usr/bin/ceph: stderr
2023-07-21T22:09:16.570+0000 7f79b5658700 1 --2- 172.21.15.151:0/3403877368 >> [v2:172.21.15.151:6800/191414094,v1:172.21.15.151:6801/191414094] conn(0x7f799803bfe0 0x7f799803e3c0 secure :-1 s=READY pgs=1 cs=0 l=1 rev1=1 crypto rx=0x7f79a4003a10 tx=0x7f79a4009290 comp rx=0 tx=0).stop
2023-07-21T22:09:17.107 INFO:teuthology.orchestra.run.smithi151.stdout:/usr/bin/ceph: stderr
2023-07-21T22:09:16.570+0000 7f79b5658700 1 -- 172.21.15.151:0/3403877368 >> [v2:172.21.15.151:3300/0,v1:172.21.15.151:6789/0] conn(0x7f79b007be10 msgr2=0x7f79b019b1a0 secure :-1 s=STATE_CONNECTION_ESTABLISHED l=1).mark_down
2023-07-21T22:09:17.107 INFO:teuthology.orchestra.run.smithi151.stdout:/usr/bin/ceph: stderr
2023-07-21T22:09:16.570+0000 7f79b5658700 1 --2- 172.21.15.151:0/3403877368 >> [v2:172.21.15.151:3300/0,v1:172.21.15.151:6789/0] conn(0x7f79b007be10 0x7f79b019b1a0 secure :-1 s=READY pgs=29 cs=0 l=1 rev1=1 crypto rx=0x7f79a0000c00 tx=0x7f79a0004250 comp rx=0 tx=0).stop
2023-07-21T22:09:17.107 INFO:teuthology.orchestra.run.smithi151.stdout:/usr/bin/ceph: stderr
2023-07-21T22:09:16.570+0000 7f79b5658700 1 -- 172.21.15.151:0/3403877368 shutdown_connections
2023-07-21T22:09:17.107 INFO:teuthology.orchestra.run.smithi151.stdout:/usr/bin/ceph: stderr
2023-07-21T22:09:16.570+0000 7f79b5658700 1 --2- 172.21.15.151:0/3403877368 >> [v2:172.21.15.151:3300/0,v1:172.21.15.151:6789/0] conn(0x7f79b007be10 0x7f79b019b1a0 unknown :-1 s=CLOSED pgs=29 cs=0 l=1 rev1=1 crypto rx=0 tx=0 comp rx=0 tx=0).stop
2023-07-21T22:09:17.107 INFO:teuthology.orchestra.run.smithi151.stdout:/usr/bin/ceph: stderr
2023-07-21T22:09:16.570+0000 7f79b5658700 1 --2- 172.21.15.151:0/3403877368 >> [v2:172.21.15.151:6800/191414094,v1:172.21.15.151:6801/191414094] conn(0x7f799803bfe0 0x7f799803e3c0 unknown :-1 s=CLOSED pgs=1 cs=0 l=1 rev1=1 crypto rx=0 tx=0 comp rx=0 tx=0).stop
2023-07-21T22:09:17.108 INFO:teuthology.orchestra.run.smithi151.stdout:/usr/bin/ceph: stderr
2023-07-21T22:09:16.570+0000 7f79b5658700 1 --2- 172.21.15.151:0/3403877368 >> [v2:172.21.15.151:6800/4032529407,v1:172.21.15.151:6801/4032529407] conn(0x7f7998038710 0x7f799803abc0 unknown :-1 s=CLOSED pgs=0 cs=0 l=1 rev1=0 crypto rx=0 tx=0 comp rx=0 tx=0).stop
2023-07-21T22:09:17.108 INFO:teuthology.orchestra.run.smithi151.stdout:/usr/bin/ceph: stderr
2023-07-21T22:09:16.570+0000 7f79b5658700 1 -- 172.21.15.151:0/3403877368 >> 172.21.15.151:0/3403877368 conn(0x7f79b0100900 msgr2=0x7f79b0102000 unknown :-1 s=STATE_NONE l=0).mark_down
2023-07-21T22:09:17.108 INFO:teuthology.orchestra.run.smithi151.stdout:/usr/bin/ceph: stderr
2023-07-21T22:09:16.570+0000 7f79b5658700 1 -- 172.21.15.151:0/3403877368 shutdown_connections
2023-07-21T22:09:17.108 INFO:teuthology.orchestra.run.smithi151.stdout:/usr/bin/ceph: stderr
2023-07-21T22:09:16.570+0000 7f79b5658700 1 -- 172.21.15.151:0/3403877368 wait complete.
2023-07-21T22:09:17.108 INFO:teuthology.orchestra.run.smithi151.stdout:mgr epoch 5 is available
2023-07-21T22:09:17.109 INFO:teuthology.orchestra.run.smithi151.stdout:Setting orchestrator backend to cephadm...
2023-07-21T22:09:17.945 INFO:journalctl@ceph.mon.a.smithi151.stdout:Jul 21 22:09:17 smithi151 ceph-mon[95510]: from='client.14124 -' entity='client.admin' cmd=[{"prefix": "get_command_descriptions"}]: dispatch
2023-07-21T22:09:17.946 INFO:journalctl@ceph.mon.a.smithi151.stdout:Jul 21 22:09:17 smithi151 ceph-mon[95510]: from='client.14124 -' entity='client.admin' cmd=[{"prefix": "mgr_status"}]: dispatch
2023-07-21T22:09:17.946 INFO:journalctl@ceph.mon.a.smithi151.stdout:Jul 21 22:09:17 smithi151 ceph-mon[95510]: [21/Jul/2023:22:09:16] ENGINE Bus STARTING
2023-07-21T22:09:17.946 INFO:journalctl@ceph.mon.a.smithi151.stdout:Jul 21 22:09:17 smithi151 ceph-mon[95510]: [21/Jul/2023:22:09:16] ENGINE Serving on https://172.21.15.151:7150
2023-07-21T22:09:17.946 INFO:journalctl@ceph.mon.a.smithi151.stdout:Jul 21 22:09:17 smithi151 ceph-mon[95510]: [21/Jul/2023:22:09:16] ENGINE Serving on http://172.21.15.151:8765
2023-07-21T22:09:17.946 INFO:journalctl@ceph.mon.a.smithi151.stdout:Jul 21 22:09:17 smithi151 ceph-mon[95510]: [21/Jul/2023:22:09:16] ENGINE Bus STARTED
2023-07-21T22:09:17.947 INFO:journalctl@ceph.mon.a.smithi151.stdout:Jul 21 22:09:17 smithi151 ceph-mon[95510]: from='mgr.14120 172.21.15.151:0/1288984982' entity='mgr.x' cmd=[{"prefix": "config dump", "format": "json"}]: dispatch
2023-07-21T22:09:18.479 INFO:teuthology.orchestra.run.smithi151.stdout:/usr/bin/ceph: stderr
2023-07-21T22:09:17.723+0000 7f6ea0c4c700 1 Processor -- start
2023-07-21T22:09:18.479 INFO:teuthology.orchestra.run.smithi151.stdout:/usr/bin/ceph: stderr
2023-07-21T22:09:17.724+0000 7f6ea0c4c700 1 -- start start
2023-07-21T22:09:18.479 INFO:teuthology.orchestra.run.smithi151.stdout:/usr/bin/ceph: stderr
2023-07-21T22:09:17.724+0000 7f6ea0c4c700 1 --2- >> [v2:172.21.15.151:3300/0,v1:172.21.15.151:6789/0] conn(0x7f6e9c07be10 0x7f6e9c07a310 unknown :-1 s=NONE pgs=0 cs=0 l=0 rev1=0 crypto rx=0 tx=0 comp rx=0 tx=0).connect
2023-07-21T22:09:18.479 INFO:teuthology.orchestra.run.smithi151.stdout:/usr/bin/ceph: stderr
2023-07-21T22:09:17.724+0000 7f6ea0c4c700 1 -- --> [v2:172.21.15.151:3300/0,v1:172.21.15.151:6789/0] -- mon_getmap magic: 0 v1 -- 0x7f6e9c07a850 con 0x7f6e9c07be10
2023-07-21T22:09:18.480 INFO:teuthology.orchestra.run.smithi151.stdout:/usr/bin/ceph: stderr
2023-07-21T22:09:17.724+0000 7f6e9a59c700 1 --2- >> [v2:172.21.15.151:3300/0,v1:172.21.15.151:6789/0] conn(0x7f6e9c07be10 0x7f6e9c07a310 unknown :-1 s=BANNER_CONNECTING pgs=0 cs=0 l=0 rev1=0 crypto rx=0 tx=0 comp rx=0 tx=0)._handle_peer_banner_payload supported=3 required=0
2023-07-21T22:09:18.480 INFO:teuthology.orchestra.run.smithi151.stdout:/usr/bin/ceph: stderr
2023-07-21T22:09:17.725+0000 7f6e9a59c700 1 --2- >> [v2:172.21.15.151:3300/0,v1:172.21.15.151:6789/0] conn(0x7f6e9c07be10 0x7f6e9c07a310 unknown :-1 s=HELLO_CONNECTING pgs=0 cs=0 l=0 rev1=1 crypto rx=0 tx=0 comp rx=0 tx=0).handle_hello peer v2:172.21.15.151:3300/0 says I am v2:172.21.15.151:41396/0 (socket says 172.21.15.151:41396)
2023-07-21T22:09:18.480 INFO:teuthology.orchestra.run.smithi151.stdout:/usr/bin/ceph: stderr
2023-07-21T22:09:17.725+0000 7f6e9a59c700 1 -- 172.21.15.151:0/879210264 learned_addr learned my addr 172.21.15.151:0/879210264 (peer_addr_for_me v2:172.21.15.151:0/0)
2023-07-21T22:09:18.480 INFO:teuthology.orchestra.run.smithi151.stdout:/usr/bin/ceph: stderr
2023-07-21T22:09:17.725+0000 7f6e9a59c700 1 -- 172.21.15.151:0/879210264 --> [v2:172.21.15.151:3300/0,v1:172.21.15.151:6789/0] -- mon_subscribe({config=0+,monmap=0+}) v3 -- 0x7f6e9c07a990 con 0x7f6e9c07be10
2023-07-21T22:09:18.480 INFO:teuthology.orchestra.run.smithi151.stdout:/usr/bin/ceph: stderr
2023-07-21T22:09:17.725+0000 7f6e9a59c700 1 --2- 172.21.15.151:0/879210264 >> [v2:172.21.15.151:3300/0,v1:172.21.15.151:6789/0] conn(0x7f6e9c07be10 0x7f6e9c07a310 secure :-1 s=READY pgs=37 cs=0 l=1 rev1=1 crypto rx=0x7f6e8c0098a0 tx=0x7f6e8c009bb0 comp rx=0 tx=0).ready entity=mon.0 client_cookie=ff28300b52379db0 server_cookie=0 in_seq=0 out_seq=0
2023-07-21T22:09:18.480 INFO:teuthology.orchestra.run.smithi151.stdout:/usr/bin/ceph: stderr
2023-07-21T22:09:17.725+0000 7f6e9959a700 1 -- 172.21.15.151:0/879210264 <== mon.0 v2:172.21.15.151:3300/0 1 ==== mon_map magic: 0 v1 ==== 205+0+0 (secure 0 0 0) 0x7f6e8c004160 con 0x7f6e9c07be10
2023-07-21T22:09:18.480 INFO:teuthology.orchestra.run.smithi151.stdout:/usr/bin/ceph: stderr
2023-07-21T22:09:17.725+0000 7f6e9959a700 1 -- 172.21.15.151:0/879210264 <== mon.0 v2:172.21.15.151:3300/0 2 ==== config(25 keys) v1 ==== 1036+0+0 (secure 0 0 0) 0x7f6e8c0042c0 con 0x7f6e9c07be10
2023-07-21T22:09:18.481 INFO:teuthology.orchestra.run.smithi151.stdout:/usr/bin/ceph: stderr
2023-07-21T22:09:17.725+0000 7f6e9959a700 1 -- 172.21.15.151:0/879210264 <== mon.0 v2:172.21.15.151:3300/0 3 ==== mon_map magic: 0 v1 ==== 205+0+0 (secure 0 0 0) 0x7f6e8c011940 con 0x7f6e9c07be10
2023-07-21T22:09:18.481 INFO:teuthology.orchestra.run.smithi151.stdout:/usr/bin/ceph: stderr
2023-07-21T22:09:17.726+0000 7f6ea0c4c700 1 -- 172.21.15.151:0/879210264 >> [v2:172.21.15.151:3300/0,v1:172.21.15.151:6789/0] conn(0x7f6e9c07be10 msgr2=0x7f6e9c07a310 secure :-1 s=STATE_CONNECTION_ESTABLISHED l=1).mark_down
2023-07-21T22:09:18.481 INFO:teuthology.orchestra.run.smithi151.stdout:/usr/bin/ceph: stderr
2023-07-21T22:09:17.726+0000 7f6ea0c4c700 1 --2- 172.21.15.151:0/879210264 >> [v2:172.21.15.151:3300/0,v1:172.21.15.151:6789/0] conn(0x7f6e9c07be10 0x7f6e9c07a310 secure :-1 s=READY pgs=37 cs=0 l=1 rev1=1 crypto rx=0x7f6e8c0098a0 tx=0x7f6e8c009bb0 comp rx=0 tx=0).stop
2023-07-21T22:09:18.481 INFO:teuthology.orchestra.run.smithi151.stdout:/usr/bin/ceph: stderr
2023-07-21T22:09:17.726+0000 7f6ea0c4c700 1 -- 172.21.15.151:0/879210264 shutdown_connections
2023-07-21T22:09:18.481 INFO:teuthology.orchestra.run.smithi151.stdout:/usr/bin/ceph: stderr
2023-07-21T22:09:17.726+0000 7f6ea0c4c700 1 --2- 172.21.15.151:0/879210264 >> [v2:172.21.15.151:3300/0,v1:172.21.15.151:6789/0] conn(0x7f6e9c07be10 0x7f6e9c07a310 unknown :-1 s=CLOSED pgs=37 cs=0 l=1 rev1=1 crypto rx=0 tx=0 comp rx=0 tx=0).stop
2023-07-21T22:09:18.481 INFO:teuthology.orchestra.run.smithi151.stdout:/usr/bin/ceph: stderr
2023-07-21T22:09:17.726+0000 7f6ea0c4c700 1 -- 172.21.15.151:0/879210264 >> 172.21.15.151:0/879210264 conn(0x7f6e9c100890 msgr2=0x7f6e9c102ca0 unknown :-1 s=STATE_NONE l=0).mark_down
2023-07-21T22:09:18.481 INFO:teuthology.orchestra.run.smithi151.stdout:/usr/bin/ceph: stderr
2023-07-21T22:09:17.726+0000 7f6ea0c4c700 1 -- 172.21.15.151:0/879210264 shutdown_connections
2023-07-21T22:09:18.482 INFO:teuthology.orchestra.run.smithi151.stdout:/usr/bin/ceph: stderr
2023-07-21T22:09:17.726+0000 7f6ea0c4c700 1 -- 172.21.15.151:0/879210264 wait complete.
2023-07-21T22:09:18.482 INFO:teuthology.orchestra.run.smithi151.stdout:/usr/bin/ceph: stderr
2023-07-21T22:09:17.727+0000 7f6ea0c4c700 1 Processor -- start
2023-07-21T22:09:18.482 INFO:teuthology.orchestra.run.smithi151.stdout:/usr/bin/ceph: stderr
2023-07-21T22:09:17.727+0000 7f6ea0c4c700 1 -- start start
2023-07-21T22:09:18.482 INFO:teuthology.orchestra.run.smithi151.stdout:/usr/bin/ceph: stderr
2023-07-21T22:09:17.728+0000 7f6ea0c4c700 1 --2- >> [v2:172.21.15.151:3300/0,v1:172.21.15.151:6789/0] conn(0x7f6e9c07be10 0x7f6e9c19b0a0 unknown :-1 s=NONE pgs=0 cs=0 l=1 rev1=0 crypto rx=0 tx=0 comp rx=0 tx=0).connect
2023-07-21T22:09:18.482 INFO:teuthology.orchestra.run.smithi151.stdout:/usr/bin/ceph: stderr
2023-07-21T22:09:17.728+0000 7f6ea0c4c700 1 -- --> [v2:172.21.15.151:3300/0,v1:172.21.15.151:6789/0] -- mon_getmap magic: 0 v1 -- 0x7f6e9c19b5e0 con 0x7f6e9c07be10
2023-07-21T22:09:18.482 INFO:teuthology.orchestra.run.smithi151.stdout:/usr/bin/ceph: stderr
2023-07-21T22:09:17.728+0000 7f6e9a59c700 1 --2- >> [v2:172.21.15.151:3300/0,v1:172.21.15.151:6789/0] conn(0x7f6e9c07be10 0x7f6e9c19b0a0 unknown :-1 s=BANNER_CONNECTING pgs=0 cs=0 l=1 rev1=0 crypto rx=0 tx=0 comp rx=0 tx=0)._handle_peer_banner_payload supported=3 required=0
2023-07-21T22:09:18.483 INFO:teuthology.orchestra.run.smithi151.stdout:/usr/bin/ceph: stderr
2023-07-21T22:09:17.728+0000 7f6e9a59c700 1 --2- >> [v2:172.21.15.151:3300/0,v1:172.21.15.151:6789/0] conn(0x7f6e9c07be10 0x7f6e9c19b0a0 unknown :-1 s=HELLO_CONNECTING pgs=0 cs=0 l=1 rev1=1 crypto rx=0 tx=0 comp rx=0 tx=0).handle_hello peer v2:172.21.15.151:3300/0 says I am v2:172.21.15.151:41398/0 (socket says 172.21.15.151:41398)
2023-07-21T22:09:18.483 INFO:teuthology.orchestra.run.smithi151.stdout:/usr/bin/ceph: stderr
2023-07-21T22:09:17.728+0000 7f6e9a59c700 1 -- 172.21.15.151:0/2782472189 learned_addr learned my addr 172.21.15.151:0/2782472189 (peer_addr_for_me v2:172.21.15.151:0/0)
2023-07-21T22:09:18.483 INFO:teuthology.orchestra.run.smithi151.stdout:/usr/bin/ceph: stderr
2023-07-21T22:09:17.728+0000 7f6e9a59c700 1 -- 172.21.15.151:0/2782472189 --> [v2:172.21.15.151:3300/0,v1:172.21.15.151:6789/0] -- mon_subscribe({config=0+,monmap=0+}) v3 -- 0x7f6e8c009550 con 0x7f6e9c07be10
2023-07-21T22:09:18.483 INFO:teuthology.orchestra.run.smithi151.stdout:/usr/bin/ceph: stderr
2023-07-21T22:09:17.728+0000 7f6e9a59c700 1 --2- 172.21.15.151:0/2782472189 >> [v2:172.21.15.151:3300/0,v1:172.21.15.151:6789/0] conn(0x7f6e9c07be10 0x7f6e9c19b0a0 secure :-1 s=READY pgs=38 cs=0 l=1 rev1=1 crypto rx=0x7f6e8c000c00 tx=0x7f6e8c004250 comp rx=0 tx=0).ready entity=mon.0 client_cookie=0 server_cookie=0 in_seq=0 out_seq=0
2023-07-21T22:09:18.483 INFO:teuthology.orchestra.run.smithi151.stdout:/usr/bin/ceph: stderr
2023-07-21T22:09:17.729+0000 7f6e8b7fe700 1 -- 172.21.15.151:0/2782472189 <== mon.0 v2:172.21.15.151:3300/0 1 ==== mon_map magic: 0 v1 ==== 205+0+0 (secure 0 0 0) 0x7f6e8c0036a0 con 0x7f6e9c07be10
2023-07-21T22:09:18.483 INFO:teuthology.orchestra.run.smithi151.stdout:/usr/bin/ceph: stderr
2023-07-21T22:09:17.729+0000 7f6e8b7fe700 1 -- 172.21.15.151:0/2782472189 <== mon.0 v2:172.21.15.151:3300/0 2 ==== config(25 keys) v1 ==== 1036+0+0 (secure 0 0 0) 0x7f6e8c003c70 con 0x7f6e9c07be10
2023-07-21T22:09:18.483 INFO:teuthology.orchestra.run.smithi151.stdout:/usr/bin/ceph: stderr
2023-07-21T22:09:17.729+0000 7f6ea0c4c700 1 -- 172.21.15.151:0/2782472189 --> [v2:172.21.15.151:3300/0,v1:172.21.15.151:6789/0] -- mon_subscribe({mgrmap=0+}) v3 -- 0x7f6e9c19b7e0 con 0x7f6e9c07be10
2023-07-21T22:09:18.483 INFO:teuthology.orchestra.run.smithi151.stdout:/usr/bin/ceph: stderr
2023-07-21T22:09:17.729+0000 7f6e8b7fe700 1 -- 172.21.15.151:0/2782472189 <== mon.0 v2:172.21.15.151:3300/0 3 ==== mon_map magic: 0 v1 ==== 205+0+0 (secure 0 0 0) 0x7f6e8c024d70 con 0x7f6e9c07be10
2023-07-21T22:09:18.484 INFO:teuthology.orchestra.run.smithi151.stdout:/usr/bin/ceph: stderr
2023-07-21T22:09:17.729+0000 7f6ea0c4c700 1 -- 172.21.15.151:0/2782472189 --> [v2:172.21.15.151:3300/0,v1:172.21.15.151:6789/0] -- mon_subscribe({osdmap=0}) v3 -- 0x7f6e9c19bc00 con 0x7f6e9c07be10
2023-07-21T22:09:18.484 INFO:teuthology.orchestra.run.smithi151.stdout:/usr/bin/ceph: stderr
2023-07-21T22:09:17.730+0000 7f6e8b7fe700 1 -- 172.21.15.151:0/2782472189 <== mon.0 v2:172.21.15.151:3300/0 4 ==== mgrmap(e 8) v1 ==== 45483+0+0 (secure 0 0 0) 0x7f6e8c0245d0 con 0x7f6e9c07be10
2023-07-21T22:09:18.484 INFO:teuthology.orchestra.run.smithi151.stdout:/usr/bin/ceph: stderr
2023-07-21T22:09:17.730+0000 7f6ea0c4c700 1 -- 172.21.15.151:0/2782472189 --> [v2:172.21.15.151:3300/0,v1:172.21.15.151:6789/0] -- mon_command({"prefix": "get_command_descriptions"} v 0) v1 -- 0x7f6e9c061b40 con 0x7f6e9c07be10
2023-07-21T22:09:18.484 INFO:teuthology.orchestra.run.smithi151.stdout:/usr/bin/ceph: stderr
2023-07-21T22:09:17.730+0000 7f6e8b7fe700 1 --2- 172.21.15.151:0/2782472189 >> [v2:172.21.15.151:6800/191414094,v1:172.21.15.151:6801/191414094] conn(0x7f6e84038760 0x7f6e8403ac10 unknown :-1 s=NONE pgs=0 cs=0 l=1 rev1=0 crypto rx=0 tx=0 comp rx=0 tx=0).connect
2023-07-21T22:09:18.484 INFO:teuthology.orchestra.run.smithi151.stdout:/usr/bin/ceph: stderr
2023-07-21T22:09:17.730+0000 7f6e8b7fe700 1 -- 172.21.15.151:0/2782472189 <== mon.0 v2:172.21.15.151:3300/0 5 ==== osd_map(2..2 src has 1..2) v4 ==== 940+0+0 (secure 0 0 0) 0x7f6e8c04c4e0 con 0x7f6e9c07be10
2023-07-21T22:09:18.484 INFO:teuthology.orchestra.run.smithi151.stdout:/usr/bin/ceph: stderr
2023-07-21T22:09:17.731+0000 7f6e99d9b700 1 --2- 172.21.15.151:0/2782472189 >> [v2:172.21.15.151:6800/191414094,v1:172.21.15.151:6801/191414094] conn(0x7f6e84038760 0x7f6e8403ac10 unknown :-1 s=BANNER_CONNECTING pgs=0 cs=0 l=1 rev1=0 crypto rx=0 tx=0 comp rx=0 tx=0)._handle_peer_banner_payload supported=3 required=0
2023-07-21T22:09:18.484 INFO:teuthology.orchestra.run.smithi151.stdout:/usr/bin/ceph: stderr
2023-07-21T22:09:17.731+0000 7f6e99d9b700 1 --2- 172.21.15.151:0/2782472189 >> [v2:172.21.15.151:6800/191414094,v1:172.21.15.151:6801/191414094] conn(0x7f6e84038760 0x7f6e8403ac10 secure :-1 s=READY pgs=7 cs=0 l=1 rev1=1 crypto rx=0x7f6e90006fd0 tx=0x7f6e90006e40 comp rx=0 tx=0).ready entity=mgr.14120 client_cookie=0 server_cookie=0 in_seq=0 out_seq=0
2023-07-21T22:09:18.485 INFO:teuthology.orchestra.run.smithi151.stdout:/usr/bin/ceph: stderr
2023-07-21T22:09:17.736+0000 7f6e8b7fe700 1 -- 172.21.15.151:0/2782472189 <== mon.0 v2:172.21.15.151:3300/0 6 ==== mon_command_ack([{"prefix": "get_command_descriptions"}]=0 v0) v1 ==== 72+0+178008 (secure 0 0 0) 0x7f6e8c0189a0 con 0x7f6e9c07be10
2023-07-21T22:09:18.485 INFO:teuthology.orchestra.run.smithi151.stdout:/usr/bin/ceph: stderr
2023-07-21T22:09:17.947+0000 7f6ea0c4c700 1 -- 172.21.15.151:0/2782472189 --> [v2:172.21.15.151:6800/191414094,v1:172.21.15.151:6801/191414094] -- mgr_command(tid 0: {"prefix": "orch set backend", "module_name": "cephadm", "target": ["mon-mgr", ""]}) v1 -- 0x7f6e9c101d80 con 0x7f6e84038760
2023-07-21T22:09:18.485 INFO:teuthology.orchestra.run.smithi151.stdout:/usr/bin/ceph: stderr
2023-07-21T22:09:17.953+0000 7f6e8b7fe700 1 -- 172.21.15.151:0/2782472189 <== mgr.14120 v2:172.21.15.151:6800/191414094 1 ==== mgr_command_reply(tid 0: 0 ) v1 ==== 8+0+0 (secure 0 0 0) 0x7f6e9c101d80 con 0x7f6e84038760
2023-07-21T22:09:18.485 INFO:teuthology.orchestra.run.smithi151.stdout:/usr/bin/ceph: stderr
2023-07-21T22:09:17.956+0000 7f6ea0c4c700 1 -- 172.21.15.151:0/2782472189 >> [v2:172.21.15.151:6800/191414094,v1:172.21.15.151:6801/191414094] conn(0x7f6e84038760 msgr2=0x7f6e8403ac10 secure :-1 s=STATE_CONNECTION_ESTABLISHED l=1).mark_down
2023-07-21T22:09:18.485 INFO:teuthology.orchestra.run.smithi151.stdout:/usr/bin/ceph: stderr
2023-07-21T22:09:17.956+0000 7f6ea0c4c700 1 --2- 172.21.15.151:0/2782472189 >> [v2:172.21.15.151:6800/191414094,v1:172.21.15.151:6801/191414094] conn(0x7f6e84038760 0x7f6e8403ac10 secure :-1 s=READY pgs=7 cs=0 l=1 rev1=1 crypto rx=0x7f6e90006fd0 tx=0x7f6e90006e40 comp rx=0 tx=0).stop
2023-07-21T22:09:18.485 INFO:teuthology.orchestra.run.smithi151.stdout:/usr/bin/ceph: stderr
2023-07-21T22:09:17.956+0000 7f6ea0c4c700 1 -- 172.21.15.151:0/2782472189 >> [v2:172.21.15.151:3300/0,v1:172.21.15.151:6789/0] conn(0x7f6e9c07be10 msgr2=0x7f6e9c19b0a0 secure :-1 s=STATE_CONNECTION_ESTABLISHED l=1).mark_down
2023-07-21T22:09:18.485 INFO:teuthology.orchestra.run.smithi151.stdout:/usr/bin/ceph: stderr
2023-07-21T22:09:17.956+0000 7f6ea0c4c700 1 --2- 172.21.15.151:0/2782472189 >> [v2:172.21.15.151:3300/0,v1:172.21.15.151:6789/0] conn(0x7f6e9c07be10 0x7f6e9c19b0a0 secure :-1 s=READY pgs=38 cs=0 l=1 rev1=1 crypto rx=0x7f6e8c000c00 tx=0x7f6e8c004250 comp rx=0 tx=0).stop
2023-07-21T22:09:18.486 INFO:teuthology.orchestra.run.smithi151.stdout:/usr/bin/ceph: stderr
2023-07-21T22:09:17.956+0000 7f6ea0c4c700 1 -- 172.21.15.151:0/2782472189 shutdown_connections
2023-07-21T22:09:18.486 INFO:teuthology.orchestra.run.smithi151.stdout:/usr/bin/ceph: stderr
2023-07-21T22:09:17.956+0000 7f6ea0c4c700 1 --2- 172.21.15.151:0/2782472189 >> [v2:172.21.15.151:6800/191414094,v1:172.21.15.151:6801/191414094] conn(0x7f6e84038760 0x7f6e8403ac10 unknown :-1 s=CLOSED pgs=7 cs=0 l=1 rev1=1 crypto rx=0 tx=0 comp rx=0 tx=0).stop
2023-07-21T22:09:18.486 INFO:teuthology.orchestra.run.smithi151.stdout:/usr/bin/ceph: stderr
2023-07-21T22:09:17.956+0000 7f6ea0c4c700 1 --2- 172.21.15.151:0/2782472189 >> [v2:172.21.15.151:3300/0,v1:172.21.15.151:6789/0] conn(0x7f6e9c07be10 0x7f6e9c19b0a0 unknown :-1 s=CLOSED pgs=38 cs=0 l=1 rev1=1 crypto rx=0 tx=0 comp rx=0 tx=0).stop
2023-07-21T22:09:18.486 INFO:teuthology.orchestra.run.smithi151.stdout:/usr/bin/ceph: stderr
2023-07-21T22:09:17.956+0000 7f6ea0c4c700 1 -- 172.21.15.151:0/2782472189 >> 172.21.15.151:0/2782472189 conn(0x7f6e9c100890 msgr2=0x7f6e9c101670 unknown :-1 s=STATE_NONE l=0).mark_down
2023-07-21T22:09:18.486 INFO:teuthology.orchestra.run.smithi151.stdout:/usr/bin/ceph: stderr
2023-07-21T22:09:17.956+0000 7f6ea0c4c700 1 -- 172.21.15.151:0/2782472189 shutdown_connections
2023-07-21T22:09:18.486 INFO:teuthology.orchestra.run.smithi151.stdout:/usr/bin/ceph: stderr
2023-07-21T22:09:17.956+0000 7f6ea0c4c700 1 -- 172.21.15.151:0/2782472189 wait complete.
2023-07-21T22:09:18.774 INFO:journalctl@ceph.mon.a.smithi151.stdout:Jul 21 22:09:18 smithi151 ceph-mon[95510]: mgrmap e8: x(active, since 2s)
2023-07-21T22:09:18.775 INFO:journalctl@ceph.mon.a.smithi151.stdout:Jul 21 22:09:18 smithi151 ceph-mon[95510]: from='client.14132 -' entity='client.admin' cmd=[{"prefix": "orch set backend", "module_name": "cephadm", "target": ["mon-mgr", ""]}]: dispatch
2023-07-21T22:09:18.775 INFO:journalctl@ceph.mon.a.smithi151.stdout:Jul 21 22:09:18 smithi151 ceph-mon[95510]: from='mgr.14120 172.21.15.151:0/1288984982' entity='mgr.x'
2023-07-21T22:09:18.775 INFO:journalctl@ceph.mon.a.smithi151.stdout:Jul 21 22:09:18 smithi151 ceph-mon[95510]: from='mgr.14120 172.21.15.151:0/1288984982' entity='mgr.x' cmd=[{"prefix": "config dump", "format": "json"}]: dispatch
2023-07-21T22:09:19.760 INFO:teuthology.orchestra.run.smithi151.stdout:/usr/bin/ceph: stdout value unchanged
2023-07-21T22:09:19.761 INFO:teuthology.orchestra.run.smithi151.stdout:/usr/bin/ceph: stderr
2023-07-21T22:09:19.004+0000 7f234a184700 1 Processor -- start
2023-07-21T22:09:19.761 INFO:teuthology.orchestra.run.smithi151.stdout:/usr/bin/ceph: stderr
2023-07-21T22:09:19.005+0000 7f234a184700 1 -- start start
2023-07-21T22:09:19.761 INFO:teuthology.orchestra.run.smithi151.stdout:/usr/bin/ceph: stderr
2023-07-21T22:09:19.005+0000 7f234a184700 1 --2- >> [v2:172.21.15.151:3300/0,v1:172.21.15.151:6789/0] conn(0x7f234407be10 0x7f234407a310 unknown :-1 s=NONE pgs=0 cs=0 l=0 rev1=0 crypto rx=0 tx=0 comp rx=0 tx=0).connect
2023-07-21T22:09:19.761 INFO:teuthology.orchestra.run.smithi151.stdout:/usr/bin/ceph: stderr
2023-07-21T22:09:19.005+0000 7f234a184700 1 -- --> [v2:172.21.15.151:3300/0,v1:172.21.15.151:6789/0] -- mon_getmap magic: 0 v1 -- 0x7f234407a850 con 0x7f234407be10
2023-07-21T22:09:19.761 INFO:teuthology.orchestra.run.smithi151.stdout:/usr/bin/ceph: stderr
2023-07-21T22:09:19.005+0000 7f23437fe700 1 --2- >> [v2:172.21.15.151:3300/0,v1:172.21.15.151:6789/0] conn(0x7f234407be10 0x7f234407a310 unknown :-1 s=BANNER_CONNECTING pgs=0 cs=0 l=0 rev1=0 crypto rx=0 tx=0 comp rx=0 tx=0)._handle_peer_banner_payload supported=3 required=0
2023-07-21T22:09:19.762 INFO:teuthology.orchestra.run.smithi151.stdout:/usr/bin/ceph: stderr
2023-07-21T22:09:19.005+0000 7f23437fe700 1 --2- >> [v2:172.21.15.151:3300/0,v1:172.21.15.151:6789/0] conn(0x7f234407be10 0x7f234407a310 unknown :-1 s=HELLO_CONNECTING pgs=0 cs=0 l=0 rev1=1 crypto rx=0 tx=0 comp rx=0 tx=0).handle_hello peer v2:172.21.15.151:3300/0 says I am v2:172.21.15.151:41404/0 (socket says 172.21.15.151:41404)
2023-07-21T22:09:19.762 INFO:teuthology.orchestra.run.smithi151.stdout:/usr/bin/ceph: stderr
2023-07-21T22:09:19.005+0000 7f23437fe700 1 -- 172.21.15.151:0/3949104060 learned_addr learned my addr 172.21.15.151:0/3949104060 (peer_addr_for_me v2:172.21.15.151:0/0)
2023-07-21T22:09:19.762 INFO:teuthology.orchestra.run.smithi151.stdout:/usr/bin/ceph: stderr
2023-07-21T22:09:19.006+0000 7f23437fe700 1 -- 172.21.15.151:0/3949104060 --> [v2:172.21.15.151:3300/0,v1:172.21.15.151:6789/0] -- mon_subscribe({config=0+,monmap=0+}) v3 -- 0x7f234407a990 con 0x7f234407be10
2023-07-21T22:09:19.762 INFO:teuthology.orchestra.run.smithi151.stdout:/usr/bin/ceph: stderr
2023-07-21T22:09:19.006+0000 7f23437fe700 1 --2- 172.21.15.151:0/3949104060 >> [v2:172.21.15.151:3300/0,v1:172.21.15.151:6789/0] conn(0x7f234407be10 0x7f234407a310 secure :-1 s=READY pgs=39 cs=0 l=1 rev1=1 crypto rx=0x7f23340098a0 tx=0x7f2334009bb0 comp rx=0 tx=0).ready entity=mon.0 client_cookie=68a1fdf1a3c7afe1 server_cookie=0 in_seq=0 out_seq=0
2023-07-21T22:09:19.762 INFO:teuthology.orchestra.run.smithi151.stdout:/usr/bin/ceph: stderr
2023-07-21T22:09:19.006+0000 7f23427fc700 1 -- 172.21.15.151:0/3949104060 <== mon.0 v2:172.21.15.151:3300/0 1 ==== mon_map magic: 0 v1 ==== 205+0+0 (secure 0 0 0) 0x7f2334004160 con 0x7f234407be10
2023-07-21T22:09:19.762 INFO:teuthology.orchestra.run.smithi151.stdout:/usr/bin/ceph: stderr
2023-07-21T22:09:19.006+0000 7f23427fc700 1 -- 172.21.15.151:0/3949104060 <== mon.0 v2:172.21.15.151:3300/0 2 ==== config(25 keys) v1 ==== 1036+0+0 (secure 0 0 0) 0x7f23340042c0 con 0x7f234407be10
2023-07-21T22:09:19.763 INFO:teuthology.orchestra.run.smithi151.stdout:/usr/bin/ceph: stderr
2023-07-21T22:09:19.006+0000 7f23427fc700 1 -- 172.21.15.151:0/3949104060 <== mon.0 v2:172.21.15.151:3300/0 3 ==== mon_map magic: 0 v1 ==== 205+0+0 (secure 0 0 0) 0x7f2334011940 con 0x7f234407be10
2023-07-21T22:09:19.763 INFO:teuthology.orchestra.run.smithi151.stdout:/usr/bin/ceph: stderr
2023-07-21T22:09:19.007+0000 7f234a184700 1 -- 172.21.15.151:0/3949104060 >> [v2:172.21.15.151:3300/0,v1:172.21.15.151:6789/0] conn(0x7f234407be10 msgr2=0x7f234407a310 secure :-1 s=STATE_CONNECTION_ESTABLISHED l=1).mark_down
2023-07-21T22:09:19.763 INFO:teuthology.orchestra.run.smithi151.stdout:/usr/bin/ceph: stderr
2023-07-21T22:09:19.007+0000 7f234a184700 1 --2- 172.21.15.151:0/3949104060 >> [v2:172.21.15.151:3300/0,v1:172.21.15.151:6789/0] conn(0x7f234407be10 0x7f234407a310 secure :-1 s=READY pgs=39 cs=0 l=1 rev1=1 crypto rx=0x7f23340098a0 tx=0x7f2334009bb0 comp rx=0 tx=0).stop
2023-07-21T22:09:19.763 INFO:teuthology.orchestra.run.smithi151.stdout:/usr/bin/ceph: stderr
2023-07-21T22:09:19.007+0000 7f234a184700 1 -- 172.21.15.151:0/3949104060 shutdown_connections
2023-07-21T22:09:19.763 INFO:teuthology.orchestra.run.smithi151.stdout:/usr/bin/ceph: stderr
2023-07-21T22:09:19.007+0000 7f234a184700 1 --2- 172.21.15.151:0/3949104060 >> [v2:172.21.15.151:3300/0,v1:172.21.15.151:6789/0] conn(0x7f234407be10 0x7f234407a310 unknown :-1 s=CLOSED pgs=39 cs=0 l=1 rev1=1 crypto rx=0 tx=0 comp rx=0 tx=0).stop
2023-07-21T22:09:19.763 INFO:teuthology.orchestra.run.smithi151.stdout:/usr/bin/ceph: stderr
2023-07-21T22:09:19.007+0000 7f234a184700 1 -- 172.21.15.151:0/3949104060 >> 172.21.15.151:0/3949104060 conn(0x7f2344100900 msgr2=0x7f2344102d10 unknown :-1 s=STATE_NONE l=0).mark_down
2023-07-21T22:09:19.763 INFO:teuthology.orchestra.run.smithi151.stdout:/usr/bin/ceph: stderr
2023-07-21T22:09:19.007+0000 7f234a184700 1 -- 172.21.15.151:0/3949104060 shutdown_connections
2023-07-21T22:09:19.764 INFO:teuthology.orchestra.run.smithi151.stdout:/usr/bin/ceph: stderr
2023-07-21T22:09:19.007+0000 7f234a184700 1 -- 172.21.15.151:0/3949104060 wait complete.
2023-07-21T22:09:19.764 INFO:teuthology.orchestra.run.smithi151.stdout:/usr/bin/ceph: stderr
2023-07-21T22:09:19.008+0000 7f234a184700 1 Processor -- start
2023-07-21T22:09:19.764 INFO:teuthology.orchestra.run.smithi151.stdout:/usr/bin/ceph: stderr
2023-07-21T22:09:19.009+0000 7f234a184700 1 -- start start
2023-07-21T22:09:19.764 INFO:teuthology.orchestra.run.smithi151.stdout:/usr/bin/ceph: stderr
2023-07-21T22:09:19.009+0000 7f234a184700 1 --2- >> [v2:172.21.15.151:3300/0,v1:172.21.15.151:6789/0] conn(0x7f234407be10 0x7f234419b1a0 unknown :-1 s=NONE pgs=0 cs=0 l=1 rev1=0 crypto rx=0 tx=0 comp rx=0 tx=0).connect
2023-07-21T22:09:19.764 INFO:teuthology.orchestra.run.smithi151.stdout:/usr/bin/ceph: stderr
2023-07-21T22:09:19.009+0000 7f234a184700 1 -- --> [v2:172.21.15.151:3300/0,v1:172.21.15.151:6789/0] -- mon_getmap magic: 0 v1 -- 0x7f234419b6e0 con 0x7f234407be10
2023-07-21T22:09:19.764 INFO:teuthology.orchestra.run.smithi151.stdout:/usr/bin/ceph: stderr
2023-07-21T22:09:19.009+0000 7f23437fe700 1 --2- >> [v2:172.21.15.151:3300/0,v1:172.21.15.151:6789/0] conn(0x7f234407be10 0x7f234419b1a0 unknown :-1 s=BANNER_CONNECTING pgs=0 cs=0 l=1 rev1=0 crypto rx=0 tx=0 comp rx=0 tx=0)._handle_peer_banner_payload supported=3 required=0
2023-07-21T22:09:19.764 INFO:teuthology.orchestra.run.smithi151.stdout:/usr/bin/ceph: stderr
2023-07-21T22:09:19.009+0000 7f23437fe700 1 --2- >> [v2:172.21.15.151:3300/0,v1:172.21.15.151:6789/0] conn(0x7f234407be10 0x7f234419b1a0 unknown :-1 s=HELLO_CONNECTING pgs=0 cs=0 l=1 rev1=1 crypto rx=0 tx=0 comp rx=0 tx=0).handle_hello peer v2:172.21.15.151:3300/0 says I am v2:172.21.15.151:41418/0 (socket says 172.21.15.151:41418)
2023-07-21T22:09:19.765 INFO:teuthology.orchestra.run.smithi151.stdout:/usr/bin/ceph: stderr
2023-07-21T22:09:19.009+0000 7f23437fe700 1 -- 172.21.15.151:0/1505557098 learned_addr learned my addr 172.21.15.151:0/1505557098 (peer_addr_for_me v2:172.21.15.151:0/0)
2023-07-21T22:09:19.765 INFO:teuthology.orchestra.run.smithi151.stdout:/usr/bin/ceph: stderr
2023-07-21T22:09:19.009+0000 7f23437fe700 1 -- 172.21.15.151:0/1505557098 --> [v2:172.21.15.151:3300/0,v1:172.21.15.151:6789/0] -- mon_subscribe({config=0+,monmap=0+}) v3 -- 0x7f2334009550 con 0x7f234407be10
2023-07-21T22:09:19.765 INFO:teuthology.orchestra.run.smithi151.stdout:/usr/bin/ceph: stderr
2023-07-21T22:09:19.010+0000 7f23437fe700 1 --2- 172.21.15.151:0/1505557098 >> [v2:172.21.15.151:3300/0,v1:172.21.15.151:6789/0] conn(0x7f234407be10 0x7f234419b1a0 secure :-1 s=READY pgs=40 cs=0 l=1 rev1=1 crypto rx=0x7f2334000c00 tx=0x7f2334004250 comp rx=0 tx=0).ready entity=mon.0 client_cookie=0 server_cookie=0 in_seq=0 out_seq=0
2023-07-21T22:09:19.765 INFO:teuthology.orchestra.run.smithi151.stdout:/usr/bin/ceph: stderr
2023-07-21T22:09:19.010+0000 7f2340ff9700 1 -- 172.21.15.151:0/1505557098 <== mon.0 v2:172.21.15.151:3300/0 1 ==== mon_map magic: 0 v1 ==== 205+0+0 (secure 0 0 0) 0x7f23340036a0 con 0x7f234407be10
2023-07-21T22:09:19.765 INFO:teuthology.orchestra.run.smithi151.stdout:/usr/bin/ceph: stderr
2023-07-21T22:09:19.010+0000 7f2340ff9700 1 -- 172.21.15.151:0/1505557098 <== mon.0 v2:172.21.15.151:3300/0 2 ==== config(25 keys) v1 ==== 1036+0+0 (secure 0 0 0) 0x7f2334003c70 con 0x7f234407be10
2023-07-21T22:09:19.765 INFO:teuthology.orchestra.run.smithi151.stdout:/usr/bin/ceph: stderr
2023-07-21T22:09:19.010+0000 7f234a184700 1 -- 172.21.15.151:0/1505557098 --> [v2:172.21.15.151:3300/0,v1:172.21.15.151:6789/0] -- mon_subscribe({mgrmap=0+}) v3 -- 0x7f234419b8e0 con 0x7f234407be10
2023-07-21T22:09:19.765 INFO:teuthology.orchestra.run.smithi151.stdout:/usr/bin/ceph: stderr
2023-07-21T22:09:19.010+0000 7f2340ff9700 1 -- 172.21.15.151:0/1505557098 <== mon.0 v2:172.21.15.151:3300/0 3 ==== mon_map magic: 0 v1 ==== 205+0+0 (secure 0 0 0) 0x7f2334024d70 con 0x7f234407be10
2023-07-21T22:09:19.765 INFO:teuthology.orchestra.run.smithi151.stdout:/usr/bin/ceph: stderr
2023-07-21T22:09:19.010+0000 7f234a184700 1 -- 172.21.15.151:0/1505557098 --> [v2:172.21.15.151:3300/0,v1:172.21.15.151:6789/0] -- mon_subscribe({osdmap=0}) v3 -- 0x7f234419bd00 con 0x7f234407be10
2023-07-21T22:09:19.766 INFO:teuthology.orchestra.run.smithi151.stdout:/usr/bin/ceph: stderr
2023-07-21T22:09:19.011+0000 7f234a184700 1 -- 172.21.15.151:0/1505557098 --> [v2:172.21.15.151:3300/0,v1:172.21.15.151:6789/0] -- mon_command({"prefix": "get_command_descriptions"} v 0) v1 -- 0x7f234410b4f0 con 0x7f234407be10
2023-07-21T22:09:19.766 INFO:teuthology.orchestra.run.smithi151.stdout:/usr/bin/ceph: stderr
2023-07-21T22:09:19.011+0000 7f2340ff9700 1 -- 172.21.15.151:0/1505557098 <== mon.0 v2:172.21.15.151:3300/0 4 ==== mgrmap(e 8) v1 ==== 45483+0+0 (secure 0 0 0) 0x7f2334003800 con 0x7f234407be10
2023-07-21T22:09:19.766 INFO:teuthology.orchestra.run.smithi151.stdout:/usr/bin/ceph: stderr
2023-07-21T22:09:19.012+0000 7f2340ff9700 1 --2- 172.21.15.151:0/1505557098 >> [v2:172.21.15.151:6800/191414094,v1:172.21.15.151:6801/191414094] conn(0x7f232c038760 0x7f232c03ac10 unknown :-1 s=NONE pgs=0 cs=0 l=1 rev1=0 crypto rx=0 tx=0 comp rx=0 tx=0).connect
2023-07-21T22:09:19.766 INFO:teuthology.orchestra.run.smithi151.stdout:/usr/bin/ceph: stderr
2023-07-21T22:09:19.012+0000 7f2340ff9700 1 -- 172.21.15.151:0/1505557098 <== mon.0 v2:172.21.15.151:3300/0 5 ==== osd_map(2..2 src has 1..2) v4 ==== 940+0+0 (secure 0 0 0) 0x7f233404c580 con 0x7f234407be10
2023-07-21T22:09:19.766 INFO:teuthology.orchestra.run.smithi151.stdout:/usr/bin/ceph: stderr
2023-07-21T22:09:19.012+0000 7f2342ffd700 1 --2- 172.21.15.151:0/1505557098 >> [v2:172.21.15.151:6800/191414094,v1:172.21.15.151:6801/191414094] conn(0x7f232c038760 0x7f232c03ac10 unknown :-1 s=BANNER_CONNECTING pgs=0 cs=0 l=1 rev1=0 crypto rx=0 tx=0 comp rx=0 tx=0)._handle_peer_banner_payload supported=3 required=0
2023-07-21T22:09:19.766 INFO:teuthology.orchestra.run.smithi151.stdout:/usr/bin/ceph: stderr
2023-07-21T22:09:19.012+0000 7f2342ffd700 1 --2- 172.21.15.151:0/1505557098 >> [v2:172.21.15.151:6800/191414094,v1:172.21.15.151:6801/191414094] conn(0x7f232c038760 0x7f232c03ac10 secure :-1 s=READY pgs=8 cs=0 l=1 rev1=1 crypto rx=0x7f2338006fd0 tx=0x7f2338006e40 comp rx=0 tx=0).ready entity=mgr.14120 client_cookie=0 server_cookie=0 in_seq=0 out_seq=0
2023-07-21T22:09:19.766 INFO:teuthology.orchestra.run.smithi151.stdout:/usr/bin/ceph: stderr
2023-07-21T22:09:19.016+0000 7f2340ff9700 1 -- 172.21.15.151:0/1505557098 <== mon.0 v2:172.21.15.151:3300/0 6 ==== mon_command_ack([{"prefix": "get_command_descriptions"}]=0 v0) v1 ==== 72+0+178008 (secure 0 0 0) 0x7f23340189a0 con 0x7f234407be10
2023-07-21T22:09:19.767 INFO:teuthology.orchestra.run.smithi151.stdout:/usr/bin/ceph: stderr
2023-07-21T22:09:19.212+0000 7f234a184700 1 -- 172.21.15.151:0/1505557098 --> [v2:172.21.15.151:6800/191414094,v1:172.21.15.151:6801/191414094] -- mgr_command(tid 0: {"prefix": "cephadm set-user", "user": "root", "target": ["mon-mgr", ""]}) v1 -- 0x7f234419eb60 con 0x7f232c038760
2023-07-21T22:09:19.767 INFO:teuthology.orchestra.run.smithi151.stdout:/usr/bin/ceph: stderr
2023-07-21T22:09:19.213+0000 7f2340ff9700 1 -- 172.21.15.151:0/1505557098 <== mgr.14120 v2:172.21.15.151:6800/191414094 1 ==== mgr_command_reply(tid 0: 0 ) v1 ==== 8+0+16 (secure 0 0 0) 0x7f234419eb60 con 0x7f232c038760
2023-07-21T22:09:19.767 INFO:teuthology.orchestra.run.smithi151.stdout:/usr/bin/ceph: stderr
2023-07-21T22:09:19.216+0000 7f234a184700 1 -- 172.21.15.151:0/1505557098 >> [v2:172.21.15.151:6800/191414094,v1:172.21.15.151:6801/191414094] conn(0x7f232c038760 msgr2=0x7f232c03ac10 secure :-1 s=STATE_CONNECTION_ESTABLISHED l=1).mark_down
2023-07-21T22:09:19.767 INFO:teuthology.orchestra.run.smithi151.stdout:/usr/bin/ceph: stderr
2023-07-21T22:09:19.216+0000 7f234a184700 1 --2- 172.21.15.151:0/1505557098 >> [v2:172.21.15.151:6800/191414094,v1:172.21.15.151:6801/191414094] conn(0x7f232c038760 0x7f232c03ac10 secure :-1 s=READY pgs=8 cs=0 l=1 rev1=1 crypto rx=0x7f2338006fd0 tx=0x7f2338006e40 comp rx=0 tx=0).stop
2023-07-21T22:09:19.767 INFO:teuthology.orchestra.run.smithi151.stdout:/usr/bin/ceph: stderr
2023-07-21T22:09:19.216+0000 7f234a184700 1 -- 172.21.15.151:0/1505557098 >> [v2:172.21.15.151:3300/0,v1:172.21.15.151:6789/0] conn(0x7f234407be10 msgr2=0x7f234419b1a0 secure :-1 s=STATE_CONNECTION_ESTABLISHED l=1).mark_down
2023-07-21T22:09:19.767 INFO:teuthology.orchestra.run.smithi151.stdout:/usr/bin/ceph: stderr
2023-07-21T22:09:19.216+0000 7f234a184700 1 --2- 172.21.15.151:0/1505557098 >> [v2:172.21.15.151:3300/0,v1:172.21.15.151:6789/0] conn(0x7f234407be10 0x7f234419b1a0 secure :-1 s=READY pgs=40 cs=0 l=1 rev1=1 crypto rx=0x7f2334000c00 tx=0x7f2334004250 comp rx=0 tx=0).stop
2023-07-21T22:09:19.767 INFO:teuthology.orchestra.run.smithi151.stdout:/usr/bin/ceph: stderr
2023-07-21T22:09:19.216+0000 7f234a184700 1 -- 172.21.15.151:0/1505557098 shutdown_connections
2023-07-21T22:09:19.767 INFO:teuthology.orchestra.run.smithi151.stdout:/usr/bin/ceph: stderr
2023-07-21T22:09:19.216+0000 7f234a184700 1 --2- 172.21.15.151:0/1505557098 >> [v2:172.21.15.151:6800/191414094,v1:172.21.15.151:6801/191414094] conn(0x7f232c038760 0x7f232c03ac10 unknown :-1 s=CLOSED pgs=8 cs=0 l=1 rev1=1 crypto rx=0 tx=0 comp rx=0 tx=0).stop
2023-07-21T22:09:19.768 INFO:teuthology.orchestra.run.smithi151.stdout:/usr/bin/ceph: stderr
2023-07-21T22:09:19.216+0000 7f234a184700 1 --2- 172.21.15.151:0/1505557098 >> [v2:172.21.15.151:3300/0,v1:172.21.15.151:6789/0] conn(0x7f234407be10 0x7f234419b1a0 unknown :-1 s=CLOSED pgs=40 cs=0 l=1 rev1=1 crypto rx=0 tx=0 comp rx=0 tx=0).stop
2023-07-21T22:09:19.768 INFO:teuthology.orchestra.run.smithi151.stdout:/usr/bin/ceph: stderr
2023-07-21T22:09:19.216+0000 7f234a184700 1 -- 172.21.15.151:0/1505557098 >> 172.21.15.151:0/1505557098 conn(0x7f2344100900 msgr2=0x7f2344102000 unknown :-1 s=STATE_NONE l=0).mark_down
2023-07-21T22:09:19.768 INFO:teuthology.orchestra.run.smithi151.stdout:/usr/bin/ceph: stderr
2023-07-21T22:09:19.216+0000 7f234a184700 1 -- 172.21.15.151:0/1505557098 shutdown_connections
2023-07-21T22:09:19.768 INFO:teuthology.orchestra.run.smithi151.stdout:/usr/bin/ceph: stderr
2023-07-21T22:09:19.216+0000 7f234a184700 1 -- 172.21.15.151:0/1505557098 wait complete.
2023-07-21T22:09:19.768 INFO:teuthology.orchestra.run.smithi151.stdout:Generating ssh key...
2023-07-21T22:09:19.945 INFO:journalctl@ceph.mon.a.smithi151.stdout:Jul 21 22:09:19 smithi151 ceph-mon[95510]: from='client.14134 -' entity='client.admin' cmd=[{"prefix": "cephadm set-user", "user": "root", "target": ["mon-mgr", ""]}]: dispatch
2023-07-21T22:09:21.196 INFO:journalctl@ceph.mgr.x.smithi151.stdout:Jul 21 22:09:20 smithi151 ceph-f5fce3a4-2812-11ee-9b34-001a4aab830c-mgr-x[95756]: Generating public/private rsa key pair.
2023-07-21T22:09:21.196 INFO:journalctl@ceph.mgr.x.smithi151.stdout:Jul 21 22:09:20 smithi151 ceph-f5fce3a4-2812-11ee-9b34-001a4aab830c-mgr-x[95756]: Your identification has been saved in /tmp/tmpv4toqtmu/key.
2023-07-21T22:09:21.196 INFO:journalctl@ceph.mgr.x.smithi151.stdout:Jul 21 22:09:20 smithi151 ceph-f5fce3a4-2812-11ee-9b34-001a4aab830c-mgr-x[95756]: Your public key has been saved in /tmp/tmpv4toqtmu/key.pub.
2023-07-21T22:09:21.196 INFO:journalctl@ceph.mgr.x.smithi151.stdout:Jul 21 22:09:20 smithi151 ceph-f5fce3a4-2812-11ee-9b34-001a4aab830c-mgr-x[95756]: The key fingerprint is:
2023-07-21T22:09:21.197 INFO:journalctl@ceph.mgr.x.smithi151.stdout:Jul 21 22:09:20 smithi151 ceph-f5fce3a4-2812-11ee-9b34-001a4aab830c-mgr-x[95756]: SHA256:PttQxDJ9hJWFqOoCK0LM8eF+JYdr2bP8Q7Ckf9oSzws ceph-f5fce3a4-2812-11ee-9b34-001a4aab830c
