2023-07-21T22:09:07.601 INFO:teuthology.orchestra.run.smithi151.stdout:/usr/bin/ceph: stderr
2023-07-21T22:09:06.223+0000 7f488659c700 1 --2- >> [v2:172.21.15.151:3300/0,v1:172.21.15.151:6789/0] conn(0x7f488807bdf0 0x7f488807a2f0 unknown :-1 s=BANNER_CONNECTING pgs=0 cs=0 l=0 rev1=0 crypto rx=0 tx=0 comp rx=0 tx=0)._handle_peer_banner_payload supported=3 required=0
2023-07-21T22:09:07.601 INFO:teuthology.orchestra.run.smithi151.stdout:/usr/bin/ceph: stderr
2023-07-21T22:09:06.223+0000 7f488659c700 1 --2- >> [v2:172.21.15.151:3300/0,v1:172.21.15.151:6789/0] conn(0x7f488807bdf0 0x7f488807a2f0 unknown :-1 s=HELLO_CONNECTING pgs=0 cs=0 l=0 rev1=1 crypto rx=0 tx=0 comp rx=0 tx=0).handle_hello peer v2:172.21.15.151:3300/0 says I am v2:172.21.15.151:42542/0 (socket says 172.21.15.151:42542)
2023-07-21T22:09:07.602 INFO:teuthology.orchestra.run.smithi151.stdout:/usr/bin/ceph: stderr
2023-07-21T22:09:06.223+0000 7f488659c700 1 -- 172.21.15.151:0/3590117326 learned_addr learned my addr 172.21.15.151:0/3590117326 (peer_addr_for_me v2:172.21.15.151:0/0)
2023-07-21T22:09:07.602 INFO:teuthology.orchestra.run.smithi151.stdout:/usr/bin/ceph: stderr
2023-07-21T22:09:06.224+0000 7f488659c700 1 -- 172.21.15.151:0/3590117326 --> [v2:172.21.15.151:3300/0,v1:172.21.15.151:6789/0] -- mon_subscribe({config=0+,monmap=0+}) v3 -- 0x7f488807a970 con 0x7f488807bdf0
2023-07-21T22:09:07.602 INFO:teuthology.orchestra.run.smithi151.stdout:/usr/bin/ceph: stderr
2023-07-21T22:09:06.224+0000 7f488659c700 1 --2- 172.21.15.151:0/3590117326 >> [v2:172.21.15.151:3300/0,v1:172.21.15.151:6789/0] conn(0x7f488807bdf0 0x7f488807a2f0 secure :-1 s=READY pgs=22 cs=0 l=1 rev1=1 crypto rx=0x7f48780098a0 tx=0x7f4878009bb0 comp rx=0 tx=0).ready entity=mon.0 client_cookie=5d9ba5e134e1be4d server_cookie=0 in_seq=0 out_seq=0
2023-07-21T22:09:07.602 INFO:teuthology.orchestra.run.smithi151.stdout:/usr/bin/ceph: stderr
2023-07-21T22:09:06.224+0000 7f488559a700 1 -- 172.21.15.151:0/3590117326 <== mon.0 v2:172.21.15.151:3300/0 1 ==== mon_map magic: 0 v1 ==== 205+0+0 (secure 0 0 0) 0x7f4878004160 con 0x7f488807bdf0
2023-07-21T22:09:07.602 INFO:teuthology.orchestra.run.smithi151.stdout:/usr/bin/ceph: stderr
2023-07-21T22:09:06.224+0000 7f488559a700 1 -- 172.21.15.151:0/3590117326 <== mon.0 v2:172.21.15.151:3300/0 2 ==== config(25 keys) v1 ==== 1036+0+0 (secure 0 0 0) 0x7f48780042c0 con 0x7f488807bdf0
2023-07-21T22:09:07.602 INFO:teuthology.orchestra.run.smithi151.stdout:/usr/bin/ceph: stderr
2023-07-21T22:09:06.224+0000 7f488559a700 1 -- 172.21.15.151:0/3590117326 <== mon.0 v2:172.21.15.151:3300/0 3 ==== mon_map magic: 0 v1 ==== 205+0+0 (secure 0 0 0) 0x7f4878011940 con 0x7f488807bdf0
2023-07-21T22:09:07.602 INFO:teuthology.orchestra.run.smithi151.stdout:/usr/bin/ceph: stderr
2023-07-21T22:09:06.225+0000 7f488cae4700 1 -- 172.21.15.151:0/3590117326 >> [v2:172.21.15.151:3300/0,v1:172.21.15.151:6789/0] conn(0x7f488807bdf0 msgr2=0x7f488807a2f0 secure :-1 s=STATE_CONNECTION_ESTABLISHED l=1).mark_down
2023-07-21T22:09:07.603 INFO:teuthology.orchestra.run.smithi151.stdout:/usr/bin/ceph: stderr
2023-07-21T22:09:06.225+0000 7f488cae4700 1 --2- 172.21.15.151:0/3590117326 >> [v2:172.21.15.151:3300/0,v1:172.21.15.151:6789/0] conn(0x7f488807bdf0 0x7f488807a2f0 secure :-1 s=READY pgs=22 cs=0 l=1 rev1=1 crypto rx=0x7f48780098a0 tx=0x7f4878009bb0 comp rx=0 tx=0).stop
2023-07-21T22:09:07.603 INFO:teuthology.orchestra.run.smithi151.stdout:/usr/bin/ceph: stderr
2023-07-21T22:09:06.225+0000 7f488cae4700 1 -- 172.21.15.151:0/3590117326 shutdown_connections
2023-07-21T22:09:07.603 INFO:teuthology.orchestra.run.smithi151.stdout:/usr/bin/ceph: stderr
2023-07-21T22:09:06.225+0000 7f488cae4700 1 --2- 172.21.15.151:0/3590117326 >> [v2:172.21.15.151:3300/0,v1:172.21.15.151:6789/0] conn(0x7f488807bdf0 0x7f488807a2f0 unknown :-1 s=CLOSED pgs=22 cs=0 l=1 rev1=1 crypto rx=0 tx=0 comp rx=0 tx=0).stop
2023-07-21T22:09:07.603 INFO:teuthology.orchestra.run.smithi151.stdout:/usr/bin/ceph: stderr
2023-07-21T22:09:06.225+0000 7f488cae4700 1 -- 172.21.15.151:0/3590117326 >> 172.21.15.151:0/3590117326 conn(0x7f4888100890 msgr2=0x7f4888102ca0 unknown :-1 s=STATE_NONE l=0).mark_down
2023-07-21T22:09:07.603 INFO:teuthology.orchestra.run.smithi151.stdout:/usr/bin/ceph: stderr
2023-07-21T22:09:06.225+0000 7f488cae4700 1 -- 172.21.15.151:0/3590117326 shutdown_connections
2023-07-21T22:09:07.604 INFO:teuthology.orchestra.run.smithi151.stdout:/usr/bin/ceph: stderr
2023-07-21T22:09:06.225+0000 7f488cae4700 1 -- 172.21.15.151:0/3590117326 wait complete.
2023-07-21T22:09:07.604 INFO:teuthology.orchestra.run.smithi151.stdout:/usr/bin/ceph: stderr
2023-07-21T22:09:06.226+0000 7f488cae4700 1 Processor -- start
2023-07-21T22:09:07.604 INFO:teuthology.orchestra.run.smithi151.stdout:/usr/bin/ceph: stderr
2023-07-21T22:09:06.226+0000 7f488cae4700 1 -- start start
2023-07-21T22:09:07.604 INFO:teuthology.orchestra.run.smithi151.stdout:/usr/bin/ceph: stderr
2023-07-21T22:09:06.226+0000 7f488cae4700 1 --2- >> [v2:172.21.15.151:3300/0,v1:172.21.15.151:6789/0] conn(0x7f488807bdf0 0x7f488819b090 unknown :-1 s=NONE pgs=0 cs=0 l=1 rev1=0 crypto rx=0 tx=0 comp rx=0 tx=0).connect
2023-07-21T22:09:07.604 INFO:teuthology.orchestra.run.smithi151.stdout:/usr/bin/ceph: stderr
2023-07-21T22:09:06.226+0000 7f488cae4700 1 -- --> [v2:172.21.15.151:3300/0,v1:172.21.15.151:6789/0] -- mon_getmap magic: 0 v1 -- 0x7f488819b5d0 con 0x7f488807bdf0
2023-07-21T22:09:07.604 INFO:teuthology.orchestra.run.smithi151.stdout:/usr/bin/ceph: stderr
2023-07-21T22:09:06.227+0000 7f488659c700 1 --2- >> [v2:172.21.15.151:3300/0,v1:172.21.15.151:6789/0] conn(0x7f488807bdf0 0x7f488819b090 unknown :-1 s=BANNER_CONNECTING pgs=0 cs=0 l=1 rev1=0 crypto rx=0 tx=0 comp rx=0 tx=0)._handle_peer_banner_payload supported=3 required=0
2023-07-21T22:09:07.604 INFO:teuthology.orchestra.run.smithi151.stdout:/usr/bin/ceph: stderr
2023-07-21T22:09:06.227+0000 7f488659c700 1 --2- >> [v2:172.21.15.151:3300/0,v1:172.21.15.151:6789/0] conn(0x7f488807bdf0 0x7f488819b090 unknown :-1 s=HELLO_CONNECTING pgs=0 cs=0 l=1 rev1=1 crypto rx=0 tx=0 comp rx=0 tx=0).handle_hello peer v2:172.21.15.151:3300/0 says I am v2:172.21.15.151:42544/0 (socket says 172.21.15.151:42544)
2023-07-21T22:09:07.605 INFO:teuthology.orchestra.run.smithi151.stdout:/usr/bin/ceph: stderr
2023-07-21T22:09:06.227+0000 7f488659c700 1 -- 172.21.15.151:0/1686544680 learned_addr learned my addr 172.21.15.151:0/1686544680 (peer_addr_for_me v2:172.21.15.151:0/0)
2023-07-21T22:09:07.605 INFO:teuthology.orchestra.run.smithi151.stdout:/usr/bin/ceph: stderr
2023-07-21T22:09:06.227+0000 7f488659c700 1 -- 172.21.15.151:0/1686544680 --> [v2:172.21.15.151:3300/0,v1:172.21.15.151:6789/0] -- mon_subscribe({config=0+,monmap=0+}) v3 -- 0x7f4878009550 con 0x7f488807bdf0
2023-07-21T22:09:07.605 INFO:teuthology.orchestra.run.smithi151.stdout:/usr/bin/ceph: stderr
2023-07-21T22:09:06.227+0000 7f488659c700 1 --2- 172.21.15.151:0/1686544680 >> [v2:172.21.15.151:3300/0,v1:172.21.15.151:6789/0] conn(0x7f488807bdf0 0x7f488819b090 secure :-1 s=READY pgs=23 cs=0 l=1 rev1=1 crypto rx=0x7f4878000c00 tx=0x7f4878011e70 comp rx=0 tx=0).ready entity=mon.0 client_cookie=0 server_cookie=0 in_seq=0 out_seq=0
2023-07-21T22:09:07.605 INFO:teuthology.orchestra.run.smithi151.stdout:/usr/bin/ceph: stderr
2023-07-21T22:09:06.227+0000 7f48777fe700 1 -- 172.21.15.151:0/1686544680 <== mon.0 v2:172.21.15.151:3300/0 1 ==== mon_map magic: 0 v1 ==== 205+0+0 (secure 0 0 0) 0x7f48780036a0 con 0x7f488807bdf0
2023-07-21T22:09:07.605 INFO:teuthology.orchestra.run.smithi151.stdout:/usr/bin/ceph: stderr
2023-07-21T22:09:06.227+0000 7f48777fe700 1 -- 172.21.15.151:0/1686544680 <== mon.0 v2:172.21.15.151:3300/0 2 ==== config(25 keys) v1 ==== 1036+0+0 (secure 0 0 0) 0x7f4878003c70 con 0x7f488807bdf0
2023-07-21T22:09:07.605 INFO:teuthology.orchestra.run.smithi151.stdout:/usr/bin/ceph: stderr
2023-07-21T22:09:06.227+0000 7f488cae4700 1 -- 172.21.15.151:0/1686544680 --> [v2:172.21.15.151:3300/0,v1:172.21.15.151:6789/0] -- mon_subscribe({mgrmap=0+}) v3 -- 0x7f488819b7d0 con 0x7f488807bdf0
2023-07-21T22:09:07.605 INFO:teuthology.orchestra.run.smithi151.stdout:/usr/bin/ceph: stderr
2023-07-21T22:09:06.227+0000 7f48777fe700 1 -- 172.21.15.151:0/1686544680 <== mon.0 v2:172.21.15.151:3300/0 3 ==== mon_map magic: 0 v1 ==== 205+0+0 (secure 0 0 0) 0x7f48780193f0 con 0x7f488807bdf0
2023-07-21T22:09:07.605 INFO:teuthology.orchestra.run.smithi151.stdout:/usr/bin/ceph: stderr
2023-07-21T22:09:06.228+0000 7f488cae4700 1 -- 172.21.15.151:0/1686544680 --> [v2:172.21.15.151:3300/0,v1:172.21.15.151:6789/0] -- mon_subscribe({osdmap=0}) v3 -- 0x7f488819bbf0 con 0x7f488807bdf0
2023-07-21T22:09:07.606 INFO:teuthology.orchestra.run.smithi151.stdout:/usr/bin/ceph: stderr
2023-07-21T22:09:06.229+0000 7f488cae4700 1 -- 172.21.15.151:0/1686544680 --> [v2:172.21.15.151:3300/0,v1:172.21.15.151:6789/0] -- mon_command({"prefix": "get_command_descriptions"} v 0) v1 -- 0x7f4888061b40 con 0x7f488807bdf0
2023-07-21T22:09:07.606 INFO:teuthology.orchestra.run.smithi151.stdout:/usr/bin/ceph: stderr
2023-07-21T22:09:06.229+0000 7f48777fe700 1 -- 172.21.15.151:0/1686544680 <== mon.0 v2:172.21.15.151:3300/0 4 ==== mgrmap(e 4) v1 ==== 45472+0+0 (secure 0 0 0) 0x7f487801b440 con 0x7f488807bdf0
2023-07-21T22:09:07.606 INFO:teuthology.orchestra.run.smithi151.stdout:/usr/bin/ceph: stderr
2023-07-21T22:09:06.229+0000 7f48777fe700 1 --2- 172.21.15.151:0/1686544680 >> [v2:172.21.15.151:6800/4032529407,v1:172.21.15.151:6801/4032529407] conn(0x7f48700386c0 0x7f487003ab70 unknown :-1 s=NONE pgs=0 cs=0 l=1 rev1=0 crypto rx=0 tx=0 comp rx=0 tx=0).connect
2023-07-21T22:09:07.606 INFO:teuthology.orchestra.run.smithi151.stdout:/usr/bin/ceph: stderr
2023-07-21T22:09:06.229+0000 7f48777fe700 1 -- 172.21.15.151:0/1686544680 <== mon.0 v2:172.21.15.151:3300/0 5 ==== osd_map(1..1 src has 1..1) v4 ==== 725+0+0 (secure 0 0 0) 0x7f487804c4f0 con 0x7f488807bdf0
2023-07-21T22:09:07.606 INFO:teuthology.orchestra.run.smithi151.stdout:/usr/bin/ceph: stderr
2023-07-21T22:09:06.229+0000 7f4885d9b700 1 --2- 172.21.15.151:0/1686544680 >> [v2:172.21.15.151:6800/4032529407,v1:172.21.15.151:6801/4032529407] conn(0x7f48700386c0 0x7f487003ab70 unknown :-1 s=BANNER_CONNECTING pgs=0 cs=0 l=1 rev1=0 crypto rx=0 tx=0 comp rx=0 tx=0)._handle_peer_banner_payload supported=3 required=0
2023-07-21T22:09:07.606 INFO:teuthology.orchestra.run.smithi151.stdout:/usr/bin/ceph: stderr
2023-07-21T22:09:06.230+0000 7f4885d9b700 1 --2- 172.21.15.151:0/1686544680 >> [v2:172.21.15.151:6800/4032529407,v1:172.21.15.151:6801/4032529407] conn(0x7f48700386c0 0x7f487003ab70 secure :-1 s=READY pgs=8 cs=0 l=1 rev1=1 crypto rx=0x7f487c006fd0 tx=0x7f487c006e40 comp rx=0 tx=0).ready entity=mgr.14100 client_cookie=0 server_cookie=0 in_seq=0 out_seq=0
2023-07-21T22:09:07.606 INFO:teuthology.orchestra.run.smithi151.stdout:/usr/bin/ceph: stderr
2023-07-21T22:09:06.234+0000 7f48777fe700 1 -- 172.21.15.151:0/1686544680 <== mon.0 v2:172.21.15.151:3300/0 6 ==== mon_command_ack([{"prefix": "get_command_descriptions"}]=0 v0) v1 ==== 72+0+178008 (secure 0 0 0) 0x7f4878022950 con 0x7f488807bdf0
2023-07-21T22:09:07.607 INFO:teuthology.orchestra.run.smithi151.stdout:/usr/bin/ceph: stderr
2023-07-21T22:09:06.482+0000 7f488cae4700 1 -- 172.21.15.151:0/1686544680 --> [v2:172.21.15.151:3300/0,v1:172.21.15.151:6789/0] -- mon_command({"prefix": "mgr module enable", "module": "cephadm"} v 0) v1 -- 0x7f488819ed70 con 0x7f488807bdf0
2023-07-21T22:09:07.607 INFO:teuthology.orchestra.run.smithi151.stdout:/usr/bin/ceph: stderr
2023-07-21T22:09:07.119+0000 7f48777fe700 1 -- 172.21.15.151:0/1686544680 <== mon.0 v2:172.21.15.151:3300/0 7 ==== mgrmap(e 5) v1 ==== 45483+0+0 (secure 0 0 0) 0x7f4878003990 con 0x7f488807bdf0
2023-07-21T22:09:07.607 INFO:teuthology.orchestra.run.smithi151.stdout:/usr/bin/ceph: stderr
2023-07-21T22:09:07.120+0000 7f48777fe700 1 -- 172.21.15.151:0/1686544680 <== mon.0 v2:172.21.15.151:3300/0 8 ==== mon_command_ack([{"prefix": "mgr module enable", "module": "cephadm"}]=0 v5) v1 ==== 86+0+0 (secure 0 0 0) 0x7f487804bf10 con 0x7f488807bdf0
2023-07-21T22:09:07.607 INFO:teuthology.orchestra.run.smithi151.stdout:/usr/bin/ceph: stderr
2023-07-21T22:09:07.123+0000 7f488cae4700 1 -- 172.21.15.151:0/1686544680 >> [v2:172.21.15.151:6800/4032529407,v1:172.21.15.151:6801/4032529407] conn(0x7f48700386c0 msgr2=0x7f487003ab70 secure :-1 s=STATE_CONNECTION_ESTABLISHED l=1).mark_down
2023-07-21T22:09:07.607 INFO:teuthology.orchestra.run.smithi151.stdout:/usr/bin/ceph: stderr
2023-07-21T22:09:07.123+0000 7f488cae4700 1 --2- 172.21.15.151:0/1686544680 >> [v2:172.21.15.151:6800/4032529407,v1:172.21.15.151:6801/4032529407] conn(0x7f48700386c0 0x7f487003ab70 secure :-1 s=READY pgs=8 cs=0 l=1 rev1=1 crypto rx=0x7f487c006fd0 tx=0x7f487c006e40 comp rx=0 tx=0).stop
2023-07-21T22:09:07.607 INFO:teuthology.orchestra.run.smithi151.stdout:/usr/bin/ceph: stderr
2023-07-21T22:09:07.123+0000 7f488cae4700 1 -- 172.21.15.151:0/1686544680 >> [v2:172.21.15.151:3300/0,v1:172.21.15.151:6789/0] conn(0x7f488807bdf0 msgr2=0x7f488819b090 secure :-1 s=STATE_CONNECTION_ESTABLISHED l=1).mark_down
2023-07-21T22:09:07.608 INFO:teuthology.orchestra.run.smithi151.stdout:/usr/bin/ceph: stderr
2023-07-21T22:09:07.123+0000 7f488cae4700 1 --2- 172.21.15.151:0/1686544680 >> [v2:172.21.15.151:3300/0,v1:172.21.15.151:6789/0] conn(0x7f488807bdf0 0x7f488819b090 secure :-1 s=READY pgs=23 cs=0 l=1 rev1=1 crypto rx=0x7f4878000c00 tx=0x7f4878011e70 comp rx=0 tx=0).stop
2023-07-21T22:09:07.608 INFO:teuthology.orchestra.run.smithi151.stdout:/usr/bin/ceph: stderr
2023-07-21T22:09:07.123+0000 7f488cae4700 1 -- 172.21.15.151:0/1686544680 shutdown_connections
2023-07-21T22:09:07.608 INFO:teuthology.orchestra.run.smithi151.stdout:/usr/bin/ceph: stderr
2023-07-21T22:09:07.123+0000 7f488cae4700 1 --2- 172.21.15.151:0/1686544680 >> [v2:172.21.15.151:6800/4032529407,v1:172.21.15.151:6801/4032529407] conn(0x7f48700386c0 0x7f487003ab70 unknown :-1 s=CLOSED pgs=8 cs=0 l=1 rev1=1 crypto rx=0 tx=0 comp rx=0 tx=0).stop
2023-07-21T22:09:07.608 INFO:teuthology.orchestra.run.smithi151.stdout:/usr/bin/ceph: stderr
2023-07-21T22:09:07.123+0000 7f488cae4700 1 --2- 172.21.15.151:0/1686544680 >> [v2:172.21.15.151:3300/0,v1:172.21.15.151:6789/0] conn(0x7f488807bdf0 0x7f488819b090 unknown :-1 s=CLOSED pgs=23 cs=0 l=1 rev1=1 crypto rx=0 tx=0 comp rx=0 tx=0).stop
2023-07-21T22:09:07.608 INFO:teuthology.orchestra.run.smithi151.stdout:/usr/bin/ceph: stderr
2023-07-21T22:09:07.123+0000 7f488cae4700 1 -- 172.21.15.151:0/1686544680 >> 172.21.15.151:0/1686544680 conn(0x7f4888100890 msgr2=0x7f4888101610 unknown :-1 s=STATE_NONE l=0).mark_down
2023-07-21T22:09:07.608 INFO:teuthology.orchestra.run.smithi151.stdout:/usr/bin/ceph: stderr
2023-07-21T22:09:07.124+0000 7f488cae4700 1 -- 172.21.15.151:0/1686544680 shutdown_connections
2023-07-21T22:09:07.609 INFO:teuthology.orchestra.run.smithi151.stdout:/usr/bin/ceph: stderr
2023-07-21T22:09:07.124+0000 7f488cae4700 1 -- 172.21.15.151:0/1686544680 wait complete.
2023-07-21T22:09:07.686 INFO:journalctl@ceph.mgr.x.smithi151.stdout:Jul 21 22:09:07 smithi151 ceph-f5fce3a4-2812-11ee-9b34-001a4aab830c-mgr-x[95756]:
2023-07-21T22:09:07.484+0000 7fb0458ae200 -1 mgr[py] Module osd_support has missing NOTIFY_TYPES member
2023-07-21T22:09:07.686 INFO:journalctl@ceph.mgr.x.smithi151.stdout:Jul 21 22:09:07 smithi151 ceph-f5fce3a4-2812-11ee-9b34-001a4aab830c-mgr-x[95756]:
2023-07-21T22:09:07.615+0000 7fb0458ae200 -1 mgr[py] Module snap_schedule has missing NOTIFY_TYPES member
2023-07-21T22:09:07.945 INFO:journalctl@ceph.mgr.x.smithi151.stdout:Jul 21 22:09:07 smithi151 ceph-f5fce3a4-2812-11ee-9b34-001a4aab830c-mgr-x[95756]:
2023-07-21T22:09:07.745+0000 7fb0458ae200 -1 mgr[py] Module zabbix has missing NOTIFY_TYPES member
2023-07-21T22:09:08.421 INFO:journalctl@ceph.mon.a.smithi151.stdout:Jul 21 22:09:08 smithi151 ceph-mon[95510]: from='client.? 172.21.15.151:0/1686544680' entity='client.admin' cmd='[{"prefix": "mgr module enable", "module": "cephadm"}]': finished
2023-07-21T22:09:08.421 INFO:journalctl@ceph.mon.a.smithi151.stdout:Jul 21 22:09:08 smithi151 ceph-mon[95510]: mgrmap e5: x(active, since 5s)
2023-07-21T22:09:08.421 INFO:journalctl@ceph.mgr.x.smithi151.stdout:Jul 21 22:09:07 smithi151 ceph-f5fce3a4-2812-11ee-9b34-001a4aab830c-mgr-x[95756]:
2023-07-21T22:09:07.978+0000 7fb0458ae200 -1 mgr[py] Module crash has missing NOTIFY_TYPES member
2023-07-21T22:09:08.684 INFO:journalctl@ceph.mgr.x.smithi151.stdout:Jul 21 22:09:08 smithi151 ceph-f5fce3a4-2812-11ee-9b34-001a4aab830c-mgr-x[95756]:
2023-07-21T22:09:08.380+0000 7fb0458ae200 -1 mgr[py] Module prometheus has missing NOTIFY_TYPES member
2023-07-21T22:09:08.684 INFO:journalctl@ceph.mgr.x.smithi151.stdout:Jul 21 22:09:08 smithi151 ceph-f5fce3a4-2812-11ee-9b34-001a4aab830c-mgr-x[95756]:
2023-07-21T22:09:08.509+0000 7fb0458ae200 -1 mgr[py] Module status has missing NOTIFY_TYPES member
2023-07-21T22:09:08.999 INFO:teuthology.orchestra.run.smithi151.stdout:/usr/bin/ceph: stdout {
2023-07-21T22:09:08.999 INFO:teuthology.orchestra.run.smithi151.stdout:/usr/bin/ceph: stdout "epoch": 5,
2023-07-21T22:09:08.999 INFO:teuthology.orchestra.run.smithi151.stdout:/usr/bin/ceph: stdout "available": true,
2023-07-21T22:09:09.000 INFO:teuthology.orchestra.run.smithi151.stdout:/usr/bin/ceph: stdout "active_name": "x",
2023-07-21T22:09:09.000 INFO:teuthology.orchestra.run.smithi151.stdout:/usr/bin/ceph: stdout "num_standby": 0
2023-07-21T22:09:09.000 INFO:teuthology.orchestra.run.smithi151.stdout:/usr/bin/ceph: stdout }
2023-07-21T22:09:09.000 INFO:teuthology.orchestra.run.smithi151.stdout:/usr/bin/ceph: stderr
2023-07-21T22:09:08.135+0000 7f1292865700 1 Processor -- start
2023-07-21T22:09:09.000 INFO:teuthology.orchestra.run.smithi151.stdout:/usr/bin/ceph: stderr
2023-07-21T22:09:08.135+0000 7f1292865700 1 -- start start
2023-07-21T22:09:09.000 INFO:teuthology.orchestra.run.smithi151.stdout:/usr/bin/ceph: stderr
2023-07-21T22:09:08.135+0000 7f1292865700 1 --2- >> [v2:172.21.15.151:3300/0,v1:172.21.15.151:6789/0] conn(0x7f128c07bdd0 0x7f128c07a2d0 unknown :-1 s=NONE pgs=0 cs=0 l=0 rev1=0 crypto rx=0 tx=0 comp rx=0 tx=0).connect
2023-07-21T22:09:09.001 INFO:teuthology.orchestra.run.smithi151.stdout:/usr/bin/ceph: stderr
2023-07-21T22:09:08.135+0000 7f1292865700 1 -- --> [v2:172.21.15.151:3300/0,v1:172.21.15.151:6789/0] -- mon_getmap magic: 0 v1 -- 0x7f128c07a810 con 0x7f128c07bdd0
2023-07-21T22:09:09.001 INFO:teuthology.orchestra.run.smithi151.stdout:/usr/bin/ceph: stderr
2023-07-21T22:09:08.136+0000 7f128bfff700 1 --2- >> [v2:172.21.15.151:3300/0,v1:172.21.15.151:6789/0] conn(0x7f128c07bdd0 0x7f128c07a2d0 unknown :-1 s=BANNER_CONNECTING pgs=0 cs=0 l=0 rev1=0 crypto rx=0 tx=0 comp rx=0 tx=0)._handle_peer_banner_payload supported=3 required=0
2023-07-21T22:09:09.001 INFO:teuthology.orchestra.run.smithi151.stdout:/usr/bin/ceph: stderr
2023-07-21T22:09:08.136+0000 7f128bfff700 1 --2- >> [v2:172.21.15.151:3300/0,v1:172.21.15.151:6789/0] conn(0x7f128c07bdd0 0x7f128c07a2d0 unknown :-1 s=HELLO_CONNECTING pgs=0 cs=0 l=0 rev1=1 crypto rx=0 tx=0 comp rx=0 tx=0).handle_hello peer v2:172.21.15.151:3300/0 says I am v2:172.21.15.151:42592/0 (socket says 172.21.15.151:42592)
2023-07-21T22:09:09.001 INFO:teuthology.orchestra.run.smithi151.stdout:/usr/bin/ceph: stderr
2023-07-21T22:09:08.136+0000 7f128bfff700 1 -- 172.21.15.151:0/2595080067 learned_addr learned my addr 172.21.15.151:0/2595080067 (peer_addr_for_me v2:172.21.15.151:0/0)
2023-07-21T22:09:09.001 INFO:teuthology.orchestra.run.smithi151.stdout:/usr/bin/ceph: stderr
2023-07-21T22:09:08.136+0000 7f128bfff700 1 -- 172.21.15.151:0/2595080067 --> [v2:172.21.15.151:3300/0,v1:172.21.15.151:6789/0] -- mon_subscribe({config=0+,monmap=0+}) v3 -- 0x7f128c07a950 con 0x7f128c07bdd0
2023-07-21T22:09:09.001 INFO:teuthology.orchestra.run.smithi151.stdout:/usr/bin/ceph: stderr
2023-07-21T22:09:08.136+0000 7f128bfff700 1 --2- 172.21.15.151:0/2595080067 >> [v2:172.21.15.151:3300/0,v1:172.21.15.151:6789/0] conn(0x7f128c07bdd0 0x7f128c07a2d0 secure :-1 s=READY pgs=26 cs=0 l=1 rev1=1 crypto rx=0x7f127c0098a0 tx=0x7f127c009bb0 comp rx=0 tx=0).ready entity=mon.0 client_cookie=5af237463c4e71c4 server_cookie=0 in_seq=0 out_seq=0
2023-07-21T22:09:09.002 INFO:teuthology.orchestra.run.smithi151.stdout:/usr/bin/ceph: stderr
2023-07-21T22:09:08.137+0000 7f128affd700 1 -- 172.21.15.151:0/2595080067 <== mon.0 v2:172.21.15.151:3300/0 1 ==== mon_map magic: 0 v1 ==== 205+0+0 (secure 0 0 0) 0x7f127c004160 con 0x7f128c07bdd0
2023-07-21T22:09:09.002 INFO:teuthology.orchestra.run.smithi151.stdout:/usr/bin/ceph: stderr
2023-07-21T22:09:08.137+0000 7f128affd700 1 -- 172.21.15.151:0/2595080067 <== mon.0 v2:172.21.15.151:3300/0 2 ==== config(25 keys) v1 ==== 1036+0+0 (secure 0 0 0) 0x7f127c0042c0 con 0x7f128c07bdd0
2023-07-21T22:09:09.002 INFO:teuthology.orchestra.run.smithi151.stdout:/usr/bin/ceph: stderr
2023-07-21T22:09:08.137+0000 7f128affd700 1 -- 172.21.15.151:0/2595080067 <== mon.0 v2:172.21.15.151:3300/0 3 ==== mon_map magic: 0 v1 ==== 205+0+0 (secure 0 0 0) 0x7f127c011940 con 0x7f128c07bdd0
2023-07-21T22:09:09.002 INFO:teuthology.orchestra.run.smithi151.stdout:/usr/bin/ceph: stderr
2023-07-21T22:09:08.137+0000 7f1292865700 1 -- 172.21.15.151:0/2595080067 >> [v2:172.21.15.151:3300/0,v1:172.21.15.151:6789/0] conn(0x7f128c07bdd0 msgr2=0x7f128c07a2d0 secure :-1 s=STATE_CONNECTION_ESTABLISHED l=1).mark_down
2023-07-21T22:09:09.002 INFO:teuthology.orchestra.run.smithi151.stdout:/usr/bin/ceph: stderr
2023-07-21T22:09:08.137+0000 7f1292865700 1 --2- 172.21.15.151:0/2595080067 >> [v2:172.21.15.151:3300/0,v1:172.21.15.151:6789/0] conn(0x7f128c07bdd0 0x7f128c07a2d0 secure :-1 s=READY pgs=26 cs=0 l=1 rev1=1 crypto rx=0x7f127c0098a0 tx=0x7f127c009bb0 comp rx=0 tx=0).stop
2023-07-21T22:09:09.003 INFO:teuthology.orchestra.run.smithi151.stdout:/usr/bin/ceph: stderr
2023-07-21T22:09:08.138+0000 7f1292865700 1 -- 172.21.15.151:0/2595080067 shutdown_connections
2023-07-21T22:09:09.003 INFO:teuthology.orchestra.run.smithi151.stdout:/usr/bin/ceph: stderr
2023-07-21T22:09:08.138+0000 7f1292865700 1 --2- 172.21.15.151:0/2595080067 >> [v2:172.21.15.151:3300/0,v1:172.21.15.151:6789/0] conn(0x7f128c07bdd0 0x7f128c07a2d0 unknown :-1 s=CLOSED pgs=26 cs=0 l=1 rev1=1 crypto rx=0 tx=0 comp rx=0 tx=0).stop
2023-07-21T22:09:09.003 INFO:teuthology.orchestra.run.smithi151.stdout:/usr/bin/ceph: stderr
2023-07-21T22:09:08.138+0000 7f1292865700 1 -- 172.21.15.151:0/2595080067 >> 172.21.15.151:0/2595080067 conn(0x7f128c100900 msgr2=0x7f128c102d10 unknown :-1 s=STATE_NONE l=0).mark_down
2023-07-21T22:09:09.003 INFO:teuthology.orchestra.run.smithi151.stdout:/usr/bin/ceph: stderr
2023-07-21T22:09:08.138+0000 7f1292865700 1 -- 172.21.15.151:0/2595080067 shutdown_connections
2023-07-21T22:09:09.003 INFO:teuthology.orchestra.run.smithi151.stdout:/usr/bin/ceph: stderr
2023-07-21T22:09:08.138+0000 7f1292865700 1 -- 172.21.15.151:0/2595080067 wait complete.
2023-07-21T22:09:09.003 INFO:teuthology.orchestra.run.smithi151.stdout:/usr/bin/ceph: stderr
2023-07-21T22:09:08.139+0000 7f1292865700 1 Processor -- start
2023-07-21T22:09:09.003 INFO:teuthology.orchestra.run.smithi151.stdout:/usr/bin/ceph: stderr
2023-07-21T22:09:08.140+0000 7f1292865700 1 -- start start
2023-07-21T22:09:09.004 INFO:teuthology.orchestra.run.smithi151.stdout:/usr/bin/ceph: stderr
2023-07-21T22:09:08.140+0000 7f1292865700 1 --2- >> [v2:172.21.15.151:3300/0,v1:172.21.15.151:6789/0] conn(0x7f128c07bdd0 0x7f128c19b170 unknown :-1 s=NONE pgs=0 cs=0 l=1 rev1=0 crypto rx=0 tx=0 comp rx=0 tx=0).connect
2023-07-21T22:09:09.004 INFO:teuthology.orchestra.run.smithi151.stdout:/usr/bin/ceph: stderr
2023-07-21T22:09:08.140+0000 7f1292865700 1 -- --> [v2:172.21.15.151:3300/0,v1:172.21.15.151:6789/0] -- mon_getmap magic: 0 v1 -- 0x7f128c19b6b0 con 0x7f128c07bdd0
2023-07-21T22:09:09.004 INFO:teuthology.orchestra.run.smithi151.stdout:/usr/bin/ceph: stderr
2023-07-21T22:09:08.140+0000 7f128bfff700 1 --2- >> [v2:172.21.15.151:3300/0,v1:172.21.15.151:6789/0] conn(0x7f128c07bdd0 0x7f128c19b170 unknown :-1 s=BANNER_CONNECTING pgs=0 cs=0 l=1 rev1=0 crypto rx=0 tx=0 comp rx=0 tx=0)._handle_peer_banner_payload supported=3 required=0
2023-07-21T22:09:09.004 INFO:teuthology.orchestra.run.smithi151.stdout:/usr/bin/ceph: stderr
2023-07-21T22:09:08.140+0000 7f128bfff700 1 --2- >> [v2:172.21.15.151:3300/0,v1:172.21.15.151:6789/0] conn(0x7f128c07bdd0 0x7f128c19b170 unknown :-1 s=HELLO_CONNECTING pgs=0 cs=0 l=1 rev1=1 crypto rx=0 tx=0 comp rx=0 tx=0).handle_hello peer v2:172.21.15.151:3300/0 says I am v2:172.21.15.151:42606/0 (socket says 172.21.15.151:42606)
2023-07-21T22:09:09.004 INFO:teuthology.orchestra.run.smithi151.stdout:/usr/bin/ceph: stderr
2023-07-21T22:09:08.140+0000 7f128bfff700 1 -- 172.21.15.151:0/3942317995 learned_addr learned my addr 172.21.15.151:0/3942317995 (peer_addr_for_me v2:172.21.15.151:0/0)
2023-07-21T22:09:09.004 INFO:teuthology.orchestra.run.smithi151.stdout:/usr/bin/ceph: stderr
2023-07-21T22:09:08.141+0000 7f128bfff700 1 -- 172.21.15.151:0/3942317995 --> [v2:172.21.15.151:3300/0,v1:172.21.15.151:6789/0] -- mon_subscribe({config=0+,monmap=0+}) v3 -- 0x7f127c009550 con 0x7f128c07bdd0
2023-07-21T22:09:09.005 INFO:teuthology.orchestra.run.smithi151.stdout:/usr/bin/ceph: stderr
2023-07-21T22:09:08.141+0000 7f128bfff700 1 --2- 172.21.15.151:0/3942317995 >> [v2:172.21.15.151:3300/0,v1:172.21.15.151:6789/0] conn(0x7f128c07bdd0 0x7f128c19b170 secure :-1 s=READY pgs=27 cs=0 l=1 rev1=1 crypto rx=0x7f127c000c00 tx=0x7f127c011e70 comp rx=0 tx=0).ready entity=mon.0 client_cookie=0 server_cookie=0 in_seq=0 out_seq=0
2023-07-21T22:09:09.005 INFO:teuthology.orchestra.run.smithi151.stdout:/usr/bin/ceph: stderr
2023-07-21T22:09:08.141+0000 7f12897fa700 1 -- 172.21.15.151:0/3942317995 <== mon.0 v2:172.21.15.151:3300/0 1 ==== mon_map magic: 0 v1 ==== 205+0+0 (secure 0 0 0) 0x7f127c0036a0 con 0x7f128c07bdd0
2023-07-21T22:09:09.005 INFO:teuthology.orchestra.run.smithi151.stdout:/usr/bin/ceph: stderr
2023-07-21T22:09:08.141+0000 7f1292865700 1 -- 172.21.15.151:0/3942317995 --> [v2:172.21.15.151:3300/0,v1:172.21.15.151:6789/0] -- mon_subscribe({mgrmap=0+}) v3 -- 0x7f128c19b8b0 con 0x7f128c07bdd0
2023-07-21T22:09:09.005 INFO:teuthology.orchestra.run.smithi151.stdout:/usr/bin/ceph: stderr
2023-07-21T22:09:08.141+0000 7f12897fa700 1 -- 172.21.15.151:0/3942317995 <== mon.0 v2:172.21.15.151:3300/0 2 ==== config(25 keys) v1 ==== 1036+0+0 (secure 0 0 0) 0x7f127c003c70 con 0x7f128c07bdd0
2023-07-21T22:09:09.005 INFO:teuthology.orchestra.run.smithi151.stdout:/usr/bin/ceph: stderr
2023-07-21T22:09:08.141+0000 7f12897fa700 1 -- 172.21.15.151:0/3942317995 <== mon.0 v2:172.21.15.151:3300/0 3 ==== mon_map magic: 0 v1 ==== 205+0+0 (secure 0 0 0) 0x7f127c0193f0 con 0x7f128c07bdd0
2023-07-21T22:09:09.005 INFO:teuthology.orchestra.run.smithi151.stdout:/usr/bin/ceph: stderr
2023-07-21T22:09:08.141+0000 7f1292865700 1 -- 172.21.15.151:0/3942317995 --> [v2:172.21.15.151:3300/0,v1:172.21.15.151:6789/0] -- mon_subscribe({osdmap=0}) v3 -- 0x7f128c19bcd0 con 0x7f128c07bdd0
2023-07-21T22:09:09.006 INFO:teuthology.orchestra.run.smithi151.stdout:/usr/bin/ceph: stderr
2023-07-21T22:09:08.142+0000 7f1292865700 1 -- 172.21.15.151:0/3942317995 --> [v2:172.21.15.151:3300/0,v1:172.21.15.151:6789/0] -- mon_command({"prefix": "get_command_descriptions"} v 0) v1 -- 0x7f128c10b4d0 con 0x7f128c07bdd0
2023-07-21T22:09:09.006 INFO:teuthology.orchestra.run.smithi151.stdout:/usr/bin/ceph: stderr
2023-07-21T22:09:08.143+0000 7f12897fa700 1 -- 172.21.15.151:0/3942317995 <== mon.0 v2:172.21.15.151:3300/0 4 ==== mgrmap(e 5) v1 ==== 45483+0+0 (secure 0 0 0) 0x7f127c01b440 con 0x7f128c07bdd0
2023-07-21T22:09:09.006 INFO:teuthology.orchestra.run.smithi151.stdout:/usr/bin/ceph: stderr
2023-07-21T22:09:08.143+0000 7f12897fa700 1 --2- 172.21.15.151:0/3942317995 >> [v2:172.21.15.151:6800/4032529407,v1:172.21.15.151:6801/4032529407] conn(0x7f1274038710 0x7f127403abc0 unknown :-1 s=NONE pgs=0 cs=0 l=1 rev1=0 crypto rx=0 tx=0 comp rx=0 tx=0).connect
2023-07-21T22:09:09.006 INFO:teuthology.orchestra.run.smithi151.stdout:/usr/bin/ceph: stderr
2023-07-21T22:09:08.143+0000 7f12897fa700 1 -- 172.21.15.151:0/3942317995 <== mon.0 v2:172.21.15.151:3300/0 5 ==== osd_map(1..1 src has 1..1) v4 ==== 725+0+0 (secure 0 0 0) 0x7f127c04c570 con 0x7f128c07bdd0
2023-07-21T22:09:09.006 INFO:teuthology.orchestra.run.smithi151.stdout:/usr/bin/ceph: stderr
2023-07-21T22:09:08.143+0000 7f128b7fe700 1 -- 172.21.15.151:0/3942317995 >> [v2:172.21.15.151:6800/4032529407,v1:172.21.15.151:6801/4032529407] conn(0x7f1274038710 msgr2=0x7f127403abc0 unknown :-1 s=STATE_CONNECTING_RE l=1).process reconnect failed to v2:172.21.15.151:6800/4032529407
2023-07-21T22:09:09.007 INFO:teuthology.orchestra.run.smithi151.stdout:/usr/bin/ceph: stderr
2023-07-21T22:09:08.143+0000 7f128b7fe700 1 --2- 172.21.15.151:0/3942317995 >> [v2:172.21.15.151:6800/4032529407,v1:172.21.15.151:6801/4032529407] conn(0x7f1274038710 0x7f127403abc0 unknown :-1 s=START_CONNECT pgs=0 cs=0 l=1 rev1=0 crypto rx=0 tx=0 comp rx=0 tx=0)._fault waiting 0.200000
2023-07-21T22:09:09.007 INFO:teuthology.orchestra.run.smithi151.stdout:/usr/bin/ceph: stderr
2023-07-21T22:09:08.148+0000 7f12897fa700 1 -- 172.21.15.151:0/3942317995 <== mon.0 v2:172.21.15.151:3300/0 6 ==== mon_command_ack([{"prefix": "get_command_descriptions"}]=0 v0) v1 ==== 72+0+178008 (secure 0 0 0) 0x7f127c022950 con 0x7f128c07bdd0
2023-07-21T22:09:09.007 INFO:teuthology.orchestra.run.smithi151.stdout:/usr/bin/ceph: stderr
2023-07-21T22:09:08.344+0000 7f128b7fe700 1 -- 172.21.15.151:0/3942317995 >> [v2:172.21.15.151:6800/4032529407,v1:172.21.15.151:6801/4032529407] conn(0x7f1274038710 msgr2=0x7f127403abc0 unknown :-1 s=STATE_CONNECTING_RE l=1).process reconnect failed to v2:172.21.15.151:6800/4032529407
2023-07-21T22:09:09.007 INFO:teuthology.orchestra.run.smithi151.stdout:/usr/bin/ceph: stderr
2023-07-21T22:09:08.344+0000 7f128b7fe700 1 --2- 172.21.15.151:0/3942317995 >> [v2:172.21.15.151:6800/4032529407,v1:172.21.15.151:6801/4032529407] conn(0x7f1274038710 0x7f127403abc0 unknown :-1 s=START_CONNECT pgs=0 cs=0 l=1 rev1=0 crypto rx=0 tx=0 comp rx=0 tx=0)._fault waiting 0.400000
2023-07-21T22:09:09.007 INFO:teuthology.orchestra.run.smithi151.stdout:/usr/bin/ceph: stderr
2023-07-21T22:09:08.400+0000 7f1292865700 1 -- 172.21.15.151:0/3942317995 --> [v2:172.21.15.151:3300/0,v1:172.21.15.151:6789/0] -- mon_command({"prefix": "mgr stat"} v 0) v1 -- 0x7f128c19eb30 con 0x7f128c07bdd0
2023-07-21T22:09:09.008 INFO:teuthology.orchestra.run.smithi151.stdout:/usr/bin/ceph: stderr
2023-07-21T22:09:08.401+0000 7f12897fa700 1 -- 172.21.15.151:0/3942317995 <== mon.0 v2:172.21.15.151:3300/0 7 ==== mon_command_ack([{"prefix": "mgr stat"}]=0 v5) v1 ==== 56+0+88 (secure 0 0 0) 0x7f127c01f020 con 0x7f128c07bdd0
2023-07-21T22:09:09.008 INFO:teuthology.orchestra.run.smithi151.stdout:/usr/bin/ceph: stderr
2023-07-21T22:09:08.404+0000 7f1292865700 1 -- 172.21.15.151:0/3942317995 >> [v2:172.21.15.151:6800/4032529407,v1:172.21.15.151:6801/4032529407] conn(0x7f1274038710 msgr2=0x7f127403abc0 unknown :-1 s=STATE_CONNECTING l=1).mark_down
2023-07-21T22:09:09.008 INFO:teuthology.orchestra.run.smithi151.stdout:/usr/bin/ceph: stderr
2023-07-21T22:09:08.404+0000 7f1292865700 1 --2- 172.21.15.151:0/3942317995 >> [v2:172.21.15.151:6800/4032529407,v1:172.21.15.151:6801/4032529407] conn(0x7f1274038710 0x7f127403abc0 unknown :-1 s=START_CONNECT pgs=0 cs=0 l=1 rev1=0 crypto rx=0 tx=0 comp rx=0 tx=0).stop
2023-07-21T22:09:09.008 INFO:teuthology.orchestra.run.smithi151.stdout:/usr/bin/ceph: stderr
2023-07-21T22:09:08.404+0000 7f1292865700 1 -- 172.21.15.151:0/3942317995 >> [v2:172.21.15.151:3300/0,v1:172.21.15.151:6789/0] conn(0x7f128c07bdd0 msgr2=0x7f128c19b170 secure :-1 s=STATE_CONNECTION_ESTABLISHED l=1).mark_down
2023-07-21T22:09:09.008 INFO:teuthology.orchestra.run.smithi151.stdout:/usr/bin/ceph: stderr
2023-07-21T22:09:08.404+0000 7f1292865700 1 --2- 172.21.15.151:0/3942317995 >> [v2:172.21.15.151:3300/0,v1:172.21.15.151:6789/0] conn(0x7f128c07bdd0 0x7f128c19b170 secure :-1 s=READY pgs=27 cs=0 l=1 rev1=1 crypto rx=0x7f127c000c00 tx=0x7f127c011e70 comp rx=0 tx=0).stop
2023-07-21T22:09:09.009 INFO:teuthology.orchestra.run.smithi151.stdout:/usr/bin/ceph: stderr
2023-07-21T22:09:08.404+0000 7f1292865700 1 -- 172.21.15.151:0/3942317995 shutdown_connections
2023-07-21T22:09:09.009 INFO:teuthology.orchestra.run.smithi151.stdout:/usr/bin/ceph: stderr
2023-07-21T22:09:08.404+0000 7f1292865700 1 --2- 172.21.15.151:0/3942317995 >> [v2:172.21.15.151:6800/4032529407,v1:172.21.15.151:6801/4032529407] conn(0x7f1274038710 0x7f127403abc0 unknown :-1 s=CLOSED pgs=0 cs=0 l=1 rev1=0 crypto rx=0 tx=0 comp rx=0 tx=0).stop
2023-07-21T22:09:09.009 INFO:teuthology.orchestra.run.smithi151.stdout:/usr/bin/ceph: stderr
2023-07-21T22:09:08.404+0000 7f1292865700 1 --2- 172.21.15.151:0/3942317995 >> [v2:172.21.15.151:3300/0,v1:172.21.15.151:6789/0] conn(0x7f128c07bdd0 0x7f128c19b170 unknown :-1 s=CLOSED pgs=27 cs=0 l=1 rev1=1 crypto rx=0 tx=0 comp rx=0 tx=0).stop
2023-07-21T22:09:09.010 INFO:teuthology.orchestra.run.smithi151.stdout:/usr/bin/ceph: stderr
2023-07-21T22:09:08.404+0000 7f1292865700 1 -- 172.21.15.151:0/3942317995 >> 172.21.15.151:0/3942317995 conn(0x7f128c100900 msgr2=0x7f128c102000 unknown :-1 s=STATE_NONE l=0).mark_down
2023-07-21T22:09:09.010 INFO:teuthology.orchestra.run.smithi151.stdout:/usr/bin/ceph: stderr
2023-07-21T22:09:08.404+0000 7f1292865700 1 -- 172.21.15.151:0/3942317995 shutdown_connections
2023-07-21T22:09:09.010 INFO:teuthology.orchestra.run.smithi151.stdout:/usr/bin/ceph: stderr
2023-07-21T22:09:08.404+0000 7f1292865700 1 -- 172.21.15.151:0/3942317995 wait complete.
2023-07-21T22:09:09.010 INFO:teuthology.orchestra.run.smithi151.stdout:Waiting for the mgr to restart...
2023-07-21T22:09:09.011 INFO:teuthology.orchestra.run.smithi151.stdout:Waiting for mgr epoch 5...
2023-07-21T22:09:09.160 INFO:journalctl@ceph.mgr.x.smithi151.stdout:Jul 21 22:09:08 smithi151 ceph-f5fce3a4-2812-11ee-9b34-001a4aab830c-mgr-x[95756]:
2023-07-21T22:09:08.675+0000 7fb0458ae200 -1 mgr[py] Module selftest has missing NOTIFY_TYPES member
2023-07-21T22:09:09.160 INFO:journalctl@ceph.mgr.x.smithi151.stdout:Jul 21 22:09:08 smithi151 ceph-f5fce3a4-2812-11ee-9b34-001a4aab830c-mgr-x[95756]:
2023-07-21T22:09:08.800+0000 7fb0458ae200 -1 mgr[py] Module alerts has missing NOTIFY_TYPES member
2023-07-21T22:09:09.445 INFO:journalctl@ceph.mon.a.smithi151.stdout:Jul 21 22:09:09 smithi151 ceph-mon[95510]: from='client.? 172.21.15.151:0/3942317995' entity='client.admin' cmd=[{"prefix": "mgr stat"}]: dispatch
2023-07-21T22:09:09.445 INFO:journalctl@ceph.mgr.x.smithi151.stdout:Jul 21 22:09:09 smithi151 ceph-f5fce3a4-2812-11ee-9b34-001a4aab830c-mgr-x[95756]:
2023-07-21T22:09:09.367+0000 7fb0458ae200 -1 mgr[py] Module progress has missing NOTIFY_TYPES member
2023-07-21T22:09:10.445 INFO:journalctl@ceph.mgr.x.smithi151.stdout:Jul 21 22:09:10 smithi151 ceph-f5fce3a4-2812-11ee-9b34-001a4aab830c-mgr-x[95756]:
2023-07-21T22:09:10.114+0000 7fb0458ae200 -1 mgr[py] Module rook has missing NOTIFY_TYPES member
2023-07-21T22:09:10.445 INFO:journalctl@ceph.mgr.x.smithi151.stdout:Jul 21 22:09:10 smithi151 ceph-f5fce3a4-2812-11ee-9b34-001a4aab830c-mgr-x[95756]:
2023-07-21T22:09:10.322+0000 7fb0458ae200 -1 mgr[py] Module iostat has missing NOTIFY_TYPES member
2023-07-21T22:09:11.632 INFO:journalctl@ceph.mgr.x.smithi151.stdout:Jul 21 22:09:11 smithi151 ceph-f5fce3a4-2812-11ee-9b34-001a4aab830c-mgr-x[95756]:
2023-07-21T22:09:11.255+0000 7fb0458ae200 -1 mgr[py] Module test_orchestrator has missing NOTIFY_TYPES member
2023-07-21T22:09:11.632 INFO:journalctl@ceph.mgr.x.smithi151.stdout:Jul 21 22:09:11 smithi151 ceph-f5fce3a4-2812-11ee-9b34-001a4aab830c-mgr-x[95756]:
2023-07-21T22:09:11.372+0000 7fb0458ae200 -1 mgr[py] Module osd_perf_query has missing NOTIFY_TYPES member
2023-07-21T22:09:12.262 INFO:journalctl@ceph.mgr.x.smithi151.stdout:Jul 21 22:09:11 smithi151 ceph-f5fce3a4-2812-11ee-9b34-001a4aab830c-mgr-x[95756]:
2023-07-21T22:09:11.591+0000 7fb0458ae200 -1 mgr[py] Module orchestrator has missing NOTIFY_TYPES member
2023-07-21T22:09:12.263 INFO:journalctl@ceph.mgr.x.smithi151.stdout:Jul 21 22:09:11 smithi151 ceph-f5fce3a4-2812-11ee-9b34-001a4aab830c-mgr-x[95756]:
2023-07-21T22:09:11.946+0000 7fb0458ae200 -1 mgr[py] Module rgw has missing NOTIFY_TYPES member
2023-07-21T22:09:12.263 INFO:journalctl@ceph.mgr.x.smithi151.stdout:Jul 21 22:09:12 smithi151 ceph-f5fce3a4-2812-11ee-9b34-001a4aab830c-mgr-x[95756]:
2023-07-21T22:09:12.221+0000 7fb0458ae200 -1 mgr[py] Module influx has missing NOTIFY_TYPES member
2023-07-21T22:09:12.695 INFO:journalctl@ceph.mgr.x.smithi151.stdout:Jul 21 22:09:12 smithi151 ceph-f5fce3a4-2812-11ee-9b34-001a4aab830c-mgr-x[95756]:
2023-07-21T22:09:12.411+0000 7fb0458ae200 -1 mgr[py] Module telemetry has missing NOTIFY_TYPES member
2023-07-21T22:09:13.195 INFO:journalctl@ceph.mgr.x.smithi151.stdout:Jul 21 22:09:12 smithi151 ceph-f5fce3a4-2812-11ee-9b34-001a4aab830c-mgr-x[95756]:
2023-07-21T22:09:12.752+0000 7fb0458ae200 -1 mgr[py] Module telegraf has missing NOTIFY_TYPES member
2023-07-21T22:09:14.122 INFO:journalctl@ceph.mgr.x.smithi151.stdout:Jul 21 22:09:13 smithi151 ceph-f5fce3a4-2812-11ee-9b34-001a4aab830c-mgr-x[95756]:
2023-07-21T22:09:13.671+0000 7fb0458ae200 -1 mgr[py] Module balancer has missing NOTIFY_TYPES member
2023-07-21T22:09:14.123 INFO:journalctl@ceph.mgr.x.smithi151.stdout:Jul 21 22:09:13 smithi151 ceph-f5fce3a4-2812-11ee-9b34-001a4aab830c-mgr-x[95756]:
2023-07-21T22:09:13.841+0000 7fb0458ae200 -1 mgr[py] Module diskprediction_local has missing NOTIFY_TYPES member
2023-07-21T22:09:14.445 INFO:journalctl@ceph.mgr.x.smithi151.stdout:Jul 21 22:09:14 smithi151 ceph-f5fce3a4-2812-11ee-9b34-001a4aab830c-mgr-x[95756]:
2023-07-21T22:09:14.081+0000 7fb0458ae200 -1 mgr[py] Module nfs has missing NOTIFY_TYPES member
2023-07-21T22:09:14.445 INFO:journalctl@ceph.mgr.x.smithi151.stdout:Jul 21 22:09:14 smithi151 ceph-f5fce3a4-2812-11ee-9b34-001a4aab830c-mgr-x[95756]:
2023-07-21T22:09:14.227+0000 7fb0458ae200 -1 mgr[py] Module rbd_support has missing NOTIFY_TYPES member
2023-07-21T22:09:14.945 INFO:journalctl@ceph.mgr.x.smithi151.stdout:Jul 21 22:09:14 smithi151 ceph-f5fce3a4-2812-11ee-9b34-001a4aab830c-mgr-x[95756]:
2023-07-21T22:09:14.496+0000 7fb0458ae200 -1 mgr[py] Module volumes has missing NOTIFY_TYPES member
2023-07-21T22:09:15.945 INFO:journalctl@ceph.mgr.x.smithi151.stdout:Jul 21 22:09:15 smithi151 ceph-f5fce3a4-2812-11ee-9b34-001a4aab830c-mgr-x[95756]:
2023-07-21T22:09:15.553+0000 7fb0458ae200 -1 mgr[py] Module pg_autoscaler has missing NOTIFY_TYPES member
2023-07-21T22:09:15.946 INFO:journalctl@ceph.mon.a.smithi151.stdout:Jul 21 22:09:15 smithi151 ceph-mon[95510]: Active manager daemon x restarted
2023-07-21T22:09:15.946 INFO:journalctl@ceph.mon.a.smithi151.stdout:Jul 21 22:09:15 smithi151 ceph-mon[95510]: Activating manager daemon x
2023-07-21T22:09:15.946 INFO:journalctl@ceph.mon.a.smithi151.stdout:Jul 21 22:09:15 smithi151 ceph-mon[95510]: osdmap e2: 0 total, 0 up, 0 in
2023-07-21T22:09:15.946 INFO:journalctl@ceph.mon.a.smithi151.stdout:Jul 21 22:09:15 smithi151 ceph-mon[95510]: mgrmap e6: x(active, starting, since 0.00416504s)
2023-07-21T22:09:15.946 INFO:journalctl@ceph.mon.a.smithi151.stdout:Jul 21 22:09:15 smithi151 ceph-mon[95510]: from='mgr.14120 172.21.15.151:0/1288984982' entity='mgr.x' cmd=[{"prefix": "mon metadata", "id": "a"}]: dispatch
2023-07-21T22:09:15.946 INFO:journalctl@ceph.mon.a.smithi151.stdout:Jul 21 22:09:15 smithi151 ceph-mon[95510]: from='mgr.14120 172.21.15.151:0/1288984982' entity='mgr.x' cmd=[{"prefix": "mgr metadata", "who": "x", "id": "x"}]: dispatch
2023-07-21T22:09:15.946 INFO:journalctl@ceph.mon.a.smithi151.stdout:Jul 21 22:09:15 smithi151 ceph-mon[95510]: from='mgr.14120 172.21.15.151:0/1288984982' entity='mgr.x' cmd=[{"prefix": "mds metadata"}]: dispatch
2023-07-21T22:09:15.947 INFO:journalctl@ceph.mon.a.smithi151.stdout:Jul 21 22:09:15 smithi151 ceph-mon[95510]: from='mgr.14120 172.21.15.151:0/1288984982' entity='mgr.x' cmd=[{"prefix": "osd metadata"}]: dispatch
2023-07-21T22:09:15.947 INFO:journalctl@ceph.mon.a.smithi151.stdout:Jul 21 22:09:15 smithi151 ceph-mon[95510]: from='mgr.14120 172.21.15.151:0/1288984982' entity='mgr.x' cmd=[{"prefix": "mon metadata"}]: dispatch
2023-07-21T22:09:15.947 INFO:journalctl@ceph.mon.a.smithi151.stdout:Jul 21 22:09:15 smithi151 ceph-mon[95510]: Manager daemon x is now available
2023-07-21T22:09:15.947 INFO:journalctl@ceph.mon.a.smithi151.stdout:Jul 21 22:09:15 smithi151 ceph-mon[95510]: from='mgr.14120 172.21.15.151:0/1288984982' entity='mgr.x'
2023-07-21T22:09:15.947 INFO:journalctl@ceph.mon.a.smithi151.stdout:Jul 21 22:09:15 smithi151 ceph-mon[95510]: from='mgr.14120 172.21.15.151:0/1288984982' entity='mgr.x'
2023-07-21T22:09:15.947 INFO:journalctl@ceph.mon.a.smithi151.stdout:Jul 21 22:09:15 smithi151 ceph-mon[95510]: from='mgr.14120 172.21.15.151:0/1288984982' entity='mgr.x' cmd=[{"prefix": "config dump", "format": "json"}]: dispatch
2023-07-21T22:09:15.947 INFO:journalctl@ceph.mon.a.smithi151.stdout:Jul 21 22:09:15 smithi151 ceph-mon[95510]: from='mgr.14120 172.21.15.151:0/1288984982' entity='mgr.x' cmd=[{"prefix": "config dump", "format": "json"}]: dispatch
2023-07-21T22:09:15.947 INFO:journalctl@ceph.mon.a.smithi151.stdout:Jul 21 22:09:15 smithi151 ceph-mon[95510]: from='mgr.14120 172.21.15.151:0/1288984982' entity='mgr.x' cmd=[{"prefix": "config dump", "format": "json"}]: dispatch
2023-07-21T22:09:16.946 INFO:journalctl@ceph.mon.a.smithi151.stdout:Jul 21 22:09:16 smithi151 ceph-mon[95510]: Found migration_current of "None". Setting to last migration.
2023-07-21T22:09:16.946 INFO:journalctl@ceph.mon.a.smithi151.stdout:Jul 21 22:09:16 smithi151 ceph-mon[95510]: from='mgr.14120 172.21.15.151:0/1288984982' entity='mgr.x' cmd=[{"prefix":"config rm","who":"mgr","name":"mgr/rbd_support/x/mirror_snapshot_schedule"}]: dispatch
2023-07-21T22:09:16.946 INFO:journalctl@ceph.mon.a.smithi151.stdout:Jul 21 22:09:16 smithi151 ceph-mon[95510]: from='mgr.14120 172.21.15.151:0/1288984982' entity='mgr.x' cmd=[{"prefix":"config rm","who":"mgr","name":"mgr/rbd_support/x/trash_purge_schedule"}]: dispatch
2023-07-21T22:09:16.946 INFO:journalctl@ceph.mon.a.smithi151.stdout:Jul 21 22:09:16 smithi151 ceph-mon[95510]: from='mgr.14120 172.21.15.151:0/1288984982' entity='mgr.x'
2023-07-21T22:09:16.947 INFO:journalctl@ceph.mon.a.smithi151.stdout:Jul 21 22:09:16 smithi151 ceph-mon[95510]: from='mgr.14120 172.21.15.151:0/1288984982' entity='mgr.x'
2023-07-21T22:09:16.947 INFO:journalctl@ceph.mon.a.smithi151.stdout:Jul 21 22:09:16 smithi151 ceph-mon[95510]: mgrmap e7: x(active, since 1.00675s)
2023-07-21T22:09:17.091 INFO:teuthology.orchestra.run.smithi151.stdout:/usr/bin/ceph: stdout {
2023-07-21T22:09:17.096 INFO:teuthology.orchestra.run.smithi151.stdout:/usr/bin/ceph: stdout "mgrmap_epoch": 7,
2023-07-21T22:09:17.097 INFO:teuthology.orchestra.run.smithi151.stdout:/usr/bin/ceph: stdout "initialized": true
2023-07-21T22:09:17.097 INFO:teuthology.orchestra.run.smithi151.stdout:/usr/bin/ceph: stdout }
2023-07-21T22:09:17.097 INFO:teuthology.orchestra.run.smithi151.stdout:/usr/bin/ceph: stderr
2023-07-21T22:09:09.479+0000 7f79b5658700 1 Processor -- start
2023-07-21T22:09:17.097 INFO:teuthology.orchestra.run.smithi151.stdout:/usr/bin/ceph: stderr
2023-07-21T22:09:09.479+0000 7f79b5658700 1 -- start start
2023-07-21T22:09:17.097 INFO:teuthology.orchestra.run.smithi151.stdout:/usr/bin/ceph: stderr
2023-07-21T22:09:09.479+0000 7f79b5658700 1 --2- >> [v2:172.21.15.151:3300/0,v1:172.21.15.151:6789/0] conn(0x7f79b007be10 0x7f79b007a310 unknown :-1 s=NONE pgs=0 cs=0 l=0 rev1=0 crypto rx=0 tx=0 comp rx=0 tx=0).connect
2023-07-21T22:09:17.097 INFO:teuthology.orchestra.run.smithi151.stdout:/usr/bin/ceph: stderr
2023-07-21T22:09:09.479+0000 7f79b5658700 1 -- --> [v2:172.21.15.151:3300/0,v1:172.21.15.151:6789/0] -- mon_getmap magic: 0 v1 -- 0x7f79b007a850 con 0x7f79b007be10
2023-07-21T22:09:17.098 INFO:teuthology.orchestra.run.smithi151.stdout:/usr/bin/ceph: stderr
2023-07-21T22:09:09.480+0000 7f79aeffd700 1 --2- >> [v2:172.21.15.151:3300/0,v1:172.21.15.151:6789/0] conn(0x7f79b007be10 0x7f79b007a310 unknown :-1 s=BANNER_CONNECTING pgs=0 cs=0 l=0 rev1=0 crypto rx=0 tx=0 comp rx=0 tx=0)._handle_peer_banner_payload supported=3 required=0
2023-07-21T22:09:17.098 INFO:teuthology.orchestra.run.smithi151.stdout:/usr/bin/ceph: stderr
2023-07-21T22:09:09.480+0000 7f79aeffd700 1 --2- >> [v2:172.21.15.151:3300/0,v1:172.21.15.151:6789/0] conn(0x7f79b007be10 0x7f79b007a310 unknown :-1 s=HELLO_CONNECTING pgs=0 cs=0 l=0 rev1=1 crypto rx=0 tx=0 comp rx=0 tx=0).handle_hello peer v2:172.21.15.151:3300/0 says I am v2:172.21.15.151:42616/0 (socket says 172.21.15.151:42616)
2023-07-21T22:09:17.098 INFO:teuthology.orchestra.run.smithi151.stdout:/usr/bin/ceph: stderr
2023-07-21T22:09:09.480+0000 7f79aeffd700 1 -- 172.21.15.151:0/660889556 learned_addr learned my addr 172.21.15.151:0/660889556 (peer_addr_for_me v2:172.21.15.151:0/0)
2023-07-21T22:09:17.098 INFO:teuthology.orchestra.run.smithi151.stdout:/usr/bin/ceph: stderr
2023-07-21T22:09:09.480+0000 7f79aeffd700 1 -- 172.21.15.151:0/660889556 --> [v2:172.21.15.151:3300/0,v1:172.21.15.151:6789/0] -- mon_subscribe({config=0+,monmap=0+}) v3 -- 0x7f79b007a990 con 0x7f79b007be10
2023-07-21T22:09:17.098 INFO:teuthology.orchestra.run.smithi151.stdout:/usr/bin/ceph: stderr
2023-07-21T22:09:09.480+0000 7f79aeffd700 1 --2- 172.21.15.151:0/660889556 >> [v2:172.21.15.151:3300/0,v1:172.21.15.151:6789/0] conn(0x7f79b007be10 0x7f79b007a310 secure :-1 s=READY pgs=28 cs=0 l=1 rev1=1 crypto rx=0x7f79a00098a0 tx=0x7f79a0009bb0 comp rx=0 tx=0).ready entity=mon.0 client_cookie=c3d1bbe56dc9d88b server_cookie=0 in_seq=0 out_seq=0
2023-07-21T22:09:17.098 INFO:teuthology.orchestra.run.smithi151.stdout:/usr/bin/ceph: stderr
2023-07-21T22:09:09.481+0000 7f79adffb700 1 -- 172.21.15.151:0/660889556 <== mon.0 v2:172.21.15.151:3300/0 1 ==== mon_map magic: 0 v1 ==== 205+0+0 (secure 0 0 0) 0x7f79a0004160 con 0x7f79b007be10
2023-07-21T22:09:17.098 INFO:teuthology.orchestra.run.smithi151.stdout:/usr/bin/ceph: stderr
2023-07-21T22:09:09.481+0000 7f79adffb700 1 -- 172.21.15.151:0/660889556 <== mon.0 v2:172.21.15.151:3300/0 2 ==== config(25 keys) v1 ==== 1036+0+0 (secure 0 0 0) 0x7f79a00042c0 con 0x7f79b007be10
2023-07-21T22:09:17.099 INFO:teuthology.orchestra.run.smithi151.stdout:/usr/bin/ceph: stderr
2023-07-21T22:09:09.481+0000 7f79adffb700 1 -- 172.21.15.151:0/660889556 <== mon.0 v2:172.21.15.151:3300/0 3 ==== mon_map magic: 0 v1 ==== 205+0+0 (secure 0 0 0) 0x7f79a0011940 con 0x7f79b007be10
2023-07-21T22:09:17.099 INFO:teuthology.orchestra.run.smithi151.stdout:/usr/bin/ceph: stderr
2023-07-21T22:09:09.481+0000 7f79b5658700 1 -- 172.21.15.151:0/660889556 >> [v2:172.21.15.151:3300/0,v1:172.21.15.151:6789/0] conn(0x7f79b007be10 msgr2=0x7f79b007a310 secure :-1 s=STATE_CONNECTION_ESTABLISHED l=1).mark_down
2023-07-21T22:09:17.099 INFO:teuthology.orchestra.run.smithi151.stdout:/usr/bin/ceph: stderr
2023-07-21T22:09:09.481+0000 7f79b5658700 1 --2- 172.21.15.151:0/660889556 >> [v2:172.21.15.151:3300/0,v1:172.21.15.151:6789/0] conn(0x7f79b007be10 0x7f79b007a310 secure :-1 s=READY pgs=28 cs=0 l=1 rev1=1 crypto rx=0x7f79a00098a0 tx=0x7f79a0009bb0 comp rx=0 tx=0).stop
2023-07-21T22:09:17.099 INFO:teuthology.orchestra.run.smithi151.stdout:/usr/bin/ceph: stderr
2023-07-21T22:09:09.481+0000 7f79b5658700 1 -- 172.21.15.151:0/660889556 shutdown_connections
2023-07-21T22:09:17.099 INFO:teuthology.orchestra.run.smithi151.stdout:/usr/bin/ceph: stderr
2023-07-21T22:09:09.481+0000 7f79b5658700 1 --2- 172.21.15.151:0/660889556 >> [v2:172.21.15.151:3300/0,v1:172.21.15.151:6789/0] conn(0x7f79b007be10 0x7f79b007a310 unknown :-1 s=CLOSED pgs=28 cs=0 l=1 rev1=1 crypto rx=0 tx=0 comp rx=0 tx=0).stop
2023-07-21T22:09:17.099 INFO:teuthology.orchestra.run.smithi151.stdout:/usr/bin/ceph: stderr
2023-07-21T22:09:09.482+0000 7f79b5658700 1 -- 172.21.15.151:0/660889556 >> 172.21.15.151:0/660889556 conn(0x7f79b0100900 msgr2=0x7f79b0102d10 unknown :-1 s=STATE_NONE l=0).mark_down
2023-07-21T22:09:17.099 INFO:teuthology.orchestra.run.smithi151.stdout:/usr/bin/ceph: stderr
2023-07-21T22:09:09.482+0000 7f79b5658700 1 -- 172.21.15.151:0/660889556 shutdown_connections
2023-07-21T22:09:17.100 INFO:teuthology.orchestra.run.smithi151.stdout:/usr/bin/ceph: stderr
2023-07-21T22:09:09.482+0000 7f79b5658700 1 -- 172.21.15.151:0/660889556 wait complete.
2023-07-21T22:09:17.100 INFO:teuthology.orchestra.run.smithi151.stdout:/usr/bin/ceph: stderr
2023-07-21T22:09:09.483+0000 7f79b5658700 1 Processor -- start
2023-07-21T22:09:17.100 INFO:teuthology.orchestra.run.smithi151.stdout:/usr/bin/ceph: stderr
2023-07-21T22:09:09.483+0000 7f79b5658700 1 -- start start
2023-07-21T22:09:17.101 INFO:teuthology.orchestra.run.smithi151.stdout:/usr/bin/ceph: stderr
2023-07-21T22:09:09.483+0000 7f79b5658700 1 --2- >> [v2:172.21.15.151:3300/0,v1:172.21.15.151:6789/0] conn(0x7f79b007be10 0x7f79b019b1a0 unknown :-1 s=NONE pgs=0 cs=0 l=1 rev1=0 crypto rx=0 tx=0 comp rx=0 tx=0).connect
2023-07-21T22:09:17.101 INFO:teuthology.orchestra.run.smithi151.stdout:/usr/bin/ceph: stderr
2023-07-21T22:09:09.483+0000 7f79b5658700 1 -- --> [v2:172.21.15.151:3300/0,v1:172.21.15.151:6789/0] -- mon_getmap magic: 0 v1 -- 0x7f79b019b6e0 con 0x7f79b007be10
2023-07-21T22:09:17.101 INFO:teuthology.orchestra.run.smithi151.stdout:/usr/bin/ceph: stderr
2023-07-21T22:09:09.483+0000 7f79aeffd700 1 --2- >> [v2:172.21.15.151:3300/0,v1:172.21.15.151:6789/0] conn(0x7f79b007be10 0x7f79b019b1a0 unknown :-1 s=BANNER_CONNECTING pgs=0 cs=0 l=1 rev1=0 crypto rx=0 tx=0 comp rx=0 tx=0)._handle_peer_banner_payload supported=3 required=0
2023-07-21T22:09:17.101 INFO:teuthology.orchestra.run.smithi151.stdout:/usr/bin/ceph: stderr
