2023-07-21T22:09:30.968 INFO:teuthology.orchestra.run.smithi151.stdout:/usr/bin/ceph: stderr
2023-07-21T22:09:30.429+0000 7f0d56fc4700 1 --2- 172.21.15.151:0/2671528378 >> [v2:172.21.15.151:3300/0,v1:172.21.15.151:6789/0] conn(0x7f0d50104100 0x7f0d50198f20 unknown :-1 s=CLOSED pgs=52 cs=0 l=1 rev1=1 crypto rx=0 tx=0 comp rx=0 tx=0).stop
2023-07-21T22:09:30.968 INFO:teuthology.orchestra.run.smithi151.stdout:/usr/bin/ceph: stderr
2023-07-21T22:09:30.429+0000 7f0d56fc4700 1 -- 172.21.15.151:0/2671528378 >> 172.21.15.151:0/2671528378 conn(0x7f0d500ff7f0 msgr2=0x7f0d50079870 unknown :-1 s=STATE_NONE l=0).mark_down
2023-07-21T22:09:30.969 INFO:teuthology.orchestra.run.smithi151.stdout:/usr/bin/ceph: stderr
2023-07-21T22:09:30.429+0000 7f0d56fc4700 1 -- 172.21.15.151:0/2671528378 shutdown_connections
2023-07-21T22:09:30.969 INFO:teuthology.orchestra.run.smithi151.stdout:/usr/bin/ceph: stderr
2023-07-21T22:09:30.429+0000 7f0d56fc4700 1 -- 172.21.15.151:0/2671528378 wait complete.
2023-07-21T22:09:31.945 INFO:journalctl@ceph.mon.a.smithi151.stdout:Jul 21 22:09:31 smithi151 ceph-mon[95510]: from='client.? 172.21.15.151:0/2671528378' entity='client.admin'
2023-07-21T22:09:32.403 INFO:teuthology.orchestra.run.smithi151.stdout:/usr/bin/ceph: stderr
2023-07-21T22:09:31.687+0000 7f08a8e78700 1 Processor -- start
2023-07-21T22:09:32.404 INFO:teuthology.orchestra.run.smithi151.stdout:/usr/bin/ceph: stderr
2023-07-21T22:09:31.688+0000 7f08a8e78700 1 -- start start
2023-07-21T22:09:32.404 INFO:teuthology.orchestra.run.smithi151.stdout:/usr/bin/ceph: stderr
2023-07-21T22:09:31.688+0000 7f08a8e78700 1 --2- >> [v2:172.21.15.151:3300/0,v1:172.21.15.151:6789/0] conn(0x7f08a407be30 0x7f08a407a330 unknown :-1 s=NONE pgs=0 cs=0 l=0 rev1=0 crypto rx=0 tx=0 comp rx=0 tx=0).connect
2023-07-21T22:09:32.404 INFO:teuthology.orchestra.run.smithi151.stdout:/usr/bin/ceph: stderr
2023-07-21T22:09:31.688+0000 7f08a8e78700 1 -- --> [v2:172.21.15.151:3300/0,v1:172.21.15.151:6789/0] -- mon_getmap magic: 0 v1 -- 0x7f08a407a870 con 0x7f08a407be30
2023-07-21T22:09:32.404 INFO:teuthology.orchestra.run.smithi151.stdout:/usr/bin/ceph: stderr
2023-07-21T22:09:31.688+0000 7f08a259c700 1 --2- >> [v2:172.21.15.151:3300/0,v1:172.21.15.151:6789/0] conn(0x7f08a407be30 0x7f08a407a330 unknown :-1 s=BANNER_CONNECTING pgs=0 cs=0 l=0 rev1=0 crypto rx=0 tx=0 comp rx=0 tx=0)._handle_peer_banner_payload supported=3 required=0
2023-07-21T22:09:32.404 INFO:teuthology.orchestra.run.smithi151.stdout:/usr/bin/ceph: stderr
2023-07-21T22:09:31.688+0000 7f08a259c700 1 --2- >> [v2:172.21.15.151:3300/0,v1:172.21.15.151:6789/0] conn(0x7f08a407be30 0x7f08a407a330 unknown :-1 s=HELLO_CONNECTING pgs=0 cs=0 l=0 rev1=1 crypto rx=0 tx=0 comp rx=0 tx=0).handle_hello peer v2:172.21.15.151:3300/0 says I am v2:172.21.15.151:47468/0 (socket says 172.21.15.151:47468)
2023-07-21T22:09:32.404 INFO:teuthology.orchestra.run.smithi151.stdout:/usr/bin/ceph: stderr
2023-07-21T22:09:31.688+0000 7f08a259c700 1 -- 172.21.15.151:0/3644915649 learned_addr learned my addr 172.21.15.151:0/3644915649 (peer_addr_for_me v2:172.21.15.151:0/0)
2023-07-21T22:09:32.405 INFO:teuthology.orchestra.run.smithi151.stdout:/usr/bin/ceph: stderr
2023-07-21T22:09:31.689+0000 7f08a259c700 1 -- 172.21.15.151:0/3644915649 --> [v2:172.21.15.151:3300/0,v1:172.21.15.151:6789/0] -- mon_subscribe({config=0+,monmap=0+}) v3 -- 0x7f08a407a9b0 con 0x7f08a407be30
2023-07-21T22:09:32.405 INFO:teuthology.orchestra.run.smithi151.stdout:/usr/bin/ceph: stderr
2023-07-21T22:09:31.689+0000 7f08a259c700 1 --2- 172.21.15.151:0/3644915649 >> [v2:172.21.15.151:3300/0,v1:172.21.15.151:6789/0] conn(0x7f08a407be30 0x7f08a407a330 secure :-1 s=READY pgs=53 cs=0 l=1 rev1=1 crypto rx=0x7f08940098a0 tx=0x7f0894009bb0 comp rx=0 tx=0).ready entity=mon.0 client_cookie=93e3b8d3476a0ae1 server_cookie=0 in_seq=0 out_seq=0
2023-07-21T22:09:32.405 INFO:teuthology.orchestra.run.smithi151.stdout:/usr/bin/ceph: stderr
2023-07-21T22:09:31.689+0000 7f08a159a700 1 -- 172.21.15.151:0/3644915649 <== mon.0 v2:172.21.15.151:3300/0 1 ==== mon_map magic: 0 v1 ==== 205+0+0 (secure 0 0 0) 0x7f0894004160 con 0x7f08a407be30
2023-07-21T22:09:32.405 INFO:teuthology.orchestra.run.smithi151.stdout:/usr/bin/ceph: stderr
2023-07-21T22:09:31.689+0000 7f08a159a700 1 -- 172.21.15.151:0/3644915649 <== mon.0 v2:172.21.15.151:3300/0 2 ==== config(25 keys) v1 ==== 1067+0+0 (secure 0 0 0) 0x7f08940042c0 con 0x7f08a407be30
2023-07-21T22:09:32.405 INFO:teuthology.orchestra.run.smithi151.stdout:/usr/bin/ceph: stderr
2023-07-21T22:09:31.689+0000 7f08a159a700 1 -- 172.21.15.151:0/3644915649 <== mon.0 v2:172.21.15.151:3300/0 3 ==== mon_map magic: 0 v1 ==== 205+0+0 (secure 0 0 0) 0x7f08940118e0 con 0x7f08a407be30
2023-07-21T22:09:32.405 INFO:teuthology.orchestra.run.smithi151.stdout:/usr/bin/ceph: stderr
2023-07-21T22:09:31.690+0000 7f08a8e78700 1 -- 172.21.15.151:0/3644915649 >> [v2:172.21.15.151:3300/0,v1:172.21.15.151:6789/0] conn(0x7f08a407be30 msgr2=0x7f08a407a330 secure :-1 s=STATE_CONNECTION_ESTABLISHED l=1).mark_down
2023-07-21T22:09:32.405 INFO:teuthology.orchestra.run.smithi151.stdout:/usr/bin/ceph: stderr
2023-07-21T22:09:31.690+0000 7f08a8e78700 1 --2- 172.21.15.151:0/3644915649 >> [v2:172.21.15.151:3300/0,v1:172.21.15.151:6789/0] conn(0x7f08a407be30 0x7f08a407a330 secure :-1 s=READY pgs=53 cs=0 l=1 rev1=1 crypto rx=0x7f08940098a0 tx=0x7f0894009bb0 comp rx=0 tx=0).stop
2023-07-21T22:09:32.406 INFO:teuthology.orchestra.run.smithi151.stdout:/usr/bin/ceph: stderr
2023-07-21T22:09:31.690+0000 7f08a8e78700 1 -- 172.21.15.151:0/3644915649 shutdown_connections
2023-07-21T22:09:32.406 INFO:teuthology.orchestra.run.smithi151.stdout:/usr/bin/ceph: stderr
2023-07-21T22:09:31.690+0000 7f08a8e78700 1 --2- 172.21.15.151:0/3644915649 >> [v2:172.21.15.151:3300/0,v1:172.21.15.151:6789/0] conn(0x7f08a407be30 0x7f08a407a330 unknown :-1 s=CLOSED pgs=53 cs=0 l=1 rev1=1 crypto rx=0 tx=0 comp rx=0 tx=0).stop
2023-07-21T22:09:32.406 INFO:teuthology.orchestra.run.smithi151.stdout:/usr/bin/ceph: stderr
2023-07-21T22:09:31.690+0000 7f08a8e78700 1 -- 172.21.15.151:0/3644915649 >> 172.21.15.151:0/3644915649 conn(0x7f08a4100890 msgr2=0x7f08a4102ca0 unknown :-1 s=STATE_NONE l=0).mark_down
2023-07-21T22:09:32.406 INFO:teuthology.orchestra.run.smithi151.stdout:/usr/bin/ceph: stderr
2023-07-21T22:09:31.690+0000 7f08a8e78700 1 -- 172.21.15.151:0/3644915649 shutdown_connections
2023-07-21T22:09:32.406 INFO:teuthology.orchestra.run.smithi151.stdout:/usr/bin/ceph: stderr
2023-07-21T22:09:31.691+0000 7f08a8e78700 1 -- 172.21.15.151:0/3644915649 wait complete.
2023-07-21T22:09:32.406 INFO:teuthology.orchestra.run.smithi151.stdout:/usr/bin/ceph: stderr
2023-07-21T22:09:31.692+0000 7f08a8e78700 1 Processor -- start
2023-07-21T22:09:32.406 INFO:teuthology.orchestra.run.smithi151.stdout:/usr/bin/ceph: stderr
2023-07-21T22:09:31.692+0000 7f08a8e78700 1 -- start start
2023-07-21T22:09:32.406 INFO:teuthology.orchestra.run.smithi151.stdout:/usr/bin/ceph: stderr
2023-07-21T22:09:31.692+0000 7f08a8e78700 1 --2- >> [v2:172.21.15.151:3300/0,v1:172.21.15.151:6789/0] conn(0x7f08a407be30 0x7f08a419b1b0 unknown :-1 s=NONE pgs=0 cs=0 l=1 rev1=0 crypto rx=0 tx=0 comp rx=0 tx=0).connect
2023-07-21T22:09:32.407 INFO:teuthology.orchestra.run.smithi151.stdout:/usr/bin/ceph: stderr
2023-07-21T22:09:31.692+0000 7f08a8e78700 1 -- --> [v2:172.21.15.151:3300/0,v1:172.21.15.151:6789/0] -- mon_getmap magic: 0 v1 -- 0x7f08a419b6f0 con 0x7f08a407be30
2023-07-21T22:09:32.407 INFO:teuthology.orchestra.run.smithi151.stdout:/usr/bin/ceph: stderr
2023-07-21T22:09:31.692+0000 7f08a259c700 1 --2- >> [v2:172.21.15.151:3300/0,v1:172.21.15.151:6789/0] conn(0x7f08a407be30 0x7f08a419b1b0 unknown :-1 s=BANNER_CONNECTING pgs=0 cs=0 l=1 rev1=0 crypto rx=0 tx=0 comp rx=0 tx=0)._handle_peer_banner_payload supported=3 required=0
2023-07-21T22:09:32.407 INFO:teuthology.orchestra.run.smithi151.stdout:/usr/bin/ceph: stderr
2023-07-21T22:09:31.692+0000 7f08a259c700 1 --2- >> [v2:172.21.15.151:3300/0,v1:172.21.15.151:6789/0] conn(0x7f08a407be30 0x7f08a419b1b0 unknown :-1 s=HELLO_CONNECTING pgs=0 cs=0 l=1 rev1=1 crypto rx=0 tx=0 comp rx=0 tx=0).handle_hello peer v2:172.21.15.151:3300/0 says I am v2:172.21.15.151:47482/0 (socket says 172.21.15.151:47482)
2023-07-21T22:09:32.407 INFO:teuthology.orchestra.run.smithi151.stdout:/usr/bin/ceph: stderr
2023-07-21T22:09:31.692+0000 7f08a259c700 1 -- 172.21.15.151:0/2200537443 learned_addr learned my addr 172.21.15.151:0/2200537443 (peer_addr_for_me v2:172.21.15.151:0/0)
2023-07-21T22:09:32.407 INFO:teuthology.orchestra.run.smithi151.stdout:/usr/bin/ceph: stderr
2023-07-21T22:09:31.693+0000 7f08a259c700 1 -- 172.21.15.151:0/2200537443 --> [v2:172.21.15.151:3300/0,v1:172.21.15.151:6789/0] -- mon_subscribe({config=0+,monmap=0+}) v3 -- 0x7f0894009550 con 0x7f08a407be30
2023-07-21T22:09:32.407 INFO:teuthology.orchestra.run.smithi151.stdout:/usr/bin/ceph: stderr
2023-07-21T22:09:31.693+0000 7f08a259c700 1 --2- 172.21.15.151:0/2200537443 >> [v2:172.21.15.151:3300/0,v1:172.21.15.151:6789/0] conn(0x7f08a407be30 0x7f08a419b1b0 secure :-1 s=READY pgs=54 cs=0 l=1 rev1=1 crypto rx=0x7f0894003e30 tx=0x7f0894011b50 comp rx=0 tx=0).ready entity=mon.0 client_cookie=0 server_cookie=0 in_seq=0 out_seq=0
2023-07-21T22:09:32.407 INFO:teuthology.orchestra.run.smithi151.stdout:/usr/bin/ceph: stderr
2023-07-21T22:09:31.693+0000 7f08937fe700 1 -- 172.21.15.151:0/2200537443 <== mon.0 v2:172.21.15.151:3300/0 1 ==== mon_map magic: 0 v1 ==== 205+0+0 (secure 0 0 0) 0x7f08940037d0 con 0x7f08a407be30
2023-07-21T22:09:32.408 INFO:teuthology.orchestra.run.smithi151.stdout:/usr/bin/ceph: stderr
2023-07-21T22:09:31.693+0000 7f08937fe700 1 -- 172.21.15.151:0/2200537443 <== mon.0 v2:172.21.15.151:3300/0 2 ==== config(25 keys) v1 ==== 1067+0+0 (secure 0 0 0) 0x7f089401b440 con 0x7f08a407be30
2023-07-21T22:09:32.408 INFO:teuthology.orchestra.run.smithi151.stdout:/usr/bin/ceph: stderr
2023-07-21T22:09:31.693+0000 7f08937fe700 1 -- 172.21.15.151:0/2200537443 <== mon.0 v2:172.21.15.151:3300/0 3 ==== mon_map magic: 0 v1 ==== 205+0+0 (secure 0 0 0) 0x7f0894023400 con 0x7f08a407be30
2023-07-21T22:09:32.408 INFO:teuthology.orchestra.run.smithi151.stdout:/usr/bin/ceph: stderr
2023-07-21T22:09:31.693+0000 7f08a8e78700 1 -- 172.21.15.151:0/2200537443 --> [v2:172.21.15.151:3300/0,v1:172.21.15.151:6789/0] -- mon_subscribe({mgrmap=0+}) v3 -- 0x7f08a419b8f0 con 0x7f08a407be30
2023-07-21T22:09:32.408 INFO:teuthology.orchestra.run.smithi151.stdout:/usr/bin/ceph: stderr
2023-07-21T22:09:31.693+0000 7f08a8e78700 1 -- 172.21.15.151:0/2200537443 --> [v2:172.21.15.151:3300/0,v1:172.21.15.151:6789/0] -- mon_subscribe({osdmap=0}) v3 -- 0x7f08a419bd10 con 0x7f08a407be30
2023-07-21T22:09:32.408 INFO:teuthology.orchestra.run.smithi151.stdout:/usr/bin/ceph: stderr
2023-07-21T22:09:31.694+0000 7f08937fe700 1 -- 172.21.15.151:0/2200537443 <== mon.0 v2:172.21.15.151:3300/0 4 ==== mgrmap(e 8) v1 ==== 45483+0+0 (secure 0 0 0) 0x7f0894003930 con 0x7f08a407be30
2023-07-21T22:09:32.408 INFO:teuthology.orchestra.run.smithi151.stdout:/usr/bin/ceph: stderr
2023-07-21T22:09:31.695+0000 7f08937fe700 1 --2- 172.21.15.151:0/2200537443 >> [v2:172.21.15.151:6800/191414094,v1:172.21.15.151:6801/191414094] conn(0x7f088c038740 0x7f088c03abf0 unknown :-1 s=NONE pgs=0 cs=0 l=1 rev1=0 crypto rx=0 tx=0 comp rx=0 tx=0).connect
2023-07-21T22:09:32.408 INFO:teuthology.orchestra.run.smithi151.stdout:/usr/bin/ceph: stderr
2023-07-21T22:09:31.695+0000 7f08a8e78700 1 -- 172.21.15.151:0/2200537443 --> [v2:172.21.15.151:3300/0,v1:172.21.15.151:6789/0] -- mon_command({"prefix": "get_command_descriptions"} v 0) v1 -- 0x7f08a4061b40 con 0x7f08a407be30
2023-07-21T22:09:32.409 INFO:teuthology.orchestra.run.smithi151.stdout:/usr/bin/ceph: stderr
2023-07-21T22:09:31.695+0000 7f08937fe700 1 -- 172.21.15.151:0/2200537443 <== mon.0 v2:172.21.15.151:3300/0 5 ==== osd_map(2..2 src has 1..2) v4 ==== 940+0+0 (secure 0 0 0) 0x7f089404c830 con 0x7f08a407be30
2023-07-21T22:09:32.409 INFO:teuthology.orchestra.run.smithi151.stdout:/usr/bin/ceph: stderr
2023-07-21T22:09:31.695+0000 7f08a1d9b700 1 --2- 172.21.15.151:0/2200537443 >> [v2:172.21.15.151:6800/191414094,v1:172.21.15.151:6801/191414094] conn(0x7f088c038740 0x7f088c03abf0 unknown :-1 s=BANNER_CONNECTING pgs=0 cs=0 l=1 rev1=0 crypto rx=0 tx=0 comp rx=0 tx=0)._handle_peer_banner_payload supported=3 required=0
2023-07-21T22:09:32.409 INFO:teuthology.orchestra.run.smithi151.stdout:/usr/bin/ceph: stderr
2023-07-21T22:09:31.696+0000 7f08a1d9b700 1 --2- 172.21.15.151:0/2200537443 >> [v2:172.21.15.151:6800/191414094,v1:172.21.15.151:6801/191414094] conn(0x7f088c038740 0x7f088c03abf0 secure :-1 s=READY pgs=15 cs=0 l=1 rev1=1 crypto rx=0x7f0898006fd0 tx=0x7f0898006e40 comp rx=0 tx=0).ready entity=mgr.14120 client_cookie=0 server_cookie=0 in_seq=0 out_seq=0
2023-07-21T22:09:32.409 INFO:teuthology.orchestra.run.smithi151.stdout:/usr/bin/ceph: stderr
2023-07-21T22:09:31.700+0000 7f08937fe700 1 -- 172.21.15.151:0/2200537443 <== mon.0 v2:172.21.15.151:3300/0 6 ==== mon_command_ack([{"prefix": "get_command_descriptions"}]=0 v0) v1 ==== 72+0+178008 (secure 0 0 0) 0x7f089400bdb0 con 0x7f08a407be30
2023-07-21T22:09:32.409 INFO:teuthology.orchestra.run.smithi151.stdout:/usr/bin/ceph: stderr
2023-07-21T22:09:31.904+0000 7f08a8e78700 1 -- 172.21.15.151:0/2200537443 --> [v2:172.21.15.151:3300/0,v1:172.21.15.151:6789/0] -- mon_command([{prefix=config set, name=mgr/dashboard/ssl_server_port}] v 0) v1 -- 0x7f08a419eb70 con 0x7f08a407be30
2023-07-21T22:09:32.409 INFO:teuthology.orchestra.run.smithi151.stdout:/usr/bin/ceph: stderr
2023-07-21T22:09:31.910+0000 7f08937fe700 1 -- 172.21.15.151:0/2200537443 <== mon.0 v2:172.21.15.151:3300/0 7 ==== mon_command_ack([{prefix=config set, name=mgr/dashboard/ssl_server_port}]=0 v8)=0 v8) v1 ==== 130+0+0 (secure 0 0 0) 0x7f089400fdf0 con 0x7f08a407be30
2023-07-21T22:09:32.409 INFO:teuthology.orchestra.run.smithi151.stdout:/usr/bin/ceph: stderr
2023-07-21T22:09:31.913+0000 7f08a8e78700 1 -- 172.21.15.151:0/2200537443 >> [v2:172.21.15.151:6800/191414094,v1:172.21.15.151:6801/191414094] conn(0x7f088c038740 msgr2=0x7f088c03abf0 secure :-1 s=STATE_CONNECTION_ESTABLISHED l=1).mark_down
2023-07-21T22:09:32.409 INFO:teuthology.orchestra.run.smithi151.stdout:/usr/bin/ceph: stderr
2023-07-21T22:09:31.913+0000 7f08a8e78700 1 --2- 172.21.15.151:0/2200537443 >> [v2:172.21.15.151:6800/191414094,v1:172.21.15.151:6801/191414094] conn(0x7f088c038740 0x7f088c03abf0 secure :-1 s=READY pgs=15 cs=0 l=1 rev1=1 crypto rx=0x7f0898006fd0 tx=0x7f0898006e40 comp rx=0 tx=0).stop
2023-07-21T22:09:32.410 INFO:teuthology.orchestra.run.smithi151.stdout:/usr/bin/ceph: stderr
2023-07-21T22:09:31.913+0000 7f08a8e78700 1 -- 172.21.15.151:0/2200537443 >> [v2:172.21.15.151:3300/0,v1:172.21.15.151:6789/0] conn(0x7f08a407be30 msgr2=0x7f08a419b1b0 secure :-1 s=STATE_CONNECTION_ESTABLISHED l=1).mark_down
2023-07-21T22:09:32.410 INFO:teuthology.orchestra.run.smithi151.stdout:/usr/bin/ceph: stderr
2023-07-21T22:09:31.913+0000 7f08a8e78700 1 --2- 172.21.15.151:0/2200537443 >> [v2:172.21.15.151:3300/0,v1:172.21.15.151:6789/0] conn(0x7f08a407be30 0x7f08a419b1b0 secure :-1 s=READY pgs=54 cs=0 l=1 rev1=1 crypto rx=0x7f0894003e30 tx=0x7f0894011b50 comp rx=0 tx=0).stop
2023-07-21T22:09:32.410 INFO:teuthology.orchestra.run.smithi151.stdout:/usr/bin/ceph: stderr
2023-07-21T22:09:31.913+0000 7f08a8e78700 1 -- 172.21.15.151:0/2200537443 shutdown_connections
2023-07-21T22:09:32.410 INFO:teuthology.orchestra.run.smithi151.stdout:/usr/bin/ceph: stderr
2023-07-21T22:09:31.913+0000 7f08a8e78700 1 --2- 172.21.15.151:0/2200537443 >> [v2:172.21.15.151:6800/191414094,v1:172.21.15.151:6801/191414094] conn(0x7f088c038740 0x7f088c03abf0 unknown :-1 s=CLOSED pgs=15 cs=0 l=1 rev1=1 crypto rx=0 tx=0 comp rx=0 tx=0).stop
2023-07-21T22:09:32.410 INFO:teuthology.orchestra.run.smithi151.stdout:/usr/bin/ceph: stderr
2023-07-21T22:09:31.913+0000 7f08a8e78700 1 --2- 172.21.15.151:0/2200537443 >> [v2:172.21.15.151:3300/0,v1:172.21.15.151:6789/0] conn(0x7f08a407be30 0x7f08a419b1b0 unknown :-1 s=CLOSED pgs=54 cs=0 l=1 rev1=1 crypto rx=0 tx=0 comp rx=0 tx=0).stop
2023-07-21T22:09:32.410 INFO:teuthology.orchestra.run.smithi151.stdout:/usr/bin/ceph: stderr
2023-07-21T22:09:31.913+0000 7f08a8e78700 1 -- 172.21.15.151:0/2200537443 >> 172.21.15.151:0/2200537443 conn(0x7f08a4100890 msgr2=0x7f08a4101f60 unknown :-1 s=STATE_NONE l=0).mark_down
2023-07-21T22:09:32.410 INFO:teuthology.orchestra.run.smithi151.stdout:/usr/bin/ceph: stderr
2023-07-21T22:09:31.913+0000 7f08a8e78700 1 -- 172.21.15.151:0/2200537443 shutdown_connections
2023-07-21T22:09:32.410 INFO:teuthology.orchestra.run.smithi151.stdout:/usr/bin/ceph: stderr
2023-07-21T22:09:31.913+0000 7f08a8e78700 1 -- 172.21.15.151:0/2200537443 wait complete.
2023-07-21T22:09:32.411 INFO:teuthology.orchestra.run.smithi151.stdout:Enabling the dashboard module...
2023-07-21T22:09:32.945 INFO:journalctl@ceph.mon.a.smithi151.stdout:Jul 21 22:09:32 smithi151 ceph-mon[95510]: from='mgr.14120 172.21.15.151:0/1288984982' entity='mgr.x'
2023-07-21T22:09:32.946 INFO:journalctl@ceph.mon.a.smithi151.stdout:Jul 21 22:09:32 smithi151 ceph-mon[95510]: from='client.? 172.21.15.151:0/2200537443' entity='client.admin'
2023-07-21T22:09:34.535 INFO:journalctl@ceph.mon.a.smithi151.stdout:Jul 21 22:09:34 smithi151 ceph-mon[95510]: from='mgr.14120 172.21.15.151:0/1288984982' entity='mgr.x'
2023-07-21T22:09:34.535 INFO:journalctl@ceph.mon.a.smithi151.stdout:Jul 21 22:09:34 smithi151 ceph-mon[95510]: from='client.? 172.21.15.151:0/362455228' entity='client.admin' cmd=[{"prefix": "mgr module enable", "module": "dashboard"}]: dispatch
2023-07-21T22:09:34.535 INFO:journalctl@ceph.mgr.x.smithi151.stdout:Jul 21 22:09:34 smithi151 ceph-f5fce3a4-2812-11ee-9b34-001a4aab830c-mgr-x[95756]: ignoring --setuser ceph since I am not root
2023-07-21T22:09:34.535 INFO:journalctl@ceph.mgr.x.smithi151.stdout:Jul 21 22:09:34 smithi151 ceph-f5fce3a4-2812-11ee-9b34-001a4aab830c-mgr-x[95756]: ignoring --setgroup ceph since I am not root
2023-07-21T22:09:34.536 INFO:journalctl@ceph.mgr.x.smithi151.stdout:Jul 21 22:09:34 smithi151 ceph-f5fce3a4-2812-11ee-9b34-001a4aab830c-mgr-x[95756]:
2023-07-21T22:09:34.494+0000 7f523d14b200 -1 mgr[py] Module devicehealth has missing NOTIFY_TYPES member
2023-07-21T22:09:34.793 INFO:teuthology.orchestra.run.smithi151.stdout:/usr/bin/ceph: stderr
2023-07-21T22:09:32.918+0000 7f85951c3700 1 Processor -- start
2023-07-21T22:09:34.793 INFO:teuthology.orchestra.run.smithi151.stdout:/usr/bin/ceph: stderr
2023-07-21T22:09:32.918+0000 7f85951c3700 1 -- start start
2023-07-21T22:09:34.793 INFO:teuthology.orchestra.run.smithi151.stdout:/usr/bin/ceph: stderr
2023-07-21T22:09:32.919+0000 7f85951c3700 1 --2- >> [v2:172.21.15.151:3300/0,v1:172.21.15.151:6789/0] conn(0x7f859007bdf0 0x7f859007a2f0 unknown :-1 s=NONE pgs=0 cs=0 l=0 rev1=0 crypto rx=0 tx=0 comp rx=0 tx=0).connect
2023-07-21T22:09:34.793 INFO:teuthology.orchestra.run.smithi151.stdout:/usr/bin/ceph: stderr
2023-07-21T22:09:32.919+0000 7f85951c3700 1 -- --> [v2:172.21.15.151:3300/0,v1:172.21.15.151:6789/0] -- mon_getmap magic: 0 v1 -- 0x7f859007a830 con 0x7f859007bdf0
2023-07-21T22:09:34.793 INFO:teuthology.orchestra.run.smithi151.stdout:/usr/bin/ceph: stderr
2023-07-21T22:09:32.919+0000 7f858ed9d700 1 --2- >> [v2:172.21.15.151:3300/0,v1:172.21.15.151:6789/0] conn(0x7f859007bdf0 0x7f859007a2f0 unknown :-1 s=BANNER_CONNECTING pgs=0 cs=0 l=0 rev1=0 crypto rx=0 tx=0 comp rx=0 tx=0)._handle_peer_banner_payload supported=3 required=0
2023-07-21T22:09:34.793 INFO:teuthology.orchestra.run.smithi151.stdout:/usr/bin/ceph: stderr
2023-07-21T22:09:32.919+0000 7f858ed9d700 1 --2- >> [v2:172.21.15.151:3300/0,v1:172.21.15.151:6789/0] conn(0x7f859007bdf0 0x7f859007a2f0 unknown :-1 s=HELLO_CONNECTING pgs=0 cs=0 l=0 rev1=1 crypto rx=0 tx=0 comp rx=0 tx=0).handle_hello peer v2:172.21.15.151:3300/0 says I am v2:172.21.15.151:47488/0 (socket says 172.21.15.151:47488)
2023-07-21T22:09:34.794 INFO:teuthology.orchestra.run.smithi151.stdout:/usr/bin/ceph: stderr
2023-07-21T22:09:32.919+0000 7f858ed9d700 1 -- 172.21.15.151:0/1738086979 learned_addr learned my addr 172.21.15.151:0/1738086979 (peer_addr_for_me v2:172.21.15.151:0/0)
2023-07-21T22:09:34.794 INFO:teuthology.orchestra.run.smithi151.stdout:/usr/bin/ceph: stderr
2023-07-21T22:09:32.920+0000 7f858ed9d700 1 -- 172.21.15.151:0/1738086979 --> [v2:172.21.15.151:3300/0,v1:172.21.15.151:6789/0] -- mon_subscribe({config=0+,monmap=0+}) v3 -- 0x7f859007a970 con 0x7f859007bdf0
2023-07-21T22:09:34.794 INFO:teuthology.orchestra.run.smithi151.stdout:/usr/bin/ceph: stderr
2023-07-21T22:09:32.920+0000 7f858ed9d700 1 --2- 172.21.15.151:0/1738086979 >> [v2:172.21.15.151:3300/0,v1:172.21.15.151:6789/0] conn(0x7f859007bdf0 0x7f859007a2f0 secure :-1 s=READY pgs=55 cs=0 l=1 rev1=1 crypto rx=0x7f85800098a0 tx=0x7f8580009bb0 comp rx=0 tx=0).ready entity=mon.0 client_cookie=b144f79188a1c795 server_cookie=0 in_seq=0 out_seq=0
2023-07-21T22:09:34.794 INFO:teuthology.orchestra.run.smithi151.stdout:/usr/bin/ceph: stderr
2023-07-21T22:09:32.920+0000 7f858dd9b700 1 -- 172.21.15.151:0/1738086979 <== mon.0 v2:172.21.15.151:3300/0 1 ==== mon_map magic: 0 v1 ==== 205+0+0 (secure 0 0 0) 0x7f8580004160 con 0x7f859007bdf0
2023-07-21T22:09:34.794 INFO:teuthology.orchestra.run.smithi151.stdout:/usr/bin/ceph: stderr
2023-07-21T22:09:32.920+0000 7f858dd9b700 1 -- 172.21.15.151:0/1738086979 <== mon.0 v2:172.21.15.151:3300/0 2 ==== config(25 keys) v1 ==== 1067+0+0 (secure 0 0 0) 0x7f85800042c0 con 0x7f859007bdf0
2023-07-21T22:09:34.794 INFO:teuthology.orchestra.run.smithi151.stdout:/usr/bin/ceph: stderr
2023-07-21T22:09:32.920+0000 7f858dd9b700 1 -- 172.21.15.151:0/1738086979 <== mon.0 v2:172.21.15.151:3300/0 3 ==== mon_map magic: 0 v1 ==== 205+0+0 (secure 0 0 0) 0x7f85800118e0 con 0x7f859007bdf0
2023-07-21T22:09:34.794 INFO:teuthology.orchestra.run.smithi151.stdout:/usr/bin/ceph: stderr
2023-07-21T22:09:32.921+0000 7f85951c3700 1 -- 172.21.15.151:0/1738086979 >> [v2:172.21.15.151:3300/0,v1:172.21.15.151:6789/0] conn(0x7f859007bdf0 msgr2=0x7f859007a2f0 secure :-1 s=STATE_CONNECTION_ESTABLISHED l=1).mark_down
2023-07-21T22:09:34.795 INFO:teuthology.orchestra.run.smithi151.stdout:/usr/bin/ceph: stderr
2023-07-21T22:09:32.921+0000 7f85951c3700 1 --2- 172.21.15.151:0/1738086979 >> [v2:172.21.15.151:3300/0,v1:172.21.15.151:6789/0] conn(0x7f859007bdf0 0x7f859007a2f0 secure :-1 s=READY pgs=55 cs=0 l=1 rev1=1 crypto rx=0x7f85800098a0 tx=0x7f8580009bb0 comp rx=0 tx=0).stop
2023-07-21T22:09:34.795 INFO:teuthology.orchestra.run.smithi151.stdout:/usr/bin/ceph: stderr
2023-07-21T22:09:32.921+0000 7f85951c3700 1 -- 172.21.15.151:0/1738086979 shutdown_connections
2023-07-21T22:09:34.795 INFO:teuthology.orchestra.run.smithi151.stdout:/usr/bin/ceph: stderr
2023-07-21T22:09:32.921+0000 7f85951c3700 1 --2- 172.21.15.151:0/1738086979 >> [v2:172.21.15.151:3300/0,v1:172.21.15.151:6789/0] conn(0x7f859007bdf0 0x7f859007a2f0 unknown :-1 s=CLOSED pgs=55 cs=0 l=1 rev1=1 crypto rx=0 tx=0 comp rx=0 tx=0).stop
2023-07-21T22:09:34.795 INFO:teuthology.orchestra.run.smithi151.stdout:/usr/bin/ceph: stderr
2023-07-21T22:09:32.921+0000 7f85951c3700 1 -- 172.21.15.151:0/1738086979 >> 172.21.15.151:0/1738086979 conn(0x7f8590100890 msgr2=0x7f8590102ca0 unknown :-1 s=STATE_NONE l=0).mark_down
2023-07-21T22:09:34.795 INFO:teuthology.orchestra.run.smithi151.stdout:/usr/bin/ceph: stderr
2023-07-21T22:09:32.921+0000 7f85951c3700 1 -- 172.21.15.151:0/1738086979 shutdown_connections
2023-07-21T22:09:34.795 INFO:teuthology.orchestra.run.smithi151.stdout:/usr/bin/ceph: stderr
2023-07-21T22:09:32.921+0000 7f85951c3700 1 -- 172.21.15.151:0/1738086979 wait complete.
2023-07-21T22:09:34.795 INFO:teuthology.orchestra.run.smithi151.stdout:/usr/bin/ceph: stderr
2023-07-21T22:09:32.922+0000 7f85951c3700 1 Processor -- start
2023-07-21T22:09:34.795 INFO:teuthology.orchestra.run.smithi151.stdout:/usr/bin/ceph: stderr
2023-07-21T22:09:32.922+0000 7f85951c3700 1 -- start start
2023-07-21T22:09:34.796 INFO:teuthology.orchestra.run.smithi151.stdout:/usr/bin/ceph: stderr
2023-07-21T22:09:32.923+0000 7f85951c3700 1 --2- >> [v2:172.21.15.151:3300/0,v1:172.21.15.151:6789/0] conn(0x7f859007bdf0 0x7f859019b140 unknown :-1 s=NONE pgs=0 cs=0 l=1 rev1=0 crypto rx=0 tx=0 comp rx=0 tx=0).connect
2023-07-21T22:09:34.796 INFO:teuthology.orchestra.run.smithi151.stdout:/usr/bin/ceph: stderr
2023-07-21T22:09:32.923+0000 7f85951c3700 1 -- --> [v2:172.21.15.151:3300/0,v1:172.21.15.151:6789/0] -- mon_getmap magic: 0 v1 -- 0x7f859019b680 con 0x7f859007bdf0
2023-07-21T22:09:34.796 INFO:teuthology.orchestra.run.smithi151.stdout:/usr/bin/ceph: stderr
2023-07-21T22:09:32.923+0000 7f858ed9d700 1 --2- >> [v2:172.21.15.151:3300/0,v1:172.21.15.151:6789/0] conn(0x7f859007bdf0 0x7f859019b140 unknown :-1 s=BANNER_CONNECTING pgs=0 cs=0 l=1 rev1=0 crypto rx=0 tx=0 comp rx=0 tx=0)._handle_peer_banner_payload supported=3 required=0
2023-07-21T22:09:34.796 INFO:teuthology.orchestra.run.smithi151.stdout:/usr/bin/ceph: stderr
2023-07-21T22:09:32.923+0000 7f858ed9d700 1 --2- >> [v2:172.21.15.151:3300/0,v1:172.21.15.151:6789/0] conn(0x7f859007bdf0 0x7f859019b140 unknown :-1 s=HELLO_CONNECTING pgs=0 cs=0 l=1 rev1=1 crypto rx=0 tx=0 comp rx=0 tx=0).handle_hello peer v2:172.21.15.151:3300/0 says I am v2:172.21.15.151:47490/0 (socket says 172.21.15.151:47490)
2023-07-21T22:09:34.796 INFO:teuthology.orchestra.run.smithi151.stdout:/usr/bin/ceph: stderr
2023-07-21T22:09:32.923+0000 7f858ed9d700 1 -- 172.21.15.151:0/362455228 learned_addr learned my addr 172.21.15.151:0/362455228 (peer_addr_for_me v2:172.21.15.151:0/0)
2023-07-21T22:09:34.796 INFO:teuthology.orchestra.run.smithi151.stdout:/usr/bin/ceph: stderr
2023-07-21T22:09:32.923+0000 7f858ed9d700 1 -- 172.21.15.151:0/362455228 --> [v2:172.21.15.151:3300/0,v1:172.21.15.151:6789/0] -- mon_subscribe({config=0+,monmap=0+}) v3 -- 0x7f8580009550 con 0x7f859007bdf0
2023-07-21T22:09:34.796 INFO:teuthology.orchestra.run.smithi151.stdout:/usr/bin/ceph: stderr
2023-07-21T22:09:32.924+0000 7f858ed9d700 1 --2- 172.21.15.151:0/362455228 >> [v2:172.21.15.151:3300/0,v1:172.21.15.151:6789/0] conn(0x7f859007bdf0 0x7f859019b140 secure :-1 s=READY pgs=56 cs=0 l=1 rev1=1 crypto rx=0x7f8580003e30 tx=0x7f85800119a0 comp rx=0 tx=0).ready entity=mon.0 client_cookie=0 server_cookie=0 in_seq=0 out_seq=0
2023-07-21T22:09:34.797 INFO:teuthology.orchestra.run.smithi151.stdout:/usr/bin/ceph: stderr
2023-07-21T22:09:32.924+0000 7f8577fff700 1 -- 172.21.15.151:0/362455228 <== mon.0 v2:172.21.15.151:3300/0 1 ==== mon_map magic: 0 v1 ==== 205+0+0 (secure 0 0 0) 0x7f85800036a0 con 0x7f859007bdf0
2023-07-21T22:09:34.797 INFO:teuthology.orchestra.run.smithi151.stdout:/usr/bin/ceph: stderr
2023-07-21T22:09:32.924+0000 7f8577fff700 1 -- 172.21.15.151:0/362455228 <== mon.0 v2:172.21.15.151:3300/0 2 ==== config(25 keys) v1 ==== 1067+0+0 (secure 0 0 0) 0x7f858001b440 con 0x7f859007bdf0
2023-07-21T22:09:34.797 INFO:teuthology.orchestra.run.smithi151.stdout:/usr/bin/ceph: stderr
2023-07-21T22:09:32.924+0000 7f85951c3700 1 -- 172.21.15.151:0/362455228 --> [v2:172.21.15.151:3300/0,v1:172.21.15.151:6789/0] -- mon_subscribe({mgrmap=0+}) v3 -- 0x7f859019b880 con 0x7f859007bdf0
2023-07-21T22:09:34.797 INFO:teuthology.orchestra.run.smithi151.stdout:/usr/bin/ceph: stderr
2023-07-21T22:09:32.924+0000 7f8577fff700 1 -- 172.21.15.151:0/362455228 <== mon.0 v2:172.21.15.151:3300/0 3 ==== mon_map magic: 0 v1 ==== 205+0+0 (secure 0 0 0) 0x7f8580023400 con 0x7f859007bdf0
2023-07-21T22:09:34.797 INFO:teuthology.orchestra.run.smithi151.stdout:/usr/bin/ceph: stderr
2023-07-21T22:09:32.924+0000 7f85951c3700 1 -- 172.21.15.151:0/362455228 --> [v2:172.21.15.151:3300/0,v1:172.21.15.151:6789/0] -- mon_subscribe({osdmap=0}) v3 -- 0x7f859019bca0 con 0x7f859007bdf0
2023-07-21T22:09:34.797 INFO:teuthology.orchestra.run.smithi151.stdout:/usr/bin/ceph: stderr
2023-07-21T22:09:32.925+0000 7f8577fff700 1 -- 172.21.15.151:0/362455228 <== mon.0 v2:172.21.15.151:3300/0 4 ==== mgrmap(e 8) v1 ==== 45483+0+0 (secure 0 0 0) 0x7f8580003800 con 0x7f859007bdf0
2023-07-21T22:09:34.797 INFO:teuthology.orchestra.run.smithi151.stdout:/usr/bin/ceph: stderr
2023-07-21T22:09:32.925+0000 7f85951c3700 1 -- 172.21.15.151:0/362455228 --> [v2:172.21.15.151:3300/0,v1:172.21.15.151:6789/0] -- mon_command({"prefix": "get_command_descriptions"} v 0) v1 -- 0x7f8590061b40 con 0x7f859007bdf0
2023-07-21T22:09:34.797 INFO:teuthology.orchestra.run.smithi151.stdout:/usr/bin/ceph: stderr
2023-07-21T22:09:32.926+0000 7f8577fff700 1 --2- 172.21.15.151:0/362455228 >> [v2:172.21.15.151:6800/191414094,v1:172.21.15.151:6801/191414094] conn(0x7f8578038760 0x7f857803ac10 unknown :-1 s=NONE pgs=0 cs=0 l=1 rev1=0 crypto rx=0 tx=0 comp rx=0 tx=0).connect
2023-07-21T22:09:34.798 INFO:teuthology.orchestra.run.smithi151.stdout:/usr/bin/ceph: stderr
2023-07-21T22:09:32.926+0000 7f8577fff700 1 -- 172.21.15.151:0/362455228 <== mon.0 v2:172.21.15.151:3300/0 5 ==== osd_map(2..2 src has 1..2) v4 ==== 940+0+0 (secure 0 0 0) 0x7f858004c6d0 con 0x7f859007bdf0
2023-07-21T22:09:34.798 INFO:teuthology.orchestra.run.smithi151.stdout:/usr/bin/ceph: stderr
2023-07-21T22:09:32.926+0000 7f858e59c700 1 --2- 172.21.15.151:0/362455228 >> [v2:172.21.15.151:6800/191414094,v1:172.21.15.151:6801/191414094] conn(0x7f8578038760 0x7f857803ac10 unknown :-1 s=BANNER_CONNECTING pgs=0 cs=0 l=1 rev1=0 crypto rx=0 tx=0 comp rx=0 tx=0)._handle_peer_banner_payload supported=3 required=0
2023-07-21T22:09:34.798 INFO:teuthology.orchestra.run.smithi151.stdout:/usr/bin/ceph: stderr
2023-07-21T22:09:32.927+0000 7f858e59c700 1 --2- 172.21.15.151:0/362455228 >> [v2:172.21.15.151:6800/191414094,v1:172.21.15.151:6801/191414094] conn(0x7f8578038760 0x7f857803ac10 secure :-1 s=READY pgs=16 cs=0 l=1 rev1=1 crypto rx=0x7f8584006fd0 tx=0x7f8584006e40 comp rx=0 tx=0).ready entity=mgr.14120 client_cookie=0 server_cookie=0 in_seq=0 out_seq=0
2023-07-21T22:09:34.798 INFO:teuthology.orchestra.run.smithi151.stdout:/usr/bin/ceph: stderr
2023-07-21T22:09:32.931+0000 7f8577fff700 1 -- 172.21.15.151:0/362455228 <== mon.0 v2:172.21.15.151:3300/0 6 ==== mon_command_ack([{"prefix": "get_command_descriptions"}]=0 v0) v1 ==== 72+0+178008 (secure 0 0 0) 0x7f8580003ab0 con 0x7f859007bdf0
2023-07-21T22:09:34.798 INFO:teuthology.orchestra.run.smithi151.stdout:/usr/bin/ceph: stderr
2023-07-21T22:09:33.194+0000 7f85951c3700 1 -- 172.21.15.151:0/362455228 --> [v2:172.21.15.151:3300/0,v1:172.21.15.151:6789/0] -- mon_command({"prefix": "mgr module enable", "module": "dashboard"} v 0) v1 -- 0x7f859019ed90 con 0x7f859007bdf0
2023-07-21T22:09:34.798 INFO:teuthology.orchestra.run.smithi151.stdout:/usr/bin/ceph: stderr
2023-07-21T22:09:34.181+0000 7f8577fff700 1 -- 172.21.15.151:0/362455228 <== mon.0 v2:172.21.15.151:3300/0 7 ==== mgrmap(e 9) v1 ==== 45496+0+0 (secure 0 0 0) 0x7f858001b960 con 0x7f859007bdf0
2023-07-21T22:09:34.798 INFO:teuthology.orchestra.run.smithi151.stdout:/usr/bin/ceph: stderr
2023-07-21T22:09:34.183+0000 7f8577fff700 1 -- 172.21.15.151:0/362455228 <== mon.0 v2:172.21.15.151:3300/0 8 ==== mon_command_ack([{"prefix": "mgr module enable", "module": "dashboard"}]=0 v9) v1 ==== 88+0+0 (secure 0 0 0) 0x7f858004c020 con 0x7f859007bdf0
2023-07-21T22:09:34.799 INFO:teuthology.orchestra.run.smithi151.stdout:/usr/bin/ceph: stderr
2023-07-21T22:09:34.186+0000 7f85951c3700 1 -- 172.21.15.151:0/362455228 >> [v2:172.21.15.151:6800/191414094,v1:172.21.15.151:6801/191414094] conn(0x7f8578038760 msgr2=0x7f857803ac10 secure :-1 s=STATE_CONNECTION_ESTABLISHED l=1).mark_down
2023-07-21T22:09:34.799 INFO:teuthology.orchestra.run.smithi151.stdout:/usr/bin/ceph: stderr
2023-07-21T22:09:34.186+0000 7f85951c3700 1 --2- 172.21.15.151:0/362455228 >> [v2:172.21.15.151:6800/191414094,v1:172.21.15.151:6801/191414094] conn(0x7f8578038760 0x7f857803ac10 secure :-1 s=READY pgs=16 cs=0 l=1 rev1=1 crypto rx=0x7f8584006fd0 tx=0x7f8584006e40 comp rx=0 tx=0).stop
2023-07-21T22:09:34.799 INFO:teuthology.orchestra.run.smithi151.stdout:/usr/bin/ceph: stderr
2023-07-21T22:09:34.186+0000 7f85951c3700 1 -- 172.21.15.151:0/362455228 >> [v2:172.21.15.151:3300/0,v1:172.21.15.151:6789/0] conn(0x7f859007bdf0 msgr2=0x7f859019b140 secure :-1 s=STATE_CONNECTION_ESTABLISHED l=1).mark_down
2023-07-21T22:09:34.799 INFO:teuthology.orchestra.run.smithi151.stdout:/usr/bin/ceph: stderr
2023-07-21T22:09:34.186+0000 7f85951c3700 1 --2- 172.21.15.151:0/362455228 >> [v2:172.21.15.151:3300/0,v1:172.21.15.151:6789/0] conn(0x7f859007bdf0 0x7f859019b140 secure :-1 s=READY pgs=56 cs=0 l=1 rev1=1 crypto rx=0x7f8580003e30 tx=0x7f85800119a0 comp rx=0 tx=0).stop
2023-07-21T22:09:34.799 INFO:teuthology.orchestra.run.smithi151.stdout:/usr/bin/ceph: stderr
2023-07-21T22:09:34.186+0000 7f85951c3700 1 -- 172.21.15.151:0/362455228 shutdown_connections
2023-07-21T22:09:34.799 INFO:teuthology.orchestra.run.smithi151.stdout:/usr/bin/ceph: stderr
2023-07-21T22:09:34.186+0000 7f85951c3700 1 --2- 172.21.15.151:0/362455228 >> [v2:172.21.15.151:6800/191414094,v1:172.21.15.151:6801/191414094] conn(0x7f8578038760 0x7f857803ac10 unknown :-1 s=CLOSED pgs=16 cs=0 l=1 rev1=1 crypto rx=0 tx=0 comp rx=0 tx=0).stop
2023-07-21T22:09:34.799 INFO:teuthology.orchestra.run.smithi151.stdout:/usr/bin/ceph: stderr
2023-07-21T22:09:34.186+0000 7f85951c3700 1 --2- 172.21.15.151:0/362455228 >> [v2:172.21.15.151:3300/0,v1:172.21.15.151:6789/0] conn(0x7f859007bdf0 0x7f859019b140 unknown :-1 s=CLOSED pgs=56 cs=0 l=1 rev1=1 crypto rx=0 tx=0 comp rx=0 tx=0).stop
2023-07-21T22:09:34.800 INFO:teuthology.orchestra.run.smithi151.stdout:/usr/bin/ceph: stderr
2023-07-21T22:09:34.186+0000 7f85951c3700 1 -- 172.21.15.151:0/362455228 >> 172.21.15.151:0/362455228 conn(0x7f8590100890 msgr2=0x7f8590101f10 unknown :-1 s=STATE_NONE l=0).mark_down
2023-07-21T22:09:34.800 INFO:teuthology.orchestra.run.smithi151.stdout:/usr/bin/ceph: stderr
2023-07-21T22:09:34.187+0000 7f85951c3700 1 -- 172.21.15.151:0/362455228 shutdown_connections
2023-07-21T22:09:34.800 INFO:teuthology.orchestra.run.smithi151.stdout:/usr/bin/ceph: stderr
2023-07-21T22:09:34.187+0000 7f85951c3700 1 -- 172.21.15.151:0/362455228 wait complete.
2023-07-21T22:09:34.871 INFO:journalctl@ceph.mgr.x.smithi151.stdout:Jul 21 22:09:34 smithi151 ceph-f5fce3a4-2812-11ee-9b34-001a4aab830c-mgr-x[95756]:
2023-07-21T22:09:34.602+0000 7f523d14b200 -1 mgr[py] Module osd_support has missing NOTIFY_TYPES member
2023-07-21T22:09:34.871 INFO:journalctl@ceph.mgr.x.smithi151.stdout:Jul 21 22:09:34 smithi151 ceph-f5fce3a4-2812-11ee-9b34-001a4aab830c-mgr-x[95756]:
2023-07-21T22:09:34.723+0000 7f523d14b200 -1 mgr[py] Module snap_schedule has missing NOTIFY_TYPES member
2023-07-21T22:09:35.132 INFO:journalctl@ceph.mgr.x.smithi151.stdout:Jul 21 22:09:34 smithi151 ceph-f5fce3a4-2812-11ee-9b34-001a4aab830c-mgr-x[95756]:
2023-07-21T22:09:34.858+0000 7f523d14b200 -1 mgr[py] Module zabbix has missing NOTIFY_TYPES member
2023-07-21T22:09:35.445 INFO:journalctl@ceph.mon.a.smithi151.stdout:Jul 21 22:09:35 smithi151 ceph-mon[95510]: from='client.? 172.21.15.151:0/362455228' entity='client.admin' cmd='[{"prefix": "mgr module enable", "module": "dashboard"}]': finished
2023-07-21T22:09:35.446 INFO:journalctl@ceph.mon.a.smithi151.stdout:Jul 21 22:09:35 smithi151 ceph-mon[95510]: mgrmap e9: x(active, since 18s)
2023-07-21T22:09:35.446 INFO:journalctl@ceph.mgr.x.smithi151.stdout:Jul 21 22:09:35 smithi151 ceph-f5fce3a4-2812-11ee-9b34-001a4aab830c-mgr-x[95756]:
2023-07-21T22:09:35.094+0000 7f523d14b200 -1 mgr[py] Module crash has missing NOTIFY_TYPES member
2023-07-21T22:09:35.827 INFO:journalctl@ceph.mgr.x.smithi151.stdout:Jul 21 22:09:35 smithi151 ceph-f5fce3a4-2812-11ee-9b34-001a4aab830c-mgr-x[95756]:
2023-07-21T22:09:35.504+0000 7f523d14b200 -1 mgr[py] Module prometheus has missing NOTIFY_TYPES member
2023-07-21T22:09:35.827 INFO:journalctl@ceph.mgr.x.smithi151.stdout:Jul 21 22:09:35 smithi151 ceph-f5fce3a4-2812-11ee-9b34-001a4aab830c-mgr-x[95756]:
2023-07-21T22:09:35.622+0000 7f523d14b200 -1 mgr[py] Module status has missing NOTIFY_TYPES member
2023-07-21T22:09:36.170 INFO:journalctl@ceph.mgr.x.smithi151.stdout:Jul 21 22:09:35 smithi151 ceph-f5fce3a4-2812-11ee-9b34-001a4aab830c-mgr-x[95756]:
2023-07-21T22:09:35.798+0000 7f523d14b200 -1 mgr[py] Module selftest has missing NOTIFY_TYPES member
2023-07-21T22:09:36.170 INFO:journalctl@ceph.mgr.x.smithi151.stdout:Jul 21 22:09:35 smithi151 ceph-f5fce3a4-2812-11ee-9b34-001a4aab830c-mgr-x[95756]:
2023-07-21T22:09:35.923+0000 7f523d14b200 -1 mgr[py] Module alerts has missing NOTIFY_TYPES member
2023-07-21T22:09:36.174 INFO:teuthology.orchestra.run.smithi151.stdout:/usr/bin/ceph: stdout {
2023-07-21T22:09:36.174 INFO:teuthology.orchestra.run.smithi151.stdout:/usr/bin/ceph: stdout "epoch": 9,
2023-07-21T22:09:36.174 INFO:teuthology.orchestra.run.smithi151.stdout:/usr/bin/ceph: stdout "available": true,
2023-07-21T22:09:36.174 INFO:teuthology.orchestra.run.smithi151.stdout:/usr/bin/ceph: stdout "active_name": "x",
2023-07-21T22:09:36.175 INFO:teuthology.orchestra.run.smithi151.stdout:/usr/bin/ceph: stdout "num_standby": 0
2023-07-21T22:09:36.175 INFO:teuthology.orchestra.run.smithi151.stdout:/usr/bin/ceph: stdout }
2023-07-21T22:09:36.175 INFO:teuthology.orchestra.run.smithi151.stdout:/usr/bin/ceph: stderr
2023-07-21T22:09:35.377+0000 7f950a457700 1 Processor -- start
2023-07-21T22:09:36.175 INFO:teuthology.orchestra.run.smithi151.stdout:/usr/bin/ceph: stderr
2023-07-21T22:09:35.377+0000 7f950a457700 1 -- start start
2023-07-21T22:09:36.175 INFO:teuthology.orchestra.run.smithi151.stdout:/usr/bin/ceph: stderr
2023-07-21T22:09:35.377+0000 7f950a457700 1 --2- >> [v2:172.21.15.151:3300/0,v1:172.21.15.151:6789/0] conn(0x7f950407bdf0 0x7f950407a2f0 unknown :-1 s=NONE pgs=0 cs=0 l=0 rev1=0 crypto rx=0 tx=0 comp rx=0 tx=0).connect
2023-07-21T22:09:36.179 INFO:teuthology.orchestra.run.smithi151.stdout:/usr/bin/ceph: stderr
2023-07-21T22:09:35.377+0000 7f950a457700 1 -- --> [v2:172.21.15.151:3300/0,v1:172.21.15.151:6789/0] -- mon_getmap magic: 0 v1 -- 0x7f950407a830 con 0x7f950407bdf0
2023-07-21T22:09:36.179 INFO:teuthology.orchestra.run.smithi151.stdout:/usr/bin/ceph: stderr
2023-07-21T22:09:35.378+0000 7f9503fff700 1 --2- >> [v2:172.21.15.151:3300/0,v1:172.21.15.151:6789/0] conn(0x7f950407bdf0 0x7f950407a2f0 unknown :-1 s=BANNER_CONNECTING pgs=0 cs=0 l=0 rev1=0 crypto rx=0 tx=0 comp rx=0 tx=0)._handle_peer_banner_payload supported=3 required=0
2023-07-21T22:09:36.179 INFO:teuthology.orchestra.run.smithi151.stdout:/usr/bin/ceph: stderr
2023-07-21T22:09:35.378+0000 7f9503fff700 1 --2- >> [v2:172.21.15.151:3300/0,v1:172.21.15.151:6789/0] conn(0x7f950407bdf0 0x7f950407a2f0 unknown :-1 s=HELLO_CONNECTING pgs=0 cs=0 l=0 rev1=1 crypto rx=0 tx=0 comp rx=0 tx=0).handle_hello peer v2:172.21.15.151:3300/0 says I am v2:172.21.15.151:47514/0 (socket says 172.21.15.151:47514)
2023-07-21T22:09:36.179 INFO:teuthology.orchestra.run.smithi151.stdout:/usr/bin/ceph: stderr
2023-07-21T22:09:35.378+0000 7f9503fff700 1 -- 172.21.15.151:0/2932478821 learned_addr learned my addr 172.21.15.151:0/2932478821 (peer_addr_for_me v2:172.21.15.151:0/0)
2023-07-21T22:09:36.179 INFO:teuthology.orchestra.run.smithi151.stdout:/usr/bin/ceph: stderr
2023-07-21T22:09:35.378+0000 7f9503fff700 1 -- 172.21.15.151:0/2932478821 --> [v2:172.21.15.151:3300/0,v1:172.21.15.151:6789/0] -- mon_subscribe({config=0+,monmap=0+}) v3 -- 0x7f950407a970 con 0x7f950407bdf0
2023-07-21T22:09:36.180 INFO:teuthology.orchestra.run.smithi151.stdout:/usr/bin/ceph: stderr
2023-07-21T22:09:35.378+0000 7f9503fff700 1 --2- 172.21.15.151:0/2932478821 >> [v2:172.21.15.151:3300/0,v1:172.21.15.151:6789/0] conn(0x7f950407bdf0 0x7f950407a2f0 secure :-1 s=READY pgs=59 cs=0 l=1 rev1=1 crypto rx=0x7f94f40098a0 tx=0x7f94f4009bb0 comp rx=0 tx=0).ready entity=mon.0 client_cookie=e543a5646333b835 server_cookie=0 in_seq=0 out_seq=0
2023-07-21T22:09:36.180 INFO:teuthology.orchestra.run.smithi151.stdout:/usr/bin/ceph: stderr
2023-07-21T22:09:35.379+0000 7f9502ffd700 1 -- 172.21.15.151:0/2932478821 <== mon.0 v2:172.21.15.151:3300/0 1 ==== mon_map magic: 0 v1 ==== 205+0+0 (secure 0 0 0) 0x7f94f4004160 con 0x7f950407bdf0
2023-07-21T22:09:36.180 INFO:teuthology.orchestra.run.smithi151.stdout:/usr/bin/ceph: stderr
2023-07-21T22:09:35.379+0000 7f9502ffd700 1 -- 172.21.15.151:0/2932478821 <== mon.0 v2:172.21.15.151:3300/0 2 ==== config(25 keys) v1 ==== 1067+0+0 (secure 0 0 0) 0x7f94f40042c0 con 0x7f950407bdf0
2023-07-21T22:09:36.180 INFO:teuthology.orchestra.run.smithi151.stdout:/usr/bin/ceph: stderr
2023-07-21T22:09:35.379+0000 7f9502ffd700 1 -- 172.21.15.151:0/2932478821 <== mon.0 v2:172.21.15.151:3300/0 3 ==== mon_map magic: 0 v1 ==== 205+0+0 (secure 0 0 0) 0x7f94f40118e0 con 0x7f950407bdf0
2023-07-21T22:09:36.180 INFO:teuthology.orchestra.run.smithi151.stdout:/usr/bin/ceph: stderr
2023-07-21T22:09:35.379+0000 7f950a457700 1 -- 172.21.15.151:0/2932478821 >> [v2:172.21.15.151:3300/0,v1:172.21.15.151:6789/0] conn(0x7f950407bdf0 msgr2=0x7f950407a2f0 secure :-1 s=STATE_CONNECTION_ESTABLISHED l=1).mark_down
2023-07-21T22:09:36.180 INFO:teuthology.orchestra.run.smithi151.stdout:/usr/bin/ceph: stderr
2023-07-21T22:09:35.379+0000 7f950a457700 1 --2- 172.21.15.151:0/2932478821 >> [v2:172.21.15.151:3300/0,v1:172.21.15.151:6789/0] conn(0x7f950407bdf0 0x7f950407a2f0 secure :-1 s=READY pgs=59 cs=0 l=1 rev1=1 crypto rx=0x7f94f40098a0 tx=0x7f94f4009bb0 comp rx=0 tx=0).stop
2023-07-21T22:09:36.181 INFO:teuthology.orchestra.run.smithi151.stdout:/usr/bin/ceph: stderr
2023-07-21T22:09:35.379+0000 7f950a457700 1 -- 172.21.15.151:0/2932478821 shutdown_connections
2023-07-21T22:09:36.181 INFO:teuthology.orchestra.run.smithi151.stdout:/usr/bin/ceph: stderr
2023-07-21T22:09:35.379+0000 7f950a457700 1 --2- 172.21.15.151:0/2932478821 >> [v2:172.21.15.151:3300/0,v1:172.21.15.151:6789/0] conn(0x7f950407bdf0 0x7f950407a2f0 unknown :-1 s=CLOSED pgs=59 cs=0 l=1 rev1=1 crypto rx=0 tx=0 comp rx=0 tx=0).stop
2023-07-21T22:09:36.181 INFO:teuthology.orchestra.run.smithi151.stdout:/usr/bin/ceph: stderr
2023-07-21T22:09:35.379+0000 7f950a457700 1 -- 172.21.15.151:0/2932478821 >> 172.21.15.151:0/2932478821 conn(0x7f9504100900 msgr2=0x7f9504102d10 unknown :-1 s=STATE_NONE l=0).mark_down
2023-07-21T22:09:36.181 INFO:teuthology.orchestra.run.smithi151.stdout:/usr/bin/ceph: stderr
2023-07-21T22:09:35.379+0000 7f950a457700 1 -- 172.21.15.151:0/2932478821 shutdown_connections
2023-07-21T22:09:36.181 INFO:teuthology.orchestra.run.smithi151.stdout:/usr/bin/ceph: stderr
2023-07-21T22:09:35.379+0000 7f950a457700 1 -- 172.21.15.151:0/2932478821 wait complete.
2023-07-21T22:09:36.181 INFO:teuthology.orchestra.run.smithi151.stdout:/usr/bin/ceph: stderr
2023-07-21T22:09:35.381+0000 7f950a457700 1 Processor -- start
2023-07-21T22:09:36.181 INFO:teuthology.orchestra.run.smithi151.stdout:/usr/bin/ceph: stderr
2023-07-21T22:09:35.381+0000 7f950a457700 1 -- start start
2023-07-21T22:09:36.181 INFO:teuthology.orchestra.run.smithi151.stdout:/usr/bin/ceph: stderr
2023-07-21T22:09:35.382+0000 7f950a457700 1 --2- >> [v2:172.21.15.151:3300/0,v1:172.21.15.151:6789/0] conn(0x7f950407bdf0 0x7f950419b200 unknown :-1 s=NONE pgs=0 cs=0 l=1 rev1=0 crypto rx=0 tx=0 comp rx=0 tx=0).connect
2023-07-21T22:09:36.182 INFO:teuthology.orchestra.run.smithi151.stdout:/usr/bin/ceph: stderr
2023-07-21T22:09:35.382+0000 7f950a457700 1 -- --> [v2:172.21.15.151:3300/0,v1:172.21.15.151:6789/0] -- mon_getmap magic: 0 v1 -- 0x7f950419b740 con 0x7f950407bdf0
2023-07-21T22:09:36.182 INFO:teuthology.orchestra.run.smithi151.stdout:/usr/bin/ceph: stderr
2023-07-21T22:09:35.382+0000 7f9503fff700 1 --2- >> [v2:172.21.15.151:3300/0,v1:172.21.15.151:6789/0] conn(0x7f950407bdf0 0x7f950419b200 unknown :-1 s=BANNER_CONNECTING pgs=0 cs=0 l=1 rev1=0 crypto rx=0 tx=0 comp rx=0 tx=0)._handle_peer_banner_payload supported=3 required=0
2023-07-21T22:09:36.182 INFO:teuthology.orchestra.run.smithi151.stdout:/usr/bin/ceph: stderr
2023-07-21T22:09:35.382+0000 7f9503fff700 1 --2- >> [v2:172.21.15.151:3300/0,v1:172.21.15.151:6789/0] conn(0x7f950407bdf0 0x7f950419b200 unknown :-1 s=HELLO_CONNECTING pgs=0 cs=0 l=1 rev1=1 crypto rx=0 tx=0 comp rx=0 tx=0).handle_hello peer v2:172.21.15.151:3300/0 says I am v2:172.21.15.151:47516/0 (socket says 172.21.15.151:47516)
2023-07-21T22:09:36.182 INFO:teuthology.orchestra.run.smithi151.stdout:/usr/bin/ceph: stderr
2023-07-21T22:09:35.382+0000 7f9503fff700 1 -- 172.21.15.151:0/2228521816 learned_addr learned my addr 172.21.15.151:0/2228521816 (peer_addr_for_me v2:172.21.15.151:0/0)
2023-07-21T22:09:36.182 INFO:teuthology.orchestra.run.smithi151.stdout:/usr/bin/ceph: stderr
2023-07-21T22:09:35.382+0000 7f9503fff700 1 -- 172.21.15.151:0/2228521816 --> [v2:172.21.15.151:3300/0,v1:172.21.15.151:6789/0] -- mon_subscribe({config=0+,monmap=0+}) v3 -- 0x7f94f4009550 con 0x7f950407bdf0
2023-07-21T22:09:36.182 INFO:teuthology.orchestra.run.smithi151.stdout:/usr/bin/ceph: stderr
2023-07-21T22:09:35.382+0000 7f9503fff700 1 --2- 172.21.15.151:0/2228521816 >> [v2:172.21.15.151:3300/0,v1:172.21.15.151:6789/0] conn(0x7f950407bdf0 0x7f950419b200 secure :-1 s=READY pgs=60 cs=0 l=1 rev1=1 crypto rx=0x7f94f4006af0 tx=0x7f94f4011ed0 comp rx=0 tx=0).ready entity=mon.0 client_cookie=0 server_cookie=0 in_seq=0 out_seq=0
2023-07-21T22:09:36.182 INFO:teuthology.orchestra.run.smithi151.stdout:/usr/bin/ceph: stderr
2023-07-21T22:09:35.383+0000 7f95017fa700 1 -- 172.21.15.151:0/2228521816 <== mon.0 v2:172.21.15.151:3300/0 1 ==== mon_map magic: 0 v1 ==== 205+0+0 (secure 0 0 0) 0x7f94f40037d0 con 0x7f950407bdf0
2023-07-21T22:09:36.182 INFO:teuthology.orchestra.run.smithi151.stdout:/usr/bin/ceph: stderr
2023-07-21T22:09:35.383+0000 7f95017fa700 1 -- 172.21.15.151:0/2228521816 <== mon.0 v2:172.21.15.151:3300/0 2 ==== config(25 keys) v1 ==== 1067+0+0 (secure 0 0 0) 0x7f94f401b440 con 0x7f950407bdf0
2023-07-21T22:09:36.183 INFO:teuthology.orchestra.run.smithi151.stdout:/usr/bin/ceph: stderr
2023-07-21T22:09:35.383+0000 7f950a457700 1 -- 172.21.15.151:0/2228521816 --> [v2:172.21.15.151:3300/0,v1:172.21.15.151:6789/0] -- mon_subscribe({mgrmap=0+}) v3 -- 0x7f950419b940 con 0x7f950407bdf0
2023-07-21T22:09:36.183 INFO:teuthology.orchestra.run.smithi151.stdout:/usr/bin/ceph: stderr
2023-07-21T22:09:35.383+0000 7f95017fa700 1 -- 172.21.15.151:0/2228521816 <== mon.0 v2:172.21.15.151:3300/0 3 ==== mon_map magic: 0 v1 ==== 205+0+0 (secure 0 0 0) 0x7f94f4023400 con 0x7f950407bdf0
2023-07-21T22:09:36.183 INFO:teuthology.orchestra.run.smithi151.stdout:/usr/bin/ceph: stderr
2023-07-21T22:09:35.383+0000 7f950a457700 1 -- 172.21.15.151:0/2228521816 --> [v2:172.21.15.151:3300/0,v1:172.21.15.151:6789/0] -- mon_subscribe({osdmap=0}) v3 -- 0x7f950419bd60 con 0x7f950407bdf0
2023-07-21T22:09:36.183 INFO:teuthology.orchestra.run.smithi151.stdout:/usr/bin/ceph: stderr
2023-07-21T22:09:35.384+0000 7f950a457700 1 -- 172.21.15.151:0/2228521816 --> [v2:172.21.15.151:3300/0,v1:172.21.15.151:6789/0] -- mon_command({"prefix": "get_command_descriptions"} v 0) v1 -- 0x7f95041951b0 con 0x7f950407bdf0
2023-07-21T22:09:36.183 INFO:teuthology.orchestra.run.smithi151.stdout:/usr/bin/ceph: stderr
2023-07-21T22:09:35.385+0000 7f95017fa700 1 -- 172.21.15.151:0/2228521816 <== mon.0 v2:172.21.15.151:3300/0 4 ==== mgrmap(e 9) v1 ==== 45496+0+0 (secure 0 0 0) 0x7f94f401b5d0 con 0x7f950407bdf0
2023-07-21T22:09:36.183 INFO:teuthology.orchestra.run.smithi151.stdout:/usr/bin/ceph: stderr
2023-07-21T22:09:35.385+0000 7f95017fa700 1 --2- 172.21.15.151:0/2228521816 >> [v2:172.21.15.151:6800/191414094,v1:172.21.15.151:6801/191414094] conn(0x7f94ec038760 0x7f94ec03ac10 unknown :-1 s=NONE pgs=0 cs=0 l=1 rev1=0 crypto rx=0 tx=0 comp rx=0 tx=0).connect
2023-07-21T22:09:36.183 INFO:teuthology.orchestra.run.smithi151.stdout:/usr/bin/ceph: stderr
2023-07-21T22:09:35.385+0000 7f95017fa700 1 -- 172.21.15.151:0/2228521816 <== mon.0 v2:172.21.15.151:3300/0 5 ==== osd_map(2..2 src has 1..2) v4 ==== 940+0+0 (secure 0 0 0) 0x7f94f404c8d0 con 0x7f950407bdf0
2023-07-21T22:09:36.184 INFO:teuthology.orchestra.run.smithi151.stdout:/usr/bin/ceph: stderr
2023-07-21T22:09:35.385+0000 7f95037fe700 1 -- 172.21.15.151:0/2228521816 >> [v2:172.21.15.151:6800/191414094,v1:172.21.15.151:6801/191414094] conn(0x7f94ec038760 msgr2=0x7f94ec03ac10 unknown :-1 s=STATE_CONNECTING_RE l=1).process reconnect failed to v2:172.21.15.151:6800/191414094
2023-07-21T22:09:36.184 INFO:teuthology.orchestra.run.smithi151.stdout:/usr/bin/ceph: stderr
2023-07-21T22:09:35.385+0000 7f95037fe700 1 --2- 172.21.15.151:0/2228521816 >> [v2:172.21.15.151:6800/191414094,v1:172.21.15.151:6801/191414094] conn(0x7f94ec038760 0x7f94ec03ac10 unknown :-1 s=START_CONNECT pgs=0 cs=0 l=1 rev1=0 crypto rx=0 tx=0 comp rx=0 tx=0)._fault waiting 0.200000
2023-07-21T22:09:36.184 INFO:teuthology.orchestra.run.smithi151.stdout:/usr/bin/ceph: stderr
2023-07-21T22:09:35.390+0000 7f95017fa700 1 -- 172.21.15.151:0/2228521816 <== mon.0 v2:172.21.15.151:3300/0 6 ==== mon_command_ack([{"prefix": "get_command_descriptions"}]=0 v0) v1 ==== 72+0+178008 (secure 0 0 0) 0x7f94f401b8d0 con 0x7f950407bdf0
2023-07-21T22:09:36.185 INFO:teuthology.orchestra.run.smithi151.stdout:/usr/bin/ceph: stderr
2023-07-21T22:09:35.586+0000 7f95037fe700 1 -- 172.21.15.151:0/2228521816 >> [v2:172.21.15.151:6800/191414094,v1:172.21.15.151:6801/191414094] conn(0x7f94ec038760 msgr2=0x7f94ec03ac10 unknown :-1 s=STATE_CONNECTING_RE l=1).process reconnect failed to v2:172.21.15.151:6800/191414094
2023-07-21T22:09:36.185 INFO:teuthology.orchestra.run.smithi151.stdout:/usr/bin/ceph: stderr
2023-07-21T22:09:35.586+0000 7f95037fe700 1 --2- 172.21.15.151:0/2228521816 >> [v2:172.21.15.151:6800/191414094,v1:172.21.15.151:6801/191414094] conn(0x7f94ec038760 0x7f94ec03ac10 unknown :-1 s=START_CONNECT pgs=0 cs=0 l=1 rev1=0 crypto rx=0 tx=0 comp rx=0 tx=0)._fault waiting 0.400000
2023-07-21T22:09:36.185 INFO:teuthology.orchestra.run.smithi151.stdout:/usr/bin/ceph: stderr
