2023-07-21T22:08:30.843+0000 7fbff9570700 1 -- 172.21.15.93:0/667653723 --> [v2:172.21.15.93:3300/0,v1:172.21.15.93:6789/0] -- mon_command({"prefix": "get_command_descriptions"} v 0) v1 -- 0x7fbff4195130 con 0x7fbff41043f0
2023-07-21T22:08:31.472 INFO:teuthology.orchestra.run.smithi093.stdout:/usr/bin/ceph: stderr
2023-07-21T22:08:30.844+0000 7fbff27fc700 1 --2- 172.21.15.93:0/667653723 >> [v2:172.21.15.93:6800/3590233301,v1:172.21.15.93:6801/3590233301] conn(0x7fbfdc038630 0x7fbfdc03aae0 secure :-1 s=READY pgs=7 cs=0 l=1 rev1=1 crypto rx=0x7fbfe4006fd0 tx=0x7fbfe4006e40 comp rx=0 tx=0).ready entity=mgr.14120 client_cookie=0 server_cookie=0 in_seq=0 out_seq=0
2023-07-21T22:08:31.472 INFO:teuthology.orchestra.run.smithi093.stdout:/usr/bin/ceph: stderr
2023-07-21T22:08:30.848+0000 7fbfdbfff700 1 -- 172.21.15.93:0/667653723 <== mon.0 v2:172.21.15.93:3300/0 6 ==== mon_command_ack([{"prefix": "get_command_descriptions"}]=0 v0) v1 ==== 72+0+178008 (secure 0 0 0) 0x7fbfe800e950 con 0x7fbff41043f0
2023-07-21T22:08:31.473 INFO:teuthology.orchestra.run.smithi093.stdout:/usr/bin/ceph: stderr
2023-07-21T22:08:31.047+0000 7fbff9570700 1 -- 172.21.15.93:0/667653723 --> [v2:172.21.15.93:6800/3590233301,v1:172.21.15.93:6801/3590233301] -- mgr_command(tid 0: {"prefix": "orch set backend", "module_name": "cephadm", "target": ["mon-mgr", ""]}) v1 -- 0x7fbff41063c0 con 0x7fbfdc038630
2023-07-21T22:08:31.473 INFO:teuthology.orchestra.run.smithi093.stdout:/usr/bin/ceph: stderr
2023-07-21T22:08:31.052+0000 7fbfdbfff700 1 -- 172.21.15.93:0/667653723 <== mgr.14120 v2:172.21.15.93:6800/3590233301 1 ==== mgr_command_reply(tid 0: 0 ) v1 ==== 8+0+0 (secure 0 0 0) 0x7fbff41063c0 con 0x7fbfdc038630
2023-07-21T22:08:31.473 INFO:teuthology.orchestra.run.smithi093.stdout:/usr/bin/ceph: stderr
2023-07-21T22:08:31.054+0000 7fbff9570700 1 -- 172.21.15.93:0/667653723 >> [v2:172.21.15.93:6800/3590233301,v1:172.21.15.93:6801/3590233301] conn(0x7fbfdc038630 msgr2=0x7fbfdc03aae0 secure :-1 s=STATE_CONNECTION_ESTABLISHED l=1).mark_down
2023-07-21T22:08:31.473 INFO:teuthology.orchestra.run.smithi093.stdout:/usr/bin/ceph: stderr
2023-07-21T22:08:31.054+0000 7fbff9570700 1 --2- 172.21.15.93:0/667653723 >> [v2:172.21.15.93:6800/3590233301,v1:172.21.15.93:6801/3590233301] conn(0x7fbfdc038630 0x7fbfdc03aae0 secure :-1 s=READY pgs=7 cs=0 l=1 rev1=1 crypto rx=0x7fbfe4006fd0 tx=0x7fbfe4006e40 comp rx=0 tx=0).stop
2023-07-21T22:08:31.474 INFO:teuthology.orchestra.run.smithi093.stdout:/usr/bin/ceph: stderr
2023-07-21T22:08:31.054+0000 7fbff9570700 1 -- 172.21.15.93:0/667653723 >> [v2:172.21.15.93:3300/0,v1:172.21.15.93:6789/0] conn(0x7fbff41043f0 msgr2=0x7fbff419b400 secure :-1 s=STATE_CONNECTION_ESTABLISHED l=1).mark_down
2023-07-21T22:08:31.474 INFO:teuthology.orchestra.run.smithi093.stdout:/usr/bin/ceph: stderr
2023-07-21T22:08:31.054+0000 7fbff9570700 1 --2- 172.21.15.93:0/667653723 >> [v2:172.21.15.93:3300/0,v1:172.21.15.93:6789/0] conn(0x7fbff41043f0 0x7fbff419b400 secure :-1 s=READY pgs=38 cs=0 l=1 rev1=1 crypto rx=0x7fbfe8003a80 tx=0x7fbfe8003df0 comp rx=0 tx=0).stop
2023-07-21T22:08:31.474 INFO:teuthology.orchestra.run.smithi093.stdout:/usr/bin/ceph: stderr
2023-07-21T22:08:31.055+0000 7fbff9570700 1 -- 172.21.15.93:0/667653723 shutdown_connections
2023-07-21T22:08:31.474 INFO:teuthology.orchestra.run.smithi093.stdout:/usr/bin/ceph: stderr
2023-07-21T22:08:31.055+0000 7fbff9570700 1 --2- 172.21.15.93:0/667653723 >> [v2:172.21.15.93:6800/3590233301,v1:172.21.15.93:6801/3590233301] conn(0x7fbfdc038630 0x7fbfdc03aae0 unknown :-1 s=CLOSED pgs=7 cs=0 l=1 rev1=1 crypto rx=0 tx=0 comp rx=0 tx=0).stop
2023-07-21T22:08:31.474 INFO:teuthology.orchestra.run.smithi093.stdout:/usr/bin/ceph: stderr
2023-07-21T22:08:31.055+0000 7fbff9570700 1 --2- 172.21.15.93:0/667653723 >> [v2:172.21.15.93:3300/0,v1:172.21.15.93:6789/0] conn(0x7fbff41043f0 0x7fbff419b400 unknown :-1 s=CLOSED pgs=38 cs=0 l=1 rev1=1 crypto rx=0 tx=0 comp rx=0 tx=0).stop
2023-07-21T22:08:31.474 INFO:teuthology.orchestra.run.smithi093.stdout:/usr/bin/ceph: stderr
2023-07-21T22:08:31.055+0000 7fbff9570700 1 -- 172.21.15.93:0/667653723 >> 172.21.15.93:0/667653723 conn(0x7fbff40ffa40 msgr2=0x7fbff4192270 unknown :-1 s=STATE_NONE l=0).mark_down
2023-07-21T22:08:31.474 INFO:teuthology.orchestra.run.smithi093.stdout:/usr/bin/ceph: stderr
2023-07-21T22:08:31.055+0000 7fbff9570700 1 -- 172.21.15.93:0/667653723 shutdown_connections
2023-07-21T22:08:31.474 INFO:teuthology.orchestra.run.smithi093.stdout:/usr/bin/ceph: stderr
2023-07-21T22:08:31.055+0000 7fbff9570700 1 -- 172.21.15.93:0/667653723 wait complete.
2023-07-21T22:08:32.407 INFO:teuthology.orchestra.run.smithi093.stdout:/usr/bin/ceph: stdout value unchanged
2023-07-21T22:08:32.407 INFO:teuthology.orchestra.run.smithi093.stdout:/usr/bin/ceph: stderr
2023-07-21T22:08:31.843+0000 7f1801266700 1 Processor -- start
2023-07-21T22:08:32.407 INFO:teuthology.orchestra.run.smithi093.stdout:/usr/bin/ceph: stderr
2023-07-21T22:08:31.843+0000 7f1801266700 1 -- start start
2023-07-21T22:08:32.407 INFO:teuthology.orchestra.run.smithi093.stdout:/usr/bin/ceph: stderr
2023-07-21T22:08:31.843+0000 7f1801266700 1 --2- >> [v2:172.21.15.93:3300/0,v1:172.21.15.93:6789/0] conn(0x7f17fc104400 0x7f17fc104810 unknown :-1 s=NONE pgs=0 cs=0 l=0 rev1=0 crypto rx=0 tx=0 comp rx=0 tx=0).connect
2023-07-21T22:08:32.407 INFO:teuthology.orchestra.run.smithi093.stdout:/usr/bin/ceph: stderr
2023-07-21T22:08:31.843+0000 7f1801266700 1 -- --> [v2:172.21.15.93:3300/0,v1:172.21.15.93:6789/0] -- mon_getmap magic: 0 v1 -- 0x7f17fc104d50 con 0x7f17fc104400
2023-07-21T22:08:32.407 INFO:teuthology.orchestra.run.smithi093.stdout:/usr/bin/ceph: stderr
2023-07-21T22:08:31.843+0000 7f17faffd700 1 --2- >> [v2:172.21.15.93:3300/0,v1:172.21.15.93:6789/0] conn(0x7f17fc104400 0x7f17fc104810 unknown :-1 s=BANNER_CONNECTING pgs=0 cs=0 l=0 rev1=0 crypto rx=0 tx=0 comp rx=0 tx=0)._handle_peer_banner_payload supported=3 required=0
2023-07-21T22:08:32.408 INFO:teuthology.orchestra.run.smithi093.stdout:/usr/bin/ceph: stderr
2023-07-21T22:08:31.843+0000 7f17faffd700 1 --2- >> [v2:172.21.15.93:3300/0,v1:172.21.15.93:6789/0] conn(0x7f17fc104400 0x7f17fc104810 unknown :-1 s=HELLO_CONNECTING pgs=0 cs=0 l=0 rev1=1 crypto rx=0 tx=0 comp rx=0 tx=0).handle_hello peer v2:172.21.15.93:3300/0 says I am v2:172.21.15.93:40902/0 (socket says 172.21.15.93:40902)
2023-07-21T22:08:32.408 INFO:teuthology.orchestra.run.smithi093.stdout:/usr/bin/ceph: stderr
2023-07-21T22:08:31.843+0000 7f17faffd700 1 -- 172.21.15.93:0/3000865797 learned_addr learned my addr 172.21.15.93:0/3000865797 (peer_addr_for_me v2:172.21.15.93:0/0)
2023-07-21T22:08:32.408 INFO:teuthology.orchestra.run.smithi093.stdout:/usr/bin/ceph: stderr
2023-07-21T22:08:31.844+0000 7f17faffd700 1 -- 172.21.15.93:0/3000865797 --> [v2:172.21.15.93:3300/0,v1:172.21.15.93:6789/0] -- mon_subscribe({config=0+,monmap=0+}) v3 -- 0x7f17fc104e90 con 0x7f17fc104400
2023-07-21T22:08:32.408 INFO:teuthology.orchestra.run.smithi093.stdout:/usr/bin/ceph: stderr
2023-07-21T22:08:31.844+0000 7f17faffd700 1 --2- 172.21.15.93:0/3000865797 >> [v2:172.21.15.93:3300/0,v1:172.21.15.93:6789/0] conn(0x7f17fc104400 0x7f17fc104810 secure :-1 s=READY pgs=39 cs=0 l=1 rev1=1 crypto rx=0x7f17f00098a0 tx=0x7f17f0009bb0 comp rx=0 tx=0).ready entity=mon.0 client_cookie=62e6bd6f29a43cc7 server_cookie=0 in_seq=0 out_seq=0
2023-07-21T22:08:32.408 INFO:teuthology.orchestra.run.smithi093.stdout:/usr/bin/ceph: stderr
2023-07-21T22:08:31.844+0000 7f17f9ffb700 1 -- 172.21.15.93:0/3000865797 <== mon.0 v2:172.21.15.93:3300/0 1 ==== mon_map magic: 0 v1 ==== 205+0+0 (secure 0 0 0) 0x7f17f0004160 con 0x7f17fc104400
2023-07-21T22:08:32.408 INFO:teuthology.orchestra.run.smithi093.stdout:/usr/bin/ceph: stderr
2023-07-21T22:08:31.844+0000 7f17f9ffb700 1 -- 172.21.15.93:0/3000865797 <== mon.0 v2:172.21.15.93:3300/0 2 ==== config(26 keys) v1 ==== 1074+0+0 (secure 0 0 0) 0x7f17f00042c0 con 0x7f17fc104400
2023-07-21T22:08:32.409 INFO:teuthology.orchestra.run.smithi093.stdout:/usr/bin/ceph: stderr
2023-07-21T22:08:31.844+0000 7f17f9ffb700 1 -- 172.21.15.93:0/3000865797 <== mon.0 v2:172.21.15.93:3300/0 3 ==== mon_map magic: 0 v1 ==== 205+0+0 (secure 0 0 0) 0x7f17f0011a00 con 0x7f17fc104400
2023-07-21T22:08:32.409 INFO:teuthology.orchestra.run.smithi093.stdout:/usr/bin/ceph: stderr
2023-07-21T22:08:31.844+0000 7f1801266700 1 -- 172.21.15.93:0/3000865797 >> [v2:172.21.15.93:3300/0,v1:172.21.15.93:6789/0] conn(0x7f17fc104400 msgr2=0x7f17fc104810 secure :-1 s=STATE_CONNECTION_ESTABLISHED l=1).mark_down
2023-07-21T22:08:32.409 INFO:teuthology.orchestra.run.smithi093.stdout:/usr/bin/ceph: stderr
2023-07-21T22:08:31.844+0000 7f1801266700 1 --2- 172.21.15.93:0/3000865797 >> [v2:172.21.15.93:3300/0,v1:172.21.15.93:6789/0] conn(0x7f17fc104400 0x7f17fc104810 secure :-1 s=READY pgs=39 cs=0 l=1 rev1=1 crypto rx=0x7f17f00098a0 tx=0x7f17f0009bb0 comp rx=0 tx=0).stop
2023-07-21T22:08:32.409 INFO:teuthology.orchestra.run.smithi093.stdout:/usr/bin/ceph: stderr
2023-07-21T22:08:31.844+0000 7f1801266700 1 -- 172.21.15.93:0/3000865797 shutdown_connections
2023-07-21T22:08:32.409 INFO:teuthology.orchestra.run.smithi093.stdout:/usr/bin/ceph: stderr
2023-07-21T22:08:31.844+0000 7f1801266700 1 --2- 172.21.15.93:0/3000865797 >> [v2:172.21.15.93:3300/0,v1:172.21.15.93:6789/0] conn(0x7f17fc104400 0x7f17fc104810 unknown :-1 s=CLOSED pgs=39 cs=0 l=1 rev1=1 crypto rx=0 tx=0 comp rx=0 tx=0).stop
2023-07-21T22:08:32.409 INFO:teuthology.orchestra.run.smithi093.stdout:/usr/bin/ceph: stderr
2023-07-21T22:08:31.844+0000 7f1801266700 1 -- 172.21.15.93:0/3000865797 >> 172.21.15.93:0/3000865797 conn(0x7f17fc0ffa50 msgr2=0x7f17fc101e80 unknown :-1 s=STATE_NONE l=0).mark_down
2023-07-21T22:08:32.409 INFO:teuthology.orchestra.run.smithi093.stdout:/usr/bin/ceph: stderr
2023-07-21T22:08:31.844+0000 7f1801266700 1 -- 172.21.15.93:0/3000865797 shutdown_connections
2023-07-21T22:08:32.410 INFO:teuthology.orchestra.run.smithi093.stdout:/usr/bin/ceph: stderr
2023-07-21T22:08:31.845+0000 7f1801266700 1 -- 172.21.15.93:0/3000865797 wait complete.
2023-07-21T22:08:32.410 INFO:teuthology.orchestra.run.smithi093.stdout:/usr/bin/ceph: stderr
2023-07-21T22:08:31.845+0000 7f1801266700 1 Processor -- start
2023-07-21T22:08:32.410 INFO:teuthology.orchestra.run.smithi093.stdout:/usr/bin/ceph: stderr
2023-07-21T22:08:31.845+0000 7f1801266700 1 -- start start
2023-07-21T22:08:32.410 INFO:teuthology.orchestra.run.smithi093.stdout:/usr/bin/ceph: stderr
2023-07-21T22:08:31.845+0000 7f1801266700 1 --2- >> [v2:172.21.15.93:3300/0,v1:172.21.15.93:6789/0] conn(0x7f17fc104400 0x7f17fc0739d0 unknown :-1 s=NONE pgs=0 cs=0 l=1 rev1=0 crypto rx=0 tx=0 comp rx=0 tx=0).connect
2023-07-21T22:08:32.410 INFO:teuthology.orchestra.run.smithi093.stdout:/usr/bin/ceph: stderr
2023-07-21T22:08:31.845+0000 7f1801266700 1 -- --> [v2:172.21.15.93:3300/0,v1:172.21.15.93:6789/0] -- mon_getmap magic: 0 v1 -- 0x7f17fc19bfe0 con 0x7f17fc104400
2023-07-21T22:08:32.410 INFO:teuthology.orchestra.run.smithi093.stdout:/usr/bin/ceph: stderr
2023-07-21T22:08:31.845+0000 7f17faffd700 1 --2- >> [v2:172.21.15.93:3300/0,v1:172.21.15.93:6789/0] conn(0x7f17fc104400 0x7f17fc0739d0 unknown :-1 s=BANNER_CONNECTING pgs=0 cs=0 l=1 rev1=0 crypto rx=0 tx=0 comp rx=0 tx=0)._handle_peer_banner_payload supported=3 required=0
2023-07-21T22:08:32.410 INFO:teuthology.orchestra.run.smithi093.stdout:/usr/bin/ceph: stderr
2023-07-21T22:08:31.845+0000 7f17faffd700 1 --2- >> [v2:172.21.15.93:3300/0,v1:172.21.15.93:6789/0] conn(0x7f17fc104400 0x7f17fc0739d0 unknown :-1 s=HELLO_CONNECTING pgs=0 cs=0 l=1 rev1=1 crypto rx=0 tx=0 comp rx=0 tx=0).handle_hello peer v2:172.21.15.93:3300/0 says I am v2:172.21.15.93:40904/0 (socket says 172.21.15.93:40904)
2023-07-21T22:08:32.410 INFO:teuthology.orchestra.run.smithi093.stdout:/usr/bin/ceph: stderr
2023-07-21T22:08:31.845+0000 7f17faffd700 1 -- 172.21.15.93:0/2398745514 learned_addr learned my addr 172.21.15.93:0/2398745514 (peer_addr_for_me v2:172.21.15.93:0/0)
2023-07-21T22:08:32.411 INFO:teuthology.orchestra.run.smithi093.stdout:/usr/bin/ceph: stderr
2023-07-21T22:08:31.846+0000 7f17faffd700 1 -- 172.21.15.93:0/2398745514 --> [v2:172.21.15.93:3300/0,v1:172.21.15.93:6789/0] -- mon_subscribe({config=0+,monmap=0+}) v3 -- 0x7f17f0009550 con 0x7f17fc104400
2023-07-21T22:08:32.411 INFO:teuthology.orchestra.run.smithi093.stdout:/usr/bin/ceph: stderr
2023-07-21T22:08:31.846+0000 7f17faffd700 1 --2- 172.21.15.93:0/2398745514 >> [v2:172.21.15.93:3300/0,v1:172.21.15.93:6789/0] conn(0x7f17fc104400 0x7f17fc0739d0 secure :-1 s=READY pgs=40 cs=0 l=1 rev1=1 crypto rx=0x7f17f0009fb0 tx=0x7f17f0011ad0 comp rx=0 tx=0).ready entity=mon.0 client_cookie=0 server_cookie=0 in_seq=0 out_seq=0
2023-07-21T22:08:32.411 INFO:teuthology.orchestra.run.smithi093.stdout:/usr/bin/ceph: stderr
2023-07-21T22:08:31.846+0000 7f17e3fff700 1 -- 172.21.15.93:0/2398745514 <== mon.0 v2:172.21.15.93:3300/0 1 ==== mon_map magic: 0 v1 ==== 205+0+0 (secure 0 0 0) 0x7f17f0003a40 con 0x7f17fc104400
2023-07-21T22:08:32.411 INFO:teuthology.orchestra.run.smithi093.stdout:/usr/bin/ceph: stderr
2023-07-21T22:08:31.846+0000 7f17e3fff700 1 -- 172.21.15.93:0/2398745514 <== mon.0 v2:172.21.15.93:3300/0 2 ==== config(26 keys) v1 ==== 1074+0+0 (secure 0 0 0) 0x7f17f0003ba0 con 0x7f17fc104400
2023-07-21T22:08:32.411 INFO:teuthology.orchestra.run.smithi093.stdout:/usr/bin/ceph: stderr
2023-07-21T22:08:31.846+0000 7f1801266700 1 -- 172.21.15.93:0/2398745514 --> [v2:172.21.15.93:3300/0,v1:172.21.15.93:6789/0] -- mon_subscribe({mgrmap=0+}) v3 -- 0x7f17fc19c120 con 0x7f17fc104400
2023-07-21T22:08:32.411 INFO:teuthology.orchestra.run.smithi093.stdout:/usr/bin/ceph: stderr
2023-07-21T22:08:31.846+0000 7f17e3fff700 1 -- 172.21.15.93:0/2398745514 <== mon.0 v2:172.21.15.93:3300/0 3 ==== mon_map magic: 0 v1 ==== 205+0+0 (secure 0 0 0) 0x7f17f001a750 con 0x7f17fc104400
2023-07-21T22:08:32.411 INFO:teuthology.orchestra.run.smithi093.stdout:/usr/bin/ceph: stderr
2023-07-21T22:08:31.846+0000 7f1801266700 1 -- 172.21.15.93:0/2398745514 --> [v2:172.21.15.93:3300/0,v1:172.21.15.93:6789/0] -- mon_subscribe({osdmap=0}) v3 -- 0x7f17fc19c540 con 0x7f17fc104400
2023-07-21T22:08:32.411 INFO:teuthology.orchestra.run.smithi093.stdout:/usr/bin/ceph: stderr
2023-07-21T22:08:31.847+0000 7f17e3fff700 1 -- 172.21.15.93:0/2398745514 <== mon.0 v2:172.21.15.93:3300/0 4 ==== mgrmap(e 8) v1 ==== 45483+0+0 (secure 0 0 0) 0x7f17f001a8b0 con 0x7f17fc104400
2023-07-21T22:08:32.412 INFO:teuthology.orchestra.run.smithi093.stdout:/usr/bin/ceph: stderr
2023-07-21T22:08:31.847+0000 7f1801266700 1 -- 172.21.15.93:0/2398745514 --> [v2:172.21.15.93:3300/0,v1:172.21.15.93:6789/0] -- mon_command({"prefix": "get_command_descriptions"} v 0) v1 -- 0x7f17fc061b40 con 0x7f17fc104400
2023-07-21T22:08:32.412 INFO:teuthology.orchestra.run.smithi093.stdout:/usr/bin/ceph: stderr
2023-07-21T22:08:31.847+0000 7f17e3fff700 1 --2- 172.21.15.93:0/2398745514 >> [v2:172.21.15.93:6800/3590233301,v1:172.21.15.93:6801/3590233301] conn(0x7f17e4038760 0x7f17e403ac10 unknown :-1 s=NONE pgs=0 cs=0 l=1 rev1=0 crypto rx=0 tx=0 comp rx=0 tx=0).connect
2023-07-21T22:08:32.412 INFO:teuthology.orchestra.run.smithi093.stdout:/usr/bin/ceph: stderr
2023-07-21T22:08:31.847+0000 7f17e3fff700 1 -- 172.21.15.93:0/2398745514 <== mon.0 v2:172.21.15.93:3300/0 5 ==== osd_map(2..2 src has 1..2) v4 ==== 940+0+0 (secure 0 0 0) 0x7f17f004c690 con 0x7f17fc104400
2023-07-21T22:08:32.412 INFO:teuthology.orchestra.run.smithi093.stdout:/usr/bin/ceph: stderr
2023-07-21T22:08:31.847+0000 7f17fa7fc700 1 --2- 172.21.15.93:0/2398745514 >> [v2:172.21.15.93:6800/3590233301,v1:172.21.15.93:6801/3590233301] conn(0x7f17e4038760 0x7f17e403ac10 unknown :-1 s=BANNER_CONNECTING pgs=0 cs=0 l=1 rev1=0 crypto rx=0 tx=0 comp rx=0 tx=0)._handle_peer_banner_payload supported=3 required=0
2023-07-21T22:08:32.412 INFO:teuthology.orchestra.run.smithi093.stdout:/usr/bin/ceph: stderr
2023-07-21T22:08:31.848+0000 7f17fa7fc700 1 --2- 172.21.15.93:0/2398745514 >> [v2:172.21.15.93:6800/3590233301,v1:172.21.15.93:6801/3590233301] conn(0x7f17e4038760 0x7f17e403ac10 secure :-1 s=READY pgs=8 cs=0 l=1 rev1=1 crypto rx=0x7f17ec006fd0 tx=0x7f17ec006e40 comp rx=0 tx=0).ready entity=mgr.14120 client_cookie=0 server_cookie=0 in_seq=0 out_seq=0
2023-07-21T22:08:32.412 INFO:teuthology.orchestra.run.smithi093.stdout:/usr/bin/ceph: stderr
2023-07-21T22:08:31.852+0000 7f17e3fff700 1 -- 172.21.15.93:0/2398745514 <== mon.0 v2:172.21.15.93:3300/0 6 ==== mon_command_ack([{"prefix": "get_command_descriptions"}]=0 v0) v1 ==== 72+0+178008 (secure 0 0 0) 0x7f17f001ab60 con 0x7f17fc104400
2023-07-21T22:08:32.413 INFO:teuthology.orchestra.run.smithi093.stdout:/usr/bin/ceph: stderr
2023-07-21T22:08:32.038+0000 7f1801266700 1 -- 172.21.15.93:0/2398745514 --> [v2:172.21.15.93:6800/3590233301,v1:172.21.15.93:6801/3590233301] -- mgr_command(tid 0: {"prefix": "cephadm set-user", "user": "root", "target": ["mon-mgr", ""]}) v1 -- 0x7f17fc19cba0 con 0x7f17e4038760
2023-07-21T22:08:32.413 INFO:teuthology.orchestra.run.smithi093.stdout:/usr/bin/ceph: stderr
2023-07-21T22:08:32.039+0000 7f17e3fff700 1 -- 172.21.15.93:0/2398745514 <== mgr.14120 v2:172.21.15.93:6800/3590233301 1 ==== mgr_command_reply(tid 0: 0 ) v1 ==== 8+0+16 (secure 0 0 0) 0x7f17fc19cba0 con 0x7f17e4038760
2023-07-21T22:08:32.413 INFO:teuthology.orchestra.run.smithi093.stdout:/usr/bin/ceph: stderr
2023-07-21T22:08:32.041+0000 7f1801266700 1 -- 172.21.15.93:0/2398745514 >> [v2:172.21.15.93:6800/3590233301,v1:172.21.15.93:6801/3590233301] conn(0x7f17e4038760 msgr2=0x7f17e403ac10 secure :-1 s=STATE_CONNECTION_ESTABLISHED l=1).mark_down
2023-07-21T22:08:32.413 INFO:teuthology.orchestra.run.smithi093.stdout:/usr/bin/ceph: stderr
2023-07-21T22:08:32.041+0000 7f1801266700 1 --2- 172.21.15.93:0/2398745514 >> [v2:172.21.15.93:6800/3590233301,v1:172.21.15.93:6801/3590233301] conn(0x7f17e4038760 0x7f17e403ac10 secure :-1 s=READY pgs=8 cs=0 l=1 rev1=1 crypto rx=0x7f17ec006fd0 tx=0x7f17ec006e40 comp rx=0 tx=0).stop
2023-07-21T22:08:32.413 INFO:teuthology.orchestra.run.smithi093.stdout:/usr/bin/ceph: stderr
2023-07-21T22:08:32.041+0000 7f1801266700 1 -- 172.21.15.93:0/2398745514 >> [v2:172.21.15.93:3300/0,v1:172.21.15.93:6789/0] conn(0x7f17fc104400 msgr2=0x7f17fc0739d0 secure :-1 s=STATE_CONNECTION_ESTABLISHED l=1).mark_down
2023-07-21T22:08:32.413 INFO:teuthology.orchestra.run.smithi093.stdout:/usr/bin/ceph: stderr
2023-07-21T22:08:32.041+0000 7f1801266700 1 --2- 172.21.15.93:0/2398745514 >> [v2:172.21.15.93:3300/0,v1:172.21.15.93:6789/0] conn(0x7f17fc104400 0x7f17fc0739d0 secure :-1 s=READY pgs=40 cs=0 l=1 rev1=1 crypto rx=0x7f17f0009fb0 tx=0x7f17f0011ad0 comp rx=0 tx=0).stop
2023-07-21T22:08:32.413 INFO:teuthology.orchestra.run.smithi093.stdout:/usr/bin/ceph: stderr
2023-07-21T22:08:32.041+0000 7f1801266700 1 -- 172.21.15.93:0/2398745514 shutdown_connections
2023-07-21T22:08:32.413 INFO:teuthology.orchestra.run.smithi093.stdout:/usr/bin/ceph: stderr
2023-07-21T22:08:32.041+0000 7f1801266700 1 --2- 172.21.15.93:0/2398745514 >> [v2:172.21.15.93:6800/3590233301,v1:172.21.15.93:6801/3590233301] conn(0x7f17e4038760 0x7f17e403ac10 unknown :-1 s=CLOSED pgs=8 cs=0 l=1 rev1=1 crypto rx=0 tx=0 comp rx=0 tx=0).stop
2023-07-21T22:08:32.414 INFO:teuthology.orchestra.run.smithi093.stdout:/usr/bin/ceph: stderr
2023-07-21T22:08:32.041+0000 7f1801266700 1 --2- 172.21.15.93:0/2398745514 >> [v2:172.21.15.93:3300/0,v1:172.21.15.93:6789/0] conn(0x7f17fc104400 0x7f17fc0739d0 unknown :-1 s=CLOSED pgs=40 cs=0 l=1 rev1=1 crypto rx=0 tx=0 comp rx=0 tx=0).stop
2023-07-21T22:08:32.414 INFO:teuthology.orchestra.run.smithi093.stdout:/usr/bin/ceph: stderr
2023-07-21T22:08:32.041+0000 7f1801266700 1 -- 172.21.15.93:0/2398745514 >> 172.21.15.93:0/2398745514 conn(0x7f17fc0ffa50 msgr2=0x7f17fc101100 unknown :-1 s=STATE_NONE l=0).mark_down
2023-07-21T22:08:32.414 INFO:teuthology.orchestra.run.smithi093.stdout:/usr/bin/ceph: stderr
2023-07-21T22:08:32.041+0000 7f1801266700 1 -- 172.21.15.93:0/2398745514 shutdown_connections
2023-07-21T22:08:32.414 INFO:teuthology.orchestra.run.smithi093.stdout:/usr/bin/ceph: stderr
2023-07-21T22:08:32.042+0000 7f1801266700 1 -- 172.21.15.93:0/2398745514 wait complete.
2023-07-21T22:08:32.414 INFO:teuthology.orchestra.run.smithi093.stdout:Generating ssh key...
2023-07-21T22:08:32.415 INFO:journalctl@ceph.mon.a.smithi093.stdout:Jul 21 22:08:32 smithi093 ceph-mon[96579]: from='client.14132 -' entity='client.admin' cmd=[{"prefix": "orch set backend", "module_name": "cephadm", "target": ["mon-mgr", ""]}]: dispatch
2023-07-21T22:08:32.415 INFO:journalctl@ceph.mon.a.smithi093.stdout:Jul 21 22:08:32 smithi093 ceph-mon[96579]: mgrmap e8: x(active, since 2s)
2023-07-21T22:08:33.426 INFO:journalctl@ceph.mon.a.smithi093.stdout:Jul 21 22:08:33 smithi093 ceph-mon[96579]: from='client.14134 -' entity='client.admin' cmd=[{"prefix": "cephadm set-user", "user": "root", "target": ["mon-mgr", ""]}]: dispatch
2023-07-21T22:08:33.427 INFO:journalctl@ceph.mgr.x.smithi093.stdout:Jul 21 22:08:33 smithi093 ceph-de1cec7a-2812-11ee-9b34-001a4aab830c-mgr-x[96828]: Generating public/private rsa key pair.
2023-07-21T22:08:33.427 INFO:journalctl@ceph.mgr.x.smithi093.stdout:Jul 21 22:08:33 smithi093 ceph-de1cec7a-2812-11ee-9b34-001a4aab830c-mgr-x[96828]: Your identification has been saved in /tmp/tmpuuywiv6y/key.
2023-07-21T22:08:33.427 INFO:journalctl@ceph.mgr.x.smithi093.stdout:Jul 21 22:08:33 smithi093 ceph-de1cec7a-2812-11ee-9b34-001a4aab830c-mgr-x[96828]: Your public key has been saved in /tmp/tmpuuywiv6y/key.pub.
2023-07-21T22:08:33.427 INFO:journalctl@ceph.mgr.x.smithi093.stdout:Jul 21 22:08:33 smithi093 ceph-de1cec7a-2812-11ee-9b34-001a4aab830c-mgr-x[96828]: The key fingerprint is:
2023-07-21T22:08:33.428 INFO:journalctl@ceph.mgr.x.smithi093.stdout:Jul 21 22:08:33 smithi093 ceph-de1cec7a-2812-11ee-9b34-001a4aab830c-mgr-x[96828]: SHA256:T1ECnt3iP83822uZIJNuV1v9yaH657o/qEAlCtYFaXs ceph-de1cec7a-2812-11ee-9b34-001a4aab830c
2023-07-21T22:08:33.428 INFO:journalctl@ceph.mgr.x.smithi093.stdout:Jul 21 22:08:33 smithi093 ceph-de1cec7a-2812-11ee-9b34-001a4aab830c-mgr-x[96828]: The key's randomart image is:
2023-07-21T22:08:33.428 INFO:journalctl@ceph.mgr.x.smithi093.stdout:Jul 21 22:08:33 smithi093 ceph-de1cec7a-2812-11ee-9b34-001a4aab830c-mgr-x[96828]: +---[RSA 3072]----+
2023-07-21T22:08:33.428 INFO:journalctl@ceph.mgr.x.smithi093.stdout:Jul 21 22:08:33 smithi093 ceph-de1cec7a-2812-11ee-9b34-001a4aab830c-mgr-x[96828]: | .+o. . |
2023-07-21T22:08:33.428 INFO:journalctl@ceph.mgr.x.smithi093.stdout:Jul 21 22:08:33 smithi093 ceph-de1cec7a-2812-11ee-9b34-001a4aab830c-mgr-x[96828]: | .+.o + |
2023-07-21T22:08:33.428 INFO:journalctl@ceph.mgr.x.smithi093.stdout:Jul 21 22:08:33 smithi093 ceph-de1cec7a-2812-11ee-9b34-001a4aab830c-mgr-x[96828]: | o..+.+.. |
2023-07-21T22:08:33.428 INFO:journalctl@ceph.mgr.x.smithi093.stdout:Jul 21 22:08:33 smithi093 ceph-de1cec7a-2812-11ee-9b34-001a4aab830c-mgr-x[96828]: | . ...Eoo |
2023-07-21T22:08:33.429 INFO:journalctl@ceph.mgr.x.smithi093.stdout:Jul 21 22:08:33 smithi093 ceph-de1cec7a-2812-11ee-9b34-001a4aab830c-mgr-x[96828]: | .S.o . .|
2023-07-21T22:08:33.429 INFO:journalctl@ceph.mgr.x.smithi093.stdout:Jul 21 22:08:33 smithi093 ceph-de1cec7a-2812-11ee-9b34-001a4aab830c-mgr-x[96828]: | .o = = oo|
2023-07-21T22:08:33.429 INFO:journalctl@ceph.mgr.x.smithi093.stdout:Jul 21 22:08:33 smithi093 ceph-de1cec7a-2812-11ee-9b34-001a4aab830c-mgr-x[96828]: | .o = X O|
2023-07-21T22:08:33.429 INFO:journalctl@ceph.mgr.x.smithi093.stdout:Jul 21 22:08:33 smithi093 ceph-de1cec7a-2812-11ee-9b34-001a4aab830c-mgr-x[96828]: | .o = @o|
2023-07-21T22:08:33.429 INFO:journalctl@ceph.mgr.x.smithi093.stdout:Jul 21 22:08:33 smithi093 ceph-de1cec7a-2812-11ee-9b34-001a4aab830c-mgr-x[96828]: | .o=+B=*|
2023-07-21T22:08:33.429 INFO:journalctl@ceph.mgr.x.smithi093.stdout:Jul 21 22:08:33 smithi093 ceph-de1cec7a-2812-11ee-9b34-001a4aab830c-mgr-x[96828]: +----[SHA256]-----+
2023-07-21T22:08:33.650 INFO:teuthology.orchestra.run.smithi093.stdout:/usr/bin/ceph: stderr
2023-07-21T22:08:32.812+0000 7fd8f46c6700 1 Processor -- start
2023-07-21T22:08:33.651 INFO:teuthology.orchestra.run.smithi093.stdout:/usr/bin/ceph: stderr
2023-07-21T22:08:32.812+0000 7fd8f46c6700 1 -- start start
2023-07-21T22:08:33.651 INFO:teuthology.orchestra.run.smithi093.stdout:/usr/bin/ceph: stderr
2023-07-21T22:08:32.812+0000 7fd8f46c6700 1 --2- >> [v2:172.21.15.93:3300/0,v1:172.21.15.93:6789/0] conn(0x7fd8ec106010 0x7fd8ec1083f0 unknown :-1 s=NONE pgs=0 cs=0 l=0 rev1=0 crypto rx=0 tx=0 comp rx=0 tx=0).connect
2023-07-21T22:08:33.651 INFO:teuthology.orchestra.run.smithi093.stdout:/usr/bin/ceph: stderr
2023-07-21T22:08:32.812+0000 7fd8f46c6700 1 -- --> [v2:172.21.15.93:3300/0,v1:172.21.15.93:6789/0] -- mon_getmap magic: 0 v1 -- 0x7fd8ec073c20 con 0x7fd8ec106010
2023-07-21T22:08:33.651 INFO:teuthology.orchestra.run.smithi093.stdout:/usr/bin/ceph: stderr
2023-07-21T22:08:32.812+0000 7fd8f2462700 1 --2- >> [v2:172.21.15.93:3300/0,v1:172.21.15.93:6789/0] conn(0x7fd8ec106010 0x7fd8ec1083f0 unknown :-1 s=BANNER_CONNECTING pgs=0 cs=0 l=0 rev1=0 crypto rx=0 tx=0 comp rx=0 tx=0)._handle_peer_banner_payload supported=3 required=0
2023-07-21T22:08:33.651 INFO:teuthology.orchestra.run.smithi093.stdout:/usr/bin/ceph: stderr
2023-07-21T22:08:32.812+0000 7fd8f2462700 1 --2- >> [v2:172.21.15.93:3300/0,v1:172.21.15.93:6789/0] conn(0x7fd8ec106010 0x7fd8ec1083f0 unknown :-1 s=HELLO_CONNECTING pgs=0 cs=0 l=0 rev1=1 crypto rx=0 tx=0 comp rx=0 tx=0).handle_hello peer v2:172.21.15.93:3300/0 says I am v2:172.21.15.93:40908/0 (socket says 172.21.15.93:40908)
2023-07-21T22:08:33.652 INFO:teuthology.orchestra.run.smithi093.stdout:/usr/bin/ceph: stderr
2023-07-21T22:08:32.812+0000 7fd8f2462700 1 -- 172.21.15.93:0/3788933539 learned_addr learned my addr 172.21.15.93:0/3788933539 (peer_addr_for_me v2:172.21.15.93:0/0)
2023-07-21T22:08:33.652 INFO:teuthology.orchestra.run.smithi093.stdout:/usr/bin/ceph: stderr
2023-07-21T22:08:32.812+0000 7fd8f2462700 1 -- 172.21.15.93:0/3788933539 --> [v2:172.21.15.93:3300/0,v1:172.21.15.93:6789/0] -- mon_subscribe({config=0+,monmap=0+}) v3 -- 0x7fd8ec073d60 con 0x7fd8ec106010
2023-07-21T22:08:33.652 INFO:teuthology.orchestra.run.smithi093.stdout:/usr/bin/ceph: stderr
2023-07-21T22:08:32.813+0000 7fd8f2462700 1 --2- 172.21.15.93:0/3788933539 >> [v2:172.21.15.93:3300/0,v1:172.21.15.93:6789/0] conn(0x7fd8ec106010 0x7fd8ec1083f0 secure :-1 s=READY pgs=41 cs=0 l=1 rev1=1 crypto rx=0x7fd8e00098a0 tx=0x7fd8e0009bb0 comp rx=0 tx=0).ready entity=mon.0 client_cookie=78a6d6263fd15ea2 server_cookie=0 in_seq=0 out_seq=0
2023-07-21T22:08:33.652 INFO:teuthology.orchestra.run.smithi093.stdout:/usr/bin/ceph: stderr
2023-07-21T22:08:32.813+0000 7fd8f1460700 1 -- 172.21.15.93:0/3788933539 <== mon.0 v2:172.21.15.93:3300/0 1 ==== mon_map magic: 0 v1 ==== 205+0+0 (secure 0 0 0) 0x7fd8e0004160 con 0x7fd8ec106010
2023-07-21T22:08:33.652 INFO:teuthology.orchestra.run.smithi093.stdout:/usr/bin/ceph: stderr
2023-07-21T22:08:32.813+0000 7fd8f1460700 1 -- 172.21.15.93:0/3788933539 <== mon.0 v2:172.21.15.93:3300/0 2 ==== config(26 keys) v1 ==== 1074+0+0 (secure 0 0 0) 0x7fd8e00042c0 con 0x7fd8ec106010
2023-07-21T22:08:33.652 INFO:teuthology.orchestra.run.smithi093.stdout:/usr/bin/ceph: stderr
2023-07-21T22:08:32.813+0000 7fd8f1460700 1 -- 172.21.15.93:0/3788933539 <== mon.0 v2:172.21.15.93:3300/0 3 ==== mon_map magic: 0 v1 ==== 205+0+0 (secure 0 0 0) 0x7fd8e0011a00 con 0x7fd8ec106010
2023-07-21T22:08:33.652 INFO:teuthology.orchestra.run.smithi093.stdout:/usr/bin/ceph: stderr
2023-07-21T22:08:32.813+0000 7fd8f46c6700 1 -- 172.21.15.93:0/3788933539 >> [v2:172.21.15.93:3300/0,v1:172.21.15.93:6789/0] conn(0x7fd8ec106010 msgr2=0x7fd8ec1083f0 secure :-1 s=STATE_CONNECTION_ESTABLISHED l=1).mark_down
2023-07-21T22:08:33.653 INFO:teuthology.orchestra.run.smithi093.stdout:/usr/bin/ceph: stderr
2023-07-21T22:08:32.813+0000 7fd8f46c6700 1 --2- 172.21.15.93:0/3788933539 >> [v2:172.21.15.93:3300/0,v1:172.21.15.93:6789/0] conn(0x7fd8ec106010 0x7fd8ec1083f0 secure :-1 s=READY pgs=41 cs=0 l=1 rev1=1 crypto rx=0x7fd8e00098a0 tx=0x7fd8e0009bb0 comp rx=0 tx=0).stop
2023-07-21T22:08:33.653 INFO:teuthology.orchestra.run.smithi093.stdout:/usr/bin/ceph: stderr
2023-07-21T22:08:32.813+0000 7fd8f46c6700 1 -- 172.21.15.93:0/3788933539 shutdown_connections
2023-07-21T22:08:33.653 INFO:teuthology.orchestra.run.smithi093.stdout:/usr/bin/ceph: stderr
2023-07-21T22:08:32.813+0000 7fd8f46c6700 1 --2- 172.21.15.93:0/3788933539 >> [v2:172.21.15.93:3300/0,v1:172.21.15.93:6789/0] conn(0x7fd8ec106010 0x7fd8ec1083f0 unknown :-1 s=CLOSED pgs=41 cs=0 l=1 rev1=1 crypto rx=0 tx=0 comp rx=0 tx=0).stop
2023-07-21T22:08:33.653 INFO:teuthology.orchestra.run.smithi093.stdout:/usr/bin/ceph: stderr
2023-07-21T22:08:32.813+0000 7fd8f46c6700 1 -- 172.21.15.93:0/3788933539 >> 172.21.15.93:0/3788933539 conn(0x7fd8ec0ffa50 msgr2=0x7fd8ec101e80 unknown :-1 s=STATE_NONE l=0).mark_down
2023-07-21T22:08:33.653 INFO:teuthology.orchestra.run.smithi093.stdout:/usr/bin/ceph: stderr
2023-07-21T22:08:32.813+0000 7fd8f46c6700 1 -- 172.21.15.93:0/3788933539 shutdown_connections
2023-07-21T22:08:33.653 INFO:teuthology.orchestra.run.smithi093.stdout:/usr/bin/ceph: stderr
2023-07-21T22:08:32.813+0000 7fd8f46c6700 1 -- 172.21.15.93:0/3788933539 wait complete.
2023-07-21T22:08:33.653 INFO:teuthology.orchestra.run.smithi093.stdout:/usr/bin/ceph: stderr
2023-07-21T22:08:32.814+0000 7fd8f46c6700 1 Processor -- start
2023-07-21T22:08:33.654 INFO:teuthology.orchestra.run.smithi093.stdout:/usr/bin/ceph: stderr
2023-07-21T22:08:32.814+0000 7fd8f46c6700 1 -- start start
2023-07-21T22:08:33.654 INFO:teuthology.orchestra.run.smithi093.stdout:/usr/bin/ceph: stderr
2023-07-21T22:08:32.814+0000 7fd8f46c6700 1 --2- >> [v2:172.21.15.93:3300/0,v1:172.21.15.93:6789/0] conn(0x7fd8ec106010 0x7fd8ec199280 unknown :-1 s=NONE pgs=0 cs=0 l=1 rev1=0 crypto rx=0 tx=0 comp rx=0 tx=0).connect
2023-07-21T22:08:33.654 INFO:teuthology.orchestra.run.smithi093.stdout:/usr/bin/ceph: stderr
2023-07-21T22:08:32.814+0000 7fd8f46c6700 1 -- --> [v2:172.21.15.93:3300/0,v1:172.21.15.93:6789/0] -- mon_getmap magic: 0 v1 -- 0x7fd8ec1997c0 con 0x7fd8ec106010
2023-07-21T22:08:33.654 INFO:teuthology.orchestra.run.smithi093.stdout:/usr/bin/ceph: stderr
2023-07-21T22:08:32.814+0000 7fd8f2462700 1 --2- >> [v2:172.21.15.93:3300/0,v1:172.21.15.93:6789/0] conn(0x7fd8ec106010 0x7fd8ec199280 unknown :-1 s=BANNER_CONNECTING pgs=0 cs=0 l=1 rev1=0 crypto rx=0 tx=0 comp rx=0 tx=0)._handle_peer_banner_payload supported=3 required=0
2023-07-21T22:08:33.654 INFO:teuthology.orchestra.run.smithi093.stdout:/usr/bin/ceph: stderr
2023-07-21T22:08:32.814+0000 7fd8f2462700 1 --2- >> [v2:172.21.15.93:3300/0,v1:172.21.15.93:6789/0] conn(0x7fd8ec106010 0x7fd8ec199280 unknown :-1 s=HELLO_CONNECTING pgs=0 cs=0 l=1 rev1=1 crypto rx=0 tx=0 comp rx=0 tx=0).handle_hello peer v2:172.21.15.93:3300/0 says I am v2:172.21.15.93:40910/0 (socket says 172.21.15.93:40910)
2023-07-21T22:08:33.654 INFO:teuthology.orchestra.run.smithi093.stdout:/usr/bin/ceph: stderr
2023-07-21T22:08:32.814+0000 7fd8f2462700 1 -- 172.21.15.93:0/2673287571 learned_addr learned my addr 172.21.15.93:0/2673287571 (peer_addr_for_me v2:172.21.15.93:0/0)
2023-07-21T22:08:33.654 INFO:teuthology.orchestra.run.smithi093.stdout:/usr/bin/ceph: stderr
2023-07-21T22:08:32.815+0000 7fd8f2462700 1 -- 172.21.15.93:0/2673287571 --> [v2:172.21.15.93:3300/0,v1:172.21.15.93:6789/0] -- mon_subscribe({config=0+,monmap=0+}) v3 -- 0x7fd8e0009550 con 0x7fd8ec106010
2023-07-21T22:08:33.655 INFO:teuthology.orchestra.run.smithi093.stdout:/usr/bin/ceph: stderr
2023-07-21T22:08:32.815+0000 7fd8f2462700 1 --2- 172.21.15.93:0/2673287571 >> [v2:172.21.15.93:3300/0,v1:172.21.15.93:6789/0] conn(0x7fd8ec106010 0x7fd8ec199280 secure :-1 s=READY pgs=42 cs=0 l=1 rev1=1 crypto rx=0x7fd8e0009fb0 tx=0x7fd8e0011ad0 comp rx=0 tx=0).ready entity=mon.0 client_cookie=0 server_cookie=0 in_seq=0 out_seq=0
2023-07-21T22:08:33.655 INFO:teuthology.orchestra.run.smithi093.stdout:/usr/bin/ceph: stderr
2023-07-21T22:08:32.815+0000 7fd8df7fe700 1 -- 172.21.15.93:0/2673287571 <== mon.0 v2:172.21.15.93:3300/0 1 ==== mon_map magic: 0 v1 ==== 205+0+0 (secure 0 0 0) 0x7fd8e0003a40 con 0x7fd8ec106010
2023-07-21T22:08:33.655 INFO:teuthology.orchestra.run.smithi093.stdout:/usr/bin/ceph: stderr
2023-07-21T22:08:32.815+0000 7fd8df7fe700 1 -- 172.21.15.93:0/2673287571 <== mon.0 v2:172.21.15.93:3300/0 2 ==== config(26 keys) v1 ==== 1074+0+0 (secure 0 0 0) 0x7fd8e0003ba0 con 0x7fd8ec106010
2023-07-21T22:08:33.655 INFO:teuthology.orchestra.run.smithi093.stdout:/usr/bin/ceph: stderr
2023-07-21T22:08:32.815+0000 7fd8f46c6700 1 -- 172.21.15.93:0/2673287571 --> [v2:172.21.15.93:3300/0,v1:172.21.15.93:6789/0] -- mon_subscribe({mgrmap=0+}) v3 -- 0x7fd8ec1999c0 con 0x7fd8ec106010
2023-07-21T22:08:33.655 INFO:teuthology.orchestra.run.smithi093.stdout:/usr/bin/ceph: stderr
2023-07-21T22:08:32.815+0000 7fd8df7fe700 1 -- 172.21.15.93:0/2673287571 <== mon.0 v2:172.21.15.93:3300/0 3 ==== mon_map magic: 0 v1 ==== 205+0+0 (secure 0 0 0) 0x7fd8e001a750 con 0x7fd8ec106010
2023-07-21T22:08:33.655 INFO:teuthology.orchestra.run.smithi093.stdout:/usr/bin/ceph: stderr
2023-07-21T22:08:32.815+0000 7fd8f46c6700 1 -- 172.21.15.93:0/2673287571 --> [v2:172.21.15.93:3300/0,v1:172.21.15.93:6789/0] -- mon_subscribe({osdmap=0}) v3 -- 0x7fd8ec199de0 con 0x7fd8ec106010
2023-07-21T22:08:33.655 INFO:teuthology.orchestra.run.smithi093.stdout:/usr/bin/ceph: stderr
2023-07-21T22:08:32.816+0000 7fd8f46c6700 1 -- 172.21.15.93:0/2673287571 --> [v2:172.21.15.93:3300/0,v1:172.21.15.93:6789/0] -- mon_command({"prefix": "get_command_descriptions"} v 0) v1 -- 0x7fd8ec061b40 con 0x7fd8ec106010
2023-07-21T22:08:33.655 INFO:teuthology.orchestra.run.smithi093.stdout:/usr/bin/ceph: stderr
2023-07-21T22:08:32.816+0000 7fd8df7fe700 1 -- 172.21.15.93:0/2673287571 <== mon.0 v2:172.21.15.93:3300/0 4 ==== mgrmap(e 8) v1 ==== 45483+0+0 (secure 0 0 0) 0x7fd8e0024b60 con 0x7fd8ec106010
2023-07-21T22:08:33.656 INFO:teuthology.orchestra.run.smithi093.stdout:/usr/bin/ceph: stderr
2023-07-21T22:08:32.816+0000 7fd8df7fe700 1 --2- 172.21.15.93:0/2673287571 >> [v2:172.21.15.93:6800/3590233301,v1:172.21.15.93:6801/3590233301] conn(0x7fd8d80386c0 0x7fd8d803ab70 unknown :-1 s=NONE pgs=0 cs=0 l=1 rev1=0 crypto rx=0 tx=0 comp rx=0 tx=0).connect
2023-07-21T22:08:33.656 INFO:teuthology.orchestra.run.smithi093.stdout:/usr/bin/ceph: stderr
2023-07-21T22:08:32.816+0000 7fd8df7fe700 1 -- 172.21.15.93:0/2673287571 <== mon.0 v2:172.21.15.93:3300/0 5 ==== osd_map(2..2 src has 1..2) v4 ==== 940+0+0 (secure 0 0 0) 0x7fd8e004cb50 con 0x7fd8ec106010
2023-07-21T22:08:33.656 INFO:teuthology.orchestra.run.smithi093.stdout:/usr/bin/ceph: stderr
2023-07-21T22:08:32.817+0000 7fd8f1c61700 1 --2- 172.21.15.93:0/2673287571 >> [v2:172.21.15.93:6800/3590233301,v1:172.21.15.93:6801/3590233301] conn(0x7fd8d80386c0 0x7fd8d803ab70 unknown :-1 s=BANNER_CONNECTING pgs=0 cs=0 l=1 rev1=0 crypto rx=0 tx=0 comp rx=0 tx=0)._handle_peer_banner_payload supported=3 required=0
2023-07-21T22:08:33.656 INFO:teuthology.orchestra.run.smithi093.stdout:/usr/bin/ceph: stderr
2023-07-21T22:08:32.817+0000 7fd8f1c61700 1 --2- 172.21.15.93:0/2673287571 >> [v2:172.21.15.93:6800/3590233301,v1:172.21.15.93:6801/3590233301] conn(0x7fd8d80386c0 0x7fd8d803ab70 secure :-1 s=READY pgs=9 cs=0 l=1 rev1=1 crypto rx=0x7fd8e8006fd0 tx=0x7fd8e8006e40 comp rx=0 tx=0).ready entity=mgr.14120 client_cookie=0 server_cookie=0 in_seq=0 out_seq=0
2023-07-21T22:08:33.656 INFO:teuthology.orchestra.run.smithi093.stdout:/usr/bin/ceph: stderr
2023-07-21T22:08:32.821+0000 7fd8df7fe700 1 -- 172.21.15.93:0/2673287571 <== mon.0 v2:172.21.15.93:3300/0 6 ==== mon_command_ack([{"prefix": "get_command_descriptions"}]=0 v0) v1 ==== 72+0+178008 (secure 0 0 0) 0x7fd8e00237a0 con 0x7fd8ec106010
2023-07-21T22:08:33.656 INFO:teuthology.orchestra.run.smithi093.stdout:/usr/bin/ceph: stderr
2023-07-21T22:08:33.005+0000 7fd8f46c6700 1 -- 172.21.15.93:0/2673287571 --> [v2:172.21.15.93:6800/3590233301,v1:172.21.15.93:6801/3590233301] -- mgr_command(tid 0: {"prefix": "cephadm generate-key", "target": ["mon-mgr", ""]}) v1 -- 0x7fd8ec19c8e0 con 0x7fd8d80386c0
2023-07-21T22:08:33.656 INFO:teuthology.orchestra.run.smithi093.stdout:/usr/bin/ceph: stderr
2023-07-21T22:08:33.244+0000 7fd8df7fe700 1 -- 172.21.15.93:0/2673287571 <== mgr.14120 v2:172.21.15.93:6800/3590233301 1 ==== mgr_command_reply(tid 0: 0 ) v1 ==== 8+0+0 (secure 0 0 0) 0x7fd8ec19c8e0 con 0x7fd8d80386c0
2023-07-21T22:08:33.657 INFO:teuthology.orchestra.run.smithi093.stdout:/usr/bin/ceph: stderr
2023-07-21T22:08:33.246+0000 7fd8f46c6700 1 -- 172.21.15.93:0/2673287571 >> [v2:172.21.15.93:6800/3590233301,v1:172.21.15.93:6801/3590233301] conn(0x7fd8d80386c0 msgr2=0x7fd8d803ab70 secure :-1 s=STATE_CONNECTION_ESTABLISHED l=1).mark_down
2023-07-21T22:08:33.657 INFO:teuthology.orchestra.run.smithi093.stdout:/usr/bin/ceph: stderr
2023-07-21T22:08:33.246+0000 7fd8f46c6700 1 --2- 172.21.15.93:0/2673287571 >> [v2:172.21.15.93:6800/3590233301,v1:172.21.15.93:6801/3590233301] conn(0x7fd8d80386c0 0x7fd8d803ab70 secure :-1 s=READY pgs=9 cs=0 l=1 rev1=1 crypto rx=0x7fd8e8006fd0 tx=0x7fd8e8006e40 comp rx=0 tx=0).stop
2023-07-21T22:08:33.657 INFO:teuthology.orchestra.run.smithi093.stdout:/usr/bin/ceph: stderr
2023-07-21T22:08:33.246+0000 7fd8f46c6700 1 -- 172.21.15.93:0/2673287571 >> [v2:172.21.15.93:3300/0,v1:172.21.15.93:6789/0] conn(0x7fd8ec106010 msgr2=0x7fd8ec199280 secure :-1 s=STATE_CONNECTION_ESTABLISHED l=1).mark_down
2023-07-21T22:08:33.657 INFO:teuthology.orchestra.run.smithi093.stdout:/usr/bin/ceph: stderr
2023-07-21T22:08:33.246+0000 7fd8f46c6700 1 --2- 172.21.15.93:0/2673287571 >> [v2:172.21.15.93:3300/0,v1:172.21.15.93:6789/0] conn(0x7fd8ec106010 0x7fd8ec199280 secure :-1 s=READY pgs=42 cs=0 l=1 rev1=1 crypto rx=0x7fd8e0009fb0 tx=0x7fd8e0011ad0 comp rx=0 tx=0).stop
2023-07-21T22:08:33.657 INFO:teuthology.orchestra.run.smithi093.stdout:/usr/bin/ceph: stderr
2023-07-21T22:08:33.246+0000 7fd8f46c6700 1 -- 172.21.15.93:0/2673287571 shutdown_connections
2023-07-21T22:08:33.657 INFO:teuthology.orchestra.run.smithi093.stdout:/usr/bin/ceph: stderr
2023-07-21T22:08:33.246+0000 7fd8f46c6700 1 --2- 172.21.15.93:0/2673287571 >> [v2:172.21.15.93:6800/3590233301,v1:172.21.15.93:6801/3590233301] conn(0x7fd8d80386c0 0x7fd8d803ab70 unknown :-1 s=CLOSED pgs=9 cs=0 l=1 rev1=1 crypto rx=0 tx=0 comp rx=0 tx=0).stop
2023-07-21T22:08:33.657 INFO:teuthology.orchestra.run.smithi093.stdout:/usr/bin/ceph: stderr
2023-07-21T22:08:33.246+0000 7fd8f46c6700 1 --2- 172.21.15.93:0/2673287571 >> [v2:172.21.15.93:3300/0,v1:172.21.15.93:6789/0] conn(0x7fd8ec106010 0x7fd8ec199280 unknown :-1 s=CLOSED pgs=42 cs=0 l=1 rev1=1 crypto rx=0 tx=0 comp rx=0 tx=0).stop
2023-07-21T22:08:33.658 INFO:teuthology.orchestra.run.smithi093.stdout:/usr/bin/ceph: stderr
2023-07-21T22:08:33.246+0000 7fd8f46c6700 1 -- 172.21.15.93:0/2673287571 >> 172.21.15.93:0/2673287571 conn(0x7fd8ec0ffa50 msgr2=0x7fd8ec101140 unknown :-1 s=STATE_NONE l=0).mark_down
2023-07-21T22:08:33.658 INFO:teuthology.orchestra.run.smithi093.stdout:/usr/bin/ceph: stderr
2023-07-21T22:08:33.246+0000 7fd8f46c6700 1 -- 172.21.15.93:0/2673287571 shutdown_connections
2023-07-21T22:08:33.658 INFO:teuthology.orchestra.run.smithi093.stdout:/usr/bin/ceph: stderr
2023-07-21T22:08:33.246+0000 7fd8f46c6700 1 -- 172.21.15.93:0/2673287571 wait complete.
2023-07-21T22:08:34.676 INFO:journalctl@ceph.mon.a.smithi093.stdout:Jul 21 22:08:34 smithi093 ceph-mon[96579]: from='client.14136 -' entity='client.admin' cmd=[{"prefix": "cephadm generate-key", "target": ["mon-mgr", ""]}]: dispatch
2023-07-21T22:08:34.676 INFO:journalctl@ceph.mon.a.smithi093.stdout:Jul 21 22:08:34 smithi093 ceph-mon[96579]: Generating ssh key...
2023-07-21T22:08:34.677 INFO:journalctl@ceph.mon.a.smithi093.stdout:Jul 21 22:08:34 smithi093 ceph-mon[96579]: from='mgr.14120 172.21.15.93:0/1365336018' entity='mgr.x'
2023-07-21T22:08:34.677 INFO:journalctl@ceph.mon.a.smithi093.stdout:Jul 21 22:08:34 smithi093 ceph-mon[96579]: from='mgr.14120 172.21.15.93:0/1365336018' entity='mgr.x'
2023-07-21T22:08:34.694 INFO:teuthology.orchestra.run.smithi093.stdout:/usr/bin/ceph: stdout ssh-rsa AAAAB3NzaC1yc2EAAAADAQABAAABgQDR828hKHfprhicBSFapl/o4rvhS+dz9xv75zFFsmWTiytE9ABx3+2YfQMkCQx1UMEZhzEXOFCD2st8Rf4hilKj4HdxNCCzpVOu8sxhBBNArdMJghTKq95Bv7/K/sj420ILEuB38GQ7yxrUYd3vt0nnvM5gHEJzdpi02gKYRzyNa50+PpNhx7mN+Rbq7olrphpgjXmHSJuznLzD+ab7UOQAC3tjgAboQWAuYRcjMCP9lPV7GtUVYukNUQzl5J2A/VcYIRF3ObC66Z/iyM+vzK0h4x0jY38TacBDxbO9Q/MybSDyWrmcITjPJQ/lfMIDvQ6oZn54+klMYn/WINnbxRN0ngy+RU2xUFYxDUyyi0lQM6R5Aa6m983gM0Q3wgd6Cl/ebnoUIoHFr/c5KXpNTMthGmGa/KcbxnNKTKXu86ybPtqjD+pUxeaTxftQTFHW8DU9tWFisMU4KscWFyhksRhLSsQlYMbSXqPQdNwtetPmt8goDd7+T1hUS2ad9pHr1jU= ceph-de1cec7a-2812-11ee-9b34-001a4aab830c
2023-07-21T22:08:34.694 INFO:teuthology.orchestra.run.smithi093.stdout:/usr/bin/ceph: stderr
2023-07-21T22:08:34.058+0000 7fe9b0cc8700 1 Processor -- start
2023-07-21T22:08:34.694 INFO:teuthology.orchestra.run.smithi093.stdout:/usr/bin/ceph: stderr
2023-07-21T22:08:34.058+0000 7fe9b0cc8700 1 -- start start
2023-07-21T22:08:34.694 INFO:teuthology.orchestra.run.smithi093.stdout:/usr/bin/ceph: stderr
2023-07-21T22:08:34.058+0000 7fe9b0cc8700 1 --2- >> [v2:172.21.15.93:3300/0,v1:172.21.15.93:6789/0] conn(0x7fe9ac106010 0x7fe9ac1083f0 unknown :-1 s=NONE pgs=0 cs=0 l=0 rev1=0 crypto rx=0 tx=0 comp rx=0 tx=0).connect
2023-07-21T22:08:34.695 INFO:teuthology.orchestra.run.smithi093.stdout:/usr/bin/ceph: stderr
2023-07-21T22:08:34.058+0000 7fe9b0cc8700 1 -- --> [v2:172.21.15.93:3300/0,v1:172.21.15.93:6789/0] -- mon_getmap magic: 0 v1 -- 0x7fe9ac073c20 con 0x7fe9ac106010
2023-07-21T22:08:34.695 INFO:teuthology.orchestra.run.smithi093.stdout:/usr/bin/ceph: stderr
2023-07-21T22:08:34.059+0000 7fe9aa59c700 1 --2- >> [v2:172.21.15.93:3300/0,v1:172.21.15.93:6789/0] conn(0x7fe9ac106010 0x7fe9ac1083f0 unknown :-1 s=BANNER_CONNECTING pgs=0 cs=0 l=0 rev1=0 crypto rx=0 tx=0 comp rx=0 tx=0)._handle_peer_banner_payload supported=3 required=0
2023-07-21T22:08:34.695 INFO:teuthology.orchestra.run.smithi093.stdout:/usr/bin/ceph: stderr
2023-07-21T22:08:34.059+0000 7fe9aa59c700 1 --2- >> [v2:172.21.15.93:3300/0,v1:172.21.15.93:6789/0] conn(0x7fe9ac106010 0x7fe9ac1083f0 unknown :-1 s=HELLO_CONNECTING pgs=0 cs=0 l=0 rev1=1 crypto rx=0 tx=0 comp rx=0 tx=0).handle_hello peer v2:172.21.15.93:3300/0 says I am v2:172.21.15.93:40914/0 (socket says 172.21.15.93:40914)
2023-07-21T22:08:34.695 INFO:teuthology.orchestra.run.smithi093.stdout:/usr/bin/ceph: stderr
2023-07-21T22:08:34.059+0000 7fe9aa59c700 1 -- 172.21.15.93:0/3430632400 learned_addr learned my addr 172.21.15.93:0/3430632400 (peer_addr_for_me v2:172.21.15.93:0/0)
2023-07-21T22:08:34.695 INFO:teuthology.orchestra.run.smithi093.stdout:/usr/bin/ceph: stderr
2023-07-21T22:08:34.059+0000 7fe9aa59c700 1 -- 172.21.15.93:0/3430632400 --> [v2:172.21.15.93:3300/0,v1:172.21.15.93:6789/0] -- mon_subscribe({config=0+,monmap=0+}) v3 -- 0x7fe9ac073d60 con 0x7fe9ac106010
2023-07-21T22:08:34.695 INFO:teuthology.orchestra.run.smithi093.stdout:/usr/bin/ceph: stderr
2023-07-21T22:08:34.059+0000 7fe9aa59c700 1 --2- 172.21.15.93:0/3430632400 >> [v2:172.21.15.93:3300/0,v1:172.21.15.93:6789/0] conn(0x7fe9ac106010 0x7fe9ac1083f0 secure :-1 s=READY pgs=43 cs=0 l=1 rev1=1 crypto rx=0x7fe9a00098a0 tx=0x7fe9a0009bb0 comp rx=0 tx=0).ready entity=mon.0 client_cookie=51ab47b5c13636fb server_cookie=0 in_seq=0 out_seq=0
2023-07-21T22:08:34.695 INFO:teuthology.orchestra.run.smithi093.stdout:/usr/bin/ceph: stderr
2023-07-21T22:08:34.059+0000 7fe9a959a700 1 -- 172.21.15.93:0/3430632400 <== mon.0 v2:172.21.15.93:3300/0 1 ==== mon_map magic: 0 v1 ==== 205+0+0 (secure 0 0 0) 0x7fe9a0004160 con 0x7fe9ac106010
2023-07-21T22:08:34.696 INFO:teuthology.orchestra.run.smithi093.stdout:/usr/bin/ceph: stderr
2023-07-21T22:08:34.059+0000 7fe9a959a700 1 -- 172.21.15.93:0/3430632400 <== mon.0 v2:172.21.15.93:3300/0 2 ==== config(26 keys) v1 ==== 1074+0+0 (secure 0 0 0) 0x7fe9a00042c0 con 0x7fe9ac106010
2023-07-21T22:08:34.696 INFO:teuthology.orchestra.run.smithi093.stdout:/usr/bin/ceph: stderr
2023-07-21T22:08:34.059+0000 7fe9a959a700 1 -- 172.21.15.93:0/3430632400 <== mon.0 v2:172.21.15.93:3300/0 3 ==== mon_map magic: 0 v1 ==== 205+0+0 (secure 0 0 0) 0x7fe9a0011a00 con 0x7fe9ac106010
2023-07-21T22:08:34.696 INFO:teuthology.orchestra.run.smithi093.stdout:/usr/bin/ceph: stderr
2023-07-21T22:08:34.060+0000 7fe9b0cc8700 1 -- 172.21.15.93:0/3430632400 >> [v2:172.21.15.93:3300/0,v1:172.21.15.93:6789/0] conn(0x7fe9ac106010 msgr2=0x7fe9ac1083f0 secure :-1 s=STATE_CONNECTION_ESTABLISHED l=1).mark_down
2023-07-21T22:08:34.696 INFO:teuthology.orchestra.run.smithi093.stdout:/usr/bin/ceph: stderr
2023-07-21T22:08:34.060+0000 7fe9b0cc8700 1 --2- 172.21.15.93:0/3430632400 >> [v2:172.21.15.93:3300/0,v1:172.21.15.93:6789/0] conn(0x7fe9ac106010 0x7fe9ac1083f0 secure :-1 s=READY pgs=43 cs=0 l=1 rev1=1 crypto rx=0x7fe9a00098a0 tx=0x7fe9a0009bb0 comp rx=0 tx=0).stop
2023-07-21T22:08:34.696 INFO:teuthology.orchestra.run.smithi093.stdout:/usr/bin/ceph: stderr
2023-07-21T22:08:34.060+0000 7fe9b0cc8700 1 -- 172.21.15.93:0/3430632400 shutdown_connections
2023-07-21T22:08:34.696 INFO:teuthology.orchestra.run.smithi093.stdout:/usr/bin/ceph: stderr
2023-07-21T22:08:34.060+0000 7fe9b0cc8700 1 --2- 172.21.15.93:0/3430632400 >> [v2:172.21.15.93:3300/0,v1:172.21.15.93:6789/0] conn(0x7fe9ac106010 0x7fe9ac1083f0 unknown :-1 s=CLOSED pgs=43 cs=0 l=1 rev1=1 crypto rx=0 tx=0 comp rx=0 tx=0).stop
2023-07-21T22:08:34.697 INFO:teuthology.orchestra.run.smithi093.stdout:/usr/bin/ceph: stderr
2023-07-21T22:08:34.060+0000 7fe9b0cc8700 1 -- 172.21.15.93:0/3430632400 >> 172.21.15.93:0/3430632400 conn(0x7fe9ac0ffa50 msgr2=0x7fe9ac101e80 unknown :-1 s=STATE_NONE l=0).mark_down
2023-07-21T22:08:34.697 INFO:teuthology.orchestra.run.smithi093.stdout:/usr/bin/ceph: stderr
2023-07-21T22:08:34.060+0000 7fe9b0cc8700 1 -- 172.21.15.93:0/3430632400 shutdown_connections
2023-07-21T22:08:34.697 INFO:teuthology.orchestra.run.smithi093.stdout:/usr/bin/ceph: stderr
2023-07-21T22:08:34.060+0000 7fe9b0cc8700 1 -- 172.21.15.93:0/3430632400 wait complete.
2023-07-21T22:08:34.697 INFO:teuthology.orchestra.run.smithi093.stdout:/usr/bin/ceph: stderr
2023-07-21T22:08:34.061+0000 7fe9b0cc8700 1 Processor -- start
2023-07-21T22:08:34.697 INFO:teuthology.orchestra.run.smithi093.stdout:/usr/bin/ceph: stderr
2023-07-21T22:08:34.061+0000 7fe9b0cc8700 1 -- start start
2023-07-21T22:08:34.697 INFO:teuthology.orchestra.run.smithi093.stdout:/usr/bin/ceph: stderr
2023-07-21T22:08:34.061+0000 7fe9b0cc8700 1 --2- >> [v2:172.21.15.93:3300/0,v1:172.21.15.93:6789/0] conn(0x7fe9ac106010 0x7fe9ac199280 unknown :-1 s=NONE pgs=0 cs=0 l=1 rev1=0 crypto rx=0 tx=0 comp rx=0 tx=0).connect
2023-07-21T22:08:34.697 INFO:teuthology.orchestra.run.smithi093.stdout:/usr/bin/ceph: stderr
2023-07-21T22:08:34.061+0000 7fe9b0cc8700 1 -- --> [v2:172.21.15.93:3300/0,v1:172.21.15.93:6789/0] -- mon_getmap magic: 0 v1 -- 0x7fe9ac1997c0 con 0x7fe9ac106010
2023-07-21T22:08:34.698 INFO:teuthology.orchestra.run.smithi093.stdout:/usr/bin/ceph: stderr
2023-07-21T22:08:34.061+0000 7fe9aa59c700 1 --2- >> [v2:172.21.15.93:3300/0,v1:172.21.15.93:6789/0] conn(0x7fe9ac106010 0x7fe9ac199280 unknown :-1 s=BANNER_CONNECTING pgs=0 cs=0 l=1 rev1=0 crypto rx=0 tx=0 comp rx=0 tx=0)._handle_peer_banner_payload supported=3 required=0
2023-07-21T22:08:34.698 INFO:teuthology.orchestra.run.smithi093.stdout:/usr/bin/ceph: stderr
2023-07-21T22:08:34.061+0000 7fe9aa59c700 1 --2- >> [v2:172.21.15.93:3300/0,v1:172.21.15.93:6789/0] conn(0x7fe9ac106010 0x7fe9ac199280 unknown :-1 s=HELLO_CONNECTING pgs=0 cs=0 l=1 rev1=1 crypto rx=0 tx=0 comp rx=0 tx=0).handle_hello peer v2:172.21.15.93:3300/0 says I am v2:172.21.15.93:40916/0 (socket says 172.21.15.93:40916)
2023-07-21T22:08:34.698 INFO:teuthology.orchestra.run.smithi093.stdout:/usr/bin/ceph: stderr
2023-07-21T22:08:34.061+0000 7fe9aa59c700 1 -- 172.21.15.93:0/1965106385 learned_addr learned my addr 172.21.15.93:0/1965106385 (peer_addr_for_me v2:172.21.15.93:0/0)
2023-07-21T22:08:34.698 INFO:teuthology.orchestra.run.smithi093.stdout:/usr/bin/ceph: stderr
2023-07-21T22:08:34.061+0000 7fe9aa59c700 1 -- 172.21.15.93:0/1965106385 --> [v2:172.21.15.93:3300/0,v1:172.21.15.93:6789/0] -- mon_subscribe({config=0+,monmap=0+}) v3 -- 0x7fe9a0009550 con 0x7fe9ac106010
2023-07-21T22:08:34.698 INFO:teuthology.orchestra.run.smithi093.stdout:/usr/bin/ceph: stderr
2023-07-21T22:08:34.062+0000 7fe9aa59c700 1 --2- 172.21.15.93:0/1965106385 >> [v2:172.21.15.93:3300/0,v1:172.21.15.93:6789/0] conn(0x7fe9ac106010 0x7fe9ac199280 secure :-1 s=READY pgs=44 cs=0 l=1 rev1=1 crypto rx=0x7fe9a0009130 tx=0x7fe9a0011ad0 comp rx=0 tx=0).ready entity=mon.0 client_cookie=0 server_cookie=0 in_seq=0 out_seq=0
2023-07-21T22:08:34.698 INFO:teuthology.orchestra.run.smithi093.stdout:/usr/bin/ceph: stderr
2023-07-21T22:08:34.062+0000 7fe99b7fe700 1 -- 172.21.15.93:0/1965106385 <== mon.0 v2:172.21.15.93:3300/0 1 ==== mon_map magic: 0 v1 ==== 205+0+0 (secure 0 0 0) 0x7fe9a0003ab0 con 0x7fe9ac106010
2023-07-21T22:08:34.698 INFO:teuthology.orchestra.run.smithi093.stdout:/usr/bin/ceph: stderr
2023-07-21T22:08:34.062+0000 7fe99b7fe700 1 -- 172.21.15.93:0/1965106385 <== mon.0 v2:172.21.15.93:3300/0 2 ==== config(26 keys) v1 ==== 1074+0+0 (secure 0 0 0) 0x7fe9a0003c10 con 0x7fe9ac106010
2023-07-21T22:08:34.698 INFO:teuthology.orchestra.run.smithi093.stdout:/usr/bin/ceph: stderr
2023-07-21T22:08:34.062+0000 7fe9b0cc8700 1 -- 172.21.15.93:0/1965106385 --> [v2:172.21.15.93:3300/0,v1:172.21.15.93:6789/0] -- mon_subscribe({mgrmap=0+}) v3 -- 0x7fe9ac1999c0 con 0x7fe9ac106010
2023-07-21T22:08:34.699 INFO:teuthology.orchestra.run.smithi093.stdout:/usr/bin/ceph: stderr
2023-07-21T22:08:34.062+0000 7fe99b7fe700 1 -- 172.21.15.93:0/1965106385 <== mon.0 v2:172.21.15.93:3300/0 3 ==== mon_map magic: 0 v1 ==== 205+0+0 (secure 0 0 0) 0x7fe9a00247d0 con 0x7fe9ac106010
