2023-07-21T22:08:43.413+0000 7fe9feffd700 1 --2- 172.21.15.93:0/1846223391 >> [v2:172.21.15.93:6800/3590233301,v1:172.21.15.93:6801/3590233301] conn(0x7fe9f4038710 0x7fe9f403abc0 unknown :-1 s=NONE pgs=0 cs=0 l=1 rev1=0 crypto rx=0 tx=0 comp rx=0 tx=0).connect
2023-07-21T22:08:44.975 INFO:teuthology.orchestra.run.smithi093.stdout:/usr/bin/ceph: stderr
2023-07-21T22:08:43.413+0000 7fe9feffd700 1 -- 172.21.15.93:0/1846223391 <== mon.0 v2:172.21.15.93:3300/0 5 ==== osd_map(2..2 src has 1..2) v4 ==== 940+0+0 (secure 0 0 0) 0x7fea0404c810 con 0x7fea08104400
2023-07-21T22:08:44.975 INFO:teuthology.orchestra.run.smithi093.stdout:/usr/bin/ceph: stderr
2023-07-21T22:08:43.413+0000 7fea0d73b700 1 --2- 172.21.15.93:0/1846223391 >> [v2:172.21.15.93:6800/3590233301,v1:172.21.15.93:6801/3590233301] conn(0x7fe9f4038710 0x7fe9f403abc0 unknown :-1 s=BANNER_CONNECTING pgs=0 cs=0 l=1 rev1=0 crypto rx=0 tx=0 comp rx=0 tx=0)._handle_peer_banner_payload supported=3 required=0
2023-07-21T22:08:44.975 INFO:teuthology.orchestra.run.smithi093.stdout:/usr/bin/ceph: stderr
2023-07-21T22:08:43.413+0000 7fea0d73b700 1 --2- 172.21.15.93:0/1846223391 >> [v2:172.21.15.93:6800/3590233301,v1:172.21.15.93:6801/3590233301] conn(0x7fe9f4038710 0x7fe9f403abc0 secure :-1 s=READY pgs=16 cs=0 l=1 rev1=1 crypto rx=0x7fe9f8006fd0 tx=0x7fe9f8006e40 comp rx=0 tx=0).ready entity=mgr.14120 client_cookie=0 server_cookie=0 in_seq=0 out_seq=0
2023-07-21T22:08:44.975 INFO:teuthology.orchestra.run.smithi093.stdout:/usr/bin/ceph: stderr
2023-07-21T22:08:43.418+0000 7fe9feffd700 1 -- 172.21.15.93:0/1846223391 <== mon.0 v2:172.21.15.93:3300/0 6 ==== mon_command_ack([{"prefix": "get_command_descriptions"}]=0 v0) v1 ==== 72+0+178008 (secure 0 0 0) 0x7fea04019e60 con 0x7fea08104400
2023-07-21T22:08:44.976 INFO:teuthology.orchestra.run.smithi093.stdout:/usr/bin/ceph: stderr
2023-07-21T22:08:43.678+0000 7fea101a0700 1 -- 172.21.15.93:0/1846223391 --> [v2:172.21.15.93:3300/0,v1:172.21.15.93:6789/0] -- mon_command({"prefix": "mgr module enable", "module": "dashboard"} v 0) v1 -- 0x7fea08106300 con 0x7fea08104400
2023-07-21T22:08:44.976 INFO:teuthology.orchestra.run.smithi093.stdout:/usr/bin/ceph: stderr
2023-07-21T22:08:44.548+0000 7fe9feffd700 1 -- 172.21.15.93:0/1846223391 <== mon.0 v2:172.21.15.93:3300/0 7 ==== mgrmap(e 9) v1 ==== 45496+0+0 (secure 0 0 0) 0x7fea0401aa80 con 0x7fea08104400
2023-07-21T22:08:44.976 INFO:teuthology.orchestra.run.smithi093.stdout:/usr/bin/ceph: stderr
2023-07-21T22:08:44.550+0000 7fe9feffd700 1 -- 172.21.15.93:0/1846223391 <== mon.0 v2:172.21.15.93:3300/0 8 ==== mon_command_ack([{"prefix": "mgr module enable", "module": "dashboard"}]=0 v9) v1 ==== 88+0+0 (secure 0 0 0) 0x7fea04024e40 con 0x7fea08104400
2023-07-21T22:08:44.976 INFO:teuthology.orchestra.run.smithi093.stdout:/usr/bin/ceph: stderr
2023-07-21T22:08:44.553+0000 7fea101a0700 1 -- 172.21.15.93:0/1846223391 >> [v2:172.21.15.93:6800/3590233301,v1:172.21.15.93:6801/3590233301] conn(0x7fe9f4038710 msgr2=0x7fe9f403abc0 secure :-1 s=STATE_CONNECTION_ESTABLISHED l=1).mark_down
2023-07-21T22:08:44.976 INFO:teuthology.orchestra.run.smithi093.stdout:/usr/bin/ceph: stderr
2023-07-21T22:08:44.553+0000 7fea101a0700 1 --2- 172.21.15.93:0/1846223391 >> [v2:172.21.15.93:6800/3590233301,v1:172.21.15.93:6801/3590233301] conn(0x7fe9f4038710 0x7fe9f403abc0 secure :-1 s=READY pgs=16 cs=0 l=1 rev1=1 crypto rx=0x7fe9f8006fd0 tx=0x7fe9f8006e40 comp rx=0 tx=0).stop
2023-07-21T22:08:44.976 INFO:teuthology.orchestra.run.smithi093.stdout:/usr/bin/ceph: stderr
2023-07-21T22:08:44.553+0000 7fea101a0700 1 -- 172.21.15.93:0/1846223391 >> [v2:172.21.15.93:3300/0,v1:172.21.15.93:6789/0] conn(0x7fea08104400 msgr2=0x7fea0818f5a0 secure :-1 s=STATE_CONNECTION_ESTABLISHED l=1).mark_down
2023-07-21T22:08:44.977 INFO:teuthology.orchestra.run.smithi093.stdout:/usr/bin/ceph: stderr
2023-07-21T22:08:44.553+0000 7fea101a0700 1 --2- 172.21.15.93:0/1846223391 >> [v2:172.21.15.93:3300/0,v1:172.21.15.93:6789/0] conn(0x7fea08104400 0x7fea0818f5a0 secure :-1 s=READY pgs=56 cs=0 l=1 rev1=1 crypto rx=0x7fea04006af0 tx=0x7fea04011a10 comp rx=0 tx=0).stop
2023-07-21T22:08:44.977 INFO:teuthology.orchestra.run.smithi093.stdout:/usr/bin/ceph: stderr
2023-07-21T22:08:44.553+0000 7fea101a0700 1 -- 172.21.15.93:0/1846223391 shutdown_connections
2023-07-21T22:08:44.977 INFO:teuthology.orchestra.run.smithi093.stdout:/usr/bin/ceph: stderr
2023-07-21T22:08:44.553+0000 7fea101a0700 1 --2- 172.21.15.93:0/1846223391 >> [v2:172.21.15.93:6800/3590233301,v1:172.21.15.93:6801/3590233301] conn(0x7fe9f4038710 0x7fe9f403abc0 unknown :-1 s=CLOSED pgs=16 cs=0 l=1 rev1=1 crypto rx=0 tx=0 comp rx=0 tx=0).stop
2023-07-21T22:08:44.977 INFO:teuthology.orchestra.run.smithi093.stdout:/usr/bin/ceph: stderr
2023-07-21T22:08:44.553+0000 7fea101a0700 1 --2- 172.21.15.93:0/1846223391 >> [v2:172.21.15.93:3300/0,v1:172.21.15.93:6789/0] conn(0x7fea08104400 0x7fea0818f5a0 unknown :-1 s=CLOSED pgs=56 cs=0 l=1 rev1=1 crypto rx=0 tx=0 comp rx=0 tx=0).stop
2023-07-21T22:08:44.977 INFO:teuthology.orchestra.run.smithi093.stdout:/usr/bin/ceph: stderr
2023-07-21T22:08:44.553+0000 7fea101a0700 1 -- 172.21.15.93:0/1846223391 >> 172.21.15.93:0/1846223391 conn(0x7fea080ffa50 msgr2=0x7fea08073800 unknown :-1 s=STATE_NONE l=0).mark_down
2023-07-21T22:08:44.977 INFO:teuthology.orchestra.run.smithi093.stdout:/usr/bin/ceph: stderr
2023-07-21T22:08:44.553+0000 7fea101a0700 1 -- 172.21.15.93:0/1846223391 shutdown_connections
2023-07-21T22:08:44.977 INFO:teuthology.orchestra.run.smithi093.stdout:/usr/bin/ceph: stderr
2023-07-21T22:08:44.553+0000 7fea101a0700 1 -- 172.21.15.93:0/1846223391 wait complete.
2023-07-21T22:08:45.205 INFO:journalctl@ceph.mgr.x.smithi093.stdout:Jul 21 22:08:44 smithi093 ceph-de1cec7a-2812-11ee-9b34-001a4aab830c-mgr-x[96828]:
2023-07-21T22:08:44.901+0000 7fed90b5c200 -1 mgr[py] Module snap_schedule has missing NOTIFY_TYPES member
2023-07-21T22:08:45.205 INFO:journalctl@ceph.mgr.x.smithi093.stdout:Jul 21 22:08:45 smithi093 ceph-de1cec7a-2812-11ee-9b34-001a4aab830c-mgr-x[96828]:
2023-07-21T22:08:45.007+0000 7fed90b5c200 -1 mgr[py] Module zabbix has missing NOTIFY_TYPES member
2023-07-21T22:08:45.546 INFO:journalctl@ceph.mgr.x.smithi093.stdout:Jul 21 22:08:45 smithi093 ceph-de1cec7a-2812-11ee-9b34-001a4aab830c-mgr-x[96828]:
2023-07-21T22:08:45.186+0000 7fed90b5c200 -1 mgr[py] Module crash has missing NOTIFY_TYPES member
2023-07-21T22:08:45.546 INFO:journalctl@ceph.mgr.x.smithi093.stdout:Jul 21 22:08:45 smithi093 ceph-de1cec7a-2812-11ee-9b34-001a4aab830c-mgr-x[96828]:
2023-07-21T22:08:45.506+0000 7fed90b5c200 -1 mgr[py] Module prometheus has missing NOTIFY_TYPES member
2023-07-21T22:08:45.866 INFO:journalctl@ceph.mgr.x.smithi093.stdout:Jul 21 22:08:45 smithi093 ceph-de1cec7a-2812-11ee-9b34-001a4aab830c-mgr-x[96828]:
2023-07-21T22:08:45.596+0000 7fed90b5c200 -1 mgr[py] Module status has missing NOTIFY_TYPES member
2023-07-21T22:08:45.866 INFO:journalctl@ceph.mgr.x.smithi093.stdout:Jul 21 22:08:45 smithi093 ceph-de1cec7a-2812-11ee-9b34-001a4aab830c-mgr-x[96828]:
2023-07-21T22:08:45.730+0000 7fed90b5c200 -1 mgr[py] Module selftest has missing NOTIFY_TYPES member
2023-07-21T22:08:45.866 INFO:journalctl@ceph.mon.a.smithi093.stdout:Jul 21 22:08:45 smithi093 ceph-mon[96579]: from='client.? 172.21.15.93:0/1846223391' entity='client.admin' cmd='[{"prefix": "mgr module enable", "module": "dashboard"}]': finished
2023-07-21T22:08:45.867 INFO:journalctl@ceph.mon.a.smithi093.stdout:Jul 21 22:08:45 smithi093 ceph-mon[96579]: mgrmap e9: x(active, since 15s)
2023-07-21T22:08:46.120 INFO:teuthology.orchestra.run.smithi093.stdout:/usr/bin/ceph: stdout {
2023-07-21T22:08:46.121 INFO:teuthology.orchestra.run.smithi093.stdout:/usr/bin/ceph: stdout "epoch": 9,
2023-07-21T22:08:46.121 INFO:teuthology.orchestra.run.smithi093.stdout:/usr/bin/ceph: stdout "available": true,
2023-07-21T22:08:46.121 INFO:teuthology.orchestra.run.smithi093.stdout:/usr/bin/ceph: stdout "active_name": "x",
2023-07-21T22:08:46.121 INFO:teuthology.orchestra.run.smithi093.stdout:/usr/bin/ceph: stdout "num_standby": 0
2023-07-21T22:08:46.121 INFO:teuthology.orchestra.run.smithi093.stdout:/usr/bin/ceph: stdout }
2023-07-21T22:08:46.121 INFO:teuthology.orchestra.run.smithi093.stdout:/usr/bin/ceph: stderr
2023-07-21T22:08:45.396+0000 7fd2163df700 1 Processor -- start
2023-07-21T22:08:46.121 INFO:teuthology.orchestra.run.smithi093.stdout:/usr/bin/ceph: stderr
2023-07-21T22:08:45.397+0000 7fd2163df700 1 -- start start
2023-07-21T22:08:46.122 INFO:teuthology.orchestra.run.smithi093.stdout:/usr/bin/ceph: stderr
2023-07-21T22:08:45.397+0000 7fd2163df700 1 --2- >> [v2:172.21.15.93:3300/0,v1:172.21.15.93:6789/0] conn(0x7fd210103e30 0x7fd210104240 unknown :-1 s=NONE pgs=0 cs=0 l=0 rev1=0 crypto rx=0 tx=0 comp rx=0 tx=0).connect
2023-07-21T22:08:46.122 INFO:teuthology.orchestra.run.smithi093.stdout:/usr/bin/ceph: stderr
2023-07-21T22:08:45.397+0000 7fd2163df700 1 -- --> [v2:172.21.15.93:3300/0,v1:172.21.15.93:6789/0] -- mon_getmap magic: 0 v1 -- 0x7fd210073be0 con 0x7fd210103e30
2023-07-21T22:08:46.122 INFO:teuthology.orchestra.run.smithi093.stdout:/usr/bin/ceph: stderr
2023-07-21T22:08:45.397+0000 7fd20ffff700 1 --2- >> [v2:172.21.15.93:3300/0,v1:172.21.15.93:6789/0] conn(0x7fd210103e30 0x7fd210104240 unknown :-1 s=BANNER_CONNECTING pgs=0 cs=0 l=0 rev1=0 crypto rx=0 tx=0 comp rx=0 tx=0)._handle_peer_banner_payload supported=3 required=0
2023-07-21T22:08:46.122 INFO:teuthology.orchestra.run.smithi093.stdout:/usr/bin/ceph: stderr
2023-07-21T22:08:45.397+0000 7fd20ffff700 1 --2- >> [v2:172.21.15.93:3300/0,v1:172.21.15.93:6789/0] conn(0x7fd210103e30 0x7fd210104240 unknown :-1 s=HELLO_CONNECTING pgs=0 cs=0 l=0 rev1=1 crypto rx=0 tx=0 comp rx=0 tx=0).handle_hello peer v2:172.21.15.93:3300/0 says I am v2:172.21.15.93:40996/0 (socket says 172.21.15.93:40996)
2023-07-21T22:08:46.122 INFO:teuthology.orchestra.run.smithi093.stdout:/usr/bin/ceph: stderr
2023-07-21T22:08:45.397+0000 7fd20ffff700 1 -- 172.21.15.93:0/654289577 learned_addr learned my addr 172.21.15.93:0/654289577 (peer_addr_for_me v2:172.21.15.93:0/0)
2023-07-21T22:08:46.122 INFO:teuthology.orchestra.run.smithi093.stdout:/usr/bin/ceph: stderr
2023-07-21T22:08:45.397+0000 7fd20ffff700 1 -- 172.21.15.93:0/654289577 --> [v2:172.21.15.93:3300/0,v1:172.21.15.93:6789/0] -- mon_subscribe({config=0+,monmap=0+}) v3 -- 0x7fd210073d20 con 0x7fd210103e30
2023-07-21T22:08:46.123 INFO:teuthology.orchestra.run.smithi093.stdout:/usr/bin/ceph: stderr
2023-07-21T22:08:45.397+0000 7fd20ffff700 1 --2- 172.21.15.93:0/654289577 >> [v2:172.21.15.93:3300/0,v1:172.21.15.93:6789/0] conn(0x7fd210103e30 0x7fd210104240 secure :-1 s=READY pgs=59 cs=0 l=1 rev1=1 crypto rx=0x7fd2000098a0 tx=0x7fd200009bb0 comp rx=0 tx=0).ready entity=mon.0 client_cookie=8ffd2fcbaea75290 server_cookie=0 in_seq=0 out_seq=0
2023-07-21T22:08:46.123 INFO:teuthology.orchestra.run.smithi093.stdout:/usr/bin/ceph: stderr
2023-07-21T22:08:45.398+0000 7fd20effd700 1 -- 172.21.15.93:0/654289577 <== mon.0 v2:172.21.15.93:3300/0 1 ==== mon_map magic: 0 v1 ==== 205+0+0 (secure 0 0 0) 0x7fd200004160 con 0x7fd210103e30
2023-07-21T22:08:46.123 INFO:teuthology.orchestra.run.smithi093.stdout:/usr/bin/ceph: stderr
2023-07-21T22:08:45.398+0000 7fd20effd700 1 -- 172.21.15.93:0/654289577 <== mon.0 v2:172.21.15.93:3300/0 2 ==== config(26 keys) v1 ==== 1105+0+0 (secure 0 0 0) 0x7fd2000042c0 con 0x7fd210103e30
2023-07-21T22:08:46.123 INFO:teuthology.orchestra.run.smithi093.stdout:/usr/bin/ceph: stderr
2023-07-21T22:08:45.398+0000 7fd20effd700 1 -- 172.21.15.93:0/654289577 <== mon.0 v2:172.21.15.93:3300/0 3 ==== mon_map magic: 0 v1 ==== 205+0+0 (secure 0 0 0) 0x7fd2000119b0 con 0x7fd210103e30
2023-07-21T22:08:46.123 INFO:teuthology.orchestra.run.smithi093.stdout:/usr/bin/ceph: stderr
2023-07-21T22:08:45.398+0000 7fd2163df700 1 -- 172.21.15.93:0/654289577 >> [v2:172.21.15.93:3300/0,v1:172.21.15.93:6789/0] conn(0x7fd210103e30 msgr2=0x7fd210104240 secure :-1 s=STATE_CONNECTION_ESTABLISHED l=1).mark_down
2023-07-21T22:08:46.123 INFO:teuthology.orchestra.run.smithi093.stdout:/usr/bin/ceph: stderr
2023-07-21T22:08:45.398+0000 7fd2163df700 1 --2- 172.21.15.93:0/654289577 >> [v2:172.21.15.93:3300/0,v1:172.21.15.93:6789/0] conn(0x7fd210103e30 0x7fd210104240 secure :-1 s=READY pgs=59 cs=0 l=1 rev1=1 crypto rx=0x7fd2000098a0 tx=0x7fd200009bb0 comp rx=0 tx=0).stop
2023-07-21T22:08:46.123 INFO:teuthology.orchestra.run.smithi093.stdout:/usr/bin/ceph: stderr
2023-07-21T22:08:45.398+0000 7fd2163df700 1 -- 172.21.15.93:0/654289577 shutdown_connections
2023-07-21T22:08:46.124 INFO:teuthology.orchestra.run.smithi093.stdout:/usr/bin/ceph: stderr
2023-07-21T22:08:45.398+0000 7fd2163df700 1 --2- 172.21.15.93:0/654289577 >> [v2:172.21.15.93:3300/0,v1:172.21.15.93:6789/0] conn(0x7fd210103e30 0x7fd210104240 unknown :-1 s=CLOSED pgs=59 cs=0 l=1 rev1=1 crypto rx=0 tx=0 comp rx=0 tx=0).stop
2023-07-21T22:08:46.124 INFO:teuthology.orchestra.run.smithi093.stdout:/usr/bin/ceph: stderr
2023-07-21T22:08:45.398+0000 7fd2163df700 1 -- 172.21.15.93:0/654289577 >> 172.21.15.93:0/654289577 conn(0x7fd2100ffa40 msgr2=0x7fd210101e70 unknown :-1 s=STATE_NONE l=0).mark_down
2023-07-21T22:08:46.124 INFO:teuthology.orchestra.run.smithi093.stdout:/usr/bin/ceph: stderr
2023-07-21T22:08:45.398+0000 7fd2163df700 1 -- 172.21.15.93:0/654289577 shutdown_connections
2023-07-21T22:08:46.124 INFO:teuthology.orchestra.run.smithi093.stdout:/usr/bin/ceph: stderr
2023-07-21T22:08:45.398+0000 7fd2163df700 1 -- 172.21.15.93:0/654289577 wait complete.
2023-07-21T22:08:46.124 INFO:teuthology.orchestra.run.smithi093.stdout:/usr/bin/ceph: stderr
2023-07-21T22:08:45.399+0000 7fd2163df700 1 Processor -- start
2023-07-21T22:08:46.125 INFO:teuthology.orchestra.run.smithi093.stdout:/usr/bin/ceph: stderr
2023-07-21T22:08:45.399+0000 7fd2163df700 1 -- start start
2023-07-21T22:08:46.125 INFO:teuthology.orchestra.run.smithi093.stdout:/usr/bin/ceph: stderr
2023-07-21T22:08:45.399+0000 7fd2163df700 1 --2- >> [v2:172.21.15.93:3300/0,v1:172.21.15.93:6789/0] conn(0x7fd210103e30 0x7fd21019b420 unknown :-1 s=NONE pgs=0 cs=0 l=1 rev1=0 crypto rx=0 tx=0 comp rx=0 tx=0).connect
2023-07-21T22:08:46.125 INFO:teuthology.orchestra.run.smithi093.stdout:/usr/bin/ceph: stderr
2023-07-21T22:08:45.399+0000 7fd2163df700 1 -- --> [v2:172.21.15.93:3300/0,v1:172.21.15.93:6789/0] -- mon_getmap magic: 0 v1 -- 0x7fd21019b960 con 0x7fd210103e30
2023-07-21T22:08:46.125 INFO:teuthology.orchestra.run.smithi093.stdout:/usr/bin/ceph: stderr
2023-07-21T22:08:45.400+0000 7fd20ffff700 1 --2- >> [v2:172.21.15.93:3300/0,v1:172.21.15.93:6789/0] conn(0x7fd210103e30 0x7fd21019b420 unknown :-1 s=BANNER_CONNECTING pgs=0 cs=0 l=1 rev1=0 crypto rx=0 tx=0 comp rx=0 tx=0)._handle_peer_banner_payload supported=3 required=0
2023-07-21T22:08:46.125 INFO:teuthology.orchestra.run.smithi093.stdout:/usr/bin/ceph: stderr
2023-07-21T22:08:45.400+0000 7fd20ffff700 1 --2- >> [v2:172.21.15.93:3300/0,v1:172.21.15.93:6789/0] conn(0x7fd210103e30 0x7fd21019b420 unknown :-1 s=HELLO_CONNECTING pgs=0 cs=0 l=1 rev1=1 crypto rx=0 tx=0 comp rx=0 tx=0).handle_hello peer v2:172.21.15.93:3300/0 says I am v2:172.21.15.93:40998/0 (socket says 172.21.15.93:40998)
2023-07-21T22:08:46.125 INFO:teuthology.orchestra.run.smithi093.stdout:/usr/bin/ceph: stderr
2023-07-21T22:08:45.400+0000 7fd20ffff700 1 -- 172.21.15.93:0/730858053 learned_addr learned my addr 172.21.15.93:0/730858053 (peer_addr_for_me v2:172.21.15.93:0/0)
2023-07-21T22:08:46.125 INFO:teuthology.orchestra.run.smithi093.stdout:/usr/bin/ceph: stderr
2023-07-21T22:08:45.400+0000 7fd20ffff700 1 -- 172.21.15.93:0/730858053 --> [v2:172.21.15.93:3300/0,v1:172.21.15.93:6789/0] -- mon_subscribe({config=0+,monmap=0+}) v3 -- 0x7fd200009550 con 0x7fd210103e30
2023-07-21T22:08:46.126 INFO:teuthology.orchestra.run.smithi093.stdout:/usr/bin/ceph: stderr
2023-07-21T22:08:45.400+0000 7fd20ffff700 1 --2- 172.21.15.93:0/730858053 >> [v2:172.21.15.93:3300/0,v1:172.21.15.93:6789/0] conn(0x7fd210103e30 0x7fd21019b420 secure :-1 s=READY pgs=60 cs=0 l=1 rev1=1 crypto rx=0x7fd200003e60 tx=0x7fd200011aa0 comp rx=0 tx=0).ready entity=mon.0 client_cookie=0 server_cookie=0 in_seq=0 out_seq=0
2023-07-21T22:08:46.126 INFO:teuthology.orchestra.run.smithi093.stdout:/usr/bin/ceph: stderr
2023-07-21T22:08:45.400+0000 7fd20d7fa700 1 -- 172.21.15.93:0/730858053 <== mon.0 v2:172.21.15.93:3300/0 1 ==== mon_map magic: 0 v1 ==== 205+0+0 (secure 0 0 0) 0x7fd200003970 con 0x7fd210103e30
2023-07-21T22:08:46.126 INFO:teuthology.orchestra.run.smithi093.stdout:/usr/bin/ceph: stderr
2023-07-21T22:08:45.400+0000 7fd20d7fa700 1 -- 172.21.15.93:0/730858053 <== mon.0 v2:172.21.15.93:3300/0 2 ==== config(26 keys) v1 ==== 1105+0+0 (secure 0 0 0) 0x7fd200003ad0 con 0x7fd210103e30
2023-07-21T22:08:46.126 INFO:teuthology.orchestra.run.smithi093.stdout:/usr/bin/ceph: stderr
2023-07-21T22:08:45.400+0000 7fd2163df700 1 -- 172.21.15.93:0/730858053 --> [v2:172.21.15.93:3300/0,v1:172.21.15.93:6789/0] -- mon_subscribe({mgrmap=0+}) v3 -- 0x7fd21019bbc0 con 0x7fd210103e30
2023-07-21T22:08:46.126 INFO:teuthology.orchestra.run.smithi093.stdout:/usr/bin/ceph: stderr
2023-07-21T22:08:45.400+0000 7fd20d7fa700 1 -- 172.21.15.93:0/730858053 <== mon.0 v2:172.21.15.93:3300/0 3 ==== mon_map magic: 0 v1 ==== 205+0+0 (secure 0 0 0) 0x7fd200019590 con 0x7fd210103e30
2023-07-21T22:08:46.126 INFO:teuthology.orchestra.run.smithi093.stdout:/usr/bin/ceph: stderr
2023-07-21T22:08:45.400+0000 7fd2163df700 1 -- 172.21.15.93:0/730858053 --> [v2:172.21.15.93:3300/0,v1:172.21.15.93:6789/0] -- mon_subscribe({osdmap=0}) v3 -- 0x7fd21019c040 con 0x7fd210103e30
2023-07-21T22:08:46.126 INFO:teuthology.orchestra.run.smithi093.stdout:/usr/bin/ceph: stderr
2023-07-21T22:08:45.401+0000 7fd20d7fa700 1 -- 172.21.15.93:0/730858053 <== mon.0 v2:172.21.15.93:3300/0 4 ==== mgrmap(e 9) v1 ==== 45496+0+0 (secure 0 0 0) 0x7fd200019850 con 0x7fd210103e30
2023-07-21T22:08:46.127 INFO:teuthology.orchestra.run.smithi093.stdout:/usr/bin/ceph: stderr
2023-07-21T22:08:45.401+0000 7fd2163df700 1 -- 172.21.15.93:0/730858053 --> [v2:172.21.15.93:3300/0,v1:172.21.15.93:6789/0] -- mon_command({"prefix": "get_command_descriptions"} v 0) v1 -- 0x7fd210194c30 con 0x7fd210103e30
2023-07-21T22:08:46.127 INFO:teuthology.orchestra.run.smithi093.stdout:/usr/bin/ceph: stderr
2023-07-21T22:08:45.401+0000 7fd20d7fa700 1 --2- 172.21.15.93:0/730858053 >> [v2:172.21.15.93:6800/3590233301,v1:172.21.15.93:6801/3590233301] conn(0x7fd1f80386f0 0x7fd1f803aba0 unknown :-1 s=NONE pgs=0 cs=0 l=1 rev1=0 crypto rx=0 tx=0 comp rx=0 tx=0).connect
2023-07-21T22:08:46.127 INFO:teuthology.orchestra.run.smithi093.stdout:/usr/bin/ceph: stderr
2023-07-21T22:08:45.402+0000 7fd20d7fa700 1 -- 172.21.15.93:0/730858053 <== mon.0 v2:172.21.15.93:3300/0 5 ==== osd_map(2..2 src has 1..2) v4 ==== 940+0+0 (secure 0 0 0) 0x7fd20004c860 con 0x7fd210103e30
2023-07-21T22:08:46.127 INFO:teuthology.orchestra.run.smithi093.stdout:/usr/bin/ceph: stderr
2023-07-21T22:08:45.402+0000 7fd20f7fe700 1 -- 172.21.15.93:0/730858053 >> [v2:172.21.15.93:6800/3590233301,v1:172.21.15.93:6801/3590233301] conn(0x7fd1f80386f0 msgr2=0x7fd1f803aba0 unknown :-1 s=STATE_CONNECTING_RE l=1).process reconnect failed to v2:172.21.15.93:6800/3590233301
2023-07-21T22:08:46.127 INFO:teuthology.orchestra.run.smithi093.stdout:/usr/bin/ceph: stderr
2023-07-21T22:08:45.402+0000 7fd20f7fe700 1 --2- 172.21.15.93:0/730858053 >> [v2:172.21.15.93:6800/3590233301,v1:172.21.15.93:6801/3590233301] conn(0x7fd1f80386f0 0x7fd1f803aba0 unknown :-1 s=START_CONNECT pgs=0 cs=0 l=1 rev1=0 crypto rx=0 tx=0 comp rx=0 tx=0)._fault waiting 0.200000
2023-07-21T22:08:46.127 INFO:teuthology.orchestra.run.smithi093.stdout:/usr/bin/ceph: stderr
2023-07-21T22:08:45.406+0000 7fd20d7fa700 1 -- 172.21.15.93:0/730858053 <== mon.0 v2:172.21.15.93:3300/0 6 ==== mon_command_ack([{"prefix": "get_command_descriptions"}]=0 v0) v1 ==== 72+0+178008 (secure 0 0 0) 0x7fd20002b340 con 0x7fd210103e30
2023-07-21T22:08:46.127 INFO:teuthology.orchestra.run.smithi093.stdout:/usr/bin/ceph: stderr
2023-07-21T22:08:45.603+0000 7fd20f7fe700 1 -- 172.21.15.93:0/730858053 >> [v2:172.21.15.93:6800/3590233301,v1:172.21.15.93:6801/3590233301] conn(0x7fd1f80386f0 msgr2=0x7fd1f803aba0 unknown :-1 s=STATE_CONNECTING_RE l=1).process reconnect failed to v2:172.21.15.93:6800/3590233301
2023-07-21T22:08:46.127 INFO:teuthology.orchestra.run.smithi093.stdout:/usr/bin/ceph: stderr
2023-07-21T22:08:45.603+0000 7fd20f7fe700 1 --2- 172.21.15.93:0/730858053 >> [v2:172.21.15.93:6800/3590233301,v1:172.21.15.93:6801/3590233301] conn(0x7fd1f80386f0 0x7fd1f803aba0 unknown :-1 s=START_CONNECT pgs=0 cs=0 l=1 rev1=0 crypto rx=0 tx=0 comp rx=0 tx=0)._fault waiting 0.400000
2023-07-21T22:08:46.128 INFO:teuthology.orchestra.run.smithi093.stdout:/usr/bin/ceph: stderr
2023-07-21T22:08:45.654+0000 7fd2163df700 1 -- 172.21.15.93:0/730858053 --> [v2:172.21.15.93:3300/0,v1:172.21.15.93:6789/0] -- mon_command({"prefix": "mgr stat"} v 0) v1 -- 0x7fd21002c850 con 0x7fd210103e30
2023-07-21T22:08:46.128 INFO:teuthology.orchestra.run.smithi093.stdout:/usr/bin/ceph: stderr
2023-07-21T22:08:45.655+0000 7fd20d7fa700 1 -- 172.21.15.93:0/730858053 <== mon.0 v2:172.21.15.93:3300/0 7 ==== mon_command_ack([{"prefix": "mgr stat"}]=0 v9) v1 ==== 56+0+88 (secure 0 0 0) 0x7fd200018b40 con 0x7fd210103e30
2023-07-21T22:08:46.128 INFO:teuthology.orchestra.run.smithi093.stdout:/usr/bin/ceph: stderr
2023-07-21T22:08:45.657+0000 7fd2163df700 1 -- 172.21.15.93:0/730858053 >> [v2:172.21.15.93:6800/3590233301,v1:172.21.15.93:6801/3590233301] conn(0x7fd1f80386f0 msgr2=0x7fd1f803aba0 unknown :-1 s=STATE_CONNECTING l=1).mark_down
2023-07-21T22:08:46.128 INFO:teuthology.orchestra.run.smithi093.stdout:/usr/bin/ceph: stderr
2023-07-21T22:08:45.657+0000 7fd2163df700 1 --2- 172.21.15.93:0/730858053 >> [v2:172.21.15.93:6800/3590233301,v1:172.21.15.93:6801/3590233301] conn(0x7fd1f80386f0 0x7fd1f803aba0 unknown :-1 s=START_CONNECT pgs=0 cs=0 l=1 rev1=0 crypto rx=0 tx=0 comp rx=0 tx=0).stop
2023-07-21T22:08:46.128 INFO:teuthology.orchestra.run.smithi093.stdout:/usr/bin/ceph: stderr
2023-07-21T22:08:45.657+0000 7fd2163df700 1 -- 172.21.15.93:0/730858053 >> [v2:172.21.15.93:3300/0,v1:172.21.15.93:6789/0] conn(0x7fd210103e30 msgr2=0x7fd21019b420 secure :-1 s=STATE_CONNECTION_ESTABLISHED l=1).mark_down
2023-07-21T22:08:46.131 INFO:teuthology.orchestra.run.smithi093.stdout:/usr/bin/ceph: stderr
2023-07-21T22:08:45.657+0000 7fd2163df700 1 --2- 172.21.15.93:0/730858053 >> [v2:172.21.15.93:3300/0,v1:172.21.15.93:6789/0] conn(0x7fd210103e30 0x7fd21019b420 secure :-1 s=READY pgs=60 cs=0 l=1 rev1=1 crypto rx=0x7fd200003e60 tx=0x7fd200011aa0 comp rx=0 tx=0).stop
2023-07-21T22:08:46.132 INFO:teuthology.orchestra.run.smithi093.stdout:/usr/bin/ceph: stderr
2023-07-21T22:08:45.657+0000 7fd2163df700 1 -- 172.21.15.93:0/730858053 shutdown_connections
2023-07-21T22:08:46.132 INFO:teuthology.orchestra.run.smithi093.stdout:/usr/bin/ceph: stderr
2023-07-21T22:08:45.657+0000 7fd2163df700 1 --2- 172.21.15.93:0/730858053 >> [v2:172.21.15.93:6800/3590233301,v1:172.21.15.93:6801/3590233301] conn(0x7fd1f80386f0 0x7fd1f803aba0 unknown :-1 s=CLOSED pgs=0 cs=0 l=1 rev1=0 crypto rx=0 tx=0 comp rx=0 tx=0).stop
2023-07-21T22:08:46.132 INFO:teuthology.orchestra.run.smithi093.stdout:/usr/bin/ceph: stderr
2023-07-21T22:08:45.657+0000 7fd2163df700 1 --2- 172.21.15.93:0/730858053 >> [v2:172.21.15.93:3300/0,v1:172.21.15.93:6789/0] conn(0x7fd210103e30 0x7fd21019b420 unknown :-1 s=CLOSED pgs=60 cs=0 l=1 rev1=1 crypto rx=0 tx=0 comp rx=0 tx=0).stop
2023-07-21T22:08:46.133 INFO:teuthology.orchestra.run.smithi093.stdout:/usr/bin/ceph: stderr
2023-07-21T22:08:45.657+0000 7fd2163df700 1 -- 172.21.15.93:0/730858053 >> 172.21.15.93:0/730858053 conn(0x7fd2100ffa40 msgr2=0x7fd21018f9f0 unknown :-1 s=STATE_NONE l=0).mark_down
2023-07-21T22:08:46.133 INFO:teuthology.orchestra.run.smithi093.stdout:/usr/bin/ceph: stderr
2023-07-21T22:08:45.658+0000 7fd2163df700 1 -- 172.21.15.93:0/730858053 shutdown_connections
2023-07-21T22:08:46.133 INFO:teuthology.orchestra.run.smithi093.stdout:/usr/bin/ceph: stderr
2023-07-21T22:08:45.658+0000 7fd2163df700 1 -- 172.21.15.93:0/730858053 wait complete.
2023-07-21T22:08:46.134 INFO:teuthology.orchestra.run.smithi093.stdout:Waiting for the mgr to restart...
2023-07-21T22:08:46.134 INFO:teuthology.orchestra.run.smithi093.stdout:Waiting for mgr epoch 9...
2023-07-21T22:08:46.187 INFO:journalctl@ceph.mgr.x.smithi093.stdout:Jul 21 22:08:45 smithi093 ceph-de1cec7a-2812-11ee-9b34-001a4aab830c-mgr-x[96828]:
2023-07-21T22:08:45.832+0000 7fed90b5c200 -1 mgr[py] Module alerts has missing NOTIFY_TYPES member
2023-07-21T22:08:46.588 INFO:journalctl@ceph.mgr.x.smithi093.stdout:Jul 21 22:08:46 smithi093 ceph-de1cec7a-2812-11ee-9b34-001a4aab830c-mgr-x[96828]:
2023-07-21T22:08:46.269+0000 7fed90b5c200 -1 mgr[py] Module progress has missing NOTIFY_TYPES member
2023-07-21T22:08:46.884 INFO:journalctl@ceph.mon.a.smithi093.stdout:Jul 21 22:08:46 smithi093 ceph-mon[96579]: from='client.? 172.21.15.93:0/730858053' entity='client.admin' cmd=[{"prefix": "mgr stat"}]: dispatch
2023-07-21T22:08:47.187 INFO:journalctl@ceph.mgr.x.smithi093.stdout:Jul 21 22:08:46 smithi093 ceph-de1cec7a-2812-11ee-9b34-001a4aab830c-mgr-x[96828]:
2023-07-21T22:08:46.844+0000 7fed90b5c200 -1 mgr[py] Module rook has missing NOTIFY_TYPES member
2023-07-21T22:08:47.188 INFO:journalctl@ceph.mgr.x.smithi093.stdout:Jul 21 22:08:47 smithi093 ceph-de1cec7a-2812-11ee-9b34-001a4aab830c-mgr-x[96828]:
2023-07-21T22:08:47.012+0000 7fed90b5c200 -1 mgr[py] Module iostat has missing NOTIFY_TYPES member
2023-07-21T22:08:48.065 INFO:journalctl@ceph.mgr.x.smithi093.stdout:Jul 21 22:08:47 smithi093 ceph-de1cec7a-2812-11ee-9b34-001a4aab830c-mgr-x[96828]:
2023-07-21T22:08:47.765+0000 7fed90b5c200 -1 mgr[py] Module test_orchestrator has missing NOTIFY_TYPES member
2023-07-21T22:08:48.065 INFO:journalctl@ceph.mgr.x.smithi093.stdout:Jul 21 22:08:47 smithi093 ceph-de1cec7a-2812-11ee-9b34-001a4aab830c-mgr-x[96828]:
2023-07-21T22:08:47.855+0000 7fed90b5c200 -1 mgr[py] Module osd_perf_query has missing NOTIFY_TYPES member
2023-07-21T22:08:48.065 INFO:journalctl@ceph.mgr.x.smithi093.stdout:Jul 21 22:08:48 smithi093 ceph-de1cec7a-2812-11ee-9b34-001a4aab830c-mgr-x[96828]:
2023-07-21T22:08:48.024+0000 7fed90b5c200 -1 mgr[py] Module orchestrator has missing NOTIFY_TYPES member
2023-07-21T22:08:48.687 INFO:journalctl@ceph.mgr.x.smithi093.stdout:Jul 21 22:08:48 smithi093 ceph-de1cec7a-2812-11ee-9b34-001a4aab830c-mgr-x[96828]:
2023-07-21T22:08:48.299+0000 7fed90b5c200 -1 mgr[py] Module rgw has missing NOTIFY_TYPES member
2023-07-21T22:08:48.688 INFO:journalctl@ceph.mgr.x.smithi093.stdout:Jul 21 22:08:48 smithi093 ceph-de1cec7a-2812-11ee-9b34-001a4aab830c-mgr-x[96828]:
2023-07-21T22:08:48.520+0000 7fed90b5c200 -1 mgr[py] Module influx has missing NOTIFY_TYPES member
2023-07-21T22:08:48.967 INFO:journalctl@ceph.mgr.x.smithi093.stdout:Jul 21 22:08:48 smithi093 ceph-de1cec7a-2812-11ee-9b34-001a4aab830c-mgr-x[96828]:
2023-07-21T22:08:48.667+0000 7fed90b5c200 -1 mgr[py] Module telemetry has missing NOTIFY_TYPES member
2023-07-21T22:08:49.437 INFO:journalctl@ceph.mgr.x.smithi093.stdout:Jul 21 22:08:48 smithi093 ceph-de1cec7a-2812-11ee-9b34-001a4aab830c-mgr-x[96828]:
2023-07-21T22:08:48.927+0000 7fed90b5c200 -1 mgr[py] Module telegraf has missing NOTIFY_TYPES member
2023-07-21T22:08:49.937 INFO:journalctl@ceph.mgr.x.smithi093.stdout:Jul 21 22:08:49 smithi093 ceph-de1cec7a-2812-11ee-9b34-001a4aab830c-mgr-x[96828]:
2023-07-21T22:08:49.615+0000 7fed90b5c200 -1 mgr[py] Module balancer has missing NOTIFY_TYPES member
2023-07-21T22:08:49.938 INFO:journalctl@ceph.mgr.x.smithi093.stdout:Jul 21 22:08:49 smithi093 ceph-de1cec7a-2812-11ee-9b34-001a4aab830c-mgr-x[96828]:
2023-07-21T22:08:49.745+0000 7fed90b5c200 -1 mgr[py] Module diskprediction_local has missing NOTIFY_TYPES member
2023-07-21T22:08:50.308 INFO:journalctl@ceph.mgr.x.smithi093.stdout:Jul 21 22:08:49 smithi093 ceph-de1cec7a-2812-11ee-9b34-001a4aab830c-mgr-x[96828]:
2023-07-21T22:08:49.938+0000 7fed90b5c200 -1 mgr[py] Module nfs has missing NOTIFY_TYPES member
2023-07-21T22:08:50.309 INFO:journalctl@ceph.mgr.x.smithi093.stdout:Jul 21 22:08:50 smithi093 ceph-de1cec7a-2812-11ee-9b34-001a4aab830c-mgr-x[96828]:
2023-07-21T22:08:50.051+0000 7fed90b5c200 -1 mgr[py] Module rbd_support has missing NOTIFY_TYPES member
2023-07-21T22:08:51.437 INFO:journalctl@ceph.mgr.x.smithi093.stdout:Jul 21 22:08:50 smithi093 ceph-de1cec7a-2812-11ee-9b34-001a4aab830c-mgr-x[96828]:
2023-07-21T22:08:50.268+0000 7fed90b5c200 -1 mgr[py] Module volumes has missing NOTIFY_TYPES member
2023-07-21T22:08:51.438 INFO:journalctl@ceph.mgr.x.smithi093.stdout:Jul 21 22:08:51 smithi093 ceph-de1cec7a-2812-11ee-9b34-001a4aab830c-mgr-x[96828]:
2023-07-21T22:08:51.116+0000 7fed90b5c200 -1 mgr[py] Module pg_autoscaler has missing NOTIFY_TYPES member
2023-07-21T22:08:51.438 INFO:journalctl@ceph.mon.a.smithi093.stdout:Jul 21 22:08:51 smithi093 ceph-mon[96579]: Active manager daemon x restarted
2023-07-21T22:08:51.438 INFO:journalctl@ceph.mon.a.smithi093.stdout:Jul 21 22:08:51 smithi093 ceph-mon[96579]: Activating manager daemon x
2023-07-21T22:08:51.438 INFO:journalctl@ceph.mon.a.smithi093.stdout:Jul 21 22:08:51 smithi093 ceph-mon[96579]: osdmap e3: 0 total, 0 up, 0 in
2023-07-21T22:08:51.438 INFO:journalctl@ceph.mon.a.smithi093.stdout:Jul 21 22:08:51 smithi093 ceph-mon[96579]: mgrmap e10: x(active, starting, since 0.00332666s)
2023-07-21T22:08:51.439 INFO:journalctl@ceph.mon.a.smithi093.stdout:Jul 21 22:08:51 smithi093 ceph-mon[96579]: from='mgr.14152 172.21.15.93:0/3667045618' entity='mgr.x' cmd=[{"prefix": "mon metadata", "id": "a"}]: dispatch
2023-07-21T22:08:51.439 INFO:journalctl@ceph.mon.a.smithi093.stdout:Jul 21 22:08:51 smithi093 ceph-mon[96579]: from='mgr.14152 172.21.15.93:0/3667045618' entity='mgr.x' cmd=[{"prefix": "mgr metadata", "who": "x", "id": "x"}]: dispatch
2023-07-21T22:08:51.439 INFO:journalctl@ceph.mon.a.smithi093.stdout:Jul 21 22:08:51 smithi093 ceph-mon[96579]: from='mgr.14152 172.21.15.93:0/3667045618' entity='mgr.x' cmd=[{"prefix": "mds metadata"}]: dispatch
2023-07-21T22:08:51.439 INFO:journalctl@ceph.mon.a.smithi093.stdout:Jul 21 22:08:51 smithi093 ceph-mon[96579]: from='mgr.14152 172.21.15.93:0/3667045618' entity='mgr.x' cmd=[{"prefix": "osd metadata"}]: dispatch
2023-07-21T22:08:51.439 INFO:journalctl@ceph.mon.a.smithi093.stdout:Jul 21 22:08:51 smithi093 ceph-mon[96579]: from='mgr.14152 172.21.15.93:0/3667045618' entity='mgr.x' cmd=[{"prefix": "mon metadata"}]: dispatch
2023-07-21T22:08:51.439 INFO:journalctl@ceph.mon.a.smithi093.stdout:Jul 21 22:08:51 smithi093 ceph-mon[96579]: Manager daemon x is now available
2023-07-21T22:08:51.439 INFO:journalctl@ceph.mon.a.smithi093.stdout:Jul 21 22:08:51 smithi093 ceph-mon[96579]: from='mgr.14152 172.21.15.93:0/3667045618' entity='mgr.x' cmd=[{"prefix": "config dump", "format": "json"}]: dispatch
2023-07-21T22:08:51.440 INFO:journalctl@ceph.mon.a.smithi093.stdout:Jul 21 22:08:51 smithi093 ceph-mon[96579]: from='mgr.14152 172.21.15.93:0/3667045618' entity='mgr.x' cmd=[{"prefix": "config dump", "format": "json"}]: dispatch
2023-07-21T22:08:52.607 INFO:journalctl@ceph.mon.a.smithi093.stdout:Jul 21 22:08:52 smithi093 ceph-mon[96579]: from='mgr.14152 172.21.15.93:0/3667045618' entity='mgr.x' cmd=[{"prefix":"config rm","who":"mgr","name":"mgr/rbd_support/x/mirror_snapshot_schedule"}]: dispatch
2023-07-21T22:08:52.607 INFO:journalctl@ceph.mon.a.smithi093.stdout:Jul 21 22:08:52 smithi093 ceph-mon[96579]: from='mgr.14152 172.21.15.93:0/3667045618' entity='mgr.x' cmd=[{"prefix":"config rm","who":"mgr","name":"mgr/rbd_support/x/trash_purge_schedule"}]: dispatch
2023-07-21T22:08:52.607 INFO:journalctl@ceph.mon.a.smithi093.stdout:Jul 21 22:08:52 smithi093 ceph-mon[96579]: mgrmap e11: x(active, since 1.00551s)
2023-07-21T22:08:52.781 INFO:teuthology.orchestra.run.smithi093.stdout:/usr/bin/ceph: stdout {
2023-07-21T22:08:52.782 INFO:teuthology.orchestra.run.smithi093.stdout:/usr/bin/ceph: stdout "mgrmap_epoch": 11,
2023-07-21T22:08:52.782 INFO:teuthology.orchestra.run.smithi093.stdout:/usr/bin/ceph: stdout "initialized": true
2023-07-21T22:08:52.782 INFO:teuthology.orchestra.run.smithi093.stdout:/usr/bin/ceph: stdout }
2023-07-21T22:08:52.782 INFO:teuthology.orchestra.run.smithi093.stdout:/usr/bin/ceph: stderr
2023-07-21T22:08:46.531+0000 7f5cdb934700 1 Processor -- start
2023-07-21T22:08:52.783 INFO:teuthology.orchestra.run.smithi093.stdout:/usr/bin/ceph: stderr
2023-07-21T22:08:46.531+0000 7f5cdb934700 1 -- start start
2023-07-21T22:08:52.783 INFO:teuthology.orchestra.run.smithi093.stdout:/usr/bin/ceph: stderr
2023-07-21T22:08:46.531+0000 7f5cdb934700 1 --2- >> [v2:172.21.15.93:3300/0,v1:172.21.15.93:6789/0] conn(0x7f5cd4073ba0 0x7f5cd410a4a0 unknown :-1 s=NONE pgs=0 cs=0 l=0 rev1=0 crypto rx=0 tx=0 comp rx=0 tx=0).connect
2023-07-21T22:08:52.783 INFO:teuthology.orchestra.run.smithi093.stdout:/usr/bin/ceph: stderr
2023-07-21T22:08:46.531+0000 7f5cdb934700 1 -- --> [v2:172.21.15.93:3300/0,v1:172.21.15.93:6789/0] -- mon_getmap magic: 0 v1 -- 0x7f5cd4105e90 con 0x7f5cd4073ba0
2023-07-21T22:08:52.783 INFO:teuthology.orchestra.run.smithi093.stdout:/usr/bin/ceph: stderr
2023-07-21T22:08:46.531+0000 7f5cd96d0700 1 --2- >> [v2:172.21.15.93:3300/0,v1:172.21.15.93:6789/0] conn(0x7f5cd4073ba0 0x7f5cd410a4a0 unknown :-1 s=BANNER_CONNECTING pgs=0 cs=0 l=0 rev1=0 crypto rx=0 tx=0 comp rx=0 tx=0)._handle_peer_banner_payload supported=3 required=0
2023-07-21T22:08:52.783 INFO:teuthology.orchestra.run.smithi093.stdout:/usr/bin/ceph: stderr
2023-07-21T22:08:46.531+0000 7f5cd96d0700 1 --2- >> [v2:172.21.15.93:3300/0,v1:172.21.15.93:6789/0] conn(0x7f5cd4073ba0 0x7f5cd410a4a0 unknown :-1 s=HELLO_CONNECTING pgs=0 cs=0 l=0 rev1=1 crypto rx=0 tx=0 comp rx=0 tx=0).handle_hello peer v2:172.21.15.93:3300/0 says I am v2:172.21.15.93:41006/0 (socket says 172.21.15.93:41006)
2023-07-21T22:08:52.783 INFO:teuthology.orchestra.run.smithi093.stdout:/usr/bin/ceph: stderr
2023-07-21T22:08:46.531+0000 7f5cd96d0700 1 -- 172.21.15.93:0/1939647736 learned_addr learned my addr 172.21.15.93:0/1939647736 (peer_addr_for_me v2:172.21.15.93:0/0)
2023-07-21T22:08:52.784 INFO:teuthology.orchestra.run.smithi093.stdout:/usr/bin/ceph: stderr
2023-07-21T22:08:46.532+0000 7f5cd96d0700 1 -- 172.21.15.93:0/1939647736 --> [v2:172.21.15.93:3300/0,v1:172.21.15.93:6789/0] -- mon_subscribe({config=0+,monmap=0+}) v3 -- 0x7f5cd410a9e0 con 0x7f5cd4073ba0
2023-07-21T22:08:52.784 INFO:teuthology.orchestra.run.smithi093.stdout:/usr/bin/ceph: stderr
2023-07-21T22:08:46.532+0000 7f5cd96d0700 1 --2- 172.21.15.93:0/1939647736 >> [v2:172.21.15.93:3300/0,v1:172.21.15.93:6789/0] conn(0x7f5cd4073ba0 0x7f5cd410a4a0 secure :-1 s=READY pgs=61 cs=0 l=1 rev1=1 crypto rx=0x7f5cd00098a0 tx=0x7f5cd0009bb0 comp rx=0 tx=0).ready entity=mon.0 client_cookie=287cb0d602894cb0 server_cookie=0 in_seq=0 out_seq=0
2023-07-21T22:08:52.784 INFO:teuthology.orchestra.run.smithi093.stdout:/usr/bin/ceph: stderr
2023-07-21T22:08:46.532+0000 7f5ccbfff700 1 -- 172.21.15.93:0/1939647736 <== mon.0 v2:172.21.15.93:3300/0 1 ==== mon_map magic: 0 v1 ==== 205+0+0 (secure 0 0 0) 0x7f5cd0004160 con 0x7f5cd4073ba0
2023-07-21T22:08:52.784 INFO:teuthology.orchestra.run.smithi093.stdout:/usr/bin/ceph: stderr
2023-07-21T22:08:46.532+0000 7f5ccbfff700 1 -- 172.21.15.93:0/1939647736 <== mon.0 v2:172.21.15.93:3300/0 2 ==== config(26 keys) v1 ==== 1105+0+0 (secure 0 0 0) 0x7f5cd00042c0 con 0x7f5cd4073ba0
2023-07-21T22:08:52.784 INFO:teuthology.orchestra.run.smithi093.stdout:/usr/bin/ceph: stderr
2023-07-21T22:08:46.532+0000 7f5ccbfff700 1 -- 172.21.15.93:0/1939647736 <== mon.0 v2:172.21.15.93:3300/0 3 ==== mon_map magic: 0 v1 ==== 205+0+0 (secure 0 0 0) 0x7f5cd00119b0 con 0x7f5cd4073ba0
2023-07-21T22:08:52.784 INFO:teuthology.orchestra.run.smithi093.stdout:/usr/bin/ceph: stderr
2023-07-21T22:08:46.532+0000 7f5cdb934700 1 -- 172.21.15.93:0/1939647736 >> [v2:172.21.15.93:3300/0,v1:172.21.15.93:6789/0] conn(0x7f5cd4073ba0 msgr2=0x7f5cd410a4a0 secure :-1 s=STATE_CONNECTION_ESTABLISHED l=1).mark_down
2023-07-21T22:08:52.784 INFO:teuthology.orchestra.run.smithi093.stdout:/usr/bin/ceph: stderr
2023-07-21T22:08:46.533+0000 7f5cdb934700 1 --2- 172.21.15.93:0/1939647736 >> [v2:172.21.15.93:3300/0,v1:172.21.15.93:6789/0] conn(0x7f5cd4073ba0 0x7f5cd410a4a0 secure :-1 s=READY pgs=61 cs=0 l=1 rev1=1 crypto rx=0x7f5cd00098a0 tx=0x7f5cd0009bb0 comp rx=0 tx=0).stop
2023-07-21T22:08:52.785 INFO:teuthology.orchestra.run.smithi093.stdout:/usr/bin/ceph: stderr
2023-07-21T22:08:46.533+0000 7f5cdb934700 1 -- 172.21.15.93:0/1939647736 shutdown_connections
2023-07-21T22:08:52.785 INFO:teuthology.orchestra.run.smithi093.stdout:/usr/bin/ceph: stderr
2023-07-21T22:08:46.533+0000 7f5cdb934700 1 --2- 172.21.15.93:0/1939647736 >> [v2:172.21.15.93:3300/0,v1:172.21.15.93:6789/0] conn(0x7f5cd4073ba0 0x7f5cd410a4a0 unknown :-1 s=CLOSED pgs=61 cs=0 l=1 rev1=1 crypto rx=0 tx=0 comp rx=0 tx=0).stop
2023-07-21T22:08:52.785 INFO:teuthology.orchestra.run.smithi093.stdout:/usr/bin/ceph: stderr
2023-07-21T22:08:46.533+0000 7f5cdb934700 1 -- 172.21.15.93:0/1939647736 >> 172.21.15.93:0/1939647736 conn(0x7f5cd40ffa50 msgr2=0x7f5cd4101e80 unknown :-1 s=STATE_NONE l=0).mark_down
2023-07-21T22:08:52.785 INFO:teuthology.orchestra.run.smithi093.stdout:/usr/bin/ceph: stderr
2023-07-21T22:08:46.533+0000 7f5cdb934700 1 -- 172.21.15.93:0/1939647736 shutdown_connections
2023-07-21T22:08:52.785 INFO:teuthology.orchestra.run.smithi093.stdout:/usr/bin/ceph: stderr
2023-07-21T22:08:46.533+0000 7f5cdb934700 1 -- 172.21.15.93:0/1939647736 wait complete.
2023-07-21T22:08:52.785 INFO:teuthology.orchestra.run.smithi093.stdout:/usr/bin/ceph: stderr
2023-07-21T22:08:46.533+0000 7f5cdb934700 1 Processor -- start
2023-07-21T22:08:52.785 INFO:teuthology.orchestra.run.smithi093.stdout:/usr/bin/ceph: stderr
2023-07-21T22:08:46.533+0000 7f5cdb934700 1 -- start start
2023-07-21T22:08:52.786 INFO:teuthology.orchestra.run.smithi093.stdout:/usr/bin/ceph: stderr
2023-07-21T22:08:46.533+0000 7f5cdb934700 1 --2- >> [v2:172.21.15.93:3300/0,v1:172.21.15.93:6789/0] conn(0x7f5cd419b4a0 0x7f5cd419b8b0 unknown :-1 s=NONE pgs=0 cs=0 l=1 rev1=0 crypto rx=0 tx=0 comp rx=0 tx=0).connect
2023-07-21T22:08:52.786 INFO:teuthology.orchestra.run.smithi093.stdout:/usr/bin/ceph: stderr
2023-07-21T22:08:46.533+0000 7f5cdb934700 1 -- --> [v2:172.21.15.93:3300/0,v1:172.21.15.93:6789/0] -- mon_getmap magic: 0 v1 -- 0x7f5cd419bdf0 con 0x7f5cd419b4a0
2023-07-21T22:08:52.786 INFO:teuthology.orchestra.run.smithi093.stdout:/usr/bin/ceph: stderr
2023-07-21T22:08:46.534+0000 7f5cd96d0700 1 --2- >> [v2:172.21.15.93:3300/0,v1:172.21.15.93:6789/0] conn(0x7f5cd419b4a0 0x7f5cd419b8b0 unknown :-1 s=BANNER_CONNECTING pgs=0 cs=0 l=1 rev1=0 crypto rx=0 tx=0 comp rx=0 tx=0)._handle_peer_banner_payload supported=3 required=0
2023-07-21T22:08:52.786 INFO:teuthology.orchestra.run.smithi093.stdout:/usr/bin/ceph: stderr
2023-07-21T22:08:46.534+0000 7f5cd96d0700 1 --2- >> [v2:172.21.15.93:3300/0,v1:172.21.15.93:6789/0] conn(0x7f5cd419b4a0 0x7f5cd419b8b0 unknown :-1 s=HELLO_CONNECTING pgs=0 cs=0 l=1 rev1=1 crypto rx=0 tx=0 comp rx=0 tx=0).handle_hello peer v2:172.21.15.93:3300/0 says I am v2:172.21.15.93:41008/0 (socket says 172.21.15.93:41008)
2023-07-21T22:08:52.786 INFO:teuthology.orchestra.run.smithi093.stdout:/usr/bin/ceph: stderr
2023-07-21T22:08:46.534+0000 7f5cd96d0700 1 -- 172.21.15.93:0/367363419 learned_addr learned my addr 172.21.15.93:0/367363419 (peer_addr_for_me v2:172.21.15.93:0/0)
2023-07-21T22:08:52.786 INFO:teuthology.orchestra.run.smithi093.stdout:/usr/bin/ceph: stderr
2023-07-21T22:08:46.534+0000 7f5cd96d0700 1 -- 172.21.15.93:0/367363419 --> [v2:172.21.15.93:3300/0,v1:172.21.15.93:6789/0] -- mon_subscribe({config=0+,monmap=0+}) v3 -- 0x7f5cd0009550 con 0x7f5cd419b4a0
2023-07-21T22:08:52.786 INFO:teuthology.orchestra.run.smithi093.stdout:/usr/bin/ceph: stderr
2023-07-21T22:08:46.534+0000 7f5cd96d0700 1 --2- 172.21.15.93:0/367363419 >> [v2:172.21.15.93:3300/0,v1:172.21.15.93:6789/0] conn(0x7f5cd419b4a0 0x7f5cd419b8b0 secure :-1 s=READY pgs=62 cs=0 l=1 rev1=1 crypto rx=0x7f5cd0006af0 tx=0x7f5cd0011a10 comp rx=0 tx=0).ready entity=mon.0 client_cookie=0 server_cookie=0 in_seq=0 out_seq=0
2023-07-21T22:08:52.787 INFO:teuthology.orchestra.run.smithi093.stdout:/usr/bin/ceph: stderr
2023-07-21T22:08:46.534+0000 7f5cca7fc700 1 -- 172.21.15.93:0/367363419 <== mon.0 v2:172.21.15.93:3300/0 1 ==== mon_map magic: 0 v1 ==== 205+0+0 (secure 0 0 0) 0x7f5cd0003a40 con 0x7f5cd419b4a0
2023-07-21T22:08:52.787 INFO:teuthology.orchestra.run.smithi093.stdout:/usr/bin/ceph: stderr
2023-07-21T22:08:46.534+0000 7f5cdb934700 1 -- 172.21.15.93:0/367363419 --> [v2:172.21.15.93:3300/0,v1:172.21.15.93:6789/0] -- mon_subscribe({mgrmap=0+}) v3 -- 0x7f5cd419bff0 con 0x7f5cd419b4a0
2023-07-21T22:08:52.787 INFO:teuthology.orchestra.run.smithi093.stdout:/usr/bin/ceph: stderr
2023-07-21T22:08:46.534+0000 7f5cca7fc700 1 -- 172.21.15.93:0/367363419 <== mon.0 v2:172.21.15.93:3300/0 2 ==== config(26 keys) v1 ==== 1105+0+0 (secure 0 0 0) 0x7f5cd0003ba0 con 0x7f5cd419b4a0
2023-07-21T22:08:52.787 INFO:teuthology.orchestra.run.smithi093.stdout:/usr/bin/ceph: stderr
2023-07-21T22:08:46.534+0000 7f5cca7fc700 1 -- 172.21.15.93:0/367363419 <== mon.0 v2:172.21.15.93:3300/0 3 ==== mon_map magic: 0 v1 ==== 205+0+0 (secure 0 0 0) 0x7f5cd0019690 con 0x7f5cd419b4a0
2023-07-21T22:08:52.787 INFO:teuthology.orchestra.run.smithi093.stdout:/usr/bin/ceph: stderr
2023-07-21T22:08:46.534+0000 7f5cdb934700 1 -- 172.21.15.93:0/367363419 --> [v2:172.21.15.93:3300/0,v1:172.21.15.93:6789/0] -- mon_subscribe({osdmap=0}) v3 -- 0x7f5cd419ec50 con 0x7f5cd419b4a0
2023-07-21T22:08:52.787 INFO:teuthology.orchestra.run.smithi093.stdout:/usr/bin/ceph: stderr
2023-07-21T22:08:46.535+0000 7f5cca7fc700 1 -- 172.21.15.93:0/367363419 <== mon.0 v2:172.21.15.93:3300/0 4 ==== mgrmap(e 9) v1 ==== 45496+0+0 (secure 0 0 0) 0x7f5cd001aa60 con 0x7f5cd419b4a0
2023-07-21T22:08:52.787 INFO:teuthology.orchestra.run.smithi093.stdout:/usr/bin/ceph: stderr
2023-07-21T22:08:46.535+0000 7f5cca7fc700 1 --2- 172.21.15.93:0/367363419 >> [v2:172.21.15.93:6800/3590233301,v1:172.21.15.93:6801/3590233301] conn(0x7f5cc0038710 0x7f5cc003abc0 unknown :-1 s=NONE pgs=0 cs=0 l=1 rev1=0 crypto rx=0 tx=0 comp rx=0 tx=0).connect
2023-07-21T22:08:52.787 INFO:teuthology.orchestra.run.smithi093.stdout:/usr/bin/ceph: stderr
2023-07-21T22:08:46.535+0000 7f5cca7fc700 1 -- 172.21.15.93:0/367363419 --> [v2:172.21.15.93:6800/3590233301,v1:172.21.15.93:6801/3590233301] -- command(tid 0: {"prefix": "get_command_descriptions"}) v1 -- 0x7f5cc003b2d0 con 0x7f5cc0038710
2023-07-21T22:08:52.788 INFO:teuthology.orchestra.run.smithi093.stdout:/usr/bin/ceph: stderr
2023-07-21T22:08:46.535+0000 7f5cca7fc700 1 -- 172.21.15.93:0/367363419 <== mon.0 v2:172.21.15.93:3300/0 5 ==== osd_map(2..2 src has 1..2) v4 ==== 940+0+0 (secure 0 0 0) 0x7f5cd004c800 con 0x7f5cd419b4a0
2023-07-21T22:08:52.788 INFO:teuthology.orchestra.run.smithi093.stdout:/usr/bin/ceph: stderr
2023-07-21T22:08:46.535+0000 7f5cd8ecf700 1 -- 172.21.15.93:0/367363419 >> [v2:172.21.15.93:6800/3590233301,v1:172.21.15.93:6801/3590233301] conn(0x7f5cc0038710 msgr2=0x7f5cc003abc0 unknown :-1 s=STATE_CONNECTING_RE l=1).process reconnect failed to v2:172.21.15.93:6800/3590233301
2023-07-21T22:08:52.788 INFO:teuthology.orchestra.run.smithi093.stdout:/usr/bin/ceph: stderr
2023-07-21T22:08:46.535+0000 7f5cd8ecf700 1 --2- 172.21.15.93:0/367363419 >> [v2:172.21.15.93:6800/3590233301,v1:172.21.15.93:6801/3590233301] conn(0x7f5cc0038710 0x7f5cc003abc0 unknown :-1 s=START_CONNECT pgs=0 cs=0 l=1 rev1=0 crypto rx=0 tx=0 comp rx=0 tx=0)._fault waiting 0.200000
2023-07-21T22:08:52.788 INFO:teuthology.orchestra.run.smithi093.stdout:/usr/bin/ceph: stderr
2023-07-21T22:08:46.736+0000 7f5cd8ecf700 1 -- 172.21.15.93:0/367363419 >> [v2:172.21.15.93:6800/3590233301,v1:172.21.15.93:6801/3590233301] conn(0x7f5cc0038710 msgr2=0x7f5cc003abc0 unknown :-1 s=STATE_CONNECTING_RE l=1).process reconnect failed to v2:172.21.15.93:6800/3590233301
2023-07-21T22:08:52.788 INFO:teuthology.orchestra.run.smithi093.stdout:/usr/bin/ceph: stderr
2023-07-21T22:08:46.736+0000 7f5cd8ecf700 1 --2- 172.21.15.93:0/367363419 >> [v2:172.21.15.93:6800/3590233301,v1:172.21.15.93:6801/3590233301] conn(0x7f5cc0038710 0x7f5cc003abc0 unknown :-1 s=START_CONNECT pgs=0 cs=0 l=1 rev1=0 crypto rx=0 tx=0 comp rx=0 tx=0)._fault waiting 0.400000
2023-07-21T22:08:52.789 INFO:teuthology.orchestra.run.smithi093.stdout:/usr/bin/ceph: stderr
2023-07-21T22:08:47.137+0000 7f5cd8ecf700 1 -- 172.21.15.93:0/367363419 >> [v2:172.21.15.93:6800/3590233301,v1:172.21.15.93:6801/3590233301] conn(0x7f5cc0038710 msgr2=0x7f5cc003abc0 unknown :-1 s=STATE_CONNECTING_RE l=1).process reconnect failed to v2:172.21.15.93:6800/3590233301
2023-07-21T22:08:52.789 INFO:teuthology.orchestra.run.smithi093.stdout:/usr/bin/ceph: stderr
2023-07-21T22:08:47.137+0000 7f5cd8ecf700 1 --2- 172.21.15.93:0/367363419 >> [v2:172.21.15.93:6800/3590233301,v1:172.21.15.93:6801/3590233301] conn(0x7f5cc0038710 0x7f5cc003abc0 unknown :-1 s=START_CONNECT pgs=0 cs=0 l=1 rev1=0 crypto rx=0 tx=0 comp rx=0 tx=0)._fault waiting 0.800000
2023-07-21T22:08:52.789 INFO:teuthology.orchestra.run.smithi093.stdout:/usr/bin/ceph: stderr
2023-07-21T22:08:47.938+0000 7f5cd8ecf700 1 -- 172.21.15.93:0/367363419 >> [v2:172.21.15.93:6800/3590233301,v1:172.21.15.93:6801/3590233301] conn(0x7f5cc0038710 msgr2=0x7f5cc003abc0 unknown :-1 s=STATE_CONNECTING_RE l=1).process reconnect failed to v2:172.21.15.93:6800/3590233301
2023-07-21T22:08:52.789 INFO:teuthology.orchestra.run.smithi093.stdout:/usr/bin/ceph: stderr
2023-07-21T22:08:47.938+0000 7f5cd8ecf700 1 --2- 172.21.15.93:0/367363419 >> [v2:172.21.15.93:6800/3590233301,v1:172.21.15.93:6801/3590233301] conn(0x7f5cc0038710 0x7f5cc003abc0 unknown :-1 s=START_CONNECT pgs=0 cs=0 l=1 rev1=0 crypto rx=0 tx=0 comp rx=0 tx=0)._fault waiting 1.600000
2023-07-21T22:08:52.790 INFO:teuthology.orchestra.run.smithi093.stdout:/usr/bin/ceph: stderr
2023-07-21T22:08:49.539+0000 7f5cd8ecf700 1 -- 172.21.15.93:0/367363419 >> [v2:172.21.15.93:6800/3590233301,v1:172.21.15.93:6801/3590233301] conn(0x7f5cc0038710 msgr2=0x7f5cc003abc0 unknown :-1 s=STATE_CONNECTING_RE l=1).process reconnect failed to v2:172.21.15.93:6800/3590233301
2023-07-21T22:08:52.790 INFO:teuthology.orchestra.run.smithi093.stdout:/usr/bin/ceph: stderr
2023-07-21T22:08:49.539+0000 7f5cd8ecf700 1 --2- 172.21.15.93:0/367363419 >> [v2:172.21.15.93:6800/3590233301,v1:172.21.15.93:6801/3590233301] conn(0x7f5cc0038710 0x7f5cc003abc0 unknown :-1 s=START_CONNECT pgs=0 cs=0 l=1 rev1=0 crypto rx=0 tx=0 comp rx=0 tx=0)._fault waiting 3.200000
2023-07-21T22:08:52.790 INFO:teuthology.orchestra.run.smithi093.stdout:/usr/bin/ceph: stderr
2023-07-21T22:08:51.132+0000 7f5cca7fc700 1 -- 172.21.15.93:0/367363419 <== mon.0 v2:172.21.15.93:3300/0 6 ==== mgrmap(e 10) v1 ==== 45263+0+0 (secure 0 0 0) 0x7f5cd002d430 con 0x7f5cd419b4a0
2023-07-21T22:08:52.790 INFO:teuthology.orchestra.run.smithi093.stdout:/usr/bin/ceph: stderr
2023-07-21T22:08:51.132+0000 7f5cca7fc700 1 -- 172.21.15.93:0/367363419 >> [v2:172.21.15.93:6800/3590233301,v1:172.21.15.93:6801/3590233301] conn(0x7f5cc0038710 msgr2=0x7f5cc003abc0 unknown :-1 s=STATE_CONNECTING l=1).mark_down
2023-07-21T22:08:52.790 INFO:teuthology.orchestra.run.smithi093.stdout:/usr/bin/ceph: stderr
2023-07-21T22:08:51.132+0000 7f5cca7fc700 1 --2- 172.21.15.93:0/367363419 >> [v2:172.21.15.93:6800/3590233301,v1:172.21.15.93:6801/3590233301] conn(0x7f5cc0038710 0x7f5cc003abc0 unknown :-1 s=START_CONNECT pgs=0 cs=0 l=1 rev1=0 crypto rx=0 tx=0 comp rx=0 tx=0).stop
2023-07-21T22:08:52.790 INFO:teuthology.orchestra.run.smithi093.stdout:/usr/bin/ceph: stderr
2023-07-21T22:08:52.133+0000 7f5cca7fc700 1 -- 172.21.15.93:0/367363419 <== mon.0 v2:172.21.15.93:3300/0 7 ==== mgrmap(e 11) v1 ==== 45390+0+0 (secure 0 0 0) 0x7f5cd004e630 con 0x7f5cd419b4a0
2023-07-21T22:08:52.791 INFO:teuthology.orchestra.run.smithi093.stdout:/usr/bin/ceph: stderr
2023-07-21T22:08:52.133+0000 7f5cca7fc700 1 --2- 172.21.15.93:0/367363419 >> [v2:172.21.15.93:6800/2721150511,v1:172.21.15.93:6801/2721150511] conn(0x7f5cc003bff0 0x7f5cc003e3d0 unknown :-1 s=NONE pgs=0 cs=0 l=1 rev1=0 crypto rx=0 tx=0 comp rx=0 tx=0).connect
2023-07-21T22:08:52.791 INFO:teuthology.orchestra.run.smithi093.stdout:/usr/bin/ceph: stderr
2023-07-21T22:08:52.133+0000 7f5cca7fc700 1 -- 172.21.15.93:0/367363419 --> [v2:172.21.15.93:6800/2721150511,v1:172.21.15.93:6801/2721150511] -- command(tid 0: {"prefix": "get_command_descriptions"}) v1 -- 0x7f5cc003b2d0 con 0x7f5cc003bff0
2023-07-21T22:08:52.791 INFO:teuthology.orchestra.run.smithi093.stdout:/usr/bin/ceph: stderr
2023-07-21T22:08:52.134+0000 7f5cd8ecf700 1 --2- 172.21.15.93:0/367363419 >> [v2:172.21.15.93:6800/2721150511,v1:172.21.15.93:6801/2721150511] conn(0x7f5cc003bff0 0x7f5cc003e3d0 unknown :-1 s=BANNER_CONNECTING pgs=0 cs=0 l=1 rev1=0 crypto rx=0 tx=0 comp rx=0 tx=0)._handle_peer_banner_payload supported=3 required=0
2023-07-21T22:08:52.791 INFO:teuthology.orchestra.run.smithi093.stdout:/usr/bin/ceph: stderr
2023-07-21T22:08:52.135+0000 7f5cd8ecf700 1 --2- 172.21.15.93:0/367363419 >> [v2:172.21.15.93:6800/2721150511,v1:172.21.15.93:6801/2721150511] conn(0x7f5cc003bff0 0x7f5cc003e3d0 secure :-1 s=READY pgs=1 cs=0 l=1 rev1=1 crypto rx=0x7f5cc4003a10 tx=0x7f5cc40092b0 comp rx=0 tx=0).ready entity=mgr.14152 client_cookie=0 server_cookie=0 in_seq=0 out_seq=0
2023-07-21T22:08:52.791 INFO:teuthology.orchestra.run.smithi093.stdout:/usr/bin/ceph: stderr
2023-07-21T22:08:52.135+0000 7f5cca7fc700 1 -- 172.21.15.93:0/367363419 <== mgr.14152 v2:172.21.15.93:6800/2721150511 1 ==== command_reply(tid 0: 0 ) v1 ==== 8+0+6910 (secure 0 0 0) 0x7f5cc003b2d0 con 0x7f5cc003bff0
2023-07-21T22:08:52.791 INFO:teuthology.orchestra.run.smithi093.stdout:/usr/bin/ceph: stderr
