2023-07-21T22:08:34.699 INFO:teuthology.orchestra.run.smithi093.stdout:/usr/bin/ceph: stderr
2023-07-21T22:08:34.062+0000 7fe9b0cc8700 1 -- 172.21.15.93:0/1965106385 --> [v2:172.21.15.93:3300/0,v1:172.21.15.93:6789/0] -- mon_subscribe({osdmap=0}) v3 -- 0x7fe9ac199de0 con 0x7fe9ac106010
2023-07-21T22:08:34.699 INFO:teuthology.orchestra.run.smithi093.stdout:/usr/bin/ceph: stderr
2023-07-21T22:08:34.063+0000 7fe99b7fe700 1 -- 172.21.15.93:0/1965106385 <== mon.0 v2:172.21.15.93:3300/0 4 ==== mgrmap(e 8) v1 ==== 45483+0+0 (secure 0 0 0) 0x7fe9a002d3f0 con 0x7fe9ac106010
2023-07-21T22:08:34.699 INFO:teuthology.orchestra.run.smithi093.stdout:/usr/bin/ceph: stderr
2023-07-21T22:08:34.063+0000 7fe9b0cc8700 1 -- 172.21.15.93:0/1965106385 --> [v2:172.21.15.93:3300/0,v1:172.21.15.93:6789/0] -- mon_command({"prefix": "get_command_descriptions"} v 0) v1 -- 0x7fe9ac061b40 con 0x7fe9ac106010
2023-07-21T22:08:34.699 INFO:teuthology.orchestra.run.smithi093.stdout:/usr/bin/ceph: stderr
2023-07-21T22:08:34.063+0000 7fe99b7fe700 1 --2- 172.21.15.93:0/1965106385 >> [v2:172.21.15.93:6800/3590233301,v1:172.21.15.93:6801/3590233301] conn(0x7fe994038760 0x7fe99403ac10 unknown :-1 s=NONE pgs=0 cs=0 l=1 rev1=0 crypto rx=0 tx=0 comp rx=0 tx=0).connect
2023-07-21T22:08:34.699 INFO:teuthology.orchestra.run.smithi093.stdout:/usr/bin/ceph: stderr
2023-07-21T22:08:34.063+0000 7fe99b7fe700 1 -- 172.21.15.93:0/1965106385 <== mon.0 v2:172.21.15.93:3300/0 5 ==== osd_map(2..2 src has 1..2) v4 ==== 940+0+0 (secure 0 0 0) 0x7fe9a004c9b0 con 0x7fe9ac106010
2023-07-21T22:08:34.699 INFO:teuthology.orchestra.run.smithi093.stdout:/usr/bin/ceph: stderr
2023-07-21T22:08:34.063+0000 7fe9a9d9b700 1 --2- 172.21.15.93:0/1965106385 >> [v2:172.21.15.93:6800/3590233301,v1:172.21.15.93:6801/3590233301] conn(0x7fe994038760 0x7fe99403ac10 unknown :-1 s=BANNER_CONNECTING pgs=0 cs=0 l=1 rev1=0 crypto rx=0 tx=0 comp rx=0 tx=0)._handle_peer_banner_payload supported=3 required=0
2023-07-21T22:08:34.700 INFO:teuthology.orchestra.run.smithi093.stdout:/usr/bin/ceph: stderr
2023-07-21T22:08:34.064+0000 7fe9a9d9b700 1 --2- 172.21.15.93:0/1965106385 >> [v2:172.21.15.93:6800/3590233301,v1:172.21.15.93:6801/3590233301] conn(0x7fe994038760 0x7fe99403ac10 secure :-1 s=READY pgs=10 cs=0 l=1 rev1=1 crypto rx=0x7fe99c006fd0 tx=0x7fe99c006e40 comp rx=0 tx=0).ready entity=mgr.14120 client_cookie=0 server_cookie=0 in_seq=0 out_seq=0
2023-07-21T22:08:34.700 INFO:teuthology.orchestra.run.smithi093.stdout:/usr/bin/ceph: stderr
2023-07-21T22:08:34.068+0000 7fe99b7fe700 1 -- 172.21.15.93:0/1965106385 <== mon.0 v2:172.21.15.93:3300/0 6 ==== mon_command_ack([{"prefix": "get_command_descriptions"}]=0 v0) v1 ==== 72+0+178008 (secure 0 0 0) 0x7fe9a0010970 con 0x7fe9ac106010
2023-07-21T22:08:34.700 INFO:teuthology.orchestra.run.smithi093.stdout:/usr/bin/ceph: stderr
2023-07-21T22:08:34.256+0000 7fe9b0cc8700 1 -- 172.21.15.93:0/1965106385 --> [v2:172.21.15.93:6800/3590233301,v1:172.21.15.93:6801/3590233301] -- mgr_command(tid 0: {"prefix": "cephadm get-pub-key", "target": ["mon-mgr", ""]}) v1 -- 0x7fe9ac101d60 con 0x7fe994038760
2023-07-21T22:08:34.700 INFO:teuthology.orchestra.run.smithi093.stdout:/usr/bin/ceph: stderr
2023-07-21T22:08:34.257+0000 7fe99b7fe700 1 -- 172.21.15.93:0/1965106385 <== mgr.14120 v2:172.21.15.93:6800/3590233301 1 ==== mgr_command_reply(tid 0: 0 ) v1 ==== 8+0+595 (secure 0 0 0) 0x7fe9ac101d60 con 0x7fe994038760
2023-07-21T22:08:34.700 INFO:teuthology.orchestra.run.smithi093.stdout:/usr/bin/ceph: stderr
2023-07-21T22:08:34.259+0000 7fe9b0cc8700 1 -- 172.21.15.93:0/1965106385 >> [v2:172.21.15.93:6800/3590233301,v1:172.21.15.93:6801/3590233301] conn(0x7fe994038760 msgr2=0x7fe99403ac10 secure :-1 s=STATE_CONNECTION_ESTABLISHED l=1).mark_down
2023-07-21T22:08:34.700 INFO:teuthology.orchestra.run.smithi093.stdout:/usr/bin/ceph: stderr
2023-07-21T22:08:34.259+0000 7fe9b0cc8700 1 --2- 172.21.15.93:0/1965106385 >> [v2:172.21.15.93:6800/3590233301,v1:172.21.15.93:6801/3590233301] conn(0x7fe994038760 0x7fe99403ac10 secure :-1 s=READY pgs=10 cs=0 l=1 rev1=1 crypto rx=0x7fe99c006fd0 tx=0x7fe99c006e40 comp rx=0 tx=0).stop
2023-07-21T22:08:34.700 INFO:teuthology.orchestra.run.smithi093.stdout:/usr/bin/ceph: stderr
2023-07-21T22:08:34.259+0000 7fe9b0cc8700 1 -- 172.21.15.93:0/1965106385 >> [v2:172.21.15.93:3300/0,v1:172.21.15.93:6789/0] conn(0x7fe9ac106010 msgr2=0x7fe9ac199280 secure :-1 s=STATE_CONNECTION_ESTABLISHED l=1).mark_down
2023-07-21T22:08:34.701 INFO:teuthology.orchestra.run.smithi093.stdout:/usr/bin/ceph: stderr
2023-07-21T22:08:34.259+0000 7fe9b0cc8700 1 --2- 172.21.15.93:0/1965106385 >> [v2:172.21.15.93:3300/0,v1:172.21.15.93:6789/0] conn(0x7fe9ac106010 0x7fe9ac199280 secure :-1 s=READY pgs=44 cs=0 l=1 rev1=1 crypto rx=0x7fe9a0009130 tx=0x7fe9a0011ad0 comp rx=0 tx=0).stop
2023-07-21T22:08:34.701 INFO:teuthology.orchestra.run.smithi093.stdout:/usr/bin/ceph: stderr
2023-07-21T22:08:34.259+0000 7fe9b0cc8700 1 -- 172.21.15.93:0/1965106385 shutdown_connections
2023-07-21T22:08:34.701 INFO:teuthology.orchestra.run.smithi093.stdout:/usr/bin/ceph: stderr
2023-07-21T22:08:34.259+0000 7fe9b0cc8700 1 --2- 172.21.15.93:0/1965106385 >> [v2:172.21.15.93:6800/3590233301,v1:172.21.15.93:6801/3590233301] conn(0x7fe994038760 0x7fe99403ac10 unknown :-1 s=CLOSED pgs=10 cs=0 l=1 rev1=1 crypto rx=0 tx=0 comp rx=0 tx=0).stop
2023-07-21T22:08:34.701 INFO:teuthology.orchestra.run.smithi093.stdout:/usr/bin/ceph: stderr
2023-07-21T22:08:34.259+0000 7fe9b0cc8700 1 --2- 172.21.15.93:0/1965106385 >> [v2:172.21.15.93:3300/0,v1:172.21.15.93:6789/0] conn(0x7fe9ac106010 0x7fe9ac199280 unknown :-1 s=CLOSED pgs=44 cs=0 l=1 rev1=1 crypto rx=0 tx=0 comp rx=0 tx=0).stop
2023-07-21T22:08:34.701 INFO:teuthology.orchestra.run.smithi093.stdout:/usr/bin/ceph: stderr
2023-07-21T22:08:34.259+0000 7fe9b0cc8700 1 -- 172.21.15.93:0/1965106385 >> 172.21.15.93:0/1965106385 conn(0x7fe9ac0ffa50 msgr2=0x7fe9ac101140 unknown :-1 s=STATE_NONE l=0).mark_down
2023-07-21T22:08:34.701 INFO:teuthology.orchestra.run.smithi093.stdout:/usr/bin/ceph: stderr
2023-07-21T22:08:34.259+0000 7fe9b0cc8700 1 -- 172.21.15.93:0/1965106385 shutdown_connections
2023-07-21T22:08:34.701 INFO:teuthology.orchestra.run.smithi093.stdout:/usr/bin/ceph: stderr
2023-07-21T22:08:34.259+0000 7fe9b0cc8700 1 -- 172.21.15.93:0/1965106385 wait complete.
2023-07-21T22:08:34.701 INFO:teuthology.orchestra.run.smithi093.stdout:Wrote public SSH key to /home/ubuntu/cephtest/ceph.pub
2023-07-21T22:08:34.702 INFO:teuthology.orchestra.run.smithi093.stdout:Adding key to root@localhost authorized_keys...
2023-07-21T22:08:34.702 INFO:teuthology.orchestra.run.smithi093.stdout:Adding host smithi093...
2023-07-21T22:08:35.569 INFO:journalctl@ceph.mon.a.smithi093.stdout:Jul 21 22:08:35 smithi093 ceph-mon[96579]: from='client.14138 -' entity='client.admin' cmd=[{"prefix": "cephadm get-pub-key", "target": ["mon-mgr", ""]}]: dispatch
2023-07-21T22:08:36.437 INFO:journalctl@ceph.mon.a.smithi093.stdout:Jul 21 22:08:36 smithi093 ceph-mon[96579]: from='client.14140 -' entity='client.admin' cmd=[{"prefix": "orch host add", "hostname": "smithi093", "addr": "172.21.15.93", "target": ["mon-mgr", ""]}]: dispatch
2023-07-21T22:08:37.886 INFO:journalctl@ceph.mon.a.smithi093.stdout:Jul 21 22:08:37 smithi093 ceph-mon[96579]: Deploying cephadm binary to smithi093
2023-07-21T22:08:37.944 INFO:teuthology.orchestra.run.smithi093.stdout:/usr/bin/ceph: stdout Added host 'smithi093' with addr '172.21.15.93'
2023-07-21T22:08:37.944 INFO:teuthology.orchestra.run.smithi093.stdout:/usr/bin/ceph: stderr
2023-07-21T22:08:35.088+0000 7f2a7e732700 1 Processor -- start
2023-07-21T22:08:37.944 INFO:teuthology.orchestra.run.smithi093.stdout:/usr/bin/ceph: stderr
2023-07-21T22:08:35.088+0000 7f2a7e732700 1 -- start start
2023-07-21T22:08:37.944 INFO:teuthology.orchestra.run.smithi093.stdout:/usr/bin/ceph: stderr
2023-07-21T22:08:35.088+0000 7f2a7e732700 1 --2- >> [v2:172.21.15.93:3300/0,v1:172.21.15.93:6789/0] conn(0x7f2a781037e0 0x7f2a78103bf0 unknown :-1 s=NONE pgs=0 cs=0 l=0 rev1=0 crypto rx=0 tx=0 comp rx=0 tx=0).connect
2023-07-21T22:08:37.944 INFO:teuthology.orchestra.run.smithi093.stdout:/usr/bin/ceph: stderr
2023-07-21T22:08:35.088+0000 7f2a7e732700 1 -- --> [v2:172.21.15.93:3300/0,v1:172.21.15.93:6789/0] -- mon_getmap magic: 0 v1 -- 0x7f2a78104130 con 0x7f2a781037e0
2023-07-21T22:08:37.945 INFO:teuthology.orchestra.run.smithi093.stdout:/usr/bin/ceph: stderr
2023-07-21T22:08:35.088+0000 7f2a77fff700 1 --2- >> [v2:172.21.15.93:3300/0,v1:172.21.15.93:6789/0] conn(0x7f2a781037e0 0x7f2a78103bf0 unknown :-1 s=BANNER_CONNECTING pgs=0 cs=0 l=0 rev1=0 crypto rx=0 tx=0 comp rx=0 tx=0)._handle_peer_banner_payload supported=3 required=0
2023-07-21T22:08:37.945 INFO:teuthology.orchestra.run.smithi093.stdout:/usr/bin/ceph: stderr
2023-07-21T22:08:35.088+0000 7f2a77fff700 1 --2- >> [v2:172.21.15.93:3300/0,v1:172.21.15.93:6789/0] conn(0x7f2a781037e0 0x7f2a78103bf0 unknown :-1 s=HELLO_CONNECTING pgs=0 cs=0 l=0 rev1=1 crypto rx=0 tx=0 comp rx=0 tx=0).handle_hello peer v2:172.21.15.93:3300/0 says I am v2:172.21.15.93:40920/0 (socket says 172.21.15.93:40920)
2023-07-21T22:08:37.945 INFO:teuthology.orchestra.run.smithi093.stdout:/usr/bin/ceph: stderr
2023-07-21T22:08:35.088+0000 7f2a77fff700 1 -- 172.21.15.93:0/1845111423 learned_addr learned my addr 172.21.15.93:0/1845111423 (peer_addr_for_me v2:172.21.15.93:0/0)
2023-07-21T22:08:37.945 INFO:teuthology.orchestra.run.smithi093.stdout:/usr/bin/ceph: stderr
2023-07-21T22:08:35.088+0000 7f2a77fff700 1 -- 172.21.15.93:0/1845111423 --> [v2:172.21.15.93:3300/0,v1:172.21.15.93:6789/0] -- mon_subscribe({config=0+,monmap=0+}) v3 -- 0x7f2a78104270 con 0x7f2a781037e0
2023-07-21T22:08:37.945 INFO:teuthology.orchestra.run.smithi093.stdout:/usr/bin/ceph: stderr
2023-07-21T22:08:35.088+0000 7f2a77fff700 1 --2- 172.21.15.93:0/1845111423 >> [v2:172.21.15.93:3300/0,v1:172.21.15.93:6789/0] conn(0x7f2a781037e0 0x7f2a78103bf0 secure :-1 s=READY pgs=45 cs=0 l=1 rev1=1 crypto rx=0x7f2a680098a0 tx=0x7f2a68009bb0 comp rx=0 tx=0).ready entity=mon.0 client_cookie=b57a0c506997881c server_cookie=0 in_seq=0 out_seq=0
2023-07-21T22:08:37.945 INFO:teuthology.orchestra.run.smithi093.stdout:/usr/bin/ceph: stderr
2023-07-21T22:08:35.089+0000 7f2a76ffd700 1 -- 172.21.15.93:0/1845111423 <== mon.0 v2:172.21.15.93:3300/0 1 ==== mon_map magic: 0 v1 ==== 205+0+0 (secure 0 0 0) 0x7f2a68004160 con 0x7f2a781037e0
2023-07-21T22:08:37.945 INFO:teuthology.orchestra.run.smithi093.stdout:/usr/bin/ceph: stderr
2023-07-21T22:08:35.089+0000 7f2a76ffd700 1 -- 172.21.15.93:0/1845111423 <== mon.0 v2:172.21.15.93:3300/0 2 ==== config(26 keys) v1 ==== 1074+0+0 (secure 0 0 0) 0x7f2a680042c0 con 0x7f2a781037e0
2023-07-21T22:08:37.946 INFO:teuthology.orchestra.run.smithi093.stdout:/usr/bin/ceph: stderr
2023-07-21T22:08:35.089+0000 7f2a76ffd700 1 -- 172.21.15.93:0/1845111423 <== mon.0 v2:172.21.15.93:3300/0 3 ==== mon_map magic: 0 v1 ==== 205+0+0 (secure 0 0 0) 0x7f2a68011a00 con 0x7f2a781037e0
2023-07-21T22:08:37.946 INFO:teuthology.orchestra.run.smithi093.stdout:/usr/bin/ceph: stderr
2023-07-21T22:08:35.089+0000 7f2a7e732700 1 -- 172.21.15.93:0/1845111423 >> [v2:172.21.15.93:3300/0,v1:172.21.15.93:6789/0] conn(0x7f2a781037e0 msgr2=0x7f2a78103bf0 secure :-1 s=STATE_CONNECTION_ESTABLISHED l=1).mark_down
2023-07-21T22:08:37.946 INFO:teuthology.orchestra.run.smithi093.stdout:/usr/bin/ceph: stderr
2023-07-21T22:08:35.089+0000 7f2a7e732700 1 --2- 172.21.15.93:0/1845111423 >> [v2:172.21.15.93:3300/0,v1:172.21.15.93:6789/0] conn(0x7f2a781037e0 0x7f2a78103bf0 secure :-1 s=READY pgs=45 cs=0 l=1 rev1=1 crypto rx=0x7f2a680098a0 tx=0x7f2a68009bb0 comp rx=0 tx=0).stop
2023-07-21T22:08:37.946 INFO:teuthology.orchestra.run.smithi093.stdout:/usr/bin/ceph: stderr
2023-07-21T22:08:35.089+0000 7f2a7e732700 1 -- 172.21.15.93:0/1845111423 shutdown_connections
2023-07-21T22:08:37.946 INFO:teuthology.orchestra.run.smithi093.stdout:/usr/bin/ceph: stderr
2023-07-21T22:08:35.089+0000 7f2a7e732700 1 --2- 172.21.15.93:0/1845111423 >> [v2:172.21.15.93:3300/0,v1:172.21.15.93:6789/0] conn(0x7f2a781037e0 0x7f2a78103bf0 unknown :-1 s=CLOSED pgs=45 cs=0 l=1 rev1=1 crypto rx=0 tx=0 comp rx=0 tx=0).stop
2023-07-21T22:08:37.946 INFO:teuthology.orchestra.run.smithi093.stdout:/usr/bin/ceph: stderr
2023-07-21T22:08:35.089+0000 7f2a7e732700 1 -- 172.21.15.93:0/1845111423 >> 172.21.15.93:0/1845111423 conn(0x7f2a780ff1c0 msgr2=0x7f2a781015f0 unknown :-1 s=STATE_NONE l=0).mark_down
2023-07-21T22:08:37.946 INFO:teuthology.orchestra.run.smithi093.stdout:/usr/bin/ceph: stderr
2023-07-21T22:08:35.089+0000 7f2a7e732700 1 -- 172.21.15.93:0/1845111423 shutdown_connections
2023-07-21T22:08:37.947 INFO:teuthology.orchestra.run.smithi093.stdout:/usr/bin/ceph: stderr
2023-07-21T22:08:35.089+0000 7f2a7e732700 1 -- 172.21.15.93:0/1845111423 wait complete.
2023-07-21T22:08:37.947 INFO:teuthology.orchestra.run.smithi093.stdout:/usr/bin/ceph: stderr
2023-07-21T22:08:35.090+0000 7f2a7e732700 1 Processor -- start
2023-07-21T22:08:37.947 INFO:teuthology.orchestra.run.smithi093.stdout:/usr/bin/ceph: stderr
2023-07-21T22:08:35.090+0000 7f2a7e732700 1 -- start start
2023-07-21T22:08:37.947 INFO:teuthology.orchestra.run.smithi093.stdout:/usr/bin/ceph: stderr
2023-07-21T22:08:35.090+0000 7f2a7e732700 1 --2- >> [v2:172.21.15.93:3300/0,v1:172.21.15.93:6789/0] conn(0x7f2a781037e0 0x7f2a78106170 unknown :-1 s=NONE pgs=0 cs=0 l=1 rev1=0 crypto rx=0 tx=0 comp rx=0 tx=0).connect
2023-07-21T22:08:37.947 INFO:teuthology.orchestra.run.smithi093.stdout:/usr/bin/ceph: stderr
2023-07-21T22:08:35.090+0000 7f2a7e732700 1 -- --> [v2:172.21.15.93:3300/0,v1:172.21.15.93:6789/0] -- mon_getmap magic: 0 v1 -- 0x7f2a781066b0 con 0x7f2a781037e0
2023-07-21T22:08:37.947 INFO:teuthology.orchestra.run.smithi093.stdout:/usr/bin/ceph: stderr
2023-07-21T22:08:35.090+0000 7f2a77fff700 1 --2- >> [v2:172.21.15.93:3300/0,v1:172.21.15.93:6789/0] conn(0x7f2a781037e0 0x7f2a78106170 unknown :-1 s=BANNER_CONNECTING pgs=0 cs=0 l=1 rev1=0 crypto rx=0 tx=0 comp rx=0 tx=0)._handle_peer_banner_payload supported=3 required=0
2023-07-21T22:08:37.947 INFO:teuthology.orchestra.run.smithi093.stdout:/usr/bin/ceph: stderr
2023-07-21T22:08:35.090+0000 7f2a77fff700 1 --2- >> [v2:172.21.15.93:3300/0,v1:172.21.15.93:6789/0] conn(0x7f2a781037e0 0x7f2a78106170 unknown :-1 s=HELLO_CONNECTING pgs=0 cs=0 l=1 rev1=1 crypto rx=0 tx=0 comp rx=0 tx=0).handle_hello peer v2:172.21.15.93:3300/0 says I am v2:172.21.15.93:40922/0 (socket says 172.21.15.93:40922)
2023-07-21T22:08:37.947 INFO:teuthology.orchestra.run.smithi093.stdout:/usr/bin/ceph: stderr
2023-07-21T22:08:35.090+0000 7f2a77fff700 1 -- 172.21.15.93:0/1197947625 learned_addr learned my addr 172.21.15.93:0/1197947625 (peer_addr_for_me v2:172.21.15.93:0/0)
2023-07-21T22:08:37.948 INFO:teuthology.orchestra.run.smithi093.stdout:/usr/bin/ceph: stderr
2023-07-21T22:08:35.090+0000 7f2a77fff700 1 -- 172.21.15.93:0/1197947625 --> [v2:172.21.15.93:3300/0,v1:172.21.15.93:6789/0] -- mon_subscribe({config=0+,monmap=0+}) v3 -- 0x7f2a68009550 con 0x7f2a781037e0
2023-07-21T22:08:37.948 INFO:teuthology.orchestra.run.smithi093.stdout:/usr/bin/ceph: stderr
2023-07-21T22:08:35.091+0000 7f2a77fff700 1 --2- 172.21.15.93:0/1197947625 >> [v2:172.21.15.93:3300/0,v1:172.21.15.93:6789/0] conn(0x7f2a781037e0 0x7f2a78106170 secure :-1 s=READY pgs=46 cs=0 l=1 rev1=1 crypto rx=0x7f2a68009130 tx=0x7f2a68011ad0 comp rx=0 tx=0).ready entity=mon.0 client_cookie=0 server_cookie=0 in_seq=0 out_seq=0
2023-07-21T22:08:37.948 INFO:teuthology.orchestra.run.smithi093.stdout:/usr/bin/ceph: stderr
2023-07-21T22:08:35.091+0000 7f2a757fa700 1 -- 172.21.15.93:0/1197947625 <== mon.0 v2:172.21.15.93:3300/0 1 ==== mon_map magic: 0 v1 ==== 205+0+0 (secure 0 0 0) 0x7f2a68003ab0 con 0x7f2a781037e0
2023-07-21T22:08:37.948 INFO:teuthology.orchestra.run.smithi093.stdout:/usr/bin/ceph: stderr
2023-07-21T22:08:35.091+0000 7f2a757fa700 1 -- 172.21.15.93:0/1197947625 <== mon.0 v2:172.21.15.93:3300/0 2 ==== config(26 keys) v1 ==== 1074+0+0 (secure 0 0 0) 0x7f2a68003c10 con 0x7f2a781037e0
2023-07-21T22:08:37.948 INFO:teuthology.orchestra.run.smithi093.stdout:/usr/bin/ceph: stderr
2023-07-21T22:08:35.091+0000 7f2a7e732700 1 -- 172.21.15.93:0/1197947625 --> [v2:172.21.15.93:3300/0,v1:172.21.15.93:6789/0] -- mon_subscribe({mgrmap=0+}) v3 -- 0x7f2a781047c0 con 0x7f2a781037e0
2023-07-21T22:08:37.948 INFO:teuthology.orchestra.run.smithi093.stdout:/usr/bin/ceph: stderr
2023-07-21T22:08:35.091+0000 7f2a757fa700 1 -- 172.21.15.93:0/1197947625 <== mon.0 v2:172.21.15.93:3300/0 3 ==== mon_map magic: 0 v1 ==== 205+0+0 (secure 0 0 0) 0x7f2a680247d0 con 0x7f2a781037e0
2023-07-21T22:08:37.948 INFO:teuthology.orchestra.run.smithi093.stdout:/usr/bin/ceph: stderr
2023-07-21T22:08:35.091+0000 7f2a7e732700 1 -- 172.21.15.93:0/1197947625 --> [v2:172.21.15.93:3300/0,v1:172.21.15.93:6789/0] -- mon_subscribe({osdmap=0}) v3 -- 0x7f2a78104be0 con 0x7f2a781037e0
2023-07-21T22:08:37.949 INFO:teuthology.orchestra.run.smithi093.stdout:/usr/bin/ceph: stderr
2023-07-21T22:08:35.092+0000 7f2a7e732700 1 -- 172.21.15.93:0/1197947625 --> [v2:172.21.15.93:3300/0,v1:172.21.15.93:6789/0] -- mon_command({"prefix": "get_command_descriptions"} v 0) v1 -- 0x7f2a78061b40 con 0x7f2a781037e0
2023-07-21T22:08:37.949 INFO:teuthology.orchestra.run.smithi093.stdout:/usr/bin/ceph: stderr
2023-07-21T22:08:35.092+0000 7f2a757fa700 1 -- 172.21.15.93:0/1197947625 <== mon.0 v2:172.21.15.93:3300/0 4 ==== mgrmap(e 8) v1 ==== 45483+0+0 (secure 0 0 0) 0x7f2a6801abb0 con 0x7f2a781037e0
2023-07-21T22:08:37.949 INFO:teuthology.orchestra.run.smithi093.stdout:/usr/bin/ceph: stderr
2023-07-21T22:08:35.093+0000 7f2a757fa700 1 --2- 172.21.15.93:0/1197947625 >> [v2:172.21.15.93:6800/3590233301,v1:172.21.15.93:6801/3590233301] conn(0x7f2a60038760 0x7f2a6003ac10 unknown :-1 s=NONE pgs=0 cs=0 l=1 rev1=0 crypto rx=0 tx=0 comp rx=0 tx=0).connect
2023-07-21T22:08:37.949 INFO:teuthology.orchestra.run.smithi093.stdout:/usr/bin/ceph: stderr
2023-07-21T22:08:35.093+0000 7f2a757fa700 1 -- 172.21.15.93:0/1197947625 <== mon.0 v2:172.21.15.93:3300/0 5 ==== osd_map(2..2 src has 1..2) v4 ==== 940+0+0 (secure 0 0 0) 0x7f2a6804cb60 con 0x7f2a781037e0
2023-07-21T22:08:37.949 INFO:teuthology.orchestra.run.smithi093.stdout:/usr/bin/ceph: stderr
2023-07-21T22:08:35.093+0000 7f2a777fe700 1 --2- 172.21.15.93:0/1197947625 >> [v2:172.21.15.93:6800/3590233301,v1:172.21.15.93:6801/3590233301] conn(0x7f2a60038760 0x7f2a6003ac10 unknown :-1 s=BANNER_CONNECTING pgs=0 cs=0 l=1 rev1=0 crypto rx=0 tx=0 comp rx=0 tx=0)._handle_peer_banner_payload supported=3 required=0
2023-07-21T22:08:37.949 INFO:teuthology.orchestra.run.smithi093.stdout:/usr/bin/ceph: stderr
2023-07-21T22:08:35.093+0000 7f2a777fe700 1 --2- 172.21.15.93:0/1197947625 >> [v2:172.21.15.93:6800/3590233301,v1:172.21.15.93:6801/3590233301] conn(0x7f2a60038760 0x7f2a6003ac10 secure :-1 s=READY pgs=11 cs=0 l=1 rev1=1 crypto rx=0x7f2a6c006fd0 tx=0x7f2a6c006e40 comp rx=0 tx=0).ready entity=mgr.14120 client_cookie=0 server_cookie=0 in_seq=0 out_seq=0
2023-07-21T22:08:37.950 INFO:teuthology.orchestra.run.smithi093.stdout:/usr/bin/ceph: stderr
2023-07-21T22:08:35.097+0000 7f2a757fa700 1 -- 172.21.15.93:0/1197947625 <== mon.0 v2:172.21.15.93:3300/0 6 ==== mon_command_ack([{"prefix": "get_command_descriptions"}]=0 v0) v1 ==== 72+0+178008 (secure 0 0 0) 0x7f2a68018760 con 0x7f2a781037e0
2023-07-21T22:08:37.950 INFO:teuthology.orchestra.run.smithi093.stdout:/usr/bin/ceph: stderr
2023-07-21T22:08:35.285+0000 7f2a7e732700 1 -- 172.21.15.93:0/1197947625 --> [v2:172.21.15.93:6800/3590233301,v1:172.21.15.93:6801/3590233301] -- mgr_command(tid 0: {"prefix": "orch host add", "hostname": "smithi093", "addr": "172.21.15.93", "target": ["mon-mgr", ""]}) v1 -- 0x7f2a78101520 con 0x7f2a60038760
2023-07-21T22:08:37.950 INFO:teuthology.orchestra.run.smithi093.stdout:/usr/bin/ceph: stderr
2023-07-21T22:08:37.554+0000 7f2a757fa700 1 -- 172.21.15.93:0/1197947625 <== mgr.14120 v2:172.21.15.93:6800/3590233301 1 ==== mgr_command_reply(tid 0: 0 ) v1 ==== 8+0+48 (secure 0 0 0) 0x7f2a78101520 con 0x7f2a60038760
2023-07-21T22:08:37.950 INFO:teuthology.orchestra.run.smithi093.stdout:/usr/bin/ceph: stderr
2023-07-21T22:08:37.557+0000 7f2a7e732700 1 -- 172.21.15.93:0/1197947625 >> [v2:172.21.15.93:6800/3590233301,v1:172.21.15.93:6801/3590233301] conn(0x7f2a60038760 msgr2=0x7f2a6003ac10 secure :-1 s=STATE_CONNECTION_ESTABLISHED l=1).mark_down
2023-07-21T22:08:37.950 INFO:teuthology.orchestra.run.smithi093.stdout:/usr/bin/ceph: stderr
2023-07-21T22:08:37.557+0000 7f2a7e732700 1 --2- 172.21.15.93:0/1197947625 >> [v2:172.21.15.93:6800/3590233301,v1:172.21.15.93:6801/3590233301] conn(0x7f2a60038760 0x7f2a6003ac10 secure :-1 s=READY pgs=11 cs=0 l=1 rev1=1 crypto rx=0x7f2a6c006fd0 tx=0x7f2a6c006e40 comp rx=0 tx=0).stop
2023-07-21T22:08:37.950 INFO:teuthology.orchestra.run.smithi093.stdout:/usr/bin/ceph: stderr
2023-07-21T22:08:37.557+0000 7f2a7e732700 1 -- 172.21.15.93:0/1197947625 >> [v2:172.21.15.93:3300/0,v1:172.21.15.93:6789/0] conn(0x7f2a781037e0 msgr2=0x7f2a78106170 secure :-1 s=STATE_CONNECTION_ESTABLISHED l=1).mark_down
2023-07-21T22:08:37.950 INFO:teuthology.orchestra.run.smithi093.stdout:/usr/bin/ceph: stderr
2023-07-21T22:08:37.557+0000 7f2a7e732700 1 --2- 172.21.15.93:0/1197947625 >> [v2:172.21.15.93:3300/0,v1:172.21.15.93:6789/0] conn(0x7f2a781037e0 0x7f2a78106170 secure :-1 s=READY pgs=46 cs=0 l=1 rev1=1 crypto rx=0x7f2a68009130 tx=0x7f2a68011ad0 comp rx=0 tx=0).stop
2023-07-21T22:08:37.951 INFO:teuthology.orchestra.run.smithi093.stdout:/usr/bin/ceph: stderr
2023-07-21T22:08:37.557+0000 7f2a7e732700 1 -- 172.21.15.93:0/1197947625 shutdown_connections
2023-07-21T22:08:37.951 INFO:teuthology.orchestra.run.smithi093.stdout:/usr/bin/ceph: stderr
2023-07-21T22:08:37.557+0000 7f2a7e732700 1 --2- 172.21.15.93:0/1197947625 >> [v2:172.21.15.93:6800/3590233301,v1:172.21.15.93:6801/3590233301] conn(0x7f2a60038760 0x7f2a6003ac10 unknown :-1 s=CLOSED pgs=11 cs=0 l=1 rev1=1 crypto rx=0 tx=0 comp rx=0 tx=0).stop
2023-07-21T22:08:37.951 INFO:teuthology.orchestra.run.smithi093.stdout:/usr/bin/ceph: stderr
2023-07-21T22:08:37.557+0000 7f2a7e732700 1 --2- 172.21.15.93:0/1197947625 >> [v2:172.21.15.93:3300/0,v1:172.21.15.93:6789/0] conn(0x7f2a781037e0 0x7f2a78106170 unknown :-1 s=CLOSED pgs=46 cs=0 l=1 rev1=1 crypto rx=0 tx=0 comp rx=0 tx=0).stop
2023-07-21T22:08:37.951 INFO:teuthology.orchestra.run.smithi093.stdout:/usr/bin/ceph: stderr
2023-07-21T22:08:37.557+0000 7f2a7e732700 1 -- 172.21.15.93:0/1197947625 >> 172.21.15.93:0/1197947625 conn(0x7f2a780ff1c0 msgr2=0x7f2a78100900 unknown :-1 s=STATE_NONE l=0).mark_down
2023-07-21T22:08:37.951 INFO:teuthology.orchestra.run.smithi093.stdout:/usr/bin/ceph: stderr
2023-07-21T22:08:37.557+0000 7f2a7e732700 1 -- 172.21.15.93:0/1197947625 shutdown_connections
2023-07-21T22:08:37.951 INFO:teuthology.orchestra.run.smithi093.stdout:/usr/bin/ceph: stderr
2023-07-21T22:08:37.557+0000 7f2a7e732700 1 -- 172.21.15.93:0/1197947625 wait complete.
2023-07-21T22:08:37.951 INFO:teuthology.orchestra.run.smithi093.stdout:Deploying unmanaged mon service...
2023-07-21T22:08:38.937 INFO:journalctl@ceph.mon.a.smithi093.stdout:Jul 21 22:08:38 smithi093 ceph-mon[96579]: from='mgr.14120 172.21.15.93:0/1365336018' entity='mgr.x'
2023-07-21T22:08:38.938 INFO:journalctl@ceph.mon.a.smithi093.stdout:Jul 21 22:08:38 smithi093 ceph-mon[96579]: Added host smithi093
2023-07-21T22:08:38.938 INFO:journalctl@ceph.mon.a.smithi093.stdout:Jul 21 22:08:38 smithi093 ceph-mon[96579]: from='mgr.14120 172.21.15.93:0/1365336018' entity='mgr.x' cmd=[{"prefix": "config dump", "format": "json"}]: dispatch
2023-07-21T22:08:39.488 INFO:teuthology.orchestra.run.smithi093.stdout:/usr/bin/ceph: stdout Scheduled mon update...
2023-07-21T22:08:39.489 INFO:teuthology.orchestra.run.smithi093.stdout:/usr/bin/ceph: stderr
2023-07-21T22:08:38.356+0000 7fc722c3c700 1 Processor -- start
2023-07-21T22:08:39.489 INFO:teuthology.orchestra.run.smithi093.stdout:/usr/bin/ceph: stderr
2023-07-21T22:08:38.356+0000 7fc722c3c700 1 -- start start
2023-07-21T22:08:39.489 INFO:teuthology.orchestra.run.smithi093.stdout:/usr/bin/ceph: stderr
2023-07-21T22:08:38.356+0000 7fc722c3c700 1 --2- >> [v2:172.21.15.93:3300/0,v1:172.21.15.93:6789/0] conn(0x7fc71c1043f0 0x7fc71c104800 unknown :-1 s=NONE pgs=0 cs=0 l=0 rev1=0 crypto rx=0 tx=0 comp rx=0 tx=0).connect
2023-07-21T22:08:39.489 INFO:teuthology.orchestra.run.smithi093.stdout:/usr/bin/ceph: stderr
2023-07-21T22:08:38.356+0000 7fc722c3c700 1 -- --> [v2:172.21.15.93:3300/0,v1:172.21.15.93:6789/0] -- mon_getmap magic: 0 v1 -- 0x7fc71c104d40 con 0x7fc71c1043f0
2023-07-21T22:08:39.489 INFO:teuthology.orchestra.run.smithi093.stdout:/usr/bin/ceph: stderr
2023-07-21T22:08:38.357+0000 7fc7209d8700 1 --2- >> [v2:172.21.15.93:3300/0,v1:172.21.15.93:6789/0] conn(0x7fc71c1043f0 0x7fc71c104800 unknown :-1 s=BANNER_CONNECTING pgs=0 cs=0 l=0 rev1=0 crypto rx=0 tx=0 comp rx=0 tx=0)._handle_peer_banner_payload supported=3 required=0
2023-07-21T22:08:39.489 INFO:teuthology.orchestra.run.smithi093.stdout:/usr/bin/ceph: stderr
2023-07-21T22:08:38.357+0000 7fc7209d8700 1 --2- >> [v2:172.21.15.93:3300/0,v1:172.21.15.93:6789/0] conn(0x7fc71c1043f0 0x7fc71c104800 unknown :-1 s=HELLO_CONNECTING pgs=0 cs=0 l=0 rev1=1 crypto rx=0 tx=0 comp rx=0 tx=0).handle_hello peer v2:172.21.15.93:3300/0 says I am v2:172.21.15.93:40956/0 (socket says 172.21.15.93:40956)
2023-07-21T22:08:39.490 INFO:teuthology.orchestra.run.smithi093.stdout:/usr/bin/ceph: stderr
2023-07-21T22:08:38.357+0000 7fc7209d8700 1 -- 172.21.15.93:0/2491644072 learned_addr learned my addr 172.21.15.93:0/2491644072 (peer_addr_for_me v2:172.21.15.93:0/0)
2023-07-21T22:08:39.490 INFO:teuthology.orchestra.run.smithi093.stdout:/usr/bin/ceph: stderr
2023-07-21T22:08:38.357+0000 7fc7209d8700 1 -- 172.21.15.93:0/2491644072 --> [v2:172.21.15.93:3300/0,v1:172.21.15.93:6789/0] -- mon_subscribe({config=0+,monmap=0+}) v3 -- 0x7fc71c104e80 con 0x7fc71c1043f0
2023-07-21T22:08:39.490 INFO:teuthology.orchestra.run.smithi093.stdout:/usr/bin/ceph: stderr
2023-07-21T22:08:38.357+0000 7fc7209d8700 1 --2- 172.21.15.93:0/2491644072 >> [v2:172.21.15.93:3300/0,v1:172.21.15.93:6789/0] conn(0x7fc71c1043f0 0x7fc71c104800 secure :-1 s=READY pgs=47 cs=0 l=1 rev1=1 crypto rx=0x7fc70c0098a0 tx=0x7fc70c009bb0 comp rx=0 tx=0).ready entity=mon.0 client_cookie=f3afc9e36523925c server_cookie=0 in_seq=0 out_seq=0
2023-07-21T22:08:39.490 INFO:teuthology.orchestra.run.smithi093.stdout:/usr/bin/ceph: stderr
2023-07-21T22:08:38.357+0000 7fc71b7fe700 1 -- 172.21.15.93:0/2491644072 <== mon.0 v2:172.21.15.93:3300/0 1 ==== mon_map magic: 0 v1 ==== 205+0+0 (secure 0 0 0) 0x7fc70c004160 con 0x7fc71c1043f0
2023-07-21T22:08:39.490 INFO:teuthology.orchestra.run.smithi093.stdout:/usr/bin/ceph: stderr
2023-07-21T22:08:38.357+0000 7fc71b7fe700 1 -- 172.21.15.93:0/2491644072 <== mon.0 v2:172.21.15.93:3300/0 2 ==== config(26 keys) v1 ==== 1074+0+0 (secure 0 0 0) 0x7fc70c0042c0 con 0x7fc71c1043f0
2023-07-21T22:08:39.490 INFO:teuthology.orchestra.run.smithi093.stdout:/usr/bin/ceph: stderr
2023-07-21T22:08:38.357+0000 7fc71b7fe700 1 -- 172.21.15.93:0/2491644072 <== mon.0 v2:172.21.15.93:3300/0 3 ==== mon_map magic: 0 v1 ==== 205+0+0 (secure 0 0 0) 0x7fc70c011a00 con 0x7fc71c1043f0
2023-07-21T22:08:39.490 INFO:teuthology.orchestra.run.smithi093.stdout:/usr/bin/ceph: stderr
2023-07-21T22:08:38.358+0000 7fc722c3c700 1 -- 172.21.15.93:0/2491644072 >> [v2:172.21.15.93:3300/0,v1:172.21.15.93:6789/0] conn(0x7fc71c1043f0 msgr2=0x7fc71c104800 secure :-1 s=STATE_CONNECTION_ESTABLISHED l=1).mark_down
2023-07-21T22:08:39.490 INFO:teuthology.orchestra.run.smithi093.stdout:/usr/bin/ceph: stderr
2023-07-21T22:08:38.358+0000 7fc722c3c700 1 --2- 172.21.15.93:0/2491644072 >> [v2:172.21.15.93:3300/0,v1:172.21.15.93:6789/0] conn(0x7fc71c1043f0 0x7fc71c104800 secure :-1 s=READY pgs=47 cs=0 l=1 rev1=1 crypto rx=0x7fc70c0098a0 tx=0x7fc70c009bb0 comp rx=0 tx=0).stop
2023-07-21T22:08:39.491 INFO:teuthology.orchestra.run.smithi093.stdout:/usr/bin/ceph: stderr
2023-07-21T22:08:38.358+0000 7fc722c3c700 1 -- 172.21.15.93:0/2491644072 shutdown_connections
2023-07-21T22:08:39.491 INFO:teuthology.orchestra.run.smithi093.stdout:/usr/bin/ceph: stderr
2023-07-21T22:08:38.358+0000 7fc722c3c700 1 --2- 172.21.15.93:0/2491644072 >> [v2:172.21.15.93:3300/0,v1:172.21.15.93:6789/0] conn(0x7fc71c1043f0 0x7fc71c104800 unknown :-1 s=CLOSED pgs=47 cs=0 l=1 rev1=1 crypto rx=0 tx=0 comp rx=0 tx=0).stop
2023-07-21T22:08:39.491 INFO:teuthology.orchestra.run.smithi093.stdout:/usr/bin/ceph: stderr
2023-07-21T22:08:38.358+0000 7fc722c3c700 1 -- 172.21.15.93:0/2491644072 >> 172.21.15.93:0/2491644072 conn(0x7fc71c0ffa40 msgr2=0x7fc71c101e70 unknown :-1 s=STATE_NONE l=0).mark_down
2023-07-21T22:08:39.491 INFO:teuthology.orchestra.run.smithi093.stdout:/usr/bin/ceph: stderr
2023-07-21T22:08:38.358+0000 7fc722c3c700 1 -- 172.21.15.93:0/2491644072 shutdown_connections
2023-07-21T22:08:39.491 INFO:teuthology.orchestra.run.smithi093.stdout:/usr/bin/ceph: stderr
2023-07-21T22:08:38.358+0000 7fc722c3c700 1 -- 172.21.15.93:0/2491644072 wait complete.
2023-07-21T22:08:39.491 INFO:teuthology.orchestra.run.smithi093.stdout:/usr/bin/ceph: stderr
2023-07-21T22:08:38.359+0000 7fc722c3c700 1 Processor -- start
2023-07-21T22:08:39.491 INFO:teuthology.orchestra.run.smithi093.stdout:/usr/bin/ceph: stderr
2023-07-21T22:08:38.359+0000 7fc722c3c700 1 -- start start
2023-07-21T22:08:39.492 INFO:teuthology.orchestra.run.smithi093.stdout:/usr/bin/ceph: stderr
2023-07-21T22:08:38.359+0000 7fc722c3c700 1 --2- >> [v2:172.21.15.93:3300/0,v1:172.21.15.93:6789/0] conn(0x7fc71c1043f0 0x7fc71c0739f0 unknown :-1 s=NONE pgs=0 cs=0 l=1 rev1=0 crypto rx=0 tx=0 comp rx=0 tx=0).connect
2023-07-21T22:08:39.492 INFO:teuthology.orchestra.run.smithi093.stdout:/usr/bin/ceph: stderr
2023-07-21T22:08:38.359+0000 7fc722c3c700 1 -- --> [v2:172.21.15.93:3300/0,v1:172.21.15.93:6789/0] -- mon_getmap magic: 0 v1 -- 0x7fc71c19bf90 con 0x7fc71c1043f0
2023-07-21T22:08:39.492 INFO:teuthology.orchestra.run.smithi093.stdout:/usr/bin/ceph: stderr
2023-07-21T22:08:38.359+0000 7fc7209d8700 1 --2- >> [v2:172.21.15.93:3300/0,v1:172.21.15.93:6789/0] conn(0x7fc71c1043f0 0x7fc71c0739f0 unknown :-1 s=BANNER_CONNECTING pgs=0 cs=0 l=1 rev1=0 crypto rx=0 tx=0 comp rx=0 tx=0)._handle_peer_banner_payload supported=3 required=0
2023-07-21T22:08:39.492 INFO:teuthology.orchestra.run.smithi093.stdout:/usr/bin/ceph: stderr
2023-07-21T22:08:38.359+0000 7fc7209d8700 1 --2- >> [v2:172.21.15.93:3300/0,v1:172.21.15.93:6789/0] conn(0x7fc71c1043f0 0x7fc71c0739f0 unknown :-1 s=HELLO_CONNECTING pgs=0 cs=0 l=1 rev1=1 crypto rx=0 tx=0 comp rx=0 tx=0).handle_hello peer v2:172.21.15.93:3300/0 says I am v2:172.21.15.93:40958/0 (socket says 172.21.15.93:40958)
2023-07-21T22:08:39.493 INFO:teuthology.orchestra.run.smithi093.stdout:/usr/bin/ceph: stderr
2023-07-21T22:08:38.359+0000 7fc7209d8700 1 -- 172.21.15.93:0/516319622 learned_addr learned my addr 172.21.15.93:0/516319622 (peer_addr_for_me v2:172.21.15.93:0/0)
2023-07-21T22:08:39.493 INFO:teuthology.orchestra.run.smithi093.stdout:/usr/bin/ceph: stderr
2023-07-21T22:08:38.359+0000 7fc7209d8700 1 -- 172.21.15.93:0/516319622 --> [v2:172.21.15.93:3300/0,v1:172.21.15.93:6789/0] -- mon_subscribe({config=0+,monmap=0+}) v3 -- 0x7fc70c009550 con 0x7fc71c1043f0
2023-07-21T22:08:39.493 INFO:teuthology.orchestra.run.smithi093.stdout:/usr/bin/ceph: stderr
2023-07-21T22:08:38.359+0000 7fc7209d8700 1 --2- 172.21.15.93:0/516319622 >> [v2:172.21.15.93:3300/0,v1:172.21.15.93:6789/0] conn(0x7fc71c1043f0 0x7fc71c0739f0 secure :-1 s=READY pgs=48 cs=0 l=1 rev1=1 crypto rx=0x7fc70c009fb0 tx=0x7fc70c011ad0 comp rx=0 tx=0).ready entity=mon.0 client_cookie=0 server_cookie=0 in_seq=0 out_seq=0
2023-07-21T22:08:39.493 INFO:teuthology.orchestra.run.smithi093.stdout:/usr/bin/ceph: stderr
2023-07-21T22:08:38.359+0000 7fc719ffb700 1 -- 172.21.15.93:0/516319622 <== mon.0 v2:172.21.15.93:3300/0 1 ==== mon_map magic: 0 v1 ==== 205+0+0 (secure 0 0 0) 0x7fc70c003a40 con 0x7fc71c1043f0
2023-07-21T22:08:39.494 INFO:teuthology.orchestra.run.smithi093.stdout:/usr/bin/ceph: stderr
2023-07-21T22:08:38.359+0000 7fc722c3c700 1 -- 172.21.15.93:0/516319622 --> [v2:172.21.15.93:3300/0,v1:172.21.15.93:6789/0] -- mon_subscribe({mgrmap=0+}) v3 -- 0x7fc71c19c0d0 con 0x7fc71c1043f0
2023-07-21T22:08:39.494 INFO:teuthology.orchestra.run.smithi093.stdout:/usr/bin/ceph: stderr
2023-07-21T22:08:38.359+0000 7fc719ffb700 1 -- 172.21.15.93:0/516319622 <== mon.0 v2:172.21.15.93:3300/0 2 ==== config(26 keys) v1 ==== 1074+0+0 (secure 0 0 0) 0x7fc70c003ba0 con 0x7fc71c1043f0
2023-07-21T22:08:39.494 INFO:teuthology.orchestra.run.smithi093.stdout:/usr/bin/ceph: stderr
2023-07-21T22:08:38.359+0000 7fc719ffb700 1 -- 172.21.15.93:0/516319622 <== mon.0 v2:172.21.15.93:3300/0 3 ==== mon_map magic: 0 v1 ==== 205+0+0 (secure 0 0 0) 0x7fc70c01a750 con 0x7fc71c1043f0
2023-07-21T22:08:39.494 INFO:teuthology.orchestra.run.smithi093.stdout:/usr/bin/ceph: stderr
2023-07-21T22:08:38.360+0000 7fc722c3c700 1 -- 172.21.15.93:0/516319622 --> [v2:172.21.15.93:3300/0,v1:172.21.15.93:6789/0] -- mon_subscribe({osdmap=0}) v3 -- 0x7fc71c19c4f0 con 0x7fc71c1043f0
2023-07-21T22:08:39.495 INFO:teuthology.orchestra.run.smithi093.stdout:/usr/bin/ceph: stderr
2023-07-21T22:08:38.360+0000 7fc719ffb700 1 -- 172.21.15.93:0/516319622 <== mon.0 v2:172.21.15.93:3300/0 4 ==== mgrmap(e 8) v1 ==== 45483+0+0 (secure 0 0 0) 0x7fc70c01a9d0 con 0x7fc71c1043f0
2023-07-21T22:08:39.495 INFO:teuthology.orchestra.run.smithi093.stdout:/usr/bin/ceph: stderr
2023-07-21T22:08:38.361+0000 7fc719ffb700 1 --2- 172.21.15.93:0/516319622 >> [v2:172.21.15.93:6800/3590233301,v1:172.21.15.93:6801/3590233301] conn(0x7fc7080386c0 0x7fc70803ab70 unknown :-1 s=NONE pgs=0 cs=0 l=1 rev1=0 crypto rx=0 tx=0 comp rx=0 tx=0).connect
2023-07-21T22:08:39.495 INFO:teuthology.orchestra.run.smithi093.stdout:/usr/bin/ceph: stderr
2023-07-21T22:08:38.361+0000 7fc719ffb700 1 -- 172.21.15.93:0/516319622 <== mon.0 v2:172.21.15.93:3300/0 5 ==== osd_map(2..2 src has 1..2) v4 ==== 940+0+0 (secure 0 0 0) 0x7fc70c04c780 con 0x7fc71c1043f0
2023-07-21T22:08:39.496 INFO:teuthology.orchestra.run.smithi093.stdout:/usr/bin/ceph: stderr
2023-07-21T22:08:38.361+0000 7fc71bfff700 1 --2- 172.21.15.93:0/516319622 >> [v2:172.21.15.93:6800/3590233301,v1:172.21.15.93:6801/3590233301] conn(0x7fc7080386c0 0x7fc70803ab70 unknown :-1 s=BANNER_CONNECTING pgs=0 cs=0 l=1 rev1=0 crypto rx=0 tx=0 comp rx=0 tx=0)._handle_peer_banner_payload supported=3 required=0
2023-07-21T22:08:39.496 INFO:teuthology.orchestra.run.smithi093.stdout:/usr/bin/ceph: stderr
2023-07-21T22:08:38.361+0000 7fc722c3c700 1 -- 172.21.15.93:0/516319622 --> [v2:172.21.15.93:3300/0,v1:172.21.15.93:6789/0] -- mon_command({"prefix": "get_command_descriptions"} v 0) v1 -- 0x7fc71c061b40 con 0x7fc71c1043f0
2023-07-21T22:08:39.496 INFO:teuthology.orchestra.run.smithi093.stdout:/usr/bin/ceph: stderr
2023-07-21T22:08:38.361+0000 7fc71bfff700 1 --2- 172.21.15.93:0/516319622 >> [v2:172.21.15.93:6800/3590233301,v1:172.21.15.93:6801/3590233301] conn(0x7fc7080386c0 0x7fc70803ab70 secure :-1 s=READY pgs=12 cs=0 l=1 rev1=1 crypto rx=0x7fc704006fd0 tx=0x7fc704006e40 comp rx=0 tx=0).ready entity=mgr.14120 client_cookie=0 server_cookie=0 in_seq=0 out_seq=0
2023-07-21T22:08:39.496 INFO:teuthology.orchestra.run.smithi093.stdout:/usr/bin/ceph: stderr
2023-07-21T22:08:38.366+0000 7fc719ffb700 1 -- 172.21.15.93:0/516319622 <== mon.0 v2:172.21.15.93:3300/0 6 ==== mon_command_ack([{"prefix": "get_command_descriptions"}]=0 v0) v1 ==== 72+0+178008 (secure 0 0 0) 0x7fc70c023390 con 0x7fc71c1043f0
2023-07-21T22:08:39.497 INFO:teuthology.orchestra.run.smithi093.stdout:/usr/bin/ceph: stderr
2023-07-21T22:08:38.569+0000 7fc722c3c700 1 -- 172.21.15.93:0/516319622 --> [v2:172.21.15.93:6800/3590233301,v1:172.21.15.93:6801/3590233301] -- mgr_command(tid 0: {"prefix": "orch apply", "service_type": "mon", "unmanaged": true, "target": ["mon-mgr", ""]}) v1 -- 0x7fc71c101d30 con 0x7fc7080386c0
2023-07-21T22:08:39.497 INFO:teuthology.orchestra.run.smithi093.stdout:/usr/bin/ceph: stderr
2023-07-21T22:08:38.574+0000 7fc719ffb700 1 -- 172.21.15.93:0/516319622 <== mgr.14120 v2:172.21.15.93:6800/3590233301 1 ==== mgr_command_reply(tid 0: 0 ) v1 ==== 8+0+24 (secure 0 0 0) 0x7fc71c101d30 con 0x7fc7080386c0
2023-07-21T22:08:39.497 INFO:teuthology.orchestra.run.smithi093.stdout:/usr/bin/ceph: stderr
2023-07-21T22:08:38.577+0000 7fc722c3c700 1 -- 172.21.15.93:0/516319622 >> [v2:172.21.15.93:6800/3590233301,v1:172.21.15.93:6801/3590233301] conn(0x7fc7080386c0 msgr2=0x7fc70803ab70 secure :-1 s=STATE_CONNECTION_ESTABLISHED l=1).mark_down
2023-07-21T22:08:39.497 INFO:teuthology.orchestra.run.smithi093.stdout:/usr/bin/ceph: stderr
2023-07-21T22:08:38.577+0000 7fc722c3c700 1 --2- 172.21.15.93:0/516319622 >> [v2:172.21.15.93:6800/3590233301,v1:172.21.15.93:6801/3590233301] conn(0x7fc7080386c0 0x7fc70803ab70 secure :-1 s=READY pgs=12 cs=0 l=1 rev1=1 crypto rx=0x7fc704006fd0 tx=0x7fc704006e40 comp rx=0 tx=0).stop
2023-07-21T22:08:39.498 INFO:teuthology.orchestra.run.smithi093.stdout:/usr/bin/ceph: stderr
2023-07-21T22:08:38.577+0000 7fc722c3c700 1 -- 172.21.15.93:0/516319622 >> [v2:172.21.15.93:3300/0,v1:172.21.15.93:6789/0] conn(0x7fc71c1043f0 msgr2=0x7fc71c0739f0 secure :-1 s=STATE_CONNECTION_ESTABLISHED l=1).mark_down
2023-07-21T22:08:39.498 INFO:teuthology.orchestra.run.smithi093.stdout:/usr/bin/ceph: stderr
2023-07-21T22:08:38.577+0000 7fc722c3c700 1 --2- 172.21.15.93:0/516319622 >> [v2:172.21.15.93:3300/0,v1:172.21.15.93:6789/0] conn(0x7fc71c1043f0 0x7fc71c0739f0 secure :-1 s=READY pgs=48 cs=0 l=1 rev1=1 crypto rx=0x7fc70c009fb0 tx=0x7fc70c011ad0 comp rx=0 tx=0).stop
2023-07-21T22:08:39.498 INFO:teuthology.orchestra.run.smithi093.stdout:/usr/bin/ceph: stderr
2023-07-21T22:08:38.577+0000 7fc722c3c700 1 -- 172.21.15.93:0/516319622 shutdown_connections
2023-07-21T22:08:39.498 INFO:teuthology.orchestra.run.smithi093.stdout:/usr/bin/ceph: stderr
2023-07-21T22:08:38.577+0000 7fc722c3c700 1 --2- 172.21.15.93:0/516319622 >> [v2:172.21.15.93:6800/3590233301,v1:172.21.15.93:6801/3590233301] conn(0x7fc7080386c0 0x7fc70803ab70 unknown :-1 s=CLOSED pgs=12 cs=0 l=1 rev1=1 crypto rx=0 tx=0 comp rx=0 tx=0).stop
2023-07-21T22:08:39.499 INFO:teuthology.orchestra.run.smithi093.stdout:/usr/bin/ceph: stderr
2023-07-21T22:08:38.577+0000 7fc722c3c700 1 --2- 172.21.15.93:0/516319622 >> [v2:172.21.15.93:3300/0,v1:172.21.15.93:6789/0] conn(0x7fc71c1043f0 0x7fc71c0739f0 unknown :-1 s=CLOSED pgs=48 cs=0 l=1 rev1=1 crypto rx=0 tx=0 comp rx=0 tx=0).stop
2023-07-21T22:08:39.499 INFO:teuthology.orchestra.run.smithi093.stdout:/usr/bin/ceph: stderr
2023-07-21T22:08:38.577+0000 7fc722c3c700 1 -- 172.21.15.93:0/516319622 >> 172.21.15.93:0/516319622 conn(0x7fc71c0ffa40 msgr2=0x7fc71c1010d0 unknown :-1 s=STATE_NONE l=0).mark_down
2023-07-21T22:08:39.499 INFO:teuthology.orchestra.run.smithi093.stdout:/usr/bin/ceph: stderr
2023-07-21T22:08:38.577+0000 7fc722c3c700 1 -- 172.21.15.93:0/516319622 shutdown_connections
2023-07-21T22:08:39.499 INFO:teuthology.orchestra.run.smithi093.stdout:/usr/bin/ceph: stderr
2023-07-21T22:08:38.577+0000 7fc722c3c700 1 -- 172.21.15.93:0/516319622 wait complete.
2023-07-21T22:08:39.499 INFO:teuthology.orchestra.run.smithi093.stdout:Deploying unmanaged mgr service...
2023-07-21T22:08:39.756 INFO:journalctl@ceph.mon.a.smithi093.stdout:Jul 21 22:08:39 smithi093 ceph-mon[96579]: from='client.14142 -' entity='client.admin' cmd=[{"prefix": "orch apply", "service_type": "mon", "unmanaged": true, "target": ["mon-mgr", ""]}]: dispatch
2023-07-21T22:08:39.756 INFO:journalctl@ceph.mon.a.smithi093.stdout:Jul 21 22:08:39 smithi093 ceph-mon[96579]: Saving service mon spec with placement count:5
2023-07-21T22:08:39.756 INFO:journalctl@ceph.mon.a.smithi093.stdout:Jul 21 22:08:39 smithi093 ceph-mon[96579]: from='mgr.14120 172.21.15.93:0/1365336018' entity='mgr.x'
2023-07-21T22:08:40.632 INFO:teuthology.orchestra.run.smithi093.stdout:/usr/bin/ceph: stdout Scheduled mgr update...
2023-07-21T22:08:40.633 INFO:teuthology.orchestra.run.smithi093.stdout:/usr/bin/ceph: stderr
2023-07-21T22:08:39.994+0000 7fe1189d7700 1 Processor -- start
2023-07-21T22:08:40.633 INFO:teuthology.orchestra.run.smithi093.stdout:/usr/bin/ceph: stderr
2023-07-21T22:08:39.994+0000 7fe1189d7700 1 -- start start
2023-07-21T22:08:40.633 INFO:teuthology.orchestra.run.smithi093.stdout:/usr/bin/ceph: stderr
2023-07-21T22:08:39.994+0000 7fe1189d7700 1 --2- >> [v2:172.21.15.93:3300/0,v1:172.21.15.93:6789/0] conn(0x7fe114106050 0x7fe114108430 unknown :-1 s=NONE pgs=0 cs=0 l=0 rev1=0 crypto rx=0 tx=0 comp rx=0 tx=0).connect
2023-07-21T22:08:40.633 INFO:teuthology.orchestra.run.smithi093.stdout:/usr/bin/ceph: stderr
2023-07-21T22:08:39.994+0000 7fe1189d7700 1 -- --> [v2:172.21.15.93:3300/0,v1:172.21.15.93:6789/0] -- mon_getmap magic: 0 v1 -- 0x7fe114073be0 con 0x7fe114106050
2023-07-21T22:08:40.633 INFO:teuthology.orchestra.run.smithi093.stdout:/usr/bin/ceph: stderr
2023-07-21T22:08:39.994+0000 7fe11259c700 1 --2- >> [v2:172.21.15.93:3300/0,v1:172.21.15.93:6789/0] conn(0x7fe114106050 0x7fe114108430 unknown :-1 s=BANNER_CONNECTING pgs=0 cs=0 l=0 rev1=0 crypto rx=0 tx=0 comp rx=0 tx=0)._handle_peer_banner_payload supported=3 required=0
2023-07-21T22:08:40.633 INFO:teuthology.orchestra.run.smithi093.stdout:/usr/bin/ceph: stderr
2023-07-21T22:08:39.994+0000 7fe11259c700 1 --2- >> [v2:172.21.15.93:3300/0,v1:172.21.15.93:6789/0] conn(0x7fe114106050 0x7fe114108430 unknown :-1 s=HELLO_CONNECTING pgs=0 cs=0 l=0 rev1=1 crypto rx=0 tx=0 comp rx=0 tx=0).handle_hello peer v2:172.21.15.93:3300/0 says I am v2:172.21.15.93:40962/0 (socket says 172.21.15.93:40962)
2023-07-21T22:08:40.633 INFO:teuthology.orchestra.run.smithi093.stdout:/usr/bin/ceph: stderr
2023-07-21T22:08:39.994+0000 7fe11259c700 1 -- 172.21.15.93:0/505043134 learned_addr learned my addr 172.21.15.93:0/505043134 (peer_addr_for_me v2:172.21.15.93:0/0)
2023-07-21T22:08:40.634 INFO:teuthology.orchestra.run.smithi093.stdout:/usr/bin/ceph: stderr
2023-07-21T22:08:39.994+0000 7fe11259c700 1 -- 172.21.15.93:0/505043134 --> [v2:172.21.15.93:3300/0,v1:172.21.15.93:6789/0] -- mon_subscribe({config=0+,monmap=0+}) v3 -- 0x7fe114073d20 con 0x7fe114106050
2023-07-21T22:08:40.634 INFO:teuthology.orchestra.run.smithi093.stdout:/usr/bin/ceph: stderr
2023-07-21T22:08:39.995+0000 7fe11259c700 1 --2- 172.21.15.93:0/505043134 >> [v2:172.21.15.93:3300/0,v1:172.21.15.93:6789/0] conn(0x7fe114106050 0x7fe114108430 secure :-1 s=READY pgs=49 cs=0 l=1 rev1=1 crypto rx=0x7fe1040098a0 tx=0x7fe104009bb0 comp rx=0 tx=0).ready entity=mon.0 client_cookie=201e1d7a31ca9782 server_cookie=0 in_seq=0 out_seq=0
2023-07-21T22:08:40.634 INFO:teuthology.orchestra.run.smithi093.stdout:/usr/bin/ceph: stderr
2023-07-21T22:08:39.995+0000 7fe11159a700 1 -- 172.21.15.93:0/505043134 <== mon.0 v2:172.21.15.93:3300/0 1 ==== mon_map magic: 0 v1 ==== 205+0+0 (secure 0 0 0) 0x7fe104004160 con 0x7fe114106050
2023-07-21T22:08:40.634 INFO:teuthology.orchestra.run.smithi093.stdout:/usr/bin/ceph: stderr
2023-07-21T22:08:39.995+0000 7fe11159a700 1 -- 172.21.15.93:0/505043134 <== mon.0 v2:172.21.15.93:3300/0 2 ==== config(26 keys) v1 ==== 1074+0+0 (secure 0 0 0) 0x7fe1040042c0 con 0x7fe114106050
2023-07-21T22:08:40.634 INFO:teuthology.orchestra.run.smithi093.stdout:/usr/bin/ceph: stderr
2023-07-21T22:08:39.995+0000 7fe11159a700 1 -- 172.21.15.93:0/505043134 <== mon.0 v2:172.21.15.93:3300/0 3 ==== mon_map magic: 0 v1 ==== 205+0+0 (secure 0 0 0) 0x7fe104011a00 con 0x7fe114106050
2023-07-21T22:08:40.634 INFO:teuthology.orchestra.run.smithi093.stdout:/usr/bin/ceph: stderr
2023-07-21T22:08:39.995+0000 7fe1189d7700 1 -- 172.21.15.93:0/505043134 >> [v2:172.21.15.93:3300/0,v1:172.21.15.93:6789/0] conn(0x7fe114106050 msgr2=0x7fe114108430 secure :-1 s=STATE_CONNECTION_ESTABLISHED l=1).mark_down
2023-07-21T22:08:40.634 INFO:teuthology.orchestra.run.smithi093.stdout:/usr/bin/ceph: stderr
2023-07-21T22:08:39.995+0000 7fe1189d7700 1 --2- 172.21.15.93:0/505043134 >> [v2:172.21.15.93:3300/0,v1:172.21.15.93:6789/0] conn(0x7fe114106050 0x7fe114108430 secure :-1 s=READY pgs=49 cs=0 l=1 rev1=1 crypto rx=0x7fe1040098a0 tx=0x7fe104009bb0 comp rx=0 tx=0).stop
2023-07-21T22:08:40.634 INFO:teuthology.orchestra.run.smithi093.stdout:/usr/bin/ceph: stderr
2023-07-21T22:08:39.995+0000 7fe1189d7700 1 -- 172.21.15.93:0/505043134 shutdown_connections
2023-07-21T22:08:40.635 INFO:teuthology.orchestra.run.smithi093.stdout:/usr/bin/ceph: stderr
2023-07-21T22:08:39.995+0000 7fe1189d7700 1 --2- 172.21.15.93:0/505043134 >> [v2:172.21.15.93:3300/0,v1:172.21.15.93:6789/0] conn(0x7fe114106050 0x7fe114108430 unknown :-1 s=CLOSED pgs=49 cs=0 l=1 rev1=1 crypto rx=0 tx=0 comp rx=0 tx=0).stop
2023-07-21T22:08:40.635 INFO:teuthology.orchestra.run.smithi093.stdout:/usr/bin/ceph: stderr
2023-07-21T22:08:39.995+0000 7fe1189d7700 1 -- 172.21.15.93:0/505043134 >> 172.21.15.93:0/505043134 conn(0x7fe1140ffa50 msgr2=0x7fe114101e80 unknown :-1 s=STATE_NONE l=0).mark_down
2023-07-21T22:08:40.635 INFO:teuthology.orchestra.run.smithi093.stdout:/usr/bin/ceph: stderr
2023-07-21T22:08:39.995+0000 7fe1189d7700 1 -- 172.21.15.93:0/505043134 shutdown_connections
2023-07-21T22:08:40.635 INFO:teuthology.orchestra.run.smithi093.stdout:/usr/bin/ceph: stderr
2023-07-21T22:08:39.995+0000 7fe1189d7700 1 -- 172.21.15.93:0/505043134 wait complete.
2023-07-21T22:08:40.635 INFO:teuthology.orchestra.run.smithi093.stdout:/usr/bin/ceph: stderr
2023-07-21T22:08:39.996+0000 7fe1189d7700 1 Processor -- start
2023-07-21T22:08:40.635 INFO:teuthology.orchestra.run.smithi093.stdout:/usr/bin/ceph: stderr
2023-07-21T22:08:39.996+0000 7fe1189d7700 1 -- start start
2023-07-21T22:08:40.635 INFO:teuthology.orchestra.run.smithi093.stdout:/usr/bin/ceph: stderr
2023-07-21T22:08:39.996+0000 7fe1189d7700 1 --2- >> [v2:172.21.15.93:3300/0,v1:172.21.15.93:6789/0] conn(0x7fe114106050 0x7fe114199250 unknown :-1 s=NONE pgs=0 cs=0 l=1 rev1=0 crypto rx=0 tx=0 comp rx=0 tx=0).connect
2023-07-21T22:08:40.636 INFO:teuthology.orchestra.run.smithi093.stdout:/usr/bin/ceph: stderr
2023-07-21T22:08:39.996+0000 7fe1189d7700 1 -- --> [v2:172.21.15.93:3300/0,v1:172.21.15.93:6789/0] -- mon_getmap magic: 0 v1 -- 0x7fe114199790 con 0x7fe114106050
2023-07-21T22:08:40.636 INFO:teuthology.orchestra.run.smithi093.stdout:/usr/bin/ceph: stderr
2023-07-21T22:08:39.996+0000 7fe11259c700 1 --2- >> [v2:172.21.15.93:3300/0,v1:172.21.15.93:6789/0] conn(0x7fe114106050 0x7fe114199250 unknown :-1 s=BANNER_CONNECTING pgs=0 cs=0 l=1 rev1=0 crypto rx=0 tx=0 comp rx=0 tx=0)._handle_peer_banner_payload supported=3 required=0
2023-07-21T22:08:40.636 INFO:teuthology.orchestra.run.smithi093.stdout:/usr/bin/ceph: stderr
2023-07-21T22:08:39.996+0000 7fe11259c700 1 --2- >> [v2:172.21.15.93:3300/0,v1:172.21.15.93:6789/0] conn(0x7fe114106050 0x7fe114199250 unknown :-1 s=HELLO_CONNECTING pgs=0 cs=0 l=1 rev1=1 crypto rx=0 tx=0 comp rx=0 tx=0).handle_hello peer v2:172.21.15.93:3300/0 says I am v2:172.21.15.93:40964/0 (socket says 172.21.15.93:40964)
2023-07-21T22:08:40.636 INFO:teuthology.orchestra.run.smithi093.stdout:/usr/bin/ceph: stderr
2023-07-21T22:08:39.996+0000 7fe11259c700 1 -- 172.21.15.93:0/3124218081 learned_addr learned my addr 172.21.15.93:0/3124218081 (peer_addr_for_me v2:172.21.15.93:0/0)
2023-07-21T22:08:40.636 INFO:teuthology.orchestra.run.smithi093.stdout:/usr/bin/ceph: stderr
2023-07-21T22:08:39.997+0000 7fe11259c700 1 -- 172.21.15.93:0/3124218081 --> [v2:172.21.15.93:3300/0,v1:172.21.15.93:6789/0] -- mon_subscribe({config=0+,monmap=0+}) v3 -- 0x7fe104009550 con 0x7fe114106050
2023-07-21T22:08:40.636 INFO:teuthology.orchestra.run.smithi093.stdout:/usr/bin/ceph: stderr
2023-07-21T22:08:39.997+0000 7fe11259c700 1 --2- 172.21.15.93:0/3124218081 >> [v2:172.21.15.93:3300/0,v1:172.21.15.93:6789/0] conn(0x7fe114106050 0x7fe114199250 secure :-1 s=READY pgs=50 cs=0 l=1 rev1=1 crypto rx=0x7fe104009fb0 tx=0x7fe104011ad0 comp rx=0 tx=0).ready entity=mon.0 client_cookie=0 server_cookie=0 in_seq=0 out_seq=0
2023-07-21T22:08:40.636 INFO:teuthology.orchestra.run.smithi093.stdout:/usr/bin/ceph: stderr
2023-07-21T22:08:39.997+0000 7fe1037fe700 1 -- 172.21.15.93:0/3124218081 <== mon.0 v2:172.21.15.93:3300/0 1 ==== mon_map magic: 0 v1 ==== 205+0+0 (secure 0 0 0) 0x7fe104003a40 con 0x7fe114106050
2023-07-21T22:08:40.636 INFO:teuthology.orchestra.run.smithi093.stdout:/usr/bin/ceph: stderr
2023-07-21T22:08:39.997+0000 7fe1189d7700 1 -- 172.21.15.93:0/3124218081 --> [v2:172.21.15.93:3300/0,v1:172.21.15.93:6789/0] -- mon_subscribe({mgrmap=0+}) v3 -- 0x7fe1141999f0 con 0x7fe114106050
2023-07-21T22:08:40.637 INFO:teuthology.orchestra.run.smithi093.stdout:/usr/bin/ceph: stderr
2023-07-21T22:08:39.997+0000 7fe1037fe700 1 -- 172.21.15.93:0/3124218081 <== mon.0 v2:172.21.15.93:3300/0 2 ==== config(26 keys) v1 ==== 1074+0+0 (secure 0 0 0) 0x7fe104003ba0 con 0x7fe114106050
2023-07-21T22:08:40.637 INFO:teuthology.orchestra.run.smithi093.stdout:/usr/bin/ceph: stderr
2023-07-21T22:08:39.997+0000 7fe1037fe700 1 -- 172.21.15.93:0/3124218081 <== mon.0 v2:172.21.15.93:3300/0 3 ==== mon_map magic: 0 v1 ==== 205+0+0 (secure 0 0 0) 0x7fe10401a750 con 0x7fe114106050
2023-07-21T22:08:40.637 INFO:teuthology.orchestra.run.smithi093.stdout:/usr/bin/ceph: stderr
2023-07-21T22:08:39.997+0000 7fe1189d7700 1 -- 172.21.15.93:0/3124218081 --> [v2:172.21.15.93:3300/0,v1:172.21.15.93:6789/0] -- mon_subscribe({osdmap=0}) v3 -- 0x7fe114199e70 con 0x7fe114106050
2023-07-21T22:08:40.637 INFO:teuthology.orchestra.run.smithi093.stdout:/usr/bin/ceph: stderr
2023-07-21T22:08:39.998+0000 7fe1037fe700 1 -- 172.21.15.93:0/3124218081 <== mon.0 v2:172.21.15.93:3300/0 4 ==== mgrmap(e 8) v1 ==== 45483+0+0 (secure 0 0 0) 0x7fe10401a9d0 con 0x7fe114106050
2023-07-21T22:08:40.637 INFO:teuthology.orchestra.run.smithi093.stdout:/usr/bin/ceph: stderr
