2023-07-21T22:25:33.493+0000 7f8e0ecb9700 1 --2- 172.21.15.5:0/3525317506 >> [v2:172.21.15.5:3300/0,v1:172.21.15.5:6789/0] conn(0x7f8e08105360 0x7f8e0807ab00 secure :-1 s=READY pgs=15 cs=0 l=1 rev1=1 crypto rx=0x7f8dfc006af0 tx=0x7f8dfc011ad0 comp rx=0 tx=0).stop
2023-07-21T22:25:34.003 INFO:teuthology.orchestra.run.smithi005.stdout:/usr/bin/ceph: stderr
2023-07-21T22:25:33.493+0000 7f8e0ecb9700 1 -- 172.21.15.5:0/3525317506 shutdown_connections
2023-07-21T22:25:34.004 INFO:teuthology.orchestra.run.smithi005.stdout:/usr/bin/ceph: stderr
2023-07-21T22:25:33.493+0000 7f8e0ecb9700 1 --2- 172.21.15.5:0/3525317506 >> [v2:172.21.15.5:6800/2374457142,v1:172.21.15.5:6801/2374457142] conn(0x7f8df80385e0 0x7f8df803aa90 unknown :-1 s=CLOSED pgs=6 cs=0 l=1 rev1=1 crypto rx=0 tx=0 comp rx=0 tx=0).stop
2023-07-21T22:25:34.004 INFO:teuthology.orchestra.run.smithi005.stdout:/usr/bin/ceph: stderr
2023-07-21T22:25:33.493+0000 7f8e0ecb9700 1 --2- 172.21.15.5:0/3525317506 >> [v2:172.21.15.5:3300/0,v1:172.21.15.5:6789/0] conn(0x7f8e08105360 0x7f8e0807ab00 unknown :-1 s=CLOSED pgs=15 cs=0 l=1 rev1=1 crypto rx=0 tx=0 comp rx=0 tx=0).stop
2023-07-21T22:25:34.004 INFO:teuthology.orchestra.run.smithi005.stdout:/usr/bin/ceph: stderr
2023-07-21T22:25:33.493+0000 7f8e0ecb9700 1 -- 172.21.15.5:0/3525317506 >> 172.21.15.5:0/3525317506 conn(0x7f8e081009d0 msgr2=0x7f8e08101780 unknown :-1 s=STATE_NONE l=0).mark_down
2023-07-21T22:25:34.004 INFO:teuthology.orchestra.run.smithi005.stdout:/usr/bin/ceph: stderr
2023-07-21T22:25:33.493+0000 7f8e0ecb9700 1 -- 172.21.15.5:0/3525317506 shutdown_connections
2023-07-21T22:25:34.004 INFO:teuthology.orchestra.run.smithi005.stdout:/usr/bin/ceph: stderr
2023-07-21T22:25:33.494+0000 7f8e0ecb9700 1 -- 172.21.15.5:0/3525317506 wait complete.
2023-07-21T22:25:34.004 INFO:teuthology.orchestra.run.smithi005.stdout:mgr is available
2023-07-21T22:25:34.211 INFO:journalctl@ceph.mon.a.smithi005.stdout:Jul 21 22:25:33 smithi005 ceph-mon[95470]: mgrmap e3: x(active, since 1.01025s)
2023-07-21T22:25:34.211 INFO:journalctl@ceph.mon.a.smithi005.stdout:Jul 21 22:25:33 smithi005 ceph-mon[95470]: from='client.? 172.21.15.5:0/3525317506' entity='client.admin' cmd=[{"prefix": "status", "format": "json-pretty"}]: dispatch
2023-07-21T22:25:35.211 INFO:journalctl@ceph.mon.a.smithi005.stdout:Jul 21 22:25:34 smithi005 ceph-mon[95470]: mgrmap e4: x(active, since 2s)
2023-07-21T22:25:35.211 INFO:journalctl@ceph.mon.a.smithi005.stdout:Jul 21 22:25:34 smithi005 ceph-mon[95470]: from='client.? 172.21.15.5:0/2452910412' entity='client.admin' cmd=[{"prefix": "config assimilate-conf"}]: dispatch
2023-07-21T22:25:35.273 INFO:teuthology.orchestra.run.smithi005.stdout:/usr/bin/ceph: stdout
2023-07-21T22:25:35.273 INFO:teuthology.orchestra.run.smithi005.stdout:/usr/bin/ceph: stdout [global]
2023-07-21T22:25:35.273 INFO:teuthology.orchestra.run.smithi005.stdout:/usr/bin/ceph: stdout fsid = 522aa6f0-2815-11ee-9b34-001a4aab830c
2023-07-21T22:25:35.273 INFO:teuthology.orchestra.run.smithi005.stdout:/usr/bin/ceph: stdout mon_osd_allow_pg_remap = true
2023-07-21T22:25:35.274 INFO:teuthology.orchestra.run.smithi005.stdout:/usr/bin/ceph: stdout mon_osd_allow_primary_affinity = true
2023-07-21T22:25:35.274 INFO:teuthology.orchestra.run.smithi005.stdout:/usr/bin/ceph: stdout mon_warn_on_no_sortbitwise = false
2023-07-21T22:25:35.274 INFO:teuthology.orchestra.run.smithi005.stdout:/usr/bin/ceph: stdout osd_crush_chooseleaf_type = 0
2023-07-21T22:25:35.274 INFO:teuthology.orchestra.run.smithi005.stdout:/usr/bin/ceph: stdout
2023-07-21T22:25:35.274 INFO:teuthology.orchestra.run.smithi005.stdout:/usr/bin/ceph: stdout [mgr]
2023-07-21T22:25:35.274 INFO:teuthology.orchestra.run.smithi005.stdout:/usr/bin/ceph: stdout mgr/telemetry/nag = false
2023-07-21T22:25:35.274 INFO:teuthology.orchestra.run.smithi005.stdout:/usr/bin/ceph: stdout
2023-07-21T22:25:35.275 INFO:teuthology.orchestra.run.smithi005.stdout:/usr/bin/ceph: stdout [osd]
2023-07-21T22:25:35.275 INFO:teuthology.orchestra.run.smithi005.stdout:/usr/bin/ceph: stdout filestore_flush_min = 0
2023-07-21T22:25:35.275 INFO:teuthology.orchestra.run.smithi005.stdout:/usr/bin/ceph: stdout mon_osd_backfillfull_ratio = 0.85
2023-07-21T22:25:35.275 INFO:teuthology.orchestra.run.smithi005.stdout:/usr/bin/ceph: stdout mon_osd_full_ratio = 0.9
2023-07-21T22:25:35.275 INFO:teuthology.orchestra.run.smithi005.stdout:/usr/bin/ceph: stdout mon_osd_nearfull_ratio = 0.8
2023-07-21T22:25:35.275 INFO:teuthology.orchestra.run.smithi005.stdout:/usr/bin/ceph: stdout osd_map_max_advance = 10
2023-07-21T22:25:35.275 INFO:teuthology.orchestra.run.smithi005.stdout:/usr/bin/ceph: stdout osd_sloppy_crc = true
2023-07-21T22:25:35.275 INFO:teuthology.orchestra.run.smithi005.stdout:/usr/bin/ceph: stderr
2023-07-21T22:25:34.545+0000 7f4d7b0dc700 1 Processor -- start
2023-07-21T22:25:35.276 INFO:teuthology.orchestra.run.smithi005.stdout:/usr/bin/ceph: stderr
2023-07-21T22:25:34.545+0000 7f4d7b0dc700 1 -- start start
2023-07-21T22:25:35.276 INFO:teuthology.orchestra.run.smithi005.stdout:/usr/bin/ceph: stderr
2023-07-21T22:25:34.545+0000 7f4d7b0dc700 1 --2- >> [v2:172.21.15.5:3300/0,v1:172.21.15.5:6789/0] conn(0x7f4d74105360 0x7f4d74105770 unknown :-1 s=NONE pgs=0 cs=0 l=0 rev1=0 crypto rx=0 tx=0 comp rx=0 tx=0).connect
2023-07-21T22:25:35.276 INFO:teuthology.orchestra.run.smithi005.stdout:/usr/bin/ceph: stderr
2023-07-21T22:25:34.545+0000 7f4d7b0dc700 1 -- --> [v2:172.21.15.5:3300/0,v1:172.21.15.5:6789/0] -- mon_getmap magic: 0 v1 -- 0x7f4d74105cb0 con 0x7f4d74105360
2023-07-21T22:25:35.276 INFO:teuthology.orchestra.run.smithi005.stdout:/usr/bin/ceph: stderr
2023-07-21T22:25:34.545+0000 7f4d78e78700 1 --2- >> [v2:172.21.15.5:3300/0,v1:172.21.15.5:6789/0] conn(0x7f4d74105360 0x7f4d74105770 unknown :-1 s=BANNER_CONNECTING pgs=0 cs=0 l=0 rev1=0 crypto rx=0 tx=0 comp rx=0 tx=0)._handle_peer_banner_payload supported=3 required=0
2023-07-21T22:25:35.276 INFO:teuthology.orchestra.run.smithi005.stdout:/usr/bin/ceph: stderr
2023-07-21T22:25:34.545+0000 7f4d78e78700 1 --2- >> [v2:172.21.15.5:3300/0,v1:172.21.15.5:6789/0] conn(0x7f4d74105360 0x7f4d74105770 unknown :-1 s=HELLO_CONNECTING pgs=0 cs=0 l=0 rev1=1 crypto rx=0 tx=0 comp rx=0 tx=0).handle_hello peer v2:172.21.15.5:3300/0 says I am v2:172.21.15.5:37806/0 (socket says 172.21.15.5:37806)
2023-07-21T22:25:35.276 INFO:teuthology.orchestra.run.smithi005.stdout:/usr/bin/ceph: stderr
2023-07-21T22:25:34.546+0000 7f4d78e78700 1 -- 172.21.15.5:0/1766949572 learned_addr learned my addr 172.21.15.5:0/1766949572 (peer_addr_for_me v2:172.21.15.5:0/0)
2023-07-21T22:25:35.276 INFO:teuthology.orchestra.run.smithi005.stdout:/usr/bin/ceph: stderr
2023-07-21T22:25:34.546+0000 7f4d78e78700 1 -- 172.21.15.5:0/1766949572 --> [v2:172.21.15.5:3300/0,v1:172.21.15.5:6789/0] -- mon_subscribe({config=0+,monmap=0+}) v3 -- 0x7f4d74105df0 con 0x7f4d74105360
2023-07-21T22:25:35.276 INFO:teuthology.orchestra.run.smithi005.stdout:/usr/bin/ceph: stderr
2023-07-21T22:25:34.546+0000 7f4d78e78700 1 --2- 172.21.15.5:0/1766949572 >> [v2:172.21.15.5:3300/0,v1:172.21.15.5:6789/0] conn(0x7f4d74105360 0x7f4d74105770 secure :-1 s=READY pgs=16 cs=0 l=1 rev1=1 crypto rx=0x7f4d680098a0 tx=0x7f4d68009bb0 comp rx=0 tx=0).ready entity=mon.0 client_cookie=413cab1e671b1a2f server_cookie=0 in_seq=0 out_seq=0
2023-07-21T22:25:35.277 INFO:teuthology.orchestra.run.smithi005.stdout:/usr/bin/ceph: stderr
2023-07-21T22:25:34.546+0000 7f4d737fe700 1 -- 172.21.15.5:0/1766949572 <== mon.0 v2:172.21.15.5:3300/0 1 ==== mon_map magic: 0 v1 ==== 205+0+0 (secure 0 0 0) 0x7f4d68004160 con 0x7f4d74105360
2023-07-21T22:25:35.277 INFO:teuthology.orchestra.run.smithi005.stdout:/usr/bin/ceph: stderr
2023-07-21T22:25:34.546+0000 7f4d737fe700 1 -- 172.21.15.5:0/1766949572 <== mon.0 v2:172.21.15.5:3300/0 2 ==== config(26 keys) v1 ==== 1074+0+0 (secure 0 0 0) 0x7f4d680042c0 con 0x7f4d74105360
2023-07-21T22:25:35.277 INFO:teuthology.orchestra.run.smithi005.stdout:/usr/bin/ceph: stderr
2023-07-21T22:25:34.546+0000 7f4d737fe700 1 -- 172.21.15.5:0/1766949572 <== mon.0 v2:172.21.15.5:3300/0 3 ==== mon_map magic: 0 v1 ==== 205+0+0 (secure 0 0 0) 0x7f4d68011a00 con 0x7f4d74105360
2023-07-21T22:25:35.277 INFO:teuthology.orchestra.run.smithi005.stdout:/usr/bin/ceph: stderr
2023-07-21T22:25:34.547+0000 7f4d7b0dc700 1 -- 172.21.15.5:0/1766949572 >> [v2:172.21.15.5:3300/0,v1:172.21.15.5:6789/0] conn(0x7f4d74105360 msgr2=0x7f4d74105770 secure :-1 s=STATE_CONNECTION_ESTABLISHED l=1).mark_down
2023-07-21T22:25:35.277 INFO:teuthology.orchestra.run.smithi005.stdout:/usr/bin/ceph: stderr
2023-07-21T22:25:34.547+0000 7f4d7b0dc700 1 --2- 172.21.15.5:0/1766949572 >> [v2:172.21.15.5:3300/0,v1:172.21.15.5:6789/0] conn(0x7f4d74105360 0x7f4d74105770 secure :-1 s=READY pgs=16 cs=0 l=1 rev1=1 crypto rx=0x7f4d680098a0 tx=0x7f4d68009bb0 comp rx=0 tx=0).stop
2023-07-21T22:25:35.277 INFO:teuthology.orchestra.run.smithi005.stdout:/usr/bin/ceph: stderr
2023-07-21T22:25:34.547+0000 7f4d7b0dc700 1 -- 172.21.15.5:0/1766949572 shutdown_connections
2023-07-21T22:25:35.277 INFO:teuthology.orchestra.run.smithi005.stdout:/usr/bin/ceph: stderr
2023-07-21T22:25:34.547+0000 7f4d7b0dc700 1 --2- 172.21.15.5:0/1766949572 >> [v2:172.21.15.5:3300/0,v1:172.21.15.5:6789/0] conn(0x7f4d74105360 0x7f4d74105770 unknown :-1 s=CLOSED pgs=16 cs=0 l=1 rev1=1 crypto rx=0 tx=0 comp rx=0 tx=0).stop
2023-07-21T22:25:35.278 INFO:teuthology.orchestra.run.smithi005.stdout:/usr/bin/ceph: stderr
2023-07-21T22:25:34.547+0000 7f4d7b0dc700 1 -- 172.21.15.5:0/1766949572 >> 172.21.15.5:0/1766949572 conn(0x7f4d741009d0 msgr2=0x7f4d74102de0 unknown :-1 s=STATE_NONE l=0).mark_down
2023-07-21T22:25:35.278 INFO:teuthology.orchestra.run.smithi005.stdout:/usr/bin/ceph: stderr
2023-07-21T22:25:34.547+0000 7f4d7b0dc700 1 -- 172.21.15.5:0/1766949572 shutdown_connections
2023-07-21T22:25:35.278 INFO:teuthology.orchestra.run.smithi005.stdout:/usr/bin/ceph: stderr
2023-07-21T22:25:34.547+0000 7f4d7b0dc700 1 -- 172.21.15.5:0/1766949572 wait complete.
2023-07-21T22:25:35.278 INFO:teuthology.orchestra.run.smithi005.stdout:/usr/bin/ceph: stderr
2023-07-21T22:25:34.548+0000 7f4d7b0dc700 1 Processor -- start
2023-07-21T22:25:35.278 INFO:teuthology.orchestra.run.smithi005.stdout:/usr/bin/ceph: stderr
2023-07-21T22:25:34.548+0000 7f4d7b0dc700 1 -- start start
2023-07-21T22:25:35.278 INFO:teuthology.orchestra.run.smithi005.stdout:/usr/bin/ceph: stderr
2023-07-21T22:25:34.549+0000 7f4d7b0dc700 1 --2- >> [v2:172.21.15.5:3300/0,v1:172.21.15.5:6789/0] conn(0x7f4d74105360 0x7f4d74199040 unknown :-1 s=NONE pgs=0 cs=0 l=1 rev1=0 crypto rx=0 tx=0 comp rx=0 tx=0).connect
2023-07-21T22:25:35.278 INFO:teuthology.orchestra.run.smithi005.stdout:/usr/bin/ceph: stderr
2023-07-21T22:25:34.549+0000 7f4d7b0dc700 1 -- --> [v2:172.21.15.5:3300/0,v1:172.21.15.5:6789/0] -- mon_getmap magic: 0 v1 -- 0x7f4d74199580 con 0x7f4d74105360
2023-07-21T22:25:35.278 INFO:teuthology.orchestra.run.smithi005.stdout:/usr/bin/ceph: stderr
2023-07-21T22:25:34.549+0000 7f4d78e78700 1 --2- >> [v2:172.21.15.5:3300/0,v1:172.21.15.5:6789/0] conn(0x7f4d74105360 0x7f4d74199040 unknown :-1 s=BANNER_CONNECTING pgs=0 cs=0 l=1 rev1=0 crypto rx=0 tx=0 comp rx=0 tx=0)._handle_peer_banner_payload supported=3 required=0
2023-07-21T22:25:35.279 INFO:teuthology.orchestra.run.smithi005.stdout:/usr/bin/ceph: stderr
2023-07-21T22:25:34.549+0000 7f4d78e78700 1 --2- >> [v2:172.21.15.5:3300/0,v1:172.21.15.5:6789/0] conn(0x7f4d74105360 0x7f4d74199040 unknown :-1 s=HELLO_CONNECTING pgs=0 cs=0 l=1 rev1=1 crypto rx=0 tx=0 comp rx=0 tx=0).handle_hello peer v2:172.21.15.5:3300/0 says I am v2:172.21.15.5:37810/0 (socket says 172.21.15.5:37810)
2023-07-21T22:25:35.279 INFO:teuthology.orchestra.run.smithi005.stdout:/usr/bin/ceph: stderr
2023-07-21T22:25:34.549+0000 7f4d78e78700 1 -- 172.21.15.5:0/2452910412 learned_addr learned my addr 172.21.15.5:0/2452910412 (peer_addr_for_me v2:172.21.15.5:0/0)
2023-07-21T22:25:35.279 INFO:teuthology.orchestra.run.smithi005.stdout:/usr/bin/ceph: stderr
2023-07-21T22:25:34.549+0000 7f4d78e78700 1 -- 172.21.15.5:0/2452910412 --> [v2:172.21.15.5:3300/0,v1:172.21.15.5:6789/0] -- mon_subscribe({config=0+,monmap=0+}) v3 -- 0x7f4d68009550 con 0x7f4d74105360
2023-07-21T22:25:35.279 INFO:teuthology.orchestra.run.smithi005.stdout:/usr/bin/ceph: stderr
2023-07-21T22:25:34.549+0000 7f4d78e78700 1 --2- 172.21.15.5:0/2452910412 >> [v2:172.21.15.5:3300/0,v1:172.21.15.5:6789/0] conn(0x7f4d74105360 0x7f4d74199040 secure :-1 s=READY pgs=17 cs=0 l=1 rev1=1 crypto rx=0x7f4d68006af0 tx=0x7f4d68011ad0 comp rx=0 tx=0).ready entity=mon.0 client_cookie=0 server_cookie=0 in_seq=0 out_seq=0
2023-07-21T22:25:35.279 INFO:teuthology.orchestra.run.smithi005.stdout:/usr/bin/ceph: stderr
2023-07-21T22:25:34.550+0000 7f4d71ffb700 1 -- 172.21.15.5:0/2452910412 <== mon.0 v2:172.21.15.5:3300/0 1 ==== mon_map magic: 0 v1 ==== 205+0+0 (secure 0 0 0) 0x7f4d68003a40 con 0x7f4d74105360
2023-07-21T22:25:35.279 INFO:teuthology.orchestra.run.smithi005.stdout:/usr/bin/ceph: stderr
2023-07-21T22:25:34.550+0000 7f4d71ffb700 1 -- 172.21.15.5:0/2452910412 <== mon.0 v2:172.21.15.5:3300/0 2 ==== config(26 keys) v1 ==== 1074+0+0 (secure 0 0 0) 0x7f4d68003ba0 con 0x7f4d74105360
2023-07-21T22:25:35.279 INFO:teuthology.orchestra.run.smithi005.stdout:/usr/bin/ceph: stderr
2023-07-21T22:25:34.550+0000 7f4d71ffb700 1 -- 172.21.15.5:0/2452910412 <== mon.0 v2:172.21.15.5:3300/0 3 ==== mon_map magic: 0 v1 ==== 205+0+0 (secure 0 0 0) 0x7f4d6801a6e0 con 0x7f4d74105360
2023-07-21T22:25:35.279 INFO:teuthology.orchestra.run.smithi005.stdout:/usr/bin/ceph: stderr
2023-07-21T22:25:34.550+0000 7f4d7b0dc700 1 -- 172.21.15.5:0/2452910412 --> [v2:172.21.15.5:3300/0,v1:172.21.15.5:6789/0] -- mon_subscribe({mgrmap=0+}) v3 -- 0x7f4d74199780 con 0x7f4d74105360
2023-07-21T22:25:35.280 INFO:teuthology.orchestra.run.smithi005.stdout:/usr/bin/ceph: stderr
2023-07-21T22:25:34.550+0000 7f4d7b0dc700 1 -- 172.21.15.5:0/2452910412 --> [v2:172.21.15.5:3300/0,v1:172.21.15.5:6789/0] -- mon_subscribe({osdmap=0}) v3 -- 0x7f4d74199ba0 con 0x7f4d74105360
2023-07-21T22:25:35.280 INFO:teuthology.orchestra.run.smithi005.stdout:/usr/bin/ceph: stderr
2023-07-21T22:25:34.551+0000 7f4d71ffb700 1 -- 172.21.15.5:0/2452910412 <== mon.0 v2:172.21.15.5:3300/0 4 ==== mgrmap(e 4) v1 ==== 45472+0+0 (secure 0 0 0) 0x7f4d68024a60 con 0x7f4d74105360
2023-07-21T22:25:35.280 INFO:teuthology.orchestra.run.smithi005.stdout:/usr/bin/ceph: stderr
2023-07-21T22:25:34.551+0000 7f4d7b0dc700 1 -- 172.21.15.5:0/2452910412 --> [v2:172.21.15.5:3300/0,v1:172.21.15.5:6789/0] -- mon_command({"prefix": "get_command_descriptions"} v 0) v1 -- 0x7f4d74061b40 con 0x7f4d74105360
2023-07-21T22:25:35.280 INFO:teuthology.orchestra.run.smithi005.stdout:/usr/bin/ceph: stderr
2023-07-21T22:25:34.551+0000 7f4d71ffb700 1 --2- 172.21.15.5:0/2452910412 >> [v2:172.21.15.5:6800/2374457142,v1:172.21.15.5:6801/2374457142] conn(0x7f4d64038710 0x7f4d6403abc0 unknown :-1 s=NONE pgs=0 cs=0 l=1 rev1=0 crypto rx=0 tx=0 comp rx=0 tx=0).connect
2023-07-21T22:25:35.280 INFO:teuthology.orchestra.run.smithi005.stdout:/usr/bin/ceph: stderr
2023-07-21T22:25:34.551+0000 7f4d71ffb700 1 -- 172.21.15.5:0/2452910412 <== mon.0 v2:172.21.15.5:3300/0 5 ==== osd_map(1..1 src has 1..1) v4 ==== 725+0+0 (secure 0 0 0) 0x7f4d6804c690 con 0x7f4d74105360
2023-07-21T22:25:35.280 INFO:teuthology.orchestra.run.smithi005.stdout:/usr/bin/ceph: stderr
2023-07-21T22:25:34.552+0000 7f4d73fff700 1 --2- 172.21.15.5:0/2452910412 >> [v2:172.21.15.5:6800/2374457142,v1:172.21.15.5:6801/2374457142] conn(0x7f4d64038710 0x7f4d6403abc0 unknown :-1 s=BANNER_CONNECTING pgs=0 cs=0 l=1 rev1=0 crypto rx=0 tx=0 comp rx=0 tx=0)._handle_peer_banner_payload supported=3 required=0
2023-07-21T22:25:35.280 INFO:teuthology.orchestra.run.smithi005.stdout:/usr/bin/ceph: stderr
2023-07-21T22:25:34.552+0000 7f4d73fff700 1 --2- 172.21.15.5:0/2452910412 >> [v2:172.21.15.5:6800/2374457142,v1:172.21.15.5:6801/2374457142] conn(0x7f4d64038710 0x7f4d6403abc0 secure :-1 s=READY pgs=7 cs=0 l=1 rev1=1 crypto rx=0x7f4d60006fd0 tx=0x7f4d60006e40 comp rx=0 tx=0).ready entity=mgr.14100 client_cookie=0 server_cookie=0 in_seq=0 out_seq=0
2023-07-21T22:25:35.281 INFO:teuthology.orchestra.run.smithi005.stdout:/usr/bin/ceph: stderr
2023-07-21T22:25:34.557+0000 7f4d71ffb700 1 -- 172.21.15.5:0/2452910412 <== mon.0 v2:172.21.15.5:3300/0 6 ==== mon_command_ack([{"prefix": "get_command_descriptions"}]=0 v0) v1 ==== 72+0+178008 (secure 0 0 0) 0x7f4d68024430 con 0x7f4d74105360
2023-07-21T22:25:35.281 INFO:teuthology.orchestra.run.smithi005.stdout:/usr/bin/ceph: stderr
2023-07-21T22:25:34.759+0000 7f4d7b0dc700 1 -- 172.21.15.5:0/2452910412 --> [v2:172.21.15.5:3300/0,v1:172.21.15.5:6789/0] -- mon_command({"prefix": "config assimilate-conf"} v 0) v1 -- 0x7f4d74109800 con 0x7f4d74105360
2023-07-21T22:25:35.281 INFO:teuthology.orchestra.run.smithi005.stdout:/usr/bin/ceph: stderr
2023-07-21T22:25:34.760+0000 7f4d71ffb700 1 -- 172.21.15.5:0/2452910412 <== mon.0 v2:172.21.15.5:3300/0 7 ==== mon_command_ack([{"prefix": "config assimilate-conf"}]=0 v3) v1 ==== 70+0+398 (secure 0 0 0) 0x7f4d68018350 con 0x7f4d74105360
2023-07-21T22:25:35.281 INFO:teuthology.orchestra.run.smithi005.stdout:/usr/bin/ceph: stderr
2023-07-21T22:25:34.762+0000 7f4d7b0dc700 1 -- 172.21.15.5:0/2452910412 >> [v2:172.21.15.5:6800/2374457142,v1:172.21.15.5:6801/2374457142] conn(0x7f4d64038710 msgr2=0x7f4d6403abc0 secure :-1 s=STATE_CONNECTION_ESTABLISHED l=1).mark_down
2023-07-21T22:25:35.281 INFO:teuthology.orchestra.run.smithi005.stdout:/usr/bin/ceph: stderr
2023-07-21T22:25:34.762+0000 7f4d7b0dc700 1 --2- 172.21.15.5:0/2452910412 >> [v2:172.21.15.5:6800/2374457142,v1:172.21.15.5:6801/2374457142] conn(0x7f4d64038710 0x7f4d6403abc0 secure :-1 s=READY pgs=7 cs=0 l=1 rev1=1 crypto rx=0x7f4d60006fd0 tx=0x7f4d60006e40 comp rx=0 tx=0).stop
2023-07-21T22:25:35.281 INFO:teuthology.orchestra.run.smithi005.stdout:/usr/bin/ceph: stderr
2023-07-21T22:25:34.763+0000 7f4d7b0dc700 1 -- 172.21.15.5:0/2452910412 >> [v2:172.21.15.5:3300/0,v1:172.21.15.5:6789/0] conn(0x7f4d74105360 msgr2=0x7f4d74199040 secure :-1 s=STATE_CONNECTION_ESTABLISHED l=1).mark_down
2023-07-21T22:25:35.281 INFO:teuthology.orchestra.run.smithi005.stdout:/usr/bin/ceph: stderr
2023-07-21T22:25:34.763+0000 7f4d7b0dc700 1 --2- 172.21.15.5:0/2452910412 >> [v2:172.21.15.5:3300/0,v1:172.21.15.5:6789/0] conn(0x7f4d74105360 0x7f4d74199040 secure :-1 s=READY pgs=17 cs=0 l=1 rev1=1 crypto rx=0x7f4d68006af0 tx=0x7f4d68011ad0 comp rx=0 tx=0).stop
2023-07-21T22:25:35.281 INFO:teuthology.orchestra.run.smithi005.stdout:/usr/bin/ceph: stderr
2023-07-21T22:25:34.763+0000 7f4d7b0dc700 1 -- 172.21.15.5:0/2452910412 shutdown_connections
2023-07-21T22:25:35.282 INFO:teuthology.orchestra.run.smithi005.stdout:/usr/bin/ceph: stderr
2023-07-21T22:25:34.763+0000 7f4d7b0dc700 1 --2- 172.21.15.5:0/2452910412 >> [v2:172.21.15.5:6800/2374457142,v1:172.21.15.5:6801/2374457142] conn(0x7f4d64038710 0x7f4d6403abc0 unknown :-1 s=CLOSED pgs=7 cs=0 l=1 rev1=1 crypto rx=0 tx=0 comp rx=0 tx=0).stop
2023-07-21T22:25:35.282 INFO:teuthology.orchestra.run.smithi005.stdout:/usr/bin/ceph: stderr
2023-07-21T22:25:34.763+0000 7f4d7b0dc700 1 --2- 172.21.15.5:0/2452910412 >> [v2:172.21.15.5:3300/0,v1:172.21.15.5:6789/0] conn(0x7f4d74105360 0x7f4d74199040 unknown :-1 s=CLOSED pgs=17 cs=0 l=1 rev1=1 crypto rx=0 tx=0 comp rx=0 tx=0).stop
2023-07-21T22:25:35.282 INFO:teuthology.orchestra.run.smithi005.stdout:/usr/bin/ceph: stderr
2023-07-21T22:25:34.763+0000 7f4d7b0dc700 1 -- 172.21.15.5:0/2452910412 >> 172.21.15.5:0/2452910412 conn(0x7f4d741009d0 msgr2=0x7f4d74101780 unknown :-1 s=STATE_NONE l=0).mark_down
2023-07-21T22:25:35.282 INFO:teuthology.orchestra.run.smithi005.stdout:/usr/bin/ceph: stderr
2023-07-21T22:25:34.763+0000 7f4d7b0dc700 1 -- 172.21.15.5:0/2452910412 shutdown_connections
2023-07-21T22:25:35.282 INFO:teuthology.orchestra.run.smithi005.stdout:/usr/bin/ceph: stderr
2023-07-21T22:25:34.763+0000 7f4d7b0dc700 1 -- 172.21.15.5:0/2452910412 wait complete.
2023-07-21T22:25:35.282 INFO:teuthology.orchestra.run.smithi005.stdout:Enabling cephadm module...
2023-07-21T22:25:36.885 INFO:journalctl@ceph.mon.a.smithi005.stdout:Jul 21 22:25:36 smithi005 ceph-mon[95470]: from='client.? 172.21.15.5:0/2890860061' entity='client.admin' cmd=[{"prefix": "mgr module enable", "module": "cephadm"}]: dispatch
2023-07-21T22:25:36.885 INFO:journalctl@ceph.mgr.x.smithi005.stdout:Jul 21 22:25:36 smithi005 ceph-522aa6f0-2815-11ee-9b34-001a4aab830c-mgr-x[95718]: ignoring --setuser ceph since I am not root
2023-07-21T22:25:36.886 INFO:journalctl@ceph.mgr.x.smithi005.stdout:Jul 21 22:25:36 smithi005 ceph-522aa6f0-2815-11ee-9b34-001a4aab830c-mgr-x[95718]: ignoring --setgroup ceph since I am not root
2023-07-21T22:25:37.153 INFO:teuthology.orchestra.run.smithi005.stdout:/usr/bin/ceph: stderr
2023-07-21T22:25:35.793+0000 7f3a35ca9700 1 Processor -- start
2023-07-21T22:25:37.158 INFO:teuthology.orchestra.run.smithi005.stdout:/usr/bin/ceph: stderr
2023-07-21T22:25:35.794+0000 7f3a35ca9700 1 -- start start
2023-07-21T22:25:37.158 INFO:teuthology.orchestra.run.smithi005.stdout:/usr/bin/ceph: stderr
2023-07-21T22:25:35.794+0000 7f3a35ca9700 1 --2- >> [v2:172.21.15.5:3300/0,v1:172.21.15.5:6789/0] conn(0x7f3a30105360 0x7f3a30105770 unknown :-1 s=NONE pgs=0 cs=0 l=0 rev1=0 crypto rx=0 tx=0 comp rx=0 tx=0).connect
2023-07-21T22:25:37.158 INFO:teuthology.orchestra.run.smithi005.stdout:/usr/bin/ceph: stderr
2023-07-21T22:25:35.794+0000 7f3a35ca9700 1 -- --> [v2:172.21.15.5:3300/0,v1:172.21.15.5:6789/0] -- mon_getmap magic: 0 v1 -- 0x7f3a30105cb0 con 0x7f3a30105360
2023-07-21T22:25:37.158 INFO:teuthology.orchestra.run.smithi005.stdout:/usr/bin/ceph: stderr
2023-07-21T22:25:35.794+0000 7f3a2f7fe700 1 --2- >> [v2:172.21.15.5:3300/0,v1:172.21.15.5:6789/0] conn(0x7f3a30105360 0x7f3a30105770 unknown :-1 s=BANNER_CONNECTING pgs=0 cs=0 l=0 rev1=0 crypto rx=0 tx=0 comp rx=0 tx=0)._handle_peer_banner_payload supported=3 required=0
2023-07-21T22:25:37.158 INFO:teuthology.orchestra.run.smithi005.stdout:/usr/bin/ceph: stderr
2023-07-21T22:25:35.794+0000 7f3a2f7fe700 1 --2- >> [v2:172.21.15.5:3300/0,v1:172.21.15.5:6789/0] conn(0x7f3a30105360 0x7f3a30105770 unknown :-1 s=HELLO_CONNECTING pgs=0 cs=0 l=0 rev1=1 crypto rx=0 tx=0 comp rx=0 tx=0).handle_hello peer v2:172.21.15.5:3300/0 says I am v2:172.21.15.5:37824/0 (socket says 172.21.15.5:37824)
2023-07-21T22:25:37.158 INFO:teuthology.orchestra.run.smithi005.stdout:/usr/bin/ceph: stderr
2023-07-21T22:25:35.794+0000 7f3a2f7fe700 1 -- 172.21.15.5:0/3458558980 learned_addr learned my addr 172.21.15.5:0/3458558980 (peer_addr_for_me v2:172.21.15.5:0/0)
2023-07-21T22:25:37.159 INFO:teuthology.orchestra.run.smithi005.stdout:/usr/bin/ceph: stderr
2023-07-21T22:25:35.795+0000 7f3a2f7fe700 1 -- 172.21.15.5:0/3458558980 --> [v2:172.21.15.5:3300/0,v1:172.21.15.5:6789/0] -- mon_subscribe({config=0+,monmap=0+}) v3 -- 0x7f3a30105df0 con 0x7f3a30105360
2023-07-21T22:25:37.159 INFO:teuthology.orchestra.run.smithi005.stdout:/usr/bin/ceph: stderr
2023-07-21T22:25:35.795+0000 7f3a2f7fe700 1 --2- 172.21.15.5:0/3458558980 >> [v2:172.21.15.5:3300/0,v1:172.21.15.5:6789/0] conn(0x7f3a30105360 0x7f3a30105770 secure :-1 s=READY pgs=18 cs=0 l=1 rev1=1 crypto rx=0x7f3a200098a0 tx=0x7f3a20009bb0 comp rx=0 tx=0).ready entity=mon.0 client_cookie=518e2658d0b7fafb server_cookie=0 in_seq=0 out_seq=0
2023-07-21T22:25:37.159 INFO:teuthology.orchestra.run.smithi005.stdout:/usr/bin/ceph: stderr
2023-07-21T22:25:35.795+0000 7f3a2e7fc700 1 -- 172.21.15.5:0/3458558980 <== mon.0 v2:172.21.15.5:3300/0 1 ==== mon_map magic: 0 v1 ==== 205+0+0 (secure 0 0 0) 0x7f3a20004160 con 0x7f3a30105360
2023-07-21T22:25:37.159 INFO:teuthology.orchestra.run.smithi005.stdout:/usr/bin/ceph: stderr
2023-07-21T22:25:35.795+0000 7f3a2e7fc700 1 -- 172.21.15.5:0/3458558980 <== mon.0 v2:172.21.15.5:3300/0 2 ==== config(26 keys) v1 ==== 1074+0+0 (secure 0 0 0) 0x7f3a200042c0 con 0x7f3a30105360
2023-07-21T22:25:37.159 INFO:teuthology.orchestra.run.smithi005.stdout:/usr/bin/ceph: stderr
2023-07-21T22:25:35.795+0000 7f3a2e7fc700 1 -- 172.21.15.5:0/3458558980 <== mon.0 v2:172.21.15.5:3300/0 3 ==== mon_map magic: 0 v1 ==== 205+0+0 (secure 0 0 0) 0x7f3a20011a00 con 0x7f3a30105360
2023-07-21T22:25:37.159 INFO:teuthology.orchestra.run.smithi005.stdout:/usr/bin/ceph: stderr
2023-07-21T22:25:35.796+0000 7f3a35ca9700 1 -- 172.21.15.5:0/3458558980 >> [v2:172.21.15.5:3300/0,v1:172.21.15.5:6789/0] conn(0x7f3a30105360 msgr2=0x7f3a30105770 secure :-1 s=STATE_CONNECTION_ESTABLISHED l=1).mark_down
2023-07-21T22:25:37.159 INFO:teuthology.orchestra.run.smithi005.stdout:/usr/bin/ceph: stderr
2023-07-21T22:25:35.796+0000 7f3a35ca9700 1 --2- 172.21.15.5:0/3458558980 >> [v2:172.21.15.5:3300/0,v1:172.21.15.5:6789/0] conn(0x7f3a30105360 0x7f3a30105770 secure :-1 s=READY pgs=18 cs=0 l=1 rev1=1 crypto rx=0x7f3a200098a0 tx=0x7f3a20009bb0 comp rx=0 tx=0).stop
2023-07-21T22:25:37.160 INFO:teuthology.orchestra.run.smithi005.stdout:/usr/bin/ceph: stderr
2023-07-21T22:25:35.796+0000 7f3a35ca9700 1 -- 172.21.15.5:0/3458558980 shutdown_connections
2023-07-21T22:25:37.160 INFO:teuthology.orchestra.run.smithi005.stdout:/usr/bin/ceph: stderr
2023-07-21T22:25:35.796+0000 7f3a35ca9700 1 --2- 172.21.15.5:0/3458558980 >> [v2:172.21.15.5:3300/0,v1:172.21.15.5:6789/0] conn(0x7f3a30105360 0x7f3a30105770 unknown :-1 s=CLOSED pgs=18 cs=0 l=1 rev1=1 crypto rx=0 tx=0 comp rx=0 tx=0).stop
2023-07-21T22:25:37.160 INFO:teuthology.orchestra.run.smithi005.stdout:/usr/bin/ceph: stderr
2023-07-21T22:25:35.796+0000 7f3a35ca9700 1 -- 172.21.15.5:0/3458558980 >> 172.21.15.5:0/3458558980 conn(0x7f3a301009d0 msgr2=0x7f3a30102de0 unknown :-1 s=STATE_NONE l=0).mark_down
2023-07-21T22:25:37.160 INFO:teuthology.orchestra.run.smithi005.stdout:/usr/bin/ceph: stderr
2023-07-21T22:25:35.796+0000 7f3a35ca9700 1 -- 172.21.15.5:0/3458558980 shutdown_connections
2023-07-21T22:25:37.160 INFO:teuthology.orchestra.run.smithi005.stdout:/usr/bin/ceph: stderr
2023-07-21T22:25:35.796+0000 7f3a35ca9700 1 -- 172.21.15.5:0/3458558980 wait complete.
2023-07-21T22:25:37.160 INFO:teuthology.orchestra.run.smithi005.stdout:/usr/bin/ceph: stderr
2023-07-21T22:25:35.797+0000 7f3a35ca9700 1 Processor -- start
2023-07-21T22:25:37.160 INFO:teuthology.orchestra.run.smithi005.stdout:/usr/bin/ceph: stderr
2023-07-21T22:25:35.797+0000 7f3a35ca9700 1 -- start start
2023-07-21T22:25:37.161 INFO:teuthology.orchestra.run.smithi005.stdout:/usr/bin/ceph: stderr
2023-07-21T22:25:35.797+0000 7f3a35ca9700 1 --2- >> [v2:172.21.15.5:3300/0,v1:172.21.15.5:6789/0] conn(0x7f3a30105360 0x7f3a30199040 unknown :-1 s=NONE pgs=0 cs=0 l=1 rev1=0 crypto rx=0 tx=0 comp rx=0 tx=0).connect
2023-07-21T22:25:37.161 INFO:teuthology.orchestra.run.smithi005.stdout:/usr/bin/ceph: stderr
2023-07-21T22:25:35.798+0000 7f3a35ca9700 1 -- --> [v2:172.21.15.5:3300/0,v1:172.21.15.5:6789/0] -- mon_getmap magic: 0 v1 -- 0x7f3a30199580 con 0x7f3a30105360
2023-07-21T22:25:37.161 INFO:teuthology.orchestra.run.smithi005.stdout:/usr/bin/ceph: stderr
2023-07-21T22:25:35.798+0000 7f3a2f7fe700 1 --2- >> [v2:172.21.15.5:3300/0,v1:172.21.15.5:6789/0] conn(0x7f3a30105360 0x7f3a30199040 unknown :-1 s=BANNER_CONNECTING pgs=0 cs=0 l=1 rev1=0 crypto rx=0 tx=0 comp rx=0 tx=0)._handle_peer_banner_payload supported=3 required=0
2023-07-21T22:25:37.161 INFO:teuthology.orchestra.run.smithi005.stdout:/usr/bin/ceph: stderr
2023-07-21T22:25:35.798+0000 7f3a2f7fe700 1 --2- >> [v2:172.21.15.5:3300/0,v1:172.21.15.5:6789/0] conn(0x7f3a30105360 0x7f3a30199040 unknown :-1 s=HELLO_CONNECTING pgs=0 cs=0 l=1 rev1=1 crypto rx=0 tx=0 comp rx=0 tx=0).handle_hello peer v2:172.21.15.5:3300/0 says I am v2:172.21.15.5:37828/0 (socket says 172.21.15.5:37828)
2023-07-21T22:25:37.161 INFO:teuthology.orchestra.run.smithi005.stdout:/usr/bin/ceph: stderr
2023-07-21T22:25:35.798+0000 7f3a2f7fe700 1 -- 172.21.15.5:0/2890860061 learned_addr learned my addr 172.21.15.5:0/2890860061 (peer_addr_for_me v2:172.21.15.5:0/0)
2023-07-21T22:25:37.161 INFO:teuthology.orchestra.run.smithi005.stdout:/usr/bin/ceph: stderr
2023-07-21T22:25:35.798+0000 7f3a2f7fe700 1 -- 172.21.15.5:0/2890860061 --> [v2:172.21.15.5:3300/0,v1:172.21.15.5:6789/0] -- mon_subscribe({config=0+,monmap=0+}) v3 -- 0x7f3a20009550 con 0x7f3a30105360
2023-07-21T22:25:37.161 INFO:teuthology.orchestra.run.smithi005.stdout:/usr/bin/ceph: stderr
2023-07-21T22:25:35.798+0000 7f3a2f7fe700 1 --2- 172.21.15.5:0/2890860061 >> [v2:172.21.15.5:3300/0,v1:172.21.15.5:6789/0] conn(0x7f3a30105360 0x7f3a30199040 secure :-1 s=READY pgs=19 cs=0 l=1 rev1=1 crypto rx=0x7f3a20006af0 tx=0x7f3a20011ad0 comp rx=0 tx=0).ready entity=mon.0 client_cookie=0 server_cookie=0 in_seq=0 out_seq=0
2023-07-21T22:25:37.162 INFO:teuthology.orchestra.run.smithi005.stdout:/usr/bin/ceph: stderr
2023-07-21T22:25:35.799+0000 7f3a2cff9700 1 -- 172.21.15.5:0/2890860061 <== mon.0 v2:172.21.15.5:3300/0 1 ==== mon_map magic: 0 v1 ==== 205+0+0 (secure 0 0 0) 0x7f3a20003a40 con 0x7f3a30105360
2023-07-21T22:25:37.162 INFO:teuthology.orchestra.run.smithi005.stdout:/usr/bin/ceph: stderr
2023-07-21T22:25:35.799+0000 7f3a2cff9700 1 -- 172.21.15.5:0/2890860061 <== mon.0 v2:172.21.15.5:3300/0 2 ==== config(26 keys) v1 ==== 1074+0+0 (secure 0 0 0) 0x7f3a20003ba0 con 0x7f3a30105360
2023-07-21T22:25:37.162 INFO:teuthology.orchestra.run.smithi005.stdout:/usr/bin/ceph: stderr
2023-07-21T22:25:35.799+0000 7f3a35ca9700 1 -- 172.21.15.5:0/2890860061 --> [v2:172.21.15.5:3300/0,v1:172.21.15.5:6789/0] -- mon_subscribe({mgrmap=0+}) v3 -- 0x7f3a30199780 con 0x7f3a30105360
2023-07-21T22:25:37.162 INFO:teuthology.orchestra.run.smithi005.stdout:/usr/bin/ceph: stderr
2023-07-21T22:25:35.799+0000 7f3a2cff9700 1 -- 172.21.15.5:0/2890860061 <== mon.0 v2:172.21.15.5:3300/0 3 ==== mon_map magic: 0 v1 ==== 205+0+0 (secure 0 0 0) 0x7f3a2001a6e0 con 0x7f3a30105360
2023-07-21T22:25:37.162 INFO:teuthology.orchestra.run.smithi005.stdout:/usr/bin/ceph: stderr
2023-07-21T22:25:35.799+0000 7f3a35ca9700 1 -- 172.21.15.5:0/2890860061 --> [v2:172.21.15.5:3300/0,v1:172.21.15.5:6789/0] -- mon_subscribe({osdmap=0}) v3 -- 0x7f3a30199ba0 con 0x7f3a30105360
2023-07-21T22:25:37.162 INFO:teuthology.orchestra.run.smithi005.stdout:/usr/bin/ceph: stderr
2023-07-21T22:25:35.800+0000 7f3a2cff9700 1 -- 172.21.15.5:0/2890860061 <== mon.0 v2:172.21.15.5:3300/0 4 ==== mgrmap(e 4) v1 ==== 45472+0+0 (secure 0 0 0) 0x7f3a20024430 con 0x7f3a30105360
2023-07-21T22:25:37.162 INFO:teuthology.orchestra.run.smithi005.stdout:/usr/bin/ceph: stderr
2023-07-21T22:25:35.800+0000 7f3a35ca9700 1 -- 172.21.15.5:0/2890860061 --> [v2:172.21.15.5:3300/0,v1:172.21.15.5:6789/0] -- mon_command({"prefix": "get_command_descriptions"} v 0) v1 -- 0x7f3a30061b40 con 0x7f3a30105360
2023-07-21T22:25:37.163 INFO:teuthology.orchestra.run.smithi005.stdout:/usr/bin/ceph: stderr
2023-07-21T22:25:35.800+0000 7f3a2cff9700 1 --2- 172.21.15.5:0/2890860061 >> [v2:172.21.15.5:6800/2374457142,v1:172.21.15.5:6801/2374457142] conn(0x7f3a180386c0 0x7f3a1803ab70 unknown :-1 s=NONE pgs=0 cs=0 l=1 rev1=0 crypto rx=0 tx=0 comp rx=0 tx=0).connect
2023-07-21T22:25:37.163 INFO:teuthology.orchestra.run.smithi005.stdout:/usr/bin/ceph: stderr
2023-07-21T22:25:35.800+0000 7f3a2cff9700 1 -- 172.21.15.5:0/2890860061 <== mon.0 v2:172.21.15.5:3300/0 5 ==== osd_map(1..1 src has 1..1) v4 ==== 725+0+0 (secure 0 0 0) 0x7f3a2004c6b0 con 0x7f3a30105360
2023-07-21T22:25:37.163 INFO:teuthology.orchestra.run.smithi005.stdout:/usr/bin/ceph: stderr
2023-07-21T22:25:35.801+0000 7f3a2effd700 1 --2- 172.21.15.5:0/2890860061 >> [v2:172.21.15.5:6800/2374457142,v1:172.21.15.5:6801/2374457142] conn(0x7f3a180386c0 0x7f3a1803ab70 unknown :-1 s=BANNER_CONNECTING pgs=0 cs=0 l=1 rev1=0 crypto rx=0 tx=0 comp rx=0 tx=0)._handle_peer_banner_payload supported=3 required=0
2023-07-21T22:25:37.163 INFO:teuthology.orchestra.run.smithi005.stdout:/usr/bin/ceph: stderr
2023-07-21T22:25:35.801+0000 7f3a2effd700 1 --2- 172.21.15.5:0/2890860061 >> [v2:172.21.15.5:6800/2374457142,v1:172.21.15.5:6801/2374457142] conn(0x7f3a180386c0 0x7f3a1803ab70 secure :-1 s=READY pgs=8 cs=0 l=1 rev1=1 crypto rx=0x7f3a24006fd0 tx=0x7f3a24006e40 comp rx=0 tx=0).ready entity=mgr.14100 client_cookie=0 server_cookie=0 in_seq=0 out_seq=0
2023-07-21T22:25:37.163 INFO:teuthology.orchestra.run.smithi005.stdout:/usr/bin/ceph: stderr
2023-07-21T22:25:35.805+0000 7f3a2cff9700 1 -- 172.21.15.5:0/2890860061 <== mon.0 v2:172.21.15.5:3300/0 6 ==== mon_command_ack([{"prefix": "get_command_descriptions"}]=0 v0) v1 ==== 72+0+178008 (secure 0 0 0) 0x7f3a200246e0 con 0x7f3a30105360
2023-07-21T22:25:37.163 INFO:teuthology.orchestra.run.smithi005.stdout:/usr/bin/ceph: stderr
2023-07-21T22:25:36.071+0000 7f3a35ca9700 1 -- 172.21.15.5:0/2890860061 --> [v2:172.21.15.5:3300/0,v1:172.21.15.5:6789/0] -- mon_command({"prefix": "mgr module enable", "module": "cephadm"} v 0) v1 -- 0x7f3a30109800 con 0x7f3a30105360
2023-07-21T22:25:37.163 INFO:teuthology.orchestra.run.smithi005.stdout:/usr/bin/ceph: stderr
2023-07-21T22:25:36.572+0000 7f3a2cff9700 1 -- 172.21.15.5:0/2890860061 <== mon.0 v2:172.21.15.5:3300/0 7 ==== mgrmap(e 5) v1 ==== 45483+0+0 (secure 0 0 0) 0x7f3a2002d8c0 con 0x7f3a30105360
2023-07-21T22:25:37.164 INFO:teuthology.orchestra.run.smithi005.stdout:/usr/bin/ceph: stderr
2023-07-21T22:25:36.573+0000 7f3a2cff9700 1 -- 172.21.15.5:0/2890860061 <== mon.0 v2:172.21.15.5:3300/0 8 ==== mon_command_ack([{"prefix": "mgr module enable", "module": "cephadm"}]=0 v5) v1 ==== 86+0+0 (secure 0 0 0) 0x7f3a2000b9b0 con 0x7f3a30105360
2023-07-21T22:25:37.164 INFO:teuthology.orchestra.run.smithi005.stdout:/usr/bin/ceph: stderr
2023-07-21T22:25:36.577+0000 7f3a35ca9700 1 -- 172.21.15.5:0/2890860061 >> [v2:172.21.15.5:6800/2374457142,v1:172.21.15.5:6801/2374457142] conn(0x7f3a180386c0 msgr2=0x7f3a1803ab70 secure :-1 s=STATE_CONNECTION_ESTABLISHED l=1).mark_down
2023-07-21T22:25:37.164 INFO:teuthology.orchestra.run.smithi005.stdout:/usr/bin/ceph: stderr
2023-07-21T22:25:36.577+0000 7f3a35ca9700 1 --2- 172.21.15.5:0/2890860061 >> [v2:172.21.15.5:6800/2374457142,v1:172.21.15.5:6801/2374457142] conn(0x7f3a180386c0 0x7f3a1803ab70 secure :-1 s=READY pgs=8 cs=0 l=1 rev1=1 crypto rx=0x7f3a24006fd0 tx=0x7f3a24006e40 comp rx=0 tx=0).stop
2023-07-21T22:25:37.164 INFO:teuthology.orchestra.run.smithi005.stdout:/usr/bin/ceph: stderr
2023-07-21T22:25:36.577+0000 7f3a35ca9700 1 -- 172.21.15.5:0/2890860061 >> [v2:172.21.15.5:3300/0,v1:172.21.15.5:6789/0] conn(0x7f3a30105360 msgr2=0x7f3a30199040 secure :-1 s=STATE_CONNECTION_ESTABLISHED l=1).mark_down
2023-07-21T22:25:37.164 INFO:teuthology.orchestra.run.smithi005.stdout:/usr/bin/ceph: stderr
2023-07-21T22:25:36.577+0000 7f3a35ca9700 1 --2- 172.21.15.5:0/2890860061 >> [v2:172.21.15.5:3300/0,v1:172.21.15.5:6789/0] conn(0x7f3a30105360 0x7f3a30199040 secure :-1 s=READY pgs=19 cs=0 l=1 rev1=1 crypto rx=0x7f3a20006af0 tx=0x7f3a20011ad0 comp rx=0 tx=0).stop
2023-07-21T22:25:37.164 INFO:teuthology.orchestra.run.smithi005.stdout:/usr/bin/ceph: stderr
2023-07-21T22:25:36.577+0000 7f3a35ca9700 1 -- 172.21.15.5:0/2890860061 shutdown_connections
2023-07-21T22:25:37.164 INFO:teuthology.orchestra.run.smithi005.stdout:/usr/bin/ceph: stderr
2023-07-21T22:25:36.577+0000 7f3a35ca9700 1 --2- 172.21.15.5:0/2890860061 >> [v2:172.21.15.5:6800/2374457142,v1:172.21.15.5:6801/2374457142] conn(0x7f3a180386c0 0x7f3a1803ab70 unknown :-1 s=CLOSED pgs=8 cs=0 l=1 rev1=1 crypto rx=0 tx=0 comp rx=0 tx=0).stop
2023-07-21T22:25:37.165 INFO:teuthology.orchestra.run.smithi005.stdout:/usr/bin/ceph: stderr
2023-07-21T22:25:36.577+0000 7f3a35ca9700 1 --2- 172.21.15.5:0/2890860061 >> [v2:172.21.15.5:3300/0,v1:172.21.15.5:6789/0] conn(0x7f3a30105360 0x7f3a30199040 unknown :-1 s=CLOSED pgs=19 cs=0 l=1 rev1=1 crypto rx=0 tx=0 comp rx=0 tx=0).stop
2023-07-21T22:25:37.165 INFO:teuthology.orchestra.run.smithi005.stdout:/usr/bin/ceph: stderr
2023-07-21T22:25:36.577+0000 7f3a35ca9700 1 -- 172.21.15.5:0/2890860061 >> 172.21.15.5:0/2890860061 conn(0x7f3a301009d0 msgr2=0x7f3a30101780 unknown :-1 s=STATE_NONE l=0).mark_down
2023-07-21T22:25:37.165 INFO:teuthology.orchestra.run.smithi005.stdout:/usr/bin/ceph: stderr
2023-07-21T22:25:36.577+0000 7f3a35ca9700 1 -- 172.21.15.5:0/2890860061 shutdown_connections
2023-07-21T22:25:37.165 INFO:teuthology.orchestra.run.smithi005.stdout:/usr/bin/ceph: stderr
2023-07-21T22:25:36.577+0000 7f3a35ca9700 1 -- 172.21.15.5:0/2890860061 wait complete.
2023-07-21T22:25:37.211 INFO:journalctl@ceph.mgr.x.smithi005.stdout:Jul 21 22:25:36 smithi005 ceph-522aa6f0-2815-11ee-9b34-001a4aab830c-mgr-x[95718]:
2023-07-21T22:25:36.839+0000 7f02b5b00200 -1 mgr[py] Module devicehealth has missing NOTIFY_TYPES member
2023-07-21T22:25:37.211 INFO:journalctl@ceph.mgr.x.smithi005.stdout:Jul 21 22:25:36 smithi005 ceph-522aa6f0-2815-11ee-9b34-001a4aab830c-mgr-x[95718]:
2023-07-21T22:25:36.947+0000 7f02b5b00200 -1 mgr[py] Module osd_support has missing NOTIFY_TYPES member
2023-07-21T22:25:37.211 INFO:journalctl@ceph.mgr.x.smithi005.stdout:Jul 21 22:25:37 smithi005 ceph-522aa6f0-2815-11ee-9b34-001a4aab830c-mgr-x[95718]:
2023-07-21T22:25:37.066+0000 7f02b5b00200 -1 mgr[py] Module snap_schedule has missing NOTIFY_TYPES member
2023-07-21T22:25:37.511 INFO:journalctl@ceph.mgr.x.smithi005.stdout:Jul 21 22:25:37 smithi005 ceph-522aa6f0-2815-11ee-9b34-001a4aab830c-mgr-x[95718]:
2023-07-21T22:25:37.202+0000 7f02b5b00200 -1 mgr[py] Module zabbix has missing NOTIFY_TYPES member
2023-07-21T22:25:37.511 INFO:journalctl@ceph.mgr.x.smithi005.stdout:Jul 21 22:25:37 smithi005 ceph-522aa6f0-2815-11ee-9b34-001a4aab830c-mgr-x[95718]:
2023-07-21T22:25:37.438+0000 7f02b5b00200 -1 mgr[py] Module crash has missing NOTIFY_TYPES member
2023-07-21T22:25:37.897 INFO:journalctl@ceph.mon.a.smithi005.stdout:Jul 21 22:25:37 smithi005 ceph-mon[95470]: from='client.? 172.21.15.5:0/2890860061' entity='client.admin' cmd='[{"prefix": "mgr module enable", "module": "cephadm"}]': finished
2023-07-21T22:25:37.897 INFO:journalctl@ceph.mon.a.smithi005.stdout:Jul 21 22:25:37 smithi005 ceph-mon[95470]: mgrmap e5: x(active, since 4s)
2023-07-21T22:25:38.187 INFO:journalctl@ceph.mgr.x.smithi005.stdout:Jul 21 22:25:37 smithi005 ceph-522aa6f0-2815-11ee-9b34-001a4aab830c-mgr-x[95718]:
2023-07-21T22:25:37.851+0000 7f02b5b00200 -1 mgr[py] Module prometheus has missing NOTIFY_TYPES member
2023-07-21T22:25:38.187 INFO:journalctl@ceph.mgr.x.smithi005.stdout:Jul 21 22:25:37 smithi005 ceph-522aa6f0-2815-11ee-9b34-001a4aab830c-mgr-x[95718]:
2023-07-21T22:25:37.972+0000 7f02b5b00200 -1 mgr[py] Module status has missing NOTIFY_TYPES member
2023-07-21T22:25:38.446 INFO:teuthology.orchestra.run.smithi005.stdout:/usr/bin/ceph: stdout {
2023-07-21T22:25:38.447 INFO:teuthology.orchestra.run.smithi005.stdout:/usr/bin/ceph: stdout "epoch": 5,
2023-07-21T22:25:38.447 INFO:teuthology.orchestra.run.smithi005.stdout:/usr/bin/ceph: stdout "available": true,
2023-07-21T22:25:38.447 INFO:teuthology.orchestra.run.smithi005.stdout:/usr/bin/ceph: stdout "active_name": "x",
2023-07-21T22:25:38.447 INFO:teuthology.orchestra.run.smithi005.stdout:/usr/bin/ceph: stdout "num_standby": 0
2023-07-21T22:25:38.447 INFO:teuthology.orchestra.run.smithi005.stdout:/usr/bin/ceph: stdout }
2023-07-21T22:25:38.447 INFO:teuthology.orchestra.run.smithi005.stdout:/usr/bin/ceph: stderr
2023-07-21T22:25:37.661+0000 7fe7c8766700 1 Processor -- start
2023-07-21T22:25:38.448 INFO:teuthology.orchestra.run.smithi005.stdout:/usr/bin/ceph: stderr
2023-07-21T22:25:37.661+0000 7fe7c8766700 1 -- start start
2023-07-21T22:25:38.448 INFO:teuthology.orchestra.run.smithi005.stdout:/usr/bin/ceph: stderr
2023-07-21T22:25:37.661+0000 7fe7c8766700 1 --2- >> [v2:172.21.15.5:3300/0,v1:172.21.15.5:6789/0] conn(0x7fe7c0105e60 0x7fe7c0108240 unknown :-1 s=NONE pgs=0 cs=0 l=0 rev1=0 crypto rx=0 tx=0 comp rx=0 tx=0).connect
2023-07-21T22:25:38.448 INFO:teuthology.orchestra.run.smithi005.stdout:/usr/bin/ceph: stderr
2023-07-21T22:25:37.661+0000 7fe7c8766700 1 -- --> [v2:172.21.15.5:3300/0,v1:172.21.15.5:6789/0] -- mon_getmap magic: 0 v1 -- 0x7fe7c0073b20 con 0x7fe7c0105e60
2023-07-21T22:25:38.448 INFO:teuthology.orchestra.run.smithi005.stdout:/usr/bin/ceph: stderr
2023-07-21T22:25:37.662+0000 7fe7c6502700 1 --2- >> [v2:172.21.15.5:3300/0,v1:172.21.15.5:6789/0] conn(0x7fe7c0105e60 0x7fe7c0108240 unknown :-1 s=BANNER_CONNECTING pgs=0 cs=0 l=0 rev1=0 crypto rx=0 tx=0 comp rx=0 tx=0)._handle_peer_banner_payload supported=3 required=0
2023-07-21T22:25:38.448 INFO:teuthology.orchestra.run.smithi005.stdout:/usr/bin/ceph: stderr
2023-07-21T22:25:37.662+0000 7fe7c6502700 1 --2- >> [v2:172.21.15.5:3300/0,v1:172.21.15.5:6789/0] conn(0x7fe7c0105e60 0x7fe7c0108240 unknown :-1 s=HELLO_CONNECTING pgs=0 cs=0 l=0 rev1=1 crypto rx=0 tx=0 comp rx=0 tx=0).handle_hello peer v2:172.21.15.5:3300/0 says I am v2:172.21.15.5:37854/0 (socket says 172.21.15.5:37854)
2023-07-21T22:25:38.448 INFO:teuthology.orchestra.run.smithi005.stdout:/usr/bin/ceph: stderr
2023-07-21T22:25:37.662+0000 7fe7c6502700 1 -- 172.21.15.5:0/2647169203 learned_addr learned my addr 172.21.15.5:0/2647169203 (peer_addr_for_me v2:172.21.15.5:0/0)
2023-07-21T22:25:38.449 INFO:teuthology.orchestra.run.smithi005.stdout:/usr/bin/ceph: stderr
2023-07-21T22:25:37.662+0000 7fe7c6502700 1 -- 172.21.15.5:0/2647169203 --> [v2:172.21.15.5:3300/0,v1:172.21.15.5:6789/0] -- mon_subscribe({config=0+,monmap=0+}) v3 -- 0x7fe7c0073c60 con 0x7fe7c0105e60
2023-07-21T22:25:38.449 INFO:teuthology.orchestra.run.smithi005.stdout:/usr/bin/ceph: stderr
2023-07-21T22:25:37.662+0000 7fe7c6502700 1 --2- 172.21.15.5:0/2647169203 >> [v2:172.21.15.5:3300/0,v1:172.21.15.5:6789/0] conn(0x7fe7c0105e60 0x7fe7c0108240 secure :-1 s=READY pgs=22 cs=0 l=1 rev1=1 crypto rx=0x7fe7bc0098a0 tx=0x7fe7bc009bb0 comp rx=0 tx=0).ready entity=mon.0 client_cookie=11777da4b1d5d29e server_cookie=0 in_seq=0 out_seq=0
2023-07-21T22:25:38.449 INFO:teuthology.orchestra.run.smithi005.stdout:/usr/bin/ceph: stderr
2023-07-21T22:25:37.663+0000 7fe7c5500700 1 -- 172.21.15.5:0/2647169203 <== mon.0 v2:172.21.15.5:3300/0 1 ==== mon_map magic: 0 v1 ==== 205+0+0 (secure 0 0 0) 0x7fe7bc004160 con 0x7fe7c0105e60
2023-07-21T22:25:38.449 INFO:teuthology.orchestra.run.smithi005.stdout:/usr/bin/ceph: stderr
2023-07-21T22:25:37.663+0000 7fe7c5500700 1 -- 172.21.15.5:0/2647169203 <== mon.0 v2:172.21.15.5:3300/0 2 ==== config(26 keys) v1 ==== 1074+0+0 (secure 0 0 0) 0x7fe7bc0042c0 con 0x7fe7c0105e60
2023-07-21T22:25:38.449 INFO:teuthology.orchestra.run.smithi005.stdout:/usr/bin/ceph: stderr
2023-07-21T22:25:37.663+0000 7fe7c5500700 1 -- 172.21.15.5:0/2647169203 <== mon.0 v2:172.21.15.5:3300/0 3 ==== mon_map magic: 0 v1 ==== 205+0+0 (secure 0 0 0) 0x7fe7bc011a00 con 0x7fe7c0105e60
2023-07-21T22:25:38.449 INFO:teuthology.orchestra.run.smithi005.stdout:/usr/bin/ceph: stderr
2023-07-21T22:25:37.663+0000 7fe7c8766700 1 -- 172.21.15.5:0/2647169203 >> [v2:172.21.15.5:3300/0,v1:172.21.15.5:6789/0] conn(0x7fe7c0105e60 msgr2=0x7fe7c0108240 secure :-1 s=STATE_CONNECTION_ESTABLISHED l=1).mark_down
2023-07-21T22:25:38.449 INFO:teuthology.orchestra.run.smithi005.stdout:/usr/bin/ceph: stderr
2023-07-21T22:25:37.663+0000 7fe7c8766700 1 --2- 172.21.15.5:0/2647169203 >> [v2:172.21.15.5:3300/0,v1:172.21.15.5:6789/0] conn(0x7fe7c0105e60 0x7fe7c0108240 secure :-1 s=READY pgs=22 cs=0 l=1 rev1=1 crypto rx=0x7fe7bc0098a0 tx=0x7fe7bc009bb0 comp rx=0 tx=0).stop
2023-07-21T22:25:38.450 INFO:teuthology.orchestra.run.smithi005.stdout:/usr/bin/ceph: stderr
2023-07-21T22:25:37.663+0000 7fe7c8766700 1 -- 172.21.15.5:0/2647169203 shutdown_connections
2023-07-21T22:25:38.450 INFO:teuthology.orchestra.run.smithi005.stdout:/usr/bin/ceph: stderr
2023-07-21T22:25:37.663+0000 7fe7c8766700 1 --2- 172.21.15.5:0/2647169203 >> [v2:172.21.15.5:3300/0,v1:172.21.15.5:6789/0] conn(0x7fe7c0105e60 0x7fe7c0108240 unknown :-1 s=CLOSED pgs=22 cs=0 l=1 rev1=1 crypto rx=0 tx=0 comp rx=0 tx=0).stop
2023-07-21T22:25:38.450 INFO:teuthology.orchestra.run.smithi005.stdout:/usr/bin/ceph: stderr
2023-07-21T22:25:37.663+0000 7fe7c8766700 1 -- 172.21.15.5:0/2647169203 >> 172.21.15.5:0/2647169203 conn(0x7fe7c00ff8c0 msgr2=0x7fe7c0101cd0 unknown :-1 s=STATE_NONE l=0).mark_down
2023-07-21T22:25:38.450 INFO:teuthology.orchestra.run.smithi005.stdout:/usr/bin/ceph: stderr
2023-07-21T22:25:37.663+0000 7fe7c8766700 1 -- 172.21.15.5:0/2647169203 shutdown_connections
2023-07-21T22:25:38.450 INFO:teuthology.orchestra.run.smithi005.stdout:/usr/bin/ceph: stderr
2023-07-21T22:25:37.664+0000 7fe7c8766700 1 -- 172.21.15.5:0/2647169203 wait complete.
2023-07-21T22:25:38.450 INFO:teuthology.orchestra.run.smithi005.stdout:/usr/bin/ceph: stderr
2023-07-21T22:25:37.664+0000 7fe7c8766700 1 Processor -- start
2023-07-21T22:25:38.450 INFO:teuthology.orchestra.run.smithi005.stdout:/usr/bin/ceph: stderr
2023-07-21T22:25:37.665+0000 7fe7c8766700 1 -- start start
2023-07-21T22:25:38.451 INFO:teuthology.orchestra.run.smithi005.stdout:/usr/bin/ceph: stderr
2023-07-21T22:25:37.665+0000 7fe7c8766700 1 --2- >> [v2:172.21.15.5:3300/0,v1:172.21.15.5:6789/0] conn(0x7fe7c0105e60 0x7fe7c019b230 unknown :-1 s=NONE pgs=0 cs=0 l=1 rev1=0 crypto rx=0 tx=0 comp rx=0 tx=0).connect
2023-07-21T22:25:38.451 INFO:teuthology.orchestra.run.smithi005.stdout:/usr/bin/ceph: stderr
2023-07-21T22:25:37.665+0000 7fe7c8766700 1 -- --> [v2:172.21.15.5:3300/0,v1:172.21.15.5:6789/0] -- mon_getmap magic: 0 v1 -- 0x7fe7c019b770 con 0x7fe7c0105e60
2023-07-21T22:25:38.451 INFO:teuthology.orchestra.run.smithi005.stdout:/usr/bin/ceph: stderr
2023-07-21T22:25:37.665+0000 7fe7c6502700 1 --2- >> [v2:172.21.15.5:3300/0,v1:172.21.15.5:6789/0] conn(0x7fe7c0105e60 0x7fe7c019b230 unknown :-1 s=BANNER_CONNECTING pgs=0 cs=0 l=1 rev1=0 crypto rx=0 tx=0 comp rx=0 tx=0)._handle_peer_banner_payload supported=3 required=0
2023-07-21T22:25:38.451 INFO:teuthology.orchestra.run.smithi005.stdout:/usr/bin/ceph: stderr
2023-07-21T22:25:37.665+0000 7fe7c6502700 1 --2- >> [v2:172.21.15.5:3300/0,v1:172.21.15.5:6789/0] conn(0x7fe7c0105e60 0x7fe7c019b230 unknown :-1 s=HELLO_CONNECTING pgs=0 cs=0 l=1 rev1=1 crypto rx=0 tx=0 comp rx=0 tx=0).handle_hello peer v2:172.21.15.5:3300/0 says I am v2:172.21.15.5:37858/0 (socket says 172.21.15.5:37858)
2023-07-21T22:25:38.451 INFO:teuthology.orchestra.run.smithi005.stdout:/usr/bin/ceph: stderr
2023-07-21T22:25:37.665+0000 7fe7c6502700 1 -- 172.21.15.5:0/485171908 learned_addr learned my addr 172.21.15.5:0/485171908 (peer_addr_for_me v2:172.21.15.5:0/0)
2023-07-21T22:25:38.451 INFO:teuthology.orchestra.run.smithi005.stdout:/usr/bin/ceph: stderr
2023-07-21T22:25:37.665+0000 7fe7c6502700 1 -- 172.21.15.5:0/485171908 --> [v2:172.21.15.5:3300/0,v1:172.21.15.5:6789/0] -- mon_subscribe({config=0+,monmap=0+}) v3 -- 0x7fe7bc009550 con 0x7fe7c0105e60
2023-07-21T22:25:38.451 INFO:teuthology.orchestra.run.smithi005.stdout:/usr/bin/ceph: stderr
2023-07-21T22:25:37.666+0000 7fe7c6502700 1 --2- 172.21.15.5:0/485171908 >> [v2:172.21.15.5:3300/0,v1:172.21.15.5:6789/0] conn(0x7fe7c0105e60 0x7fe7c019b230 secure :-1 s=READY pgs=23 cs=0 l=1 rev1=1 crypto rx=0x7fe7bc006af0 tx=0x7fe7bc011ad0 comp rx=0 tx=0).ready entity=mon.0 client_cookie=0 server_cookie=0 in_seq=0 out_seq=0
2023-07-21T22:25:38.452 INFO:teuthology.orchestra.run.smithi005.stdout:/usr/bin/ceph: stderr
2023-07-21T22:25:37.666+0000 7fe7b77fe700 1 -- 172.21.15.5:0/485171908 <== mon.0 v2:172.21.15.5:3300/0 1 ==== mon_map magic: 0 v1 ==== 205+0+0 (secure 0 0 0) 0x7fe7bc003a40 con 0x7fe7c0105e60
2023-07-21T22:25:38.452 INFO:teuthology.orchestra.run.smithi005.stdout:/usr/bin/ceph: stderr
2023-07-21T22:25:37.666+0000 7fe7b77fe700 1 -- 172.21.15.5:0/485171908 <== mon.0 v2:172.21.15.5:3300/0 2 ==== config(26 keys) v1 ==== 1074+0+0 (secure 0 0 0) 0x7fe7bc003ba0 con 0x7fe7c0105e60
2023-07-21T22:25:38.452 INFO:teuthology.orchestra.run.smithi005.stdout:/usr/bin/ceph: stderr
2023-07-21T22:25:37.666+0000 7fe7b77fe700 1 -- 172.21.15.5:0/485171908 <== mon.0 v2:172.21.15.5:3300/0 3 ==== mon_map magic: 0 v1 ==== 205+0+0 (secure 0 0 0) 0x7fe7bc01a700 con 0x7fe7c0105e60
2023-07-21T22:25:38.452 INFO:teuthology.orchestra.run.smithi005.stdout:/usr/bin/ceph: stderr
2023-07-21T22:25:37.666+0000 7fe7c8766700 1 -- 172.21.15.5:0/485171908 --> [v2:172.21.15.5:3300/0,v1:172.21.15.5:6789/0] -- mon_subscribe({mgrmap=0+}) v3 -- 0x7fe7c019b970 con 0x7fe7c0105e60
2023-07-21T22:25:38.452 INFO:teuthology.orchestra.run.smithi005.stdout:/usr/bin/ceph: stderr
2023-07-21T22:25:37.666+0000 7fe7c8766700 1 -- 172.21.15.5:0/485171908 --> [v2:172.21.15.5:3300/0,v1:172.21.15.5:6789/0] -- mon_subscribe({osdmap=0}) v3 -- 0x7fe7c019bd90 con 0x7fe7c0105e60
2023-07-21T22:25:38.452 INFO:teuthology.orchestra.run.smithi005.stdout:/usr/bin/ceph: stderr
2023-07-21T22:25:37.667+0000 7fe7c8766700 1 -- 172.21.15.5:0/485171908 --> [v2:172.21.15.5:3300/0,v1:172.21.15.5:6789/0] -- mon_command({"prefix": "get_command_descriptions"} v 0) v1 -- 0x7fe7c0109450 con 0x7fe7c0105e60
2023-07-21T22:25:38.452 INFO:teuthology.orchestra.run.smithi005.stdout:/usr/bin/ceph: stderr
2023-07-21T22:25:37.667+0000 7fe7b77fe700 1 -- 172.21.15.5:0/485171908 <== mon.0 v2:172.21.15.5:3300/0 4 ==== mgrmap(e 5) v1 ==== 45483+0+0 (secure 0 0 0) 0x7fe7bc024ad0 con 0x7fe7c0105e60
2023-07-21T22:25:38.453 INFO:teuthology.orchestra.run.smithi005.stdout:/usr/bin/ceph: stderr
2023-07-21T22:25:37.668+0000 7fe7b77fe700 1 --2- 172.21.15.5:0/485171908 >> [v2:172.21.15.5:6800/2374457142,v1:172.21.15.5:6801/2374457142] conn(0x7fe7ac038710 0x7fe7ac03abc0 unknown :-1 s=NONE pgs=0 cs=0 l=1 rev1=0 crypto rx=0 tx=0 comp rx=0 tx=0).connect
2023-07-21T22:25:38.453 INFO:teuthology.orchestra.run.smithi005.stdout:/usr/bin/ceph: stderr
2023-07-21T22:25:37.668+0000 7fe7b77fe700 1 -- 172.21.15.5:0/485171908 <== mon.0 v2:172.21.15.5:3300/0 5 ==== osd_map(1..1 src has 1..1) v4 ==== 725+0+0 (secure 0 0 0) 0x7fe7bc04c720 con 0x7fe7c0105e60
2023-07-21T22:25:38.453 INFO:teuthology.orchestra.run.smithi005.stdout:/usr/bin/ceph: stderr
