2023-07-21T22:25:58.366+0000 7f9160f8d700 1 --2- 172.21.15.5:0/1568206601 >> [v2:172.21.15.5:6800/3390213848,v1:172.21.15.5:6801/3390213848] conn(0x7f9148038710 0x7f914803abc0 unknown :-1 s=BANNER_CONNECTING pgs=0 cs=0 l=1 rev1=0 crypto rx=0 tx=0 comp rx=0 tx=0)._handle_peer_banner_payload supported=3 required=0
2023-07-21T22:25:59.133 INFO:teuthology.orchestra.run.smithi005.stdout:/usr/bin/ceph: stderr
2023-07-21T22:25:58.366+0000 7f9160f8d700 1 --2- 172.21.15.5:0/1568206601 >> [v2:172.21.15.5:6800/3390213848,v1:172.21.15.5:6801/3390213848] conn(0x7f9148038710 0x7f914803abc0 secure :-1 s=READY pgs=13 cs=0 l=1 rev1=1 crypto rx=0x7f914c006fd0 tx=0x7f914c006e40 comp rx=0 tx=0).ready entity=mgr.14116 client_cookie=0 server_cookie=0 in_seq=0 out_seq=0
2023-07-21T22:25:59.133 INFO:teuthology.orchestra.run.smithi005.stdout:/usr/bin/ceph: stderr
2023-07-21T22:25:58.370+0000 7f91527fc700 1 -- 172.21.15.5:0/1568206601 <== mon.0 v2:172.21.15.5:3300/0 6 ==== mon_command_ack([{"prefix": "get_command_descriptions"}]=0 v0) v1 ==== 72+0+178008 (secure 0 0 0) 0x7f9158024430 con 0x7f915c105360
2023-07-21T22:25:59.134 INFO:teuthology.orchestra.run.smithi005.stdout:/usr/bin/ceph: stderr
2023-07-21T22:25:58.588+0000 7f91639f2700 1 -- 172.21.15.5:0/1568206601 --> [v2:172.21.15.5:6800/3390213848,v1:172.21.15.5:6801/3390213848] -- mgr_command(tid 0: {"prefix": "orch apply", "service_type": "mgr", "unmanaged": true, "target": ["mon-mgr", ""]}) v1 -- 0x7f915c109800 con 0x7f9148038710
2023-07-21T22:25:59.134 INFO:teuthology.orchestra.run.smithi005.stdout:/usr/bin/ceph: stderr
2023-07-21T22:25:58.592+0000 7f91527fc700 1 -- 172.21.15.5:0/1568206601 <== mgr.14116 v2:172.21.15.5:6800/3390213848 1 ==== mgr_command_reply(tid 0: 0 ) v1 ==== 8+0+24 (secure 0 0 0) 0x7f915c109800 con 0x7f9148038710
2023-07-21T22:25:59.134 INFO:teuthology.orchestra.run.smithi005.stdout:/usr/bin/ceph: stderr
2023-07-21T22:25:58.594+0000 7f91639f2700 1 -- 172.21.15.5:0/1568206601 >> [v2:172.21.15.5:6800/3390213848,v1:172.21.15.5:6801/3390213848] conn(0x7f9148038710 msgr2=0x7f914803abc0 secure :-1 s=STATE_CONNECTION_ESTABLISHED l=1).mark_down
2023-07-21T22:25:59.134 INFO:teuthology.orchestra.run.smithi005.stdout:/usr/bin/ceph: stderr
2023-07-21T22:25:58.594+0000 7f91639f2700 1 --2- 172.21.15.5:0/1568206601 >> [v2:172.21.15.5:6800/3390213848,v1:172.21.15.5:6801/3390213848] conn(0x7f9148038710 0x7f914803abc0 secure :-1 s=READY pgs=13 cs=0 l=1 rev1=1 crypto rx=0x7f914c006fd0 tx=0x7f914c006e40 comp rx=0 tx=0).stop
2023-07-21T22:25:59.134 INFO:teuthology.orchestra.run.smithi005.stdout:/usr/bin/ceph: stderr
2023-07-21T22:25:58.594+0000 7f91639f2700 1 -- 172.21.15.5:0/1568206601 >> [v2:172.21.15.5:3300/0,v1:172.21.15.5:6789/0] conn(0x7f915c105360 msgr2=0x7f915c19b240 secure :-1 s=STATE_CONNECTION_ESTABLISHED l=1).mark_down
2023-07-21T22:25:59.134 INFO:teuthology.orchestra.run.smithi005.stdout:/usr/bin/ceph: stderr
2023-07-21T22:25:58.595+0000 7f91639f2700 1 --2- 172.21.15.5:0/1568206601 >> [v2:172.21.15.5:3300/0,v1:172.21.15.5:6789/0] conn(0x7f915c105360 0x7f915c19b240 secure :-1 s=READY pgs=46 cs=0 l=1 rev1=1 crypto rx=0x7f9158006af0 tx=0x7f9158011ad0 comp rx=0 tx=0).stop
2023-07-21T22:25:59.135 INFO:teuthology.orchestra.run.smithi005.stdout:/usr/bin/ceph: stderr
2023-07-21T22:25:58.595+0000 7f91639f2700 1 -- 172.21.15.5:0/1568206601 shutdown_connections
2023-07-21T22:25:59.135 INFO:teuthology.orchestra.run.smithi005.stdout:/usr/bin/ceph: stderr
2023-07-21T22:25:58.595+0000 7f91639f2700 1 --2- 172.21.15.5:0/1568206601 >> [v2:172.21.15.5:6800/3390213848,v1:172.21.15.5:6801/3390213848] conn(0x7f9148038710 0x7f914803abc0 unknown :-1 s=CLOSED pgs=13 cs=0 l=1 rev1=1 crypto rx=0 tx=0 comp rx=0 tx=0).stop
2023-07-21T22:25:59.135 INFO:teuthology.orchestra.run.smithi005.stdout:/usr/bin/ceph: stderr
2023-07-21T22:25:58.595+0000 7f91639f2700 1 --2- 172.21.15.5:0/1568206601 >> [v2:172.21.15.5:3300/0,v1:172.21.15.5:6789/0] conn(0x7f915c105360 0x7f915c19b240 unknown :-1 s=CLOSED pgs=46 cs=0 l=1 rev1=1 crypto rx=0 tx=0 comp rx=0 tx=0).stop
2023-07-21T22:25:59.135 INFO:teuthology.orchestra.run.smithi005.stdout:/usr/bin/ceph: stderr
2023-07-21T22:25:58.595+0000 7f91639f2700 1 -- 172.21.15.5:0/1568206601 >> 172.21.15.5:0/1568206601 conn(0x7f915c1009d0 msgr2=0x7f915c101740 unknown :-1 s=STATE_NONE l=0).mark_down
2023-07-21T22:25:59.135 INFO:teuthology.orchestra.run.smithi005.stdout:/usr/bin/ceph: stderr
2023-07-21T22:25:58.595+0000 7f91639f2700 1 -- 172.21.15.5:0/1568206601 shutdown_connections
2023-07-21T22:25:59.136 INFO:teuthology.orchestra.run.smithi005.stdout:/usr/bin/ceph: stderr
2023-07-21T22:25:58.595+0000 7f91639f2700 1 -- 172.21.15.5:0/1568206601 wait complete.
2023-07-21T22:25:59.711 INFO:journalctl@ceph.mon.a.smithi005.stdout:Jul 21 22:25:59 smithi005 ceph-mon[95470]: from='client.14140 -' entity='client.admin' cmd=[{"prefix": "orch apply", "service_type": "mgr", "unmanaged": true, "target": ["mon-mgr", ""]}]: dispatch
2023-07-21T22:25:59.711 INFO:journalctl@ceph.mon.a.smithi005.stdout:Jul 21 22:25:59 smithi005 ceph-mon[95470]: Saving service mgr spec with placement count:2
2023-07-21T22:25:59.711 INFO:journalctl@ceph.mon.a.smithi005.stdout:Jul 21 22:25:59 smithi005 ceph-mon[95470]: from='mgr.14116 172.21.15.5:0/2649818710' entity='mgr.x'
2023-07-21T22:25:59.711 INFO:journalctl@ceph.mon.a.smithi005.stdout:Jul 21 22:25:59 smithi005 ceph-mon[95470]: from='mgr.14116 172.21.15.5:0/2649818710' entity='mgr.x'
2023-07-21T22:25:59.712 INFO:journalctl@ceph.mon.a.smithi005.stdout:Jul 21 22:25:59 smithi005 ceph-mon[95470]: from='mgr.14116 172.21.15.5:0/2649818710' entity='mgr.x'
2023-07-21T22:26:00.410 INFO:teuthology.orchestra.run.smithi005.stdout:/usr/bin/ceph: stderr
2023-07-21T22:25:59.624+0000 7f7fddca1700 1 Processor -- start
2023-07-21T22:26:00.410 INFO:teuthology.orchestra.run.smithi005.stdout:/usr/bin/ceph: stderr
2023-07-21T22:25:59.624+0000 7f7fddca1700 1 -- start start
2023-07-21T22:26:00.410 INFO:teuthology.orchestra.run.smithi005.stdout:/usr/bin/ceph: stderr
2023-07-21T22:25:59.625+0000 7f7fddca1700 1 --2- >> [v2:172.21.15.5:3300/0,v1:172.21.15.5:6789/0] conn(0x7f7fd8105360 0x7f7fd8105770 unknown :-1 s=NONE pgs=0 cs=0 l=0 rev1=0 crypto rx=0 tx=0 comp rx=0 tx=0).connect
2023-07-21T22:26:00.410 INFO:teuthology.orchestra.run.smithi005.stdout:/usr/bin/ceph: stderr
2023-07-21T22:25:59.625+0000 7f7fddca1700 1 -- --> [v2:172.21.15.5:3300/0,v1:172.21.15.5:6789/0] -- mon_getmap magic: 0 v1 -- 0x7f7fd8105cb0 con 0x7f7fd8105360
2023-07-21T22:26:00.410 INFO:teuthology.orchestra.run.smithi005.stdout:/usr/bin/ceph: stderr
2023-07-21T22:25:59.625+0000 7f7fd77fe700 1 --2- >> [v2:172.21.15.5:3300/0,v1:172.21.15.5:6789/0] conn(0x7f7fd8105360 0x7f7fd8105770 unknown :-1 s=BANNER_CONNECTING pgs=0 cs=0 l=0 rev1=0 crypto rx=0 tx=0 comp rx=0 tx=0)._handle_peer_banner_payload supported=3 required=0
2023-07-21T22:26:00.411 INFO:teuthology.orchestra.run.smithi005.stdout:/usr/bin/ceph: stderr
2023-07-21T22:25:59.625+0000 7f7fd77fe700 1 --2- >> [v2:172.21.15.5:3300/0,v1:172.21.15.5:6789/0] conn(0x7f7fd8105360 0x7f7fd8105770 unknown :-1 s=HELLO_CONNECTING pgs=0 cs=0 l=0 rev1=1 crypto rx=0 tx=0 comp rx=0 tx=0).handle_hello peer v2:172.21.15.5:3300/0 says I am v2:172.21.15.5:59672/0 (socket says 172.21.15.5:59672)
2023-07-21T22:26:00.411 INFO:teuthology.orchestra.run.smithi005.stdout:/usr/bin/ceph: stderr
2023-07-21T22:25:59.625+0000 7f7fd77fe700 1 -- 172.21.15.5:0/1141258119 learned_addr learned my addr 172.21.15.5:0/1141258119 (peer_addr_for_me v2:172.21.15.5:0/0)
2023-07-21T22:26:00.411 INFO:teuthology.orchestra.run.smithi005.stdout:/usr/bin/ceph: stderr
2023-07-21T22:25:59.626+0000 7f7fd77fe700 1 -- 172.21.15.5:0/1141258119 --> [v2:172.21.15.5:3300/0,v1:172.21.15.5:6789/0] -- mon_subscribe({config=0+,monmap=0+}) v3 -- 0x7f7fd8105df0 con 0x7f7fd8105360
2023-07-21T22:26:00.411 INFO:teuthology.orchestra.run.smithi005.stdout:/usr/bin/ceph: stderr
2023-07-21T22:25:59.626+0000 7f7fd77fe700 1 --2- 172.21.15.5:0/1141258119 >> [v2:172.21.15.5:3300/0,v1:172.21.15.5:6789/0] conn(0x7f7fd8105360 0x7f7fd8105770 secure :-1 s=READY pgs=47 cs=0 l=1 rev1=1 crypto rx=0x7f7fc80098a0 tx=0x7f7fc8009bb0 comp rx=0 tx=0).ready entity=mon.0 client_cookie=fe856d165967e337 server_cookie=0 in_seq=0 out_seq=0
2023-07-21T22:26:00.411 INFO:teuthology.orchestra.run.smithi005.stdout:/usr/bin/ceph: stderr
2023-07-21T22:25:59.626+0000 7f7fd67fc700 1 -- 172.21.15.5:0/1141258119 <== mon.0 v2:172.21.15.5:3300/0 1 ==== mon_map magic: 0 v1 ==== 205+0+0 (secure 0 0 0) 0x7f7fc8004160 con 0x7f7fd8105360
2023-07-21T22:26:00.411 INFO:teuthology.orchestra.run.smithi005.stdout:/usr/bin/ceph: stderr
2023-07-21T22:25:59.626+0000 7f7fd67fc700 1 -- 172.21.15.5:0/1141258119 <== mon.0 v2:172.21.15.5:3300/0 2 ==== config(26 keys) v1 ==== 1105+0+0 (secure 0 0 0) 0x7f7fc80042c0 con 0x7f7fd8105360
2023-07-21T22:26:00.411 INFO:teuthology.orchestra.run.smithi005.stdout:/usr/bin/ceph: stderr
2023-07-21T22:25:59.626+0000 7f7fd67fc700 1 -- 172.21.15.5:0/1141258119 <== mon.0 v2:172.21.15.5:3300/0 3 ==== mon_map magic: 0 v1 ==== 205+0+0 (secure 0 0 0) 0x7f7fc80119b0 con 0x7f7fd8105360
2023-07-21T22:26:00.412 INFO:teuthology.orchestra.run.smithi005.stdout:/usr/bin/ceph: stderr
2023-07-21T22:25:59.627+0000 7f7fddca1700 1 -- 172.21.15.5:0/1141258119 >> [v2:172.21.15.5:3300/0,v1:172.21.15.5:6789/0] conn(0x7f7fd8105360 msgr2=0x7f7fd8105770 secure :-1 s=STATE_CONNECTION_ESTABLISHED l=1).mark_down
2023-07-21T22:26:00.412 INFO:teuthology.orchestra.run.smithi005.stdout:/usr/bin/ceph: stderr
2023-07-21T22:25:59.627+0000 7f7fddca1700 1 --2- 172.21.15.5:0/1141258119 >> [v2:172.21.15.5:3300/0,v1:172.21.15.5:6789/0] conn(0x7f7fd8105360 0x7f7fd8105770 secure :-1 s=READY pgs=47 cs=0 l=1 rev1=1 crypto rx=0x7f7fc80098a0 tx=0x7f7fc8009bb0 comp rx=0 tx=0).stop
2023-07-21T22:26:00.412 INFO:teuthology.orchestra.run.smithi005.stdout:/usr/bin/ceph: stderr
2023-07-21T22:25:59.627+0000 7f7fddca1700 1 -- 172.21.15.5:0/1141258119 shutdown_connections
2023-07-21T22:26:00.412 INFO:teuthology.orchestra.run.smithi005.stdout:/usr/bin/ceph: stderr
2023-07-21T22:25:59.627+0000 7f7fddca1700 1 --2- 172.21.15.5:0/1141258119 >> [v2:172.21.15.5:3300/0,v1:172.21.15.5:6789/0] conn(0x7f7fd8105360 0x7f7fd8105770 unknown :-1 s=CLOSED pgs=47 cs=0 l=1 rev1=1 crypto rx=0 tx=0 comp rx=0 tx=0).stop
2023-07-21T22:26:00.412 INFO:teuthology.orchestra.run.smithi005.stdout:/usr/bin/ceph: stderr
2023-07-21T22:25:59.627+0000 7f7fddca1700 1 -- 172.21.15.5:0/1141258119 >> 172.21.15.5:0/1141258119 conn(0x7f7fd81009d0 msgr2=0x7f7fd8102de0 unknown :-1 s=STATE_NONE l=0).mark_down
2023-07-21T22:26:00.412 INFO:teuthology.orchestra.run.smithi005.stdout:/usr/bin/ceph: stderr
2023-07-21T22:25:59.627+0000 7f7fddca1700 1 -- 172.21.15.5:0/1141258119 shutdown_connections
2023-07-21T22:26:00.412 INFO:teuthology.orchestra.run.smithi005.stdout:/usr/bin/ceph: stderr
2023-07-21T22:25:59.627+0000 7f7fddca1700 1 -- 172.21.15.5:0/1141258119 wait complete.
2023-07-21T22:26:00.412 INFO:teuthology.orchestra.run.smithi005.stdout:/usr/bin/ceph: stderr
2023-07-21T22:25:59.629+0000 7f7fddca1700 1 Processor -- start
2023-07-21T22:26:00.413 INFO:teuthology.orchestra.run.smithi005.stdout:/usr/bin/ceph: stderr
2023-07-21T22:25:59.629+0000 7f7fddca1700 1 -- start start
2023-07-21T22:26:00.413 INFO:teuthology.orchestra.run.smithi005.stdout:/usr/bin/ceph: stderr
2023-07-21T22:25:59.629+0000 7f7fddca1700 1 --2- >> [v2:172.21.15.5:3300/0,v1:172.21.15.5:6789/0] conn(0x7f7fd8105360 0x7f7fd807ab00 unknown :-1 s=NONE pgs=0 cs=0 l=1 rev1=0 crypto rx=0 tx=0 comp rx=0 tx=0).connect
2023-07-21T22:26:00.413 INFO:teuthology.orchestra.run.smithi005.stdout:/usr/bin/ceph: stderr
2023-07-21T22:25:59.629+0000 7f7fddca1700 1 -- --> [v2:172.21.15.5:3300/0,v1:172.21.15.5:6789/0] -- mon_getmap magic: 0 v1 -- 0x7f7fd807b040 con 0x7f7fd8105360
2023-07-21T22:26:00.413 INFO:teuthology.orchestra.run.smithi005.stdout:/usr/bin/ceph: stderr
2023-07-21T22:25:59.630+0000 7f7fd77fe700 1 --2- >> [v2:172.21.15.5:3300/0,v1:172.21.15.5:6789/0] conn(0x7f7fd8105360 0x7f7fd807ab00 unknown :-1 s=BANNER_CONNECTING pgs=0 cs=0 l=1 rev1=0 crypto rx=0 tx=0 comp rx=0 tx=0)._handle_peer_banner_payload supported=3 required=0
2023-07-21T22:26:00.413 INFO:teuthology.orchestra.run.smithi005.stdout:/usr/bin/ceph: stderr
2023-07-21T22:25:59.630+0000 7f7fd77fe700 1 --2- >> [v2:172.21.15.5:3300/0,v1:172.21.15.5:6789/0] conn(0x7f7fd8105360 0x7f7fd807ab00 unknown :-1 s=HELLO_CONNECTING pgs=0 cs=0 l=1 rev1=1 crypto rx=0 tx=0 comp rx=0 tx=0).handle_hello peer v2:172.21.15.5:3300/0 says I am v2:172.21.15.5:59680/0 (socket says 172.21.15.5:59680)
2023-07-21T22:26:00.413 INFO:teuthology.orchestra.run.smithi005.stdout:/usr/bin/ceph: stderr
2023-07-21T22:25:59.630+0000 7f7fd77fe700 1 -- 172.21.15.5:0/1664508896 learned_addr learned my addr 172.21.15.5:0/1664508896 (peer_addr_for_me v2:172.21.15.5:0/0)
2023-07-21T22:26:00.414 INFO:teuthology.orchestra.run.smithi005.stdout:/usr/bin/ceph: stderr
2023-07-21T22:25:59.630+0000 7f7fd77fe700 1 -- 172.21.15.5:0/1664508896 --> [v2:172.21.15.5:3300/0,v1:172.21.15.5:6789/0] -- mon_subscribe({config=0+,monmap=0+}) v3 -- 0x7f7fc8009550 con 0x7f7fd8105360
2023-07-21T22:26:00.414 INFO:teuthology.orchestra.run.smithi005.stdout:/usr/bin/ceph: stderr
2023-07-21T22:25:59.630+0000 7f7fd77fe700 1 --2- 172.21.15.5:0/1664508896 >> [v2:172.21.15.5:3300/0,v1:172.21.15.5:6789/0] conn(0x7f7fd8105360 0x7f7fd807ab00 secure :-1 s=READY pgs=48 cs=0 l=1 rev1=1 crypto rx=0x7f7fc8011980 tx=0x7f7fc8011a60 comp rx=0 tx=0).ready entity=mon.0 client_cookie=0 server_cookie=0 in_seq=0 out_seq=0
2023-07-21T22:26:00.414 INFO:teuthology.orchestra.run.smithi005.stdout:/usr/bin/ceph: stderr
2023-07-21T22:25:59.630+0000 7f7fd4ff9700 1 -- 172.21.15.5:0/1664508896 <== mon.0 v2:172.21.15.5:3300/0 1 ==== mon_map magic: 0 v1 ==== 205+0+0 (secure 0 0 0) 0x7f7fc8003a60 con 0x7f7fd8105360
2023-07-21T22:26:00.415 INFO:teuthology.orchestra.run.smithi005.stdout:/usr/bin/ceph: stderr
2023-07-21T22:25:59.631+0000 7f7fd4ff9700 1 -- 172.21.15.5:0/1664508896 <== mon.0 v2:172.21.15.5:3300/0 2 ==== config(26 keys) v1 ==== 1105+0+0 (secure 0 0 0) 0x7f7fc8003bc0 con 0x7f7fd8105360
2023-07-21T22:26:00.415 INFO:teuthology.orchestra.run.smithi005.stdout:/usr/bin/ceph: stderr
2023-07-21T22:25:59.631+0000 7f7fddca1700 1 -- 172.21.15.5:0/1664508896 --> [v2:172.21.15.5:3300/0,v1:172.21.15.5:6789/0] -- mon_subscribe({mgrmap=0+}) v3 -- 0x7f7fd8079150 con 0x7f7fd8105360
2023-07-21T22:26:00.415 INFO:teuthology.orchestra.run.smithi005.stdout:/usr/bin/ceph: stderr
2023-07-21T22:25:59.631+0000 7f7fd4ff9700 1 -- 172.21.15.5:0/1664508896 <== mon.0 v2:172.21.15.5:3300/0 3 ==== mon_map magic: 0 v1 ==== 205+0+0 (secure 0 0 0) 0x7f7fc801a670 con 0x7f7fd8105360
2023-07-21T22:26:00.415 INFO:teuthology.orchestra.run.smithi005.stdout:/usr/bin/ceph: stderr
2023-07-21T22:25:59.631+0000 7f7fddca1700 1 -- 172.21.15.5:0/1664508896 --> [v2:172.21.15.5:3300/0,v1:172.21.15.5:6789/0] -- mon_subscribe({osdmap=0}) v3 -- 0x7f7fd8079570 con 0x7f7fd8105360
2023-07-21T22:26:00.416 INFO:teuthology.orchestra.run.smithi005.stdout:/usr/bin/ceph: stderr
2023-07-21T22:25:59.632+0000 7f7fddca1700 1 -- 172.21.15.5:0/1664508896 --> [v2:172.21.15.5:3300/0,v1:172.21.15.5:6789/0] -- mon_command({"prefix": "get_command_descriptions"} v 0) v1 -- 0x7f7fd8061b40 con 0x7f7fd8105360
2023-07-21T22:26:00.416 INFO:teuthology.orchestra.run.smithi005.stdout:/usr/bin/ceph: stderr
2023-07-21T22:25:59.632+0000 7f7fd4ff9700 1 -- 172.21.15.5:0/1664508896 <== mon.0 v2:172.21.15.5:3300/0 4 ==== mgrmap(e 8) v1 ==== 45483+0+0 (secure 0 0 0) 0x7f7fc8024440 con 0x7f7fd8105360
2023-07-21T22:26:00.416 INFO:teuthology.orchestra.run.smithi005.stdout:/usr/bin/ceph: stderr
2023-07-21T22:25:59.633+0000 7f7fd4ff9700 1 --2- 172.21.15.5:0/1664508896 >> [v2:172.21.15.5:6800/3390213848,v1:172.21.15.5:6801/3390213848] conn(0x7f7fc0038760 0x7f7fc003ac10 unknown :-1 s=NONE pgs=0 cs=0 l=1 rev1=0 crypto rx=0 tx=0 comp rx=0 tx=0).connect
2023-07-21T22:26:00.416 INFO:teuthology.orchestra.run.smithi005.stdout:/usr/bin/ceph: stderr
2023-07-21T22:25:59.633+0000 7f7fd4ff9700 1 -- 172.21.15.5:0/1664508896 <== mon.0 v2:172.21.15.5:3300/0 5 ==== osd_map(2..2 src has 1..2) v4 ==== 940+0+0 (secure 0 0 0) 0x7f7fc804c8d0 con 0x7f7fd8105360
2023-07-21T22:26:00.417 INFO:teuthology.orchestra.run.smithi005.stdout:/usr/bin/ceph: stderr
2023-07-21T22:25:59.633+0000 7f7fd6ffd700 1 --2- 172.21.15.5:0/1664508896 >> [v2:172.21.15.5:6800/3390213848,v1:172.21.15.5:6801/3390213848] conn(0x7f7fc0038760 0x7f7fc003ac10 unknown :-1 s=BANNER_CONNECTING pgs=0 cs=0 l=1 rev1=0 crypto rx=0 tx=0 comp rx=0 tx=0)._handle_peer_banner_payload supported=3 required=0
2023-07-21T22:26:00.417 INFO:teuthology.orchestra.run.smithi005.stdout:/usr/bin/ceph: stderr
2023-07-21T22:25:59.634+0000 7f7fd6ffd700 1 --2- 172.21.15.5:0/1664508896 >> [v2:172.21.15.5:6800/3390213848,v1:172.21.15.5:6801/3390213848] conn(0x7f7fc0038760 0x7f7fc003ac10 secure :-1 s=READY pgs=14 cs=0 l=1 rev1=1 crypto rx=0x7f7fcc006fd0 tx=0x7f7fcc006e40 comp rx=0 tx=0).ready entity=mgr.14116 client_cookie=0 server_cookie=0 in_seq=0 out_seq=0
2023-07-21T22:26:00.417 INFO:teuthology.orchestra.run.smithi005.stdout:/usr/bin/ceph: stderr
2023-07-21T22:25:59.637+0000 7f7fd4ff9700 1 -- 172.21.15.5:0/1664508896 <== mon.0 v2:172.21.15.5:3300/0 6 ==== mon_command_ack([{"prefix": "get_command_descriptions"}]=0 v0) v1 ==== 72+0+178008 (secure 0 0 0) 0x7f7fc80246f0 con 0x7f7fd8105360
2023-07-21T22:26:00.418 INFO:teuthology.orchestra.run.smithi005.stdout:/usr/bin/ceph: stderr
2023-07-21T22:25:59.861+0000 7f7fddca1700 1 -- 172.21.15.5:0/1664508896 --> [v2:172.21.15.5:3300/0,v1:172.21.15.5:6789/0] -- mon_command([{prefix=config set, name=mgr/cephadm/container_init}] v 0) v1 -- 0x7f7fd8107260 con 0x7f7fd8105360
2023-07-21T22:26:00.418 INFO:teuthology.orchestra.run.smithi005.stdout:/usr/bin/ceph: stderr
2023-07-21T22:25:59.865+0000 7f7fd4ff9700 1 -- 172.21.15.5:0/1664508896 <== mon.0 v2:172.21.15.5:3300/0 7 ==== mon_command_ack([{prefix=config set, name=mgr/cephadm/container_init}]=0 v7)=0 v7) v1 ==== 142+0+0 (secure 0 0 0) 0x7f7fc8018350 con 0x7f7fd8105360
2023-07-21T22:26:00.418 INFO:teuthology.orchestra.run.smithi005.stdout:/usr/bin/ceph: stderr
2023-07-21T22:25:59.868+0000 7f7fddca1700 1 -- 172.21.15.5:0/1664508896 >> [v2:172.21.15.5:6800/3390213848,v1:172.21.15.5:6801/3390213848] conn(0x7f7fc0038760 msgr2=0x7f7fc003ac10 secure :-1 s=STATE_CONNECTION_ESTABLISHED l=1).mark_down
2023-07-21T22:26:00.419 INFO:teuthology.orchestra.run.smithi005.stdout:/usr/bin/ceph: stderr
2023-07-21T22:25:59.868+0000 7f7fddca1700 1 --2- 172.21.15.5:0/1664508896 >> [v2:172.21.15.5:6800/3390213848,v1:172.21.15.5:6801/3390213848] conn(0x7f7fc0038760 0x7f7fc003ac10 secure :-1 s=READY pgs=14 cs=0 l=1 rev1=1 crypto rx=0x7f7fcc006fd0 tx=0x7f7fcc006e40 comp rx=0 tx=0).stop
2023-07-21T22:26:00.419 INFO:teuthology.orchestra.run.smithi005.stdout:/usr/bin/ceph: stderr
2023-07-21T22:25:59.868+0000 7f7fddca1700 1 -- 172.21.15.5:0/1664508896 >> [v2:172.21.15.5:3300/0,v1:172.21.15.5:6789/0] conn(0x7f7fd8105360 msgr2=0x7f7fd807ab00 secure :-1 s=STATE_CONNECTION_ESTABLISHED l=1).mark_down
2023-07-21T22:26:00.419 INFO:teuthology.orchestra.run.smithi005.stdout:/usr/bin/ceph: stderr
2023-07-21T22:25:59.868+0000 7f7fddca1700 1 --2- 172.21.15.5:0/1664508896 >> [v2:172.21.15.5:3300/0,v1:172.21.15.5:6789/0] conn(0x7f7fd8105360 0x7f7fd807ab00 secure :-1 s=READY pgs=48 cs=0 l=1 rev1=1 crypto rx=0x7f7fc8011980 tx=0x7f7fc8011a60 comp rx=0 tx=0).stop
2023-07-21T22:26:00.420 INFO:teuthology.orchestra.run.smithi005.stdout:/usr/bin/ceph: stderr
2023-07-21T22:25:59.868+0000 7f7fddca1700 1 -- 172.21.15.5:0/1664508896 shutdown_connections
2023-07-21T22:26:00.420 INFO:teuthology.orchestra.run.smithi005.stdout:/usr/bin/ceph: stderr
2023-07-21T22:25:59.868+0000 7f7fddca1700 1 --2- 172.21.15.5:0/1664508896 >> [v2:172.21.15.5:6800/3390213848,v1:172.21.15.5:6801/3390213848] conn(0x7f7fc0038760 0x7f7fc003ac10 unknown :-1 s=CLOSED pgs=14 cs=0 l=1 rev1=1 crypto rx=0 tx=0 comp rx=0 tx=0).stop
2023-07-21T22:26:00.420 INFO:teuthology.orchestra.run.smithi005.stdout:/usr/bin/ceph: stderr
2023-07-21T22:25:59.868+0000 7f7fddca1700 1 --2- 172.21.15.5:0/1664508896 >> [v2:172.21.15.5:3300/0,v1:172.21.15.5:6789/0] conn(0x7f7fd8105360 0x7f7fd807ab00 unknown :-1 s=CLOSED pgs=48 cs=0 l=1 rev1=1 crypto rx=0 tx=0 comp rx=0 tx=0).stop
2023-07-21T22:26:00.420 INFO:teuthology.orchestra.run.smithi005.stdout:/usr/bin/ceph: stderr
2023-07-21T22:25:59.868+0000 7f7fddca1700 1 -- 172.21.15.5:0/1664508896 >> 172.21.15.5:0/1664508896 conn(0x7f7fd81009d0 msgr2=0x7f7fd8102090 unknown :-1 s=STATE_NONE l=0).mark_down
2023-07-21T22:26:00.421 INFO:teuthology.orchestra.run.smithi005.stdout:/usr/bin/ceph: stderr
2023-07-21T22:25:59.868+0000 7f7fddca1700 1 -- 172.21.15.5:0/1664508896 shutdown_connections
2023-07-21T22:26:00.421 INFO:teuthology.orchestra.run.smithi005.stdout:/usr/bin/ceph: stderr
2023-07-21T22:25:59.868+0000 7f7fddca1700 1 -- 172.21.15.5:0/1664508896 wait complete.
2023-07-21T22:26:00.961 INFO:journalctl@ceph.mon.a.smithi005.stdout:Jul 21 22:26:00 smithi005 ceph-mon[95470]: from='client.? 172.21.15.5:0/1664508896' entity='client.admin'
2023-07-21T22:26:01.699 INFO:teuthology.orchestra.run.smithi005.stdout:/usr/bin/ceph: stderr
2023-07-21T22:26:00.915+0000 7fee84685700 1 Processor -- start
2023-07-21T22:26:01.699 INFO:teuthology.orchestra.run.smithi005.stdout:/usr/bin/ceph: stderr
2023-07-21T22:26:00.916+0000 7fee84685700 1 -- start start
2023-07-21T22:26:01.700 INFO:teuthology.orchestra.run.smithi005.stdout:/usr/bin/ceph: stderr
2023-07-21T22:26:00.916+0000 7fee84685700 1 --2- >> [v2:172.21.15.5:3300/0,v1:172.21.15.5:6789/0] conn(0x7fee7c07acd0 0x7fee7c0791d0 unknown :-1 s=NONE pgs=0 cs=0 l=0 rev1=0 crypto rx=0 tx=0 comp rx=0 tx=0).connect
2023-07-21T22:26:01.700 INFO:teuthology.orchestra.run.smithi005.stdout:/usr/bin/ceph: stderr
2023-07-21T22:26:00.916+0000 7fee84685700 1 -- --> [v2:172.21.15.5:3300/0,v1:172.21.15.5:6789/0] -- mon_getmap magic: 0 v1 -- 0x7fee7c079710 con 0x7fee7c07acd0
2023-07-21T22:26:01.700 INFO:teuthology.orchestra.run.smithi005.stdout:/usr/bin/ceph: stderr
2023-07-21T22:26:00.917+0000 7fee82421700 1 --2- >> [v2:172.21.15.5:3300/0,v1:172.21.15.5:6789/0] conn(0x7fee7c07acd0 0x7fee7c0791d0 unknown :-1 s=BANNER_CONNECTING pgs=0 cs=0 l=0 rev1=0 crypto rx=0 tx=0 comp rx=0 tx=0)._handle_peer_banner_payload supported=3 required=0
2023-07-21T22:26:01.700 INFO:teuthology.orchestra.run.smithi005.stdout:/usr/bin/ceph: stderr
2023-07-21T22:26:00.917+0000 7fee82421700 1 --2- >> [v2:172.21.15.5:3300/0,v1:172.21.15.5:6789/0] conn(0x7fee7c07acd0 0x7fee7c0791d0 unknown :-1 s=HELLO_CONNECTING pgs=0 cs=0 l=0 rev1=1 crypto rx=0 tx=0 comp rx=0 tx=0).handle_hello peer v2:172.21.15.5:3300/0 says I am v2:172.21.15.5:55796/0 (socket says 172.21.15.5:55796)
2023-07-21T22:26:01.700 INFO:teuthology.orchestra.run.smithi005.stdout:/usr/bin/ceph: stderr
2023-07-21T22:26:00.917+0000 7fee82421700 1 -- 172.21.15.5:0/1848970726 learned_addr learned my addr 172.21.15.5:0/1848970726 (peer_addr_for_me v2:172.21.15.5:0/0)
2023-07-21T22:26:01.700 INFO:teuthology.orchestra.run.smithi005.stdout:/usr/bin/ceph: stderr
2023-07-21T22:26:00.917+0000 7fee82421700 1 -- 172.21.15.5:0/1848970726 --> [v2:172.21.15.5:3300/0,v1:172.21.15.5:6789/0] -- mon_subscribe({config=0+,monmap=0+}) v3 -- 0x7fee7c079850 con 0x7fee7c07acd0
2023-07-21T22:26:01.700 INFO:teuthology.orchestra.run.smithi005.stdout:/usr/bin/ceph: stderr
2023-07-21T22:26:00.917+0000 7fee82421700 1 --2- 172.21.15.5:0/1848970726 >> [v2:172.21.15.5:3300/0,v1:172.21.15.5:6789/0] conn(0x7fee7c07acd0 0x7fee7c0791d0 secure :-1 s=READY pgs=49 cs=0 l=1 rev1=1 crypto rx=0x7fee780098a0 tx=0x7fee78009bb0 comp rx=0 tx=0).ready entity=mon.0 client_cookie=4b4ca0e67a7dc9f7 server_cookie=0 in_seq=0 out_seq=0
2023-07-21T22:26:01.701 INFO:teuthology.orchestra.run.smithi005.stdout:/usr/bin/ceph: stderr
2023-07-21T22:26:00.917+0000 7fee8141f700 1 -- 172.21.15.5:0/1848970726 <== mon.0 v2:172.21.15.5:3300/0 1 ==== mon_map magic: 0 v1 ==== 205+0+0 (secure 0 0 0) 0x7fee78004160 con 0x7fee7c07acd0
2023-07-21T22:26:01.701 INFO:teuthology.orchestra.run.smithi005.stdout:/usr/bin/ceph: stderr
2023-07-21T22:26:00.918+0000 7fee8141f700 1 -- 172.21.15.5:0/1848970726 <== mon.0 v2:172.21.15.5:3300/0 2 ==== config(26 keys) v1 ==== 1105+0+0 (secure 0 0 0) 0x7fee780042c0 con 0x7fee7c07acd0
2023-07-21T22:26:01.701 INFO:teuthology.orchestra.run.smithi005.stdout:/usr/bin/ceph: stderr
2023-07-21T22:26:00.918+0000 7fee8141f700 1 -- 172.21.15.5:0/1848970726 <== mon.0 v2:172.21.15.5:3300/0 3 ==== mon_map magic: 0 v1 ==== 205+0+0 (secure 0 0 0) 0x7fee780119b0 con 0x7fee7c07acd0
2023-07-21T22:26:01.701 INFO:teuthology.orchestra.run.smithi005.stdout:/usr/bin/ceph: stderr
2023-07-21T22:26:00.918+0000 7fee84685700 1 -- 172.21.15.5:0/1848970726 >> [v2:172.21.15.5:3300/0,v1:172.21.15.5:6789/0] conn(0x7fee7c07acd0 msgr2=0x7fee7c0791d0 secure :-1 s=STATE_CONNECTION_ESTABLISHED l=1).mark_down
2023-07-21T22:26:01.701 INFO:teuthology.orchestra.run.smithi005.stdout:/usr/bin/ceph: stderr
2023-07-21T22:26:00.918+0000 7fee84685700 1 --2- 172.21.15.5:0/1848970726 >> [v2:172.21.15.5:3300/0,v1:172.21.15.5:6789/0] conn(0x7fee7c07acd0 0x7fee7c0791d0 secure :-1 s=READY pgs=49 cs=0 l=1 rev1=1 crypto rx=0x7fee780098a0 tx=0x7fee78009bb0 comp rx=0 tx=0).stop
2023-07-21T22:26:01.701 INFO:teuthology.orchestra.run.smithi005.stdout:/usr/bin/ceph: stderr
2023-07-21T22:26:00.918+0000 7fee84685700 1 -- 172.21.15.5:0/1848970726 shutdown_connections
2023-07-21T22:26:01.701 INFO:teuthology.orchestra.run.smithi005.stdout:/usr/bin/ceph: stderr
2023-07-21T22:26:00.918+0000 7fee84685700 1 --2- 172.21.15.5:0/1848970726 >> [v2:172.21.15.5:3300/0,v1:172.21.15.5:6789/0] conn(0x7fee7c07acd0 0x7fee7c0791d0 unknown :-1 s=CLOSED pgs=49 cs=0 l=1 rev1=1 crypto rx=0 tx=0 comp rx=0 tx=0).stop
2023-07-21T22:26:01.701 INFO:teuthology.orchestra.run.smithi005.stdout:/usr/bin/ceph: stderr
2023-07-21T22:26:00.918+0000 7fee84685700 1 -- 172.21.15.5:0/1848970726 >> 172.21.15.5:0/1848970726 conn(0x7fee7c1009d0 msgr2=0x7fee7c102de0 unknown :-1 s=STATE_NONE l=0).mark_down
2023-07-21T22:26:01.702 INFO:teuthology.orchestra.run.smithi005.stdout:/usr/bin/ceph: stderr
2023-07-21T22:26:00.918+0000 7fee84685700 1 -- 172.21.15.5:0/1848970726 shutdown_connections
2023-07-21T22:26:01.702 INFO:teuthology.orchestra.run.smithi005.stdout:/usr/bin/ceph: stderr
2023-07-21T22:26:00.918+0000 7fee84685700 1 -- 172.21.15.5:0/1848970726 wait complete.
2023-07-21T22:26:01.702 INFO:teuthology.orchestra.run.smithi005.stdout:/usr/bin/ceph: stderr
2023-07-21T22:26:00.919+0000 7fee84685700 1 Processor -- start
2023-07-21T22:26:01.702 INFO:teuthology.orchestra.run.smithi005.stdout:/usr/bin/ceph: stderr
2023-07-21T22:26:00.919+0000 7fee84685700 1 -- start start
2023-07-21T22:26:01.702 INFO:teuthology.orchestra.run.smithi005.stdout:/usr/bin/ceph: stderr
2023-07-21T22:26:00.920+0000 7fee84685700 1 --2- >> [v2:172.21.15.5:3300/0,v1:172.21.15.5:6789/0] conn(0x7fee7c07acd0 0x7fee7c19b2b0 unknown :-1 s=NONE pgs=0 cs=0 l=1 rev1=0 crypto rx=0 tx=0 comp rx=0 tx=0).connect
2023-07-21T22:26:01.702 INFO:teuthology.orchestra.run.smithi005.stdout:/usr/bin/ceph: stderr
2023-07-21T22:26:00.920+0000 7fee84685700 1 -- --> [v2:172.21.15.5:3300/0,v1:172.21.15.5:6789/0] -- mon_getmap magic: 0 v1 -- 0x7fee7c19b7f0 con 0x7fee7c07acd0
2023-07-21T22:26:01.702 INFO:teuthology.orchestra.run.smithi005.stdout:/usr/bin/ceph: stderr
2023-07-21T22:26:00.920+0000 7fee82421700 1 --2- >> [v2:172.21.15.5:3300/0,v1:172.21.15.5:6789/0] conn(0x7fee7c07acd0 0x7fee7c19b2b0 unknown :-1 s=BANNER_CONNECTING pgs=0 cs=0 l=1 rev1=0 crypto rx=0 tx=0 comp rx=0 tx=0)._handle_peer_banner_payload supported=3 required=0
2023-07-21T22:26:01.703 INFO:teuthology.orchestra.run.smithi005.stdout:/usr/bin/ceph: stderr
2023-07-21T22:26:00.920+0000 7fee82421700 1 --2- >> [v2:172.21.15.5:3300/0,v1:172.21.15.5:6789/0] conn(0x7fee7c07acd0 0x7fee7c19b2b0 unknown :-1 s=HELLO_CONNECTING pgs=0 cs=0 l=1 rev1=1 crypto rx=0 tx=0 comp rx=0 tx=0).handle_hello peer v2:172.21.15.5:3300/0 says I am v2:172.21.15.5:55812/0 (socket says 172.21.15.5:55812)
2023-07-21T22:26:01.703 INFO:teuthology.orchestra.run.smithi005.stdout:/usr/bin/ceph: stderr
2023-07-21T22:26:00.920+0000 7fee82421700 1 -- 172.21.15.5:0/1796919738 learned_addr learned my addr 172.21.15.5:0/1796919738 (peer_addr_for_me v2:172.21.15.5:0/0)
2023-07-21T22:26:01.703 INFO:teuthology.orchestra.run.smithi005.stdout:/usr/bin/ceph: stderr
2023-07-21T22:26:00.920+0000 7fee82421700 1 -- 172.21.15.5:0/1796919738 --> [v2:172.21.15.5:3300/0,v1:172.21.15.5:6789/0] -- mon_subscribe({config=0+,monmap=0+}) v3 -- 0x7fee78009550 con 0x7fee7c07acd0
2023-07-21T22:26:01.703 INFO:teuthology.orchestra.run.smithi005.stdout:/usr/bin/ceph: stderr
2023-07-21T22:26:00.921+0000 7fee82421700 1 --2- 172.21.15.5:0/1796919738 >> [v2:172.21.15.5:3300/0,v1:172.21.15.5:6789/0] conn(0x7fee7c07acd0 0x7fee7c19b2b0 secure :-1 s=READY pgs=50 cs=0 l=1 rev1=1 crypto rx=0x7fee78000c00 tx=0x7fee78011a80 comp rx=0 tx=0).ready entity=mon.0 client_cookie=0 server_cookie=0 in_seq=0 out_seq=0
2023-07-21T22:26:01.703 INFO:teuthology.orchestra.run.smithi005.stdout:/usr/bin/ceph: stderr
2023-07-21T22:26:00.921+0000 7fee737fe700 1 -- 172.21.15.5:0/1796919738 <== mon.0 v2:172.21.15.5:3300/0 1 ==== mon_map magic: 0 v1 ==== 205+0+0 (secure 0 0 0) 0x7fee78003ac0 con 0x7fee7c07acd0
2023-07-21T22:26:01.703 INFO:teuthology.orchestra.run.smithi005.stdout:/usr/bin/ceph: stderr
2023-07-21T22:26:00.921+0000 7fee737fe700 1 -- 172.21.15.5:0/1796919738 <== mon.0 v2:172.21.15.5:3300/0 2 ==== config(26 keys) v1 ==== 1105+0+0 (secure 0 0 0) 0x7fee78003c20 con 0x7fee7c07acd0
2023-07-21T22:26:01.703 INFO:teuthology.orchestra.run.smithi005.stdout:/usr/bin/ceph: stderr
2023-07-21T22:26:00.921+0000 7fee737fe700 1 -- 172.21.15.5:0/1796919738 <== mon.0 v2:172.21.15.5:3300/0 3 ==== mon_map magic: 0 v1 ==== 205+0+0 (secure 0 0 0) 0x7fee7801a720 con 0x7fee7c07acd0
2023-07-21T22:26:01.703 INFO:teuthology.orchestra.run.smithi005.stdout:/usr/bin/ceph: stderr
2023-07-21T22:26:00.921+0000 7fee84685700 1 -- 172.21.15.5:0/1796919738 --> [v2:172.21.15.5:3300/0,v1:172.21.15.5:6789/0] -- mon_subscribe({mgrmap=0+}) v3 -- 0x7fee7c19b9f0 con 0x7fee7c07acd0
2023-07-21T22:26:01.704 INFO:teuthology.orchestra.run.smithi005.stdout:/usr/bin/ceph: stderr
2023-07-21T22:26:00.921+0000 7fee84685700 1 -- 172.21.15.5:0/1796919738 --> [v2:172.21.15.5:3300/0,v1:172.21.15.5:6789/0] -- mon_subscribe({osdmap=0}) v3 -- 0x7fee7c19be10 con 0x7fee7c07acd0
2023-07-21T22:26:01.704 INFO:teuthology.orchestra.run.smithi005.stdout:/usr/bin/ceph: stderr
2023-07-21T22:26:00.922+0000 7fee737fe700 1 -- 172.21.15.5:0/1796919738 <== mon.0 v2:172.21.15.5:3300/0 4 ==== mgrmap(e 8) v1 ==== 45483+0+0 (secure 0 0 0) 0x7fee78024a90 con 0x7fee7c07acd0
2023-07-21T22:26:01.704 INFO:teuthology.orchestra.run.smithi005.stdout:/usr/bin/ceph: stderr
2023-07-21T22:26:00.922+0000 7fee84685700 1 -- 172.21.15.5:0/1796919738 --> [v2:172.21.15.5:3300/0,v1:172.21.15.5:6789/0] -- mon_command({"prefix": "get_command_descriptions"} v 0) v1 -- 0x7fee7c061b40 con 0x7fee7c07acd0
2023-07-21T22:26:01.704 INFO:teuthology.orchestra.run.smithi005.stdout:/usr/bin/ceph: stderr
2023-07-21T22:26:00.923+0000 7fee737fe700 1 --2- 172.21.15.5:0/1796919738 >> [v2:172.21.15.5:6800/3390213848,v1:172.21.15.5:6801/3390213848] conn(0x7fee68038710 0x7fee6803abc0 unknown :-1 s=NONE pgs=0 cs=0 l=1 rev1=0 crypto rx=0 tx=0 comp rx=0 tx=0).connect
2023-07-21T22:26:01.704 INFO:teuthology.orchestra.run.smithi005.stdout:/usr/bin/ceph: stderr
2023-07-21T22:26:00.923+0000 7fee737fe700 1 -- 172.21.15.5:0/1796919738 <== mon.0 v2:172.21.15.5:3300/0 5 ==== osd_map(2..2 src has 1..2) v4 ==== 940+0+0 (secure 0 0 0) 0x7fee7804c980 con 0x7fee7c07acd0
2023-07-21T22:26:01.704 INFO:teuthology.orchestra.run.smithi005.stdout:/usr/bin/ceph: stderr
2023-07-21T22:26:00.923+0000 7fee81c20700 1 --2- 172.21.15.5:0/1796919738 >> [v2:172.21.15.5:6800/3390213848,v1:172.21.15.5:6801/3390213848] conn(0x7fee68038710 0x7fee6803abc0 unknown :-1 s=BANNER_CONNECTING pgs=0 cs=0 l=1 rev1=0 crypto rx=0 tx=0 comp rx=0 tx=0)._handle_peer_banner_payload supported=3 required=0
2023-07-21T22:26:01.704 INFO:teuthology.orchestra.run.smithi005.stdout:/usr/bin/ceph: stderr
2023-07-21T22:26:00.924+0000 7fee81c20700 1 --2- 172.21.15.5:0/1796919738 >> [v2:172.21.15.5:6800/3390213848,v1:172.21.15.5:6801/3390213848] conn(0x7fee68038710 0x7fee6803abc0 secure :-1 s=READY pgs=15 cs=0 l=1 rev1=1 crypto rx=0x7fee6c006fd0 tx=0x7fee6c006e40 comp rx=0 tx=0).ready entity=mgr.14116 client_cookie=0 server_cookie=0 in_seq=0 out_seq=0
2023-07-21T22:26:01.704 INFO:teuthology.orchestra.run.smithi005.stdout:/usr/bin/ceph: stderr
2023-07-21T22:26:00.928+0000 7fee737fe700 1 -- 172.21.15.5:0/1796919738 <== mon.0 v2:172.21.15.5:3300/0 6 ==== mon_command_ack([{"prefix": "get_command_descriptions"}]=0 v0) v1 ==== 72+0+178008 (secure 0 0 0) 0x7fee78024440 con 0x7fee7c07acd0
2023-07-21T22:26:01.705 INFO:teuthology.orchestra.run.smithi005.stdout:/usr/bin/ceph: stderr
2023-07-21T22:26:01.139+0000 7fee84685700 1 -- 172.21.15.5:0/1796919738 --> [v2:172.21.15.5:3300/0,v1:172.21.15.5:6789/0] -- mon_command([{prefix=config set, name=mgr/dashboard/ssl_server_port}] v 0) v1 -- 0x7fee7c19ec90 con 0x7fee7c07acd0
2023-07-21T22:26:01.705 INFO:teuthology.orchestra.run.smithi005.stdout:/usr/bin/ceph: stderr
2023-07-21T22:26:01.143+0000 7fee737fe700 1 -- 172.21.15.5:0/1796919738 <== mon.0 v2:172.21.15.5:3300/0 7 ==== mon_command_ack([{prefix=config set, name=mgr/dashboard/ssl_server_port}]=0 v8)=0 v8) v1 ==== 130+0+0 (secure 0 0 0) 0x7fee78018350 con 0x7fee7c07acd0
2023-07-21T22:26:01.705 INFO:teuthology.orchestra.run.smithi005.stdout:/usr/bin/ceph: stderr
2023-07-21T22:26:01.146+0000 7fee84685700 1 -- 172.21.15.5:0/1796919738 >> [v2:172.21.15.5:6800/3390213848,v1:172.21.15.5:6801/3390213848] conn(0x7fee68038710 msgr2=0x7fee6803abc0 secure :-1 s=STATE_CONNECTION_ESTABLISHED l=1).mark_down
2023-07-21T22:26:01.705 INFO:teuthology.orchestra.run.smithi005.stdout:/usr/bin/ceph: stderr
2023-07-21T22:26:01.146+0000 7fee84685700 1 --2- 172.21.15.5:0/1796919738 >> [v2:172.21.15.5:6800/3390213848,v1:172.21.15.5:6801/3390213848] conn(0x7fee68038710 0x7fee6803abc0 secure :-1 s=READY pgs=15 cs=0 l=1 rev1=1 crypto rx=0x7fee6c006fd0 tx=0x7fee6c006e40 comp rx=0 tx=0).stop
2023-07-21T22:26:01.705 INFO:teuthology.orchestra.run.smithi005.stdout:/usr/bin/ceph: stderr
2023-07-21T22:26:01.146+0000 7fee84685700 1 -- 172.21.15.5:0/1796919738 >> [v2:172.21.15.5:3300/0,v1:172.21.15.5:6789/0] conn(0x7fee7c07acd0 msgr2=0x7fee7c19b2b0 secure :-1 s=STATE_CONNECTION_ESTABLISHED l=1).mark_down
2023-07-21T22:26:01.705 INFO:teuthology.orchestra.run.smithi005.stdout:/usr/bin/ceph: stderr
2023-07-21T22:26:01.146+0000 7fee84685700 1 --2- 172.21.15.5:0/1796919738 >> [v2:172.21.15.5:3300/0,v1:172.21.15.5:6789/0] conn(0x7fee7c07acd0 0x7fee7c19b2b0 secure :-1 s=READY pgs=50 cs=0 l=1 rev1=1 crypto rx=0x7fee78000c00 tx=0x7fee78011a80 comp rx=0 tx=0).stop
2023-07-21T22:26:01.705 INFO:teuthology.orchestra.run.smithi005.stdout:/usr/bin/ceph: stderr
2023-07-21T22:26:01.146+0000 7fee84685700 1 -- 172.21.15.5:0/1796919738 shutdown_connections
2023-07-21T22:26:01.706 INFO:teuthology.orchestra.run.smithi005.stdout:/usr/bin/ceph: stderr
2023-07-21T22:26:01.146+0000 7fee84685700 1 --2- 172.21.15.5:0/1796919738 >> [v2:172.21.15.5:6800/3390213848,v1:172.21.15.5:6801/3390213848] conn(0x7fee68038710 0x7fee6803abc0 unknown :-1 s=CLOSED pgs=15 cs=0 l=1 rev1=1 crypto rx=0 tx=0 comp rx=0 tx=0).stop
2023-07-21T22:26:01.706 INFO:teuthology.orchestra.run.smithi005.stdout:/usr/bin/ceph: stderr
2023-07-21T22:26:01.146+0000 7fee84685700 1 --2- 172.21.15.5:0/1796919738 >> [v2:172.21.15.5:3300/0,v1:172.21.15.5:6789/0] conn(0x7fee7c07acd0 0x7fee7c19b2b0 unknown :-1 s=CLOSED pgs=50 cs=0 l=1 rev1=1 crypto rx=0 tx=0 comp rx=0 tx=0).stop
2023-07-21T22:26:01.706 INFO:teuthology.orchestra.run.smithi005.stdout:/usr/bin/ceph: stderr
2023-07-21T22:26:01.146+0000 7fee84685700 1 -- 172.21.15.5:0/1796919738 >> 172.21.15.5:0/1796919738 conn(0x7fee7c1009d0 msgr2=0x7fee7c102050 unknown :-1 s=STATE_NONE l=0).mark_down
2023-07-21T22:26:01.706 INFO:teuthology.orchestra.run.smithi005.stdout:/usr/bin/ceph: stderr
2023-07-21T22:26:01.147+0000 7fee84685700 1 -- 172.21.15.5:0/1796919738 shutdown_connections
2023-07-21T22:26:01.706 INFO:teuthology.orchestra.run.smithi005.stdout:/usr/bin/ceph: stderr
2023-07-21T22:26:01.147+0000 7fee84685700 1 -- 172.21.15.5:0/1796919738 wait complete.
2023-07-21T22:26:01.706 INFO:teuthology.orchestra.run.smithi005.stdout:Enabling the dashboard module...
2023-07-21T22:26:02.461 INFO:journalctl@ceph.mon.a.smithi005.stdout:Jul 21 22:26:02 smithi005 ceph-mon[95470]: from='client.? 172.21.15.5:0/1796919738' entity='client.admin'
2023-07-21T22:26:02.461 INFO:journalctl@ceph.mon.a.smithi005.stdout:Jul 21 22:26:02 smithi005 ceph-mon[95470]: from='mgr.14116 172.21.15.5:0/2649818710' entity='mgr.x'
2023-07-21T22:26:03.461 INFO:journalctl@ceph.mon.a.smithi005.stdout:Jul 21 22:26:03 smithi005 ceph-mon[95470]: from='client.? 172.21.15.5:0/1055069993' entity='client.admin' cmd=[{"prefix": "mgr module enable", "module": "dashboard"}]: dispatch
2023-07-21T22:26:03.462 INFO:journalctl@ceph.mgr.x.smithi005.stdout:Jul 21 22:26:03 smithi005 ceph-522aa6f0-2815-11ee-9b34-001a4aab830c-mgr-x[95718]: ignoring --setuser ceph since I am not root
2023-07-21T22:26:03.462 INFO:journalctl@ceph.mgr.x.smithi005.stdout:Jul 21 22:26:03 smithi005 ceph-522aa6f0-2815-11ee-9b34-001a4aab830c-mgr-x[95718]: ignoring --setgroup ceph since I am not root
2023-07-21T22:26:03.684 INFO:teuthology.orchestra.run.smithi005.stdout:/usr/bin/ceph: stderr
2023-07-21T22:26:02.179+0000 7fcc72f6a700 1 Processor -- start
2023-07-21T22:26:03.685 INFO:teuthology.orchestra.run.smithi005.stdout:/usr/bin/ceph: stderr
2023-07-21T22:26:02.180+0000 7fcc72f6a700 1 -- start start
2023-07-21T22:26:03.685 INFO:teuthology.orchestra.run.smithi005.stdout:/usr/bin/ceph: stderr
2023-07-21T22:26:02.180+0000 7fcc72f6a700 1 --2- >> [v2:172.21.15.5:3300/0,v1:172.21.15.5:6789/0] conn(0x7fcc6c105360 0x7fcc6c105770 unknown :-1 s=NONE pgs=0 cs=0 l=0 rev1=0 crypto rx=0 tx=0 comp rx=0 tx=0).connect
2023-07-21T22:26:03.685 INFO:teuthology.orchestra.run.smithi005.stdout:/usr/bin/ceph: stderr
2023-07-21T22:26:02.180+0000 7fcc72f6a700 1 -- --> [v2:172.21.15.5:3300/0,v1:172.21.15.5:6789/0] -- mon_getmap magic: 0 v1 -- 0x7fcc6c105cb0 con 0x7fcc6c105360
2023-07-21T22:26:03.685 INFO:teuthology.orchestra.run.smithi005.stdout:/usr/bin/ceph: stderr
2023-07-21T22:26:02.180+0000 7fcc70d06700 1 --2- >> [v2:172.21.15.5:3300/0,v1:172.21.15.5:6789/0] conn(0x7fcc6c105360 0x7fcc6c105770 unknown :-1 s=BANNER_CONNECTING pgs=0 cs=0 l=0 rev1=0 crypto rx=0 tx=0 comp rx=0 tx=0)._handle_peer_banner_payload supported=3 required=0
2023-07-21T22:26:03.685 INFO:teuthology.orchestra.run.smithi005.stdout:/usr/bin/ceph: stderr
2023-07-21T22:26:02.180+0000 7fcc70d06700 1 --2- >> [v2:172.21.15.5:3300/0,v1:172.21.15.5:6789/0] conn(0x7fcc6c105360 0x7fcc6c105770 unknown :-1 s=HELLO_CONNECTING pgs=0 cs=0 l=0 rev1=1 crypto rx=0 tx=0 comp rx=0 tx=0).handle_hello peer v2:172.21.15.5:3300/0 says I am v2:172.21.15.5:55824/0 (socket says 172.21.15.5:55824)
2023-07-21T22:26:03.686 INFO:teuthology.orchestra.run.smithi005.stdout:/usr/bin/ceph: stderr
2023-07-21T22:26:02.180+0000 7fcc70d06700 1 -- 172.21.15.5:0/148657803 learned_addr learned my addr 172.21.15.5:0/148657803 (peer_addr_for_me v2:172.21.15.5:0/0)
2023-07-21T22:26:03.686 INFO:teuthology.orchestra.run.smithi005.stdout:/usr/bin/ceph: stderr
2023-07-21T22:26:02.181+0000 7fcc70d06700 1 -- 172.21.15.5:0/148657803 --> [v2:172.21.15.5:3300/0,v1:172.21.15.5:6789/0] -- mon_subscribe({config=0+,monmap=0+}) v3 -- 0x7fcc6c105df0 con 0x7fcc6c105360
2023-07-21T22:26:03.686 INFO:teuthology.orchestra.run.smithi005.stdout:/usr/bin/ceph: stderr
2023-07-21T22:26:02.181+0000 7fcc70d06700 1 --2- 172.21.15.5:0/148657803 >> [v2:172.21.15.5:3300/0,v1:172.21.15.5:6789/0] conn(0x7fcc6c105360 0x7fcc6c105770 secure :-1 s=READY pgs=51 cs=0 l=1 rev1=1 crypto rx=0x7fcc600098a0 tx=0x7fcc60009bb0 comp rx=0 tx=0).ready entity=mon.0 client_cookie=3b54008b22904afb server_cookie=0 in_seq=0 out_seq=0
2023-07-21T22:26:03.686 INFO:teuthology.orchestra.run.smithi005.stdout:/usr/bin/ceph: stderr
2023-07-21T22:26:02.181+0000 7fcc6b7fe700 1 -- 172.21.15.5:0/148657803 <== mon.0 v2:172.21.15.5:3300/0 1 ==== mon_map magic: 0 v1 ==== 205+0+0 (secure 0 0 0) 0x7fcc60004160 con 0x7fcc6c105360
2023-07-21T22:26:03.686 INFO:teuthology.orchestra.run.smithi005.stdout:/usr/bin/ceph: stderr
2023-07-21T22:26:02.181+0000 7fcc6b7fe700 1 -- 172.21.15.5:0/148657803 <== mon.0 v2:172.21.15.5:3300/0 2 ==== config(26 keys) v1 ==== 1105+0+0 (secure 0 0 0) 0x7fcc600042c0 con 0x7fcc6c105360
2023-07-21T22:26:03.686 INFO:teuthology.orchestra.run.smithi005.stdout:/usr/bin/ceph: stderr
2023-07-21T22:26:02.181+0000 7fcc6b7fe700 1 -- 172.21.15.5:0/148657803 <== mon.0 v2:172.21.15.5:3300/0 3 ==== mon_map magic: 0 v1 ==== 205+0+0 (secure 0 0 0) 0x7fcc600119b0 con 0x7fcc6c105360
2023-07-21T22:26:03.687 INFO:teuthology.orchestra.run.smithi005.stdout:/usr/bin/ceph: stderr
2023-07-21T22:26:02.182+0000 7fcc72f6a700 1 -- 172.21.15.5:0/148657803 >> [v2:172.21.15.5:3300/0,v1:172.21.15.5:6789/0] conn(0x7fcc6c105360 msgr2=0x7fcc6c105770 secure :-1 s=STATE_CONNECTION_ESTABLISHED l=1).mark_down
2023-07-21T22:26:03.687 INFO:teuthology.orchestra.run.smithi005.stdout:/usr/bin/ceph: stderr
2023-07-21T22:26:02.182+0000 7fcc72f6a700 1 --2- 172.21.15.5:0/148657803 >> [v2:172.21.15.5:3300/0,v1:172.21.15.5:6789/0] conn(0x7fcc6c105360 0x7fcc6c105770 secure :-1 s=READY pgs=51 cs=0 l=1 rev1=1 crypto rx=0x7fcc600098a0 tx=0x7fcc60009bb0 comp rx=0 tx=0).stop
2023-07-21T22:26:03.687 INFO:teuthology.orchestra.run.smithi005.stdout:/usr/bin/ceph: stderr
2023-07-21T22:26:02.182+0000 7fcc72f6a700 1 -- 172.21.15.5:0/148657803 shutdown_connections
2023-07-21T22:26:03.687 INFO:teuthology.orchestra.run.smithi005.stdout:/usr/bin/ceph: stderr
2023-07-21T22:26:02.182+0000 7fcc72f6a700 1 --2- 172.21.15.5:0/148657803 >> [v2:172.21.15.5:3300/0,v1:172.21.15.5:6789/0] conn(0x7fcc6c105360 0x7fcc6c105770 unknown :-1 s=CLOSED pgs=51 cs=0 l=1 rev1=1 crypto rx=0 tx=0 comp rx=0 tx=0).stop
2023-07-21T22:26:03.687 INFO:teuthology.orchestra.run.smithi005.stdout:/usr/bin/ceph: stderr
2023-07-21T22:26:02.182+0000 7fcc72f6a700 1 -- 172.21.15.5:0/148657803 >> 172.21.15.5:0/148657803 conn(0x7fcc6c1009d0 msgr2=0x7fcc6c102de0 unknown :-1 s=STATE_NONE l=0).mark_down
2023-07-21T22:26:03.687 INFO:teuthology.orchestra.run.smithi005.stdout:/usr/bin/ceph: stderr
2023-07-21T22:26:02.182+0000 7fcc72f6a700 1 -- 172.21.15.5:0/148657803 shutdown_connections
2023-07-21T22:26:03.687 INFO:teuthology.orchestra.run.smithi005.stdout:/usr/bin/ceph: stderr
2023-07-21T22:26:02.182+0000 7fcc72f6a700 1 -- 172.21.15.5:0/148657803 wait complete.
2023-07-21T22:26:03.688 INFO:teuthology.orchestra.run.smithi005.stdout:/usr/bin/ceph: stderr
2023-07-21T22:26:02.183+0000 7fcc72f6a700 1 Processor -- start
2023-07-21T22:26:03.688 INFO:teuthology.orchestra.run.smithi005.stdout:/usr/bin/ceph: stderr
2023-07-21T22:26:02.183+0000 7fcc72f6a700 1 -- start start
2023-07-21T22:26:03.688 INFO:teuthology.orchestra.run.smithi005.stdout:/usr/bin/ceph: stderr
2023-07-21T22:26:02.183+0000 7fcc72f6a700 1 --2- >> [v2:172.21.15.5:3300/0,v1:172.21.15.5:6789/0] conn(0x7fcc6c105360 0x7fcc6c199070 unknown :-1 s=NONE pgs=0 cs=0 l=1 rev1=0 crypto rx=0 tx=0 comp rx=0 tx=0).connect
2023-07-21T22:26:03.688 INFO:teuthology.orchestra.run.smithi005.stdout:/usr/bin/ceph: stderr
2023-07-21T22:26:02.183+0000 7fcc72f6a700 1 -- --> [v2:172.21.15.5:3300/0,v1:172.21.15.5:6789/0] -- mon_getmap magic: 0 v1 -- 0x7fcc6c1995b0 con 0x7fcc6c105360
2023-07-21T22:26:03.688 INFO:teuthology.orchestra.run.smithi005.stdout:/usr/bin/ceph: stderr
2023-07-21T22:26:02.184+0000 7fcc70d06700 1 --2- >> [v2:172.21.15.5:3300/0,v1:172.21.15.5:6789/0] conn(0x7fcc6c105360 0x7fcc6c199070 unknown :-1 s=BANNER_CONNECTING pgs=0 cs=0 l=1 rev1=0 crypto rx=0 tx=0 comp rx=0 tx=0)._handle_peer_banner_payload supported=3 required=0
2023-07-21T22:26:03.688 INFO:teuthology.orchestra.run.smithi005.stdout:/usr/bin/ceph: stderr
2023-07-21T22:26:02.184+0000 7fcc70d06700 1 --2- >> [v2:172.21.15.5:3300/0,v1:172.21.15.5:6789/0] conn(0x7fcc6c105360 0x7fcc6c199070 unknown :-1 s=HELLO_CONNECTING pgs=0 cs=0 l=1 rev1=1 crypto rx=0 tx=0 comp rx=0 tx=0).handle_hello peer v2:172.21.15.5:3300/0 says I am v2:172.21.15.5:55834/0 (socket says 172.21.15.5:55834)
2023-07-21T22:26:03.688 INFO:teuthology.orchestra.run.smithi005.stdout:/usr/bin/ceph: stderr
2023-07-21T22:26:02.184+0000 7fcc70d06700 1 -- 172.21.15.5:0/1055069993 learned_addr learned my addr 172.21.15.5:0/1055069993 (peer_addr_for_me v2:172.21.15.5:0/0)
2023-07-21T22:26:03.689 INFO:teuthology.orchestra.run.smithi005.stdout:/usr/bin/ceph: stderr
2023-07-21T22:26:02.184+0000 7fcc70d06700 1 -- 172.21.15.5:0/1055069993 --> [v2:172.21.15.5:3300/0,v1:172.21.15.5:6789/0] -- mon_subscribe({config=0+,monmap=0+}) v3 -- 0x7fcc60009550 con 0x7fcc6c105360
2023-07-21T22:26:03.689 INFO:teuthology.orchestra.run.smithi005.stdout:/usr/bin/ceph: stderr
2023-07-21T22:26:02.184+0000 7fcc70d06700 1 --2- 172.21.15.5:0/1055069993 >> [v2:172.21.15.5:3300/0,v1:172.21.15.5:6789/0] conn(0x7fcc6c105360 0x7fcc6c199070 secure :-1 s=READY pgs=52 cs=0 l=1 rev1=1 crypto rx=0x7fcc60011980 tx=0x7fcc60011a60 comp rx=0 tx=0).ready entity=mon.0 client_cookie=0 server_cookie=0 in_seq=0 out_seq=0
2023-07-21T22:26:03.689 INFO:teuthology.orchestra.run.smithi005.stdout:/usr/bin/ceph: stderr
2023-07-21T22:26:02.184+0000 7fcc69ffb700 1 -- 172.21.15.5:0/1055069993 <== mon.0 v2:172.21.15.5:3300/0 1 ==== mon_map magic: 0 v1 ==== 205+0+0 (secure 0 0 0) 0x7fcc60003a60 con 0x7fcc6c105360
2023-07-21T22:26:03.689 INFO:teuthology.orchestra.run.smithi005.stdout:/usr/bin/ceph: stderr
2023-07-21T22:26:02.185+0000 7fcc69ffb700 1 -- 172.21.15.5:0/1055069993 <== mon.0 v2:172.21.15.5:3300/0 2 ==== config(26 keys) v1 ==== 1105+0+0 (secure 0 0 0) 0x7fcc60003bc0 con 0x7fcc6c105360
2023-07-21T22:26:03.689 INFO:teuthology.orchestra.run.smithi005.stdout:/usr/bin/ceph: stderr
2023-07-21T22:26:02.185+0000 7fcc69ffb700 1 -- 172.21.15.5:0/1055069993 <== mon.0 v2:172.21.15.5:3300/0 3 ==== mon_map magic: 0 v1 ==== 205+0+0 (secure 0 0 0) 0x7fcc6001a670 con 0x7fcc6c105360
2023-07-21T22:26:03.689 INFO:teuthology.orchestra.run.smithi005.stdout:/usr/bin/ceph: stderr
2023-07-21T22:26:02.185+0000 7fcc72f6a700 1 -- 172.21.15.5:0/1055069993 --> [v2:172.21.15.5:3300/0,v1:172.21.15.5:6789/0] -- mon_subscribe({mgrmap=0+}) v3 -- 0x7fcc6c1997b0 con 0x7fcc6c105360
2023-07-21T22:26:03.689 INFO:teuthology.orchestra.run.smithi005.stdout:/usr/bin/ceph: stderr
2023-07-21T22:26:02.185+0000 7fcc72f6a700 1 -- 172.21.15.5:0/1055069993 --> [v2:172.21.15.5:3300/0,v1:172.21.15.5:6789/0] -- mon_subscribe({osdmap=0}) v3 -- 0x7fcc6c199bd0 con 0x7fcc6c105360
2023-07-21T22:26:03.690 INFO:teuthology.orchestra.run.smithi005.stdout:/usr/bin/ceph: stderr
2023-07-21T22:26:02.186+0000 7fcc69ffb700 1 -- 172.21.15.5:0/1055069993 <== mon.0 v2:172.21.15.5:3300/0 4 ==== mgrmap(e 8) v1 ==== 45483+0+0 (secure 0 0 0) 0x7fcc60024a00 con 0x7fcc6c105360
2023-07-21T22:26:03.690 INFO:teuthology.orchestra.run.smithi005.stdout:/usr/bin/ceph: stderr
2023-07-21T22:26:02.186+0000 7fcc72f6a700 1 -- 172.21.15.5:0/1055069993 --> [v2:172.21.15.5:3300/0,v1:172.21.15.5:6789/0] -- mon_command({"prefix": "get_command_descriptions"} v 0) v1 -- 0x7fcc6c061b40 con 0x7fcc6c105360
2023-07-21T22:26:03.690 INFO:teuthology.orchestra.run.smithi005.stdout:/usr/bin/ceph: stderr
2023-07-21T22:26:02.186+0000 7fcc69ffb700 1 --2- 172.21.15.5:0/1055069993 >> [v2:172.21.15.5:6800/3390213848,v1:172.21.15.5:6801/3390213848] conn(0x7fcc5c038760 0x7fcc5c03ac10 unknown :-1 s=NONE pgs=0 cs=0 l=1 rev1=0 crypto rx=0 tx=0 comp rx=0 tx=0).connect
2023-07-21T22:26:03.690 INFO:teuthology.orchestra.run.smithi005.stdout:/usr/bin/ceph: stderr
2023-07-21T22:26:02.186+0000 7fcc69ffb700 1 -- 172.21.15.5:0/1055069993 <== mon.0 v2:172.21.15.5:3300/0 5 ==== osd_map(2..2 src has 1..2) v4 ==== 940+0+0 (secure 0 0 0) 0x7fcc6004c860 con 0x7fcc6c105360
2023-07-21T22:26:03.690 INFO:teuthology.orchestra.run.smithi005.stdout:/usr/bin/ceph: stderr
2023-07-21T22:26:02.186+0000 7fcc6bfff700 1 --2- 172.21.15.5:0/1055069993 >> [v2:172.21.15.5:6800/3390213848,v1:172.21.15.5:6801/3390213848] conn(0x7fcc5c038760 0x7fcc5c03ac10 unknown :-1 s=BANNER_CONNECTING pgs=0 cs=0 l=1 rev1=0 crypto rx=0 tx=0 comp rx=0 tx=0)._handle_peer_banner_payload supported=3 required=0
2023-07-21T22:26:03.690 INFO:teuthology.orchestra.run.smithi005.stdout:/usr/bin/ceph: stderr
2023-07-21T22:26:02.187+0000 7fcc6bfff700 1 --2- 172.21.15.5:0/1055069993 >> [v2:172.21.15.5:6800/3390213848,v1:172.21.15.5:6801/3390213848] conn(0x7fcc5c038760 0x7fcc5c03ac10 secure :-1 s=READY pgs=16 cs=0 l=1 rev1=1 crypto rx=0x7fcc58006fd0 tx=0x7fcc58006e40 comp rx=0 tx=0).ready entity=mgr.14116 client_cookie=0 server_cookie=0 in_seq=0 out_seq=0
2023-07-21T22:26:03.690 INFO:teuthology.orchestra.run.smithi005.stdout:/usr/bin/ceph: stderr
2023-07-21T22:26:02.191+0000 7fcc69ffb700 1 -- 172.21.15.5:0/1055069993 <== mon.0 v2:172.21.15.5:3300/0 6 ==== mon_command_ack([{"prefix": "get_command_descriptions"}]=0 v0) v1 ==== 72+0+178008 (secure 0 0 0) 0x7fcc60024440 con 0x7fcc6c105360
2023-07-21T22:26:03.691 INFO:teuthology.orchestra.run.smithi005.stdout:/usr/bin/ceph: stderr
2023-07-21T22:26:02.458+0000 7fcc72f6a700 1 -- 172.21.15.5:0/1055069993 --> [v2:172.21.15.5:3300/0,v1:172.21.15.5:6789/0] -- mon_command({"prefix": "mgr module enable", "module": "dashboard"} v 0) v1 -- 0x7fcc6c19ccc0 con 0x7fcc6c105360
2023-07-21T22:26:03.691 INFO:teuthology.orchestra.run.smithi005.stdout:/usr/bin/ceph: stderr
