2023-07-21T22:26:13.389 INFO:teuthology.orchestra.run.smithi005.stdout:/usr/bin/ceph: stderr
2023-07-21T22:26:12.916+0000 7feb5ddf6700 1 -- 172.21.15.5:0/1825826441 shutdown_connections
2023-07-21T22:26:13.389 INFO:teuthology.orchestra.run.smithi005.stdout:/usr/bin/ceph: stderr
2023-07-21T22:26:12.916+0000 7feb5ddf6700 1 --2- 172.21.15.5:0/1825826441 >> [v2:172.21.15.5:6800/3992002896,v1:172.21.15.5:6801/3992002896] conn(0x7feb4003bff0 0x7feb4003e3d0 unknown :-1 s=CLOSED pgs=1 cs=0 l=1 rev1=1 crypto rx=0 tx=0 comp rx=0 tx=0).stop
2023-07-21T22:26:13.389 INFO:teuthology.orchestra.run.smithi005.stdout:/usr/bin/ceph: stderr
2023-07-21T22:26:12.916+0000 7feb5ddf6700 1 --2- 172.21.15.5:0/1825826441 >> [v2:172.21.15.5:3300/0,v1:172.21.15.5:6789/0] conn(0x7feb5807acf0 0x7feb5819b2a0 unknown :-1 s=CLOSED pgs=58 cs=0 l=1 rev1=1 crypto rx=0 tx=0 comp rx=0 tx=0).stop
2023-07-21T22:26:13.389 INFO:teuthology.orchestra.run.smithi005.stdout:/usr/bin/ceph: stderr
2023-07-21T22:26:12.916+0000 7feb5ddf6700 1 --2- 172.21.15.5:0/1825826441 >> [v2:172.21.15.5:6800/3390213848,v1:172.21.15.5:6801/3390213848] conn(0x7feb400387b0 0x7feb4003ac60 unknown :-1 s=CLOSED pgs=0 cs=0 l=1 rev1=0 crypto rx=0 tx=0 comp rx=0 tx=0).stop
2023-07-21T22:26:13.389 INFO:teuthology.orchestra.run.smithi005.stdout:/usr/bin/ceph: stderr
2023-07-21T22:26:12.916+0000 7feb5ddf6700 1 -- 172.21.15.5:0/1825826441 >> 172.21.15.5:0/1825826441 conn(0x7feb581009d0 msgr2=0x7feb58102010 unknown :-1 s=STATE_NONE l=0).mark_down
2023-07-21T22:26:13.389 INFO:teuthology.orchestra.run.smithi005.stdout:/usr/bin/ceph: stderr
2023-07-21T22:26:12.916+0000 7feb5ddf6700 1 -- 172.21.15.5:0/1825826441 shutdown_connections
2023-07-21T22:26:13.389 INFO:teuthology.orchestra.run.smithi005.stdout:/usr/bin/ceph: stderr
2023-07-21T22:26:12.916+0000 7feb5ddf6700 1 -- 172.21.15.5:0/1825826441 wait complete.
2023-07-21T22:26:13.390 INFO:teuthology.orchestra.run.smithi005.stdout:mgr epoch 9 is available
2023-07-21T22:26:13.390 INFO:teuthology.orchestra.run.smithi005.stdout:Generating a dashboard self-signed certificate...
2023-07-21T22:26:13.396 INFO:journalctl@ceph.mon.a.smithi005.stdout:Jul 21 22:26:12 smithi005 ceph-mon[95470]: from='mgr.14148 172.21.15.5:0/2907381794' entity='mgr.x' cmd=[{"prefix":"config rm","who":"mgr","name":"mgr/rbd_support/x/mirror_snapshot_schedule"}]: dispatch
2023-07-21T22:26:13.396 INFO:journalctl@ceph.mon.a.smithi005.stdout:Jul 21 22:26:12 smithi005 ceph-mon[95470]: from='mgr.14148 172.21.15.5:0/2907381794' entity='mgr.x' cmd=[{"prefix":"config rm","who":"mgr","name":"mgr/rbd_support/x/trash_purge_schedule"}]: dispatch
2023-07-21T22:26:13.396 INFO:journalctl@ceph.mon.a.smithi005.stdout:Jul 21 22:26:12 smithi005 ceph-mon[95470]: mgrmap e11: x(active, since 1.00777s)
2023-07-21T22:26:14.373 INFO:journalctl@ceph.mon.a.smithi005.stdout:Jul 21 22:26:13 smithi005 ceph-mon[95470]: [21/Jul/2023:22:26:13] ENGINE Bus STARTING
2023-07-21T22:26:14.766 INFO:teuthology.orchestra.run.smithi005.stdout:/usr/bin/ceph: stdout Self-signed certificate created
2023-07-21T22:26:14.766 INFO:teuthology.orchestra.run.smithi005.stdout:/usr/bin/ceph: stderr
2023-07-21T22:26:13.962+0000 7f6f8686b700 1 Processor -- start
2023-07-21T22:26:14.766 INFO:teuthology.orchestra.run.smithi005.stdout:/usr/bin/ceph: stderr
2023-07-21T22:26:13.962+0000 7f6f8686b700 1 -- start start
2023-07-21T22:26:14.766 INFO:teuthology.orchestra.run.smithi005.stdout:/usr/bin/ceph: stderr
2023-07-21T22:26:13.962+0000 7f6f8686b700 1 --2- >> [v2:172.21.15.5:3300/0,v1:172.21.15.5:6789/0] conn(0x7f6f8007acf0 0x7f6f800791f0 unknown :-1 s=NONE pgs=0 cs=0 l=0 rev1=0 crypto rx=0 tx=0 comp rx=0 tx=0).connect
2023-07-21T22:26:14.766 INFO:teuthology.orchestra.run.smithi005.stdout:/usr/bin/ceph: stderr
2023-07-21T22:26:13.962+0000 7f6f8686b700 1 -- --> [v2:172.21.15.5:3300/0,v1:172.21.15.5:6789/0] -- mon_getmap magic: 0 v1 -- 0x7f6f80079730 con 0x7f6f8007acf0
2023-07-21T22:26:14.766 INFO:teuthology.orchestra.run.smithi005.stdout:/usr/bin/ceph: stderr
2023-07-21T22:26:13.963+0000 7f6f7ffff700 1 --2- >> [v2:172.21.15.5:3300/0,v1:172.21.15.5:6789/0] conn(0x7f6f8007acf0 0x7f6f800791f0 unknown :-1 s=BANNER_CONNECTING pgs=0 cs=0 l=0 rev1=0 crypto rx=0 tx=0 comp rx=0 tx=0)._handle_peer_banner_payload supported=3 required=0
2023-07-21T22:26:14.767 INFO:teuthology.orchestra.run.smithi005.stdout:/usr/bin/ceph: stderr
2023-07-21T22:26:13.963+0000 7f6f7ffff700 1 --2- >> [v2:172.21.15.5:3300/0,v1:172.21.15.5:6789/0] conn(0x7f6f8007acf0 0x7f6f800791f0 unknown :-1 s=HELLO_CONNECTING pgs=0 cs=0 l=0 rev1=1 crypto rx=0 tx=0 comp rx=0 tx=0).handle_hello peer v2:172.21.15.5:3300/0 says I am v2:172.21.15.5:36654/0 (socket says 172.21.15.5:36654)
2023-07-21T22:26:14.767 INFO:teuthology.orchestra.run.smithi005.stdout:/usr/bin/ceph: stderr
2023-07-21T22:26:13.963+0000 7f6f7ffff700 1 -- 172.21.15.5:0/316322135 learned_addr learned my addr 172.21.15.5:0/316322135 (peer_addr_for_me v2:172.21.15.5:0/0)
2023-07-21T22:26:14.767 INFO:teuthology.orchestra.run.smithi005.stdout:/usr/bin/ceph: stderr
2023-07-21T22:26:13.963+0000 7f6f7ffff700 1 -- 172.21.15.5:0/316322135 --> [v2:172.21.15.5:3300/0,v1:172.21.15.5:6789/0] -- mon_subscribe({config=0+,monmap=0+}) v3 -- 0x7f6f80079870 con 0x7f6f8007acf0
2023-07-21T22:26:14.767 INFO:teuthology.orchestra.run.smithi005.stdout:/usr/bin/ceph: stderr
2023-07-21T22:26:13.964+0000 7f6f7ffff700 1 --2- 172.21.15.5:0/316322135 >> [v2:172.21.15.5:3300/0,v1:172.21.15.5:6789/0] conn(0x7f6f8007acf0 0x7f6f800791f0 secure :-1 s=READY pgs=66 cs=0 l=1 rev1=1 crypto rx=0x7f6f700098a0 tx=0x7f6f70009bb0 comp rx=0 tx=0).ready entity=mon.0 client_cookie=340d4bb05993eb36 server_cookie=0 in_seq=0 out_seq=0
2023-07-21T22:26:14.767 INFO:teuthology.orchestra.run.smithi005.stdout:/usr/bin/ceph: stderr
2023-07-21T22:26:13.964+0000 7f6f7effd700 1 -- 172.21.15.5:0/316322135 <== mon.0 v2:172.21.15.5:3300/0 1 ==== mon_map magic: 0 v1 ==== 205+0+0 (secure 0 0 0) 0x7f6f70004160 con 0x7f6f8007acf0
2023-07-21T22:26:14.767 INFO:teuthology.orchestra.run.smithi005.stdout:/usr/bin/ceph: stderr
2023-07-21T22:26:13.964+0000 7f6f7effd700 1 -- 172.21.15.5:0/316322135 <== mon.0 v2:172.21.15.5:3300/0 2 ==== config(26 keys) v1 ==== 1105+0+0 (secure 0 0 0) 0x7f6f700042c0 con 0x7f6f8007acf0
2023-07-21T22:26:14.767 INFO:teuthology.orchestra.run.smithi005.stdout:/usr/bin/ceph: stderr
2023-07-21T22:26:13.964+0000 7f6f7effd700 1 -- 172.21.15.5:0/316322135 <== mon.0 v2:172.21.15.5:3300/0 3 ==== mon_map magic: 0 v1 ==== 205+0+0 (secure 0 0 0) 0x7f6f700119b0 con 0x7f6f8007acf0
2023-07-21T22:26:14.768 INFO:teuthology.orchestra.run.smithi005.stdout:/usr/bin/ceph: stderr
2023-07-21T22:26:13.965+0000 7f6f8686b700 1 -- 172.21.15.5:0/316322135 >> [v2:172.21.15.5:3300/0,v1:172.21.15.5:6789/0] conn(0x7f6f8007acf0 msgr2=0x7f6f800791f0 secure :-1 s=STATE_CONNECTION_ESTABLISHED l=1).mark_down
2023-07-21T22:26:14.768 INFO:teuthology.orchestra.run.smithi005.stdout:/usr/bin/ceph: stderr
2023-07-21T22:26:13.965+0000 7f6f8686b700 1 --2- 172.21.15.5:0/316322135 >> [v2:172.21.15.5:3300/0,v1:172.21.15.5:6789/0] conn(0x7f6f8007acf0 0x7f6f800791f0 secure :-1 s=READY pgs=66 cs=0 l=1 rev1=1 crypto rx=0x7f6f700098a0 tx=0x7f6f70009bb0 comp rx=0 tx=0).stop
2023-07-21T22:26:14.768 INFO:teuthology.orchestra.run.smithi005.stdout:/usr/bin/ceph: stderr
2023-07-21T22:26:13.966+0000 7f6f8686b700 1 -- 172.21.15.5:0/316322135 shutdown_connections
2023-07-21T22:26:14.768 INFO:teuthology.orchestra.run.smithi005.stdout:/usr/bin/ceph: stderr
2023-07-21T22:26:13.966+0000 7f6f8686b700 1 --2- 172.21.15.5:0/316322135 >> [v2:172.21.15.5:3300/0,v1:172.21.15.5:6789/0] conn(0x7f6f8007acf0 0x7f6f800791f0 unknown :-1 s=CLOSED pgs=66 cs=0 l=1 rev1=1 crypto rx=0 tx=0 comp rx=0 tx=0).stop
2023-07-21T22:26:14.768 INFO:teuthology.orchestra.run.smithi005.stdout:/usr/bin/ceph: stderr
2023-07-21T22:26:13.966+0000 7f6f8686b700 1 -- 172.21.15.5:0/316322135 >> 172.21.15.5:0/316322135 conn(0x7f6f801009d0 msgr2=0x7f6f80102de0 unknown :-1 s=STATE_NONE l=0).mark_down
2023-07-21T22:26:14.768 INFO:teuthology.orchestra.run.smithi005.stdout:/usr/bin/ceph: stderr
2023-07-21T22:26:13.966+0000 7f6f8686b700 1 -- 172.21.15.5:0/316322135 shutdown_connections
2023-07-21T22:26:14.768 INFO:teuthology.orchestra.run.smithi005.stdout:/usr/bin/ceph: stderr
2023-07-21T22:26:13.966+0000 7f6f8686b700 1 -- 172.21.15.5:0/316322135 wait complete.
2023-07-21T22:26:14.769 INFO:teuthology.orchestra.run.smithi005.stdout:/usr/bin/ceph: stderr
2023-07-21T22:26:13.967+0000 7f6f8686b700 1 Processor -- start
2023-07-21T22:26:14.769 INFO:teuthology.orchestra.run.smithi005.stdout:/usr/bin/ceph: stderr
2023-07-21T22:26:13.967+0000 7f6f8686b700 1 -- start start
2023-07-21T22:26:14.769 INFO:teuthology.orchestra.run.smithi005.stdout:/usr/bin/ceph: stderr
2023-07-21T22:26:13.968+0000 7f6f8686b700 1 --2- >> [v2:172.21.15.5:3300/0,v1:172.21.15.5:6789/0] conn(0x7f6f8007acf0 0x7f6f8019f6a0 unknown :-1 s=NONE pgs=0 cs=0 l=1 rev1=0 crypto rx=0 tx=0 comp rx=0 tx=0).connect
2023-07-21T22:26:14.769 INFO:teuthology.orchestra.run.smithi005.stdout:/usr/bin/ceph: stderr
2023-07-21T22:26:13.968+0000 7f6f8686b700 1 -- --> [v2:172.21.15.5:3300/0,v1:172.21.15.5:6789/0] -- mon_getmap magic: 0 v1 -- 0x7f6f8019fbe0 con 0x7f6f8007acf0
2023-07-21T22:26:14.769 INFO:teuthology.orchestra.run.smithi005.stdout:/usr/bin/ceph: stderr
2023-07-21T22:26:13.968+0000 7f6f7ffff700 1 --2- >> [v2:172.21.15.5:3300/0,v1:172.21.15.5:6789/0] conn(0x7f6f8007acf0 0x7f6f8019f6a0 unknown :-1 s=BANNER_CONNECTING pgs=0 cs=0 l=1 rev1=0 crypto rx=0 tx=0 comp rx=0 tx=0)._handle_peer_banner_payload supported=3 required=0
2023-07-21T22:26:14.769 INFO:teuthology.orchestra.run.smithi005.stdout:/usr/bin/ceph: stderr
2023-07-21T22:26:13.968+0000 7f6f7ffff700 1 --2- >> [v2:172.21.15.5:3300/0,v1:172.21.15.5:6789/0] conn(0x7f6f8007acf0 0x7f6f8019f6a0 unknown :-1 s=HELLO_CONNECTING pgs=0 cs=0 l=1 rev1=1 crypto rx=0 tx=0 comp rx=0 tx=0).handle_hello peer v2:172.21.15.5:3300/0 says I am v2:172.21.15.5:36666/0 (socket says 172.21.15.5:36666)
2023-07-21T22:26:14.769 INFO:teuthology.orchestra.run.smithi005.stdout:/usr/bin/ceph: stderr
2023-07-21T22:26:13.968+0000 7f6f7ffff700 1 -- 172.21.15.5:0/2626125878 learned_addr learned my addr 172.21.15.5:0/2626125878 (peer_addr_for_me v2:172.21.15.5:0/0)
2023-07-21T22:26:14.769 INFO:teuthology.orchestra.run.smithi005.stdout:/usr/bin/ceph: stderr
2023-07-21T22:26:13.968+0000 7f6f7ffff700 1 -- 172.21.15.5:0/2626125878 --> [v2:172.21.15.5:3300/0,v1:172.21.15.5:6789/0] -- mon_subscribe({config=0+,monmap=0+}) v3 -- 0x7f6f70009550 con 0x7f6f8007acf0
2023-07-21T22:26:14.770 INFO:teuthology.orchestra.run.smithi005.stdout:/usr/bin/ceph: stderr
2023-07-21T22:26:13.969+0000 7f6f7ffff700 1 --2- 172.21.15.5:0/2626125878 >> [v2:172.21.15.5:3300/0,v1:172.21.15.5:6789/0] conn(0x7f6f8007acf0 0x7f6f8019f6a0 secure :-1 s=READY pgs=67 cs=0 l=1 rev1=1 crypto rx=0x7f6f70000c00 tx=0x7f6f70011a30 comp rx=0 tx=0).ready entity=mon.0 client_cookie=0 server_cookie=0 in_seq=0 out_seq=0
2023-07-21T22:26:14.770 INFO:teuthology.orchestra.run.smithi005.stdout:/usr/bin/ceph: stderr
2023-07-21T22:26:13.969+0000 7f6f7d7fa700 1 -- 172.21.15.5:0/2626125878 <== mon.0 v2:172.21.15.5:3300/0 1 ==== mon_map magic: 0 v1 ==== 205+0+0 (secure 0 0 0) 0x7f6f700039f0 con 0x7f6f8007acf0
2023-07-21T22:26:14.770 INFO:teuthology.orchestra.run.smithi005.stdout:/usr/bin/ceph: stderr
2023-07-21T22:26:13.969+0000 7f6f7d7fa700 1 -- 172.21.15.5:0/2626125878 <== mon.0 v2:172.21.15.5:3300/0 2 ==== config(26 keys) v1 ==== 1105+0+0 (secure 0 0 0) 0x7f6f70003b50 con 0x7f6f8007acf0
2023-07-21T22:26:14.770 INFO:teuthology.orchestra.run.smithi005.stdout:/usr/bin/ceph: stderr
2023-07-21T22:26:13.969+0000 7f6f8686b700 1 -- 172.21.15.5:0/2626125878 --> [v2:172.21.15.5:3300/0,v1:172.21.15.5:6789/0] -- mon_subscribe({mgrmap=0+}) v3 -- 0x7f6f8019fde0 con 0x7f6f8007acf0
2023-07-21T22:26:14.770 INFO:teuthology.orchestra.run.smithi005.stdout:/usr/bin/ceph: stderr
2023-07-21T22:26:13.969+0000 7f6f7d7fa700 1 -- 172.21.15.5:0/2626125878 <== mon.0 v2:172.21.15.5:3300/0 3 ==== mon_map magic: 0 v1 ==== 205+0+0 (secure 0 0 0) 0x7f6f7001a780 con 0x7f6f8007acf0
2023-07-21T22:26:14.770 INFO:teuthology.orchestra.run.smithi005.stdout:/usr/bin/ceph: stderr
2023-07-21T22:26:13.969+0000 7f6f8686b700 1 -- 172.21.15.5:0/2626125878 --> [v2:172.21.15.5:3300/0,v1:172.21.15.5:6789/0] -- mon_subscribe({osdmap=0}) v3 -- 0x7f6f801a0200 con 0x7f6f8007acf0
2023-07-21T22:26:14.770 INFO:teuthology.orchestra.run.smithi005.stdout:/usr/bin/ceph: stderr
2023-07-21T22:26:13.970+0000 7f6f8686b700 1 -- 172.21.15.5:0/2626125878 --> [v2:172.21.15.5:3300/0,v1:172.21.15.5:6789/0] -- mon_command({"prefix": "get_command_descriptions"} v 0) v1 -- 0x7f6f80198ea0 con 0x7f6f8007acf0
2023-07-21T22:26:14.771 INFO:teuthology.orchestra.run.smithi005.stdout:/usr/bin/ceph: stderr
2023-07-21T22:26:13.970+0000 7f6f7d7fa700 1 -- 172.21.15.5:0/2626125878 <== mon.0 v2:172.21.15.5:3300/0 4 ==== mgrmap(e 12) v1 ==== 45496+0+0 (secure 0 0 0) 0x7f6f7001aa40 con 0x7f6f8007acf0
2023-07-21T22:26:14.771 INFO:teuthology.orchestra.run.smithi005.stdout:/usr/bin/ceph: stderr
2023-07-21T22:26:13.971+0000 7f6f7d7fa700 1 --2- 172.21.15.5:0/2626125878 >> [v2:172.21.15.5:6800/3992002896,v1:172.21.15.5:6801/3992002896] conn(0x7f6f68038760 0x7f6f6803ac10 unknown :-1 s=NONE pgs=0 cs=0 l=1 rev1=0 crypto rx=0 tx=0 comp rx=0 tx=0).connect
2023-07-21T22:26:14.771 INFO:teuthology.orchestra.run.smithi005.stdout:/usr/bin/ceph: stderr
2023-07-21T22:26:13.971+0000 7f6f7d7fa700 1 -- 172.21.15.5:0/2626125878 <== mon.0 v2:172.21.15.5:3300/0 5 ==== osd_map(3..3 src has 1..3) v4 ==== 1155+0+0 (secure 0 0 0) 0x7f6f7004c950 con 0x7f6f8007acf0
2023-07-21T22:26:14.771 INFO:teuthology.orchestra.run.smithi005.stdout:/usr/bin/ceph: stderr
2023-07-21T22:26:13.971+0000 7f6f7f7fe700 1 --2- 172.21.15.5:0/2626125878 >> [v2:172.21.15.5:6800/3992002896,v1:172.21.15.5:6801/3992002896] conn(0x7f6f68038760 0x7f6f6803ac10 unknown :-1 s=BANNER_CONNECTING pgs=0 cs=0 l=1 rev1=0 crypto rx=0 tx=0 comp rx=0 tx=0)._handle_peer_banner_payload supported=3 required=0
2023-07-21T22:26:14.771 INFO:teuthology.orchestra.run.smithi005.stdout:/usr/bin/ceph: stderr
2023-07-21T22:26:13.972+0000 7f6f7f7fe700 1 --2- 172.21.15.5:0/2626125878 >> [v2:172.21.15.5:6800/3992002896,v1:172.21.15.5:6801/3992002896] conn(0x7f6f68038760 0x7f6f6803ac10 secure :-1 s=READY pgs=7 cs=0 l=1 rev1=1 crypto rx=0x7f6f74006fd0 tx=0x7f6f74006e40 comp rx=0 tx=0).ready entity=mgr.14148 client_cookie=0 server_cookie=0 in_seq=0 out_seq=0
2023-07-21T22:26:14.771 INFO:teuthology.orchestra.run.smithi005.stdout:/usr/bin/ceph: stderr
2023-07-21T22:26:13.978+0000 7f6f7d7fa700 1 -- 172.21.15.5:0/2626125878 <== mon.0 v2:172.21.15.5:3300/0 6 ==== mon_command_ack([{"prefix": "get_command_descriptions"}]=0 v0) v1 ==== 72+0+178008 (secure 0 0 0) 0x7f6f700237b0 con 0x7f6f8007acf0
2023-07-21T22:26:14.771 INFO:teuthology.orchestra.run.smithi005.stdout:/usr/bin/ceph: stderr
2023-07-21T22:26:14.198+0000 7f6f8686b700 1 -- 172.21.15.5:0/2626125878 --> [v2:172.21.15.5:6800/3992002896,v1:172.21.15.5:6801/3992002896] -- mgr_command(tid 0: {"prefix": "dashboard create-self-signed-cert", "target": ["mon-mgr", ""]}) v1 -- 0x7f6f80060950 con 0x7f6f68038760
2023-07-21T22:26:14.771 INFO:teuthology.orchestra.run.smithi005.stdout:/usr/bin/ceph: stderr
2023-07-21T22:26:14.302+0000 7f6f7d7fa700 1 -- 172.21.15.5:0/2626125878 <== mgr.14148 v2:172.21.15.5:6800/3992002896 1 ==== mgr_command_reply(tid 0: 0 ) v1 ==== 8+0+32 (secure 0 0 0) 0x7f6f80060950 con 0x7f6f68038760
2023-07-21T22:26:14.772 INFO:teuthology.orchestra.run.smithi005.stdout:/usr/bin/ceph: stderr
2023-07-21T22:26:14.304+0000 7f6f8686b700 1 -- 172.21.15.5:0/2626125878 >> [v2:172.21.15.5:6800/3992002896,v1:172.21.15.5:6801/3992002896] conn(0x7f6f68038760 msgr2=0x7f6f6803ac10 secure :-1 s=STATE_CONNECTION_ESTABLISHED l=1).mark_down
2023-07-21T22:26:14.772 INFO:teuthology.orchestra.run.smithi005.stdout:/usr/bin/ceph: stderr
2023-07-21T22:26:14.304+0000 7f6f8686b700 1 --2- 172.21.15.5:0/2626125878 >> [v2:172.21.15.5:6800/3992002896,v1:172.21.15.5:6801/3992002896] conn(0x7f6f68038760 0x7f6f6803ac10 secure :-1 s=READY pgs=7 cs=0 l=1 rev1=1 crypto rx=0x7f6f74006fd0 tx=0x7f6f74006e40 comp rx=0 tx=0).stop
2023-07-21T22:26:14.772 INFO:teuthology.orchestra.run.smithi005.stdout:/usr/bin/ceph: stderr
2023-07-21T22:26:14.305+0000 7f6f8686b700 1 -- 172.21.15.5:0/2626125878 >> [v2:172.21.15.5:3300/0,v1:172.21.15.5:6789/0] conn(0x7f6f8007acf0 msgr2=0x7f6f8019f6a0 secure :-1 s=STATE_CONNECTION_ESTABLISHED l=1).mark_down
2023-07-21T22:26:14.772 INFO:teuthology.orchestra.run.smithi005.stdout:/usr/bin/ceph: stderr
2023-07-21T22:26:14.305+0000 7f6f8686b700 1 --2- 172.21.15.5:0/2626125878 >> [v2:172.21.15.5:3300/0,v1:172.21.15.5:6789/0] conn(0x7f6f8007acf0 0x7f6f8019f6a0 secure :-1 s=READY pgs=67 cs=0 l=1 rev1=1 crypto rx=0x7f6f70000c00 tx=0x7f6f70011a30 comp rx=0 tx=0).stop
2023-07-21T22:26:14.772 INFO:teuthology.orchestra.run.smithi005.stdout:/usr/bin/ceph: stderr
2023-07-21T22:26:14.305+0000 7f6f8686b700 1 -- 172.21.15.5:0/2626125878 shutdown_connections
2023-07-21T22:26:14.772 INFO:teuthology.orchestra.run.smithi005.stdout:/usr/bin/ceph: stderr
2023-07-21T22:26:14.305+0000 7f6f8686b700 1 --2- 172.21.15.5:0/2626125878 >> [v2:172.21.15.5:6800/3992002896,v1:172.21.15.5:6801/3992002896] conn(0x7f6f68038760 0x7f6f6803ac10 unknown :-1 s=CLOSED pgs=7 cs=0 l=1 rev1=1 crypto rx=0 tx=0 comp rx=0 tx=0).stop
2023-07-21T22:26:14.772 INFO:teuthology.orchestra.run.smithi005.stdout:/usr/bin/ceph: stderr
2023-07-21T22:26:14.305+0000 7f6f8686b700 1 --2- 172.21.15.5:0/2626125878 >> [v2:172.21.15.5:3300/0,v1:172.21.15.5:6789/0] conn(0x7f6f8007acf0 0x7f6f8019f6a0 unknown :-1 s=CLOSED pgs=67 cs=0 l=1 rev1=1 crypto rx=0 tx=0 comp rx=0 tx=0).stop
2023-07-21T22:26:14.773 INFO:teuthology.orchestra.run.smithi005.stdout:/usr/bin/ceph: stderr
2023-07-21T22:26:14.305+0000 7f6f8686b700 1 -- 172.21.15.5:0/2626125878 >> 172.21.15.5:0/2626125878 conn(0x7f6f801009d0 msgr2=0x7f6f80102db0 unknown :-1 s=STATE_NONE l=0).mark_down
2023-07-21T22:26:14.773 INFO:teuthology.orchestra.run.smithi005.stdout:/usr/bin/ceph: stderr
2023-07-21T22:26:14.305+0000 7f6f8686b700 1 -- 172.21.15.5:0/2626125878 shutdown_connections
2023-07-21T22:26:14.773 INFO:teuthology.orchestra.run.smithi005.stdout:/usr/bin/ceph: stderr
2023-07-21T22:26:14.305+0000 7f6f8686b700 1 -- 172.21.15.5:0/2626125878 wait complete.
2023-07-21T22:26:14.773 INFO:teuthology.orchestra.run.smithi005.stdout:Creating initial admin user...
2023-07-21T22:26:15.026 INFO:journalctl@ceph.mon.a.smithi005.stdout:Jul 21 22:26:14 smithi005 ceph-mon[95470]: [21/Jul/2023:22:26:13] ENGINE Serving on https://172.21.15.5:7150
2023-07-21T22:26:15.027 INFO:journalctl@ceph.mon.a.smithi005.stdout:Jul 21 22:26:14 smithi005 ceph-mon[95470]: [21/Jul/2023:22:26:13] ENGINE Serving on http://172.21.15.5:8765
2023-07-21T22:26:15.027 INFO:journalctl@ceph.mon.a.smithi005.stdout:Jul 21 22:26:14 smithi005 ceph-mon[95470]: [21/Jul/2023:22:26:13] ENGINE Bus STARTED
2023-07-21T22:26:15.027 INFO:journalctl@ceph.mon.a.smithi005.stdout:Jul 21 22:26:14 smithi005 ceph-mon[95470]: mgrmap e12: x(active, since 2s)
2023-07-21T22:26:15.027 INFO:journalctl@ceph.mon.a.smithi005.stdout:Jul 21 22:26:14 smithi005 ceph-mon[95470]: from='client.14160 -' entity='client.admin' cmd=[{"prefix": "dashboard create-self-signed-cert", "target": ["mon-mgr", ""]}]: dispatch
2023-07-21T22:26:15.027 INFO:journalctl@ceph.mon.a.smithi005.stdout:Jul 21 22:26:14 smithi005 ceph-mon[95470]: from='mgr.14148 172.21.15.5:0/2907381794' entity='mgr.x'
2023-07-21T22:26:15.027 INFO:journalctl@ceph.mon.a.smithi005.stdout:Jul 21 22:26:14 smithi005 ceph-mon[95470]: from='mgr.14148 172.21.15.5:0/2907381794' entity='mgr.x'
2023-07-21T22:26:15.028 INFO:journalctl@ceph.mon.a.smithi005.stdout:Jul 21 22:26:14 smithi005 ceph-mon[95470]: from='mgr.14148 172.21.15.5:0/2907381794' entity='mgr.x'
2023-07-21T22:26:16.245 INFO:teuthology.orchestra.run.smithi005.stdout:/usr/bin/ceph: stdout {"username": "admin", "password": "$2b$12$E5QUBMzn3LpWtpyETxBk8eQ/Cx8Uj2zqWLAW9Ld.2v2RYUlZDPNa6", "roles": ["administrator"], "name": null, "email": null, "lastUpdate": 1689978375, "enabled": true, "pwdExpirationDate": null, "pwdUpdateRequired": true}
2023-07-21T22:26:16.245 INFO:teuthology.orchestra.run.smithi005.stdout:/usr/bin/ceph: stderr
2023-07-21T22:26:15.263+0000 7f3cb8a8d700 1 Processor -- start
2023-07-21T22:26:16.245 INFO:teuthology.orchestra.run.smithi005.stdout:/usr/bin/ceph: stderr
2023-07-21T22:26:15.263+0000 7f3cb8a8d700 1 -- start start
2023-07-21T22:26:16.245 INFO:teuthology.orchestra.run.smithi005.stdout:/usr/bin/ceph: stderr
2023-07-21T22:26:15.263+0000 7f3cb8a8d700 1 --2- >> [v2:172.21.15.5:3300/0,v1:172.21.15.5:6789/0] conn(0x7f3cb407ac70 0x7f3cb4079170 unknown :-1 s=NONE pgs=0 cs=0 l=0 rev1=0 crypto rx=0 tx=0 comp rx=0 tx=0).connect
2023-07-21T22:26:16.246 INFO:teuthology.orchestra.run.smithi005.stdout:/usr/bin/ceph: stderr
2023-07-21T22:26:15.263+0000 7f3cb8a8d700 1 -- --> [v2:172.21.15.5:3300/0,v1:172.21.15.5:6789/0] -- mon_getmap magic: 0 v1 -- 0x7f3cb40796b0 con 0x7f3cb407ac70
2023-07-21T22:26:16.246 INFO:teuthology.orchestra.run.smithi005.stdout:/usr/bin/ceph: stderr
2023-07-21T22:26:15.264+0000 7f3cb259c700 1 --2- >> [v2:172.21.15.5:3300/0,v1:172.21.15.5:6789/0] conn(0x7f3cb407ac70 0x7f3cb4079170 unknown :-1 s=BANNER_CONNECTING pgs=0 cs=0 l=0 rev1=0 crypto rx=0 tx=0 comp rx=0 tx=0)._handle_peer_banner_payload supported=3 required=0
2023-07-21T22:26:16.246 INFO:teuthology.orchestra.run.smithi005.stdout:/usr/bin/ceph: stderr
2023-07-21T22:26:15.264+0000 7f3cb259c700 1 --2- >> [v2:172.21.15.5:3300/0,v1:172.21.15.5:6789/0] conn(0x7f3cb407ac70 0x7f3cb4079170 unknown :-1 s=HELLO_CONNECTING pgs=0 cs=0 l=0 rev1=1 crypto rx=0 tx=0 comp rx=0 tx=0).handle_hello peer v2:172.21.15.5:3300/0 says I am v2:172.21.15.5:36678/0 (socket says 172.21.15.5:36678)
2023-07-21T22:26:16.246 INFO:teuthology.orchestra.run.smithi005.stdout:/usr/bin/ceph: stderr
2023-07-21T22:26:15.264+0000 7f3cb259c700 1 -- 172.21.15.5:0/1932472640 learned_addr learned my addr 172.21.15.5:0/1932472640 (peer_addr_for_me v2:172.21.15.5:0/0)
2023-07-21T22:26:16.246 INFO:teuthology.orchestra.run.smithi005.stdout:/usr/bin/ceph: stderr
2023-07-21T22:26:15.264+0000 7f3cb259c700 1 -- 172.21.15.5:0/1932472640 --> [v2:172.21.15.5:3300/0,v1:172.21.15.5:6789/0] -- mon_subscribe({config=0+,monmap=0+}) v3 -- 0x7f3cb40797f0 con 0x7f3cb407ac70
2023-07-21T22:26:16.246 INFO:teuthology.orchestra.run.smithi005.stdout:/usr/bin/ceph: stderr
2023-07-21T22:26:15.265+0000 7f3cb259c700 1 --2- 172.21.15.5:0/1932472640 >> [v2:172.21.15.5:3300/0,v1:172.21.15.5:6789/0] conn(0x7f3cb407ac70 0x7f3cb4079170 secure :-1 s=READY pgs=68 cs=0 l=1 rev1=1 crypto rx=0x7f3ca40098a0 tx=0x7f3ca4009bb0 comp rx=0 tx=0).ready entity=mon.0 client_cookie=47a3691d54080cd server_cookie=0 in_seq=0 out_seq=0
2023-07-21T22:26:16.246 INFO:teuthology.orchestra.run.smithi005.stdout:/usr/bin/ceph: stderr
2023-07-21T22:26:15.265+0000 7f3cb159a700 1 -- 172.21.15.5:0/1932472640 <== mon.0 v2:172.21.15.5:3300/0 1 ==== mon_map magic: 0 v1 ==== 205+0+0 (secure 0 0 0) 0x7f3ca4004160 con 0x7f3cb407ac70
2023-07-21T22:26:16.246 INFO:teuthology.orchestra.run.smithi005.stdout:/usr/bin/ceph: stderr
2023-07-21T22:26:15.265+0000 7f3cb159a700 1 -- 172.21.15.5:0/1932472640 <== mon.0 v2:172.21.15.5:3300/0 2 ==== config(26 keys) v1 ==== 1105+0+0 (secure 0 0 0) 0x7f3ca40042c0 con 0x7f3cb407ac70
2023-07-21T22:26:16.247 INFO:teuthology.orchestra.run.smithi005.stdout:/usr/bin/ceph: stderr
2023-07-21T22:26:15.265+0000 7f3cb159a700 1 -- 172.21.15.5:0/1932472640 <== mon.0 v2:172.21.15.5:3300/0 3 ==== mon_map magic: 0 v1 ==== 205+0+0 (secure 0 0 0) 0x7f3ca40119b0 con 0x7f3cb407ac70
2023-07-21T22:26:16.247 INFO:teuthology.orchestra.run.smithi005.stdout:/usr/bin/ceph: stderr
2023-07-21T22:26:15.265+0000 7f3cb8a8d700 1 -- 172.21.15.5:0/1932472640 >> [v2:172.21.15.5:3300/0,v1:172.21.15.5:6789/0] conn(0x7f3cb407ac70 msgr2=0x7f3cb4079170 secure :-1 s=STATE_CONNECTION_ESTABLISHED l=1).mark_down
2023-07-21T22:26:16.247 INFO:teuthology.orchestra.run.smithi005.stdout:/usr/bin/ceph: stderr
2023-07-21T22:26:15.265+0000 7f3cb8a8d700 1 --2- 172.21.15.5:0/1932472640 >> [v2:172.21.15.5:3300/0,v1:172.21.15.5:6789/0] conn(0x7f3cb407ac70 0x7f3cb4079170 secure :-1 s=READY pgs=68 cs=0 l=1 rev1=1 crypto rx=0x7f3ca40098a0 tx=0x7f3ca4009bb0 comp rx=0 tx=0).stop
2023-07-21T22:26:16.247 INFO:teuthology.orchestra.run.smithi005.stdout:/usr/bin/ceph: stderr
2023-07-21T22:26:15.266+0000 7f3cb8a8d700 1 -- 172.21.15.5:0/1932472640 shutdown_connections
2023-07-21T22:26:16.247 INFO:teuthology.orchestra.run.smithi005.stdout:/usr/bin/ceph: stderr
2023-07-21T22:26:15.266+0000 7f3cb8a8d700 1 --2- 172.21.15.5:0/1932472640 >> [v2:172.21.15.5:3300/0,v1:172.21.15.5:6789/0] conn(0x7f3cb407ac70 0x7f3cb4079170 unknown :-1 s=CLOSED pgs=68 cs=0 l=1 rev1=1 crypto rx=0 tx=0 comp rx=0 tx=0).stop
2023-07-21T22:26:16.247 INFO:teuthology.orchestra.run.smithi005.stdout:/usr/bin/ceph: stderr
2023-07-21T22:26:15.266+0000 7f3cb8a8d700 1 -- 172.21.15.5:0/1932472640 >> 172.21.15.5:0/1932472640 conn(0x7f3cb41009d0 msgr2=0x7f3cb4102de0 unknown :-1 s=STATE_NONE l=0).mark_down
2023-07-21T22:26:16.247 INFO:teuthology.orchestra.run.smithi005.stdout:/usr/bin/ceph: stderr
2023-07-21T22:26:15.266+0000 7f3cb8a8d700 1 -- 172.21.15.5:0/1932472640 shutdown_connections
2023-07-21T22:26:16.248 INFO:teuthology.orchestra.run.smithi005.stdout:/usr/bin/ceph: stderr
2023-07-21T22:26:15.266+0000 7f3cb8a8d700 1 -- 172.21.15.5:0/1932472640 wait complete.
2023-07-21T22:26:16.248 INFO:teuthology.orchestra.run.smithi005.stdout:/usr/bin/ceph: stderr
2023-07-21T22:26:15.267+0000 7f3cb8a8d700 1 Processor -- start
2023-07-21T22:26:16.248 INFO:teuthology.orchestra.run.smithi005.stdout:/usr/bin/ceph: stderr
2023-07-21T22:26:15.267+0000 7f3cb8a8d700 1 -- start start
2023-07-21T22:26:16.248 INFO:teuthology.orchestra.run.smithi005.stdout:/usr/bin/ceph: stderr
2023-07-21T22:26:15.267+0000 7f3cb8a8d700 1 --2- >> [v2:172.21.15.5:3300/0,v1:172.21.15.5:6789/0] conn(0x7f3cb407ac70 0x7f3cb419b2c0 unknown :-1 s=NONE pgs=0 cs=0 l=1 rev1=0 crypto rx=0 tx=0 comp rx=0 tx=0).connect
2023-07-21T22:26:16.248 INFO:teuthology.orchestra.run.smithi005.stdout:/usr/bin/ceph: stderr
2023-07-21T22:26:15.267+0000 7f3cb8a8d700 1 -- --> [v2:172.21.15.5:3300/0,v1:172.21.15.5:6789/0] -- mon_getmap magic: 0 v1 -- 0x7f3cb419b800 con 0x7f3cb407ac70
2023-07-21T22:26:16.248 INFO:teuthology.orchestra.run.smithi005.stdout:/usr/bin/ceph: stderr
2023-07-21T22:26:15.268+0000 7f3cb259c700 1 --2- >> [v2:172.21.15.5:3300/0,v1:172.21.15.5:6789/0] conn(0x7f3cb407ac70 0x7f3cb419b2c0 unknown :-1 s=BANNER_CONNECTING pgs=0 cs=0 l=1 rev1=0 crypto rx=0 tx=0 comp rx=0 tx=0)._handle_peer_banner_payload supported=3 required=0
2023-07-21T22:26:16.248 INFO:teuthology.orchestra.run.smithi005.stdout:/usr/bin/ceph: stderr
2023-07-21T22:26:15.268+0000 7f3cb259c700 1 --2- >> [v2:172.21.15.5:3300/0,v1:172.21.15.5:6789/0] conn(0x7f3cb407ac70 0x7f3cb419b2c0 unknown :-1 s=HELLO_CONNECTING pgs=0 cs=0 l=1 rev1=1 crypto rx=0 tx=0 comp rx=0 tx=0).handle_hello peer v2:172.21.15.5:3300/0 says I am v2:172.21.15.5:36684/0 (socket says 172.21.15.5:36684)
2023-07-21T22:26:16.248 INFO:teuthology.orchestra.run.smithi005.stdout:/usr/bin/ceph: stderr
2023-07-21T22:26:15.268+0000 7f3cb259c700 1 -- 172.21.15.5:0/3202003781 learned_addr learned my addr 172.21.15.5:0/3202003781 (peer_addr_for_me v2:172.21.15.5:0/0)
2023-07-21T22:26:16.249 INFO:teuthology.orchestra.run.smithi005.stdout:/usr/bin/ceph: stderr
2023-07-21T22:26:15.268+0000 7f3cb259c700 1 -- 172.21.15.5:0/3202003781 --> [v2:172.21.15.5:3300/0,v1:172.21.15.5:6789/0] -- mon_subscribe({config=0+,monmap=0+}) v3 -- 0x7f3ca4009550 con 0x7f3cb407ac70
2023-07-21T22:26:16.249 INFO:teuthology.orchestra.run.smithi005.stdout:/usr/bin/ceph: stderr
2023-07-21T22:26:15.268+0000 7f3cb259c700 1 --2- 172.21.15.5:0/3202003781 >> [v2:172.21.15.5:3300/0,v1:172.21.15.5:6789/0] conn(0x7f3cb407ac70 0x7f3cb419b2c0 secure :-1 s=READY pgs=69 cs=0 l=1 rev1=1 crypto rx=0x7f3ca4000c00 tx=0x7f3ca4011a30 comp rx=0 tx=0).ready entity=mon.0 client_cookie=0 server_cookie=0 in_seq=0 out_seq=0
2023-07-21T22:26:16.249 INFO:teuthology.orchestra.run.smithi005.stdout:/usr/bin/ceph: stderr
2023-07-21T22:26:15.268+0000 7f3ca37fe700 1 -- 172.21.15.5:0/3202003781 <== mon.0 v2:172.21.15.5:3300/0 1 ==== mon_map magic: 0 v1 ==== 205+0+0 (secure 0 0 0) 0x7f3ca40039f0 con 0x7f3cb407ac70
2023-07-21T22:26:16.249 INFO:teuthology.orchestra.run.smithi005.stdout:/usr/bin/ceph: stderr
2023-07-21T22:26:15.268+0000 7f3ca37fe700 1 -- 172.21.15.5:0/3202003781 <== mon.0 v2:172.21.15.5:3300/0 2 ==== config(26 keys) v1 ==== 1105+0+0 (secure 0 0 0) 0x7f3ca4003b50 con 0x7f3cb407ac70
2023-07-21T22:26:16.249 INFO:teuthology.orchestra.run.smithi005.stdout:/usr/bin/ceph: stderr
2023-07-21T22:26:15.268+0000 7f3ca37fe700 1 -- 172.21.15.5:0/3202003781 <== mon.0 v2:172.21.15.5:3300/0 3 ==== mon_map magic: 0 v1 ==== 205+0+0 (secure 0 0 0) 0x7f3ca401a780 con 0x7f3cb407ac70
2023-07-21T22:26:16.249 INFO:teuthology.orchestra.run.smithi005.stdout:/usr/bin/ceph: stderr
2023-07-21T22:26:15.269+0000 7f3cb8a8d700 1 -- 172.21.15.5:0/3202003781 --> [v2:172.21.15.5:3300/0,v1:172.21.15.5:6789/0] -- mon_subscribe({mgrmap=0+}) v3 -- 0x7f3cb419ba00 con 0x7f3cb407ac70
2023-07-21T22:26:16.249 INFO:teuthology.orchestra.run.smithi005.stdout:/usr/bin/ceph: stderr
2023-07-21T22:26:15.269+0000 7f3cb8a8d700 1 -- 172.21.15.5:0/3202003781 --> [v2:172.21.15.5:3300/0,v1:172.21.15.5:6789/0] -- mon_subscribe({osdmap=0}) v3 -- 0x7f3cb419be20 con 0x7f3cb407ac70
2023-07-21T22:26:16.249 INFO:teuthology.orchestra.run.smithi005.stdout:/usr/bin/ceph: stderr
2023-07-21T22:26:15.270+0000 7f3ca37fe700 1 -- 172.21.15.5:0/3202003781 <== mon.0 v2:172.21.15.5:3300/0 4 ==== mgrmap(e 12) v1 ==== 45496+0+0 (secure 0 0 0) 0x7f3ca4024440 con 0x7f3cb407ac70
2023-07-21T22:26:16.250 INFO:teuthology.orchestra.run.smithi005.stdout:/usr/bin/ceph: stderr
2023-07-21T22:26:15.270+0000 7f3cb8a8d700 1 -- 172.21.15.5:0/3202003781 --> [v2:172.21.15.5:3300/0,v1:172.21.15.5:6789/0] -- mon_command({"prefix": "get_command_descriptions"} v 0) v1 -- 0x7f3cb410b6d0 con 0x7f3cb407ac70
2023-07-21T22:26:16.250 INFO:teuthology.orchestra.run.smithi005.stdout:/usr/bin/ceph: stderr
2023-07-21T22:26:15.270+0000 7f3ca37fe700 1 --2- 172.21.15.5:0/3202003781 >> [v2:172.21.15.5:6800/3992002896,v1:172.21.15.5:6801/3992002896] conn(0x7f3c9c0387b0 0x7f3c9c03ac60 unknown :-1 s=NONE pgs=0 cs=0 l=1 rev1=0 crypto rx=0 tx=0 comp rx=0 tx=0).connect
2023-07-21T22:26:16.250 INFO:teuthology.orchestra.run.smithi005.stdout:/usr/bin/ceph: stderr
2023-07-21T22:26:15.270+0000 7f3ca37fe700 1 -- 172.21.15.5:0/3202003781 <== mon.0 v2:172.21.15.5:3300/0 5 ==== osd_map(3..3 src has 1..3) v4 ==== 1155+0+0 (secure 0 0 0) 0x7f3ca404c8c0 con 0x7f3cb407ac70
2023-07-21T22:26:16.250 INFO:teuthology.orchestra.run.smithi005.stdout:/usr/bin/ceph: stderr
2023-07-21T22:26:15.271+0000 7f3cb1d9b700 1 --2- 172.21.15.5:0/3202003781 >> [v2:172.21.15.5:6800/3992002896,v1:172.21.15.5:6801/3992002896] conn(0x7f3c9c0387b0 0x7f3c9c03ac60 unknown :-1 s=BANNER_CONNECTING pgs=0 cs=0 l=1 rev1=0 crypto rx=0 tx=0 comp rx=0 tx=0)._handle_peer_banner_payload supported=3 required=0
2023-07-21T22:26:16.250 INFO:teuthology.orchestra.run.smithi005.stdout:/usr/bin/ceph: stderr
2023-07-21T22:26:15.271+0000 7f3cb1d9b700 1 --2- 172.21.15.5:0/3202003781 >> [v2:172.21.15.5:6800/3992002896,v1:172.21.15.5:6801/3992002896] conn(0x7f3c9c0387b0 0x7f3c9c03ac60 secure :-1 s=READY pgs=8 cs=0 l=1 rev1=1 crypto rx=0x7f3ca8006fd0 tx=0x7f3ca8006e40 comp rx=0 tx=0).ready entity=mgr.14148 client_cookie=0 server_cookie=0 in_seq=0 out_seq=0
2023-07-21T22:26:16.250 INFO:teuthology.orchestra.run.smithi005.stdout:/usr/bin/ceph: stderr
2023-07-21T22:26:15.275+0000 7f3ca37fe700 1 -- 172.21.15.5:0/3202003781 <== mon.0 v2:172.21.15.5:3300/0 6 ==== mon_command_ack([{"prefix": "get_command_descriptions"}]=0 v0) v1 ==== 72+0+178008 (secure 0 0 0) 0x7f3ca4018db0 con 0x7f3cb407ac70
2023-07-21T22:26:16.250 INFO:teuthology.orchestra.run.smithi005.stdout:/usr/bin/ceph: stderr
2023-07-21T22:26:15.501+0000 7f3cb8a8d700 1 -- 172.21.15.5:0/3202003781 --> [v2:172.21.15.5:6800/3992002896,v1:172.21.15.5:6801/3992002896] -- mgr_command(tid 0: {"prefix": "dashboard ac-user-create", "username": "admin", "rolename": "administrator", "force_password": true, "pwd_update_required": true, "target": ["mon-mgr", ""]}) v1 -- 0x7f3cb4061960 con 0x7f3c9c0387b0
2023-07-21T22:26:16.251 INFO:teuthology.orchestra.run.smithi005.stdout:/usr/bin/ceph: stderr
2023-07-21T22:26:15.749+0000 7f3ca37fe700 1 -- 172.21.15.5:0/3202003781 <== mgr.14148 v2:172.21.15.5:6800/3992002896 1 ==== mgr_command_reply(tid 0: 0 ) v1 ==== 8+0+252 (secure 0 0 0) 0x7f3cb4061960 con 0x7f3c9c0387b0
2023-07-21T22:26:16.251 INFO:teuthology.orchestra.run.smithi005.stdout:/usr/bin/ceph: stderr
2023-07-21T22:26:15.751+0000 7f3cb8a8d700 1 -- 172.21.15.5:0/3202003781 >> [v2:172.21.15.5:6800/3992002896,v1:172.21.15.5:6801/3992002896] conn(0x7f3c9c0387b0 msgr2=0x7f3c9c03ac60 secure :-1 s=STATE_CONNECTION_ESTABLISHED l=1).mark_down
2023-07-21T22:26:16.251 INFO:teuthology.orchestra.run.smithi005.stdout:/usr/bin/ceph: stderr
2023-07-21T22:26:15.751+0000 7f3cb8a8d700 1 --2- 172.21.15.5:0/3202003781 >> [v2:172.21.15.5:6800/3992002896,v1:172.21.15.5:6801/3992002896] conn(0x7f3c9c0387b0 0x7f3c9c03ac60 secure :-1 s=READY pgs=8 cs=0 l=1 rev1=1 crypto rx=0x7f3ca8006fd0 tx=0x7f3ca8006e40 comp rx=0 tx=0).stop
2023-07-21T22:26:16.251 INFO:teuthology.orchestra.run.smithi005.stdout:/usr/bin/ceph: stderr
2023-07-21T22:26:15.751+0000 7f3cb8a8d700 1 -- 172.21.15.5:0/3202003781 >> [v2:172.21.15.5:3300/0,v1:172.21.15.5:6789/0] conn(0x7f3cb407ac70 msgr2=0x7f3cb419b2c0 secure :-1 s=STATE_CONNECTION_ESTABLISHED l=1).mark_down
2023-07-21T22:26:16.251 INFO:teuthology.orchestra.run.smithi005.stdout:/usr/bin/ceph: stderr
2023-07-21T22:26:15.751+0000 7f3cb8a8d700 1 --2- 172.21.15.5:0/3202003781 >> [v2:172.21.15.5:3300/0,v1:172.21.15.5:6789/0] conn(0x7f3cb407ac70 0x7f3cb419b2c0 secure :-1 s=READY pgs=69 cs=0 l=1 rev1=1 crypto rx=0x7f3ca4000c00 tx=0x7f3ca4011a30 comp rx=0 tx=0).stop
2023-07-21T22:26:16.251 INFO:teuthology.orchestra.run.smithi005.stdout:/usr/bin/ceph: stderr
2023-07-21T22:26:15.751+0000 7f3cb8a8d700 1 -- 172.21.15.5:0/3202003781 shutdown_connections
2023-07-21T22:26:16.251 INFO:teuthology.orchestra.run.smithi005.stdout:/usr/bin/ceph: stderr
2023-07-21T22:26:15.751+0000 7f3cb8a8d700 1 --2- 172.21.15.5:0/3202003781 >> [v2:172.21.15.5:6800/3992002896,v1:172.21.15.5:6801/3992002896] conn(0x7f3c9c0387b0 0x7f3c9c03ac60 unknown :-1 s=CLOSED pgs=8 cs=0 l=1 rev1=1 crypto rx=0 tx=0 comp rx=0 tx=0).stop
2023-07-21T22:26:16.252 INFO:teuthology.orchestra.run.smithi005.stdout:/usr/bin/ceph: stderr
2023-07-21T22:26:15.751+0000 7f3cb8a8d700 1 --2- 172.21.15.5:0/3202003781 >> [v2:172.21.15.5:3300/0,v1:172.21.15.5:6789/0] conn(0x7f3cb407ac70 0x7f3cb419b2c0 unknown :-1 s=CLOSED pgs=69 cs=0 l=1 rev1=1 crypto rx=0 tx=0 comp rx=0 tx=0).stop
2023-07-21T22:26:16.252 INFO:teuthology.orchestra.run.smithi005.stdout:/usr/bin/ceph: stderr
2023-07-21T22:26:15.751+0000 7f3cb8a8d700 1 -- 172.21.15.5:0/3202003781 >> 172.21.15.5:0/3202003781 conn(0x7f3cb41009d0 msgr2=0x7f3cb41020b0 unknown :-1 s=STATE_NONE l=0).mark_down
2023-07-21T22:26:16.252 INFO:teuthology.orchestra.run.smithi005.stdout:/usr/bin/ceph: stderr
2023-07-21T22:26:15.752+0000 7f3cb8a8d700 1 -- 172.21.15.5:0/3202003781 shutdown_connections
2023-07-21T22:26:16.252 INFO:teuthology.orchestra.run.smithi005.stdout:/usr/bin/ceph: stderr
2023-07-21T22:26:15.752+0000 7f3cb8a8d700 1 -- 172.21.15.5:0/3202003781 wait complete.
2023-07-21T22:26:16.252 INFO:teuthology.orchestra.run.smithi005.stdout:Fetching dashboard port number...
2023-07-21T22:26:17.056 INFO:journalctl@ceph.mon.a.smithi005.stdout:Jul 21 22:26:16 smithi005 ceph-mon[95470]: from='client.14162 -' entity='client.admin' cmd=[{"prefix": "dashboard ac-user-create", "username": "admin", "rolename": "administrator", "force_password": true, "pwd_update_required": true, "target": ["mon-mgr", ""]}]: dispatch
2023-07-21T22:26:17.056 INFO:journalctl@ceph.mon.a.smithi005.stdout:Jul 21 22:26:16 smithi005 ceph-mon[95470]: from='mgr.14148 172.21.15.5:0/2907381794' entity='mgr.x'
2023-07-21T22:26:17.056 INFO:journalctl@ceph.mon.a.smithi005.stdout:Jul 21 22:26:16 smithi005 ceph-mon[95470]: from='mgr.14148 172.21.15.5:0/2907381794' entity='mgr.x'
2023-07-21T22:26:17.722 INFO:teuthology.orchestra.run.smithi005.stdout:/usr/bin/ceph: stdout 8443
2023-07-21T22:26:17.722 INFO:teuthology.orchestra.run.smithi005.stdout:/usr/bin/ceph: stderr
2023-07-21T22:26:16.761+0000 7f0014706700 1 Processor -- start
2023-07-21T22:26:17.722 INFO:teuthology.orchestra.run.smithi005.stdout:/usr/bin/ceph: stderr
2023-07-21T22:26:16.761+0000 7f0014706700 1 -- start start
2023-07-21T22:26:17.722 INFO:teuthology.orchestra.run.smithi005.stdout:/usr/bin/ceph: stderr
2023-07-21T22:26:16.761+0000 7f0014706700 1 --2- >> [v2:172.21.15.5:3300/0,v1:172.21.15.5:6789/0] conn(0x7f000c07ac90 0x7f000c079190 unknown :-1 s=NONE pgs=0 cs=0 l=0 rev1=0 crypto rx=0 tx=0 comp rx=0 tx=0).connect
2023-07-21T22:26:17.722 INFO:teuthology.orchestra.run.smithi005.stdout:/usr/bin/ceph: stderr
2023-07-21T22:26:16.761+0000 7f0014706700 1 -- --> [v2:172.21.15.5:3300/0,v1:172.21.15.5:6789/0] -- mon_getmap magic: 0 v1 -- 0x7f000c0796d0 con 0x7f000c07ac90
2023-07-21T22:26:17.723 INFO:teuthology.orchestra.run.smithi005.stdout:/usr/bin/ceph: stderr
2023-07-21T22:26:16.762+0000 7f00124a2700 1 --2- >> [v2:172.21.15.5:3300/0,v1:172.21.15.5:6789/0] conn(0x7f000c07ac90 0x7f000c079190 unknown :-1 s=BANNER_CONNECTING pgs=0 cs=0 l=0 rev1=0 crypto rx=0 tx=0 comp rx=0 tx=0)._handle_peer_banner_payload supported=3 required=0
2023-07-21T22:26:17.723 INFO:teuthology.orchestra.run.smithi005.stdout:/usr/bin/ceph: stderr
2023-07-21T22:26:16.762+0000 7f00124a2700 1 --2- >> [v2:172.21.15.5:3300/0,v1:172.21.15.5:6789/0] conn(0x7f000c07ac90 0x7f000c079190 unknown :-1 s=HELLO_CONNECTING pgs=0 cs=0 l=0 rev1=1 crypto rx=0 tx=0 comp rx=0 tx=0).handle_hello peer v2:172.21.15.5:3300/0 says I am v2:172.21.15.5:36694/0 (socket says 172.21.15.5:36694)
2023-07-21T22:26:17.723 INFO:teuthology.orchestra.run.smithi005.stdout:/usr/bin/ceph: stderr
2023-07-21T22:26:16.762+0000 7f00124a2700 1 -- 172.21.15.5:0/3756623818 learned_addr learned my addr 172.21.15.5:0/3756623818 (peer_addr_for_me v2:172.21.15.5:0/0)
2023-07-21T22:26:17.723 INFO:teuthology.orchestra.run.smithi005.stdout:/usr/bin/ceph: stderr
2023-07-21T22:26:16.762+0000 7f00124a2700 1 -- 172.21.15.5:0/3756623818 --> [v2:172.21.15.5:3300/0,v1:172.21.15.5:6789/0] -- mon_subscribe({config=0+,monmap=0+}) v3 -- 0x7f000c079810 con 0x7f000c07ac90
2023-07-21T22:26:17.723 INFO:teuthology.orchestra.run.smithi005.stdout:/usr/bin/ceph: stderr
2023-07-21T22:26:16.762+0000 7f00124a2700 1 --2- 172.21.15.5:0/3756623818 >> [v2:172.21.15.5:3300/0,v1:172.21.15.5:6789/0] conn(0x7f000c07ac90 0x7f000c079190 secure :-1 s=READY pgs=70 cs=0 l=1 rev1=1 crypto rx=0x7f00080098a0 tx=0x7f0008009bb0 comp rx=0 tx=0).ready entity=mon.0 client_cookie=27e1de0c1bec89a server_cookie=0 in_seq=0 out_seq=0
2023-07-21T22:26:17.723 INFO:teuthology.orchestra.run.smithi005.stdout:/usr/bin/ceph: stderr
2023-07-21T22:26:16.763+0000 7f00114a0700 1 -- 172.21.15.5:0/3756623818 <== mon.0 v2:172.21.15.5:3300/0 1 ==== mon_map magic: 0 v1 ==== 205+0+0 (secure 0 0 0) 0x7f0008004160 con 0x7f000c07ac90
2023-07-21T22:26:17.723 INFO:teuthology.orchestra.run.smithi005.stdout:/usr/bin/ceph: stderr
2023-07-21T22:26:16.763+0000 7f00114a0700 1 -- 172.21.15.5:0/3756623818 <== mon.0 v2:172.21.15.5:3300/0 2 ==== config(26 keys) v1 ==== 1105+0+0 (secure 0 0 0) 0x7f00080042c0 con 0x7f000c07ac90
2023-07-21T22:26:17.723 INFO:teuthology.orchestra.run.smithi005.stdout:/usr/bin/ceph: stderr
2023-07-21T22:26:16.763+0000 7f00114a0700 1 -- 172.21.15.5:0/3756623818 <== mon.0 v2:172.21.15.5:3300/0 3 ==== mon_map magic: 0 v1 ==== 205+0+0 (secure 0 0 0) 0x7f00080119b0 con 0x7f000c07ac90
2023-07-21T22:26:17.724 INFO:teuthology.orchestra.run.smithi005.stdout:/usr/bin/ceph: stderr
2023-07-21T22:26:16.763+0000 7f0014706700 1 -- 172.21.15.5:0/3756623818 >> [v2:172.21.15.5:3300/0,v1:172.21.15.5:6789/0] conn(0x7f000c07ac90 msgr2=0x7f000c079190 secure :-1 s=STATE_CONNECTION_ESTABLISHED l=1).mark_down
2023-07-21T22:26:17.724 INFO:teuthology.orchestra.run.smithi005.stdout:/usr/bin/ceph: stderr
2023-07-21T22:26:16.763+0000 7f0014706700 1 --2- 172.21.15.5:0/3756623818 >> [v2:172.21.15.5:3300/0,v1:172.21.15.5:6789/0] conn(0x7f000c07ac90 0x7f000c079190 secure :-1 s=READY pgs=70 cs=0 l=1 rev1=1 crypto rx=0x7f00080098a0 tx=0x7f0008009bb0 comp rx=0 tx=0).stop
2023-07-21T22:26:17.724 INFO:teuthology.orchestra.run.smithi005.stdout:/usr/bin/ceph: stderr
2023-07-21T22:26:16.764+0000 7f0014706700 1 -- 172.21.15.5:0/3756623818 shutdown_connections
2023-07-21T22:26:17.724 INFO:teuthology.orchestra.run.smithi005.stdout:/usr/bin/ceph: stderr
2023-07-21T22:26:16.764+0000 7f0014706700 1 --2- 172.21.15.5:0/3756623818 >> [v2:172.21.15.5:3300/0,v1:172.21.15.5:6789/0] conn(0x7f000c07ac90 0x7f000c079190 unknown :-1 s=CLOSED pgs=70 cs=0 l=1 rev1=1 crypto rx=0 tx=0 comp rx=0 tx=0).stop
2023-07-21T22:26:17.724 INFO:teuthology.orchestra.run.smithi005.stdout:/usr/bin/ceph: stderr
2023-07-21T22:26:16.764+0000 7f0014706700 1 -- 172.21.15.5:0/3756623818 >> 172.21.15.5:0/3756623818 conn(0x7f000c1009d0 msgr2=0x7f000c102de0 unknown :-1 s=STATE_NONE l=0).mark_down
2023-07-21T22:26:17.724 INFO:teuthology.orchestra.run.smithi005.stdout:/usr/bin/ceph: stderr
2023-07-21T22:26:16.764+0000 7f0014706700 1 -- 172.21.15.5:0/3756623818 shutdown_connections
2023-07-21T22:26:17.724 INFO:teuthology.orchestra.run.smithi005.stdout:/usr/bin/ceph: stderr
2023-07-21T22:26:16.764+0000 7f0014706700 1 -- 172.21.15.5:0/3756623818 wait complete.
2023-07-21T22:26:17.725 INFO:teuthology.orchestra.run.smithi005.stdout:/usr/bin/ceph: stderr
2023-07-21T22:26:16.765+0000 7f0014706700 1 Processor -- start
2023-07-21T22:26:17.725 INFO:teuthology.orchestra.run.smithi005.stdout:/usr/bin/ceph: stderr
2023-07-21T22:26:16.765+0000 7f0014706700 1 -- start start
2023-07-21T22:26:17.725 INFO:teuthology.orchestra.run.smithi005.stdout:/usr/bin/ceph: stderr
2023-07-21T22:26:16.765+0000 7f0014706700 1 --2- >> [v2:172.21.15.5:3300/0,v1:172.21.15.5:6789/0] conn(0x7f000c07ac90 0x7f000c19b2b0 unknown :-1 s=NONE pgs=0 cs=0 l=1 rev1=0 crypto rx=0 tx=0 comp rx=0 tx=0).connect
2023-07-21T22:26:17.725 INFO:teuthology.orchestra.run.smithi005.stdout:/usr/bin/ceph: stderr
2023-07-21T22:26:16.765+0000 7f0014706700 1 -- --> [v2:172.21.15.5:3300/0,v1:172.21.15.5:6789/0] -- mon_getmap magic: 0 v1 -- 0x7f000c19b7f0 con 0x7f000c07ac90
2023-07-21T22:26:17.725 INFO:teuthology.orchestra.run.smithi005.stdout:/usr/bin/ceph: stderr
2023-07-21T22:26:16.765+0000 7f00124a2700 1 --2- >> [v2:172.21.15.5:3300/0,v1:172.21.15.5:6789/0] conn(0x7f000c07ac90 0x7f000c19b2b0 unknown :-1 s=BANNER_CONNECTING pgs=0 cs=0 l=1 rev1=0 crypto rx=0 tx=0 comp rx=0 tx=0)._handle_peer_banner_payload supported=3 required=0
2023-07-21T22:26:17.725 INFO:teuthology.orchestra.run.smithi005.stdout:/usr/bin/ceph: stderr
2023-07-21T22:26:16.765+0000 7f00124a2700 1 --2- >> [v2:172.21.15.5:3300/0,v1:172.21.15.5:6789/0] conn(0x7f000c07ac90 0x7f000c19b2b0 unknown :-1 s=HELLO_CONNECTING pgs=0 cs=0 l=1 rev1=1 crypto rx=0 tx=0 comp rx=0 tx=0).handle_hello peer v2:172.21.15.5:3300/0 says I am v2:172.21.15.5:36708/0 (socket says 172.21.15.5:36708)
2023-07-21T22:26:17.725 INFO:teuthology.orchestra.run.smithi005.stdout:/usr/bin/ceph: stderr
2023-07-21T22:26:16.766+0000 7f00124a2700 1 -- 172.21.15.5:0/2884080363 learned_addr learned my addr 172.21.15.5:0/2884080363 (peer_addr_for_me v2:172.21.15.5:0/0)
2023-07-21T22:26:17.726 INFO:teuthology.orchestra.run.smithi005.stdout:/usr/bin/ceph: stderr
2023-07-21T22:26:16.766+0000 7f00124a2700 1 -- 172.21.15.5:0/2884080363 --> [v2:172.21.15.5:3300/0,v1:172.21.15.5:6789/0] -- mon_subscribe({config=0+,monmap=0+}) v3 -- 0x7f0008009550 con 0x7f000c07ac90
2023-07-21T22:26:17.726 INFO:teuthology.orchestra.run.smithi005.stdout:/usr/bin/ceph: stderr
2023-07-21T22:26:16.766+0000 7f00124a2700 1 --2- 172.21.15.5:0/2884080363 >> [v2:172.21.15.5:3300/0,v1:172.21.15.5:6789/0] conn(0x7f000c07ac90 0x7f000c19b2b0 secure :-1 s=READY pgs=71 cs=0 l=1 rev1=1 crypto rx=0x7f0008000c00 tx=0x7f0008011a30 comp rx=0 tx=0).ready entity=mon.0 client_cookie=0 server_cookie=0 in_seq=0 out_seq=0
2023-07-21T22:26:17.726 INFO:teuthology.orchestra.run.smithi005.stdout:/usr/bin/ceph: stderr
2023-07-21T22:26:16.766+0000 7f00037fe700 1 -- 172.21.15.5:0/2884080363 <== mon.0 v2:172.21.15.5:3300/0 1 ==== mon_map magic: 0 v1 ==== 205+0+0 (secure 0 0 0) 0x7f00080039f0 con 0x7f000c07ac90
2023-07-21T22:26:17.726 INFO:teuthology.orchestra.run.smithi005.stdout:/usr/bin/ceph: stderr
2023-07-21T22:26:16.766+0000 7f00037fe700 1 -- 172.21.15.5:0/2884080363 <== mon.0 v2:172.21.15.5:3300/0 2 ==== config(26 keys) v1 ==== 1105+0+0 (secure 0 0 0) 0x7f0008003b50 con 0x7f000c07ac90
2023-07-21T22:26:17.726 INFO:teuthology.orchestra.run.smithi005.stdout:/usr/bin/ceph: stderr
2023-07-21T22:26:16.766+0000 7f0014706700 1 -- 172.21.15.5:0/2884080363 --> [v2:172.21.15.5:3300/0,v1:172.21.15.5:6789/0] -- mon_subscribe({mgrmap=0+}) v3 -- 0x7f000c19b9f0 con 0x7f000c07ac90
2023-07-21T22:26:17.726 INFO:teuthology.orchestra.run.smithi005.stdout:/usr/bin/ceph: stderr
2023-07-21T22:26:16.767+0000 7f00037fe700 1 -- 172.21.15.5:0/2884080363 <== mon.0 v2:172.21.15.5:3300/0 3 ==== mon_map magic: 0 v1 ==== 205+0+0 (secure 0 0 0) 0x7f000801a780 con 0x7f000c07ac90
2023-07-21T22:26:17.726 INFO:teuthology.orchestra.run.smithi005.stdout:/usr/bin/ceph: stderr
2023-07-21T22:26:16.767+0000 7f0014706700 1 -- 172.21.15.5:0/2884080363 --> [v2:172.21.15.5:3300/0,v1:172.21.15.5:6789/0] -- mon_subscribe({osdmap=0}) v3 -- 0x7f000c19be10 con 0x7f000c07ac90
2023-07-21T22:26:17.726 INFO:teuthology.orchestra.run.smithi005.stdout:/usr/bin/ceph: stderr
2023-07-21T22:26:16.768+0000 7f00037fe700 1 -- 172.21.15.5:0/2884080363 <== mon.0 v2:172.21.15.5:3300/0 4 ==== mgrmap(e 12) v1 ==== 45496+0+0 (secure 0 0 0) 0x7f0008024440 con 0x7f000c07ac90
2023-07-21T22:26:17.727 INFO:teuthology.orchestra.run.smithi005.stdout:/usr/bin/ceph: stderr
2023-07-21T22:26:16.768+0000 7f00037fe700 1 --2- 172.21.15.5:0/2884080363 >> [v2:172.21.15.5:6800/3992002896,v1:172.21.15.5:6801/3992002896] conn(0x7efff80387b0 0x7efff803ac60 unknown :-1 s=NONE pgs=0 cs=0 l=1 rev1=0 crypto rx=0 tx=0 comp rx=0 tx=0).connect
2023-07-21T22:26:17.727 INFO:teuthology.orchestra.run.smithi005.stdout:/usr/bin/ceph: stderr
2023-07-21T22:26:16.768+0000 7f0014706700 1 -- 172.21.15.5:0/2884080363 --> [v2:172.21.15.5:3300/0,v1:172.21.15.5:6789/0] -- mon_command({"prefix": "get_command_descriptions"} v 0) v1 -- 0x7f000c061b40 con 0x7f000c07ac90
2023-07-21T22:26:17.727 INFO:teuthology.orchestra.run.smithi005.stdout:/usr/bin/ceph: stderr
2023-07-21T22:26:16.768+0000 7f00037fe700 1 -- 172.21.15.5:0/2884080363 <== mon.0 v2:172.21.15.5:3300/0 5 ==== osd_map(3..3 src has 1..3) v4 ==== 1155+0+0 (secure 0 0 0) 0x7f000804c940 con 0x7f000c07ac90
2023-07-21T22:26:17.727 INFO:teuthology.orchestra.run.smithi005.stdout:/usr/bin/ceph: stderr
2023-07-21T22:26:16.768+0000 7f0011ca1700 1 --2- 172.21.15.5:0/2884080363 >> [v2:172.21.15.5:6800/3992002896,v1:172.21.15.5:6801/3992002896] conn(0x7efff80387b0 0x7efff803ac60 unknown :-1 s=BANNER_CONNECTING pgs=0 cs=0 l=1 rev1=0 crypto rx=0 tx=0 comp rx=0 tx=0)._handle_peer_banner_payload supported=3 required=0
2023-07-21T22:26:17.727 INFO:teuthology.orchestra.run.smithi005.stdout:/usr/bin/ceph: stderr
2023-07-21T22:26:16.769+0000 7f0011ca1700 1 --2- 172.21.15.5:0/2884080363 >> [v2:172.21.15.5:6800/3992002896,v1:172.21.15.5:6801/3992002896] conn(0x7efff80387b0 0x7efff803ac60 secure :-1 s=READY pgs=9 cs=0 l=1 rev1=1 crypto rx=0x7efffc006fd0 tx=0x7efffc006e40 comp rx=0 tx=0).ready entity=mgr.14148 client_cookie=0 server_cookie=0 in_seq=0 out_seq=0
2023-07-21T22:26:17.727 INFO:teuthology.orchestra.run.smithi005.stdout:/usr/bin/ceph: stderr
2023-07-21T22:26:16.775+0000 7f00037fe700 1 -- 172.21.15.5:0/2884080363 <== mon.0 v2:172.21.15.5:3300/0 6 ==== mon_command_ack([{"prefix": "get_command_descriptions"}]=0 v0) v1 ==== 72+0+178008 (secure 0 0 0) 0x7f0008024740 con 0x7f000c07ac90
2023-07-21T22:26:17.727 INFO:teuthology.orchestra.run.smithi005.stdout:/usr/bin/ceph: stderr
2023-07-21T22:26:16.989+0000 7f0014706700 1 -- 172.21.15.5:0/2884080363 --> [v2:172.21.15.5:3300/0,v1:172.21.15.5:6789/0] -- mon_command({"prefix": "config get", "who": "mgr", "key": "mgr/dashboard/ssl_server_port"} v 0) v1 -- 0x7f000c19eb50 con 0x7f000c07ac90
2023-07-21T22:26:17.727 INFO:teuthology.orchestra.run.smithi005.stdout:/usr/bin/ceph: stderr
2023-07-21T22:26:16.990+0000 7f00037fe700 1 -- 172.21.15.5:0/2884080363 <== mon.0 v2:172.21.15.5:3300/0 7 ==== mon_command_ack([{"prefix": "config get", "who": "mgr", "key": "mgr/dashboard/ssl_server_port"}]=0 v8) v1 ==== 112+0+5 (secure 0 0 0) 0x7f0008018350 con 0x7f000c07ac90
2023-07-21T22:26:17.728 INFO:teuthology.orchestra.run.smithi005.stdout:/usr/bin/ceph: stderr
2023-07-21T22:26:16.993+0000 7f0014706700 1 -- 172.21.15.5:0/2884080363 >> [v2:172.21.15.5:6800/3992002896,v1:172.21.15.5:6801/3992002896] conn(0x7efff80387b0 msgr2=0x7efff803ac60 secure :-1 s=STATE_CONNECTION_ESTABLISHED l=1).mark_down
2023-07-21T22:26:17.728 INFO:teuthology.orchestra.run.smithi005.stdout:/usr/bin/ceph: stderr
2023-07-21T22:26:16.993+0000 7f0014706700 1 --2- 172.21.15.5:0/2884080363 >> [v2:172.21.15.5:6800/3992002896,v1:172.21.15.5:6801/3992002896] conn(0x7efff80387b0 0x7efff803ac60 secure :-1 s=READY pgs=9 cs=0 l=1 rev1=1 crypto rx=0x7efffc006fd0 tx=0x7efffc006e40 comp rx=0 tx=0).stop
2023-07-21T22:26:17.728 INFO:teuthology.orchestra.run.smithi005.stdout:/usr/bin/ceph: stderr
