2023-07-21T22:32:15.256+0000 7f64a3fff700 1 --2- 172.21.15.60:0/3312487535 >> [v2:172.21.15.60:3300/0,v1:172.21.15.60:6789/0] conn(0x7f64a407be10 0x7f64a419b680 secure :-1 s=READY pgs=46 cs=0 l=1 rev1=1 crypto rx=0x7f6494003f50 tx=0x7f6494011ad0 comp rx=0 tx=0).ready entity=mon.0 client_cookie=0 server_cookie=0 in_seq=0 out_seq=0
2023-07-21T22:32:15.992 INFO:teuthology.orchestra.run.smithi060.stdout:/usr/bin/ceph: stderr
2023-07-21T22:32:15.256+0000 7f64a17fa700 1 -- 172.21.15.60:0/3312487535 <== mon.0 v2:172.21.15.60:3300/0 1 ==== mon_map magic: 0 v1 ==== 205+0+0 (secure 0 0 0) 0x7f6494003aa0 con 0x7f64a407be10
2023-07-21T22:32:15.993 INFO:teuthology.orchestra.run.smithi060.stdout:/usr/bin/ceph: stderr
2023-07-21T22:32:15.256+0000 7f64a17fa700 1 -- 172.21.15.60:0/3312487535 <== mon.0 v2:172.21.15.60:3300/0 2 ==== config(26 keys) v1 ==== 1074+0+0 (secure 0 0 0) 0x7f6494003c00 con 0x7f64a407be10
2023-07-21T22:32:15.993 INFO:teuthology.orchestra.run.smithi060.stdout:/usr/bin/ceph: stderr
2023-07-21T22:32:15.256+0000 7f64a17fa700 1 -- 172.21.15.60:0/3312487535 <== mon.0 v2:172.21.15.60:3300/0 3 ==== mon_map magic: 0 v1 ==== 205+0+0 (secure 0 0 0) 0x7f64940247c0 con 0x7f64a407be10
2023-07-21T22:32:15.993 INFO:teuthology.orchestra.run.smithi060.stdout:/usr/bin/ceph: stderr
2023-07-21T22:32:15.256+0000 7f64aa369700 1 -- 172.21.15.60:0/3312487535 --> [v2:172.21.15.60:3300/0,v1:172.21.15.60:6789/0] -- mon_subscribe({mgrmap=0+}) v3 -- 0x7f64a419bdc0 con 0x7f64a407be10
2023-07-21T22:32:15.993 INFO:teuthology.orchestra.run.smithi060.stdout:/usr/bin/ceph: stderr
2023-07-21T22:32:15.256+0000 7f64aa369700 1 -- 172.21.15.60:0/3312487535 --> [v2:172.21.15.60:3300/0,v1:172.21.15.60:6789/0] -- mon_subscribe({osdmap=0}) v3 -- 0x7f64a419c1e0 con 0x7f64a407be10
2023-07-21T22:32:15.994 INFO:teuthology.orchestra.run.smithi060.stdout:/usr/bin/ceph: stderr
2023-07-21T22:32:15.257+0000 7f64aa369700 1 -- 172.21.15.60:0/3312487535 --> [v2:172.21.15.60:3300/0,v1:172.21.15.60:6789/0] -- mon_command({"prefix": "get_command_descriptions"} v 0) v1 -- 0x7f64a41952d0 con 0x7f64a407be10
2023-07-21T22:32:15.994 INFO:teuthology.orchestra.run.smithi060.stdout:/usr/bin/ceph: stderr
2023-07-21T22:32:15.257+0000 7f64a17fa700 1 -- 172.21.15.60:0/3312487535 <== mon.0 v2:172.21.15.60:3300/0 4 ==== mgrmap(e 8) v1 ==== 45483+0+0 (secure 0 0 0) 0x7f649401ab60 con 0x7f64a407be10
2023-07-21T22:32:15.994 INFO:teuthology.orchestra.run.smithi060.stdout:/usr/bin/ceph: stderr
2023-07-21T22:32:15.258+0000 7f64a17fa700 1 --2- 172.21.15.60:0/3312487535 >> [v2:172.21.15.60:6800/3661017227,v1:172.21.15.60:6801/3661017227] conn(0x7f648c038760 0x7f648c03ac10 unknown :-1 s=NONE pgs=0 cs=0 l=1 rev1=0 crypto rx=0 tx=0 comp rx=0 tx=0).connect
2023-07-21T22:32:15.994 INFO:teuthology.orchestra.run.smithi060.stdout:/usr/bin/ceph: stderr
2023-07-21T22:32:15.258+0000 7f64a17fa700 1 -- 172.21.15.60:0/3312487535 <== mon.0 v2:172.21.15.60:3300/0 5 ==== osd_map(2..2 src has 1..2) v4 ==== 940+0+0 (secure 0 0 0) 0x7f649404c6f0 con 0x7f64a407be10
2023-07-21T22:32:15.995 INFO:teuthology.orchestra.run.smithi060.stdout:/usr/bin/ceph: stderr
2023-07-21T22:32:15.258+0000 7f64a37fe700 1 --2- 172.21.15.60:0/3312487535 >> [v2:172.21.15.60:6800/3661017227,v1:172.21.15.60:6801/3661017227] conn(0x7f648c038760 0x7f648c03ac10 unknown :-1 s=BANNER_CONNECTING pgs=0 cs=0 l=1 rev1=0 crypto rx=0 tx=0 comp rx=0 tx=0)._handle_peer_banner_payload supported=3 required=0
2023-07-21T22:32:15.995 INFO:teuthology.orchestra.run.smithi060.stdout:/usr/bin/ceph: stderr
2023-07-21T22:32:15.259+0000 7f64a37fe700 1 --2- 172.21.15.60:0/3312487535 >> [v2:172.21.15.60:6800/3661017227,v1:172.21.15.60:6801/3661017227] conn(0x7f648c038760 0x7f648c03ac10 secure :-1 s=READY pgs=13 cs=0 l=1 rev1=1 crypto rx=0x7f6498006fd0 tx=0x7f6498006e40 comp rx=0 tx=0).ready entity=mgr.14116 client_cookie=0 server_cookie=0 in_seq=0 out_seq=0
2023-07-21T22:32:15.995 INFO:teuthology.orchestra.run.smithi060.stdout:/usr/bin/ceph: stderr
2023-07-21T22:32:15.262+0000 7f64a17fa700 1 -- 172.21.15.60:0/3312487535 <== mon.0 v2:172.21.15.60:3300/0 6 ==== mon_command_ack([{"prefix": "get_command_descriptions"}]=0 v0) v1 ==== 72+0+178008 (secure 0 0 0) 0x7f6494024920 con 0x7f64a407be10
2023-07-21T22:32:15.996 INFO:teuthology.orchestra.run.smithi060.stdout:/usr/bin/ceph: stderr
2023-07-21T22:32:15.483+0000 7f64aa369700 1 -- 172.21.15.60:0/3312487535 --> [v2:172.21.15.60:6800/3661017227,v1:172.21.15.60:6801/3661017227] -- mgr_command(tid 0: {"prefix": "orch apply", "service_type": "mgr", "unmanaged": true, "target": ["mon-mgr", ""]}) v1 -- 0x7f64a402cb30 con 0x7f648c038760
2023-07-21T22:32:15.996 INFO:teuthology.orchestra.run.smithi060.stdout:/usr/bin/ceph: stderr
2023-07-21T22:32:15.488+0000 7f64a17fa700 1 -- 172.21.15.60:0/3312487535 <== mgr.14116 v2:172.21.15.60:6800/3661017227 1 ==== mgr_command_reply(tid 0: 0 ) v1 ==== 8+0+24 (secure 0 0 0) 0x7f64a402cb30 con 0x7f648c038760
2023-07-21T22:32:15.996 INFO:teuthology.orchestra.run.smithi060.stdout:/usr/bin/ceph: stderr
2023-07-21T22:32:15.491+0000 7f64aa369700 1 -- 172.21.15.60:0/3312487535 >> [v2:172.21.15.60:6800/3661017227,v1:172.21.15.60:6801/3661017227] conn(0x7f648c038760 msgr2=0x7f648c03ac10 secure :-1 s=STATE_CONNECTION_ESTABLISHED l=1).mark_down
2023-07-21T22:32:15.996 INFO:teuthology.orchestra.run.smithi060.stdout:/usr/bin/ceph: stderr
2023-07-21T22:32:15.491+0000 7f64aa369700 1 --2- 172.21.15.60:0/3312487535 >> [v2:172.21.15.60:6800/3661017227,v1:172.21.15.60:6801/3661017227] conn(0x7f648c038760 0x7f648c03ac10 secure :-1 s=READY pgs=13 cs=0 l=1 rev1=1 crypto rx=0x7f6498006fd0 tx=0x7f6498006e40 comp rx=0 tx=0).stop
2023-07-21T22:32:15.997 INFO:teuthology.orchestra.run.smithi060.stdout:/usr/bin/ceph: stderr
2023-07-21T22:32:15.491+0000 7f64aa369700 1 -- 172.21.15.60:0/3312487535 >> [v2:172.21.15.60:3300/0,v1:172.21.15.60:6789/0] conn(0x7f64a407be10 msgr2=0x7f64a419b680 secure :-1 s=STATE_CONNECTION_ESTABLISHED l=1).mark_down
2023-07-21T22:32:15.997 INFO:teuthology.orchestra.run.smithi060.stdout:/usr/bin/ceph: stderr
2023-07-21T22:32:15.491+0000 7f64aa369700 1 --2- 172.21.15.60:0/3312487535 >> [v2:172.21.15.60:3300/0,v1:172.21.15.60:6789/0] conn(0x7f64a407be10 0x7f64a419b680 secure :-1 s=READY pgs=46 cs=0 l=1 rev1=1 crypto rx=0x7f6494003f50 tx=0x7f6494011ad0 comp rx=0 tx=0).stop
2023-07-21T22:32:15.997 INFO:teuthology.orchestra.run.smithi060.stdout:/usr/bin/ceph: stderr
2023-07-21T22:32:15.491+0000 7f64aa369700 1 -- 172.21.15.60:0/3312487535 shutdown_connections
2023-07-21T22:32:15.997 INFO:teuthology.orchestra.run.smithi060.stdout:/usr/bin/ceph: stderr
2023-07-21T22:32:15.491+0000 7f64aa369700 1 --2- 172.21.15.60:0/3312487535 >> [v2:172.21.15.60:6800/3661017227,v1:172.21.15.60:6801/3661017227] conn(0x7f648c038760 0x7f648c03ac10 unknown :-1 s=CLOSED pgs=13 cs=0 l=1 rev1=1 crypto rx=0 tx=0 comp rx=0 tx=0).stop
2023-07-21T22:32:15.997 INFO:teuthology.orchestra.run.smithi060.stdout:/usr/bin/ceph: stderr
2023-07-21T22:32:15.491+0000 7f64aa369700 1 --2- 172.21.15.60:0/3312487535 >> [v2:172.21.15.60:3300/0,v1:172.21.15.60:6789/0] conn(0x7f64a407be10 0x7f64a419b680 unknown :-1 s=CLOSED pgs=46 cs=0 l=1 rev1=1 crypto rx=0 tx=0 comp rx=0 tx=0).stop
2023-07-21T22:32:15.997 INFO:teuthology.orchestra.run.smithi060.stdout:/usr/bin/ceph: stderr
2023-07-21T22:32:15.491+0000 7f64aa369700 1 -- 172.21.15.60:0/3312487535 >> 172.21.15.60:0/3312487535 conn(0x7f64a4100960 msgr2=0x7f64a4102120 unknown :-1 s=STATE_NONE l=0).mark_down
2023-07-21T22:32:15.998 INFO:teuthology.orchestra.run.smithi060.stdout:/usr/bin/ceph: stderr
2023-07-21T22:32:15.491+0000 7f64aa369700 1 -- 172.21.15.60:0/3312487535 shutdown_connections
2023-07-21T22:32:15.998 INFO:teuthology.orchestra.run.smithi060.stdout:/usr/bin/ceph: stderr
2023-07-21T22:32:15.491+0000 7f64aa369700 1 -- 172.21.15.60:0/3312487535 wait complete.
2023-07-21T22:32:16.600 INFO:journalctl@ceph.mon.a.smithi060.stdout:Jul 21 22:32:16 smithi060 ceph-mon[95475]: from='client.14140 -' entity='client.admin' cmd=[{"prefix": "orch apply", "service_type": "mgr", "unmanaged": true, "target": ["mon-mgr", ""]}]: dispatch
2023-07-21T22:32:16.600 INFO:journalctl@ceph.mon.a.smithi060.stdout:Jul 21 22:32:16 smithi060 ceph-mon[95475]: Saving service mgr spec with placement count:2
2023-07-21T22:32:16.600 INFO:journalctl@ceph.mon.a.smithi060.stdout:Jul 21 22:32:16 smithi060 ceph-mon[95475]: from='mgr.14116 172.21.15.60:0/2187832175' entity='mgr.x'
2023-07-21T22:32:16.600 INFO:journalctl@ceph.mon.a.smithi060.stdout:Jul 21 22:32:16 smithi060 ceph-mon[95475]: from='mgr.14116 172.21.15.60:0/2187832175' entity='mgr.x'
2023-07-21T22:32:16.601 INFO:journalctl@ceph.mon.a.smithi060.stdout:Jul 21 22:32:16 smithi060 ceph-mon[95475]: from='mgr.14116 172.21.15.60:0/2187832175' entity='mgr.x'
2023-07-21T22:32:17.258 INFO:teuthology.orchestra.run.smithi060.stdout:/usr/bin/ceph: stderr
2023-07-21T22:32:16.522+0000 7f18a9623700 1 Processor -- start
2023-07-21T22:32:17.258 INFO:teuthology.orchestra.run.smithi060.stdout:/usr/bin/ceph: stderr
2023-07-21T22:32:16.522+0000 7f18a9623700 1 -- start start
2023-07-21T22:32:17.258 INFO:teuthology.orchestra.run.smithi060.stdout:/usr/bin/ceph: stderr
2023-07-21T22:32:16.522+0000 7f18a9623700 1 --2- >> [v2:172.21.15.60:3300/0,v1:172.21.15.60:6789/0] conn(0x7f18a41052d0 0x7f18a41056e0 unknown :-1 s=NONE pgs=0 cs=0 l=0 rev1=0 crypto rx=0 tx=0 comp rx=0 tx=0).connect
2023-07-21T22:32:17.258 INFO:teuthology.orchestra.run.smithi060.stdout:/usr/bin/ceph: stderr
2023-07-21T22:32:16.522+0000 7f18a9623700 1 -- --> [v2:172.21.15.60:3300/0,v1:172.21.15.60:6789/0] -- mon_getmap magic: 0 v1 -- 0x7f18a4105c20 con 0x7f18a41052d0
2023-07-21T22:32:17.258 INFO:teuthology.orchestra.run.smithi060.stdout:/usr/bin/ceph: stderr
2023-07-21T22:32:16.523+0000 7f18a2ffd700 1 --2- >> [v2:172.21.15.60:3300/0,v1:172.21.15.60:6789/0] conn(0x7f18a41052d0 0x7f18a41056e0 unknown :-1 s=BANNER_CONNECTING pgs=0 cs=0 l=0 rev1=0 crypto rx=0 tx=0 comp rx=0 tx=0)._handle_peer_banner_payload supported=3 required=0
2023-07-21T22:32:17.258 INFO:teuthology.orchestra.run.smithi060.stdout:/usr/bin/ceph: stderr
2023-07-21T22:32:16.523+0000 7f18a2ffd700 1 --2- >> [v2:172.21.15.60:3300/0,v1:172.21.15.60:6789/0] conn(0x7f18a41052d0 0x7f18a41056e0 unknown :-1 s=HELLO_CONNECTING pgs=0 cs=0 l=0 rev1=1 crypto rx=0 tx=0 comp rx=0 tx=0).handle_hello peer v2:172.21.15.60:3300/0 says I am v2:172.21.15.60:33458/0 (socket says 172.21.15.60:33458)
2023-07-21T22:32:17.259 INFO:teuthology.orchestra.run.smithi060.stdout:/usr/bin/ceph: stderr
2023-07-21T22:32:16.523+0000 7f18a2ffd700 1 -- 172.21.15.60:0/3727920209 learned_addr learned my addr 172.21.15.60:0/3727920209 (peer_addr_for_me v2:172.21.15.60:0/0)
2023-07-21T22:32:17.259 INFO:teuthology.orchestra.run.smithi060.stdout:/usr/bin/ceph: stderr
2023-07-21T22:32:16.523+0000 7f18a2ffd700 1 -- 172.21.15.60:0/3727920209 --> [v2:172.21.15.60:3300/0,v1:172.21.15.60:6789/0] -- mon_subscribe({config=0+,monmap=0+}) v3 -- 0x7f18a4105d60 con 0x7f18a41052d0
2023-07-21T22:32:17.259 INFO:teuthology.orchestra.run.smithi060.stdout:/usr/bin/ceph: stderr
2023-07-21T22:32:16.523+0000 7f18a2ffd700 1 --2- 172.21.15.60:0/3727920209 >> [v2:172.21.15.60:3300/0,v1:172.21.15.60:6789/0] conn(0x7f18a41052d0 0x7f18a41056e0 secure :-1 s=READY pgs=47 cs=0 l=1 rev1=1 crypto rx=0x7f18940098a0 tx=0x7f1894009bb0 comp rx=0 tx=0).ready entity=mon.0 client_cookie=44e310b51b30c094 server_cookie=0 in_seq=0 out_seq=0
2023-07-21T22:32:17.259 INFO:teuthology.orchestra.run.smithi060.stdout:/usr/bin/ceph: stderr
2023-07-21T22:32:16.523+0000 7f18a1ffb700 1 -- 172.21.15.60:0/3727920209 <== mon.0 v2:172.21.15.60:3300/0 1 ==== mon_map magic: 0 v1 ==== 205+0+0 (secure 0 0 0) 0x7f1894004160 con 0x7f18a41052d0
2023-07-21T22:32:17.259 INFO:teuthology.orchestra.run.smithi060.stdout:/usr/bin/ceph: stderr
2023-07-21T22:32:16.524+0000 7f18a1ffb700 1 -- 172.21.15.60:0/3727920209 <== mon.0 v2:172.21.15.60:3300/0 2 ==== config(26 keys) v1 ==== 1105+0+0 (secure 0 0 0) 0x7f18940042c0 con 0x7f18a41052d0
2023-07-21T22:32:17.259 INFO:teuthology.orchestra.run.smithi060.stdout:/usr/bin/ceph: stderr
2023-07-21T22:32:16.524+0000 7f18a1ffb700 1 -- 172.21.15.60:0/3727920209 <== mon.0 v2:172.21.15.60:3300/0 3 ==== mon_map magic: 0 v1 ==== 205+0+0 (secure 0 0 0) 0x7f18940119b0 con 0x7f18a41052d0
2023-07-21T22:32:17.259 INFO:teuthology.orchestra.run.smithi060.stdout:/usr/bin/ceph: stderr
2023-07-21T22:32:16.524+0000 7f18a9623700 1 -- 172.21.15.60:0/3727920209 >> [v2:172.21.15.60:3300/0,v1:172.21.15.60:6789/0] conn(0x7f18a41052d0 msgr2=0x7f18a41056e0 secure :-1 s=STATE_CONNECTION_ESTABLISHED l=1).mark_down
2023-07-21T22:32:17.260 INFO:teuthology.orchestra.run.smithi060.stdout:/usr/bin/ceph: stderr
2023-07-21T22:32:16.524+0000 7f18a9623700 1 --2- 172.21.15.60:0/3727920209 >> [v2:172.21.15.60:3300/0,v1:172.21.15.60:6789/0] conn(0x7f18a41052d0 0x7f18a41056e0 secure :-1 s=READY pgs=47 cs=0 l=1 rev1=1 crypto rx=0x7f18940098a0 tx=0x7f1894009bb0 comp rx=0 tx=0).stop
2023-07-21T22:32:17.260 INFO:teuthology.orchestra.run.smithi060.stdout:/usr/bin/ceph: stderr
2023-07-21T22:32:16.524+0000 7f18a9623700 1 -- 172.21.15.60:0/3727920209 shutdown_connections
2023-07-21T22:32:17.260 INFO:teuthology.orchestra.run.smithi060.stdout:/usr/bin/ceph: stderr
2023-07-21T22:32:16.524+0000 7f18a9623700 1 --2- 172.21.15.60:0/3727920209 >> [v2:172.21.15.60:3300/0,v1:172.21.15.60:6789/0] conn(0x7f18a41052d0 0x7f18a41056e0 unknown :-1 s=CLOSED pgs=47 cs=0 l=1 rev1=1 crypto rx=0 tx=0 comp rx=0 tx=0).stop
2023-07-21T22:32:17.260 INFO:teuthology.orchestra.run.smithi060.stdout:/usr/bin/ceph: stderr
2023-07-21T22:32:16.524+0000 7f18a9623700 1 -- 172.21.15.60:0/3727920209 >> 172.21.15.60:0/3727920209 conn(0x7f18a4100960 msgr2=0x7f18a4102d70 unknown :-1 s=STATE_NONE l=0).mark_down
2023-07-21T22:32:17.260 INFO:teuthology.orchestra.run.smithi060.stdout:/usr/bin/ceph: stderr
2023-07-21T22:32:16.524+0000 7f18a9623700 1 -- 172.21.15.60:0/3727920209 shutdown_connections
2023-07-21T22:32:17.260 INFO:teuthology.orchestra.run.smithi060.stdout:/usr/bin/ceph: stderr
2023-07-21T22:32:16.524+0000 7f18a9623700 1 -- 172.21.15.60:0/3727920209 wait complete.
2023-07-21T22:32:17.260 INFO:teuthology.orchestra.run.smithi060.stdout:/usr/bin/ceph: stderr
2023-07-21T22:32:16.525+0000 7f18a9623700 1 Processor -- start
2023-07-21T22:32:17.260 INFO:teuthology.orchestra.run.smithi060.stdout:/usr/bin/ceph: stderr
2023-07-21T22:32:16.526+0000 7f18a9623700 1 -- start start
2023-07-21T22:32:17.261 INFO:teuthology.orchestra.run.smithi060.stdout:/usr/bin/ceph: stderr
2023-07-21T22:32:16.526+0000 7f18a9623700 1 --2- >> [v2:172.21.15.60:3300/0,v1:172.21.15.60:6789/0] conn(0x7f18a41052d0 0x7f18a419b570 unknown :-1 s=NONE pgs=0 cs=0 l=1 rev1=0 crypto rx=0 tx=0 comp rx=0 tx=0).connect
2023-07-21T22:32:17.261 INFO:teuthology.orchestra.run.smithi060.stdout:/usr/bin/ceph: stderr
2023-07-21T22:32:16.526+0000 7f18a9623700 1 -- --> [v2:172.21.15.60:3300/0,v1:172.21.15.60:6789/0] -- mon_getmap magic: 0 v1 -- 0x7f18a419bab0 con 0x7f18a41052d0
2023-07-21T22:32:17.261 INFO:teuthology.orchestra.run.smithi060.stdout:/usr/bin/ceph: stderr
2023-07-21T22:32:16.526+0000 7f18a2ffd700 1 --2- >> [v2:172.21.15.60:3300/0,v1:172.21.15.60:6789/0] conn(0x7f18a41052d0 0x7f18a419b570 unknown :-1 s=BANNER_CONNECTING pgs=0 cs=0 l=1 rev1=0 crypto rx=0 tx=0 comp rx=0 tx=0)._handle_peer_banner_payload supported=3 required=0
2023-07-21T22:32:17.261 INFO:teuthology.orchestra.run.smithi060.stdout:/usr/bin/ceph: stderr
2023-07-21T22:32:16.526+0000 7f18a2ffd700 1 --2- >> [v2:172.21.15.60:3300/0,v1:172.21.15.60:6789/0] conn(0x7f18a41052d0 0x7f18a419b570 unknown :-1 s=HELLO_CONNECTING pgs=0 cs=0 l=1 rev1=1 crypto rx=0 tx=0 comp rx=0 tx=0).handle_hello peer v2:172.21.15.60:3300/0 says I am v2:172.21.15.60:33466/0 (socket says 172.21.15.60:33466)
2023-07-21T22:32:17.261 INFO:teuthology.orchestra.run.smithi060.stdout:/usr/bin/ceph: stderr
2023-07-21T22:32:16.526+0000 7f18a2ffd700 1 -- 172.21.15.60:0/702575194 learned_addr learned my addr 172.21.15.60:0/702575194 (peer_addr_for_me v2:172.21.15.60:0/0)
2023-07-21T22:32:17.261 INFO:teuthology.orchestra.run.smithi060.stdout:/usr/bin/ceph: stderr
2023-07-21T22:32:16.527+0000 7f18a2ffd700 1 -- 172.21.15.60:0/702575194 --> [v2:172.21.15.60:3300/0,v1:172.21.15.60:6789/0] -- mon_subscribe({config=0+,monmap=0+}) v3 -- 0x7f1894009550 con 0x7f18a41052d0
2023-07-21T22:32:17.261 INFO:teuthology.orchestra.run.smithi060.stdout:/usr/bin/ceph: stderr
2023-07-21T22:32:16.527+0000 7f18a2ffd700 1 --2- 172.21.15.60:0/702575194 >> [v2:172.21.15.60:3300/0,v1:172.21.15.60:6789/0] conn(0x7f18a41052d0 0x7f18a419b570 secure :-1 s=READY pgs=48 cs=0 l=1 rev1=1 crypto rx=0x7f1894003f00 tx=0x7f1894011a30 comp rx=0 tx=0).ready entity=mon.0 client_cookie=0 server_cookie=0 in_seq=0 out_seq=0
2023-07-21T22:32:17.262 INFO:teuthology.orchestra.run.smithi060.stdout:/usr/bin/ceph: stderr
2023-07-21T22:32:16.528+0000 7f188bfff700 1 -- 172.21.15.60:0/702575194 <== mon.0 v2:172.21.15.60:3300/0 1 ==== mon_map magic: 0 v1 ==== 205+0+0 (secure 0 0 0) 0x7f1894003b20 con 0x7f18a41052d0
2023-07-21T22:32:17.262 INFO:teuthology.orchestra.run.smithi060.stdout:/usr/bin/ceph: stderr
2023-07-21T22:32:16.528+0000 7f188bfff700 1 -- 172.21.15.60:0/702575194 <== mon.0 v2:172.21.15.60:3300/0 2 ==== config(26 keys) v1 ==== 1105+0+0 (secure 0 0 0) 0x7f1894003c80 con 0x7f18a41052d0
2023-07-21T22:32:17.262 INFO:teuthology.orchestra.run.smithi060.stdout:/usr/bin/ceph: stderr
2023-07-21T22:32:16.528+0000 7f18a9623700 1 -- 172.21.15.60:0/702575194 --> [v2:172.21.15.60:3300/0,v1:172.21.15.60:6789/0] -- mon_subscribe({mgrmap=0+}) v3 -- 0x7f18a419bcb0 con 0x7f18a41052d0
2023-07-21T22:32:17.262 INFO:teuthology.orchestra.run.smithi060.stdout:/usr/bin/ceph: stderr
2023-07-21T22:32:16.528+0000 7f188bfff700 1 -- 172.21.15.60:0/702575194 <== mon.0 v2:172.21.15.60:3300/0 3 ==== mon_map magic: 0 v1 ==== 205+0+0 (secure 0 0 0) 0x7f1894019770 con 0x7f18a41052d0
2023-07-21T22:32:17.262 INFO:teuthology.orchestra.run.smithi060.stdout:/usr/bin/ceph: stderr
2023-07-21T22:32:16.528+0000 7f18a9623700 1 -- 172.21.15.60:0/702575194 --> [v2:172.21.15.60:3300/0,v1:172.21.15.60:6789/0] -- mon_subscribe({osdmap=0}) v3 -- 0x7f18a419c0d0 con 0x7f18a41052d0
2023-07-21T22:32:17.262 INFO:teuthology.orchestra.run.smithi060.stdout:/usr/bin/ceph: stderr
2023-07-21T22:32:16.529+0000 7f188bfff700 1 -- 172.21.15.60:0/702575194 <== mon.0 v2:172.21.15.60:3300/0 4 ==== mgrmap(e 8) v1 ==== 45483+0+0 (secure 0 0 0) 0x7f189401a430 con 0x7f18a41052d0
2023-07-21T22:32:17.262 INFO:teuthology.orchestra.run.smithi060.stdout:/usr/bin/ceph: stderr
2023-07-21T22:32:16.529+0000 7f18a9623700 1 -- 172.21.15.60:0/702575194 --> [v2:172.21.15.60:3300/0,v1:172.21.15.60:6789/0] -- mon_command({"prefix": "get_command_descriptions"} v 0) v1 -- 0x7f18a4195780 con 0x7f18a41052d0
2023-07-21T22:32:17.262 INFO:teuthology.orchestra.run.smithi060.stdout:/usr/bin/ceph: stderr
2023-07-21T22:32:16.530+0000 7f188bfff700 1 --2- 172.21.15.60:0/702575194 >> [v2:172.21.15.60:6800/3661017227,v1:172.21.15.60:6801/3661017227] conn(0x7f188c038760 0x7f188c03ac10 unknown :-1 s=NONE pgs=0 cs=0 l=1 rev1=0 crypto rx=0 tx=0 comp rx=0 tx=0).connect
2023-07-21T22:32:17.263 INFO:teuthology.orchestra.run.smithi060.stdout:/usr/bin/ceph: stderr
2023-07-21T22:32:16.530+0000 7f188bfff700 1 -- 172.21.15.60:0/702575194 <== mon.0 v2:172.21.15.60:3300/0 5 ==== osd_map(2..2 src has 1..2) v4 ==== 940+0+0 (secure 0 0 0) 0x7f189404c9e0 con 0x7f18a41052d0
2023-07-21T22:32:17.263 INFO:teuthology.orchestra.run.smithi060.stdout:/usr/bin/ceph: stderr
2023-07-21T22:32:16.530+0000 7f18a27fc700 1 --2- 172.21.15.60:0/702575194 >> [v2:172.21.15.60:6800/3661017227,v1:172.21.15.60:6801/3661017227] conn(0x7f188c038760 0x7f188c03ac10 unknown :-1 s=BANNER_CONNECTING pgs=0 cs=0 l=1 rev1=0 crypto rx=0 tx=0 comp rx=0 tx=0)._handle_peer_banner_payload supported=3 required=0
2023-07-21T22:32:17.263 INFO:teuthology.orchestra.run.smithi060.stdout:/usr/bin/ceph: stderr
2023-07-21T22:32:16.531+0000 7f18a27fc700 1 --2- 172.21.15.60:0/702575194 >> [v2:172.21.15.60:6800/3661017227,v1:172.21.15.60:6801/3661017227] conn(0x7f188c038760 0x7f188c03ac10 secure :-1 s=READY pgs=14 cs=0 l=1 rev1=1 crypto rx=0x7f1898006fd0 tx=0x7f1898006e40 comp rx=0 tx=0).ready entity=mgr.14116 client_cookie=0 server_cookie=0 in_seq=0 out_seq=0
2023-07-21T22:32:17.263 INFO:teuthology.orchestra.run.smithi060.stdout:/usr/bin/ceph: stderr
2023-07-21T22:32:16.535+0000 7f188bfff700 1 -- 172.21.15.60:0/702575194 <== mon.0 v2:172.21.15.60:3300/0 6 ==== mon_command_ack([{"prefix": "get_command_descriptions"}]=0 v0) v1 ==== 72+0+178008 (secure 0 0 0) 0x7f189402d960 con 0x7f18a41052d0
2023-07-21T22:32:17.263 INFO:teuthology.orchestra.run.smithi060.stdout:/usr/bin/ceph: stderr
2023-07-21T22:32:16.745+0000 7f18a9623700 1 -- 172.21.15.60:0/702575194 --> [v2:172.21.15.60:3300/0,v1:172.21.15.60:6789/0] -- mon_command([{prefix=config set, name=mgr/cephadm/container_init}] v 0) v1 -- 0x7f18a4068c20 con 0x7f18a41052d0
2023-07-21T22:32:17.263 INFO:teuthology.orchestra.run.smithi060.stdout:/usr/bin/ceph: stderr
2023-07-21T22:32:16.748+0000 7f188bfff700 1 -- 172.21.15.60:0/702575194 <== mon.0 v2:172.21.15.60:3300/0 7 ==== mon_command_ack([{prefix=config set, name=mgr/cephadm/container_init}]=0 v7)=0 v7) v1 ==== 142+0+0 (secure 0 0 0) 0x7f189402d960 con 0x7f18a41052d0
2023-07-21T22:32:17.263 INFO:teuthology.orchestra.run.smithi060.stdout:/usr/bin/ceph: stderr
2023-07-21T22:32:16.751+0000 7f18a9623700 1 -- 172.21.15.60:0/702575194 >> [v2:172.21.15.60:6800/3661017227,v1:172.21.15.60:6801/3661017227] conn(0x7f188c038760 msgr2=0x7f188c03ac10 secure :-1 s=STATE_CONNECTION_ESTABLISHED l=1).mark_down
2023-07-21T22:32:17.264 INFO:teuthology.orchestra.run.smithi060.stdout:/usr/bin/ceph: stderr
2023-07-21T22:32:16.751+0000 7f18a9623700 1 --2- 172.21.15.60:0/702575194 >> [v2:172.21.15.60:6800/3661017227,v1:172.21.15.60:6801/3661017227] conn(0x7f188c038760 0x7f188c03ac10 secure :-1 s=READY pgs=14 cs=0 l=1 rev1=1 crypto rx=0x7f1898006fd0 tx=0x7f1898006e40 comp rx=0 tx=0).stop
2023-07-21T22:32:17.265 INFO:teuthology.orchestra.run.smithi060.stdout:/usr/bin/ceph: stderr
2023-07-21T22:32:16.751+0000 7f18a9623700 1 -- 172.21.15.60:0/702575194 >> [v2:172.21.15.60:3300/0,v1:172.21.15.60:6789/0] conn(0x7f18a41052d0 msgr2=0x7f18a419b570 secure :-1 s=STATE_CONNECTION_ESTABLISHED l=1).mark_down
2023-07-21T22:32:17.265 INFO:teuthology.orchestra.run.smithi060.stdout:/usr/bin/ceph: stderr
2023-07-21T22:32:16.751+0000 7f18a9623700 1 --2- 172.21.15.60:0/702575194 >> [v2:172.21.15.60:3300/0,v1:172.21.15.60:6789/0] conn(0x7f18a41052d0 0x7f18a419b570 secure :-1 s=READY pgs=48 cs=0 l=1 rev1=1 crypto rx=0x7f1894003f00 tx=0x7f1894011a30 comp rx=0 tx=0).stop
2023-07-21T22:32:17.265 INFO:teuthology.orchestra.run.smithi060.stdout:/usr/bin/ceph: stderr
2023-07-21T22:32:16.751+0000 7f18a9623700 1 -- 172.21.15.60:0/702575194 shutdown_connections
2023-07-21T22:32:17.265 INFO:teuthology.orchestra.run.smithi060.stdout:/usr/bin/ceph: stderr
2023-07-21T22:32:16.751+0000 7f18a9623700 1 --2- 172.21.15.60:0/702575194 >> [v2:172.21.15.60:6800/3661017227,v1:172.21.15.60:6801/3661017227] conn(0x7f188c038760 0x7f188c03ac10 unknown :-1 s=CLOSED pgs=14 cs=0 l=1 rev1=1 crypto rx=0 tx=0 comp rx=0 tx=0).stop
2023-07-21T22:32:17.265 INFO:teuthology.orchestra.run.smithi060.stdout:/usr/bin/ceph: stderr
2023-07-21T22:32:16.751+0000 7f18a9623700 1 --2- 172.21.15.60:0/702575194 >> [v2:172.21.15.60:3300/0,v1:172.21.15.60:6789/0] conn(0x7f18a41052d0 0x7f18a419b570 unknown :-1 s=CLOSED pgs=48 cs=0 l=1 rev1=1 crypto rx=0 tx=0 comp rx=0 tx=0).stop
2023-07-21T22:32:17.265 INFO:teuthology.orchestra.run.smithi060.stdout:/usr/bin/ceph: stderr
2023-07-21T22:32:16.751+0000 7f18a9623700 1 -- 172.21.15.60:0/702575194 >> 172.21.15.60:0/702575194 conn(0x7f18a4100960 msgr2=0x7f18a41928c0 unknown :-1 s=STATE_NONE l=0).mark_down
2023-07-21T22:32:17.266 INFO:teuthology.orchestra.run.smithi060.stdout:/usr/bin/ceph: stderr
2023-07-21T22:32:16.751+0000 7f18a9623700 1 -- 172.21.15.60:0/702575194 shutdown_connections
2023-07-21T22:32:17.266 INFO:teuthology.orchestra.run.smithi060.stdout:/usr/bin/ceph: stderr
2023-07-21T22:32:16.751+0000 7f18a9623700 1 -- 172.21.15.60:0/702575194 wait complete.
2023-07-21T22:32:17.850 INFO:journalctl@ceph.mon.a.smithi060.stdout:Jul 21 22:32:17 smithi060 ceph-mon[95475]: from='client.? 172.21.15.60:0/702575194' entity='client.admin'
2023-07-21T22:32:18.746 INFO:teuthology.orchestra.run.smithi060.stdout:/usr/bin/ceph: stderr
2023-07-21T22:32:17.776+0000 7f04df532700 1 Processor -- start
2023-07-21T22:32:18.747 INFO:teuthology.orchestra.run.smithi060.stdout:/usr/bin/ceph: stderr
2023-07-21T22:32:17.776+0000 7f04df532700 1 -- start start
2023-07-21T22:32:18.747 INFO:teuthology.orchestra.run.smithi060.stdout:/usr/bin/ceph: stderr
2023-07-21T22:32:17.776+0000 7f04df532700 1 --2- >> [v2:172.21.15.60:3300/0,v1:172.21.15.60:6789/0] conn(0x7f04d807bdf0 0x7f04d807a2f0 unknown :-1 s=NONE pgs=0 cs=0 l=0 rev1=0 crypto rx=0 tx=0 comp rx=0 tx=0).connect
2023-07-21T22:32:18.748 INFO:teuthology.orchestra.run.smithi060.stdout:/usr/bin/ceph: stderr
2023-07-21T22:32:17.776+0000 7f04df532700 1 -- --> [v2:172.21.15.60:3300/0,v1:172.21.15.60:6789/0] -- mon_getmap magic: 0 v1 -- 0x7f04d807a830 con 0x7f04d807bdf0
2023-07-21T22:32:18.748 INFO:teuthology.orchestra.run.smithi060.stdout:/usr/bin/ceph: stderr
2023-07-21T22:32:17.776+0000 7f04dd2ce700 1 --2- >> [v2:172.21.15.60:3300/0,v1:172.21.15.60:6789/0] conn(0x7f04d807bdf0 0x7f04d807a2f0 unknown :-1 s=BANNER_CONNECTING pgs=0 cs=0 l=0 rev1=0 crypto rx=0 tx=0 comp rx=0 tx=0)._handle_peer_banner_payload supported=3 required=0
2023-07-21T22:32:18.749 INFO:teuthology.orchestra.run.smithi060.stdout:/usr/bin/ceph: stderr
2023-07-21T22:32:17.777+0000 7f04dd2ce700 1 --2- >> [v2:172.21.15.60:3300/0,v1:172.21.15.60:6789/0] conn(0x7f04d807bdf0 0x7f04d807a2f0 unknown :-1 s=HELLO_CONNECTING pgs=0 cs=0 l=0 rev1=1 crypto rx=0 tx=0 comp rx=0 tx=0).handle_hello peer v2:172.21.15.60:3300/0 says I am v2:172.21.15.60:33476/0 (socket says 172.21.15.60:33476)
2023-07-21T22:32:18.749 INFO:teuthology.orchestra.run.smithi060.stdout:/usr/bin/ceph: stderr
2023-07-21T22:32:17.777+0000 7f04dd2ce700 1 -- 172.21.15.60:0/4143429679 learned_addr learned my addr 172.21.15.60:0/4143429679 (peer_addr_for_me v2:172.21.15.60:0/0)
2023-07-21T22:32:18.749 INFO:teuthology.orchestra.run.smithi060.stdout:/usr/bin/ceph: stderr
2023-07-21T22:32:17.777+0000 7f04dd2ce700 1 -- 172.21.15.60:0/4143429679 --> [v2:172.21.15.60:3300/0,v1:172.21.15.60:6789/0] -- mon_subscribe({config=0+,monmap=0+}) v3 -- 0x7f04d807a970 con 0x7f04d807bdf0
2023-07-21T22:32:18.749 INFO:teuthology.orchestra.run.smithi060.stdout:/usr/bin/ceph: stderr
2023-07-21T22:32:17.777+0000 7f04dd2ce700 1 --2- 172.21.15.60:0/4143429679 >> [v2:172.21.15.60:3300/0,v1:172.21.15.60:6789/0] conn(0x7f04d807bdf0 0x7f04d807a2f0 secure :-1 s=READY pgs=49 cs=0 l=1 rev1=1 crypto rx=0x7f04d40098a0 tx=0x7f04d4009bb0 comp rx=0 tx=0).ready entity=mon.0 client_cookie=95bf15441120988 server_cookie=0 in_seq=0 out_seq=0
2023-07-21T22:32:18.750 INFO:teuthology.orchestra.run.smithi060.stdout:/usr/bin/ceph: stderr
2023-07-21T22:32:17.777+0000 7f04cffff700 1 -- 172.21.15.60:0/4143429679 <== mon.0 v2:172.21.15.60:3300/0 1 ==== mon_map magic: 0 v1 ==== 205+0+0 (secure 0 0 0) 0x7f04d4004160 con 0x7f04d807bdf0
2023-07-21T22:32:18.750 INFO:teuthology.orchestra.run.smithi060.stdout:/usr/bin/ceph: stderr
2023-07-21T22:32:17.777+0000 7f04cffff700 1 -- 172.21.15.60:0/4143429679 <== mon.0 v2:172.21.15.60:3300/0 2 ==== config(26 keys) v1 ==== 1105+0+0 (secure 0 0 0) 0x7f04d40042c0 con 0x7f04d807bdf0
2023-07-21T22:32:18.750 INFO:teuthology.orchestra.run.smithi060.stdout:/usr/bin/ceph: stderr
2023-07-21T22:32:17.777+0000 7f04cffff700 1 -- 172.21.15.60:0/4143429679 <== mon.0 v2:172.21.15.60:3300/0 3 ==== mon_map magic: 0 v1 ==== 205+0+0 (secure 0 0 0) 0x7f04d40119b0 con 0x7f04d807bdf0
2023-07-21T22:32:18.751 INFO:teuthology.orchestra.run.smithi060.stdout:/usr/bin/ceph: stderr
2023-07-21T22:32:17.778+0000 7f04df532700 1 -- 172.21.15.60:0/4143429679 >> [v2:172.21.15.60:3300/0,v1:172.21.15.60:6789/0] conn(0x7f04d807bdf0 msgr2=0x7f04d807a2f0 secure :-1 s=STATE_CONNECTION_ESTABLISHED l=1).mark_down
2023-07-21T22:32:18.751 INFO:teuthology.orchestra.run.smithi060.stdout:/usr/bin/ceph: stderr
2023-07-21T22:32:17.778+0000 7f04df532700 1 --2- 172.21.15.60:0/4143429679 >> [v2:172.21.15.60:3300/0,v1:172.21.15.60:6789/0] conn(0x7f04d807bdf0 0x7f04d807a2f0 secure :-1 s=READY pgs=49 cs=0 l=1 rev1=1 crypto rx=0x7f04d40098a0 tx=0x7f04d4009bb0 comp rx=0 tx=0).stop
2023-07-21T22:32:18.751 INFO:teuthology.orchestra.run.smithi060.stdout:/usr/bin/ceph: stderr
2023-07-21T22:32:17.778+0000 7f04df532700 1 -- 172.21.15.60:0/4143429679 shutdown_connections
2023-07-21T22:32:18.751 INFO:teuthology.orchestra.run.smithi060.stdout:/usr/bin/ceph: stderr
2023-07-21T22:32:17.778+0000 7f04df532700 1 --2- 172.21.15.60:0/4143429679 >> [v2:172.21.15.60:3300/0,v1:172.21.15.60:6789/0] conn(0x7f04d807bdf0 0x7f04d807a2f0 unknown :-1 s=CLOSED pgs=49 cs=0 l=1 rev1=1 crypto rx=0 tx=0 comp rx=0 tx=0).stop
2023-07-21T22:32:18.752 INFO:teuthology.orchestra.run.smithi060.stdout:/usr/bin/ceph: stderr
2023-07-21T22:32:17.778+0000 7f04df532700 1 -- 172.21.15.60:0/4143429679 >> 172.21.15.60:0/4143429679 conn(0x7f04d8100960 msgr2=0x7f04d8102d70 unknown :-1 s=STATE_NONE l=0).mark_down
2023-07-21T22:32:18.752 INFO:teuthology.orchestra.run.smithi060.stdout:/usr/bin/ceph: stderr
2023-07-21T22:32:17.778+0000 7f04df532700 1 -- 172.21.15.60:0/4143429679 shutdown_connections
2023-07-21T22:32:18.752 INFO:teuthology.orchestra.run.smithi060.stdout:/usr/bin/ceph: stderr
2023-07-21T22:32:17.778+0000 7f04df532700 1 -- 172.21.15.60:0/4143429679 wait complete.
2023-07-21T22:32:18.753 INFO:teuthology.orchestra.run.smithi060.stdout:/usr/bin/ceph: stderr
2023-07-21T22:32:17.779+0000 7f04df532700 1 Processor -- start
2023-07-21T22:32:18.753 INFO:teuthology.orchestra.run.smithi060.stdout:/usr/bin/ceph: stderr
2023-07-21T22:32:17.779+0000 7f04df532700 1 -- start start
2023-07-21T22:32:18.753 INFO:teuthology.orchestra.run.smithi060.stdout:/usr/bin/ceph: stderr
2023-07-21T22:32:17.780+0000 7f04df532700 1 --2- >> [v2:172.21.15.60:3300/0,v1:172.21.15.60:6789/0] conn(0x7f04d807bdf0 0x7f04d819b650 unknown :-1 s=NONE pgs=0 cs=0 l=1 rev1=0 crypto rx=0 tx=0 comp rx=0 tx=0).connect
2023-07-21T22:32:18.754 INFO:teuthology.orchestra.run.smithi060.stdout:/usr/bin/ceph: stderr
2023-07-21T22:32:17.780+0000 7f04df532700 1 -- --> [v2:172.21.15.60:3300/0,v1:172.21.15.60:6789/0] -- mon_getmap magic: 0 v1 -- 0x7f04d819bb90 con 0x7f04d807bdf0
2023-07-21T22:32:18.754 INFO:teuthology.orchestra.run.smithi060.stdout:/usr/bin/ceph: stderr
2023-07-21T22:32:17.780+0000 7f04dd2ce700 1 --2- >> [v2:172.21.15.60:3300/0,v1:172.21.15.60:6789/0] conn(0x7f04d807bdf0 0x7f04d819b650 unknown :-1 s=BANNER_CONNECTING pgs=0 cs=0 l=1 rev1=0 crypto rx=0 tx=0 comp rx=0 tx=0)._handle_peer_banner_payload supported=3 required=0
2023-07-21T22:32:18.754 INFO:teuthology.orchestra.run.smithi060.stdout:/usr/bin/ceph: stderr
2023-07-21T22:32:17.780+0000 7f04dd2ce700 1 --2- >> [v2:172.21.15.60:3300/0,v1:172.21.15.60:6789/0] conn(0x7f04d807bdf0 0x7f04d819b650 unknown :-1 s=HELLO_CONNECTING pgs=0 cs=0 l=1 rev1=1 crypto rx=0 tx=0 comp rx=0 tx=0).handle_hello peer v2:172.21.15.60:3300/0 says I am v2:172.21.15.60:33488/0 (socket says 172.21.15.60:33488)
2023-07-21T22:32:18.755 INFO:teuthology.orchestra.run.smithi060.stdout:/usr/bin/ceph: stderr
2023-07-21T22:32:17.780+0000 7f04dd2ce700 1 -- 172.21.15.60:0/3277047666 learned_addr learned my addr 172.21.15.60:0/3277047666 (peer_addr_for_me v2:172.21.15.60:0/0)
2023-07-21T22:32:18.755 INFO:teuthology.orchestra.run.smithi060.stdout:/usr/bin/ceph: stderr
2023-07-21T22:32:17.780+0000 7f04dd2ce700 1 -- 172.21.15.60:0/3277047666 --> [v2:172.21.15.60:3300/0,v1:172.21.15.60:6789/0] -- mon_subscribe({config=0+,monmap=0+}) v3 -- 0x7f04d4009550 con 0x7f04d807bdf0
2023-07-21T22:32:18.755 INFO:teuthology.orchestra.run.smithi060.stdout:/usr/bin/ceph: stderr
2023-07-21T22:32:17.781+0000 7f04dd2ce700 1 --2- 172.21.15.60:0/3277047666 >> [v2:172.21.15.60:3300/0,v1:172.21.15.60:6789/0] conn(0x7f04d807bdf0 0x7f04d819b650 secure :-1 s=READY pgs=50 cs=0 l=1 rev1=1 crypto rx=0x7f04d4003e60 tx=0x7f04d4011a30 comp rx=0 tx=0).ready entity=mon.0 client_cookie=0 server_cookie=0 in_seq=0 out_seq=0
2023-07-21T22:32:18.755 INFO:teuthology.orchestra.run.smithi060.stdout:/usr/bin/ceph: stderr
2023-07-21T22:32:17.781+0000 7f04ce7fc700 1 -- 172.21.15.60:0/3277047666 <== mon.0 v2:172.21.15.60:3300/0 1 ==== mon_map magic: 0 v1 ==== 205+0+0 (secure 0 0 0) 0x7f04d4003a60 con 0x7f04d807bdf0
2023-07-21T22:32:18.755 INFO:teuthology.orchestra.run.smithi060.stdout:/usr/bin/ceph: stderr
2023-07-21T22:32:17.781+0000 7f04df532700 1 -- 172.21.15.60:0/3277047666 --> [v2:172.21.15.60:3300/0,v1:172.21.15.60:6789/0] -- mon_subscribe({mgrmap=0+}) v3 -- 0x7f04d819bd90 con 0x7f04d807bdf0
2023-07-21T22:32:18.755 INFO:teuthology.orchestra.run.smithi060.stdout:/usr/bin/ceph: stderr
2023-07-21T22:32:17.781+0000 7f04ce7fc700 1 -- 172.21.15.60:0/3277047666 <== mon.0 v2:172.21.15.60:3300/0 2 ==== config(26 keys) v1 ==== 1105+0+0 (secure 0 0 0) 0x7f04d4003bc0 con 0x7f04d807bdf0
2023-07-21T22:32:18.755 INFO:teuthology.orchestra.run.smithi060.stdout:/usr/bin/ceph: stderr
2023-07-21T22:32:17.781+0000 7f04ce7fc700 1 -- 172.21.15.60:0/3277047666 <== mon.0 v2:172.21.15.60:3300/0 3 ==== mon_map magic: 0 v1 ==== 205+0+0 (secure 0 0 0) 0x7f04d40196c0 con 0x7f04d807bdf0
2023-07-21T22:32:18.756 INFO:teuthology.orchestra.run.smithi060.stdout:/usr/bin/ceph: stderr
2023-07-21T22:32:17.781+0000 7f04df532700 1 -- 172.21.15.60:0/3277047666 --> [v2:172.21.15.60:3300/0,v1:172.21.15.60:6789/0] -- mon_subscribe({osdmap=0}) v3 -- 0x7f04d819c1b0 con 0x7f04d807bdf0
2023-07-21T22:32:18.756 INFO:teuthology.orchestra.run.smithi060.stdout:/usr/bin/ceph: stderr
2023-07-21T22:32:17.782+0000 7f04ce7fc700 1 -- 172.21.15.60:0/3277047666 <== mon.0 v2:172.21.15.60:3300/0 4 ==== mgrmap(e 8) v1 ==== 45483+0+0 (secure 0 0 0) 0x7f04d401ab60 con 0x7f04d807bdf0
2023-07-21T22:32:18.756 INFO:teuthology.orchestra.run.smithi060.stdout:/usr/bin/ceph: stderr
2023-07-21T22:32:17.782+0000 7f04df532700 1 -- 172.21.15.60:0/3277047666 --> [v2:172.21.15.60:3300/0,v1:172.21.15.60:6789/0] -- mon_command({"prefix": "get_command_descriptions"} v 0) v1 -- 0x7f04d81952d0 con 0x7f04d807bdf0
2023-07-21T22:32:18.756 INFO:teuthology.orchestra.run.smithi060.stdout:/usr/bin/ceph: stderr
2023-07-21T22:32:17.782+0000 7f04ce7fc700 1 --2- 172.21.15.60:0/3277047666 >> [v2:172.21.15.60:6800/3661017227,v1:172.21.15.60:6801/3661017227] conn(0x7f04c4038740 0x7f04c403abf0 unknown :-1 s=NONE pgs=0 cs=0 l=1 rev1=0 crypto rx=0 tx=0 comp rx=0 tx=0).connect
2023-07-21T22:32:18.756 INFO:teuthology.orchestra.run.smithi060.stdout:/usr/bin/ceph: stderr
2023-07-21T22:32:17.783+0000 7f04ce7fc700 1 -- 172.21.15.60:0/3277047666 <== mon.0 v2:172.21.15.60:3300/0 5 ==== osd_map(2..2 src has 1..2) v4 ==== 940+0+0 (secure 0 0 0) 0x7f04d404c9d0 con 0x7f04d807bdf0
2023-07-21T22:32:18.756 INFO:teuthology.orchestra.run.smithi060.stdout:/usr/bin/ceph: stderr
2023-07-21T22:32:17.783+0000 7f04dcacd700 1 --2- 172.21.15.60:0/3277047666 >> [v2:172.21.15.60:6800/3661017227,v1:172.21.15.60:6801/3661017227] conn(0x7f04c4038740 0x7f04c403abf0 unknown :-1 s=BANNER_CONNECTING pgs=0 cs=0 l=1 rev1=0 crypto rx=0 tx=0 comp rx=0 tx=0)._handle_peer_banner_payload supported=3 required=0
2023-07-21T22:32:18.757 INFO:teuthology.orchestra.run.smithi060.stdout:/usr/bin/ceph: stderr
2023-07-21T22:32:17.783+0000 7f04dcacd700 1 --2- 172.21.15.60:0/3277047666 >> [v2:172.21.15.60:6800/3661017227,v1:172.21.15.60:6801/3661017227] conn(0x7f04c4038740 0x7f04c403abf0 secure :-1 s=READY pgs=15 cs=0 l=1 rev1=1 crypto rx=0x7f04c8006fd0 tx=0x7f04c8006e40 comp rx=0 tx=0).ready entity=mgr.14116 client_cookie=0 server_cookie=0 in_seq=0 out_seq=0
2023-07-21T22:32:18.757 INFO:teuthology.orchestra.run.smithi060.stdout:/usr/bin/ceph: stderr
2023-07-21T22:32:17.788+0000 7f04ce7fc700 1 -- 172.21.15.60:0/3277047666 <== mon.0 v2:172.21.15.60:3300/0 6 ==== mon_command_ack([{"prefix": "get_command_descriptions"}]=0 v0) v1 ==== 72+0+178008 (secure 0 0 0) 0x7f04d4010790 con 0x7f04d807bdf0
2023-07-21T22:32:18.757 INFO:teuthology.orchestra.run.smithi060.stdout:/usr/bin/ceph: stderr
2023-07-21T22:32:18.010+0000 7f04df532700 1 -- 172.21.15.60:0/3277047666 --> [v2:172.21.15.60:3300/0,v1:172.21.15.60:6789/0] -- mon_command([{prefix=config set, name=mgr/dashboard/ssl_server_port}] v 0) v1 -- 0x7f04d8061b40 con 0x7f04d807bdf0
2023-07-21T22:32:18.757 INFO:teuthology.orchestra.run.smithi060.stdout:/usr/bin/ceph: stderr
2023-07-21T22:32:18.013+0000 7f04ce7fc700 1 -- 172.21.15.60:0/3277047666 <== mon.0 v2:172.21.15.60:3300/0 7 ==== mon_command_ack([{prefix=config set, name=mgr/dashboard/ssl_server_port}]=0 v8)=0 v8) v1 ==== 130+0+0 (secure 0 0 0) 0x7f04d4018350 con 0x7f04d807bdf0
2023-07-21T22:32:18.757 INFO:teuthology.orchestra.run.smithi060.stdout:/usr/bin/ceph: stderr
2023-07-21T22:32:18.016+0000 7f04df532700 1 -- 172.21.15.60:0/3277047666 >> [v2:172.21.15.60:6800/3661017227,v1:172.21.15.60:6801/3661017227] conn(0x7f04c4038740 msgr2=0x7f04c403abf0 secure :-1 s=STATE_CONNECTION_ESTABLISHED l=1).mark_down
2023-07-21T22:32:18.757 INFO:teuthology.orchestra.run.smithi060.stdout:/usr/bin/ceph: stderr
2023-07-21T22:32:18.016+0000 7f04df532700 1 --2- 172.21.15.60:0/3277047666 >> [v2:172.21.15.60:6800/3661017227,v1:172.21.15.60:6801/3661017227] conn(0x7f04c4038740 0x7f04c403abf0 secure :-1 s=READY pgs=15 cs=0 l=1 rev1=1 crypto rx=0x7f04c8006fd0 tx=0x7f04c8006e40 comp rx=0 tx=0).stop
2023-07-21T22:32:18.757 INFO:teuthology.orchestra.run.smithi060.stdout:/usr/bin/ceph: stderr
2023-07-21T22:32:18.016+0000 7f04df532700 1 -- 172.21.15.60:0/3277047666 >> [v2:172.21.15.60:3300/0,v1:172.21.15.60:6789/0] conn(0x7f04d807bdf0 msgr2=0x7f04d819b650 secure :-1 s=STATE_CONNECTION_ESTABLISHED l=1).mark_down
2023-07-21T22:32:18.758 INFO:teuthology.orchestra.run.smithi060.stdout:/usr/bin/ceph: stderr
2023-07-21T22:32:18.016+0000 7f04df532700 1 --2- 172.21.15.60:0/3277047666 >> [v2:172.21.15.60:3300/0,v1:172.21.15.60:6789/0] conn(0x7f04d807bdf0 0x7f04d819b650 secure :-1 s=READY pgs=50 cs=0 l=1 rev1=1 crypto rx=0x7f04d4003e60 tx=0x7f04d4011a30 comp rx=0 tx=0).stop
2023-07-21T22:32:18.758 INFO:teuthology.orchestra.run.smithi060.stdout:/usr/bin/ceph: stderr
2023-07-21T22:32:18.016+0000 7f04df532700 1 -- 172.21.15.60:0/3277047666 shutdown_connections
2023-07-21T22:32:18.758 INFO:teuthology.orchestra.run.smithi060.stdout:/usr/bin/ceph: stderr
2023-07-21T22:32:18.016+0000 7f04df532700 1 --2- 172.21.15.60:0/3277047666 >> [v2:172.21.15.60:6800/3661017227,v1:172.21.15.60:6801/3661017227] conn(0x7f04c4038740 0x7f04c403abf0 unknown :-1 s=CLOSED pgs=15 cs=0 l=1 rev1=1 crypto rx=0 tx=0 comp rx=0 tx=0).stop
2023-07-21T22:32:18.758 INFO:teuthology.orchestra.run.smithi060.stdout:/usr/bin/ceph: stderr
2023-07-21T22:32:18.016+0000 7f04df532700 1 --2- 172.21.15.60:0/3277047666 >> [v2:172.21.15.60:3300/0,v1:172.21.15.60:6789/0] conn(0x7f04d807bdf0 0x7f04d819b650 unknown :-1 s=CLOSED pgs=50 cs=0 l=1 rev1=1 crypto rx=0 tx=0 comp rx=0 tx=0).stop
2023-07-21T22:32:18.758 INFO:teuthology.orchestra.run.smithi060.stdout:/usr/bin/ceph: stderr
2023-07-21T22:32:18.016+0000 7f04df532700 1 -- 172.21.15.60:0/3277047666 >> 172.21.15.60:0/3277047666 conn(0x7f04d8100960 msgr2=0x7f04d8102100 unknown :-1 s=STATE_NONE l=0).mark_down
2023-07-21T22:32:18.758 INFO:teuthology.orchestra.run.smithi060.stdout:/usr/bin/ceph: stderr
2023-07-21T22:32:18.016+0000 7f04df532700 1 -- 172.21.15.60:0/3277047666 shutdown_connections
2023-07-21T22:32:18.758 INFO:teuthology.orchestra.run.smithi060.stdout:/usr/bin/ceph: stderr
2023-07-21T22:32:18.016+0000 7f04df532700 1 -- 172.21.15.60:0/3277047666 wait complete.
2023-07-21T22:32:18.759 INFO:teuthology.orchestra.run.smithi060.stdout:Enabling the dashboard module...
2023-07-21T22:32:19.334 INFO:journalctl@ceph.mon.a.smithi060.stdout:Jul 21 22:32:19 smithi060 ceph-mon[95475]: from='client.? 172.21.15.60:0/3277047666' entity='client.admin'
2023-07-21T22:32:19.334 INFO:journalctl@ceph.mon.a.smithi060.stdout:Jul 21 22:32:19 smithi060 ceph-mon[95475]: from='mgr.14116 172.21.15.60:0/2187832175' entity='mgr.x'
2023-07-21T22:32:20.350 INFO:journalctl@ceph.mon.a.smithi060.stdout:Jul 21 22:32:20 smithi060 ceph-mon[95475]: from='client.? 172.21.15.60:0/56959074' entity='client.admin' cmd=[{"prefix": "mgr module enable", "module": "dashboard"}]: dispatch
2023-07-21T22:32:20.350 INFO:journalctl@ceph.mgr.x.smithi060.stdout:Jul 21 22:32:20 smithi060 ceph-37c23cf0-2816-11ee-9b34-001a4aab830c-mgr-x[95718]: ignoring --setuser ceph since I am not root
2023-07-21T22:32:20.350 INFO:journalctl@ceph.mgr.x.smithi060.stdout:Jul 21 22:32:20 smithi060 ceph-37c23cf0-2816-11ee-9b34-001a4aab830c-mgr-x[95718]: ignoring --setgroup ceph since I am not root
2023-07-21T22:32:20.522 INFO:teuthology.orchestra.run.smithi060.stdout:/usr/bin/ceph: stderr
2023-07-21T22:32:19.235+0000 7f4f81938700 1 Processor -- start
2023-07-21T22:32:20.522 INFO:teuthology.orchestra.run.smithi060.stdout:/usr/bin/ceph: stderr
2023-07-21T22:32:19.235+0000 7f4f81938700 1 -- start start
2023-07-21T22:32:20.523 INFO:teuthology.orchestra.run.smithi060.stdout:/usr/bin/ceph: stderr
2023-07-21T22:32:19.236+0000 7f4f81938700 1 --2- >> [v2:172.21.15.60:3300/0,v1:172.21.15.60:6789/0] conn(0x7f4f7c07be30 0x7f4f7c07a330 unknown :-1 s=NONE pgs=0 cs=0 l=0 rev1=0 crypto rx=0 tx=0 comp rx=0 tx=0).connect
2023-07-21T22:32:20.524 INFO:teuthology.orchestra.run.smithi060.stdout:/usr/bin/ceph: stderr
2023-07-21T22:32:19.236+0000 7f4f81938700 1 -- --> [v2:172.21.15.60:3300/0,v1:172.21.15.60:6789/0] -- mon_getmap magic: 0 v1 -- 0x7f4f7c07a870 con 0x7f4f7c07be30
2023-07-21T22:32:20.524 INFO:teuthology.orchestra.run.smithi060.stdout:/usr/bin/ceph: stderr
2023-07-21T22:32:19.236+0000 7f4f7affd700 1 --2- >> [v2:172.21.15.60:3300/0,v1:172.21.15.60:6789/0] conn(0x7f4f7c07be30 0x7f4f7c07a330 unknown :-1 s=BANNER_CONNECTING pgs=0 cs=0 l=0 rev1=0 crypto rx=0 tx=0 comp rx=0 tx=0)._handle_peer_banner_payload supported=3 required=0
2023-07-21T22:32:20.524 INFO:teuthology.orchestra.run.smithi060.stdout:/usr/bin/ceph: stderr
2023-07-21T22:32:19.236+0000 7f4f7affd700 1 --2- >> [v2:172.21.15.60:3300/0,v1:172.21.15.60:6789/0] conn(0x7f4f7c07be30 0x7f4f7c07a330 unknown :-1 s=HELLO_CONNECTING pgs=0 cs=0 l=0 rev1=1 crypto rx=0 tx=0 comp rx=0 tx=0).handle_hello peer v2:172.21.15.60:3300/0 says I am v2:172.21.15.60:33498/0 (socket says 172.21.15.60:33498)
2023-07-21T22:32:20.524 INFO:teuthology.orchestra.run.smithi060.stdout:/usr/bin/ceph: stderr
2023-07-21T22:32:19.236+0000 7f4f7affd700 1 -- 172.21.15.60:0/3600704006 learned_addr learned my addr 172.21.15.60:0/3600704006 (peer_addr_for_me v2:172.21.15.60:0/0)
2023-07-21T22:32:20.525 INFO:teuthology.orchestra.run.smithi060.stdout:/usr/bin/ceph: stderr
2023-07-21T22:32:19.237+0000 7f4f7affd700 1 -- 172.21.15.60:0/3600704006 --> [v2:172.21.15.60:3300/0,v1:172.21.15.60:6789/0] -- mon_subscribe({config=0+,monmap=0+}) v3 -- 0x7f4f7c07a9b0 con 0x7f4f7c07be30
2023-07-21T22:32:20.525 INFO:teuthology.orchestra.run.smithi060.stdout:/usr/bin/ceph: stderr
2023-07-21T22:32:19.237+0000 7f4f7affd700 1 --2- 172.21.15.60:0/3600704006 >> [v2:172.21.15.60:3300/0,v1:172.21.15.60:6789/0] conn(0x7f4f7c07be30 0x7f4f7c07a330 secure :-1 s=READY pgs=51 cs=0 l=1 rev1=1 crypto rx=0x7f4f6c0098a0 tx=0x7f4f6c009bb0 comp rx=0 tx=0).ready entity=mon.0 client_cookie=435bbe82eb0324e9 server_cookie=0 in_seq=0 out_seq=0
2023-07-21T22:32:20.525 INFO:teuthology.orchestra.run.smithi060.stdout:/usr/bin/ceph: stderr
2023-07-21T22:32:19.237+0000 7f4f79ffb700 1 -- 172.21.15.60:0/3600704006 <== mon.0 v2:172.21.15.60:3300/0 1 ==== mon_map magic: 0 v1 ==== 205+0+0 (secure 0 0 0) 0x7f4f6c004160 con 0x7f4f7c07be30
2023-07-21T22:32:20.525 INFO:teuthology.orchestra.run.smithi060.stdout:/usr/bin/ceph: stderr
2023-07-21T22:32:19.237+0000 7f4f79ffb700 1 -- 172.21.15.60:0/3600704006 <== mon.0 v2:172.21.15.60:3300/0 2 ==== config(26 keys) v1 ==== 1105+0+0 (secure 0 0 0) 0x7f4f6c0042c0 con 0x7f4f7c07be30
2023-07-21T22:32:20.525 INFO:teuthology.orchestra.run.smithi060.stdout:/usr/bin/ceph: stderr
2023-07-21T22:32:19.237+0000 7f4f79ffb700 1 -- 172.21.15.60:0/3600704006 <== mon.0 v2:172.21.15.60:3300/0 3 ==== mon_map magic: 0 v1 ==== 205+0+0 (secure 0 0 0) 0x7f4f6c0119b0 con 0x7f4f7c07be30
2023-07-21T22:32:20.525 INFO:teuthology.orchestra.run.smithi060.stdout:/usr/bin/ceph: stderr
2023-07-21T22:32:19.238+0000 7f4f81938700 1 -- 172.21.15.60:0/3600704006 >> [v2:172.21.15.60:3300/0,v1:172.21.15.60:6789/0] conn(0x7f4f7c07be30 msgr2=0x7f4f7c07a330 secure :-1 s=STATE_CONNECTION_ESTABLISHED l=1).mark_down
2023-07-21T22:32:20.525 INFO:teuthology.orchestra.run.smithi060.stdout:/usr/bin/ceph: stderr
2023-07-21T22:32:19.238+0000 7f4f81938700 1 --2- 172.21.15.60:0/3600704006 >> [v2:172.21.15.60:3300/0,v1:172.21.15.60:6789/0] conn(0x7f4f7c07be30 0x7f4f7c07a330 secure :-1 s=READY pgs=51 cs=0 l=1 rev1=1 crypto rx=0x7f4f6c0098a0 tx=0x7f4f6c009bb0 comp rx=0 tx=0).stop
2023-07-21T22:32:20.526 INFO:teuthology.orchestra.run.smithi060.stdout:/usr/bin/ceph: stderr
2023-07-21T22:32:19.238+0000 7f4f81938700 1 -- 172.21.15.60:0/3600704006 shutdown_connections
2023-07-21T22:32:20.526 INFO:teuthology.orchestra.run.smithi060.stdout:/usr/bin/ceph: stderr
2023-07-21T22:32:19.238+0000 7f4f81938700 1 --2- 172.21.15.60:0/3600704006 >> [v2:172.21.15.60:3300/0,v1:172.21.15.60:6789/0] conn(0x7f4f7c07be30 0x7f4f7c07a330 unknown :-1 s=CLOSED pgs=51 cs=0 l=1 rev1=1 crypto rx=0 tx=0 comp rx=0 tx=0).stop
2023-07-21T22:32:20.526 INFO:teuthology.orchestra.run.smithi060.stdout:/usr/bin/ceph: stderr
2023-07-21T22:32:19.238+0000 7f4f81938700 1 -- 172.21.15.60:0/3600704006 >> 172.21.15.60:0/3600704006 conn(0x7f4f7c100960 msgr2=0x7f4f7c102d70 unknown :-1 s=STATE_NONE l=0).mark_down
2023-07-21T22:32:20.526 INFO:teuthology.orchestra.run.smithi060.stdout:/usr/bin/ceph: stderr
2023-07-21T22:32:19.238+0000 7f4f81938700 1 -- 172.21.15.60:0/3600704006 shutdown_connections
2023-07-21T22:32:20.529 INFO:teuthology.orchestra.run.smithi060.stdout:/usr/bin/ceph: stderr
2023-07-21T22:32:19.238+0000 7f4f81938700 1 -- 172.21.15.60:0/3600704006 wait complete.
2023-07-21T22:32:20.529 INFO:teuthology.orchestra.run.smithi060.stdout:/usr/bin/ceph: stderr
2023-07-21T22:32:19.239+0000 7f4f81938700 1 Processor -- start
2023-07-21T22:32:20.529 INFO:teuthology.orchestra.run.smithi060.stdout:/usr/bin/ceph: stderr
2023-07-21T22:32:19.239+0000 7f4f81938700 1 -- start start
2023-07-21T22:32:20.529 INFO:teuthology.orchestra.run.smithi060.stdout:/usr/bin/ceph: stderr
2023-07-21T22:32:19.240+0000 7f4f81938700 1 --2- >> [v2:172.21.15.60:3300/0,v1:172.21.15.60:6789/0] conn(0x7f4f7c07be30 0x7f4f7c19b640 unknown :-1 s=NONE pgs=0 cs=0 l=1 rev1=0 crypto rx=0 tx=0 comp rx=0 tx=0).connect
2023-07-21T22:32:20.530 INFO:teuthology.orchestra.run.smithi060.stdout:/usr/bin/ceph: stderr
2023-07-21T22:32:19.240+0000 7f4f81938700 1 -- --> [v2:172.21.15.60:3300/0,v1:172.21.15.60:6789/0] -- mon_getmap magic: 0 v1 -- 0x7f4f7c19bb80 con 0x7f4f7c07be30
2023-07-21T22:32:20.530 INFO:teuthology.orchestra.run.smithi060.stdout:/usr/bin/ceph: stderr
2023-07-21T22:32:19.240+0000 7f4f7affd700 1 --2- >> [v2:172.21.15.60:3300/0,v1:172.21.15.60:6789/0] conn(0x7f4f7c07be30 0x7f4f7c19b640 unknown :-1 s=BANNER_CONNECTING pgs=0 cs=0 l=1 rev1=0 crypto rx=0 tx=0 comp rx=0 tx=0)._handle_peer_banner_payload supported=3 required=0
2023-07-21T22:32:20.530 INFO:teuthology.orchestra.run.smithi060.stdout:/usr/bin/ceph: stderr
2023-07-21T22:32:19.240+0000 7f4f7affd700 1 --2- >> [v2:172.21.15.60:3300/0,v1:172.21.15.60:6789/0] conn(0x7f4f7c07be30 0x7f4f7c19b640 unknown :-1 s=HELLO_CONNECTING pgs=0 cs=0 l=1 rev1=1 crypto rx=0 tx=0 comp rx=0 tx=0).handle_hello peer v2:172.21.15.60:3300/0 says I am v2:172.21.15.60:33508/0 (socket says 172.21.15.60:33508)
2023-07-21T22:32:20.530 INFO:teuthology.orchestra.run.smithi060.stdout:/usr/bin/ceph: stderr
2023-07-21T22:32:19.240+0000 7f4f7affd700 1 -- 172.21.15.60:0/56959074 learned_addr learned my addr 172.21.15.60:0/56959074 (peer_addr_for_me v2:172.21.15.60:0/0)
2023-07-21T22:32:20.530 INFO:teuthology.orchestra.run.smithi060.stdout:/usr/bin/ceph: stderr
2023-07-21T22:32:19.240+0000 7f4f7affd700 1 -- 172.21.15.60:0/56959074 --> [v2:172.21.15.60:3300/0,v1:172.21.15.60:6789/0] -- mon_subscribe({config=0+,monmap=0+}) v3 -- 0x7f4f6c009550 con 0x7f4f7c07be30
2023-07-21T22:32:20.530 INFO:teuthology.orchestra.run.smithi060.stdout:/usr/bin/ceph: stderr
2023-07-21T22:32:19.240+0000 7f4f7affd700 1 --2- 172.21.15.60:0/56959074 >> [v2:172.21.15.60:3300/0,v1:172.21.15.60:6789/0] conn(0x7f4f7c07be30 0x7f4f7c19b640 secure :-1 s=READY pgs=52 cs=0 l=1 rev1=1 crypto rx=0x7f4f6c003e60 tx=0x7f4f6c011aa0 comp rx=0 tx=0).ready entity=mon.0 client_cookie=0 server_cookie=0 in_seq=0 out_seq=0
2023-07-21T22:32:20.530 INFO:teuthology.orchestra.run.smithi060.stdout:/usr/bin/ceph: stderr
2023-07-21T22:32:19.241+0000 7f4f80936700 1 -- 172.21.15.60:0/56959074 <== mon.0 v2:172.21.15.60:3300/0 1 ==== mon_map magic: 0 v1 ==== 205+0+0 (secure 0 0 0) 0x7f4f6c003af0 con 0x7f4f7c07be30
2023-07-21T22:32:20.530 INFO:teuthology.orchestra.run.smithi060.stdout:/usr/bin/ceph: stderr
2023-07-21T22:32:19.241+0000 7f4f80936700 1 -- 172.21.15.60:0/56959074 <== mon.0 v2:172.21.15.60:3300/0 2 ==== config(26 keys) v1 ==== 1105+0+0 (secure 0 0 0) 0x7f4f6c003c50 con 0x7f4f7c07be30
2023-07-21T22:32:20.531 INFO:teuthology.orchestra.run.smithi060.stdout:/usr/bin/ceph: stderr
2023-07-21T22:32:19.241+0000 7f4f81938700 1 -- 172.21.15.60:0/56959074 --> [v2:172.21.15.60:3300/0,v1:172.21.15.60:6789/0] -- mon_subscribe({mgrmap=0+}) v3 -- 0x7f4f7c19bd80 con 0x7f4f7c07be30
2023-07-21T22:32:20.531 INFO:teuthology.orchestra.run.smithi060.stdout:/usr/bin/ceph: stderr
