2023-07-21T22:31:54.440+0000 7f73217fa700 1 -- 172.21.15.60:0/3533510324 <== mon.0 v2:172.21.15.60:3300/0 2 ==== config(26 keys) v1 ==== 1074+0+0 (secure 0 0 0) 0x7f7314003ba0 con 0x7f73241039f0
2023-07-21T22:31:55.200 INFO:teuthology.orchestra.run.smithi060.stdout:/usr/bin/ceph: stderr
2023-07-21T22:31:54.440+0000 7f73217fa700 1 -- 172.21.15.60:0/3533510324 <== mon.0 v2:172.21.15.60:3300/0 3 ==== mon_map magic: 0 v1 ==== 205+0+0 (secure 0 0 0) 0x7f731401a700 con 0x7f73241039f0
2023-07-21T22:31:55.200 INFO:teuthology.orchestra.run.smithi060.stdout:/usr/bin/ceph: stderr
2023-07-21T22:31:54.440+0000 7f7329103700 1 -- 172.21.15.60:0/3533510324 --> [v2:172.21.15.60:3300/0,v1:172.21.15.60:6789/0] -- mon_subscribe({mgrmap=0+}) v3 -- 0x7f732419b810 con 0x7f73241039f0
2023-07-21T22:31:55.200 INFO:teuthology.orchestra.run.smithi060.stdout:/usr/bin/ceph: stderr
2023-07-21T22:31:54.440+0000 7f7329103700 1 -- 172.21.15.60:0/3533510324 --> [v2:172.21.15.60:3300/0,v1:172.21.15.60:6789/0] -- mon_subscribe({osdmap=0}) v3 -- 0x7f732419bc30 con 0x7f73241039f0
2023-07-21T22:31:55.200 INFO:teuthology.orchestra.run.smithi060.stdout:/usr/bin/ceph: stderr
2023-07-21T22:31:54.441+0000 7f7329103700 1 -- 172.21.15.60:0/3533510324 --> [v2:172.21.15.60:3300/0,v1:172.21.15.60:6789/0] -- mon_command({"prefix": "get_command_descriptions"} v 0) v1 -- 0x7f7324194910 con 0x7f73241039f0
2023-07-21T22:31:55.200 INFO:teuthology.orchestra.run.smithi060.stdout:/usr/bin/ceph: stderr
2023-07-21T22:31:54.441+0000 7f73217fa700 1 -- 172.21.15.60:0/3533510324 <== mon.0 v2:172.21.15.60:3300/0 4 ==== mgrmap(e 5) v1 ==== 45483+0+0 (secure 0 0 0) 0x7f7314024ad0 con 0x7f73241039f0
2023-07-21T22:31:55.200 INFO:teuthology.orchestra.run.smithi060.stdout:/usr/bin/ceph: stderr
2023-07-21T22:31:54.442+0000 7f73217fa700 1 --2- 172.21.15.60:0/3533510324 >> [v2:172.21.15.60:6800/1797432934,v1:172.21.15.60:6801/1797432934] conn(0x7f730c038760 0x7f730c03ac10 unknown :-1 s=NONE pgs=0 cs=0 l=1 rev1=0 crypto rx=0 tx=0 comp rx=0 tx=0).connect
2023-07-21T22:31:55.200 INFO:teuthology.orchestra.run.smithi060.stdout:/usr/bin/ceph: stderr
2023-07-21T22:31:54.442+0000 7f73217fa700 1 -- 172.21.15.60:0/3533510324 <== mon.0 v2:172.21.15.60:3300/0 5 ==== osd_map(1..1 src has 1..1) v4 ==== 725+0+0 (secure 0 0 0) 0x7f731404c6a0 con 0x7f73241039f0
2023-07-21T22:31:55.201 INFO:teuthology.orchestra.run.smithi060.stdout:/usr/bin/ceph: stderr
2023-07-21T22:31:54.442+0000 7f73237fe700 1 -- 172.21.15.60:0/3533510324 >> [v2:172.21.15.60:6800/1797432934,v1:172.21.15.60:6801/1797432934] conn(0x7f730c038760 msgr2=0x7f730c03ac10 unknown :-1 s=STATE_CONNECTING_RE l=1).process reconnect failed to v2:172.21.15.60:6800/1797432934
2023-07-21T22:31:55.201 INFO:teuthology.orchestra.run.smithi060.stdout:/usr/bin/ceph: stderr
2023-07-21T22:31:54.442+0000 7f73237fe700 1 --2- 172.21.15.60:0/3533510324 >> [v2:172.21.15.60:6800/1797432934,v1:172.21.15.60:6801/1797432934] conn(0x7f730c038760 0x7f730c03ac10 unknown :-1 s=START_CONNECT pgs=0 cs=0 l=1 rev1=0 crypto rx=0 tx=0 comp rx=0 tx=0)._fault waiting 0.200000
2023-07-21T22:31:55.201 INFO:teuthology.orchestra.run.smithi060.stdout:/usr/bin/ceph: stderr
2023-07-21T22:31:54.447+0000 7f73217fa700 1 -- 172.21.15.60:0/3533510324 <== mon.0 v2:172.21.15.60:3300/0 6 ==== mon_command_ack([{"prefix": "get_command_descriptions"}]=0 v0) v1 ==== 72+0+178008 (secure 0 0 0) 0x7f7314018b80 con 0x7f73241039f0
2023-07-21T22:31:55.201 INFO:teuthology.orchestra.run.smithi060.stdout:/usr/bin/ceph: stderr
2023-07-21T22:31:54.643+0000 7f73237fe700 1 -- 172.21.15.60:0/3533510324 >> [v2:172.21.15.60:6800/1797432934,v1:172.21.15.60:6801/1797432934] conn(0x7f730c038760 msgr2=0x7f730c03ac10 unknown :-1 s=STATE_CONNECTING_RE l=1).process reconnect failed to v2:172.21.15.60:6800/1797432934
2023-07-21T22:31:55.201 INFO:teuthology.orchestra.run.smithi060.stdout:/usr/bin/ceph: stderr
2023-07-21T22:31:54.643+0000 7f73237fe700 1 --2- 172.21.15.60:0/3533510324 >> [v2:172.21.15.60:6800/1797432934,v1:172.21.15.60:6801/1797432934] conn(0x7f730c038760 0x7f730c03ac10 unknown :-1 s=START_CONNECT pgs=0 cs=0 l=1 rev1=0 crypto rx=0 tx=0 comp rx=0 tx=0)._fault waiting 0.400000
2023-07-21T22:31:55.201 INFO:teuthology.orchestra.run.smithi060.stdout:/usr/bin/ceph: stderr
2023-07-21T22:31:54.708+0000 7f7329103700 1 -- 172.21.15.60:0/3533510324 --> [v2:172.21.15.60:3300/0,v1:172.21.15.60:6789/0] -- mon_command({"prefix": "mgr stat"} v 0) v1 -- 0x7f732402c850 con 0x7f73241039f0
2023-07-21T22:31:55.201 INFO:teuthology.orchestra.run.smithi060.stdout:/usr/bin/ceph: stderr
2023-07-21T22:31:54.708+0000 7f73217fa700 1 -- 172.21.15.60:0/3533510324 <== mon.0 v2:172.21.15.60:3300/0 7 ==== mon_command_ack([{"prefix": "mgr stat"}]=0 v5) v1 ==== 56+0+88 (secure 0 0 0) 0x7f7314018350 con 0x7f73241039f0
2023-07-21T22:31:55.201 INFO:teuthology.orchestra.run.smithi060.stdout:/usr/bin/ceph: stderr
2023-07-21T22:31:54.711+0000 7f7329103700 1 -- 172.21.15.60:0/3533510324 >> [v2:172.21.15.60:6800/1797432934,v1:172.21.15.60:6801/1797432934] conn(0x7f730c038760 msgr2=0x7f730c03ac10 unknown :-1 s=STATE_CONNECTING l=1).mark_down
2023-07-21T22:31:55.202 INFO:teuthology.orchestra.run.smithi060.stdout:/usr/bin/ceph: stderr
2023-07-21T22:31:54.711+0000 7f7329103700 1 --2- 172.21.15.60:0/3533510324 >> [v2:172.21.15.60:6800/1797432934,v1:172.21.15.60:6801/1797432934] conn(0x7f730c038760 0x7f730c03ac10 unknown :-1 s=START_CONNECT pgs=0 cs=0 l=1 rev1=0 crypto rx=0 tx=0 comp rx=0 tx=0).stop
2023-07-21T22:31:55.202 INFO:teuthology.orchestra.run.smithi060.stdout:/usr/bin/ceph: stderr
2023-07-21T22:31:54.711+0000 7f7329103700 1 -- 172.21.15.60:0/3533510324 >> [v2:172.21.15.60:3300/0,v1:172.21.15.60:6789/0] conn(0x7f73241039f0 msgr2=0x7f732419b0d0 secure :-1 s=STATE_CONNECTION_ESTABLISHED l=1).mark_down
2023-07-21T22:31:55.202 INFO:teuthology.orchestra.run.smithi060.stdout:/usr/bin/ceph: stderr
2023-07-21T22:31:54.711+0000 7f7329103700 1 --2- 172.21.15.60:0/3533510324 >> [v2:172.21.15.60:3300/0,v1:172.21.15.60:6789/0] conn(0x7f73241039f0 0x7f732419b0d0 secure :-1 s=READY pgs=23 cs=0 l=1 rev1=1 crypto rx=0x7f7314006af0 tx=0x7f7314011ad0 comp rx=0 tx=0).stop
2023-07-21T22:31:55.202 INFO:teuthology.orchestra.run.smithi060.stdout:/usr/bin/ceph: stderr
2023-07-21T22:31:54.711+0000 7f7329103700 1 -- 172.21.15.60:0/3533510324 shutdown_connections
2023-07-21T22:31:55.202 INFO:teuthology.orchestra.run.smithi060.stdout:/usr/bin/ceph: stderr
2023-07-21T22:31:54.711+0000 7f7329103700 1 --2- 172.21.15.60:0/3533510324 >> [v2:172.21.15.60:6800/1797432934,v1:172.21.15.60:6801/1797432934] conn(0x7f730c038760 0x7f730c03ac10 unknown :-1 s=CLOSED pgs=0 cs=0 l=1 rev1=0 crypto rx=0 tx=0 comp rx=0 tx=0).stop
2023-07-21T22:31:55.202 INFO:teuthology.orchestra.run.smithi060.stdout:/usr/bin/ceph: stderr
2023-07-21T22:31:54.711+0000 7f7329103700 1 --2- 172.21.15.60:0/3533510324 >> [v2:172.21.15.60:3300/0,v1:172.21.15.60:6789/0] conn(0x7f73241039f0 0x7f732419b0d0 unknown :-1 s=CLOSED pgs=23 cs=0 l=1 rev1=1 crypto rx=0 tx=0 comp rx=0 tx=0).stop
2023-07-21T22:31:55.202 INFO:teuthology.orchestra.run.smithi060.stdout:/usr/bin/ceph: stderr
2023-07-21T22:31:54.711+0000 7f7329103700 1 -- 172.21.15.60:0/3533510324 >> 172.21.15.60:0/3533510324 conn(0x7f73240ff680 msgr2=0x7f732418f5b0 unknown :-1 s=STATE_NONE l=0).mark_down
2023-07-21T22:31:55.203 INFO:teuthology.orchestra.run.smithi060.stdout:/usr/bin/ceph: stderr
2023-07-21T22:31:54.711+0000 7f7329103700 1 -- 172.21.15.60:0/3533510324 shutdown_connections
2023-07-21T22:31:55.203 INFO:teuthology.orchestra.run.smithi060.stdout:/usr/bin/ceph: stderr
2023-07-21T22:31:54.711+0000 7f7329103700 1 -- 172.21.15.60:0/3533510324 wait complete.
2023-07-21T22:31:55.203 INFO:teuthology.orchestra.run.smithi060.stdout:Waiting for the mgr to restart...
2023-07-21T22:31:55.203 INFO:teuthology.orchestra.run.smithi060.stdout:Waiting for mgr epoch 5...
2023-07-21T22:31:55.350 INFO:journalctl@ceph.mgr.x.smithi060.stdout:Jul 21 22:31:55 smithi060 ceph-37c23cf0-2816-11ee-9b34-001a4aab830c-mgr-x[95718]:
2023-07-21T22:31:55.092+0000 7f63d5ca2200 -1 mgr[py] Module alerts has missing NOTIFY_TYPES member
2023-07-21T22:31:55.719 INFO:journalctl@ceph.mon.a.smithi060.stdout:Jul 21 22:31:55 smithi060 ceph-mon[95475]: from='client.? 172.21.15.60:0/3533510324' entity='client.admin' cmd=[{"prefix": "mgr stat"}]: dispatch
2023-07-21T22:31:56.100 INFO:journalctl@ceph.mgr.x.smithi060.stdout:Jul 21 22:31:55 smithi060 ceph-37c23cf0-2816-11ee-9b34-001a4aab830c-mgr-x[95718]:
2023-07-21T22:31:55.673+0000 7f63d5ca2200 -1 mgr[py] Module progress has missing NOTIFY_TYPES member
2023-07-21T22:31:56.850 INFO:journalctl@ceph.mgr.x.smithi060.stdout:Jul 21 22:31:56 smithi060 ceph-37c23cf0-2816-11ee-9b34-001a4aab830c-mgr-x[95718]:
2023-07-21T22:31:56.444+0000 7f63d5ca2200 -1 mgr[py] Module rook has missing NOTIFY_TYPES member
2023-07-21T22:31:56.850 INFO:journalctl@ceph.mgr.x.smithi060.stdout:Jul 21 22:31:56 smithi060 ceph-37c23cf0-2816-11ee-9b34-001a4aab830c-mgr-x[95718]:
2023-07-21T22:31:56.656+0000 7f63d5ca2200 -1 mgr[py] Module iostat has missing NOTIFY_TYPES member
2023-07-21T22:31:58.033 INFO:journalctl@ceph.mgr.x.smithi060.stdout:Jul 21 22:31:57 smithi060 ceph-37c23cf0-2816-11ee-9b34-001a4aab830c-mgr-x[95718]:
2023-07-21T22:31:57.636+0000 7f63d5ca2200 -1 mgr[py] Module test_orchestrator has missing NOTIFY_TYPES member
2023-07-21T22:31:58.033 INFO:journalctl@ceph.mgr.x.smithi060.stdout:Jul 21 22:31:57 smithi060 ceph-37c23cf0-2816-11ee-9b34-001a4aab830c-mgr-x[95718]:
2023-07-21T22:31:57.760+0000 7f63d5ca2200 -1 mgr[py] Module osd_perf_query has missing NOTIFY_TYPES member
2023-07-21T22:31:58.350 INFO:journalctl@ceph.mgr.x.smithi060.stdout:Jul 21 22:31:57 smithi060 ceph-37c23cf0-2816-11ee-9b34-001a4aab830c-mgr-x[95718]:
2023-07-21T22:31:57.986+0000 7f63d5ca2200 -1 mgr[py] Module orchestrator has missing NOTIFY_TYPES member
2023-07-21T22:31:58.682 INFO:journalctl@ceph.mgr.x.smithi060.stdout:Jul 21 22:31:58 smithi060 ceph-37c23cf0-2816-11ee-9b34-001a4aab830c-mgr-x[95718]:
2023-07-21T22:31:58.355+0000 7f63d5ca2200 -1 mgr[py] Module rgw has missing NOTIFY_TYPES member
2023-07-21T22:31:59.100 INFO:journalctl@ceph.mgr.x.smithi060.stdout:Jul 21 22:31:58 smithi060 ceph-37c23cf0-2816-11ee-9b34-001a4aab830c-mgr-x[95718]:
2023-07-21T22:31:58.635+0000 7f63d5ca2200 -1 mgr[py] Module influx has missing NOTIFY_TYPES member
2023-07-21T22:31:59.100 INFO:journalctl@ceph.mgr.x.smithi060.stdout:Jul 21 22:31:58 smithi060 ceph-37c23cf0-2816-11ee-9b34-001a4aab830c-mgr-x[95718]:
2023-07-21T22:31:58.834+0000 7f63d5ca2200 -1 mgr[py] Module telemetry has missing NOTIFY_TYPES member
2023-07-21T22:31:59.600 INFO:journalctl@ceph.mgr.x.smithi060.stdout:Jul 21 22:31:59 smithi060 ceph-37c23cf0-2816-11ee-9b34-001a4aab830c-mgr-x[95718]:
2023-07-21T22:31:59.184+0000 7f63d5ca2200 -1 mgr[py] Module telegraf has missing NOTIFY_TYPES member
2023-07-21T22:32:00.600 INFO:journalctl@ceph.mgr.x.smithi060.stdout:Jul 21 22:32:00 smithi060 ceph-37c23cf0-2816-11ee-9b34-001a4aab830c-mgr-x[95718]:
2023-07-21T22:32:00.134+0000 7f63d5ca2200 -1 mgr[py] Module balancer has missing NOTIFY_TYPES member
2023-07-21T22:32:00.600 INFO:journalctl@ceph.mgr.x.smithi060.stdout:Jul 21 22:32:00 smithi060 ceph-37c23cf0-2816-11ee-9b34-001a4aab830c-mgr-x[95718]:
2023-07-21T22:32:00.312+0000 7f63d5ca2200 -1 mgr[py] Module diskprediction_local has missing NOTIFY_TYPES member
2023-07-21T22:32:01.042 INFO:journalctl@ceph.mgr.x.smithi060.stdout:Jul 21 22:32:00 smithi060 ceph-37c23cf0-2816-11ee-9b34-001a4aab830c-mgr-x[95718]:
2023-07-21T22:32:00.564+0000 7f63d5ca2200 -1 mgr[py] Module nfs has missing NOTIFY_TYPES member
2023-07-21T22:32:01.042 INFO:journalctl@ceph.mgr.x.smithi060.stdout:Jul 21 22:32:00 smithi060 ceph-37c23cf0-2816-11ee-9b34-001a4aab830c-mgr-x[95718]:
2023-07-21T22:32:00.715+0000 7f63d5ca2200 -1 mgr[py] Module rbd_support has missing NOTIFY_TYPES member
2023-07-21T22:32:02.600 INFO:journalctl@ceph.mgr.x.smithi060.stdout:Jul 21 22:32:00 smithi060 ceph-37c23cf0-2816-11ee-9b34-001a4aab830c-mgr-x[95718]:
2023-07-21T22:32:00.996+0000 7f63d5ca2200 -1 mgr[py] Module volumes has missing NOTIFY_TYPES member
2023-07-21T22:32:02.600 INFO:journalctl@ceph.mgr.x.smithi060.stdout:Jul 21 22:32:02 smithi060 ceph-37c23cf0-2816-11ee-9b34-001a4aab830c-mgr-x[95718]:
2023-07-21T22:32:02.092+0000 7f63d5ca2200 -1 mgr[py] Module pg_autoscaler has missing NOTIFY_TYPES member
2023-07-21T22:32:02.600 INFO:journalctl@ceph.mon.a.smithi060.stdout:Jul 21 22:32:02 smithi060 ceph-mon[95475]: Active manager daemon x restarted
2023-07-21T22:32:02.600 INFO:journalctl@ceph.mon.a.smithi060.stdout:Jul 21 22:32:02 smithi060 ceph-mon[95475]: Activating manager daemon x
2023-07-21T22:32:02.601 INFO:journalctl@ceph.mon.a.smithi060.stdout:Jul 21 22:32:02 smithi060 ceph-mon[95475]: osdmap e2: 0 total, 0 up, 0 in
2023-07-21T22:32:02.601 INFO:journalctl@ceph.mon.a.smithi060.stdout:Jul 21 22:32:02 smithi060 ceph-mon[95475]: mgrmap e6: x(active, starting, since 0.00402875s)
2023-07-21T22:32:02.601 INFO:journalctl@ceph.mon.a.smithi060.stdout:Jul 21 22:32:02 smithi060 ceph-mon[95475]: from='mgr.14116 172.21.15.60:0/2187832175' entity='mgr.x' cmd=[{"prefix": "mon metadata", "id": "a"}]: dispatch
2023-07-21T22:32:02.601 INFO:journalctl@ceph.mon.a.smithi060.stdout:Jul 21 22:32:02 smithi060 ceph-mon[95475]: from='mgr.14116 172.21.15.60:0/2187832175' entity='mgr.x' cmd=[{"prefix": "mgr metadata", "who": "x", "id": "x"}]: dispatch
2023-07-21T22:32:02.601 INFO:journalctl@ceph.mon.a.smithi060.stdout:Jul 21 22:32:02 smithi060 ceph-mon[95475]: from='mgr.14116 172.21.15.60:0/2187832175' entity='mgr.x' cmd=[{"prefix": "mds metadata"}]: dispatch
2023-07-21T22:32:02.601 INFO:journalctl@ceph.mon.a.smithi060.stdout:Jul 21 22:32:02 smithi060 ceph-mon[95475]: from='mgr.14116 172.21.15.60:0/2187832175' entity='mgr.x' cmd=[{"prefix": "osd metadata"}]: dispatch
2023-07-21T22:32:02.601 INFO:journalctl@ceph.mon.a.smithi060.stdout:Jul 21 22:32:02 smithi060 ceph-mon[95475]: from='mgr.14116 172.21.15.60:0/2187832175' entity='mgr.x' cmd=[{"prefix": "mon metadata"}]: dispatch
2023-07-21T22:32:02.602 INFO:journalctl@ceph.mon.a.smithi060.stdout:Jul 21 22:32:02 smithi060 ceph-mon[95475]: Manager daemon x is now available
2023-07-21T22:32:02.602 INFO:journalctl@ceph.mon.a.smithi060.stdout:Jul 21 22:32:02 smithi060 ceph-mon[95475]: from='mgr.14116 172.21.15.60:0/2187832175' entity='mgr.x'
2023-07-21T22:32:02.602 INFO:journalctl@ceph.mon.a.smithi060.stdout:Jul 21 22:32:02 smithi060 ceph-mon[95475]: from='mgr.14116 172.21.15.60:0/2187832175' entity='mgr.x'
2023-07-21T22:32:02.602 INFO:journalctl@ceph.mon.a.smithi060.stdout:Jul 21 22:32:02 smithi060 ceph-mon[95475]: from='mgr.14116 172.21.15.60:0/2187832175' entity='mgr.x' cmd=[{"prefix": "config dump", "format": "json"}]: dispatch
2023-07-21T22:32:02.602 INFO:journalctl@ceph.mon.a.smithi060.stdout:Jul 21 22:32:02 smithi060 ceph-mon[95475]: from='mgr.14116 172.21.15.60:0/2187832175' entity='mgr.x' cmd=[{"prefix": "config dump", "format": "json"}]: dispatch
2023-07-21T22:32:03.574 INFO:journalctl@ceph.mon.a.smithi060.stdout:Jul 21 22:32:03 smithi060 ceph-mon[95475]: Found migration_current of "None". Setting to last migration.
2023-07-21T22:32:03.575 INFO:journalctl@ceph.mon.a.smithi060.stdout:Jul 21 22:32:03 smithi060 ceph-mon[95475]: from='mgr.14116 172.21.15.60:0/2187832175' entity='mgr.x' cmd=[{"prefix": "config dump", "format": "json"}]: dispatch
2023-07-21T22:32:03.575 INFO:journalctl@ceph.mon.a.smithi060.stdout:Jul 21 22:32:03 smithi060 ceph-mon[95475]: from='mgr.14116 172.21.15.60:0/2187832175' entity='mgr.x' cmd=[{"prefix":"config rm","who":"mgr","name":"mgr/rbd_support/x/mirror_snapshot_schedule"}]: dispatch
2023-07-21T22:32:03.575 INFO:journalctl@ceph.mon.a.smithi060.stdout:Jul 21 22:32:03 smithi060 ceph-mon[95475]: from='mgr.14116 172.21.15.60:0/2187832175' entity='mgr.x' cmd=[{"prefix":"config rm","who":"mgr","name":"mgr/rbd_support/x/trash_purge_schedule"}]: dispatch
2023-07-21T22:32:03.575 INFO:journalctl@ceph.mon.a.smithi060.stdout:Jul 21 22:32:03 smithi060 ceph-mon[95475]: from='mgr.14116 172.21.15.60:0/2187832175' entity='mgr.x'
2023-07-21T22:32:03.575 INFO:journalctl@ceph.mon.a.smithi060.stdout:Jul 21 22:32:03 smithi060 ceph-mon[95475]: from='mgr.14116 172.21.15.60:0/2187832175' entity='mgr.x'
2023-07-21T22:32:03.575 INFO:journalctl@ceph.mon.a.smithi060.stdout:Jul 21 22:32:03 smithi060 ceph-mon[95475]: mgrmap e7: x(active, since 1.00711s)
2023-07-21T22:32:03.596 INFO:teuthology.orchestra.run.smithi060.stdout:/usr/bin/ceph: stdout {
2023-07-21T22:32:03.596 INFO:teuthology.orchestra.run.smithi060.stdout:/usr/bin/ceph: stdout "mgrmap_epoch": 7,
2023-07-21T22:32:03.596 INFO:teuthology.orchestra.run.smithi060.stdout:/usr/bin/ceph: stdout "initialized": true
2023-07-21T22:32:03.596 INFO:teuthology.orchestra.run.smithi060.stdout:/usr/bin/ceph: stdout }
2023-07-21T22:32:03.596 INFO:teuthology.orchestra.run.smithi060.stdout:/usr/bin/ceph: stderr
2023-07-21T22:31:55.695+0000 7f3efa2b8700 1 Processor -- start
2023-07-21T22:32:03.597 INFO:teuthology.orchestra.run.smithi060.stdout:/usr/bin/ceph: stderr
2023-07-21T22:31:55.696+0000 7f3efa2b8700 1 -- start start
2023-07-21T22:32:03.597 INFO:teuthology.orchestra.run.smithi060.stdout:/usr/bin/ceph: stderr
2023-07-21T22:31:55.696+0000 7f3efa2b8700 1 --2- >> [v2:172.21.15.60:3300/0,v1:172.21.15.60:6789/0] conn(0x7f3ef407be10 0x7f3ef407a310 unknown :-1 s=NONE pgs=0 cs=0 l=0 rev1=0 crypto rx=0 tx=0 comp rx=0 tx=0).connect
2023-07-21T22:32:03.597 INFO:teuthology.orchestra.run.smithi060.stdout:/usr/bin/ceph: stderr
2023-07-21T22:31:55.696+0000 7f3efa2b8700 1 -- --> [v2:172.21.15.60:3300/0,v1:172.21.15.60:6789/0] -- mon_getmap magic: 0 v1 -- 0x7f3ef407a850 con 0x7f3ef407be10
2023-07-21T22:32:03.597 INFO:teuthology.orchestra.run.smithi060.stdout:/usr/bin/ceph: stderr
2023-07-21T22:31:55.697+0000 7f3ef3fff700 1 --2- >> [v2:172.21.15.60:3300/0,v1:172.21.15.60:6789/0] conn(0x7f3ef407be10 0x7f3ef407a310 unknown :-1 s=BANNER_CONNECTING pgs=0 cs=0 l=0 rev1=0 crypto rx=0 tx=0 comp rx=0 tx=0)._handle_peer_banner_payload supported=3 required=0
2023-07-21T22:32:03.597 INFO:teuthology.orchestra.run.smithi060.stdout:/usr/bin/ceph: stderr
2023-07-21T22:31:55.697+0000 7f3ef3fff700 1 --2- >> [v2:172.21.15.60:3300/0,v1:172.21.15.60:6789/0] conn(0x7f3ef407be10 0x7f3ef407a310 unknown :-1 s=HELLO_CONNECTING pgs=0 cs=0 l=0 rev1=1 crypto rx=0 tx=0 comp rx=0 tx=0).handle_hello peer v2:172.21.15.60:3300/0 says I am v2:172.21.15.60:34702/0 (socket says 172.21.15.60:34702)
2023-07-21T22:32:03.597 INFO:teuthology.orchestra.run.smithi060.stdout:/usr/bin/ceph: stderr
2023-07-21T22:31:55.697+0000 7f3ef3fff700 1 -- 172.21.15.60:0/460430930 learned_addr learned my addr 172.21.15.60:0/460430930 (peer_addr_for_me v2:172.21.15.60:0/0)
2023-07-21T22:32:03.597 INFO:teuthology.orchestra.run.smithi060.stdout:/usr/bin/ceph: stderr
2023-07-21T22:31:55.697+0000 7f3ef3fff700 1 -- 172.21.15.60:0/460430930 --> [v2:172.21.15.60:3300/0,v1:172.21.15.60:6789/0] -- mon_subscribe({config=0+,monmap=0+}) v3 -- 0x7f3ef407a990 con 0x7f3ef407be10
2023-07-21T22:32:03.597 INFO:teuthology.orchestra.run.smithi060.stdout:/usr/bin/ceph: stderr
2023-07-21T22:31:55.697+0000 7f3ef3fff700 1 --2- 172.21.15.60:0/460430930 >> [v2:172.21.15.60:3300/0,v1:172.21.15.60:6789/0] conn(0x7f3ef407be10 0x7f3ef407a310 secure :-1 s=READY pgs=24 cs=0 l=1 rev1=1 crypto rx=0x7f3ee40098a0 tx=0x7f3ee4009bb0 comp rx=0 tx=0).ready entity=mon.0 client_cookie=29819d18d2dba074 server_cookie=0 in_seq=0 out_seq=0
2023-07-21T22:32:03.598 INFO:teuthology.orchestra.run.smithi060.stdout:/usr/bin/ceph: stderr
2023-07-21T22:31:55.698+0000 7f3ef2ffd700 1 -- 172.21.15.60:0/460430930 <== mon.0 v2:172.21.15.60:3300/0 1 ==== mon_map magic: 0 v1 ==== 205+0+0 (secure 0 0 0) 0x7f3ee4004160 con 0x7f3ef407be10
2023-07-21T22:32:03.598 INFO:teuthology.orchestra.run.smithi060.stdout:/usr/bin/ceph: stderr
2023-07-21T22:31:55.698+0000 7f3ef2ffd700 1 -- 172.21.15.60:0/460430930 <== mon.0 v2:172.21.15.60:3300/0 2 ==== config(26 keys) v1 ==== 1074+0+0 (secure 0 0 0) 0x7f3ee40042c0 con 0x7f3ef407be10
2023-07-21T22:32:03.598 INFO:teuthology.orchestra.run.smithi060.stdout:/usr/bin/ceph: stderr
2023-07-21T22:31:55.698+0000 7f3ef2ffd700 1 -- 172.21.15.60:0/460430930 <== mon.0 v2:172.21.15.60:3300/0 3 ==== mon_map magic: 0 v1 ==== 205+0+0 (secure 0 0 0) 0x7f3ee4011a00 con 0x7f3ef407be10
2023-07-21T22:32:03.598 INFO:teuthology.orchestra.run.smithi060.stdout:/usr/bin/ceph: stderr
2023-07-21T22:31:55.698+0000 7f3efa2b8700 1 -- 172.21.15.60:0/460430930 >> [v2:172.21.15.60:3300/0,v1:172.21.15.60:6789/0] conn(0x7f3ef407be10 msgr2=0x7f3ef407a310 secure :-1 s=STATE_CONNECTION_ESTABLISHED l=1).mark_down
2023-07-21T22:32:03.598 INFO:teuthology.orchestra.run.smithi060.stdout:/usr/bin/ceph: stderr
2023-07-21T22:31:55.698+0000 7f3efa2b8700 1 --2- 172.21.15.60:0/460430930 >> [v2:172.21.15.60:3300/0,v1:172.21.15.60:6789/0] conn(0x7f3ef407be10 0x7f3ef407a310 secure :-1 s=READY pgs=24 cs=0 l=1 rev1=1 crypto rx=0x7f3ee40098a0 tx=0x7f3ee4009bb0 comp rx=0 tx=0).stop
2023-07-21T22:32:03.598 INFO:teuthology.orchestra.run.smithi060.stdout:/usr/bin/ceph: stderr
2023-07-21T22:31:55.698+0000 7f3efa2b8700 1 -- 172.21.15.60:0/460430930 shutdown_connections
2023-07-21T22:32:03.598 INFO:teuthology.orchestra.run.smithi060.stdout:/usr/bin/ceph: stderr
2023-07-21T22:31:55.698+0000 7f3efa2b8700 1 --2- 172.21.15.60:0/460430930 >> [v2:172.21.15.60:3300/0,v1:172.21.15.60:6789/0] conn(0x7f3ef407be10 0x7f3ef407a310 unknown :-1 s=CLOSED pgs=24 cs=0 l=1 rev1=1 crypto rx=0 tx=0 comp rx=0 tx=0).stop
2023-07-21T22:32:03.599 INFO:teuthology.orchestra.run.smithi060.stdout:/usr/bin/ceph: stderr
2023-07-21T22:31:55.698+0000 7f3efa2b8700 1 -- 172.21.15.60:0/460430930 >> 172.21.15.60:0/460430930 conn(0x7f3ef4100960 msgr2=0x7f3ef4102d70 unknown :-1 s=STATE_NONE l=0).mark_down
2023-07-21T22:32:03.599 INFO:teuthology.orchestra.run.smithi060.stdout:/usr/bin/ceph: stderr
2023-07-21T22:31:55.698+0000 7f3efa2b8700 1 -- 172.21.15.60:0/460430930 shutdown_connections
2023-07-21T22:32:03.599 INFO:teuthology.orchestra.run.smithi060.stdout:/usr/bin/ceph: stderr
2023-07-21T22:31:55.698+0000 7f3efa2b8700 1 -- 172.21.15.60:0/460430930 wait complete.
2023-07-21T22:32:03.599 INFO:teuthology.orchestra.run.smithi060.stdout:/usr/bin/ceph: stderr
2023-07-21T22:31:55.699+0000 7f3efa2b8700 1 Processor -- start
2023-07-21T22:32:03.599 INFO:teuthology.orchestra.run.smithi060.stdout:/usr/bin/ceph: stderr
2023-07-21T22:31:55.700+0000 7f3efa2b8700 1 -- start start
2023-07-21T22:32:03.599 INFO:teuthology.orchestra.run.smithi060.stdout:/usr/bin/ceph: stderr
2023-07-21T22:31:55.700+0000 7f3efa2b8700 1 --2- >> [v2:172.21.15.60:3300/0,v1:172.21.15.60:6789/0] conn(0x7f3ef407be10 0x7f3ef419b630 unknown :-1 s=NONE pgs=0 cs=0 l=1 rev1=0 crypto rx=0 tx=0 comp rx=0 tx=0).connect
2023-07-21T22:32:03.599 INFO:teuthology.orchestra.run.smithi060.stdout:/usr/bin/ceph: stderr
2023-07-21T22:31:55.700+0000 7f3efa2b8700 1 -- --> [v2:172.21.15.60:3300/0,v1:172.21.15.60:6789/0] -- mon_getmap magic: 0 v1 -- 0x7f3ef419bb70 con 0x7f3ef407be10
2023-07-21T22:32:03.599 INFO:teuthology.orchestra.run.smithi060.stdout:/usr/bin/ceph: stderr
2023-07-21T22:31:55.700+0000 7f3ef3fff700 1 --2- >> [v2:172.21.15.60:3300/0,v1:172.21.15.60:6789/0] conn(0x7f3ef407be10 0x7f3ef419b630 unknown :-1 s=BANNER_CONNECTING pgs=0 cs=0 l=1 rev1=0 crypto rx=0 tx=0 comp rx=0 tx=0)._handle_peer_banner_payload supported=3 required=0
2023-07-21T22:32:03.600 INFO:teuthology.orchestra.run.smithi060.stdout:/usr/bin/ceph: stderr
2023-07-21T22:31:55.700+0000 7f3ef3fff700 1 --2- >> [v2:172.21.15.60:3300/0,v1:172.21.15.60:6789/0] conn(0x7f3ef407be10 0x7f3ef419b630 unknown :-1 s=HELLO_CONNECTING pgs=0 cs=0 l=1 rev1=1 crypto rx=0 tx=0 comp rx=0 tx=0).handle_hello peer v2:172.21.15.60:3300/0 says I am v2:172.21.15.60:34714/0 (socket says 172.21.15.60:34714)
2023-07-21T22:32:03.600 INFO:teuthology.orchestra.run.smithi060.stdout:/usr/bin/ceph: stderr
2023-07-21T22:31:55.700+0000 7f3ef3fff700 1 -- 172.21.15.60:0/545450287 learned_addr learned my addr 172.21.15.60:0/545450287 (peer_addr_for_me v2:172.21.15.60:0/0)
2023-07-21T22:32:03.600 INFO:teuthology.orchestra.run.smithi060.stdout:/usr/bin/ceph: stderr
2023-07-21T22:31:55.701+0000 7f3ef3fff700 1 -- 172.21.15.60:0/545450287 --> [v2:172.21.15.60:3300/0,v1:172.21.15.60:6789/0] -- mon_subscribe({config=0+,monmap=0+}) v3 -- 0x7f3ee4009550 con 0x7f3ef407be10
2023-07-21T22:32:03.600 INFO:teuthology.orchestra.run.smithi060.stdout:/usr/bin/ceph: stderr
2023-07-21T22:31:55.701+0000 7f3ef3fff700 1 --2- 172.21.15.60:0/545450287 >> [v2:172.21.15.60:3300/0,v1:172.21.15.60:6789/0] conn(0x7f3ef407be10 0x7f3ef419b630 secure :-1 s=READY pgs=25 cs=0 l=1 rev1=1 crypto rx=0x7f3ee4003f50 tx=0x7f3ee4011ad0 comp rx=0 tx=0).ready entity=mon.0 client_cookie=0 server_cookie=0 in_seq=0 out_seq=0
2023-07-21T22:32:03.600 INFO:teuthology.orchestra.run.smithi060.stdout:/usr/bin/ceph: stderr
2023-07-21T22:31:55.701+0000 7f3ef17fa700 1 -- 172.21.15.60:0/545450287 <== mon.0 v2:172.21.15.60:3300/0 1 ==== mon_map magic: 0 v1 ==== 205+0+0 (secure 0 0 0) 0x7f3ee4003aa0 con 0x7f3ef407be10
2023-07-21T22:32:03.600 INFO:teuthology.orchestra.run.smithi060.stdout:/usr/bin/ceph: stderr
2023-07-21T22:31:55.701+0000 7f3ef17fa700 1 -- 172.21.15.60:0/545450287 <== mon.0 v2:172.21.15.60:3300/0 2 ==== config(26 keys) v1 ==== 1074+0+0 (secure 0 0 0) 0x7f3ee4003c00 con 0x7f3ef407be10
2023-07-21T22:32:03.600 INFO:teuthology.orchestra.run.smithi060.stdout:/usr/bin/ceph: stderr
2023-07-21T22:31:55.701+0000 7f3efa2b8700 1 -- 172.21.15.60:0/545450287 --> [v2:172.21.15.60:3300/0,v1:172.21.15.60:6789/0] -- mon_subscribe({mgrmap=0+}) v3 -- 0x7f3ef419bd70 con 0x7f3ef407be10
2023-07-21T22:32:03.601 INFO:teuthology.orchestra.run.smithi060.stdout:/usr/bin/ceph: stderr
2023-07-21T22:31:55.701+0000 7f3ef17fa700 1 -- 172.21.15.60:0/545450287 <== mon.0 v2:172.21.15.60:3300/0 3 ==== mon_map magic: 0 v1 ==== 205+0+0 (secure 0 0 0) 0x7f3ee40247c0 con 0x7f3ef407be10
2023-07-21T22:32:03.601 INFO:teuthology.orchestra.run.smithi060.stdout:/usr/bin/ceph: stderr
2023-07-21T22:31:55.701+0000 7f3efa2b8700 1 -- 172.21.15.60:0/545450287 --> [v2:172.21.15.60:3300/0,v1:172.21.15.60:6789/0] -- mon_subscribe({osdmap=0}) v3 -- 0x7f3ef419c190 con 0x7f3ef407be10
2023-07-21T22:32:03.601 INFO:teuthology.orchestra.run.smithi060.stdout:/usr/bin/ceph: stderr
2023-07-21T22:31:55.703+0000 7f3ef17fa700 1 -- 172.21.15.60:0/545450287 <== mon.0 v2:172.21.15.60:3300/0 4 ==== mgrmap(e 5) v1 ==== 45483+0+0 (secure 0 0 0) 0x7f3ee401ab60 con 0x7f3ef407be10
2023-07-21T22:32:03.601 INFO:teuthology.orchestra.run.smithi060.stdout:/usr/bin/ceph: stderr
2023-07-21T22:31:55.704+0000 7f3ef17fa700 1 --2- 172.21.15.60:0/545450287 >> [v2:172.21.15.60:6800/1797432934,v1:172.21.15.60:6801/1797432934] conn(0x7f3edc038760 0x7f3edc03ac10 unknown :-1 s=NONE pgs=0 cs=0 l=1 rev1=0 crypto rx=0 tx=0 comp rx=0 tx=0).connect
2023-07-21T22:32:03.601 INFO:teuthology.orchestra.run.smithi060.stdout:/usr/bin/ceph: stderr
2023-07-21T22:31:55.704+0000 7f3ef17fa700 1 -- 172.21.15.60:0/545450287 --> [v2:172.21.15.60:6800/1797432934,v1:172.21.15.60:6801/1797432934] -- command(tid 0: {"prefix": "get_command_descriptions"}) v1 -- 0x7f3edc03b320 con 0x7f3edc038760
2023-07-21T22:32:03.601 INFO:teuthology.orchestra.run.smithi060.stdout:/usr/bin/ceph: stderr
2023-07-21T22:31:55.704+0000 7f3ef17fa700 1 -- 172.21.15.60:0/545450287 <== mon.0 v2:172.21.15.60:3300/0 5 ==== osd_map(1..1 src has 1..1) v4 ==== 725+0+0 (secure 0 0 0) 0x7f3ee404c2e0 con 0x7f3ef407be10
2023-07-21T22:32:03.601 INFO:teuthology.orchestra.run.smithi060.stdout:/usr/bin/ceph: stderr
2023-07-21T22:31:55.704+0000 7f3ef37fe700 1 -- 172.21.15.60:0/545450287 >> [v2:172.21.15.60:6800/1797432934,v1:172.21.15.60:6801/1797432934] conn(0x7f3edc038760 msgr2=0x7f3edc03ac10 unknown :-1 s=STATE_CONNECTING_RE l=1).process reconnect failed to v2:172.21.15.60:6800/1797432934
2023-07-21T22:32:03.601 INFO:teuthology.orchestra.run.smithi060.stdout:/usr/bin/ceph: stderr
2023-07-21T22:31:55.704+0000 7f3ef37fe700 1 --2- 172.21.15.60:0/545450287 >> [v2:172.21.15.60:6800/1797432934,v1:172.21.15.60:6801/1797432934] conn(0x7f3edc038760 0x7f3edc03ac10 unknown :-1 s=START_CONNECT pgs=0 cs=0 l=1 rev1=0 crypto rx=0 tx=0 comp rx=0 tx=0)._fault waiting 0.200000
2023-07-21T22:32:03.602 INFO:teuthology.orchestra.run.smithi060.stdout:/usr/bin/ceph: stderr
2023-07-21T22:31:55.905+0000 7f3ef37fe700 1 -- 172.21.15.60:0/545450287 >> [v2:172.21.15.60:6800/1797432934,v1:172.21.15.60:6801/1797432934] conn(0x7f3edc038760 msgr2=0x7f3edc03ac10 unknown :-1 s=STATE_CONNECTING_RE l=1).process reconnect failed to v2:172.21.15.60:6800/1797432934
2023-07-21T22:32:03.602 INFO:teuthology.orchestra.run.smithi060.stdout:/usr/bin/ceph: stderr
2023-07-21T22:31:55.905+0000 7f3ef37fe700 1 --2- 172.21.15.60:0/545450287 >> [v2:172.21.15.60:6800/1797432934,v1:172.21.15.60:6801/1797432934] conn(0x7f3edc038760 0x7f3edc03ac10 unknown :-1 s=START_CONNECT pgs=0 cs=0 l=1 rev1=0 crypto rx=0 tx=0 comp rx=0 tx=0)._fault waiting 0.400000
2023-07-21T22:32:03.602 INFO:teuthology.orchestra.run.smithi060.stdout:/usr/bin/ceph: stderr
2023-07-21T22:31:56.306+0000 7f3ef37fe700 1 -- 172.21.15.60:0/545450287 >> [v2:172.21.15.60:6800/1797432934,v1:172.21.15.60:6801/1797432934] conn(0x7f3edc038760 msgr2=0x7f3edc03ac10 unknown :-1 s=STATE_CONNECTING_RE l=1).process reconnect failed to v2:172.21.15.60:6800/1797432934
2023-07-21T22:32:03.602 INFO:teuthology.orchestra.run.smithi060.stdout:/usr/bin/ceph: stderr
2023-07-21T22:31:56.306+0000 7f3ef37fe700 1 --2- 172.21.15.60:0/545450287 >> [v2:172.21.15.60:6800/1797432934,v1:172.21.15.60:6801/1797432934] conn(0x7f3edc038760 0x7f3edc03ac10 unknown :-1 s=START_CONNECT pgs=0 cs=0 l=1 rev1=0 crypto rx=0 tx=0 comp rx=0 tx=0)._fault waiting 0.800000
2023-07-21T22:32:03.602 INFO:teuthology.orchestra.run.smithi060.stdout:/usr/bin/ceph: stderr
2023-07-21T22:31:57.107+0000 7f3ef37fe700 1 -- 172.21.15.60:0/545450287 >> [v2:172.21.15.60:6800/1797432934,v1:172.21.15.60:6801/1797432934] conn(0x7f3edc038760 msgr2=0x7f3edc03ac10 unknown :-1 s=STATE_CONNECTING_RE l=1).process reconnect failed to v2:172.21.15.60:6800/1797432934
2023-07-21T22:32:03.602 INFO:teuthology.orchestra.run.smithi060.stdout:/usr/bin/ceph: stderr
2023-07-21T22:31:57.107+0000 7f3ef37fe700 1 --2- 172.21.15.60:0/545450287 >> [v2:172.21.15.60:6800/1797432934,v1:172.21.15.60:6801/1797432934] conn(0x7f3edc038760 0x7f3edc03ac10 unknown :-1 s=START_CONNECT pgs=0 cs=0 l=1 rev1=0 crypto rx=0 tx=0 comp rx=0 tx=0)._fault waiting 1.600000
2023-07-21T22:32:03.602 INFO:teuthology.orchestra.run.smithi060.stdout:/usr/bin/ceph: stderr
2023-07-21T22:31:58.708+0000 7f3ef37fe700 1 -- 172.21.15.60:0/545450287 >> [v2:172.21.15.60:6800/1797432934,v1:172.21.15.60:6801/1797432934] conn(0x7f3edc038760 msgr2=0x7f3edc03ac10 unknown :-1 s=STATE_CONNECTING_RE l=1).process reconnect failed to v2:172.21.15.60:6800/1797432934
2023-07-21T22:32:03.602 INFO:teuthology.orchestra.run.smithi060.stdout:/usr/bin/ceph: stderr
2023-07-21T22:31:58.709+0000 7f3ef37fe700 1 --2- 172.21.15.60:0/545450287 >> [v2:172.21.15.60:6800/1797432934,v1:172.21.15.60:6801/1797432934] conn(0x7f3edc038760 0x7f3edc03ac10 unknown :-1 s=START_CONNECT pgs=0 cs=0 l=1 rev1=0 crypto rx=0 tx=0 comp rx=0 tx=0)._fault waiting 3.200000
2023-07-21T22:32:03.603 INFO:teuthology.orchestra.run.smithi060.stdout:/usr/bin/ceph: stderr
2023-07-21T22:32:01.912+0000 7f3ef37fe700 1 -- 172.21.15.60:0/545450287 >> [v2:172.21.15.60:6800/1797432934,v1:172.21.15.60:6801/1797432934] conn(0x7f3edc038760 msgr2=0x7f3edc03ac10 unknown :-1 s=STATE_CONNECTING_RE l=1).process reconnect failed to v2:172.21.15.60:6800/1797432934
2023-07-21T22:32:03.603 INFO:teuthology.orchestra.run.smithi060.stdout:/usr/bin/ceph: stderr
2023-07-21T22:32:01.912+0000 7f3ef37fe700 1 --2- 172.21.15.60:0/545450287 >> [v2:172.21.15.60:6800/1797432934,v1:172.21.15.60:6801/1797432934] conn(0x7f3edc038760 0x7f3edc03ac10 unknown :-1 s=START_CONNECT pgs=0 cs=0 l=1 rev1=0 crypto rx=0 tx=0 comp rx=0 tx=0)._fault waiting 6.400000
2023-07-21T22:32:03.603 INFO:teuthology.orchestra.run.smithi060.stdout:/usr/bin/ceph: stderr
2023-07-21T22:32:02.097+0000 7f3ef17fa700 1 -- 172.21.15.60:0/545450287 <== mon.0 v2:172.21.15.60:3300/0 6 ==== mgrmap(e 6) v1 ==== 45250+0+0 (secure 0 0 0) 0x7f3ee402c350 con 0x7f3ef407be10
2023-07-21T22:32:03.603 INFO:teuthology.orchestra.run.smithi060.stdout:/usr/bin/ceph: stderr
2023-07-21T22:32:02.097+0000 7f3ef17fa700 1 -- 172.21.15.60:0/545450287 >> [v2:172.21.15.60:6800/1797432934,v1:172.21.15.60:6801/1797432934] conn(0x7f3edc038760 msgr2=0x7f3edc03ac10 unknown :-1 s=STATE_CONNECTING l=1).mark_down
2023-07-21T22:32:03.603 INFO:teuthology.orchestra.run.smithi060.stdout:/usr/bin/ceph: stderr
2023-07-21T22:32:02.097+0000 7f3ef17fa700 1 --2- 172.21.15.60:0/545450287 >> [v2:172.21.15.60:6800/1797432934,v1:172.21.15.60:6801/1797432934] conn(0x7f3edc038760 0x7f3edc03ac10 unknown :-1 s=START_CONNECT pgs=0 cs=0 l=1 rev1=0 crypto rx=0 tx=0 comp rx=0 tx=0).stop
2023-07-21T22:32:03.603 INFO:teuthology.orchestra.run.smithi060.stdout:/usr/bin/ceph: stderr
2023-07-21T22:32:03.098+0000 7f3ef17fa700 1 -- 172.21.15.60:0/545450287 <== mon.0 v2:172.21.15.60:3300/0 7 ==== mgrmap(e 7) v1 ==== 45377+0+0 (secure 0 0 0) 0x7f3ee404ddf0 con 0x7f3ef407be10
2023-07-21T22:32:03.603 INFO:teuthology.orchestra.run.smithi060.stdout:/usr/bin/ceph: stderr
2023-07-21T22:32:03.099+0000 7f3ef17fa700 1 --2- 172.21.15.60:0/545450287 >> [v2:172.21.15.60:6800/3661017227,v1:172.21.15.60:6801/3661017227] conn(0x7f3edc03bfe0 0x7f3edc03e3c0 unknown :-1 s=NONE pgs=0 cs=0 l=1 rev1=0 crypto rx=0 tx=0 comp rx=0 tx=0).connect
2023-07-21T22:32:03.604 INFO:teuthology.orchestra.run.smithi060.stdout:/usr/bin/ceph: stderr
2023-07-21T22:32:03.099+0000 7f3ef17fa700 1 -- 172.21.15.60:0/545450287 --> [v2:172.21.15.60:6800/3661017227,v1:172.21.15.60:6801/3661017227] -- command(tid 0: {"prefix": "get_command_descriptions"}) v1 -- 0x7f3edc03b320 con 0x7f3edc03bfe0
2023-07-21T22:32:03.604 INFO:teuthology.orchestra.run.smithi060.stdout:/usr/bin/ceph: stderr
2023-07-21T22:32:03.099+0000 7f3ef37fe700 1 --2- 172.21.15.60:0/545450287 >> [v2:172.21.15.60:6800/3661017227,v1:172.21.15.60:6801/3661017227] conn(0x7f3edc03bfe0 0x7f3edc03e3c0 unknown :-1 s=BANNER_CONNECTING pgs=0 cs=0 l=1 rev1=0 crypto rx=0 tx=0 comp rx=0 tx=0)._handle_peer_banner_payload supported=3 required=0
2023-07-21T22:32:03.604 INFO:teuthology.orchestra.run.smithi060.stdout:/usr/bin/ceph: stderr
2023-07-21T22:32:03.100+0000 7f3ef37fe700 1 --2- 172.21.15.60:0/545450287 >> [v2:172.21.15.60:6800/3661017227,v1:172.21.15.60:6801/3661017227] conn(0x7f3edc03bfe0 0x7f3edc03e3c0 secure :-1 s=READY pgs=2 cs=0 l=1 rev1=1 crypto rx=0x7f3ee8003a10 tx=0x7f3ee80092b0 comp rx=0 tx=0).ready entity=mgr.14116 client_cookie=0 server_cookie=0 in_seq=0 out_seq=0
2023-07-21T22:32:03.604 INFO:teuthology.orchestra.run.smithi060.stdout:/usr/bin/ceph: stderr
2023-07-21T22:32:03.101+0000 7f3ef17fa700 1 -- 172.21.15.60:0/545450287 <== mgr.14116 v2:172.21.15.60:6800/3661017227 1 ==== command_reply(tid 0: 0 ) v1 ==== 8+0+6910 (secure 0 0 0) 0x7f3edc03b320 con 0x7f3edc03bfe0
2023-07-21T22:32:03.604 INFO:teuthology.orchestra.run.smithi060.stdout:/usr/bin/ceph: stderr
2023-07-21T22:32:03.108+0000 7f3edaffd700 1 -- 172.21.15.60:0/545450287 --> [v2:172.21.15.60:6800/3661017227,v1:172.21.15.60:6801/3661017227] -- command(tid 1: {"prefix": "mgr_status"}) v1 -- 0x7f3ef419c970 con 0x7f3edc03bfe0
2023-07-21T22:32:03.604 INFO:teuthology.orchestra.run.smithi060.stdout:/usr/bin/ceph: stderr
2023-07-21T22:32:03.109+0000 7f3ef17fa700 1 -- 172.21.15.60:0/545450287 <== mgr.14116 v2:172.21.15.60:6800/3661017227 2 ==== command_reply(tid 1: 0 ) v1 ==== 8+0+51 (secure 0 0 0) 0x7f3ef419c970 con 0x7f3edc03bfe0
2023-07-21T22:32:03.604 INFO:teuthology.orchestra.run.smithi060.stdout:/usr/bin/ceph: stderr
2023-07-21T22:32:03.109+0000 7f3edaffd700 1 -- 172.21.15.60:0/545450287 >> [v2:172.21.15.60:6800/3661017227,v1:172.21.15.60:6801/3661017227] conn(0x7f3edc03bfe0 msgr2=0x7f3edc03e3c0 secure :-1 s=STATE_CONNECTION_ESTABLISHED l=1).mark_down
2023-07-21T22:32:03.604 INFO:teuthology.orchestra.run.smithi060.stdout:/usr/bin/ceph: stderr
2023-07-21T22:32:03.109+0000 7f3edaffd700 1 --2- 172.21.15.60:0/545450287 >> [v2:172.21.15.60:6800/3661017227,v1:172.21.15.60:6801/3661017227] conn(0x7f3edc03bfe0 0x7f3edc03e3c0 secure :-1 s=READY pgs=2 cs=0 l=1 rev1=1 crypto rx=0x7f3ee8003a10 tx=0x7f3ee80092b0 comp rx=0 tx=0).stop
2023-07-21T22:32:03.605 INFO:teuthology.orchestra.run.smithi060.stdout:/usr/bin/ceph: stderr
2023-07-21T22:32:03.109+0000 7f3edaffd700 1 -- 172.21.15.60:0/545450287 >> [v2:172.21.15.60:3300/0,v1:172.21.15.60:6789/0] conn(0x7f3ef407be10 msgr2=0x7f3ef419b630 secure :-1 s=STATE_CONNECTION_ESTABLISHED l=1).mark_down
2023-07-21T22:32:03.605 INFO:teuthology.orchestra.run.smithi060.stdout:/usr/bin/ceph: stderr
2023-07-21T22:32:03.109+0000 7f3edaffd700 1 --2- 172.21.15.60:0/545450287 >> [v2:172.21.15.60:3300/0,v1:172.21.15.60:6789/0] conn(0x7f3ef407be10 0x7f3ef419b630 secure :-1 s=READY pgs=25 cs=0 l=1 rev1=1 crypto rx=0x7f3ee4003f50 tx=0x7f3ee4011ad0 comp rx=0 tx=0).stop
2023-07-21T22:32:03.605 INFO:teuthology.orchestra.run.smithi060.stdout:/usr/bin/ceph: stderr
2023-07-21T22:32:03.109+0000 7f3edaffd700 1 -- 172.21.15.60:0/545450287 shutdown_connections
2023-07-21T22:32:03.605 INFO:teuthology.orchestra.run.smithi060.stdout:/usr/bin/ceph: stderr
2023-07-21T22:32:03.109+0000 7f3edaffd700 1 --2- 172.21.15.60:0/545450287 >> [v2:172.21.15.60:6800/3661017227,v1:172.21.15.60:6801/3661017227] conn(0x7f3edc03bfe0 0x7f3edc03e3c0 unknown :-1 s=CLOSED pgs=2 cs=0 l=1 rev1=1 crypto rx=0 tx=0 comp rx=0 tx=0).stop
2023-07-21T22:32:03.605 INFO:teuthology.orchestra.run.smithi060.stdout:/usr/bin/ceph: stderr
2023-07-21T22:32:03.109+0000 7f3edaffd700 1 --2- 172.21.15.60:0/545450287 >> [v2:172.21.15.60:3300/0,v1:172.21.15.60:6789/0] conn(0x7f3ef407be10 0x7f3ef419b630 unknown :-1 s=CLOSED pgs=25 cs=0 l=1 rev1=1 crypto rx=0 tx=0 comp rx=0 tx=0).stop
2023-07-21T22:32:03.605 INFO:teuthology.orchestra.run.smithi060.stdout:/usr/bin/ceph: stderr
2023-07-21T22:32:03.109+0000 7f3edaffd700 1 --2- 172.21.15.60:0/545450287 >> [v2:172.21.15.60:6800/1797432934,v1:172.21.15.60:6801/1797432934] conn(0x7f3edc038760 0x7f3edc03ac10 unknown :-1 s=CLOSED pgs=0 cs=0 l=1 rev1=0 crypto rx=0 tx=0 comp rx=0 tx=0).stop
2023-07-21T22:32:03.605 INFO:teuthology.orchestra.run.smithi060.stdout:/usr/bin/ceph: stderr
2023-07-21T22:32:03.109+0000 7f3edaffd700 1 -- 172.21.15.60:0/545450287 >> 172.21.15.60:0/545450287 conn(0x7f3ef4100960 msgr2=0x7f3ef4102d00 unknown :-1 s=STATE_NONE l=0).mark_down
2023-07-21T22:32:03.605 INFO:teuthology.orchestra.run.smithi060.stdout:/usr/bin/ceph: stderr
2023-07-21T22:32:03.109+0000 7f3edaffd700 1 -- 172.21.15.60:0/545450287 shutdown_connections
2023-07-21T22:32:03.606 INFO:teuthology.orchestra.run.smithi060.stdout:/usr/bin/ceph: stderr
2023-07-21T22:32:03.109+0000 7f3edaffd700 1 -- 172.21.15.60:0/545450287 wait complete.
2023-07-21T22:32:03.606 INFO:teuthology.orchestra.run.smithi060.stdout:mgr epoch 5 is available
2023-07-21T22:32:03.606 INFO:teuthology.orchestra.run.smithi060.stdout:Setting orchestrator backend to cephadm...
2023-07-21T22:32:04.503 INFO:journalctl@ceph.mon.a.smithi060.stdout:Jul 21 22:32:04 smithi060 ceph-mon[95475]: from='client.14120 -' entity='client.admin' cmd=[{"prefix": "get_command_descriptions"}]: dispatch
2023-07-21T22:32:04.503 INFO:journalctl@ceph.mon.a.smithi060.stdout:Jul 21 22:32:04 smithi060 ceph-mon[95475]: from='client.14120 -' entity='client.admin' cmd=[{"prefix": "mgr_status"}]: dispatch
2023-07-21T22:32:04.503 INFO:journalctl@ceph.mon.a.smithi060.stdout:Jul 21 22:32:04 smithi060 ceph-mon[95475]: from='mgr.14116 172.21.15.60:0/2187832175' entity='mgr.x' cmd=[{"prefix": "config dump", "format": "json"}]: dispatch
2023-07-21T22:32:04.773 INFO:teuthology.orchestra.run.smithi060.stdout:/usr/bin/ceph: stderr
2023-07-21T22:32:04.068+0000 7f5efa2f7700 1 Processor -- start
2023-07-21T22:32:04.773 INFO:teuthology.orchestra.run.smithi060.stdout:/usr/bin/ceph: stderr
2023-07-21T22:32:04.068+0000 7f5efa2f7700 1 -- start start
2023-07-21T22:32:04.773 INFO:teuthology.orchestra.run.smithi060.stdout:/usr/bin/ceph: stderr
2023-07-21T22:32:04.068+0000 7f5efa2f7700 1 --2- >> [v2:172.21.15.60:3300/0,v1:172.21.15.60:6789/0] conn(0x7f5ef407bdf0 0x7f5ef407a2f0 unknown :-1 s=NONE pgs=0 cs=0 l=0 rev1=0 crypto rx=0 tx=0 comp rx=0 tx=0).connect
2023-07-21T22:32:04.773 INFO:teuthology.orchestra.run.smithi060.stdout:/usr/bin/ceph: stderr
2023-07-21T22:32:04.068+0000 7f5efa2f7700 1 -- --> [v2:172.21.15.60:3300/0,v1:172.21.15.60:6789/0] -- mon_getmap magic: 0 v1 -- 0x7f5ef407a830 con 0x7f5ef407bdf0
2023-07-21T22:32:04.773 INFO:teuthology.orchestra.run.smithi060.stdout:/usr/bin/ceph: stderr
2023-07-21T22:32:04.069+0000 7f5ef3fff700 1 --2- >> [v2:172.21.15.60:3300/0,v1:172.21.15.60:6789/0] conn(0x7f5ef407bdf0 0x7f5ef407a2f0 unknown :-1 s=BANNER_CONNECTING pgs=0 cs=0 l=0 rev1=0 crypto rx=0 tx=0 comp rx=0 tx=0)._handle_peer_banner_payload supported=3 required=0
2023-07-21T22:32:04.774 INFO:teuthology.orchestra.run.smithi060.stdout:/usr/bin/ceph: stderr
2023-07-21T22:32:04.069+0000 7f5ef3fff700 1 --2- >> [v2:172.21.15.60:3300/0,v1:172.21.15.60:6789/0] conn(0x7f5ef407bdf0 0x7f5ef407a2f0 unknown :-1 s=HELLO_CONNECTING pgs=0 cs=0 l=0 rev1=1 crypto rx=0 tx=0 comp rx=0 tx=0).handle_hello peer v2:172.21.15.60:3300/0 says I am v2:172.21.15.60:44790/0 (socket says 172.21.15.60:44790)
2023-07-21T22:32:04.774 INFO:teuthology.orchestra.run.smithi060.stdout:/usr/bin/ceph: stderr
2023-07-21T22:32:04.069+0000 7f5ef3fff700 1 -- 172.21.15.60:0/1020206300 learned_addr learned my addr 172.21.15.60:0/1020206300 (peer_addr_for_me v2:172.21.15.60:0/0)
2023-07-21T22:32:04.774 INFO:teuthology.orchestra.run.smithi060.stdout:/usr/bin/ceph: stderr
2023-07-21T22:32:04.069+0000 7f5ef3fff700 1 -- 172.21.15.60:0/1020206300 --> [v2:172.21.15.60:3300/0,v1:172.21.15.60:6789/0] -- mon_subscribe({config=0+,monmap=0+}) v3 -- 0x7f5ef407a970 con 0x7f5ef407bdf0
2023-07-21T22:32:04.774 INFO:teuthology.orchestra.run.smithi060.stdout:/usr/bin/ceph: stderr
2023-07-21T22:32:04.069+0000 7f5ef3fff700 1 --2- 172.21.15.60:0/1020206300 >> [v2:172.21.15.60:3300/0,v1:172.21.15.60:6789/0] conn(0x7f5ef407bdf0 0x7f5ef407a2f0 secure :-1 s=READY pgs=33 cs=0 l=1 rev1=1 crypto rx=0x7f5ee40098a0 tx=0x7f5ee4009bb0 comp rx=0 tx=0).ready entity=mon.0 client_cookie=234c9bda67e8d31 server_cookie=0 in_seq=0 out_seq=0
2023-07-21T22:32:04.774 INFO:teuthology.orchestra.run.smithi060.stdout:/usr/bin/ceph: stderr
2023-07-21T22:32:04.070+0000 7f5ef2ffd700 1 -- 172.21.15.60:0/1020206300 <== mon.0 v2:172.21.15.60:3300/0 1 ==== mon_map magic: 0 v1 ==== 205+0+0 (secure 0 0 0) 0x7f5ee4004160 con 0x7f5ef407bdf0
2023-07-21T22:32:04.774 INFO:teuthology.orchestra.run.smithi060.stdout:/usr/bin/ceph: stderr
2023-07-21T22:32:04.070+0000 7f5ef2ffd700 1 -- 172.21.15.60:0/1020206300 <== mon.0 v2:172.21.15.60:3300/0 2 ==== config(26 keys) v1 ==== 1074+0+0 (secure 0 0 0) 0x7f5ee40042c0 con 0x7f5ef407bdf0
2023-07-21T22:32:04.774 INFO:teuthology.orchestra.run.smithi060.stdout:/usr/bin/ceph: stderr
2023-07-21T22:32:04.070+0000 7f5ef2ffd700 1 -- 172.21.15.60:0/1020206300 <== mon.0 v2:172.21.15.60:3300/0 3 ==== mon_map magic: 0 v1 ==== 205+0+0 (secure 0 0 0) 0x7f5ee4011a00 con 0x7f5ef407bdf0
2023-07-21T22:32:04.774 INFO:teuthology.orchestra.run.smithi060.stdout:/usr/bin/ceph: stderr
2023-07-21T22:32:04.070+0000 7f5efa2f7700 1 -- 172.21.15.60:0/1020206300 >> [v2:172.21.15.60:3300/0,v1:172.21.15.60:6789/0] conn(0x7f5ef407bdf0 msgr2=0x7f5ef407a2f0 secure :-1 s=STATE_CONNECTION_ESTABLISHED l=1).mark_down
2023-07-21T22:32:04.775 INFO:teuthology.orchestra.run.smithi060.stdout:/usr/bin/ceph: stderr
2023-07-21T22:32:04.070+0000 7f5efa2f7700 1 --2- 172.21.15.60:0/1020206300 >> [v2:172.21.15.60:3300/0,v1:172.21.15.60:6789/0] conn(0x7f5ef407bdf0 0x7f5ef407a2f0 secure :-1 s=READY pgs=33 cs=0 l=1 rev1=1 crypto rx=0x7f5ee40098a0 tx=0x7f5ee4009bb0 comp rx=0 tx=0).stop
2023-07-21T22:32:04.775 INFO:teuthology.orchestra.run.smithi060.stdout:/usr/bin/ceph: stderr
2023-07-21T22:32:04.070+0000 7f5efa2f7700 1 -- 172.21.15.60:0/1020206300 shutdown_connections
2023-07-21T22:32:04.775 INFO:teuthology.orchestra.run.smithi060.stdout:/usr/bin/ceph: stderr
2023-07-21T22:32:04.070+0000 7f5efa2f7700 1 --2- 172.21.15.60:0/1020206300 >> [v2:172.21.15.60:3300/0,v1:172.21.15.60:6789/0] conn(0x7f5ef407bdf0 0x7f5ef407a2f0 unknown :-1 s=CLOSED pgs=33 cs=0 l=1 rev1=1 crypto rx=0 tx=0 comp rx=0 tx=0).stop
2023-07-21T22:32:04.775 INFO:teuthology.orchestra.run.smithi060.stdout:/usr/bin/ceph: stderr
2023-07-21T22:32:04.070+0000 7f5efa2f7700 1 -- 172.21.15.60:0/1020206300 >> 172.21.15.60:0/1020206300 conn(0x7f5ef4100960 msgr2=0x7f5ef4102d70 unknown :-1 s=STATE_NONE l=0).mark_down
2023-07-21T22:32:04.775 INFO:teuthology.orchestra.run.smithi060.stdout:/usr/bin/ceph: stderr
2023-07-21T22:32:04.070+0000 7f5efa2f7700 1 -- 172.21.15.60:0/1020206300 shutdown_connections
2023-07-21T22:32:04.775 INFO:teuthology.orchestra.run.smithi060.stdout:/usr/bin/ceph: stderr
2023-07-21T22:32:04.071+0000 7f5efa2f7700 1 -- 172.21.15.60:0/1020206300 wait complete.
2023-07-21T22:32:04.775 INFO:teuthology.orchestra.run.smithi060.stdout:/usr/bin/ceph: stderr
2023-07-21T22:32:04.071+0000 7f5efa2f7700 1 Processor -- start
2023-07-21T22:32:04.776 INFO:teuthology.orchestra.run.smithi060.stdout:/usr/bin/ceph: stderr
2023-07-21T22:32:04.072+0000 7f5efa2f7700 1 -- start start
2023-07-21T22:32:04.776 INFO:teuthology.orchestra.run.smithi060.stdout:/usr/bin/ceph: stderr
2023-07-21T22:32:04.072+0000 7f5efa2f7700 1 --2- >> [v2:172.21.15.60:3300/0,v1:172.21.15.60:6789/0] conn(0x7f5ef407bdf0 0x7f5ef419b650 unknown :-1 s=NONE pgs=0 cs=0 l=1 rev1=0 crypto rx=0 tx=0 comp rx=0 tx=0).connect
2023-07-21T22:32:04.776 INFO:teuthology.orchestra.run.smithi060.stdout:/usr/bin/ceph: stderr
2023-07-21T22:32:04.072+0000 7f5efa2f7700 1 -- --> [v2:172.21.15.60:3300/0,v1:172.21.15.60:6789/0] -- mon_getmap magic: 0 v1 -- 0x7f5ef419bb90 con 0x7f5ef407bdf0
2023-07-21T22:32:04.776 INFO:teuthology.orchestra.run.smithi060.stdout:/usr/bin/ceph: stderr
2023-07-21T22:32:04.072+0000 7f5ef3fff700 1 --2- >> [v2:172.21.15.60:3300/0,v1:172.21.15.60:6789/0] conn(0x7f5ef407bdf0 0x7f5ef419b650 unknown :-1 s=BANNER_CONNECTING pgs=0 cs=0 l=1 rev1=0 crypto rx=0 tx=0 comp rx=0 tx=0)._handle_peer_banner_payload supported=3 required=0
2023-07-21T22:32:04.776 INFO:teuthology.orchestra.run.smithi060.stdout:/usr/bin/ceph: stderr
2023-07-21T22:32:04.072+0000 7f5ef3fff700 1 --2- >> [v2:172.21.15.60:3300/0,v1:172.21.15.60:6789/0] conn(0x7f5ef407bdf0 0x7f5ef419b650 unknown :-1 s=HELLO_CONNECTING pgs=0 cs=0 l=1 rev1=1 crypto rx=0 tx=0 comp rx=0 tx=0).handle_hello peer v2:172.21.15.60:3300/0 says I am v2:172.21.15.60:44806/0 (socket says 172.21.15.60:44806)
2023-07-21T22:32:04.776 INFO:teuthology.orchestra.run.smithi060.stdout:/usr/bin/ceph: stderr
2023-07-21T22:32:04.072+0000 7f5ef3fff700 1 -- 172.21.15.60:0/1085965491 learned_addr learned my addr 172.21.15.60:0/1085965491 (peer_addr_for_me v2:172.21.15.60:0/0)
2023-07-21T22:32:04.776 INFO:teuthology.orchestra.run.smithi060.stdout:/usr/bin/ceph: stderr
2023-07-21T22:32:04.072+0000 7f5ef3fff700 1 -- 172.21.15.60:0/1085965491 --> [v2:172.21.15.60:3300/0,v1:172.21.15.60:6789/0] -- mon_subscribe({config=0+,monmap=0+}) v3 -- 0x7f5ee4009550 con 0x7f5ef407bdf0
2023-07-21T22:32:04.777 INFO:teuthology.orchestra.run.smithi060.stdout:/usr/bin/ceph: stderr
2023-07-21T22:32:04.073+0000 7f5ef3fff700 1 --2- 172.21.15.60:0/1085965491 >> [v2:172.21.15.60:3300/0,v1:172.21.15.60:6789/0] conn(0x7f5ef407bdf0 0x7f5ef419b650 secure :-1 s=READY pgs=34 cs=0 l=1 rev1=1 crypto rx=0x7f5ee4009130 tx=0x7f5ee4011ad0 comp rx=0 tx=0).ready entity=mon.0 client_cookie=0 server_cookie=0 in_seq=0 out_seq=0
2023-07-21T22:32:04.777 INFO:teuthology.orchestra.run.smithi060.stdout:/usr/bin/ceph: stderr
2023-07-21T22:32:04.073+0000 7f5ef17fa700 1 -- 172.21.15.60:0/1085965491 <== mon.0 v2:172.21.15.60:3300/0 1 ==== mon_map magic: 0 v1 ==== 205+0+0 (secure 0 0 0) 0x7f5ee4003ab0 con 0x7f5ef407bdf0
2023-07-21T22:32:04.777 INFO:teuthology.orchestra.run.smithi060.stdout:/usr/bin/ceph: stderr
2023-07-21T22:32:04.073+0000 7f5efa2f7700 1 -- 172.21.15.60:0/1085965491 --> [v2:172.21.15.60:3300/0,v1:172.21.15.60:6789/0] -- mon_subscribe({mgrmap=0+}) v3 -- 0x7f5ef419bd90 con 0x7f5ef407bdf0
2023-07-21T22:32:04.777 INFO:teuthology.orchestra.run.smithi060.stdout:/usr/bin/ceph: stderr
2023-07-21T22:32:04.073+0000 7f5ef17fa700 1 -- 172.21.15.60:0/1085965491 <== mon.0 v2:172.21.15.60:3300/0 2 ==== config(26 keys) v1 ==== 1074+0+0 (secure 0 0 0) 0x7f5ee4003c10 con 0x7f5ef407bdf0
2023-07-21T22:32:04.779 INFO:teuthology.orchestra.run.smithi060.stdout:/usr/bin/ceph: stderr
2023-07-21T22:32:04.073+0000 7f5ef17fa700 1 -- 172.21.15.60:0/1085965491 <== mon.0 v2:172.21.15.60:3300/0 3 ==== mon_map magic: 0 v1 ==== 205+0+0 (secure 0 0 0) 0x7f5ee40247d0 con 0x7f5ef407bdf0
2023-07-21T22:32:04.779 INFO:teuthology.orchestra.run.smithi060.stdout:/usr/bin/ceph: stderr
2023-07-21T22:32:04.073+0000 7f5efa2f7700 1 -- 172.21.15.60:0/1085965491 --> [v2:172.21.15.60:3300/0,v1:172.21.15.60:6789/0] -- mon_subscribe({osdmap=0}) v3 -- 0x7f5ef419c1b0 con 0x7f5ef407bdf0
2023-07-21T22:32:04.779 INFO:teuthology.orchestra.run.smithi060.stdout:/usr/bin/ceph: stderr
2023-07-21T22:32:04.074+0000 7f5ef17fa700 1 -- 172.21.15.60:0/1085965491 <== mon.0 v2:172.21.15.60:3300/0 4 ==== mgrmap(e 7) v1 ==== 45377+0+0 (secure 0 0 0) 0x7f5ee401abb0 con 0x7f5ef407bdf0
2023-07-21T22:32:04.779 INFO:teuthology.orchestra.run.smithi060.stdout:/usr/bin/ceph: stderr
2023-07-21T22:32:04.074+0000 7f5efa2f7700 1 -- 172.21.15.60:0/1085965491 --> [v2:172.21.15.60:3300/0,v1:172.21.15.60:6789/0] -- mon_command({"prefix": "get_command_descriptions"} v 0) v1 -- 0x7f5ef41952a0 con 0x7f5ef407bdf0
2023-07-21T22:32:04.779 INFO:teuthology.orchestra.run.smithi060.stdout:/usr/bin/ceph: stderr
