2023-07-21T22:21:36.598 INFO:teuthology.orchestra.run.smithi107.stdout:/usr/bin/ceph: stderr
2023-07-21T22:21:35.884+0000 7fcc60ff9700 1 -- 172.21.15.107:0/1073447450 <== mon.0 v2:172.21.15.107:3300/0 1 ==== mon_map magic: 0 v1 ==== 205+0+0 (secure 0 0 0) 0x7fcc54003970 con 0x7fcc641058e0
2023-07-21T22:21:36.599 INFO:teuthology.orchestra.run.smithi107.stdout:/usr/bin/ceph: stderr
2023-07-21T22:21:35.884+0000 7fcc69f0a700 1 -- 172.21.15.107:0/1073447450 --> [v2:172.21.15.107:3300/0,v1:172.21.15.107:6789/0] -- mon_subscribe({mgrmap=0+}) v3 -- 0x7fcc6419ba40 con 0x7fcc641058e0
2023-07-21T22:21:36.599 INFO:teuthology.orchestra.run.smithi107.stdout:/usr/bin/ceph: stderr
2023-07-21T22:21:35.884+0000 7fcc60ff9700 1 -- 172.21.15.107:0/1073447450 <== mon.0 v2:172.21.15.107:3300/0 2 ==== config(26 keys) v1 ==== 1105+0+0 (secure 0 0 0) 0x7fcc54003ad0 con 0x7fcc641058e0
2023-07-21T22:21:36.599 INFO:teuthology.orchestra.run.smithi107.stdout:/usr/bin/ceph: stderr
2023-07-21T22:21:35.884+0000 7fcc60ff9700 1 -- 172.21.15.107:0/1073447450 <== mon.0 v2:172.21.15.107:3300/0 3 ==== mon_map magic: 0 v1 ==== 205+0+0 (secure 0 0 0) 0x7fcc540195e0 con 0x7fcc641058e0
2023-07-21T22:21:36.599 INFO:teuthology.orchestra.run.smithi107.stdout:/usr/bin/ceph: stderr
2023-07-21T22:21:35.884+0000 7fcc69f0a700 1 -- 172.21.15.107:0/1073447450 --> [v2:172.21.15.107:3300/0,v1:172.21.15.107:6789/0] -- mon_subscribe({osdmap=0}) v3 -- 0x7fcc6419be60 con 0x7fcc641058e0
2023-07-21T22:21:36.599 INFO:teuthology.orchestra.run.smithi107.stdout:/usr/bin/ceph: stderr
2023-07-21T22:21:35.885+0000 7fcc60ff9700 1 -- 172.21.15.107:0/1073447450 <== mon.0 v2:172.21.15.107:3300/0 4 ==== mgrmap(e 8) v1 ==== 45483+0+0 (secure 0 0 0) 0x7fcc540198a0 con 0x7fcc641058e0
2023-07-21T22:21:36.599 INFO:teuthology.orchestra.run.smithi107.stdout:/usr/bin/ceph: stderr
2023-07-21T22:21:35.885+0000 7fcc69f0a700 1 -- 172.21.15.107:0/1073447450 --> [v2:172.21.15.107:3300/0,v1:172.21.15.107:6789/0] -- mon_command({"prefix": "get_command_descriptions"} v 0) v1 -- 0x7fcc64061b40 con 0x7fcc641058e0
2023-07-21T22:21:36.599 INFO:teuthology.orchestra.run.smithi107.stdout:/usr/bin/ceph: stderr
2023-07-21T22:21:35.885+0000 7fcc60ff9700 1 --2- 172.21.15.107:0/1073447450 >> [v2:172.21.15.107:6800/659042147,v1:172.21.15.107:6801/659042147] conn(0x7fcc4c0386c0 0x7fcc4c03ab70 unknown :-1 s=NONE pgs=0 cs=0 l=1 rev1=0 crypto rx=0 tx=0 comp rx=0 tx=0).connect
2023-07-21T22:21:36.600 INFO:teuthology.orchestra.run.smithi107.stdout:/usr/bin/ceph: stderr
2023-07-21T22:21:35.885+0000 7fcc60ff9700 1 -- 172.21.15.107:0/1073447450 <== mon.0 v2:172.21.15.107:3300/0 5 ==== osd_map(2..2 src has 1..2) v4 ==== 940+0+0 (secure 0 0 0) 0x7fcc5404cab0 con 0x7fcc641058e0
2023-07-21T22:21:36.600 INFO:teuthology.orchestra.run.smithi107.stdout:/usr/bin/ceph: stderr
2023-07-21T22:21:35.885+0000 7fcc62ffd700 1 --2- 172.21.15.107:0/1073447450 >> [v2:172.21.15.107:6800/659042147,v1:172.21.15.107:6801/659042147] conn(0x7fcc4c0386c0 0x7fcc4c03ab70 unknown :-1 s=BANNER_CONNECTING pgs=0 cs=0 l=1 rev1=0 crypto rx=0 tx=0 comp rx=0 tx=0)._handle_peer_banner_payload supported=3 required=0
2023-07-21T22:21:36.600 INFO:teuthology.orchestra.run.smithi107.stdout:/usr/bin/ceph: stderr
2023-07-21T22:21:35.885+0000 7fcc62ffd700 1 --2- 172.21.15.107:0/1073447450 >> [v2:172.21.15.107:6800/659042147,v1:172.21.15.107:6801/659042147] conn(0x7fcc4c0386c0 0x7fcc4c03ab70 secure :-1 s=READY pgs=14 cs=0 l=1 rev1=1 crypto rx=0x7fcc58006fd0 tx=0x7fcc58006e40 comp rx=0 tx=0).ready entity=mgr.14118 client_cookie=0 server_cookie=0 in_seq=0 out_seq=0
2023-07-21T22:21:36.600 INFO:teuthology.orchestra.run.smithi107.stdout:/usr/bin/ceph: stderr
2023-07-21T22:21:35.890+0000 7fcc60ff9700 1 -- 172.21.15.107:0/1073447450 <== mon.0 v2:172.21.15.107:3300/0 6 ==== mon_command_ack([{"prefix": "get_command_descriptions"}]=0 v0) v1 ==== 72+0+178008 (secure 0 0 0) 0x7fcc5402b340 con 0x7fcc641058e0
2023-07-21T22:21:36.600 INFO:teuthology.orchestra.run.smithi107.stdout:/usr/bin/ceph: stderr
2023-07-21T22:21:36.089+0000 7fcc69f0a700 1 -- 172.21.15.107:0/1073447450 --> [v2:172.21.15.107:3300/0,v1:172.21.15.107:6789/0] -- mon_command([{prefix=config set, name=mgr/cephadm/container_init}] v 0) v1 -- 0x7fcc64061b40 con 0x7fcc641058e0
2023-07-21T22:21:36.600 INFO:teuthology.orchestra.run.smithi107.stdout:/usr/bin/ceph: stderr
2023-07-21T22:21:36.095+0000 7fcc60ff9700 1 -- 172.21.15.107:0/1073447450 <== mon.0 v2:172.21.15.107:3300/0 7 ==== mon_command_ack([{prefix=config set, name=mgr/cephadm/container_init}]=0 v7)=0 v7) v1 ==== 142+0+0 (secure 0 0 0) 0x7fcc54018b40 con 0x7fcc641058e0
2023-07-21T22:21:36.600 INFO:teuthology.orchestra.run.smithi107.stdout:/usr/bin/ceph: stderr
2023-07-21T22:21:36.097+0000 7fcc69f0a700 1 -- 172.21.15.107:0/1073447450 >> [v2:172.21.15.107:6800/659042147,v1:172.21.15.107:6801/659042147] conn(0x7fcc4c0386c0 msgr2=0x7fcc4c03ab70 secure :-1 s=STATE_CONNECTION_ESTABLISHED l=1).mark_down
2023-07-21T22:21:36.600 INFO:teuthology.orchestra.run.smithi107.stdout:/usr/bin/ceph: stderr
2023-07-21T22:21:36.097+0000 7fcc69f0a700 1 --2- 172.21.15.107:0/1073447450 >> [v2:172.21.15.107:6800/659042147,v1:172.21.15.107:6801/659042147] conn(0x7fcc4c0386c0 0x7fcc4c03ab70 secure :-1 s=READY pgs=14 cs=0 l=1 rev1=1 crypto rx=0x7fcc58006fd0 tx=0x7fcc58006e40 comp rx=0 tx=0).stop
2023-07-21T22:21:36.601 INFO:teuthology.orchestra.run.smithi107.stdout:/usr/bin/ceph: stderr
2023-07-21T22:21:36.097+0000 7fcc69f0a700 1 -- 172.21.15.107:0/1073447450 >> [v2:172.21.15.107:3300/0,v1:172.21.15.107:6789/0] conn(0x7fcc641058e0 msgr2=0x7fcc6419b300 secure :-1 s=STATE_CONNECTION_ESTABLISHED l=1).mark_down
2023-07-21T22:21:36.601 INFO:teuthology.orchestra.run.smithi107.stdout:/usr/bin/ceph: stderr
2023-07-21T22:21:36.097+0000 7fcc69f0a700 1 --2- 172.21.15.107:0/1073447450 >> [v2:172.21.15.107:3300/0,v1:172.21.15.107:6789/0] conn(0x7fcc641058e0 0x7fcc6419b300 secure :-1 s=READY pgs=50 cs=0 l=1 rev1=1 crypto rx=0x7fcc54003e60 tx=0x7fcc54011aa0 comp rx=0 tx=0).stop
2023-07-21T22:21:36.601 INFO:teuthology.orchestra.run.smithi107.stdout:/usr/bin/ceph: stderr
2023-07-21T22:21:36.097+0000 7fcc69f0a700 1 -- 172.21.15.107:0/1073447450 shutdown_connections
2023-07-21T22:21:36.601 INFO:teuthology.orchestra.run.smithi107.stdout:/usr/bin/ceph: stderr
2023-07-21T22:21:36.097+0000 7fcc69f0a700 1 --2- 172.21.15.107:0/1073447450 >> [v2:172.21.15.107:6800/659042147,v1:172.21.15.107:6801/659042147] conn(0x7fcc4c0386c0 0x7fcc4c03ab70 unknown :-1 s=CLOSED pgs=14 cs=0 l=1 rev1=1 crypto rx=0 tx=0 comp rx=0 tx=0).stop
2023-07-21T22:21:36.601 INFO:teuthology.orchestra.run.smithi107.stdout:/usr/bin/ceph: stderr
2023-07-21T22:21:36.097+0000 7fcc69f0a700 1 --2- 172.21.15.107:0/1073447450 >> [v2:172.21.15.107:3300/0,v1:172.21.15.107:6789/0] conn(0x7fcc641058e0 0x7fcc6419b300 unknown :-1 s=CLOSED pgs=50 cs=0 l=1 rev1=1 crypto rx=0 tx=0 comp rx=0 tx=0).stop
2023-07-21T22:21:36.601 INFO:teuthology.orchestra.run.smithi107.stdout:/usr/bin/ceph: stderr
2023-07-21T22:21:36.097+0000 7fcc69f0a700 1 -- 172.21.15.107:0/1073447450 >> 172.21.15.107:0/1073447450 conn(0x7fcc640ff040 msgr2=0x7fcc641006d0 unknown :-1 s=STATE_NONE l=0).mark_down
2023-07-21T22:21:36.601 INFO:teuthology.orchestra.run.smithi107.stdout:/usr/bin/ceph: stderr
2023-07-21T22:21:36.098+0000 7fcc69f0a700 1 -- 172.21.15.107:0/1073447450 shutdown_connections
2023-07-21T22:21:36.602 INFO:teuthology.orchestra.run.smithi107.stdout:/usr/bin/ceph: stderr
2023-07-21T22:21:36.098+0000 7fcc69f0a700 1 -- 172.21.15.107:0/1073447450 wait complete.
2023-07-21T22:21:37.436 INFO:journalctl@ceph.mon.a.smithi107.stdout:Jul 21 22:21:37 smithi107 ceph-mon[96543]: from='client.? 172.21.15.107:0/1073447450' entity='client.admin'
2023-07-21T22:21:37.892 INFO:teuthology.orchestra.run.smithi107.stdout:/usr/bin/ceph: stderr
2023-07-21T22:21:37.222+0000 7f1620ea0700 1 Processor -- start
2023-07-21T22:21:37.893 INFO:teuthology.orchestra.run.smithi107.stdout:/usr/bin/ceph: stderr
2023-07-21T22:21:37.222+0000 7f1620ea0700 1 -- start start
2023-07-21T22:21:37.893 INFO:teuthology.orchestra.run.smithi107.stdout:/usr/bin/ceph: stderr
2023-07-21T22:21:37.223+0000 7f1620ea0700 1 --2- >> [v2:172.21.15.107:3300/0,v1:172.21.15.107:6789/0] conn(0x7f161c105e90 0x7f161c108270 unknown :-1 s=NONE pgs=0 cs=0 l=0 rev1=0 crypto rx=0 tx=0 comp rx=0 tx=0).connect
2023-07-21T22:21:37.893 INFO:teuthology.orchestra.run.smithi107.stdout:/usr/bin/ceph: stderr
2023-07-21T22:21:37.223+0000 7f1620ea0700 1 -- --> [v2:172.21.15.107:3300/0,v1:172.21.15.107:6789/0] -- mon_getmap magic: 0 v1 -- 0x7f161c073c20 con 0x7f161c105e90
2023-07-21T22:21:37.893 INFO:teuthology.orchestra.run.smithi107.stdout:/usr/bin/ceph: stderr
2023-07-21T22:21:37.223+0000 7f161a59c700 1 --2- >> [v2:172.21.15.107:3300/0,v1:172.21.15.107:6789/0] conn(0x7f161c105e90 0x7f161c108270 unknown :-1 s=BANNER_CONNECTING pgs=0 cs=0 l=0 rev1=0 crypto rx=0 tx=0 comp rx=0 tx=0)._handle_peer_banner_payload supported=3 required=0
2023-07-21T22:21:37.893 INFO:teuthology.orchestra.run.smithi107.stdout:/usr/bin/ceph: stderr
2023-07-21T22:21:37.223+0000 7f161a59c700 1 --2- >> [v2:172.21.15.107:3300/0,v1:172.21.15.107:6789/0] conn(0x7f161c105e90 0x7f161c108270 unknown :-1 s=HELLO_CONNECTING pgs=0 cs=0 l=0 rev1=1 crypto rx=0 tx=0 comp rx=0 tx=0).handle_hello peer v2:172.21.15.107:3300/0 says I am v2:172.21.15.107:45316/0 (socket says 172.21.15.107:45316)
2023-07-21T22:21:37.893 INFO:teuthology.orchestra.run.smithi107.stdout:/usr/bin/ceph: stderr
2023-07-21T22:21:37.223+0000 7f161a59c700 1 -- 172.21.15.107:0/480241696 learned_addr learned my addr 172.21.15.107:0/480241696 (peer_addr_for_me v2:172.21.15.107:0/0)
2023-07-21T22:21:37.893 INFO:teuthology.orchestra.run.smithi107.stdout:/usr/bin/ceph: stderr
2023-07-21T22:21:37.223+0000 7f161a59c700 1 -- 172.21.15.107:0/480241696 --> [v2:172.21.15.107:3300/0,v1:172.21.15.107:6789/0] -- mon_subscribe({config=0+,monmap=0+}) v3 -- 0x7f161c073d60 con 0x7f161c105e90
2023-07-21T22:21:37.894 INFO:teuthology.orchestra.run.smithi107.stdout:/usr/bin/ceph: stderr
2023-07-21T22:21:37.223+0000 7f161a59c700 1 --2- 172.21.15.107:0/480241696 >> [v2:172.21.15.107:3300/0,v1:172.21.15.107:6789/0] conn(0x7f161c105e90 0x7f161c108270 secure :-1 s=READY pgs=51 cs=0 l=1 rev1=1 crypto rx=0x7f160c0098a0 tx=0x7f160c009bb0 comp rx=0 tx=0).ready entity=mon.0 client_cookie=6a7225df2e61c4e4 server_cookie=0 in_seq=0 out_seq=0
2023-07-21T22:21:37.894 INFO:teuthology.orchestra.run.smithi107.stdout:/usr/bin/ceph: stderr
2023-07-21T22:21:37.224+0000 7f161959a700 1 -- 172.21.15.107:0/480241696 <== mon.0 v2:172.21.15.107:3300/0 1 ==== mon_map magic: 0 v1 ==== 205+0+0 (secure 0 0 0) 0x7f160c004160 con 0x7f161c105e90
2023-07-21T22:21:37.894 INFO:teuthology.orchestra.run.smithi107.stdout:/usr/bin/ceph: stderr
2023-07-21T22:21:37.224+0000 7f161959a700 1 -- 172.21.15.107:0/480241696 <== mon.0 v2:172.21.15.107:3300/0 2 ==== config(26 keys) v1 ==== 1105+0+0 (secure 0 0 0) 0x7f160c0042c0 con 0x7f161c105e90
2023-07-21T22:21:37.894 INFO:teuthology.orchestra.run.smithi107.stdout:/usr/bin/ceph: stderr
2023-07-21T22:21:37.224+0000 7f161959a700 1 -- 172.21.15.107:0/480241696 <== mon.0 v2:172.21.15.107:3300/0 3 ==== mon_map magic: 0 v1 ==== 205+0+0 (secure 0 0 0) 0x7f160c0119b0 con 0x7f161c105e90
2023-07-21T22:21:37.894 INFO:teuthology.orchestra.run.smithi107.stdout:/usr/bin/ceph: stderr
2023-07-21T22:21:37.224+0000 7f1620ea0700 1 -- 172.21.15.107:0/480241696 >> [v2:172.21.15.107:3300/0,v1:172.21.15.107:6789/0] conn(0x7f161c105e90 msgr2=0x7f161c108270 secure :-1 s=STATE_CONNECTION_ESTABLISHED l=1).mark_down
2023-07-21T22:21:37.894 INFO:teuthology.orchestra.run.smithi107.stdout:/usr/bin/ceph: stderr
2023-07-21T22:21:37.224+0000 7f1620ea0700 1 --2- 172.21.15.107:0/480241696 >> [v2:172.21.15.107:3300/0,v1:172.21.15.107:6789/0] conn(0x7f161c105e90 0x7f161c108270 secure :-1 s=READY pgs=51 cs=0 l=1 rev1=1 crypto rx=0x7f160c0098a0 tx=0x7f160c009bb0 comp rx=0 tx=0).stop
2023-07-21T22:21:37.894 INFO:teuthology.orchestra.run.smithi107.stdout:/usr/bin/ceph: stderr
2023-07-21T22:21:37.224+0000 7f1620ea0700 1 -- 172.21.15.107:0/480241696 shutdown_connections
2023-07-21T22:21:37.895 INFO:teuthology.orchestra.run.smithi107.stdout:/usr/bin/ceph: stderr
2023-07-21T22:21:37.224+0000 7f1620ea0700 1 --2- 172.21.15.107:0/480241696 >> [v2:172.21.15.107:3300/0,v1:172.21.15.107:6789/0] conn(0x7f161c105e90 0x7f161c108270 unknown :-1 s=CLOSED pgs=51 cs=0 l=1 rev1=1 crypto rx=0 tx=0 comp rx=0 tx=0).stop
2023-07-21T22:21:37.895 INFO:teuthology.orchestra.run.smithi107.stdout:/usr/bin/ceph: stderr
2023-07-21T22:21:37.224+0000 7f1620ea0700 1 -- 172.21.15.107:0/480241696 >> 172.21.15.107:0/480241696 conn(0x7f161c0ff8d0 msgr2=0x7f161c101d00 unknown :-1 s=STATE_NONE l=0).mark_down
2023-07-21T22:21:37.895 INFO:teuthology.orchestra.run.smithi107.stdout:/usr/bin/ceph: stderr
2023-07-21T22:21:37.224+0000 7f1620ea0700 1 -- 172.21.15.107:0/480241696 shutdown_connections
2023-07-21T22:21:37.895 INFO:teuthology.orchestra.run.smithi107.stdout:/usr/bin/ceph: stderr
2023-07-21T22:21:37.224+0000 7f1620ea0700 1 -- 172.21.15.107:0/480241696 wait complete.
2023-07-21T22:21:37.895 INFO:teuthology.orchestra.run.smithi107.stdout:/usr/bin/ceph: stderr
2023-07-21T22:21:37.225+0000 7f1620ea0700 1 Processor -- start
2023-07-21T22:21:37.895 INFO:teuthology.orchestra.run.smithi107.stdout:/usr/bin/ceph: stderr
2023-07-21T22:21:37.225+0000 7f1620ea0700 1 -- start start
2023-07-21T22:21:37.895 INFO:teuthology.orchestra.run.smithi107.stdout:/usr/bin/ceph: stderr
2023-07-21T22:21:37.225+0000 7f1620ea0700 1 --2- >> [v2:172.21.15.107:3300/0,v1:172.21.15.107:6789/0] conn(0x7f161c105e90 0x7f161c199100 unknown :-1 s=NONE pgs=0 cs=0 l=1 rev1=0 crypto rx=0 tx=0 comp rx=0 tx=0).connect
2023-07-21T22:21:37.896 INFO:teuthology.orchestra.run.smithi107.stdout:/usr/bin/ceph: stderr
2023-07-21T22:21:37.225+0000 7f1620ea0700 1 -- --> [v2:172.21.15.107:3300/0,v1:172.21.15.107:6789/0] -- mon_getmap magic: 0 v1 -- 0x7f161c199640 con 0x7f161c105e90
2023-07-21T22:21:37.896 INFO:teuthology.orchestra.run.smithi107.stdout:/usr/bin/ceph: stderr
2023-07-21T22:21:37.225+0000 7f161a59c700 1 --2- >> [v2:172.21.15.107:3300/0,v1:172.21.15.107:6789/0] conn(0x7f161c105e90 0x7f161c199100 unknown :-1 s=BANNER_CONNECTING pgs=0 cs=0 l=1 rev1=0 crypto rx=0 tx=0 comp rx=0 tx=0)._handle_peer_banner_payload supported=3 required=0
2023-07-21T22:21:37.896 INFO:teuthology.orchestra.run.smithi107.stdout:/usr/bin/ceph: stderr
2023-07-21T22:21:37.225+0000 7f161a59c700 1 --2- >> [v2:172.21.15.107:3300/0,v1:172.21.15.107:6789/0] conn(0x7f161c105e90 0x7f161c199100 unknown :-1 s=HELLO_CONNECTING pgs=0 cs=0 l=1 rev1=1 crypto rx=0 tx=0 comp rx=0 tx=0).handle_hello peer v2:172.21.15.107:3300/0 says I am v2:172.21.15.107:45318/0 (socket says 172.21.15.107:45318)
2023-07-21T22:21:37.896 INFO:teuthology.orchestra.run.smithi107.stdout:/usr/bin/ceph: stderr
2023-07-21T22:21:37.225+0000 7f161a59c700 1 -- 172.21.15.107:0/1941190504 learned_addr learned my addr 172.21.15.107:0/1941190504 (peer_addr_for_me v2:172.21.15.107:0/0)
2023-07-21T22:21:37.896 INFO:teuthology.orchestra.run.smithi107.stdout:/usr/bin/ceph: stderr
2023-07-21T22:21:37.226+0000 7f161a59c700 1 -- 172.21.15.107:0/1941190504 --> [v2:172.21.15.107:3300/0,v1:172.21.15.107:6789/0] -- mon_subscribe({config=0+,monmap=0+}) v3 -- 0x7f160c009550 con 0x7f161c105e90
2023-07-21T22:21:37.896 INFO:teuthology.orchestra.run.smithi107.stdout:/usr/bin/ceph: stderr
2023-07-21T22:21:37.226+0000 7f161a59c700 1 --2- 172.21.15.107:0/1941190504 >> [v2:172.21.15.107:3300/0,v1:172.21.15.107:6789/0] conn(0x7f161c105e90 0x7f161c199100 secure :-1 s=READY pgs=52 cs=0 l=1 rev1=1 crypto rx=0x7f160c003e60 tx=0x7f160c011aa0 comp rx=0 tx=0).ready entity=mon.0 client_cookie=0 server_cookie=0 in_seq=0 out_seq=0
2023-07-21T22:21:37.896 INFO:teuthology.orchestra.run.smithi107.stdout:/usr/bin/ceph: stderr
2023-07-21T22:21:37.226+0000 7f160b7fe700 1 -- 172.21.15.107:0/1941190504 <== mon.0 v2:172.21.15.107:3300/0 1 ==== mon_map magic: 0 v1 ==== 205+0+0 (secure 0 0 0) 0x7f160c003970 con 0x7f161c105e90
2023-07-21T22:21:37.896 INFO:teuthology.orchestra.run.smithi107.stdout:/usr/bin/ceph: stderr
2023-07-21T22:21:37.226+0000 7f1620ea0700 1 -- 172.21.15.107:0/1941190504 --> [v2:172.21.15.107:3300/0,v1:172.21.15.107:6789/0] -- mon_subscribe({mgrmap=0+}) v3 -- 0x7f161c199840 con 0x7f161c105e90
2023-07-21T22:21:37.897 INFO:teuthology.orchestra.run.smithi107.stdout:/usr/bin/ceph: stderr
2023-07-21T22:21:37.226+0000 7f160b7fe700 1 -- 172.21.15.107:0/1941190504 <== mon.0 v2:172.21.15.107:3300/0 2 ==== config(26 keys) v1 ==== 1105+0+0 (secure 0 0 0) 0x7f160c003ad0 con 0x7f161c105e90
2023-07-21T22:21:37.897 INFO:teuthology.orchestra.run.smithi107.stdout:/usr/bin/ceph: stderr
2023-07-21T22:21:37.226+0000 7f160b7fe700 1 -- 172.21.15.107:0/1941190504 <== mon.0 v2:172.21.15.107:3300/0 3 ==== mon_map magic: 0 v1 ==== 205+0+0 (secure 0 0 0) 0x7f160c0195e0 con 0x7f161c105e90
2023-07-21T22:21:37.897 INFO:teuthology.orchestra.run.smithi107.stdout:/usr/bin/ceph: stderr
2023-07-21T22:21:37.226+0000 7f1620ea0700 1 -- 172.21.15.107:0/1941190504 --> [v2:172.21.15.107:3300/0,v1:172.21.15.107:6789/0] -- mon_subscribe({osdmap=0}) v3 -- 0x7f161c199c60 con 0x7f161c105e90
2023-07-21T22:21:37.897 INFO:teuthology.orchestra.run.smithi107.stdout:/usr/bin/ceph: stderr
2023-07-21T22:21:37.227+0000 7f160b7fe700 1 -- 172.21.15.107:0/1941190504 <== mon.0 v2:172.21.15.107:3300/0 4 ==== mgrmap(e 8) v1 ==== 45483+0+0 (secure 0 0 0) 0x7f160c0198c0 con 0x7f161c105e90
2023-07-21T22:21:37.897 INFO:teuthology.orchestra.run.smithi107.stdout:/usr/bin/ceph: stderr
2023-07-21T22:21:37.227+0000 7f1620ea0700 1 -- 172.21.15.107:0/1941190504 --> [v2:172.21.15.107:3300/0,v1:172.21.15.107:6789/0] -- mon_command({"prefix": "get_command_descriptions"} v 0) v1 -- 0x7f161c1094c0 con 0x7f161c105e90
2023-07-21T22:21:37.897 INFO:teuthology.orchestra.run.smithi107.stdout:/usr/bin/ceph: stderr
2023-07-21T22:21:37.227+0000 7f160b7fe700 1 --2- 172.21.15.107:0/1941190504 >> [v2:172.21.15.107:6800/659042147,v1:172.21.15.107:6801/659042147] conn(0x7f16040386c0 0x7f160403ab70 unknown :-1 s=NONE pgs=0 cs=0 l=1 rev1=0 crypto rx=0 tx=0 comp rx=0 tx=0).connect
2023-07-21T22:21:37.897 INFO:teuthology.orchestra.run.smithi107.stdout:/usr/bin/ceph: stderr
2023-07-21T22:21:37.227+0000 7f160b7fe700 1 -- 172.21.15.107:0/1941190504 <== mon.0 v2:172.21.15.107:3300/0 5 ==== osd_map(2..2 src has 1..2) v4 ==== 940+0+0 (secure 0 0 0) 0x7f160c04c870 con 0x7f161c105e90
2023-07-21T22:21:37.897 INFO:teuthology.orchestra.run.smithi107.stdout:/usr/bin/ceph: stderr
2023-07-21T22:21:37.227+0000 7f1619d9b700 1 --2- 172.21.15.107:0/1941190504 >> [v2:172.21.15.107:6800/659042147,v1:172.21.15.107:6801/659042147] conn(0x7f16040386c0 0x7f160403ab70 unknown :-1 s=BANNER_CONNECTING pgs=0 cs=0 l=1 rev1=0 crypto rx=0 tx=0 comp rx=0 tx=0)._handle_peer_banner_payload supported=3 required=0
2023-07-21T22:21:37.898 INFO:teuthology.orchestra.run.smithi107.stdout:/usr/bin/ceph: stderr
2023-07-21T22:21:37.228+0000 7f1619d9b700 1 --2- 172.21.15.107:0/1941190504 >> [v2:172.21.15.107:6800/659042147,v1:172.21.15.107:6801/659042147] conn(0x7f16040386c0 0x7f160403ab70 secure :-1 s=READY pgs=15 cs=0 l=1 rev1=1 crypto rx=0x7f1610006fd0 tx=0x7f1610006e40 comp rx=0 tx=0).ready entity=mgr.14118 client_cookie=0 server_cookie=0 in_seq=0 out_seq=0
2023-07-21T22:21:37.898 INFO:teuthology.orchestra.run.smithi107.stdout:/usr/bin/ceph: stderr
2023-07-21T22:21:37.232+0000 7f160b7fe700 1 -- 172.21.15.107:0/1941190504 <== mon.0 v2:172.21.15.107:3300/0 6 ==== mon_command_ack([{"prefix": "get_command_descriptions"}]=0 v0) v1 ==== 72+0+178008 (secure 0 0 0) 0x7f160c02b340 con 0x7f161c105e90
2023-07-21T22:21:37.898 INFO:teuthology.orchestra.run.smithi107.stdout:/usr/bin/ceph: stderr
2023-07-21T22:21:37.428+0000 7f1620ea0700 1 -- 172.21.15.107:0/1941190504 --> [v2:172.21.15.107:3300/0,v1:172.21.15.107:6789/0] -- mon_command([{prefix=config set, name=mgr/dashboard/ssl_server_port}] v 0) v1 -- 0x7f161c1096b0 con 0x7f161c105e90
2023-07-21T22:21:37.898 INFO:teuthology.orchestra.run.smithi107.stdout:/usr/bin/ceph: stderr
2023-07-21T22:21:37.433+0000 7f160b7fe700 1 -- 172.21.15.107:0/1941190504 <== mon.0 v2:172.21.15.107:3300/0 7 ==== mon_command_ack([{prefix=config set, name=mgr/dashboard/ssl_server_port}]=0 v8)=0 v8) v1 ==== 130+0+0 (secure 0 0 0) 0x7f160c018b40 con 0x7f161c105e90
2023-07-21T22:21:37.898 INFO:teuthology.orchestra.run.smithi107.stdout:/usr/bin/ceph: stderr
2023-07-21T22:21:37.435+0000 7f1620ea0700 1 -- 172.21.15.107:0/1941190504 >> [v2:172.21.15.107:6800/659042147,v1:172.21.15.107:6801/659042147] conn(0x7f16040386c0 msgr2=0x7f160403ab70 secure :-1 s=STATE_CONNECTION_ESTABLISHED l=1).mark_down
2023-07-21T22:21:37.898 INFO:teuthology.orchestra.run.smithi107.stdout:/usr/bin/ceph: stderr
2023-07-21T22:21:37.435+0000 7f1620ea0700 1 --2- 172.21.15.107:0/1941190504 >> [v2:172.21.15.107:6800/659042147,v1:172.21.15.107:6801/659042147] conn(0x7f16040386c0 0x7f160403ab70 secure :-1 s=READY pgs=15 cs=0 l=1 rev1=1 crypto rx=0x7f1610006fd0 tx=0x7f1610006e40 comp rx=0 tx=0).stop
2023-07-21T22:21:37.898 INFO:teuthology.orchestra.run.smithi107.stdout:/usr/bin/ceph: stderr
2023-07-21T22:21:37.435+0000 7f1620ea0700 1 -- 172.21.15.107:0/1941190504 >> [v2:172.21.15.107:3300/0,v1:172.21.15.107:6789/0] conn(0x7f161c105e90 msgr2=0x7f161c199100 secure :-1 s=STATE_CONNECTION_ESTABLISHED l=1).mark_down
2023-07-21T22:21:37.899 INFO:teuthology.orchestra.run.smithi107.stdout:/usr/bin/ceph: stderr
2023-07-21T22:21:37.435+0000 7f1620ea0700 1 --2- 172.21.15.107:0/1941190504 >> [v2:172.21.15.107:3300/0,v1:172.21.15.107:6789/0] conn(0x7f161c105e90 0x7f161c199100 secure :-1 s=READY pgs=52 cs=0 l=1 rev1=1 crypto rx=0x7f160c003e60 tx=0x7f160c011aa0 comp rx=0 tx=0).stop
2023-07-21T22:21:37.899 INFO:teuthology.orchestra.run.smithi107.stdout:/usr/bin/ceph: stderr
2023-07-21T22:21:37.435+0000 7f1620ea0700 1 -- 172.21.15.107:0/1941190504 shutdown_connections
2023-07-21T22:21:37.899 INFO:teuthology.orchestra.run.smithi107.stdout:/usr/bin/ceph: stderr
2023-07-21T22:21:37.435+0000 7f1620ea0700 1 --2- 172.21.15.107:0/1941190504 >> [v2:172.21.15.107:6800/659042147,v1:172.21.15.107:6801/659042147] conn(0x7f16040386c0 0x7f160403ab70 unknown :-1 s=CLOSED pgs=15 cs=0 l=1 rev1=1 crypto rx=0 tx=0 comp rx=0 tx=0).stop
2023-07-21T22:21:37.899 INFO:teuthology.orchestra.run.smithi107.stdout:/usr/bin/ceph: stderr
2023-07-21T22:21:37.435+0000 7f1620ea0700 1 --2- 172.21.15.107:0/1941190504 >> [v2:172.21.15.107:3300/0,v1:172.21.15.107:6789/0] conn(0x7f161c105e90 0x7f161c199100 unknown :-1 s=CLOSED pgs=52 cs=0 l=1 rev1=1 crypto rx=0 tx=0 comp rx=0 tx=0).stop
2023-07-21T22:21:37.899 INFO:teuthology.orchestra.run.smithi107.stdout:/usr/bin/ceph: stderr
2023-07-21T22:21:37.435+0000 7f1620ea0700 1 -- 172.21.15.107:0/1941190504 >> 172.21.15.107:0/1941190504 conn(0x7f161c0ff8d0 msgr2=0x7f161c100fa0 unknown :-1 s=STATE_NONE l=0).mark_down
2023-07-21T22:21:37.899 INFO:teuthology.orchestra.run.smithi107.stdout:/usr/bin/ceph: stderr
2023-07-21T22:21:37.436+0000 7f1620ea0700 1 -- 172.21.15.107:0/1941190504 shutdown_connections
2023-07-21T22:21:37.899 INFO:teuthology.orchestra.run.smithi107.stdout:/usr/bin/ceph: stderr
2023-07-21T22:21:37.436+0000 7f1620ea0700 1 -- 172.21.15.107:0/1941190504 wait complete.
2023-07-21T22:21:37.899 INFO:teuthology.orchestra.run.smithi107.stdout:Enabling the dashboard module...
2023-07-21T22:21:38.436 INFO:journalctl@ceph.mon.a.smithi107.stdout:Jul 21 22:21:38 smithi107 ceph-mon[96543]: from='mgr.14118 172.21.15.107:0/316279734' entity='mgr.x'
2023-07-21T22:21:38.437 INFO:journalctl@ceph.mon.a.smithi107.stdout:Jul 21 22:21:38 smithi107 ceph-mon[96543]: from='client.? 172.21.15.107:0/1941190504' entity='client.admin'
2023-07-21T22:21:38.437 INFO:journalctl@ceph.mon.a.smithi107.stdout:Jul 21 22:21:38 smithi107 ceph-mon[96543]: from='mgr.14118 172.21.15.107:0/316279734' entity='mgr.x'
2023-07-21T22:21:39.436 INFO:journalctl@ceph.mon.a.smithi107.stdout:Jul 21 22:21:39 smithi107 ceph-mon[96543]: from='client.? 172.21.15.107:0/2171876503' entity='client.admin' cmd=[{"prefix": "mgr module enable", "module": "dashboard"}]: dispatch
2023-07-21T22:21:39.437 INFO:journalctl@ceph.mgr.x.smithi107.stdout:Jul 21 22:21:39 smithi107 ceph-af99f5d0-2814-11ee-9b34-001a4aab830c-mgr-x[96785]: ignoring --setuser ceph since I am not root
2023-07-21T22:21:39.437 INFO:journalctl@ceph.mgr.x.smithi107.stdout:Jul 21 22:21:39 smithi107 ceph-af99f5d0-2814-11ee-9b34-001a4aab830c-mgr-x[96785]: ignoring --setgroup ceph since I am not root
2023-07-21T22:21:39.437 INFO:journalctl@ceph.mgr.x.smithi107.stdout:Jul 21 22:21:39 smithi107 ceph-af99f5d0-2814-11ee-9b34-001a4aab830c-mgr-x[96785]:
2023-07-21T22:21:39.318+0000 7f93757c6200 -1 mgr[py] Module devicehealth has missing NOTIFY_TYPES member
2023-07-21T22:21:39.738 INFO:teuthology.orchestra.run.smithi107.stdout:/usr/bin/ceph: stderr
2023-07-21T22:21:38.296+0000 7fd795fa2700 1 Processor -- start
2023-07-21T22:21:39.738 INFO:teuthology.orchestra.run.smithi107.stdout:/usr/bin/ceph: stderr
2023-07-21T22:21:38.296+0000 7fd795fa2700 1 -- start start
2023-07-21T22:21:39.738 INFO:teuthology.orchestra.run.smithi107.stdout:/usr/bin/ceph: stderr
2023-07-21T22:21:38.296+0000 7fd795fa2700 1 --2- >> [v2:172.21.15.107:3300/0,v1:172.21.15.107:6789/0] conn(0x7fd790079ca0 0x7fd790107f40 unknown :-1 s=NONE pgs=0 cs=0 l=0 rev1=0 crypto rx=0 tx=0 comp rx=0 tx=0).connect
2023-07-21T22:21:39.738 INFO:teuthology.orchestra.run.smithi107.stdout:/usr/bin/ceph: stderr
2023-07-21T22:21:38.296+0000 7fd795fa2700 1 -- --> [v2:172.21.15.107:3300/0,v1:172.21.15.107:6789/0] -- mon_getmap magic: 0 v1 -- 0x7fd790108480 con 0x7fd790079ca0
2023-07-21T22:21:39.738 INFO:teuthology.orchestra.run.smithi107.stdout:/usr/bin/ceph: stderr
2023-07-21T22:21:38.296+0000 7fd78f7fe700 1 --2- >> [v2:172.21.15.107:3300/0,v1:172.21.15.107:6789/0] conn(0x7fd790079ca0 0x7fd790107f40 unknown :-1 s=BANNER_CONNECTING pgs=0 cs=0 l=0 rev1=0 crypto rx=0 tx=0 comp rx=0 tx=0)._handle_peer_banner_payload supported=3 required=0
2023-07-21T22:21:39.738 INFO:teuthology.orchestra.run.smithi107.stdout:/usr/bin/ceph: stderr
2023-07-21T22:21:38.297+0000 7fd78f7fe700 1 --2- >> [v2:172.21.15.107:3300/0,v1:172.21.15.107:6789/0] conn(0x7fd790079ca0 0x7fd790107f40 unknown :-1 s=HELLO_CONNECTING pgs=0 cs=0 l=0 rev1=1 crypto rx=0 tx=0 comp rx=0 tx=0).handle_hello peer v2:172.21.15.107:3300/0 says I am v2:172.21.15.107:45322/0 (socket says 172.21.15.107:45322)
2023-07-21T22:21:39.739 INFO:teuthology.orchestra.run.smithi107.stdout:/usr/bin/ceph: stderr
2023-07-21T22:21:38.297+0000 7fd78f7fe700 1 -- 172.21.15.107:0/1989957688 learned_addr learned my addr 172.21.15.107:0/1989957688 (peer_addr_for_me v2:172.21.15.107:0/0)
2023-07-21T22:21:39.739 INFO:teuthology.orchestra.run.smithi107.stdout:/usr/bin/ceph: stderr
2023-07-21T22:21:38.297+0000 7fd78f7fe700 1 -- 172.21.15.107:0/1989957688 --> [v2:172.21.15.107:3300/0,v1:172.21.15.107:6789/0] -- mon_subscribe({config=0+,monmap=0+}) v3 -- 0x7fd7901085c0 con 0x7fd790079ca0
2023-07-21T22:21:39.739 INFO:teuthology.orchestra.run.smithi107.stdout:/usr/bin/ceph: stderr
2023-07-21T22:21:38.297+0000 7fd78f7fe700 1 --2- 172.21.15.107:0/1989957688 >> [v2:172.21.15.107:3300/0,v1:172.21.15.107:6789/0] conn(0x7fd790079ca0 0x7fd790107f40 secure :-1 s=READY pgs=53 cs=0 l=1 rev1=1 crypto rx=0x7fd7880098a0 tx=0x7fd788009bb0 comp rx=0 tx=0).ready entity=mon.0 client_cookie=de4863a5cbee347b server_cookie=0 in_seq=0 out_seq=0
2023-07-21T22:21:39.739 INFO:teuthology.orchestra.run.smithi107.stdout:/usr/bin/ceph: stderr
2023-07-21T22:21:38.297+0000 7fd78e7fc700 1 -- 172.21.15.107:0/1989957688 <== mon.0 v2:172.21.15.107:3300/0 1 ==== mon_map magic: 0 v1 ==== 205+0+0 (secure 0 0 0) 0x7fd788004160 con 0x7fd790079ca0
2023-07-21T22:21:39.739 INFO:teuthology.orchestra.run.smithi107.stdout:/usr/bin/ceph: stderr
2023-07-21T22:21:38.297+0000 7fd78e7fc700 1 -- 172.21.15.107:0/1989957688 <== mon.0 v2:172.21.15.107:3300/0 2 ==== config(26 keys) v1 ==== 1105+0+0 (secure 0 0 0) 0x7fd7880042c0 con 0x7fd790079ca0
2023-07-21T22:21:39.739 INFO:teuthology.orchestra.run.smithi107.stdout:/usr/bin/ceph: stderr
2023-07-21T22:21:38.297+0000 7fd78e7fc700 1 -- 172.21.15.107:0/1989957688 <== mon.0 v2:172.21.15.107:3300/0 3 ==== mon_map magic: 0 v1 ==== 205+0+0 (secure 0 0 0) 0x7fd7880119b0 con 0x7fd790079ca0
2023-07-21T22:21:39.739 INFO:teuthology.orchestra.run.smithi107.stdout:/usr/bin/ceph: stderr
2023-07-21T22:21:38.298+0000 7fd795fa2700 1 -- 172.21.15.107:0/1989957688 >> [v2:172.21.15.107:3300/0,v1:172.21.15.107:6789/0] conn(0x7fd790079ca0 msgr2=0x7fd790107f40 secure :-1 s=STATE_CONNECTION_ESTABLISHED l=1).mark_down
2023-07-21T22:21:39.740 INFO:teuthology.orchestra.run.smithi107.stdout:/usr/bin/ceph: stderr
2023-07-21T22:21:38.298+0000 7fd795fa2700 1 --2- 172.21.15.107:0/1989957688 >> [v2:172.21.15.107:3300/0,v1:172.21.15.107:6789/0] conn(0x7fd790079ca0 0x7fd790107f40 secure :-1 s=READY pgs=53 cs=0 l=1 rev1=1 crypto rx=0x7fd7880098a0 tx=0x7fd788009bb0 comp rx=0 tx=0).stop
2023-07-21T22:21:39.740 INFO:teuthology.orchestra.run.smithi107.stdout:/usr/bin/ceph: stderr
2023-07-21T22:21:38.298+0000 7fd795fa2700 1 -- 172.21.15.107:0/1989957688 shutdown_connections
2023-07-21T22:21:39.740 INFO:teuthology.orchestra.run.smithi107.stdout:/usr/bin/ceph: stderr
2023-07-21T22:21:38.298+0000 7fd795fa2700 1 --2- 172.21.15.107:0/1989957688 >> [v2:172.21.15.107:3300/0,v1:172.21.15.107:6789/0] conn(0x7fd790079ca0 0x7fd790107f40 unknown :-1 s=CLOSED pgs=53 cs=0 l=1 rev1=1 crypto rx=0 tx=0 comp rx=0 tx=0).stop
2023-07-21T22:21:39.740 INFO:teuthology.orchestra.run.smithi107.stdout:/usr/bin/ceph: stderr
2023-07-21T22:21:38.298+0000 7fd795fa2700 1 -- 172.21.15.107:0/1989957688 >> 172.21.15.107:0/1989957688 conn(0x7fd7900ff8d0 msgr2=0x7fd790101ce0 unknown :-1 s=STATE_NONE l=0).mark_down
2023-07-21T22:21:39.740 INFO:teuthology.orchestra.run.smithi107.stdout:/usr/bin/ceph: stderr
2023-07-21T22:21:38.298+0000 7fd795fa2700 1 -- 172.21.15.107:0/1989957688 shutdown_connections
2023-07-21T22:21:39.740 INFO:teuthology.orchestra.run.smithi107.stdout:/usr/bin/ceph: stderr
2023-07-21T22:21:38.298+0000 7fd795fa2700 1 -- 172.21.15.107:0/1989957688 wait complete.
2023-07-21T22:21:39.740 INFO:teuthology.orchestra.run.smithi107.stdout:/usr/bin/ceph: stderr
2023-07-21T22:21:38.299+0000 7fd795fa2700 1 Processor -- start
2023-07-21T22:21:39.741 INFO:teuthology.orchestra.run.smithi107.stdout:/usr/bin/ceph: stderr
2023-07-21T22:21:38.299+0000 7fd795fa2700 1 -- start start
2023-07-21T22:21:39.741 INFO:teuthology.orchestra.run.smithi107.stdout:/usr/bin/ceph: stderr
2023-07-21T22:21:38.299+0000 7fd795fa2700 1 --2- >> [v2:172.21.15.107:3300/0,v1:172.21.15.107:6789/0] conn(0x7fd790079ca0 0x7fd790199140 unknown :-1 s=NONE pgs=0 cs=0 l=1 rev1=0 crypto rx=0 tx=0 comp rx=0 tx=0).connect
2023-07-21T22:21:39.741 INFO:teuthology.orchestra.run.smithi107.stdout:/usr/bin/ceph: stderr
2023-07-21T22:21:38.299+0000 7fd795fa2700 1 -- --> [v2:172.21.15.107:3300/0,v1:172.21.15.107:6789/0] -- mon_getmap magic: 0 v1 -- 0x7fd790199680 con 0x7fd790079ca0
2023-07-21T22:21:39.741 INFO:teuthology.orchestra.run.smithi107.stdout:/usr/bin/ceph: stderr
2023-07-21T22:21:38.299+0000 7fd78f7fe700 1 --2- >> [v2:172.21.15.107:3300/0,v1:172.21.15.107:6789/0] conn(0x7fd790079ca0 0x7fd790199140 unknown :-1 s=BANNER_CONNECTING pgs=0 cs=0 l=1 rev1=0 crypto rx=0 tx=0 comp rx=0 tx=0)._handle_peer_banner_payload supported=3 required=0
2023-07-21T22:21:39.741 INFO:teuthology.orchestra.run.smithi107.stdout:/usr/bin/ceph: stderr
2023-07-21T22:21:38.299+0000 7fd78f7fe700 1 --2- >> [v2:172.21.15.107:3300/0,v1:172.21.15.107:6789/0] conn(0x7fd790079ca0 0x7fd790199140 unknown :-1 s=HELLO_CONNECTING pgs=0 cs=0 l=1 rev1=1 crypto rx=0 tx=0 comp rx=0 tx=0).handle_hello peer v2:172.21.15.107:3300/0 says I am v2:172.21.15.107:45324/0 (socket says 172.21.15.107:45324)
2023-07-21T22:21:39.741 INFO:teuthology.orchestra.run.smithi107.stdout:/usr/bin/ceph: stderr
2023-07-21T22:21:38.299+0000 7fd78f7fe700 1 -- 172.21.15.107:0/2171876503 learned_addr learned my addr 172.21.15.107:0/2171876503 (peer_addr_for_me v2:172.21.15.107:0/0)
2023-07-21T22:21:39.741 INFO:teuthology.orchestra.run.smithi107.stdout:/usr/bin/ceph: stderr
2023-07-21T22:21:38.299+0000 7fd78f7fe700 1 -- 172.21.15.107:0/2171876503 --> [v2:172.21.15.107:3300/0,v1:172.21.15.107:6789/0] -- mon_subscribe({config=0+,monmap=0+}) v3 -- 0x7fd788009550 con 0x7fd790079ca0
2023-07-21T22:21:39.741 INFO:teuthology.orchestra.run.smithi107.stdout:/usr/bin/ceph: stderr
2023-07-21T22:21:38.300+0000 7fd78f7fe700 1 --2- 172.21.15.107:0/2171876503 >> [v2:172.21.15.107:3300/0,v1:172.21.15.107:6789/0] conn(0x7fd790079ca0 0x7fd790199140 secure :-1 s=READY pgs=54 cs=0 l=1 rev1=1 crypto rx=0x7fd788000c00 tx=0x7fd788011a30 comp rx=0 tx=0).ready entity=mon.0 client_cookie=0 server_cookie=0 in_seq=0 out_seq=0
2023-07-21T22:21:39.742 INFO:teuthology.orchestra.run.smithi107.stdout:/usr/bin/ceph: stderr
2023-07-21T22:21:38.300+0000 7fd78cff9700 1 -- 172.21.15.107:0/2171876503 <== mon.0 v2:172.21.15.107:3300/0 1 ==== mon_map magic: 0 v1 ==== 205+0+0 (secure 0 0 0) 0x7fd788003b20 con 0x7fd790079ca0
2023-07-21T22:21:39.742 INFO:teuthology.orchestra.run.smithi107.stdout:/usr/bin/ceph: stderr
2023-07-21T22:21:38.300+0000 7fd795fa2700 1 -- 172.21.15.107:0/2171876503 --> [v2:172.21.15.107:3300/0,v1:172.21.15.107:6789/0] -- mon_subscribe({mgrmap=0+}) v3 -- 0x7fd790199880 con 0x7fd790079ca0
2023-07-21T22:21:39.742 INFO:teuthology.orchestra.run.smithi107.stdout:/usr/bin/ceph: stderr
2023-07-21T22:21:38.300+0000 7fd78cff9700 1 -- 172.21.15.107:0/2171876503 <== mon.0 v2:172.21.15.107:3300/0 2 ==== config(26 keys) v1 ==== 1105+0+0 (secure 0 0 0) 0x7fd788003c80 con 0x7fd790079ca0
2023-07-21T22:21:39.742 INFO:teuthology.orchestra.run.smithi107.stdout:/usr/bin/ceph: stderr
2023-07-21T22:21:38.300+0000 7fd78cff9700 1 -- 172.21.15.107:0/2171876503 <== mon.0 v2:172.21.15.107:3300/0 3 ==== mon_map magic: 0 v1 ==== 205+0+0 (secure 0 0 0) 0x7fd788019770 con 0x7fd790079ca0
2023-07-21T22:21:39.742 INFO:teuthology.orchestra.run.smithi107.stdout:/usr/bin/ceph: stderr
2023-07-21T22:21:38.300+0000 7fd795fa2700 1 -- 172.21.15.107:0/2171876503 --> [v2:172.21.15.107:3300/0,v1:172.21.15.107:6789/0] -- mon_subscribe({osdmap=0}) v3 -- 0x7fd790199ca0 con 0x7fd790079ca0
2023-07-21T22:21:39.742 INFO:teuthology.orchestra.run.smithi107.stdout:/usr/bin/ceph: stderr
2023-07-21T22:21:38.301+0000 7fd78cff9700 1 -- 172.21.15.107:0/2171876503 <== mon.0 v2:172.21.15.107:3300/0 4 ==== mgrmap(e 8) v1 ==== 45483+0+0 (secure 0 0 0) 0x7fd788019a30 con 0x7fd790079ca0
2023-07-21T22:21:39.742 INFO:teuthology.orchestra.run.smithi107.stdout:/usr/bin/ceph: stderr
2023-07-21T22:21:38.301+0000 7fd795fa2700 1 -- 172.21.15.107:0/2171876503 --> [v2:172.21.15.107:3300/0,v1:172.21.15.107:6789/0] -- mon_command({"prefix": "get_command_descriptions"} v 0) v1 -- 0x7fd790061b40 con 0x7fd790079ca0
2023-07-21T22:21:39.742 INFO:teuthology.orchestra.run.smithi107.stdout:/usr/bin/ceph: stderr
2023-07-21T22:21:38.301+0000 7fd78cff9700 1 --2- 172.21.15.107:0/2171876503 >> [v2:172.21.15.107:6800/659042147,v1:172.21.15.107:6801/659042147] conn(0x7fd778038710 0x7fd77803abc0 unknown :-1 s=NONE pgs=0 cs=0 l=1 rev1=0 crypto rx=0 tx=0 comp rx=0 tx=0).connect
2023-07-21T22:21:39.743 INFO:teuthology.orchestra.run.smithi107.stdout:/usr/bin/ceph: stderr
2023-07-21T22:21:38.301+0000 7fd78cff9700 1 -- 172.21.15.107:0/2171876503 <== mon.0 v2:172.21.15.107:3300/0 5 ==== osd_map(2..2 src has 1..2) v4 ==== 940+0+0 (secure 0 0 0) 0x7fd78804cb60 con 0x7fd790079ca0
2023-07-21T22:21:39.743 INFO:teuthology.orchestra.run.smithi107.stdout:/usr/bin/ceph: stderr
2023-07-21T22:21:38.301+0000 7fd78effd700 1 --2- 172.21.15.107:0/2171876503 >> [v2:172.21.15.107:6800/659042147,v1:172.21.15.107:6801/659042147] conn(0x7fd778038710 0x7fd77803abc0 unknown :-1 s=BANNER_CONNECTING pgs=0 cs=0 l=1 rev1=0 crypto rx=0 tx=0 comp rx=0 tx=0)._handle_peer_banner_payload supported=3 required=0
2023-07-21T22:21:39.743 INFO:teuthology.orchestra.run.smithi107.stdout:/usr/bin/ceph: stderr
2023-07-21T22:21:38.301+0000 7fd78effd700 1 --2- 172.21.15.107:0/2171876503 >> [v2:172.21.15.107:6800/659042147,v1:172.21.15.107:6801/659042147] conn(0x7fd778038710 0x7fd77803abc0 secure :-1 s=READY pgs=16 cs=0 l=1 rev1=1 crypto rx=0x7fd784006fd0 tx=0x7fd784006e40 comp rx=0 tx=0).ready entity=mgr.14118 client_cookie=0 server_cookie=0 in_seq=0 out_seq=0
2023-07-21T22:21:39.743 INFO:teuthology.orchestra.run.smithi107.stdout:/usr/bin/ceph: stderr
2023-07-21T22:21:38.305+0000 7fd78cff9700 1 -- 172.21.15.107:0/2171876503 <== mon.0 v2:172.21.15.107:3300/0 6 ==== mon_command_ack([{"prefix": "get_command_descriptions"}]=0 v0) v1 ==== 72+0+178008 (secure 0 0 0) 0x7fd78800b4d0 con 0x7fd790079ca0
2023-07-21T22:21:39.743 INFO:teuthology.orchestra.run.smithi107.stdout:/usr/bin/ceph: stderr
2023-07-21T22:21:38.566+0000 7fd795fa2700 1 -- 172.21.15.107:0/2171876503 --> [v2:172.21.15.107:3300/0,v1:172.21.15.107:6789/0] -- mon_command({"prefix": "mgr module enable", "module": "dashboard"} v 0) v1 -- 0x7fd79019c7d0 con 0x7fd790079ca0
2023-07-21T22:21:39.743 INFO:teuthology.orchestra.run.smithi107.stdout:/usr/bin/ceph: stderr
2023-07-21T22:21:39.148+0000 7fd78cff9700 1 -- 172.21.15.107:0/2171876503 <== mon.0 v2:172.21.15.107:3300/0 7 ==== mgrmap(e 9) v1 ==== 45496+0+0 (secure 0 0 0) 0x7fd788019ce0 con 0x7fd790079ca0
2023-07-21T22:21:39.743 INFO:teuthology.orchestra.run.smithi107.stdout:/usr/bin/ceph: stderr
2023-07-21T22:21:39.150+0000 7fd78cff9700 1 -- 172.21.15.107:0/2171876503 <== mon.0 v2:172.21.15.107:3300/0 8 ==== mon_command_ack([{"prefix": "mgr module enable", "module": "dashboard"}]=0 v9) v1 ==== 88+0+0 (secure 0 0 0) 0x7fd788018740 con 0x7fd790079ca0
2023-07-21T22:21:39.744 INFO:teuthology.orchestra.run.smithi107.stdout:/usr/bin/ceph: stderr
2023-07-21T22:21:39.152+0000 7fd795fa2700 1 -- 172.21.15.107:0/2171876503 >> [v2:172.21.15.107:6800/659042147,v1:172.21.15.107:6801/659042147] conn(0x7fd778038710 msgr2=0x7fd77803abc0 secure :-1 s=STATE_CONNECTION_ESTABLISHED l=1).mark_down
2023-07-21T22:21:39.744 INFO:teuthology.orchestra.run.smithi107.stdout:/usr/bin/ceph: stderr
2023-07-21T22:21:39.152+0000 7fd795fa2700 1 --2- 172.21.15.107:0/2171876503 >> [v2:172.21.15.107:6800/659042147,v1:172.21.15.107:6801/659042147] conn(0x7fd778038710 0x7fd77803abc0 secure :-1 s=READY pgs=16 cs=0 l=1 rev1=1 crypto rx=0x7fd784006fd0 tx=0x7fd784006e40 comp rx=0 tx=0).stop
2023-07-21T22:21:39.744 INFO:teuthology.orchestra.run.smithi107.stdout:/usr/bin/ceph: stderr
2023-07-21T22:21:39.152+0000 7fd795fa2700 1 -- 172.21.15.107:0/2171876503 >> [v2:172.21.15.107:3300/0,v1:172.21.15.107:6789/0] conn(0x7fd790079ca0 msgr2=0x7fd790199140 secure :-1 s=STATE_CONNECTION_ESTABLISHED l=1).mark_down
2023-07-21T22:21:39.744 INFO:teuthology.orchestra.run.smithi107.stdout:/usr/bin/ceph: stderr
2023-07-21T22:21:39.152+0000 7fd795fa2700 1 --2- 172.21.15.107:0/2171876503 >> [v2:172.21.15.107:3300/0,v1:172.21.15.107:6789/0] conn(0x7fd790079ca0 0x7fd790199140 secure :-1 s=READY pgs=54 cs=0 l=1 rev1=1 crypto rx=0x7fd788000c00 tx=0x7fd788011a30 comp rx=0 tx=0).stop
2023-07-21T22:21:39.744 INFO:teuthology.orchestra.run.smithi107.stdout:/usr/bin/ceph: stderr
2023-07-21T22:21:39.152+0000 7fd795fa2700 1 -- 172.21.15.107:0/2171876503 shutdown_connections
2023-07-21T22:21:39.744 INFO:teuthology.orchestra.run.smithi107.stdout:/usr/bin/ceph: stderr
2023-07-21T22:21:39.152+0000 7fd795fa2700 1 --2- 172.21.15.107:0/2171876503 >> [v2:172.21.15.107:6800/659042147,v1:172.21.15.107:6801/659042147] conn(0x7fd778038710 0x7fd77803abc0 unknown :-1 s=CLOSED pgs=16 cs=0 l=1 rev1=1 crypto rx=0 tx=0 comp rx=0 tx=0).stop
2023-07-21T22:21:39.744 INFO:teuthology.orchestra.run.smithi107.stdout:/usr/bin/ceph: stderr
2023-07-21T22:21:39.152+0000 7fd795fa2700 1 --2- 172.21.15.107:0/2171876503 >> [v2:172.21.15.107:3300/0,v1:172.21.15.107:6789/0] conn(0x7fd790079ca0 0x7fd790199140 unknown :-1 s=CLOSED pgs=54 cs=0 l=1 rev1=1 crypto rx=0 tx=0 comp rx=0 tx=0).stop
2023-07-21T22:21:39.745 INFO:teuthology.orchestra.run.smithi107.stdout:/usr/bin/ceph: stderr
2023-07-21T22:21:39.152+0000 7fd795fa2700 1 -- 172.21.15.107:0/2171876503 >> 172.21.15.107:0/2171876503 conn(0x7fd7900ff8d0 msgr2=0x7fd790100fa0 unknown :-1 s=STATE_NONE l=0).mark_down
2023-07-21T22:21:39.745 INFO:teuthology.orchestra.run.smithi107.stdout:/usr/bin/ceph: stderr
2023-07-21T22:21:39.152+0000 7fd795fa2700 1 -- 172.21.15.107:0/2171876503 shutdown_connections
2023-07-21T22:21:39.745 INFO:teuthology.orchestra.run.smithi107.stdout:/usr/bin/ceph: stderr
2023-07-21T22:21:39.152+0000 7fd795fa2700 1 -- 172.21.15.107:0/2171876503 wait complete.
2023-07-21T22:21:39.751 INFO:journalctl@ceph.mgr.x.smithi107.stdout:Jul 21 22:21:39 smithi107 ceph-af99f5d0-2814-11ee-9b34-001a4aab830c-mgr-x[96785]:
2023-07-21T22:21:39.401+0000 7f93757c6200 -1 mgr[py] Module osd_support has missing NOTIFY_TYPES member
2023-07-21T22:21:39.751 INFO:journalctl@ceph.mgr.x.smithi107.stdout:Jul 21 22:21:39 smithi107 ceph-af99f5d0-2814-11ee-9b34-001a4aab830c-mgr-x[96785]:
2023-07-21T22:21:39.491+0000 7f93757c6200 -1 mgr[py] Module snap_schedule has missing NOTIFY_TYPES member
2023-07-21T22:21:39.752 INFO:journalctl@ceph.mgr.x.smithi107.stdout:Jul 21 22:21:39 smithi107 ceph-af99f5d0-2814-11ee-9b34-001a4aab830c-mgr-x[96785]:
2023-07-21T22:21:39.586+0000 7f93757c6200 -1 mgr[py] Module zabbix has missing NOTIFY_TYPES member
2023-07-21T22:21:40.010 INFO:journalctl@ceph.mgr.x.smithi107.stdout:Jul 21 22:21:39 smithi107 ceph-af99f5d0-2814-11ee-9b34-001a4aab830c-mgr-x[96785]:
2023-07-21T22:21:39.763+0000 7f93757c6200 -1 mgr[py] Module crash has missing NOTIFY_TYPES member
2023-07-21T22:21:40.436 INFO:journalctl@ceph.mon.a.smithi107.stdout:Jul 21 22:21:40 smithi107 ceph-mon[96543]: from='client.? 172.21.15.107:0/2171876503' entity='client.admin' cmd='[{"prefix": "mgr module enable", "module": "dashboard"}]': finished
2023-07-21T22:21:40.437 INFO:journalctl@ceph.mon.a.smithi107.stdout:Jul 21 22:21:40 smithi107 ceph-mon[96543]: mgrmap e9: x(active, since 14s)
2023-07-21T22:21:40.437 INFO:journalctl@ceph.mgr.x.smithi107.stdout:Jul 21 22:21:40 smithi107 ceph-af99f5d0-2814-11ee-9b34-001a4aab830c-mgr-x[96785]:
2023-07-21T22:21:40.082+0000 7f93757c6200 -1 mgr[py] Module prometheus has missing NOTIFY_TYPES member
2023-07-21T22:21:40.437 INFO:journalctl@ceph.mgr.x.smithi107.stdout:Jul 21 22:21:40 smithi107 ceph-af99f5d0-2814-11ee-9b34-001a4aab830c-mgr-x[96785]:
2023-07-21T22:21:40.173+0000 7f93757c6200 -1 mgr[py] Module status has missing NOTIFY_TYPES member
2023-07-21T22:21:40.437 INFO:journalctl@ceph.mgr.x.smithi107.stdout:Jul 21 22:21:40 smithi107 ceph-af99f5d0-2814-11ee-9b34-001a4aab830c-mgr-x[96785]:
2023-07-21T22:21:40.306+0000 7f93757c6200 -1 mgr[py] Module selftest has missing NOTIFY_TYPES member
2023-07-21T22:21:40.878 INFO:journalctl@ceph.mgr.x.smithi107.stdout:Jul 21 22:21:40 smithi107 ceph-af99f5d0-2814-11ee-9b34-001a4aab830c-mgr-x[96785]:
2023-07-21T22:21:40.402+0000 7f93757c6200 -1 mgr[py] Module alerts has missing NOTIFY_TYPES member
2023-07-21T22:21:40.888 INFO:teuthology.orchestra.run.smithi107.stdout:/usr/bin/ceph: stdout {
2023-07-21T22:21:40.889 INFO:teuthology.orchestra.run.smithi107.stdout:/usr/bin/ceph: stdout "epoch": 9,
2023-07-21T22:21:40.889 INFO:teuthology.orchestra.run.smithi107.stdout:/usr/bin/ceph: stdout "available": true,
2023-07-21T22:21:40.889 INFO:teuthology.orchestra.run.smithi107.stdout:/usr/bin/ceph: stdout "active_name": "x",
2023-07-21T22:21:40.890 INFO:teuthology.orchestra.run.smithi107.stdout:/usr/bin/ceph: stdout "num_standby": 0
2023-07-21T22:21:40.890 INFO:teuthology.orchestra.run.smithi107.stdout:/usr/bin/ceph: stdout }
2023-07-21T22:21:40.890 INFO:teuthology.orchestra.run.smithi107.stdout:/usr/bin/ceph: stderr
2023-07-21T22:21:40.186+0000 7fd77b8ef700 1 Processor -- start
2023-07-21T22:21:40.890 INFO:teuthology.orchestra.run.smithi107.stdout:/usr/bin/ceph: stderr
2023-07-21T22:21:40.186+0000 7fd77b8ef700 1 -- start start
2023-07-21T22:21:40.891 INFO:teuthology.orchestra.run.smithi107.stdout:/usr/bin/ceph: stderr
2023-07-21T22:21:40.186+0000 7fd77b8ef700 1 --2- >> [v2:172.21.15.107:3300/0,v1:172.21.15.107:6789/0] conn(0x7fd774104270 0x7fd774104680 unknown :-1 s=NONE pgs=0 cs=0 l=0 rev1=0 crypto rx=0 tx=0 comp rx=0 tx=0).connect
2023-07-21T22:21:40.891 INFO:teuthology.orchestra.run.smithi107.stdout:/usr/bin/ceph: stderr
2023-07-21T22:21:40.186+0000 7fd77b8ef700 1 -- --> [v2:172.21.15.107:3300/0,v1:172.21.15.107:6789/0] -- mon_getmap magic: 0 v1 -- 0x7fd774104bc0 con 0x7fd774104270
2023-07-21T22:21:40.892 INFO:teuthology.orchestra.run.smithi107.stdout:/usr/bin/ceph: stderr
2023-07-21T22:21:40.187+0000 7fd77968b700 1 --2- >> [v2:172.21.15.107:3300/0,v1:172.21.15.107:6789/0] conn(0x7fd774104270 0x7fd774104680 unknown :-1 s=BANNER_CONNECTING pgs=0 cs=0 l=0 rev1=0 crypto rx=0 tx=0 comp rx=0 tx=0)._handle_peer_banner_payload supported=3 required=0
2023-07-21T22:21:40.892 INFO:teuthology.orchestra.run.smithi107.stdout:/usr/bin/ceph: stderr
2023-07-21T22:21:40.187+0000 7fd77968b700 1 --2- >> [v2:172.21.15.107:3300/0,v1:172.21.15.107:6789/0] conn(0x7fd774104270 0x7fd774104680 unknown :-1 s=HELLO_CONNECTING pgs=0 cs=0 l=0 rev1=1 crypto rx=0 tx=0 comp rx=0 tx=0).handle_hello peer v2:172.21.15.107:3300/0 says I am v2:172.21.15.107:45338/0 (socket says 172.21.15.107:45338)
2023-07-21T22:21:40.893 INFO:teuthology.orchestra.run.smithi107.stdout:/usr/bin/ceph: stderr
2023-07-21T22:21:40.187+0000 7fd77968b700 1 -- 172.21.15.107:0/2069565959 learned_addr learned my addr 172.21.15.107:0/2069565959 (peer_addr_for_me v2:172.21.15.107:0/0)
2023-07-21T22:21:40.893 INFO:teuthology.orchestra.run.smithi107.stdout:/usr/bin/ceph: stderr
2023-07-21T22:21:40.187+0000 7fd77968b700 1 -- 172.21.15.107:0/2069565959 --> [v2:172.21.15.107:3300/0,v1:172.21.15.107:6789/0] -- mon_subscribe({config=0+,monmap=0+}) v3 -- 0x7fd774104d00 con 0x7fd774104270
2023-07-21T22:21:40.893 INFO:teuthology.orchestra.run.smithi107.stdout:/usr/bin/ceph: stderr
2023-07-21T22:21:40.187+0000 7fd77968b700 1 --2- 172.21.15.107:0/2069565959 >> [v2:172.21.15.107:3300/0,v1:172.21.15.107:6789/0] conn(0x7fd774104270 0x7fd774104680 secure :-1 s=READY pgs=57 cs=0 l=1 rev1=1 crypto rx=0x7fd7700098a0 tx=0x7fd770009bb0 comp rx=0 tx=0).ready entity=mon.0 client_cookie=60878a7ec30e6f53 server_cookie=0 in_seq=0 out_seq=0
2023-07-21T22:21:40.894 INFO:teuthology.orchestra.run.smithi107.stdout:/usr/bin/ceph: stderr
2023-07-21T22:21:40.187+0000 7fd76bfff700 1 -- 172.21.15.107:0/2069565959 <== mon.0 v2:172.21.15.107:3300/0 1 ==== mon_map magic: 0 v1 ==== 205+0+0 (secure 0 0 0) 0x7fd770004160 con 0x7fd774104270
2023-07-21T22:21:40.894 INFO:teuthology.orchestra.run.smithi107.stdout:/usr/bin/ceph: stderr
2023-07-21T22:21:40.187+0000 7fd76bfff700 1 -- 172.21.15.107:0/2069565959 <== mon.0 v2:172.21.15.107:3300/0 2 ==== config(26 keys) v1 ==== 1105+0+0 (secure 0 0 0) 0x7fd7700042c0 con 0x7fd774104270
2023-07-21T22:21:40.894 INFO:teuthology.orchestra.run.smithi107.stdout:/usr/bin/ceph: stderr
2023-07-21T22:21:40.187+0000 7fd76bfff700 1 -- 172.21.15.107:0/2069565959 <== mon.0 v2:172.21.15.107:3300/0 3 ==== mon_map magic: 0 v1 ==== 205+0+0 (secure 0 0 0) 0x7fd7700119b0 con 0x7fd774104270
2023-07-21T22:21:40.895 INFO:teuthology.orchestra.run.smithi107.stdout:/usr/bin/ceph: stderr
2023-07-21T22:21:40.188+0000 7fd77b8ef700 1 -- 172.21.15.107:0/2069565959 >> [v2:172.21.15.107:3300/0,v1:172.21.15.107:6789/0] conn(0x7fd774104270 msgr2=0x7fd774104680 secure :-1 s=STATE_CONNECTION_ESTABLISHED l=1).mark_down
2023-07-21T22:21:40.895 INFO:teuthology.orchestra.run.smithi107.stdout:/usr/bin/ceph: stderr
2023-07-21T22:21:40.188+0000 7fd77b8ef700 1 --2- 172.21.15.107:0/2069565959 >> [v2:172.21.15.107:3300/0,v1:172.21.15.107:6789/0] conn(0x7fd774104270 0x7fd774104680 secure :-1 s=READY pgs=57 cs=0 l=1 rev1=1 crypto rx=0x7fd7700098a0 tx=0x7fd770009bb0 comp rx=0 tx=0).stop
2023-07-21T22:21:40.895 INFO:teuthology.orchestra.run.smithi107.stdout:/usr/bin/ceph: stderr
2023-07-21T22:21:40.188+0000 7fd77b8ef700 1 -- 172.21.15.107:0/2069565959 shutdown_connections
2023-07-21T22:21:40.895 INFO:teuthology.orchestra.run.smithi107.stdout:/usr/bin/ceph: stderr
2023-07-21T22:21:40.188+0000 7fd77b8ef700 1 --2- 172.21.15.107:0/2069565959 >> [v2:172.21.15.107:3300/0,v1:172.21.15.107:6789/0] conn(0x7fd774104270 0x7fd774104680 unknown :-1 s=CLOSED pgs=57 cs=0 l=1 rev1=1 crypto rx=0 tx=0 comp rx=0 tx=0).stop
2023-07-21T22:21:40.895 INFO:teuthology.orchestra.run.smithi107.stdout:/usr/bin/ceph: stderr
2023-07-21T22:21:40.188+0000 7fd77b8ef700 1 -- 172.21.15.107:0/2069565959 >> 172.21.15.107:0/2069565959 conn(0x7fd7740ff900 msgr2=0x7fd774101d10 unknown :-1 s=STATE_NONE l=0).mark_down
2023-07-21T22:21:40.896 INFO:teuthology.orchestra.run.smithi107.stdout:/usr/bin/ceph: stderr
2023-07-21T22:21:40.188+0000 7fd77b8ef700 1 -- 172.21.15.107:0/2069565959 shutdown_connections
2023-07-21T22:21:40.896 INFO:teuthology.orchestra.run.smithi107.stdout:/usr/bin/ceph: stderr
2023-07-21T22:21:40.188+0000 7fd77b8ef700 1 -- 172.21.15.107:0/2069565959 wait complete.
2023-07-21T22:21:40.896 INFO:teuthology.orchestra.run.smithi107.stdout:/usr/bin/ceph: stderr
2023-07-21T22:21:40.189+0000 7fd77b8ef700 1 Processor -- start
2023-07-21T22:21:40.896 INFO:teuthology.orchestra.run.smithi107.stdout:/usr/bin/ceph: stderr
2023-07-21T22:21:40.189+0000 7fd77b8ef700 1 -- start start
2023-07-21T22:21:40.897 INFO:teuthology.orchestra.run.smithi107.stdout:/usr/bin/ceph: stderr
2023-07-21T22:21:40.189+0000 7fd77b8ef700 1 --2- >> [v2:172.21.15.107:3300/0,v1:172.21.15.107:6789/0] conn(0x7fd774104270 0x7fd77418f410 unknown :-1 s=NONE pgs=0 cs=0 l=1 rev1=0 crypto rx=0 tx=0 comp rx=0 tx=0).connect
2023-07-21T22:21:40.897 INFO:teuthology.orchestra.run.smithi107.stdout:/usr/bin/ceph: stderr
2023-07-21T22:21:40.189+0000 7fd77b8ef700 1 -- --> [v2:172.21.15.107:3300/0,v1:172.21.15.107:6789/0] -- mon_getmap magic: 0 v1 -- 0x7fd77418f950 con 0x7fd774104270
