2023-07-21T22:21:27.865 INFO:teuthology.orchestra.run.smithi107.stdout:/usr/bin/ceph: stderr
2023-07-21T22:21:27.321+0000 7fc6f9424700 1 --2- 172.21.15.107:0/257903033 >> [v2:172.21.15.107:6800/659042147,v1:172.21.15.107:6801/659042147] conn(0x7fc6e0038710 0x7fc6e003abc0 secure :-1 s=READY pgs=8 cs=0 l=1 rev1=1 crypto rx=0x7fc6f0006fd0 tx=0x7fc6f0006e40 comp rx=0 tx=0).ready entity=mgr.14118 client_cookie=0 server_cookie=0 in_seq=0 out_seq=0
2023-07-21T22:21:27.865 INFO:teuthology.orchestra.run.smithi107.stdout:/usr/bin/ceph: stderr
2023-07-21T22:21:27.325+0000 7fc6eaffd700 1 -- 172.21.15.107:0/257903033 <== mon.0 v2:172.21.15.107:3300/0 6 ==== mon_command_ack([{"prefix": "get_command_descriptions"}]=0 v0) v1 ==== 72+0+178008 (secure 0 0 0) 0x7fc6e4010970 con 0x7fc6f4105e80
2023-07-21T22:21:27.865 INFO:teuthology.orchestra.run.smithi107.stdout:/usr/bin/ceph: stderr
2023-07-21T22:21:27.511+0000 7fc6fbe89700 1 -- 172.21.15.107:0/257903033 --> [v2:172.21.15.107:6800/659042147,v1:172.21.15.107:6801/659042147] -- mgr_command(tid 0: {"prefix": "cephadm set-user", "user": "root", "target": ["mon-mgr", ""]}) v1 -- 0x7fc6f4060950 con 0x7fc6e0038710
2023-07-21T22:21:27.865 INFO:teuthology.orchestra.run.smithi107.stdout:/usr/bin/ceph: stderr
2023-07-21T22:21:27.511+0000 7fc6eaffd700 1 -- 172.21.15.107:0/257903033 <== mgr.14118 v2:172.21.15.107:6800/659042147 1 ==== mgr_command_reply(tid 0: 0 ) v1 ==== 8+0+16 (secure 0 0 0) 0x7fc6f4060950 con 0x7fc6e0038710
2023-07-21T22:21:27.865 INFO:teuthology.orchestra.run.smithi107.stdout:/usr/bin/ceph: stderr
2023-07-21T22:21:27.513+0000 7fc6fbe89700 1 -- 172.21.15.107:0/257903033 >> [v2:172.21.15.107:6800/659042147,v1:172.21.15.107:6801/659042147] conn(0x7fc6e0038710 msgr2=0x7fc6e003abc0 secure :-1 s=STATE_CONNECTION_ESTABLISHED l=1).mark_down
2023-07-21T22:21:27.865 INFO:teuthology.orchestra.run.smithi107.stdout:/usr/bin/ceph: stderr
2023-07-21T22:21:27.513+0000 7fc6fbe89700 1 --2- 172.21.15.107:0/257903033 >> [v2:172.21.15.107:6800/659042147,v1:172.21.15.107:6801/659042147] conn(0x7fc6e0038710 0x7fc6e003abc0 secure :-1 s=READY pgs=8 cs=0 l=1 rev1=1 crypto rx=0x7fc6f0006fd0 tx=0x7fc6f0006e40 comp rx=0 tx=0).stop
2023-07-21T22:21:27.865 INFO:teuthology.orchestra.run.smithi107.stdout:/usr/bin/ceph: stderr
2023-07-21T22:21:27.513+0000 7fc6fbe89700 1 -- 172.21.15.107:0/257903033 >> [v2:172.21.15.107:3300/0,v1:172.21.15.107:6789/0] conn(0x7fc6f4105e80 msgr2=0x7fc6f4199180 secure :-1 s=STATE_CONNECTION_ESTABLISHED l=1).mark_down
2023-07-21T22:21:27.865 INFO:teuthology.orchestra.run.smithi107.stdout:/usr/bin/ceph: stderr
2023-07-21T22:21:27.513+0000 7fc6fbe89700 1 --2- 172.21.15.107:0/257903033 >> [v2:172.21.15.107:3300/0,v1:172.21.15.107:6789/0] conn(0x7fc6f4105e80 0x7fc6f4199180 secure :-1 s=READY pgs=38 cs=0 l=1 rev1=1 crypto rx=0x7fc6e4009130 tx=0x7fc6e4011ad0 comp rx=0 tx=0).stop
2023-07-21T22:21:27.866 INFO:teuthology.orchestra.run.smithi107.stdout:/usr/bin/ceph: stderr
2023-07-21T22:21:27.513+0000 7fc6fbe89700 1 -- 172.21.15.107:0/257903033 shutdown_connections
2023-07-21T22:21:27.866 INFO:teuthology.orchestra.run.smithi107.stdout:/usr/bin/ceph: stderr
2023-07-21T22:21:27.513+0000 7fc6fbe89700 1 --2- 172.21.15.107:0/257903033 >> [v2:172.21.15.107:6800/659042147,v1:172.21.15.107:6801/659042147] conn(0x7fc6e0038710 0x7fc6e003abc0 unknown :-1 s=CLOSED pgs=8 cs=0 l=1 rev1=1 crypto rx=0 tx=0 comp rx=0 tx=0).stop
2023-07-21T22:21:27.866 INFO:teuthology.orchestra.run.smithi107.stdout:/usr/bin/ceph: stderr
2023-07-21T22:21:27.513+0000 7fc6fbe89700 1 --2- 172.21.15.107:0/257903033 >> [v2:172.21.15.107:3300/0,v1:172.21.15.107:6789/0] conn(0x7fc6f4105e80 0x7fc6f4199180 unknown :-1 s=CLOSED pgs=38 cs=0 l=1 rev1=1 crypto rx=0 tx=0 comp rx=0 tx=0).stop
2023-07-21T22:21:27.866 INFO:teuthology.orchestra.run.smithi107.stdout:/usr/bin/ceph: stderr
2023-07-21T22:21:27.513+0000 7fc6fbe89700 1 -- 172.21.15.107:0/257903033 >> 172.21.15.107:0/257903033 conn(0x7fc6f40ff900 msgr2=0x7fc6f4101010 unknown :-1 s=STATE_NONE l=0).mark_down
2023-07-21T22:21:27.866 INFO:teuthology.orchestra.run.smithi107.stdout:/usr/bin/ceph: stderr
2023-07-21T22:21:27.514+0000 7fc6fbe89700 1 -- 172.21.15.107:0/257903033 shutdown_connections
2023-07-21T22:21:27.866 INFO:teuthology.orchestra.run.smithi107.stdout:/usr/bin/ceph: stderr
2023-07-21T22:21:27.514+0000 7fc6fbe89700 1 -- 172.21.15.107:0/257903033 wait complete.
2023-07-21T22:21:27.866 INFO:teuthology.orchestra.run.smithi107.stdout:Generating ssh key...
2023-07-21T22:21:28.135 INFO:journalctl@ceph.mon.a.smithi107.stdout:Jul 21 22:21:27 smithi107 ceph-mon[96543]: [21/Jul/2023:22:21:26] ENGINE Bus STARTING
2023-07-21T22:21:28.135 INFO:journalctl@ceph.mon.a.smithi107.stdout:Jul 21 22:21:27 smithi107 ceph-mon[96543]: [21/Jul/2023:22:21:26] ENGINE Serving on http://172.21.15.107:8765
2023-07-21T22:21:28.136 INFO:journalctl@ceph.mon.a.smithi107.stdout:Jul 21 22:21:27 smithi107 ceph-mon[96543]: [21/Jul/2023:22:21:26] ENGINE Serving on https://172.21.15.107:7150
2023-07-21T22:21:28.136 INFO:journalctl@ceph.mon.a.smithi107.stdout:Jul 21 22:21:27 smithi107 ceph-mon[96543]: [21/Jul/2023:22:21:26] ENGINE Bus STARTED
2023-07-21T22:21:28.136 INFO:journalctl@ceph.mon.a.smithi107.stdout:Jul 21 22:21:27 smithi107 ceph-mon[96543]: from='client.14130 -' entity='client.admin' cmd=[{"prefix": "orch set backend", "module_name": "cephadm", "target": ["mon-mgr", ""]}]: dispatch
2023-07-21T22:21:28.136 INFO:journalctl@ceph.mon.a.smithi107.stdout:Jul 21 22:21:27 smithi107 ceph-mon[96543]: mgrmap e8: x(active, since 2s)
2023-07-21T22:21:28.936 INFO:journalctl@ceph.mgr.x.smithi107.stdout:Jul 21 22:21:28 smithi107 ceph-af99f5d0-2814-11ee-9b34-001a4aab830c-mgr-x[96785]: Generating public/private rsa key pair.
2023-07-21T22:21:28.937 INFO:journalctl@ceph.mgr.x.smithi107.stdout:Jul 21 22:21:28 smithi107 ceph-af99f5d0-2814-11ee-9b34-001a4aab830c-mgr-x[96785]: Your identification has been saved in /tmp/tmpihsmdl4d/key.
2023-07-21T22:21:28.937 INFO:journalctl@ceph.mgr.x.smithi107.stdout:Jul 21 22:21:28 smithi107 ceph-af99f5d0-2814-11ee-9b34-001a4aab830c-mgr-x[96785]: Your public key has been saved in /tmp/tmpihsmdl4d/key.pub.
2023-07-21T22:21:28.937 INFO:journalctl@ceph.mgr.x.smithi107.stdout:Jul 21 22:21:28 smithi107 ceph-af99f5d0-2814-11ee-9b34-001a4aab830c-mgr-x[96785]: The key fingerprint is:
2023-07-21T22:21:28.937 INFO:journalctl@ceph.mgr.x.smithi107.stdout:Jul 21 22:21:28 smithi107 ceph-af99f5d0-2814-11ee-9b34-001a4aab830c-mgr-x[96785]: SHA256:fUuftYexD00B36wsJbD/SAoz/w3cECKC/+3Mny2PN2c ceph-af99f5d0-2814-11ee-9b34-001a4aab830c
2023-07-21T22:21:28.937 INFO:journalctl@ceph.mgr.x.smithi107.stdout:Jul 21 22:21:28 smithi107 ceph-af99f5d0-2814-11ee-9b34-001a4aab830c-mgr-x[96785]: The key's randomart image is:
2023-07-21T22:21:28.937 INFO:journalctl@ceph.mgr.x.smithi107.stdout:Jul 21 22:21:28 smithi107 ceph-af99f5d0-2814-11ee-9b34-001a4aab830c-mgr-x[96785]: +---[RSA 3072]----+
2023-07-21T22:21:28.937 INFO:journalctl@ceph.mgr.x.smithi107.stdout:Jul 21 22:21:28 smithi107 ceph-af99f5d0-2814-11ee-9b34-001a4aab830c-mgr-x[96785]: | . . |
2023-07-21T22:21:28.938 INFO:journalctl@ceph.mgr.x.smithi107.stdout:Jul 21 22:21:28 smithi107 ceph-af99f5d0-2814-11ee-9b34-001a4aab830c-mgr-x[96785]: | . o o..|
2023-07-21T22:21:28.938 INFO:journalctl@ceph.mgr.x.smithi107.stdout:Jul 21 22:21:28 smithi107 ceph-af99f5d0-2814-11ee-9b34-001a4aab830c-mgr-x[96785]: | . . . o o .oo|
2023-07-21T22:21:28.938 INFO:journalctl@ceph.mgr.x.smithi107.stdout:Jul 21 22:21:28 smithi107 ceph-af99f5d0-2814-11ee-9b34-001a4aab830c-mgr-x[96785]: | . . o o = ..|
2023-07-21T22:21:28.938 INFO:journalctl@ceph.mgr.x.smithi107.stdout:Jul 21 22:21:28 smithi107 ceph-af99f5d0-2814-11ee-9b34-001a4aab830c-mgr-x[96785]: | . S . B + o|
2023-07-21T22:21:28.938 INFO:journalctl@ceph.mgr.x.smithi107.stdout:Jul 21 22:21:28 smithi107 ceph-af99f5d0-2814-11ee-9b34-001a4aab830c-mgr-x[96785]: | . * * O O.|
2023-07-21T22:21:28.938 INFO:journalctl@ceph.mgr.x.smithi107.stdout:Jul 21 22:21:28 smithi107 ceph-af99f5d0-2814-11ee-9b34-001a4aab830c-mgr-x[96785]: | . + = O.o|
2023-07-21T22:21:28.938 INFO:journalctl@ceph.mgr.x.smithi107.stdout:Jul 21 22:21:28 smithi107 ceph-af99f5d0-2814-11ee-9b34-001a4aab830c-mgr-x[96785]: | + ..*ooE|
2023-07-21T22:21:28.939 INFO:journalctl@ceph.mgr.x.smithi107.stdout:Jul 21 22:21:28 smithi107 ceph-af99f5d0-2814-11ee-9b34-001a4aab830c-mgr-x[96785]: | +.=+++.|
2023-07-21T22:21:28.939 INFO:journalctl@ceph.mgr.x.smithi107.stdout:Jul 21 22:21:28 smithi107 ceph-af99f5d0-2814-11ee-9b34-001a4aab830c-mgr-x[96785]: +----[SHA256]-----+
2023-07-21T22:21:29.005 INFO:teuthology.orchestra.run.smithi107.stdout:/usr/bin/ceph: stderr
2023-07-21T22:21:28.301+0000 7ff6df9e6700 1 Processor -- start
2023-07-21T22:21:29.006 INFO:teuthology.orchestra.run.smithi107.stdout:/usr/bin/ceph: stderr
2023-07-21T22:21:28.301+0000 7ff6df9e6700 1 -- start start
2023-07-21T22:21:29.006 INFO:teuthology.orchestra.run.smithi107.stdout:/usr/bin/ceph: stderr
2023-07-21T22:21:28.301+0000 7ff6df9e6700 1 --2- >> [v2:172.21.15.107:3300/0,v1:172.21.15.107:6789/0] conn(0x7ff6d8073b80 0x7ff6d810a340 unknown :-1 s=NONE pgs=0 cs=0 l=0 rev1=0 crypto rx=0 tx=0 comp rx=0 tx=0).connect
2023-07-21T22:21:29.007 INFO:teuthology.orchestra.run.smithi107.stdout:/usr/bin/ceph: stderr
2023-07-21T22:21:28.301+0000 7ff6df9e6700 1 -- --> [v2:172.21.15.107:3300/0,v1:172.21.15.107:6789/0] -- mon_getmap magic: 0 v1 -- 0x7ff6d8105d30 con 0x7ff6d8073b80
2023-07-21T22:21:29.007 INFO:teuthology.orchestra.run.smithi107.stdout:/usr/bin/ceph: stderr
2023-07-21T22:21:28.301+0000 7ff6dd782700 1 --2- >> [v2:172.21.15.107:3300/0,v1:172.21.15.107:6789/0] conn(0x7ff6d8073b80 0x7ff6d810a340 unknown :-1 s=BANNER_CONNECTING pgs=0 cs=0 l=0 rev1=0 crypto rx=0 tx=0 comp rx=0 tx=0)._handle_peer_banner_payload supported=3 required=0
2023-07-21T22:21:29.007 INFO:teuthology.orchestra.run.smithi107.stdout:/usr/bin/ceph: stderr
2023-07-21T22:21:28.301+0000 7ff6dd782700 1 --2- >> [v2:172.21.15.107:3300/0,v1:172.21.15.107:6789/0] conn(0x7ff6d8073b80 0x7ff6d810a340 unknown :-1 s=HELLO_CONNECTING pgs=0 cs=0 l=0 rev1=1 crypto rx=0 tx=0 comp rx=0 tx=0).handle_hello peer v2:172.21.15.107:3300/0 says I am v2:172.21.15.107:45250/0 (socket says 172.21.15.107:45250)
2023-07-21T22:21:29.008 INFO:teuthology.orchestra.run.smithi107.stdout:/usr/bin/ceph: stderr
2023-07-21T22:21:28.301+0000 7ff6dd782700 1 -- 172.21.15.107:0/2366910719 learned_addr learned my addr 172.21.15.107:0/2366910719 (peer_addr_for_me v2:172.21.15.107:0/0)
2023-07-21T22:21:29.008 INFO:teuthology.orchestra.run.smithi107.stdout:/usr/bin/ceph: stderr
2023-07-21T22:21:28.301+0000 7ff6dd782700 1 -- 172.21.15.107:0/2366910719 --> [v2:172.21.15.107:3300/0,v1:172.21.15.107:6789/0] -- mon_subscribe({config=0+,monmap=0+}) v3 -- 0x7ff6d810a880 con 0x7ff6d8073b80
2023-07-21T22:21:29.009 INFO:teuthology.orchestra.run.smithi107.stdout:/usr/bin/ceph: stderr
2023-07-21T22:21:28.302+0000 7ff6dd782700 1 --2- 172.21.15.107:0/2366910719 >> [v2:172.21.15.107:3300/0,v1:172.21.15.107:6789/0] conn(0x7ff6d8073b80 0x7ff6d810a340 secure :-1 s=READY pgs=39 cs=0 l=1 rev1=1 crypto rx=0x7ff6d40098a0 tx=0x7ff6d4009bb0 comp rx=0 tx=0).ready entity=mon.0 client_cookie=a823958e4fd39eb4 server_cookie=0 in_seq=0 out_seq=0
2023-07-21T22:21:29.009 INFO:teuthology.orchestra.run.smithi107.stdout:/usr/bin/ceph: stderr
2023-07-21T22:21:28.302+0000 7ff6cffff700 1 -- 172.21.15.107:0/2366910719 <== mon.0 v2:172.21.15.107:3300/0 1 ==== mon_map magic: 0 v1 ==== 205+0+0 (secure 0 0 0) 0x7ff6d4004160 con 0x7ff6d8073b80
2023-07-21T22:21:29.009 INFO:teuthology.orchestra.run.smithi107.stdout:/usr/bin/ceph: stderr
2023-07-21T22:21:28.302+0000 7ff6cffff700 1 -- 172.21.15.107:0/2366910719 <== mon.0 v2:172.21.15.107:3300/0 2 ==== config(26 keys) v1 ==== 1074+0+0 (secure 0 0 0) 0x7ff6d40042c0 con 0x7ff6d8073b80
2023-07-21T22:21:29.009 INFO:teuthology.orchestra.run.smithi107.stdout:/usr/bin/ceph: stderr
2023-07-21T22:21:28.302+0000 7ff6cffff700 1 -- 172.21.15.107:0/2366910719 <== mon.0 v2:172.21.15.107:3300/0 3 ==== mon_map magic: 0 v1 ==== 205+0+0 (secure 0 0 0) 0x7ff6d4011a00 con 0x7ff6d8073b80
2023-07-21T22:21:29.009 INFO:teuthology.orchestra.run.smithi107.stdout:/usr/bin/ceph: stderr
2023-07-21T22:21:28.302+0000 7ff6df9e6700 1 -- 172.21.15.107:0/2366910719 >> [v2:172.21.15.107:3300/0,v1:172.21.15.107:6789/0] conn(0x7ff6d8073b80 msgr2=0x7ff6d810a340 secure :-1 s=STATE_CONNECTION_ESTABLISHED l=1).mark_down
2023-07-21T22:21:29.009 INFO:teuthology.orchestra.run.smithi107.stdout:/usr/bin/ceph: stderr
2023-07-21T22:21:28.302+0000 7ff6df9e6700 1 --2- 172.21.15.107:0/2366910719 >> [v2:172.21.15.107:3300/0,v1:172.21.15.107:6789/0] conn(0x7ff6d8073b80 0x7ff6d810a340 secure :-1 s=READY pgs=39 cs=0 l=1 rev1=1 crypto rx=0x7ff6d40098a0 tx=0x7ff6d4009bb0 comp rx=0 tx=0).stop
2023-07-21T22:21:29.009 INFO:teuthology.orchestra.run.smithi107.stdout:/usr/bin/ceph: stderr
2023-07-21T22:21:28.302+0000 7ff6df9e6700 1 -- 172.21.15.107:0/2366910719 shutdown_connections
2023-07-21T22:21:29.010 INFO:teuthology.orchestra.run.smithi107.stdout:/usr/bin/ceph: stderr
2023-07-21T22:21:28.302+0000 7ff6df9e6700 1 --2- 172.21.15.107:0/2366910719 >> [v2:172.21.15.107:3300/0,v1:172.21.15.107:6789/0] conn(0x7ff6d8073b80 0x7ff6d810a340 unknown :-1 s=CLOSED pgs=39 cs=0 l=1 rev1=1 crypto rx=0 tx=0 comp rx=0 tx=0).stop
2023-07-21T22:21:29.010 INFO:teuthology.orchestra.run.smithi107.stdout:/usr/bin/ceph: stderr
2023-07-21T22:21:28.302+0000 7ff6df9e6700 1 -- 172.21.15.107:0/2366910719 >> 172.21.15.107:0/2366910719 conn(0x7ff6d80ff8d0 msgr2=0x7ff6d8101d00 unknown :-1 s=STATE_NONE l=0).mark_down
2023-07-21T22:21:29.010 INFO:teuthology.orchestra.run.smithi107.stdout:/usr/bin/ceph: stderr
2023-07-21T22:21:28.302+0000 7ff6df9e6700 1 -- 172.21.15.107:0/2366910719 shutdown_connections
2023-07-21T22:21:29.010 INFO:teuthology.orchestra.run.smithi107.stdout:/usr/bin/ceph: stderr
2023-07-21T22:21:28.302+0000 7ff6df9e6700 1 -- 172.21.15.107:0/2366910719 wait complete.
2023-07-21T22:21:29.010 INFO:teuthology.orchestra.run.smithi107.stdout:/usr/bin/ceph: stderr
2023-07-21T22:21:28.303+0000 7ff6df9e6700 1 Processor -- start
2023-07-21T22:21:29.010 INFO:teuthology.orchestra.run.smithi107.stdout:/usr/bin/ceph: stderr
2023-07-21T22:21:28.303+0000 7ff6df9e6700 1 -- start start
2023-07-21T22:21:29.010 INFO:teuthology.orchestra.run.smithi107.stdout:/usr/bin/ceph: stderr
2023-07-21T22:21:28.303+0000 7ff6df9e6700 1 --2- >> [v2:172.21.15.107:3300/0,v1:172.21.15.107:6789/0] conn(0x7ff6d8073b80 0x7ff6d819b340 unknown :-1 s=NONE pgs=0 cs=0 l=1 rev1=0 crypto rx=0 tx=0 comp rx=0 tx=0).connect
2023-07-21T22:21:29.011 INFO:teuthology.orchestra.run.smithi107.stdout:/usr/bin/ceph: stderr
2023-07-21T22:21:28.303+0000 7ff6df9e6700 1 -- --> [v2:172.21.15.107:3300/0,v1:172.21.15.107:6789/0] -- mon_getmap magic: 0 v1 -- 0x7ff6d819b880 con 0x7ff6d8073b80
2023-07-21T22:21:29.011 INFO:teuthology.orchestra.run.smithi107.stdout:/usr/bin/ceph: stderr
2023-07-21T22:21:28.303+0000 7ff6dd782700 1 --2- >> [v2:172.21.15.107:3300/0,v1:172.21.15.107:6789/0] conn(0x7ff6d8073b80 0x7ff6d819b340 unknown :-1 s=BANNER_CONNECTING pgs=0 cs=0 l=1 rev1=0 crypto rx=0 tx=0 comp rx=0 tx=0)._handle_peer_banner_payload supported=3 required=0
2023-07-21T22:21:29.011 INFO:teuthology.orchestra.run.smithi107.stdout:/usr/bin/ceph: stderr
2023-07-21T22:21:28.303+0000 7ff6dd782700 1 --2- >> [v2:172.21.15.107:3300/0,v1:172.21.15.107:6789/0] conn(0x7ff6d8073b80 0x7ff6d819b340 unknown :-1 s=HELLO_CONNECTING pgs=0 cs=0 l=1 rev1=1 crypto rx=0 tx=0 comp rx=0 tx=0).handle_hello peer v2:172.21.15.107:3300/0 says I am v2:172.21.15.107:45252/0 (socket says 172.21.15.107:45252)
2023-07-21T22:21:29.011 INFO:teuthology.orchestra.run.smithi107.stdout:/usr/bin/ceph: stderr
2023-07-21T22:21:28.303+0000 7ff6dd782700 1 -- 172.21.15.107:0/219991529 learned_addr learned my addr 172.21.15.107:0/219991529 (peer_addr_for_me v2:172.21.15.107:0/0)
2023-07-21T22:21:29.011 INFO:teuthology.orchestra.run.smithi107.stdout:/usr/bin/ceph: stderr
2023-07-21T22:21:28.303+0000 7ff6dd782700 1 -- 172.21.15.107:0/219991529 --> [v2:172.21.15.107:3300/0,v1:172.21.15.107:6789/0] -- mon_subscribe({config=0+,monmap=0+}) v3 -- 0x7ff6d4009550 con 0x7ff6d8073b80
2023-07-21T22:21:29.011 INFO:teuthology.orchestra.run.smithi107.stdout:/usr/bin/ceph: stderr
2023-07-21T22:21:28.304+0000 7ff6dd782700 1 --2- 172.21.15.107:0/219991529 >> [v2:172.21.15.107:3300/0,v1:172.21.15.107:6789/0] conn(0x7ff6d8073b80 0x7ff6d819b340 secure :-1 s=READY pgs=40 cs=0 l=1 rev1=1 crypto rx=0x7ff6d4009130 tx=0x7ff6d4011ad0 comp rx=0 tx=0).ready entity=mon.0 client_cookie=0 server_cookie=0 in_seq=0 out_seq=0
2023-07-21T22:21:29.011 INFO:teuthology.orchestra.run.smithi107.stdout:/usr/bin/ceph: stderr
2023-07-21T22:21:28.304+0000 7ff6ce7fc700 1 -- 172.21.15.107:0/219991529 <== mon.0 v2:172.21.15.107:3300/0 1 ==== mon_map magic: 0 v1 ==== 205+0+0 (secure 0 0 0) 0x7ff6d4003b70 con 0x7ff6d8073b80
2023-07-21T22:21:29.011 INFO:teuthology.orchestra.run.smithi107.stdout:/usr/bin/ceph: stderr
2023-07-21T22:21:28.304+0000 7ff6df9e6700 1 -- 172.21.15.107:0/219991529 --> [v2:172.21.15.107:3300/0,v1:172.21.15.107:6789/0] -- mon_subscribe({mgrmap=0+}) v3 -- 0x7ff6d819ba80 con 0x7ff6d8073b80
2023-07-21T22:21:29.012 INFO:teuthology.orchestra.run.smithi107.stdout:/usr/bin/ceph: stderr
2023-07-21T22:21:28.304+0000 7ff6df9e6700 1 -- 172.21.15.107:0/219991529 --> [v2:172.21.15.107:3300/0,v1:172.21.15.107:6789/0] -- mon_subscribe({osdmap=0}) v3 -- 0x7ff6d819bea0 con 0x7ff6d8073b80
2023-07-21T22:21:29.012 INFO:teuthology.orchestra.run.smithi107.stdout:/usr/bin/ceph: stderr
2023-07-21T22:21:28.304+0000 7ff6ce7fc700 1 -- 172.21.15.107:0/219991529 <== mon.0 v2:172.21.15.107:3300/0 2 ==== config(26 keys) v1 ==== 1074+0+0 (secure 0 0 0) 0x7ff6d4003cd0 con 0x7ff6d8073b80
2023-07-21T22:21:29.012 INFO:teuthology.orchestra.run.smithi107.stdout:/usr/bin/ceph: stderr
2023-07-21T22:21:28.304+0000 7ff6ce7fc700 1 -- 172.21.15.107:0/219991529 <== mon.0 v2:172.21.15.107:3300/0 3 ==== mon_map magic: 0 v1 ==== 205+0+0 (secure 0 0 0) 0x7ff6d40197e0 con 0x7ff6d8073b80
2023-07-21T22:21:29.012 INFO:teuthology.orchestra.run.smithi107.stdout:/usr/bin/ceph: stderr
2023-07-21T22:21:28.304+0000 7ff6ce7fc700 1 -- 172.21.15.107:0/219991529 <== mon.0 v2:172.21.15.107:3300/0 4 ==== mgrmap(e 8) v1 ==== 45483+0+0 (secure 0 0 0) 0x7ff6d4019a70 con 0x7ff6d8073b80
2023-07-21T22:21:29.012 INFO:teuthology.orchestra.run.smithi107.stdout:/usr/bin/ceph: stderr
2023-07-21T22:21:28.305+0000 7ff6df9e6700 1 -- 172.21.15.107:0/219991529 --> [v2:172.21.15.107:3300/0,v1:172.21.15.107:6789/0] -- mon_command({"prefix": "get_command_descriptions"} v 0) v1 -- 0x7ff6bc005320 con 0x7ff6d8073b80
2023-07-21T22:21:29.012 INFO:teuthology.orchestra.run.smithi107.stdout:/usr/bin/ceph: stderr
2023-07-21T22:21:28.305+0000 7ff6ce7fc700 1 --2- 172.21.15.107:0/219991529 >> [v2:172.21.15.107:6800/659042147,v1:172.21.15.107:6801/659042147] conn(0x7ff6c4038760 0x7ff6c403ac10 unknown :-1 s=NONE pgs=0 cs=0 l=1 rev1=0 crypto rx=0 tx=0 comp rx=0 tx=0).connect
2023-07-21T22:21:29.012 INFO:teuthology.orchestra.run.smithi107.stdout:/usr/bin/ceph: stderr
2023-07-21T22:21:28.305+0000 7ff6ce7fc700 1 -- 172.21.15.107:0/219991529 <== mon.0 v2:172.21.15.107:3300/0 5 ==== osd_map(2..2 src has 1..2) v4 ==== 940+0+0 (secure 0 0 0) 0x7ff6d404c860 con 0x7ff6d8073b80
2023-07-21T22:21:29.013 INFO:teuthology.orchestra.run.smithi107.stdout:/usr/bin/ceph: stderr
2023-07-21T22:21:28.305+0000 7ff6dcf81700 1 --2- 172.21.15.107:0/219991529 >> [v2:172.21.15.107:6800/659042147,v1:172.21.15.107:6801/659042147] conn(0x7ff6c4038760 0x7ff6c403ac10 unknown :-1 s=BANNER_CONNECTING pgs=0 cs=0 l=1 rev1=0 crypto rx=0 tx=0 comp rx=0 tx=0)._handle_peer_banner_payload supported=3 required=0
2023-07-21T22:21:29.013 INFO:teuthology.orchestra.run.smithi107.stdout:/usr/bin/ceph: stderr
2023-07-21T22:21:28.305+0000 7ff6dcf81700 1 --2- 172.21.15.107:0/219991529 >> [v2:172.21.15.107:6800/659042147,v1:172.21.15.107:6801/659042147] conn(0x7ff6c4038760 0x7ff6c403ac10 secure :-1 s=READY pgs=9 cs=0 l=1 rev1=1 crypto rx=0x7ff6c8006fd0 tx=0x7ff6c8006e40 comp rx=0 tx=0).ready entity=mgr.14118 client_cookie=0 server_cookie=0 in_seq=0 out_seq=0
2023-07-21T22:21:29.013 INFO:teuthology.orchestra.run.smithi107.stdout:/usr/bin/ceph: stderr
2023-07-21T22:21:28.309+0000 7ff6ce7fc700 1 -- 172.21.15.107:0/219991529 <== mon.0 v2:172.21.15.107:3300/0 6 ==== mon_command_ack([{"prefix": "get_command_descriptions"}]=0 v0) v1 ==== 72+0+178008 (secure 0 0 0) 0x7ff6d4018db0 con 0x7ff6d8073b80
2023-07-21T22:21:29.013 INFO:teuthology.orchestra.run.smithi107.stdout:/usr/bin/ceph: stderr
2023-07-21T22:21:28.494+0000 7ff6df9e6700 1 -- 172.21.15.107:0/219991529 --> [v2:172.21.15.107:6800/659042147,v1:172.21.15.107:6801/659042147] -- mgr_command(tid 0: {"prefix": "cephadm generate-key", "target": ["mon-mgr", ""]}) v1 -- 0x7ff6bc000bf0 con 0x7ff6c4038760
2023-07-21T22:21:29.013 INFO:teuthology.orchestra.run.smithi107.stdout:/usr/bin/ceph: stderr
2023-07-21T22:21:28.634+0000 7ff6ce7fc700 1 -- 172.21.15.107:0/219991529 <== mgr.14118 v2:172.21.15.107:6800/659042147 1 ==== mgr_command_reply(tid 0: 0 ) v1 ==== 8+0+0 (secure 0 0 0) 0x7ff6bc000bf0 con 0x7ff6c4038760
2023-07-21T22:21:29.013 INFO:teuthology.orchestra.run.smithi107.stdout:/usr/bin/ceph: stderr
2023-07-21T22:21:28.636+0000 7ff6df9e6700 1 -- 172.21.15.107:0/219991529 >> [v2:172.21.15.107:6800/659042147,v1:172.21.15.107:6801/659042147] conn(0x7ff6c4038760 msgr2=0x7ff6c403ac10 secure :-1 s=STATE_CONNECTION_ESTABLISHED l=1).mark_down
2023-07-21T22:21:29.013 INFO:teuthology.orchestra.run.smithi107.stdout:/usr/bin/ceph: stderr
2023-07-21T22:21:28.636+0000 7ff6df9e6700 1 --2- 172.21.15.107:0/219991529 >> [v2:172.21.15.107:6800/659042147,v1:172.21.15.107:6801/659042147] conn(0x7ff6c4038760 0x7ff6c403ac10 secure :-1 s=READY pgs=9 cs=0 l=1 rev1=1 crypto rx=0x7ff6c8006fd0 tx=0x7ff6c8006e40 comp rx=0 tx=0).stop
2023-07-21T22:21:29.014 INFO:teuthology.orchestra.run.smithi107.stdout:/usr/bin/ceph: stderr
2023-07-21T22:21:28.636+0000 7ff6df9e6700 1 -- 172.21.15.107:0/219991529 >> [v2:172.21.15.107:3300/0,v1:172.21.15.107:6789/0] conn(0x7ff6d8073b80 msgr2=0x7ff6d819b340 secure :-1 s=STATE_CONNECTION_ESTABLISHED l=1).mark_down
2023-07-21T22:21:29.014 INFO:teuthology.orchestra.run.smithi107.stdout:/usr/bin/ceph: stderr
2023-07-21T22:21:28.636+0000 7ff6df9e6700 1 --2- 172.21.15.107:0/219991529 >> [v2:172.21.15.107:3300/0,v1:172.21.15.107:6789/0] conn(0x7ff6d8073b80 0x7ff6d819b340 secure :-1 s=READY pgs=40 cs=0 l=1 rev1=1 crypto rx=0x7ff6d4009130 tx=0x7ff6d4011ad0 comp rx=0 tx=0).stop
2023-07-21T22:21:29.014 INFO:teuthology.orchestra.run.smithi107.stdout:/usr/bin/ceph: stderr
2023-07-21T22:21:28.636+0000 7ff6df9e6700 1 -- 172.21.15.107:0/219991529 shutdown_connections
2023-07-21T22:21:29.014 INFO:teuthology.orchestra.run.smithi107.stdout:/usr/bin/ceph: stderr
2023-07-21T22:21:28.636+0000 7ff6df9e6700 1 --2- 172.21.15.107:0/219991529 >> [v2:172.21.15.107:6800/659042147,v1:172.21.15.107:6801/659042147] conn(0x7ff6c4038760 0x7ff6c403ac10 unknown :-1 s=CLOSED pgs=9 cs=0 l=1 rev1=1 crypto rx=0 tx=0 comp rx=0 tx=0).stop
2023-07-21T22:21:29.014 INFO:teuthology.orchestra.run.smithi107.stdout:/usr/bin/ceph: stderr
2023-07-21T22:21:28.636+0000 7ff6df9e6700 1 --2- 172.21.15.107:0/219991529 >> [v2:172.21.15.107:3300/0,v1:172.21.15.107:6789/0] conn(0x7ff6d8073b80 0x7ff6d819b340 unknown :-1 s=CLOSED pgs=40 cs=0 l=1 rev1=1 crypto rx=0 tx=0 comp rx=0 tx=0).stop
2023-07-21T22:21:29.014 INFO:teuthology.orchestra.run.smithi107.stdout:/usr/bin/ceph: stderr
2023-07-21T22:21:28.636+0000 7ff6df9e6700 1 -- 172.21.15.107:0/219991529 >> 172.21.15.107:0/219991529 conn(0x7ff6d80ff8d0 msgr2=0x7ff6d8100fb0 unknown :-1 s=STATE_NONE l=0).mark_down
2023-07-21T22:21:29.014 INFO:teuthology.orchestra.run.smithi107.stdout:/usr/bin/ceph: stderr
2023-07-21T22:21:28.636+0000 7ff6df9e6700 1 -- 172.21.15.107:0/219991529 shutdown_connections
2023-07-21T22:21:29.014 INFO:teuthology.orchestra.run.smithi107.stdout:/usr/bin/ceph: stderr
2023-07-21T22:21:28.636+0000 7ff6df9e6700 1 -- 172.21.15.107:0/219991529 wait complete.
2023-07-21T22:21:29.238 INFO:journalctl@ceph.mon.a.smithi107.stdout:Jul 21 22:21:28 smithi107 ceph-mon[96543]: from='client.14132 -' entity='client.admin' cmd=[{"prefix": "cephadm set-user", "user": "root", "target": ["mon-mgr", ""]}]: dispatch
2023-07-21T22:21:29.239 INFO:journalctl@ceph.mon.a.smithi107.stdout:Jul 21 22:21:28 smithi107 ceph-mon[96543]: from='mgr.14118 172.21.15.107:0/316279734' entity='mgr.x'
2023-07-21T22:21:29.239 INFO:journalctl@ceph.mon.a.smithi107.stdout:Jul 21 22:21:28 smithi107 ceph-mon[96543]: from='mgr.14118 172.21.15.107:0/316279734' entity='mgr.x'
2023-07-21T22:21:30.045 INFO:teuthology.orchestra.run.smithi107.stdout:/usr/bin/ceph: stdout ssh-rsa AAAAB3NzaC1yc2EAAAADAQABAAABgQDfWxRL+/ISZ4SJNsKH4cSZlYy4IO1VMxX3jALPtwymDUlUNNS4Kqpql8iEWOWc5IyOGBGjrP/D80WPp4MqnkUtfXFxM+9ke2eScz1c2hrAL8F4LaSThG5NE9HFE6gLbZ8VucKkzvdK3lmyB94ZYGlKD9vDr7p8qwTLX6y2t+Ate07THz4w6AmD/U19JRn50pjZ5LZ2egN9Eiuf4waQN1HfolIU7V1brjkmNKwQX6839xX1IqQnGYXiehw+X/lr/TOZiwCP/fHEzTbcmtmQscW2R4MnhGrHweLLpSxxOPfZi1Np4rmP3H7zGTKLRgHK/IIKLeBcyPDLj9j7Sz9jTtXBIaHTEvWTYwCvQuyBror7CHG4jJYoEagANiiDvHMQC2Z5wTFQC0V9YtF0ETZZreM0P33nBnfvyx1h8E1cDDsws19xnRty6wVwPRAgQykw7Ys0bgg9obVije8FXfRQMh/IP5pzNprrziTtpPaSxGmwBGr6AIhHhzpUBCwjQSz+QKc= ceph-af99f5d0-2814-11ee-9b34-001a4aab830c
2023-07-21T22:21:30.046 INFO:teuthology.orchestra.run.smithi107.stdout:/usr/bin/ceph: stderr
2023-07-21T22:21:29.410+0000 7f789e1a1700 1 Processor -- start
2023-07-21T22:21:30.046 INFO:teuthology.orchestra.run.smithi107.stdout:/usr/bin/ceph: stderr
2023-07-21T22:21:29.410+0000 7f789e1a1700 1 -- start start
2023-07-21T22:21:30.046 INFO:teuthology.orchestra.run.smithi107.stdout:/usr/bin/ceph: stderr
2023-07-21T22:21:29.410+0000 7f789e1a1700 1 --2- >> [v2:172.21.15.107:3300/0,v1:172.21.15.107:6789/0] conn(0x7f7898103820 0x7f7898103c30 unknown :-1 s=NONE pgs=0 cs=0 l=0 rev1=0 crypto rx=0 tx=0 comp rx=0 tx=0).connect
2023-07-21T22:21:30.046 INFO:teuthology.orchestra.run.smithi107.stdout:/usr/bin/ceph: stderr
2023-07-21T22:21:29.410+0000 7f789e1a1700 1 -- --> [v2:172.21.15.107:3300/0,v1:172.21.15.107:6789/0] -- mon_getmap magic: 0 v1 -- 0x7f7898104170 con 0x7f7898103820
2023-07-21T22:21:30.046 INFO:teuthology.orchestra.run.smithi107.stdout:/usr/bin/ceph: stderr
2023-07-21T22:21:29.411+0000 7f789d19f700 1 --2- >> [v2:172.21.15.107:3300/0,v1:172.21.15.107:6789/0] conn(0x7f7898103820 0x7f7898103c30 unknown :-1 s=BANNER_CONNECTING pgs=0 cs=0 l=0 rev1=0 crypto rx=0 tx=0 comp rx=0 tx=0)._handle_peer_banner_payload supported=3 required=0
2023-07-21T22:21:30.046 INFO:teuthology.orchestra.run.smithi107.stdout:/usr/bin/ceph: stderr
2023-07-21T22:21:29.411+0000 7f789d19f700 1 --2- >> [v2:172.21.15.107:3300/0,v1:172.21.15.107:6789/0] conn(0x7f7898103820 0x7f7898103c30 unknown :-1 s=HELLO_CONNECTING pgs=0 cs=0 l=0 rev1=1 crypto rx=0 tx=0 comp rx=0 tx=0).handle_hello peer v2:172.21.15.107:3300/0 says I am v2:172.21.15.107:45256/0 (socket says 172.21.15.107:45256)
2023-07-21T22:21:30.046 INFO:teuthology.orchestra.run.smithi107.stdout:/usr/bin/ceph: stderr
2023-07-21T22:21:29.411+0000 7f789d19f700 1 -- 172.21.15.107:0/1575339091 learned_addr learned my addr 172.21.15.107:0/1575339091 (peer_addr_for_me v2:172.21.15.107:0/0)
2023-07-21T22:21:30.047 INFO:teuthology.orchestra.run.smithi107.stdout:/usr/bin/ceph: stderr
2023-07-21T22:21:29.411+0000 7f789d19f700 1 -- 172.21.15.107:0/1575339091 --> [v2:172.21.15.107:3300/0,v1:172.21.15.107:6789/0] -- mon_subscribe({config=0+,monmap=0+}) v3 -- 0x7f78981042b0 con 0x7f7898103820
2023-07-21T22:21:30.047 INFO:teuthology.orchestra.run.smithi107.stdout:/usr/bin/ceph: stderr
2023-07-21T22:21:29.411+0000 7f789d19f700 1 --2- 172.21.15.107:0/1575339091 >> [v2:172.21.15.107:3300/0,v1:172.21.15.107:6789/0] conn(0x7f7898103820 0x7f7898103c30 secure :-1 s=READY pgs=41 cs=0 l=1 rev1=1 crypto rx=0x7f788c00aa40 tx=0x7f788c00ad50 comp rx=0 tx=0).ready entity=mon.0 client_cookie=32a81125255b9af4 server_cookie=0 in_seq=0 out_seq=0
2023-07-21T22:21:30.047 INFO:teuthology.orchestra.run.smithi107.stdout:/usr/bin/ceph: stderr
2023-07-21T22:21:29.411+0000 7f788bfff700 1 -- 172.21.15.107:0/1575339091 <== mon.0 v2:172.21.15.107:3300/0 1 ==== mon_map magic: 0 v1 ==== 205+0+0 (secure 0 0 0) 0x7f788c004160 con 0x7f7898103820
2023-07-21T22:21:30.047 INFO:teuthology.orchestra.run.smithi107.stdout:/usr/bin/ceph: stderr
2023-07-21T22:21:29.411+0000 7f788bfff700 1 -- 172.21.15.107:0/1575339091 <== mon.0 v2:172.21.15.107:3300/0 2 ==== config(26 keys) v1 ==== 1074+0+0 (secure 0 0 0) 0x7f788c00cd90 con 0x7f7898103820
2023-07-21T22:21:30.047 INFO:teuthology.orchestra.run.smithi107.stdout:/usr/bin/ceph: stderr
2023-07-21T22:21:29.411+0000 7f788bfff700 1 -- 172.21.15.107:0/1575339091 <== mon.0 v2:172.21.15.107:3300/0 3 ==== mon_map magic: 0 v1 ==== 205+0+0 (secure 0 0 0) 0x7f788c003c80 con 0x7f7898103820
2023-07-21T22:21:30.047 INFO:teuthology.orchestra.run.smithi107.stdout:/usr/bin/ceph: stderr
2023-07-21T22:21:29.412+0000 7f789e1a1700 1 -- 172.21.15.107:0/1575339091 >> [v2:172.21.15.107:3300/0,v1:172.21.15.107:6789/0] conn(0x7f7898103820 msgr2=0x7f7898103c30 secure :-1 s=STATE_CONNECTION_ESTABLISHED l=1).mark_down
2023-07-21T22:21:30.047 INFO:teuthology.orchestra.run.smithi107.stdout:/usr/bin/ceph: stderr
2023-07-21T22:21:29.412+0000 7f789e1a1700 1 --2- 172.21.15.107:0/1575339091 >> [v2:172.21.15.107:3300/0,v1:172.21.15.107:6789/0] conn(0x7f7898103820 0x7f7898103c30 secure :-1 s=READY pgs=41 cs=0 l=1 rev1=1 crypto rx=0x7f788c00aa40 tx=0x7f788c00ad50 comp rx=0 tx=0).stop
2023-07-21T22:21:30.048 INFO:teuthology.orchestra.run.smithi107.stdout:/usr/bin/ceph: stderr
2023-07-21T22:21:29.412+0000 7f789e1a1700 1 -- 172.21.15.107:0/1575339091 shutdown_connections
2023-07-21T22:21:30.048 INFO:teuthology.orchestra.run.smithi107.stdout:/usr/bin/ceph: stderr
2023-07-21T22:21:29.412+0000 7f789e1a1700 1 --2- 172.21.15.107:0/1575339091 >> [v2:172.21.15.107:3300/0,v1:172.21.15.107:6789/0] conn(0x7f7898103820 0x7f7898103c30 unknown :-1 s=CLOSED pgs=41 cs=0 l=1 rev1=1 crypto rx=0 tx=0 comp rx=0 tx=0).stop
2023-07-21T22:21:30.048 INFO:teuthology.orchestra.run.smithi107.stdout:/usr/bin/ceph: stderr
2023-07-21T22:21:29.412+0000 7f789e1a1700 1 -- 172.21.15.107:0/1575339091 >> 172.21.15.107:0/1575339091 conn(0x7f78980fee90 msgr2=0x7f78981012a0 unknown :-1 s=STATE_NONE l=0).mark_down
2023-07-21T22:21:30.048 INFO:teuthology.orchestra.run.smithi107.stdout:/usr/bin/ceph: stderr
2023-07-21T22:21:29.412+0000 7f789e1a1700 1 -- 172.21.15.107:0/1575339091 shutdown_connections
2023-07-21T22:21:30.048 INFO:teuthology.orchestra.run.smithi107.stdout:/usr/bin/ceph: stderr
2023-07-21T22:21:29.412+0000 7f789e1a1700 1 -- 172.21.15.107:0/1575339091 wait complete.
2023-07-21T22:21:30.048 INFO:teuthology.orchestra.run.smithi107.stdout:/usr/bin/ceph: stderr
2023-07-21T22:21:29.412+0000 7f789e1a1700 1 Processor -- start
2023-07-21T22:21:30.048 INFO:teuthology.orchestra.run.smithi107.stdout:/usr/bin/ceph: stderr
2023-07-21T22:21:29.413+0000 7f789e1a1700 1 -- start start
2023-07-21T22:21:30.048 INFO:teuthology.orchestra.run.smithi107.stdout:/usr/bin/ceph: stderr
2023-07-21T22:21:29.413+0000 7f789e1a1700 1 --2- >> [v2:172.21.15.107:3300/0,v1:172.21.15.107:6789/0] conn(0x7f7898103820 0x7f7898198f80 unknown :-1 s=NONE pgs=0 cs=0 l=1 rev1=0 crypto rx=0 tx=0 comp rx=0 tx=0).connect
2023-07-21T22:21:30.049 INFO:teuthology.orchestra.run.smithi107.stdout:/usr/bin/ceph: stderr
2023-07-21T22:21:29.413+0000 7f789e1a1700 1 -- --> [v2:172.21.15.107:3300/0,v1:172.21.15.107:6789/0] -- mon_getmap magic: 0 v1 -- 0x7f78981994c0 con 0x7f7898103820
2023-07-21T22:21:30.049 INFO:teuthology.orchestra.run.smithi107.stdout:/usr/bin/ceph: stderr
2023-07-21T22:21:29.413+0000 7f789d19f700 1 --2- >> [v2:172.21.15.107:3300/0,v1:172.21.15.107:6789/0] conn(0x7f7898103820 0x7f7898198f80 unknown :-1 s=BANNER_CONNECTING pgs=0 cs=0 l=1 rev1=0 crypto rx=0 tx=0 comp rx=0 tx=0)._handle_peer_banner_payload supported=3 required=0
2023-07-21T22:21:30.049 INFO:teuthology.orchestra.run.smithi107.stdout:/usr/bin/ceph: stderr
2023-07-21T22:21:29.413+0000 7f789d19f700 1 --2- >> [v2:172.21.15.107:3300/0,v1:172.21.15.107:6789/0] conn(0x7f7898103820 0x7f7898198f80 unknown :-1 s=HELLO_CONNECTING pgs=0 cs=0 l=1 rev1=1 crypto rx=0 tx=0 comp rx=0 tx=0).handle_hello peer v2:172.21.15.107:3300/0 says I am v2:172.21.15.107:45258/0 (socket says 172.21.15.107:45258)
2023-07-21T22:21:30.049 INFO:teuthology.orchestra.run.smithi107.stdout:/usr/bin/ceph: stderr
2023-07-21T22:21:29.413+0000 7f789d19f700 1 -- 172.21.15.107:0/1906651596 learned_addr learned my addr 172.21.15.107:0/1906651596 (peer_addr_for_me v2:172.21.15.107:0/0)
2023-07-21T22:21:30.049 INFO:teuthology.orchestra.run.smithi107.stdout:/usr/bin/ceph: stderr
2023-07-21T22:21:29.413+0000 7f789d19f700 1 -- 172.21.15.107:0/1906651596 --> [v2:172.21.15.107:3300/0,v1:172.21.15.107:6789/0] -- mon_subscribe({config=0+,monmap=0+}) v3 -- 0x7f788c00a6f0 con 0x7f7898103820
2023-07-21T22:21:30.049 INFO:teuthology.orchestra.run.smithi107.stdout:/usr/bin/ceph: stderr
2023-07-21T22:21:29.413+0000 7f789d19f700 1 --2- 172.21.15.107:0/1906651596 >> [v2:172.21.15.107:3300/0,v1:172.21.15.107:6789/0] conn(0x7f7898103820 0x7f7898198f80 secure :-1 s=READY pgs=42 cs=0 l=1 rev1=1 crypto rx=0x7f788c003880 tx=0x7f788c0041d0 comp rx=0 tx=0).ready entity=mon.0 client_cookie=0 server_cookie=0 in_seq=0 out_seq=0
2023-07-21T22:21:30.049 INFO:teuthology.orchestra.run.smithi107.stdout:/usr/bin/ceph: stderr
2023-07-21T22:21:29.413+0000 7f788a7fc700 1 -- 172.21.15.107:0/1906651596 <== mon.0 v2:172.21.15.107:3300/0 1 ==== mon_map magic: 0 v1 ==== 205+0+0 (secure 0 0 0) 0x7f788c020400 con 0x7f7898103820
2023-07-21T22:21:30.050 INFO:teuthology.orchestra.run.smithi107.stdout:/usr/bin/ceph: stderr
2023-07-21T22:21:29.413+0000 7f789e1a1700 1 -- 172.21.15.107:0/1906651596 --> [v2:172.21.15.107:3300/0,v1:172.21.15.107:6789/0] -- mon_subscribe({mgrmap=0+}) v3 -- 0x7f78981996c0 con 0x7f7898103820
2023-07-21T22:21:30.050 INFO:teuthology.orchestra.run.smithi107.stdout:/usr/bin/ceph: stderr
2023-07-21T22:21:29.413+0000 7f788a7fc700 1 -- 172.21.15.107:0/1906651596 <== mon.0 v2:172.21.15.107:3300/0 2 ==== config(26 keys) v1 ==== 1074+0+0 (secure 0 0 0) 0x7f788c020a00 con 0x7f7898103820
2023-07-21T22:21:30.050 INFO:teuthology.orchestra.run.smithi107.stdout:/usr/bin/ceph: stderr
2023-07-21T22:21:29.413+0000 7f788a7fc700 1 -- 172.21.15.107:0/1906651596 <== mon.0 v2:172.21.15.107:3300/0 3 ==== mon_map magic: 0 v1 ==== 205+0+0 (secure 0 0 0) 0x7f788c0108e0 con 0x7f7898103820
2023-07-21T22:21:30.050 INFO:teuthology.orchestra.run.smithi107.stdout:/usr/bin/ceph: stderr
2023-07-21T22:21:29.413+0000 7f789e1a1700 1 -- 172.21.15.107:0/1906651596 --> [v2:172.21.15.107:3300/0,v1:172.21.15.107:6789/0] -- mon_subscribe({osdmap=0}) v3 -- 0x7f7898199ae0 con 0x7f7898103820
2023-07-21T22:21:30.050 INFO:teuthology.orchestra.run.smithi107.stdout:/usr/bin/ceph: stderr
2023-07-21T22:21:29.414+0000 7f788a7fc700 1 -- 172.21.15.107:0/1906651596 <== mon.0 v2:172.21.15.107:3300/0 4 ==== mgrmap(e 8) v1 ==== 45483+0+0 (secure 0 0 0) 0x7f788c020b70 con 0x7f7898103820
2023-07-21T22:21:30.050 INFO:teuthology.orchestra.run.smithi107.stdout:/usr/bin/ceph: stderr
2023-07-21T22:21:29.414+0000 7f789e1a1700 1 -- 172.21.15.107:0/1906651596 --> [v2:172.21.15.107:3300/0,v1:172.21.15.107:6789/0] -- mon_command({"prefix": "get_command_descriptions"} v 0) v1 -- 0x7f7898192790 con 0x7f7898103820
2023-07-21T22:21:30.050 INFO:teuthology.orchestra.run.smithi107.stdout:/usr/bin/ceph: stderr
2023-07-21T22:21:29.414+0000 7f788a7fc700 1 --2- 172.21.15.107:0/1906651596 >> [v2:172.21.15.107:6800/659042147,v1:172.21.15.107:6801/659042147] conn(0x7f78840386f0 0x7f788403aba0 unknown :-1 s=NONE pgs=0 cs=0 l=1 rev1=0 crypto rx=0 tx=0 comp rx=0 tx=0).connect
2023-07-21T22:21:30.050 INFO:teuthology.orchestra.run.smithi107.stdout:/usr/bin/ceph: stderr
2023-07-21T22:21:29.414+0000 7f788a7fc700 1 -- 172.21.15.107:0/1906651596 <== mon.0 v2:172.21.15.107:3300/0 5 ==== osd_map(2..2 src has 1..2) v4 ==== 940+0+0 (secure 0 0 0) 0x7f788c04c600 con 0x7f7898103820
2023-07-21T22:21:30.051 INFO:teuthology.orchestra.run.smithi107.stdout:/usr/bin/ceph: stderr
2023-07-21T22:21:29.415+0000 7f789c99e700 1 --2- 172.21.15.107:0/1906651596 >> [v2:172.21.15.107:6800/659042147,v1:172.21.15.107:6801/659042147] conn(0x7f78840386f0 0x7f788403aba0 unknown :-1 s=BANNER_CONNECTING pgs=0 cs=0 l=1 rev1=0 crypto rx=0 tx=0 comp rx=0 tx=0)._handle_peer_banner_payload supported=3 required=0
2023-07-21T22:21:30.051 INFO:teuthology.orchestra.run.smithi107.stdout:/usr/bin/ceph: stderr
2023-07-21T22:21:29.415+0000 7f789c99e700 1 --2- 172.21.15.107:0/1906651596 >> [v2:172.21.15.107:6800/659042147,v1:172.21.15.107:6801/659042147] conn(0x7f78840386f0 0x7f788403aba0 secure :-1 s=READY pgs=10 cs=0 l=1 rev1=1 crypto rx=0x7f7894006fd0 tx=0x7f7894006e40 comp rx=0 tx=0).ready entity=mgr.14118 client_cookie=0 server_cookie=0 in_seq=0 out_seq=0
2023-07-21T22:21:30.051 INFO:teuthology.orchestra.run.smithi107.stdout:/usr/bin/ceph: stderr
2023-07-21T22:21:29.419+0000 7f788a7fc700 1 -- 172.21.15.107:0/1906651596 <== mon.0 v2:172.21.15.107:3300/0 6 ==== mon_command_ack([{"prefix": "get_command_descriptions"}]=0 v0) v1 ==== 72+0+178008 (secure 0 0 0) 0x7f788c020600 con 0x7f7898103820
2023-07-21T22:21:30.051 INFO:teuthology.orchestra.run.smithi107.stdout:/usr/bin/ceph: stderr
2023-07-21T22:21:29.608+0000 7f789e1a1700 1 -- 172.21.15.107:0/1906651596 --> [v2:172.21.15.107:6800/659042147,v1:172.21.15.107:6801/659042147] -- mgr_command(tid 0: {"prefix": "cephadm get-pub-key", "target": ["mon-mgr", ""]}) v1 -- 0x7f7898060950 con 0x7f78840386f0
2023-07-21T22:21:30.051 INFO:teuthology.orchestra.run.smithi107.stdout:/usr/bin/ceph: stderr
2023-07-21T22:21:29.608+0000 7f788a7fc700 1 -- 172.21.15.107:0/1906651596 <== mgr.14118 v2:172.21.15.107:6800/659042147 1 ==== mgr_command_reply(tid 0: 0 ) v1 ==== 8+0+595 (secure 0 0 0) 0x7f7898060950 con 0x7f78840386f0
2023-07-21T22:21:30.051 INFO:teuthology.orchestra.run.smithi107.stdout:/usr/bin/ceph: stderr
2023-07-21T22:21:29.610+0000 7f789e1a1700 1 -- 172.21.15.107:0/1906651596 >> [v2:172.21.15.107:6800/659042147,v1:172.21.15.107:6801/659042147] conn(0x7f78840386f0 msgr2=0x7f788403aba0 secure :-1 s=STATE_CONNECTION_ESTABLISHED l=1).mark_down
2023-07-21T22:21:30.051 INFO:teuthology.orchestra.run.smithi107.stdout:/usr/bin/ceph: stderr
2023-07-21T22:21:29.610+0000 7f789e1a1700 1 --2- 172.21.15.107:0/1906651596 >> [v2:172.21.15.107:6800/659042147,v1:172.21.15.107:6801/659042147] conn(0x7f78840386f0 0x7f788403aba0 secure :-1 s=READY pgs=10 cs=0 l=1 rev1=1 crypto rx=0x7f7894006fd0 tx=0x7f7894006e40 comp rx=0 tx=0).stop
2023-07-21T22:21:30.051 INFO:teuthology.orchestra.run.smithi107.stdout:/usr/bin/ceph: stderr
2023-07-21T22:21:29.610+0000 7f789e1a1700 1 -- 172.21.15.107:0/1906651596 >> [v2:172.21.15.107:3300/0,v1:172.21.15.107:6789/0] conn(0x7f7898103820 msgr2=0x7f7898198f80 secure :-1 s=STATE_CONNECTION_ESTABLISHED l=1).mark_down
2023-07-21T22:21:30.052 INFO:teuthology.orchestra.run.smithi107.stdout:/usr/bin/ceph: stderr
2023-07-21T22:21:29.610+0000 7f789e1a1700 1 --2- 172.21.15.107:0/1906651596 >> [v2:172.21.15.107:3300/0,v1:172.21.15.107:6789/0] conn(0x7f7898103820 0x7f7898198f80 secure :-1 s=READY pgs=42 cs=0 l=1 rev1=1 crypto rx=0x7f788c003880 tx=0x7f788c0041d0 comp rx=0 tx=0).stop
2023-07-21T22:21:30.052 INFO:teuthology.orchestra.run.smithi107.stdout:/usr/bin/ceph: stderr
2023-07-21T22:21:29.610+0000 7f789e1a1700 1 -- 172.21.15.107:0/1906651596 shutdown_connections
2023-07-21T22:21:30.052 INFO:teuthology.orchestra.run.smithi107.stdout:/usr/bin/ceph: stderr
2023-07-21T22:21:29.610+0000 7f789e1a1700 1 --2- 172.21.15.107:0/1906651596 >> [v2:172.21.15.107:6800/659042147,v1:172.21.15.107:6801/659042147] conn(0x7f78840386f0 0x7f788403aba0 unknown :-1 s=CLOSED pgs=10 cs=0 l=1 rev1=1 crypto rx=0 tx=0 comp rx=0 tx=0).stop
2023-07-21T22:21:30.052 INFO:teuthology.orchestra.run.smithi107.stdout:/usr/bin/ceph: stderr
2023-07-21T22:21:29.610+0000 7f789e1a1700 1 --2- 172.21.15.107:0/1906651596 >> [v2:172.21.15.107:3300/0,v1:172.21.15.107:6789/0] conn(0x7f7898103820 0x7f7898198f80 unknown :-1 s=CLOSED pgs=42 cs=0 l=1 rev1=1 crypto rx=0 tx=0 comp rx=0 tx=0).stop
2023-07-21T22:21:30.052 INFO:teuthology.orchestra.run.smithi107.stdout:/usr/bin/ceph: stderr
2023-07-21T22:21:29.610+0000 7f789e1a1700 1 -- 172.21.15.107:0/1906651596 >> 172.21.15.107:0/1906651596 conn(0x7f78980fee90 msgr2=0x7f789818d490 unknown :-1 s=STATE_NONE l=0).mark_down
2023-07-21T22:21:30.052 INFO:teuthology.orchestra.run.smithi107.stdout:/usr/bin/ceph: stderr
2023-07-21T22:21:29.611+0000 7f789e1a1700 1 -- 172.21.15.107:0/1906651596 shutdown_connections
2023-07-21T22:21:30.052 INFO:teuthology.orchestra.run.smithi107.stdout:/usr/bin/ceph: stderr
2023-07-21T22:21:29.611+0000 7f789e1a1700 1 -- 172.21.15.107:0/1906651596 wait complete.
2023-07-21T22:21:30.053 INFO:teuthology.orchestra.run.smithi107.stdout:Wrote public SSH key to /home/ubuntu/cephtest/ceph.pub
2023-07-21T22:21:30.053 INFO:teuthology.orchestra.run.smithi107.stdout:Adding key to root@localhost authorized_keys...
2023-07-21T22:21:30.053 INFO:teuthology.orchestra.run.smithi107.stdout:Adding host smithi107...
2023-07-21T22:21:30.249 INFO:journalctl@ceph.mon.a.smithi107.stdout:Jul 21 22:21:29 smithi107 ceph-mon[96543]: from='client.14134 -' entity='client.admin' cmd=[{"prefix": "cephadm generate-key", "target": ["mon-mgr", ""]}]: dispatch
2023-07-21T22:21:30.250 INFO:journalctl@ceph.mon.a.smithi107.stdout:Jul 21 22:21:29 smithi107 ceph-mon[96543]: Generating ssh key...
2023-07-21T22:21:31.224 INFO:journalctl@ceph.mon.a.smithi107.stdout:Jul 21 22:21:30 smithi107 ceph-mon[96543]: from='client.14136 -' entity='client.admin' cmd=[{"prefix": "cephadm get-pub-key", "target": ["mon-mgr", ""]}]: dispatch
2023-07-21T22:21:32.353 INFO:journalctl@ceph.mon.a.smithi107.stdout:Jul 21 22:21:31 smithi107 ceph-mon[96543]: from='client.14138 -' entity='client.admin' cmd=[{"prefix": "orch host add", "hostname": "smithi107", "addr": "172.21.15.107", "target": ["mon-mgr", ""]}]: dispatch
2023-07-21T22:21:33.297 INFO:teuthology.orchestra.run.smithi107.stdout:/usr/bin/ceph: stdout Added host 'smithi107' with addr '172.21.15.107'
2023-07-21T22:21:33.297 INFO:teuthology.orchestra.run.smithi107.stdout:/usr/bin/ceph: stderr
2023-07-21T22:21:30.451+0000 7f31a637e700 1 Processor -- start
2023-07-21T22:21:33.297 INFO:teuthology.orchestra.run.smithi107.stdout:/usr/bin/ceph: stderr
2023-07-21T22:21:30.451+0000 7f31a637e700 1 -- start start
2023-07-21T22:21:33.297 INFO:teuthology.orchestra.run.smithi107.stdout:/usr/bin/ceph: stderr
2023-07-21T22:21:30.451+0000 7f31a637e700 1 --2- >> [v2:172.21.15.107:3300/0,v1:172.21.15.107:6789/0] conn(0x7f31a0073ba0 0x7f31a0107f20 unknown :-1 s=NONE pgs=0 cs=0 l=0 rev1=0 crypto rx=0 tx=0 comp rx=0 tx=0).connect
2023-07-21T22:21:33.298 INFO:teuthology.orchestra.run.smithi107.stdout:/usr/bin/ceph: stderr
2023-07-21T22:21:30.451+0000 7f31a637e700 1 -- --> [v2:172.21.15.107:3300/0,v1:172.21.15.107:6789/0] -- mon_getmap magic: 0 v1 -- 0x7f31a0108460 con 0x7f31a0073ba0
2023-07-21T22:21:33.298 INFO:teuthology.orchestra.run.smithi107.stdout:/usr/bin/ceph: stderr
2023-07-21T22:21:30.451+0000 7f319ffff700 1 --2- >> [v2:172.21.15.107:3300/0,v1:172.21.15.107:6789/0] conn(0x7f31a0073ba0 0x7f31a0107f20 unknown :-1 s=BANNER_CONNECTING pgs=0 cs=0 l=0 rev1=0 crypto rx=0 tx=0 comp rx=0 tx=0)._handle_peer_banner_payload supported=3 required=0
2023-07-21T22:21:33.298 INFO:teuthology.orchestra.run.smithi107.stdout:/usr/bin/ceph: stderr
2023-07-21T22:21:30.451+0000 7f319ffff700 1 --2- >> [v2:172.21.15.107:3300/0,v1:172.21.15.107:6789/0] conn(0x7f31a0073ba0 0x7f31a0107f20 unknown :-1 s=HELLO_CONNECTING pgs=0 cs=0 l=0 rev1=1 crypto rx=0 tx=0 comp rx=0 tx=0).handle_hello peer v2:172.21.15.107:3300/0 says I am v2:172.21.15.107:45262/0 (socket says 172.21.15.107:45262)
2023-07-21T22:21:33.298 INFO:teuthology.orchestra.run.smithi107.stdout:/usr/bin/ceph: stderr
2023-07-21T22:21:30.451+0000 7f319ffff700 1 -- 172.21.15.107:0/1252035774 learned_addr learned my addr 172.21.15.107:0/1252035774 (peer_addr_for_me v2:172.21.15.107:0/0)
2023-07-21T22:21:33.298 INFO:teuthology.orchestra.run.smithi107.stdout:/usr/bin/ceph: stderr
2023-07-21T22:21:30.451+0000 7f319ffff700 1 -- 172.21.15.107:0/1252035774 --> [v2:172.21.15.107:3300/0,v1:172.21.15.107:6789/0] -- mon_subscribe({config=0+,monmap=0+}) v3 -- 0x7f31a01085a0 con 0x7f31a0073ba0
2023-07-21T22:21:33.298 INFO:teuthology.orchestra.run.smithi107.stdout:/usr/bin/ceph: stderr
2023-07-21T22:21:30.451+0000 7f319ffff700 1 --2- 172.21.15.107:0/1252035774 >> [v2:172.21.15.107:3300/0,v1:172.21.15.107:6789/0] conn(0x7f31a0073ba0 0x7f31a0107f20 secure :-1 s=READY pgs=43 cs=0 l=1 rev1=1 crypto rx=0x7f31940098a0 tx=0x7f3194009bb0 comp rx=0 tx=0).ready entity=mon.0 client_cookie=c0d6ddd8b1a54060 server_cookie=0 in_seq=0 out_seq=0
2023-07-21T22:21:33.299 INFO:teuthology.orchestra.run.smithi107.stdout:/usr/bin/ceph: stderr
2023-07-21T22:21:30.452+0000 7f319effd700 1 -- 172.21.15.107:0/1252035774 <== mon.0 v2:172.21.15.107:3300/0 1 ==== mon_map magic: 0 v1 ==== 205+0+0 (secure 0 0 0) 0x7f3194004160 con 0x7f31a0073ba0
2023-07-21T22:21:33.299 INFO:teuthology.orchestra.run.smithi107.stdout:/usr/bin/ceph: stderr
2023-07-21T22:21:30.452+0000 7f319effd700 1 -- 172.21.15.107:0/1252035774 <== mon.0 v2:172.21.15.107:3300/0 2 ==== config(26 keys) v1 ==== 1074+0+0 (secure 0 0 0) 0x7f31940042c0 con 0x7f31a0073ba0
2023-07-21T22:21:33.299 INFO:teuthology.orchestra.run.smithi107.stdout:/usr/bin/ceph: stderr
2023-07-21T22:21:30.452+0000 7f319effd700 1 -- 172.21.15.107:0/1252035774 <== mon.0 v2:172.21.15.107:3300/0 3 ==== mon_map magic: 0 v1 ==== 205+0+0 (secure 0 0 0) 0x7f3194011a00 con 0x7f31a0073ba0
2023-07-21T22:21:33.299 INFO:teuthology.orchestra.run.smithi107.stdout:/usr/bin/ceph: stderr
2023-07-21T22:21:30.452+0000 7f31a637e700 1 -- 172.21.15.107:0/1252035774 >> [v2:172.21.15.107:3300/0,v1:172.21.15.107:6789/0] conn(0x7f31a0073ba0 msgr2=0x7f31a0107f20 secure :-1 s=STATE_CONNECTION_ESTABLISHED l=1).mark_down
2023-07-21T22:21:33.300 INFO:teuthology.orchestra.run.smithi107.stdout:/usr/bin/ceph: stderr
2023-07-21T22:21:30.452+0000 7f31a637e700 1 --2- 172.21.15.107:0/1252035774 >> [v2:172.21.15.107:3300/0,v1:172.21.15.107:6789/0] conn(0x7f31a0073ba0 0x7f31a0107f20 secure :-1 s=READY pgs=43 cs=0 l=1 rev1=1 crypto rx=0x7f31940098a0 tx=0x7f3194009bb0 comp rx=0 tx=0).stop
2023-07-21T22:21:33.300 INFO:teuthology.orchestra.run.smithi107.stdout:/usr/bin/ceph: stderr
2023-07-21T22:21:30.452+0000 7f31a637e700 1 -- 172.21.15.107:0/1252035774 shutdown_connections
2023-07-21T22:21:33.300 INFO:teuthology.orchestra.run.smithi107.stdout:/usr/bin/ceph: stderr
2023-07-21T22:21:30.452+0000 7f31a637e700 1 --2- 172.21.15.107:0/1252035774 >> [v2:172.21.15.107:3300/0,v1:172.21.15.107:6789/0] conn(0x7f31a0073ba0 0x7f31a0107f20 unknown :-1 s=CLOSED pgs=43 cs=0 l=1 rev1=1 crypto rx=0 tx=0 comp rx=0 tx=0).stop
2023-07-21T22:21:33.301 INFO:teuthology.orchestra.run.smithi107.stdout:/usr/bin/ceph: stderr
2023-07-21T22:21:30.452+0000 7f31a637e700 1 -- 172.21.15.107:0/1252035774 >> 172.21.15.107:0/1252035774 conn(0x7f31a00ff8d0 msgr2=0x7f31a0101d00 unknown :-1 s=STATE_NONE l=0).mark_down
2023-07-21T22:21:33.301 INFO:teuthology.orchestra.run.smithi107.stdout:/usr/bin/ceph: stderr
2023-07-21T22:21:30.452+0000 7f31a637e700 1 -- 172.21.15.107:0/1252035774 shutdown_connections
2023-07-21T22:21:33.301 INFO:teuthology.orchestra.run.smithi107.stdout:/usr/bin/ceph: stderr
2023-07-21T22:21:30.452+0000 7f31a637e700 1 -- 172.21.15.107:0/1252035774 wait complete.
2023-07-21T22:21:33.301 INFO:teuthology.orchestra.run.smithi107.stdout:/usr/bin/ceph: stderr
2023-07-21T22:21:30.453+0000 7f31a637e700 1 Processor -- start
2023-07-21T22:21:33.302 INFO:teuthology.orchestra.run.smithi107.stdout:/usr/bin/ceph: stderr
2023-07-21T22:21:30.453+0000 7f31a637e700 1 -- start start
2023-07-21T22:21:33.302 INFO:teuthology.orchestra.run.smithi107.stdout:/usr/bin/ceph: stderr
2023-07-21T22:21:30.453+0000 7f31a637e700 1 --2- >> [v2:172.21.15.107:3300/0,v1:172.21.15.107:6789/0] conn(0x7f31a01990b0 0x7f31a01994c0 unknown :-1 s=NONE pgs=0 cs=0 l=1 rev1=0 crypto rx=0 tx=0 comp rx=0 tx=0).connect
2023-07-21T22:21:33.302 INFO:teuthology.orchestra.run.smithi107.stdout:/usr/bin/ceph: stderr
2023-07-21T22:21:30.453+0000 7f31a637e700 1 -- --> [v2:172.21.15.107:3300/0,v1:172.21.15.107:6789/0] -- mon_getmap magic: 0 v1 -- 0x7f31a0199a00 con 0x7f31a01990b0
2023-07-21T22:21:33.302 INFO:teuthology.orchestra.run.smithi107.stdout:/usr/bin/ceph: stderr
2023-07-21T22:21:30.453+0000 7f319ffff700 1 --2- >> [v2:172.21.15.107:3300/0,v1:172.21.15.107:6789/0] conn(0x7f31a01990b0 0x7f31a01994c0 unknown :-1 s=BANNER_CONNECTING pgs=0 cs=0 l=1 rev1=0 crypto rx=0 tx=0 comp rx=0 tx=0)._handle_peer_banner_payload supported=3 required=0
2023-07-21T22:21:33.303 INFO:teuthology.orchestra.run.smithi107.stdout:/usr/bin/ceph: stderr
2023-07-21T22:21:30.453+0000 7f319ffff700 1 --2- >> [v2:172.21.15.107:3300/0,v1:172.21.15.107:6789/0] conn(0x7f31a01990b0 0x7f31a01994c0 unknown :-1 s=HELLO_CONNECTING pgs=0 cs=0 l=1 rev1=1 crypto rx=0 tx=0 comp rx=0 tx=0).handle_hello peer v2:172.21.15.107:3300/0 says I am v2:172.21.15.107:45264/0 (socket says 172.21.15.107:45264)
2023-07-21T22:21:33.303 INFO:teuthology.orchestra.run.smithi107.stdout:/usr/bin/ceph: stderr
2023-07-21T22:21:30.453+0000 7f319ffff700 1 -- 172.21.15.107:0/3939565833 learned_addr learned my addr 172.21.15.107:0/3939565833 (peer_addr_for_me v2:172.21.15.107:0/0)
2023-07-21T22:21:33.303 INFO:teuthology.orchestra.run.smithi107.stdout:/usr/bin/ceph: stderr
2023-07-21T22:21:30.454+0000 7f319ffff700 1 -- 172.21.15.107:0/3939565833 --> [v2:172.21.15.107:3300/0,v1:172.21.15.107:6789/0] -- mon_subscribe({config=0+,monmap=0+}) v3 -- 0x7f3194009550 con 0x7f31a01990b0
