2023-07-21T22:21:47.654+0000 7f63eb665700 1 -- 172.21.15.107:0/1415490562 --> [v2:172.21.15.107:3300/0,v1:172.21.15.107:6789/0] -- mon_command({"prefix": "get_command_descriptions"} v 0) v1 -- 0x7f63e4061b40 con 0x7f63e4104280
2023-07-21T22:21:48.400 INFO:teuthology.orchestra.run.smithi107.stdout:/usr/bin/ceph: stderr
2023-07-21T22:21:47.654+0000 7f63da7fc700 1 --2- 172.21.15.107:0/1415490562 >> [v2:172.21.15.107:6800/1657248266,v1:172.21.15.107:6801/1657248266] conn(0x7f63d0038630 0x7f63d003aae0 unknown :-1 s=NONE pgs=0 cs=0 l=1 rev1=0 crypto rx=0 tx=0 comp rx=0 tx=0).connect
2023-07-21T22:21:48.401 INFO:teuthology.orchestra.run.smithi107.stdout:/usr/bin/ceph: stderr
2023-07-21T22:21:47.654+0000 7f63da7fc700 1 -- 172.21.15.107:0/1415490562 <== mon.0 v2:172.21.15.107:3300/0 5 ==== osd_map(3..3 src has 1..3) v4 ==== 1155+0+0 (secure 0 0 0) 0x7f63e004c770 con 0x7f63e4104280
2023-07-21T22:21:48.401 INFO:teuthology.orchestra.run.smithi107.stdout:/usr/bin/ceph: stderr
2023-07-21T22:21:47.654+0000 7f63e8c00700 1 --2- 172.21.15.107:0/1415490562 >> [v2:172.21.15.107:6800/1657248266,v1:172.21.15.107:6801/1657248266] conn(0x7f63d0038630 0x7f63d003aae0 unknown :-1 s=BANNER_CONNECTING pgs=0 cs=0 l=1 rev1=0 crypto rx=0 tx=0 comp rx=0 tx=0)._handle_peer_banner_payload supported=3 required=0
2023-07-21T22:21:48.401 INFO:teuthology.orchestra.run.smithi107.stdout:/usr/bin/ceph: stderr
2023-07-21T22:21:47.655+0000 7f63e8c00700 1 --2- 172.21.15.107:0/1415490562 >> [v2:172.21.15.107:6800/1657248266,v1:172.21.15.107:6801/1657248266] conn(0x7f63d0038630 0x7f63d003aae0 secure :-1 s=READY pgs=7 cs=0 l=1 rev1=1 crypto rx=0x7f63d4006fd0 tx=0x7f63d4006e40 comp rx=0 tx=0).ready entity=mgr.14150 client_cookie=0 server_cookie=0 in_seq=0 out_seq=0
2023-07-21T22:21:48.401 INFO:teuthology.orchestra.run.smithi107.stdout:/usr/bin/ceph: stderr
2023-07-21T22:21:47.663+0000 7f63da7fc700 1 -- 172.21.15.107:0/1415490562 <== mon.0 v2:172.21.15.107:3300/0 6 ==== mon_command_ack([{"prefix": "get_command_descriptions"}]=0 v0) v1 ==== 72+0+178008 (secure 0 0 0) 0x7f63e0018d90 con 0x7f63e4104280
2023-07-21T22:21:48.401 INFO:teuthology.orchestra.run.smithi107.stdout:/usr/bin/ceph: stderr
2023-07-21T22:21:47.860+0000 7f63eb665700 1 -- 172.21.15.107:0/1415490562 --> [v2:172.21.15.107:6800/1657248266,v1:172.21.15.107:6801/1657248266] -- mgr_command(tid 0: {"prefix": "dashboard create-self-signed-cert", "target": ["mon-mgr", ""]}) v1 -- 0x7f63e40736c0 con 0x7f63d0038630
2023-07-21T22:21:48.402 INFO:teuthology.orchestra.run.smithi107.stdout:/usr/bin/ceph: stderr
2023-07-21T22:21:48.037+0000 7f63da7fc700 1 -- 172.21.15.107:0/1415490562 <== mgr.14150 v2:172.21.15.107:6800/1657248266 1 ==== mgr_command_reply(tid 0: 0 ) v1 ==== 8+0+32 (secure 0 0 0) 0x7f63e40736c0 con 0x7f63d0038630
2023-07-21T22:21:48.402 INFO:teuthology.orchestra.run.smithi107.stdout:/usr/bin/ceph: stderr
2023-07-21T22:21:48.039+0000 7f63eb665700 1 -- 172.21.15.107:0/1415490562 >> [v2:172.21.15.107:6800/1657248266,v1:172.21.15.107:6801/1657248266] conn(0x7f63d0038630 msgr2=0x7f63d003aae0 secure :-1 s=STATE_CONNECTION_ESTABLISHED l=1).mark_down
2023-07-21T22:21:48.402 INFO:teuthology.orchestra.run.smithi107.stdout:/usr/bin/ceph: stderr
2023-07-21T22:21:48.039+0000 7f63eb665700 1 --2- 172.21.15.107:0/1415490562 >> [v2:172.21.15.107:6800/1657248266,v1:172.21.15.107:6801/1657248266] conn(0x7f63d0038630 0x7f63d003aae0 secure :-1 s=READY pgs=7 cs=0 l=1 rev1=1 crypto rx=0x7f63d4006fd0 tx=0x7f63d4006e40 comp rx=0 tx=0).stop
2023-07-21T22:21:48.402 INFO:teuthology.orchestra.run.smithi107.stdout:/usr/bin/ceph: stderr
2023-07-21T22:21:48.039+0000 7f63eb665700 1 -- 172.21.15.107:0/1415490562 >> [v2:172.21.15.107:3300/0,v1:172.21.15.107:6789/0] conn(0x7f63e4104280 msgr2=0x7f63e4199090 secure :-1 s=STATE_CONNECTION_ESTABLISHED l=1).mark_down
2023-07-21T22:21:48.402 INFO:teuthology.orchestra.run.smithi107.stdout:/usr/bin/ceph: stderr
2023-07-21T22:21:48.039+0000 7f63eb665700 1 --2- 172.21.15.107:0/1415490562 >> [v2:172.21.15.107:3300/0,v1:172.21.15.107:6789/0] conn(0x7f63e4104280 0x7f63e4199090 secure :-1 s=READY pgs=69 cs=0 l=1 rev1=1 crypto rx=0x7f63e0011980 tx=0x7f63e0011a60 comp rx=0 tx=0).stop
2023-07-21T22:21:48.402 INFO:teuthology.orchestra.run.smithi107.stdout:/usr/bin/ceph: stderr
2023-07-21T22:21:48.039+0000 7f63eb665700 1 -- 172.21.15.107:0/1415490562 shutdown_connections
2023-07-21T22:21:48.402 INFO:teuthology.orchestra.run.smithi107.stdout:/usr/bin/ceph: stderr
2023-07-21T22:21:48.039+0000 7f63eb665700 1 --2- 172.21.15.107:0/1415490562 >> [v2:172.21.15.107:6800/1657248266,v1:172.21.15.107:6801/1657248266] conn(0x7f63d0038630 0x7f63d003aae0 unknown :-1 s=CLOSED pgs=7 cs=0 l=1 rev1=1 crypto rx=0 tx=0 comp rx=0 tx=0).stop
2023-07-21T22:21:48.402 INFO:teuthology.orchestra.run.smithi107.stdout:/usr/bin/ceph: stderr
2023-07-21T22:21:48.039+0000 7f63eb665700 1 --2- 172.21.15.107:0/1415490562 >> [v2:172.21.15.107:3300/0,v1:172.21.15.107:6789/0] conn(0x7f63e4104280 0x7f63e4199090 unknown :-1 s=CLOSED pgs=69 cs=0 l=1 rev1=1 crypto rx=0 tx=0 comp rx=0 tx=0).stop
2023-07-21T22:21:48.403 INFO:teuthology.orchestra.run.smithi107.stdout:/usr/bin/ceph: stderr
2023-07-21T22:21:48.039+0000 7f63eb665700 1 -- 172.21.15.107:0/1415490562 >> 172.21.15.107:0/1415490562 conn(0x7f63e40ff8d0 msgr2=0x7f63e4072fb0 unknown :-1 s=STATE_NONE l=0).mark_down
2023-07-21T22:21:48.403 INFO:teuthology.orchestra.run.smithi107.stdout:/usr/bin/ceph: stderr
2023-07-21T22:21:48.039+0000 7f63eb665700 1 -- 172.21.15.107:0/1415490562 shutdown_connections
2023-07-21T22:21:48.403 INFO:teuthology.orchestra.run.smithi107.stdout:/usr/bin/ceph: stderr
2023-07-21T22:21:48.039+0000 7f63eb665700 1 -- 172.21.15.107:0/1415490562 wait complete.
2023-07-21T22:21:48.403 INFO:teuthology.orchestra.run.smithi107.stdout:Creating initial admin user...
2023-07-21T22:21:49.436 INFO:journalctl@ceph.mon.a.smithi107.stdout:Jul 21 22:21:49 smithi107 ceph-mon[96543]: [21/Jul/2023:22:21:47] ENGINE Serving on https://172.21.15.107:7150
2023-07-21T22:21:49.437 INFO:journalctl@ceph.mon.a.smithi107.stdout:Jul 21 22:21:49 smithi107 ceph-mon[96543]: [21/Jul/2023:22:21:47] ENGINE Serving on http://172.21.15.107:8765
2023-07-21T22:21:49.437 INFO:journalctl@ceph.mon.a.smithi107.stdout:Jul 21 22:21:49 smithi107 ceph-mon[96543]: [21/Jul/2023:22:21:47] ENGINE Bus STARTED
2023-07-21T22:21:49.437 INFO:journalctl@ceph.mon.a.smithi107.stdout:Jul 21 22:21:49 smithi107 ceph-mon[96543]: from='client.14162 -' entity='client.admin' cmd=[{"prefix": "dashboard create-self-signed-cert", "target": ["mon-mgr", ""]}]: dispatch
2023-07-21T22:21:49.437 INFO:journalctl@ceph.mon.a.smithi107.stdout:Jul 21 22:21:49 smithi107 ceph-mon[96543]: from='mgr.14150 172.21.15.107:0/875525258' entity='mgr.x'
2023-07-21T22:21:49.437 INFO:journalctl@ceph.mon.a.smithi107.stdout:Jul 21 22:21:49 smithi107 ceph-mon[96543]: from='mgr.14150 172.21.15.107:0/875525258' entity='mgr.x'
2023-07-21T22:21:49.437 INFO:journalctl@ceph.mon.a.smithi107.stdout:Jul 21 22:21:49 smithi107 ceph-mon[96543]: from='mgr.14150 172.21.15.107:0/875525258' entity='mgr.x'
2023-07-21T22:21:49.438 INFO:journalctl@ceph.mon.a.smithi107.stdout:Jul 21 22:21:49 smithi107 ceph-mon[96543]: mgrmap e12: x(active, since 2s)
2023-07-21T22:21:50.338 INFO:teuthology.orchestra.run.smithi107.stdout:/usr/bin/ceph: stdout {"username": "admin", "password": "$2b$12$iU4l1cBjvEC4XTdt7jNri.9MDOopi3WJ.LqOYCyB23kqC7UlEGR5a", "roles": ["administrator"], "name": null, "email": null, "lastUpdate": 1689978109, "enabled": true, "pwdExpirationDate": null, "pwdUpdateRequired": true}
2023-07-21T22:21:50.338 INFO:teuthology.orchestra.run.smithi107.stdout:/usr/bin/ceph: stderr
2023-07-21T22:21:49.227+0000 7f9b4204c700 1 Processor -- start
2023-07-21T22:21:50.338 INFO:teuthology.orchestra.run.smithi107.stdout:/usr/bin/ceph: stderr
2023-07-21T22:21:49.227+0000 7f9b4204c700 1 -- start start
2023-07-21T22:21:50.339 INFO:teuthology.orchestra.run.smithi107.stdout:/usr/bin/ceph: stderr
2023-07-21T22:21:49.227+0000 7f9b4204c700 1 --2- >> [v2:172.21.15.107:3300/0,v1:172.21.15.107:6789/0] conn(0x7f9b3c073b60 0x7f9b3c107f60 unknown :-1 s=NONE pgs=0 cs=0 l=0 rev1=0 crypto rx=0 tx=0 comp rx=0 tx=0).connect
2023-07-21T22:21:50.339 INFO:teuthology.orchestra.run.smithi107.stdout:/usr/bin/ceph: stderr
2023-07-21T22:21:49.227+0000 7f9b4204c700 1 -- --> [v2:172.21.15.107:3300/0,v1:172.21.15.107:6789/0] -- mon_getmap magic: 0 v1 -- 0x7f9b3c1084a0 con 0x7f9b3c073b60
2023-07-21T22:21:50.339 INFO:teuthology.orchestra.run.smithi107.stdout:/usr/bin/ceph: stderr
2023-07-21T22:21:49.227+0000 7f9b3b7fe700 1 --2- >> [v2:172.21.15.107:3300/0,v1:172.21.15.107:6789/0] conn(0x7f9b3c073b60 0x7f9b3c107f60 unknown :-1 s=BANNER_CONNECTING pgs=0 cs=0 l=0 rev1=0 crypto rx=0 tx=0 comp rx=0 tx=0)._handle_peer_banner_payload supported=3 required=0
2023-07-21T22:21:50.339 INFO:teuthology.orchestra.run.smithi107.stdout:/usr/bin/ceph: stderr
2023-07-21T22:21:49.227+0000 7f9b3b7fe700 1 --2- >> [v2:172.21.15.107:3300/0,v1:172.21.15.107:6789/0] conn(0x7f9b3c073b60 0x7f9b3c107f60 unknown :-1 s=HELLO_CONNECTING pgs=0 cs=0 l=0 rev1=1 crypto rx=0 tx=0 comp rx=0 tx=0).handle_hello peer v2:172.21.15.107:3300/0 says I am v2:172.21.15.107:45412/0 (socket says 172.21.15.107:45412)
2023-07-21T22:21:50.339 INFO:teuthology.orchestra.run.smithi107.stdout:/usr/bin/ceph: stderr
2023-07-21T22:21:49.227+0000 7f9b3b7fe700 1 -- 172.21.15.107:0/2186631306 learned_addr learned my addr 172.21.15.107:0/2186631306 (peer_addr_for_me v2:172.21.15.107:0/0)
2023-07-21T22:21:50.339 INFO:teuthology.orchestra.run.smithi107.stdout:/usr/bin/ceph: stderr
2023-07-21T22:21:49.228+0000 7f9b3b7fe700 1 -- 172.21.15.107:0/2186631306 --> [v2:172.21.15.107:3300/0,v1:172.21.15.107:6789/0] -- mon_subscribe({config=0+,monmap=0+}) v3 -- 0x7f9b3c1085e0 con 0x7f9b3c073b60
2023-07-21T22:21:50.339 INFO:teuthology.orchestra.run.smithi107.stdout:/usr/bin/ceph: stderr
2023-07-21T22:21:49.228+0000 7f9b3b7fe700 1 --2- 172.21.15.107:0/2186631306 >> [v2:172.21.15.107:3300/0,v1:172.21.15.107:6789/0] conn(0x7f9b3c073b60 0x7f9b3c107f60 secure :-1 s=READY pgs=70 cs=0 l=1 rev1=1 crypto rx=0x7f9b2c0098a0 tx=0x7f9b2c009bb0 comp rx=0 tx=0).ready entity=mon.0 client_cookie=d8805d2844ca15c6 server_cookie=0 in_seq=0 out_seq=0
2023-07-21T22:21:50.339 INFO:teuthology.orchestra.run.smithi107.stdout:/usr/bin/ceph: stderr
2023-07-21T22:21:49.228+0000 7f9b3a7fc700 1 -- 172.21.15.107:0/2186631306 <== mon.0 v2:172.21.15.107:3300/0 1 ==== mon_map magic: 0 v1 ==== 205+0+0 (secure 0 0 0) 0x7f9b2c004160 con 0x7f9b3c073b60
2023-07-21T22:21:50.340 INFO:teuthology.orchestra.run.smithi107.stdout:/usr/bin/ceph: stderr
2023-07-21T22:21:49.228+0000 7f9b3a7fc700 1 -- 172.21.15.107:0/2186631306 <== mon.0 v2:172.21.15.107:3300/0 2 ==== config(26 keys) v1 ==== 1105+0+0 (secure 0 0 0) 0x7f9b2c0042c0 con 0x7f9b3c073b60
2023-07-21T22:21:50.340 INFO:teuthology.orchestra.run.smithi107.stdout:/usr/bin/ceph: stderr
2023-07-21T22:21:49.228+0000 7f9b3a7fc700 1 -- 172.21.15.107:0/2186631306 <== mon.0 v2:172.21.15.107:3300/0 3 ==== mon_map magic: 0 v1 ==== 205+0+0 (secure 0 0 0) 0x7f9b2c0119b0 con 0x7f9b3c073b60
2023-07-21T22:21:50.340 INFO:teuthology.orchestra.run.smithi107.stdout:/usr/bin/ceph: stderr
2023-07-21T22:21:49.229+0000 7f9b4204c700 1 -- 172.21.15.107:0/2186631306 >> [v2:172.21.15.107:3300/0,v1:172.21.15.107:6789/0] conn(0x7f9b3c073b60 msgr2=0x7f9b3c107f60 secure :-1 s=STATE_CONNECTION_ESTABLISHED l=1).mark_down
2023-07-21T22:21:50.340 INFO:teuthology.orchestra.run.smithi107.stdout:/usr/bin/ceph: stderr
2023-07-21T22:21:49.229+0000 7f9b4204c700 1 --2- 172.21.15.107:0/2186631306 >> [v2:172.21.15.107:3300/0,v1:172.21.15.107:6789/0] conn(0x7f9b3c073b60 0x7f9b3c107f60 secure :-1 s=READY pgs=70 cs=0 l=1 rev1=1 crypto rx=0x7f9b2c0098a0 tx=0x7f9b2c009bb0 comp rx=0 tx=0).stop
2023-07-21T22:21:50.340 INFO:teuthology.orchestra.run.smithi107.stdout:/usr/bin/ceph: stderr
2023-07-21T22:21:49.229+0000 7f9b4204c700 1 -- 172.21.15.107:0/2186631306 shutdown_connections
2023-07-21T22:21:50.340 INFO:teuthology.orchestra.run.smithi107.stdout:/usr/bin/ceph: stderr
2023-07-21T22:21:49.229+0000 7f9b4204c700 1 --2- 172.21.15.107:0/2186631306 >> [v2:172.21.15.107:3300/0,v1:172.21.15.107:6789/0] conn(0x7f9b3c073b60 0x7f9b3c107f60 unknown :-1 s=CLOSED pgs=70 cs=0 l=1 rev1=1 crypto rx=0 tx=0 comp rx=0 tx=0).stop
2023-07-21T22:21:50.340 INFO:teuthology.orchestra.run.smithi107.stdout:/usr/bin/ceph: stderr
2023-07-21T22:21:49.229+0000 7f9b4204c700 1 -- 172.21.15.107:0/2186631306 >> 172.21.15.107:0/2186631306 conn(0x7f9b3c0ff8d0 msgr2=0x7f9b3c101d00 unknown :-1 s=STATE_NONE l=0).mark_down
2023-07-21T22:21:50.341 INFO:teuthology.orchestra.run.smithi107.stdout:/usr/bin/ceph: stderr
2023-07-21T22:21:49.229+0000 7f9b4204c700 1 -- 172.21.15.107:0/2186631306 shutdown_connections
2023-07-21T22:21:50.341 INFO:teuthology.orchestra.run.smithi107.stdout:/usr/bin/ceph: stderr
2023-07-21T22:21:49.229+0000 7f9b4204c700 1 -- 172.21.15.107:0/2186631306 wait complete.
2023-07-21T22:21:50.341 INFO:teuthology.orchestra.run.smithi107.stdout:/usr/bin/ceph: stderr
2023-07-21T22:21:49.229+0000 7f9b4204c700 1 Processor -- start
2023-07-21T22:21:50.341 INFO:teuthology.orchestra.run.smithi107.stdout:/usr/bin/ceph: stderr
2023-07-21T22:21:49.229+0000 7f9b4204c700 1 -- start start
2023-07-21T22:21:50.341 INFO:teuthology.orchestra.run.smithi107.stdout:/usr/bin/ceph: stderr
2023-07-21T22:21:49.230+0000 7f9b4204c700 1 --2- >> [v2:172.21.15.107:3300/0,v1:172.21.15.107:6789/0] conn(0x7f9b3c073b60 0x7f9b3c1058b0 unknown :-1 s=NONE pgs=0 cs=0 l=1 rev1=0 crypto rx=0 tx=0 comp rx=0 tx=0).connect
2023-07-21T22:21:50.341 INFO:teuthology.orchestra.run.smithi107.stdout:/usr/bin/ceph: stderr
2023-07-21T22:21:49.230+0000 7f9b4204c700 1 -- --> [v2:172.21.15.107:3300/0,v1:172.21.15.107:6789/0] -- mon_getmap magic: 0 v1 -- 0x7f9b3c105df0 con 0x7f9b3c073b60
2023-07-21T22:21:50.341 INFO:teuthology.orchestra.run.smithi107.stdout:/usr/bin/ceph: stderr
2023-07-21T22:21:49.230+0000 7f9b3b7fe700 1 --2- >> [v2:172.21.15.107:3300/0,v1:172.21.15.107:6789/0] conn(0x7f9b3c073b60 0x7f9b3c1058b0 unknown :-1 s=BANNER_CONNECTING pgs=0 cs=0 l=1 rev1=0 crypto rx=0 tx=0 comp rx=0 tx=0)._handle_peer_banner_payload supported=3 required=0
2023-07-21T22:21:50.342 INFO:teuthology.orchestra.run.smithi107.stdout:/usr/bin/ceph: stderr
2023-07-21T22:21:49.230+0000 7f9b3b7fe700 1 --2- >> [v2:172.21.15.107:3300/0,v1:172.21.15.107:6789/0] conn(0x7f9b3c073b60 0x7f9b3c1058b0 unknown :-1 s=HELLO_CONNECTING pgs=0 cs=0 l=1 rev1=1 crypto rx=0 tx=0 comp rx=0 tx=0).handle_hello peer v2:172.21.15.107:3300/0 says I am v2:172.21.15.107:45414/0 (socket says 172.21.15.107:45414)
2023-07-21T22:21:50.342 INFO:teuthology.orchestra.run.smithi107.stdout:/usr/bin/ceph: stderr
2023-07-21T22:21:49.230+0000 7f9b3b7fe700 1 -- 172.21.15.107:0/2630797018 learned_addr learned my addr 172.21.15.107:0/2630797018 (peer_addr_for_me v2:172.21.15.107:0/0)
2023-07-21T22:21:50.342 INFO:teuthology.orchestra.run.smithi107.stdout:/usr/bin/ceph: stderr
2023-07-21T22:21:49.230+0000 7f9b3b7fe700 1 -- 172.21.15.107:0/2630797018 --> [v2:172.21.15.107:3300/0,v1:172.21.15.107:6789/0] -- mon_subscribe({config=0+,monmap=0+}) v3 -- 0x7f9b2c009550 con 0x7f9b3c073b60
2023-07-21T22:21:50.342 INFO:teuthology.orchestra.run.smithi107.stdout:/usr/bin/ceph: stderr
2023-07-21T22:21:49.230+0000 7f9b3b7fe700 1 --2- 172.21.15.107:0/2630797018 >> [v2:172.21.15.107:3300/0,v1:172.21.15.107:6789/0] conn(0x7f9b3c073b60 0x7f9b3c1058b0 secure :-1 s=READY pgs=71 cs=0 l=1 rev1=1 crypto rx=0x7f9b2c000c00 tx=0x7f9b2c011a30 comp rx=0 tx=0).ready entity=mon.0 client_cookie=0 server_cookie=0 in_seq=0 out_seq=0
2023-07-21T22:21:50.342 INFO:teuthology.orchestra.run.smithi107.stdout:/usr/bin/ceph: stderr
2023-07-21T22:21:49.231+0000 7f9b38ff9700 1 -- 172.21.15.107:0/2630797018 <== mon.0 v2:172.21.15.107:3300/0 1 ==== mon_map magic: 0 v1 ==== 205+0+0 (secure 0 0 0) 0x7f9b2c003b20 con 0x7f9b3c073b60
2023-07-21T22:21:50.342 INFO:teuthology.orchestra.run.smithi107.stdout:/usr/bin/ceph: stderr
2023-07-21T22:21:49.231+0000 7f9b38ff9700 1 -- 172.21.15.107:0/2630797018 <== mon.0 v2:172.21.15.107:3300/0 2 ==== config(26 keys) v1 ==== 1105+0+0 (secure 0 0 0) 0x7f9b2c003c80 con 0x7f9b3c073b60
2023-07-21T22:21:50.342 INFO:teuthology.orchestra.run.smithi107.stdout:/usr/bin/ceph: stderr
2023-07-21T22:21:49.231+0000 7f9b4204c700 1 -- 172.21.15.107:0/2630797018 --> [v2:172.21.15.107:3300/0,v1:172.21.15.107:6789/0] -- mon_subscribe({mgrmap=0+}) v3 -- 0x7f9b3c103f00 con 0x7f9b3c073b60
2023-07-21T22:21:50.342 INFO:teuthology.orchestra.run.smithi107.stdout:/usr/bin/ceph: stderr
2023-07-21T22:21:49.231+0000 7f9b38ff9700 1 -- 172.21.15.107:0/2630797018 <== mon.0 v2:172.21.15.107:3300/0 3 ==== mon_map magic: 0 v1 ==== 205+0+0 (secure 0 0 0) 0x7f9b2c019720 con 0x7f9b3c073b60
2023-07-21T22:21:50.343 INFO:teuthology.orchestra.run.smithi107.stdout:/usr/bin/ceph: stderr
2023-07-21T22:21:49.232+0000 7f9b4204c700 1 -- 172.21.15.107:0/2630797018 --> [v2:172.21.15.107:3300/0,v1:172.21.15.107:6789/0] -- mon_subscribe({osdmap=0}) v3 -- 0x7f9b3c104320 con 0x7f9b3c073b60
2023-07-21T22:21:50.343 INFO:teuthology.orchestra.run.smithi107.stdout:/usr/bin/ceph: stderr
2023-07-21T22:21:49.232+0000 7f9b38ff9700 1 -- 172.21.15.107:0/2630797018 <== mon.0 v2:172.21.15.107:3300/0 4 ==== mgrmap(e 12) v1 ==== 45496+0+0 (secure 0 0 0) 0x7f9b2c019990 con 0x7f9b3c073b60
2023-07-21T22:21:50.343 INFO:teuthology.orchestra.run.smithi107.stdout:/usr/bin/ceph: stderr
2023-07-21T22:21:49.233+0000 7f9b38ff9700 1 --2- 172.21.15.107:0/2630797018 >> [v2:172.21.15.107:6800/1657248266,v1:172.21.15.107:6801/1657248266] conn(0x7f9b24038800 0x7f9b2403acb0 unknown :-1 s=NONE pgs=0 cs=0 l=1 rev1=0 crypto rx=0 tx=0 comp rx=0 tx=0).connect
2023-07-21T22:21:50.343 INFO:teuthology.orchestra.run.smithi107.stdout:/usr/bin/ceph: stderr
2023-07-21T22:21:49.233+0000 7f9b4204c700 1 -- 172.21.15.107:0/2630797018 --> [v2:172.21.15.107:3300/0,v1:172.21.15.107:6789/0] -- mon_command({"prefix": "get_command_descriptions"} v 0) v1 -- 0x7f9b3c1094e0 con 0x7f9b3c073b60
2023-07-21T22:21:50.343 INFO:teuthology.orchestra.run.smithi107.stdout:/usr/bin/ceph: stderr
2023-07-21T22:21:49.233+0000 7f9b38ff9700 1 -- 172.21.15.107:0/2630797018 <== mon.0 v2:172.21.15.107:3300/0 5 ==== osd_map(3..3 src has 1..3) v4 ==== 1155+0+0 (secure 0 0 0) 0x7f9b2c04ca00 con 0x7f9b3c073b60
2023-07-21T22:21:50.343 INFO:teuthology.orchestra.run.smithi107.stdout:/usr/bin/ceph: stderr
2023-07-21T22:21:49.233+0000 7f9b3affd700 1 --2- 172.21.15.107:0/2630797018 >> [v2:172.21.15.107:6800/1657248266,v1:172.21.15.107:6801/1657248266] conn(0x7f9b24038800 0x7f9b2403acb0 unknown :-1 s=BANNER_CONNECTING pgs=0 cs=0 l=1 rev1=0 crypto rx=0 tx=0 comp rx=0 tx=0)._handle_peer_banner_payload supported=3 required=0
2023-07-21T22:21:50.343 INFO:teuthology.orchestra.run.smithi107.stdout:/usr/bin/ceph: stderr
2023-07-21T22:21:49.233+0000 7f9b3affd700 1 --2- 172.21.15.107:0/2630797018 >> [v2:172.21.15.107:6800/1657248266,v1:172.21.15.107:6801/1657248266] conn(0x7f9b24038800 0x7f9b2403acb0 secure :-1 s=READY pgs=8 cs=0 l=1 rev1=1 crypto rx=0x7f9b30006fd0 tx=0x7f9b30006e40 comp rx=0 tx=0).ready entity=mgr.14150 client_cookie=0 server_cookie=0 in_seq=0 out_seq=0
2023-07-21T22:21:50.344 INFO:teuthology.orchestra.run.smithi107.stdout:/usr/bin/ceph: stderr
2023-07-21T22:21:49.238+0000 7f9b38ff9700 1 -- 172.21.15.107:0/2630797018 <== mon.0 v2:172.21.15.107:3300/0 6 ==== mon_command_ack([{"prefix": "get_command_descriptions"}]=0 v0) v1 ==== 72+0+178008 (secure 0 0 0) 0x7f9b2c018db0 con 0x7f9b3c073b60
2023-07-21T22:21:50.344 INFO:teuthology.orchestra.run.smithi107.stdout:/usr/bin/ceph: stderr
2023-07-21T22:21:49.459+0000 7f9b4204c700 1 -- 172.21.15.107:0/2630797018 --> [v2:172.21.15.107:6800/1657248266,v1:172.21.15.107:6801/1657248266] -- mgr_command(tid 0: {"prefix": "dashboard ac-user-create", "username": "admin", "rolename": "administrator", "force_password": true, "pwd_update_required": true, "target": ["mon-mgr", ""]}) v1 -- 0x7f9b3c061960 con 0x7f9b24038800
2023-07-21T22:21:50.344 INFO:teuthology.orchestra.run.smithi107.stdout:/usr/bin/ceph: stderr
2023-07-21T22:21:49.685+0000 7f9b38ff9700 1 -- 172.21.15.107:0/2630797018 <== mgr.14150 v2:172.21.15.107:6800/1657248266 1 ==== mgr_command_reply(tid 0: 0 ) v1 ==== 8+0+252 (secure 0 0 0) 0x7f9b3c061960 con 0x7f9b24038800
2023-07-21T22:21:50.344 INFO:teuthology.orchestra.run.smithi107.stdout:/usr/bin/ceph: stderr
2023-07-21T22:21:49.687+0000 7f9b4204c700 1 -- 172.21.15.107:0/2630797018 >> [v2:172.21.15.107:6800/1657248266,v1:172.21.15.107:6801/1657248266] conn(0x7f9b24038800 msgr2=0x7f9b2403acb0 secure :-1 s=STATE_CONNECTION_ESTABLISHED l=1).mark_down
2023-07-21T22:21:50.344 INFO:teuthology.orchestra.run.smithi107.stdout:/usr/bin/ceph: stderr
2023-07-21T22:21:49.687+0000 7f9b4204c700 1 --2- 172.21.15.107:0/2630797018 >> [v2:172.21.15.107:6800/1657248266,v1:172.21.15.107:6801/1657248266] conn(0x7f9b24038800 0x7f9b2403acb0 secure :-1 s=READY pgs=8 cs=0 l=1 rev1=1 crypto rx=0x7f9b30006fd0 tx=0x7f9b30006e40 comp rx=0 tx=0).stop
2023-07-21T22:21:50.344 INFO:teuthology.orchestra.run.smithi107.stdout:/usr/bin/ceph: stderr
2023-07-21T22:21:49.687+0000 7f9b4204c700 1 -- 172.21.15.107:0/2630797018 >> [v2:172.21.15.107:3300/0,v1:172.21.15.107:6789/0] conn(0x7f9b3c073b60 msgr2=0x7f9b3c1058b0 secure :-1 s=STATE_CONNECTION_ESTABLISHED l=1).mark_down
2023-07-21T22:21:50.344 INFO:teuthology.orchestra.run.smithi107.stdout:/usr/bin/ceph: stderr
2023-07-21T22:21:49.687+0000 7f9b4204c700 1 --2- 172.21.15.107:0/2630797018 >> [v2:172.21.15.107:3300/0,v1:172.21.15.107:6789/0] conn(0x7f9b3c073b60 0x7f9b3c1058b0 secure :-1 s=READY pgs=71 cs=0 l=1 rev1=1 crypto rx=0x7f9b2c000c00 tx=0x7f9b2c011a30 comp rx=0 tx=0).stop
2023-07-21T22:21:50.345 INFO:teuthology.orchestra.run.smithi107.stdout:/usr/bin/ceph: stderr
2023-07-21T22:21:49.687+0000 7f9b4204c700 1 -- 172.21.15.107:0/2630797018 shutdown_connections
2023-07-21T22:21:50.345 INFO:teuthology.orchestra.run.smithi107.stdout:/usr/bin/ceph: stderr
2023-07-21T22:21:49.687+0000 7f9b4204c700 1 --2- 172.21.15.107:0/2630797018 >> [v2:172.21.15.107:6800/1657248266,v1:172.21.15.107:6801/1657248266] conn(0x7f9b24038800 0x7f9b2403acb0 unknown :-1 s=CLOSED pgs=8 cs=0 l=1 rev1=1 crypto rx=0 tx=0 comp rx=0 tx=0).stop
2023-07-21T22:21:50.345 INFO:teuthology.orchestra.run.smithi107.stdout:/usr/bin/ceph: stderr
2023-07-21T22:21:49.687+0000 7f9b4204c700 1 --2- 172.21.15.107:0/2630797018 >> [v2:172.21.15.107:3300/0,v1:172.21.15.107:6789/0] conn(0x7f9b3c073b60 0x7f9b3c1058b0 unknown :-1 s=CLOSED pgs=71 cs=0 l=1 rev1=1 crypto rx=0 tx=0 comp rx=0 tx=0).stop
2023-07-21T22:21:50.345 INFO:teuthology.orchestra.run.smithi107.stdout:/usr/bin/ceph: stderr
2023-07-21T22:21:49.687+0000 7f9b4204c700 1 -- 172.21.15.107:0/2630797018 >> 172.21.15.107:0/2630797018 conn(0x7f9b3c0ff8d0 msgr2=0x7f9b3c100fb0 unknown :-1 s=STATE_NONE l=0).mark_down
2023-07-21T22:21:50.345 INFO:teuthology.orchestra.run.smithi107.stdout:/usr/bin/ceph: stderr
2023-07-21T22:21:49.688+0000 7f9b4204c700 1 -- 172.21.15.107:0/2630797018 shutdown_connections
2023-07-21T22:21:50.345 INFO:teuthology.orchestra.run.smithi107.stdout:/usr/bin/ceph: stderr
2023-07-21T22:21:49.688+0000 7f9b4204c700 1 -- 172.21.15.107:0/2630797018 wait complete.
2023-07-21T22:21:50.345 INFO:teuthology.orchestra.run.smithi107.stdout:Fetching dashboard port number...
2023-07-21T22:21:50.936 INFO:journalctl@ceph.mon.a.smithi107.stdout:Jul 21 22:21:50 smithi107 ceph-mon[96543]: from='client.14164 -' entity='client.admin' cmd=[{"prefix": "dashboard ac-user-create", "username": "admin", "rolename": "administrator", "force_password": true, "pwd_update_required": true, "target": ["mon-mgr", ""]}]: dispatch
2023-07-21T22:21:50.937 INFO:journalctl@ceph.mon.a.smithi107.stdout:Jul 21 22:21:50 smithi107 ceph-mon[96543]: from='mgr.14150 172.21.15.107:0/875525258' entity='mgr.x'
2023-07-21T22:21:51.382 INFO:teuthology.orchestra.run.smithi107.stdout:/usr/bin/ceph: stdout 8443
2023-07-21T22:21:51.382 INFO:teuthology.orchestra.run.smithi107.stdout:/usr/bin/ceph: stderr
2023-07-21T22:21:50.746+0000 7efdc3033700 1 Processor -- start
2023-07-21T22:21:51.383 INFO:teuthology.orchestra.run.smithi107.stdout:/usr/bin/ceph: stderr
2023-07-21T22:21:50.746+0000 7efdc3033700 1 -- start start
2023-07-21T22:21:51.383 INFO:teuthology.orchestra.run.smithi107.stdout:/usr/bin/ceph: stderr
2023-07-21T22:21:50.746+0000 7efdc3033700 1 --2- >> [v2:172.21.15.107:3300/0,v1:172.21.15.107:6789/0] conn(0x7efdbc1069b0 0x7efdbc106dc0 unknown :-1 s=NONE pgs=0 cs=0 l=0 rev1=0 crypto rx=0 tx=0 comp rx=0 tx=0).connect
2023-07-21T22:21:51.383 INFO:teuthology.orchestra.run.smithi107.stdout:/usr/bin/ceph: stderr
2023-07-21T22:21:50.746+0000 7efdc3033700 1 -- --> [v2:172.21.15.107:3300/0,v1:172.21.15.107:6789/0] -- mon_getmap magic: 0 v1 -- 0x7efdbc107300 con 0x7efdbc1069b0
2023-07-21T22:21:51.383 INFO:teuthology.orchestra.run.smithi107.stdout:/usr/bin/ceph: stderr
2023-07-21T22:21:50.746+0000 7efdc0dcf700 1 --2- >> [v2:172.21.15.107:3300/0,v1:172.21.15.107:6789/0] conn(0x7efdbc1069b0 0x7efdbc106dc0 unknown :-1 s=BANNER_CONNECTING pgs=0 cs=0 l=0 rev1=0 crypto rx=0 tx=0 comp rx=0 tx=0)._handle_peer_banner_payload supported=3 required=0
2023-07-21T22:21:51.384 INFO:teuthology.orchestra.run.smithi107.stdout:/usr/bin/ceph: stderr
2023-07-21T22:21:50.746+0000 7efdc0dcf700 1 --2- >> [v2:172.21.15.107:3300/0,v1:172.21.15.107:6789/0] conn(0x7efdbc1069b0 0x7efdbc106dc0 unknown :-1 s=HELLO_CONNECTING pgs=0 cs=0 l=0 rev1=1 crypto rx=0 tx=0 comp rx=0 tx=0).handle_hello peer v2:172.21.15.107:3300/0 says I am v2:172.21.15.107:45418/0 (socket says 172.21.15.107:45418)
2023-07-21T22:21:51.384 INFO:teuthology.orchestra.run.smithi107.stdout:/usr/bin/ceph: stderr
2023-07-21T22:21:50.746+0000 7efdc0dcf700 1 -- 172.21.15.107:0/1906259704 learned_addr learned my addr 172.21.15.107:0/1906259704 (peer_addr_for_me v2:172.21.15.107:0/0)
2023-07-21T22:21:51.384 INFO:teuthology.orchestra.run.smithi107.stdout:/usr/bin/ceph: stderr
2023-07-21T22:21:50.747+0000 7efdc0dcf700 1 -- 172.21.15.107:0/1906259704 --> [v2:172.21.15.107:3300/0,v1:172.21.15.107:6789/0] -- mon_subscribe({config=0+,monmap=0+}) v3 -- 0x7efdbc107440 con 0x7efdbc1069b0
2023-07-21T22:21:51.384 INFO:teuthology.orchestra.run.smithi107.stdout:/usr/bin/ceph: stderr
2023-07-21T22:21:50.747+0000 7efdc0dcf700 1 --2- 172.21.15.107:0/1906259704 >> [v2:172.21.15.107:3300/0,v1:172.21.15.107:6789/0] conn(0x7efdbc1069b0 0x7efdbc106dc0 secure :-1 s=READY pgs=72 cs=0 l=1 rev1=1 crypto rx=0x7efdb00098a0 tx=0x7efdb0009bb0 comp rx=0 tx=0).ready entity=mon.0 client_cookie=8dfa55cca446cfca server_cookie=0 in_seq=0 out_seq=0
2023-07-21T22:21:51.384 INFO:teuthology.orchestra.run.smithi107.stdout:/usr/bin/ceph: stderr
2023-07-21T22:21:50.747+0000 7efdbb7fe700 1 -- 172.21.15.107:0/1906259704 <== mon.0 v2:172.21.15.107:3300/0 1 ==== mon_map magic: 0 v1 ==== 205+0+0 (secure 0 0 0) 0x7efdb0004160 con 0x7efdbc1069b0
2023-07-21T22:21:51.384 INFO:teuthology.orchestra.run.smithi107.stdout:/usr/bin/ceph: stderr
2023-07-21T22:21:50.747+0000 7efdbb7fe700 1 -- 172.21.15.107:0/1906259704 <== mon.0 v2:172.21.15.107:3300/0 2 ==== config(26 keys) v1 ==== 1105+0+0 (secure 0 0 0) 0x7efdb00042c0 con 0x7efdbc1069b0
2023-07-21T22:21:51.384 INFO:teuthology.orchestra.run.smithi107.stdout:/usr/bin/ceph: stderr
2023-07-21T22:21:50.747+0000 7efdbb7fe700 1 -- 172.21.15.107:0/1906259704 <== mon.0 v2:172.21.15.107:3300/0 3 ==== mon_map magic: 0 v1 ==== 205+0+0 (secure 0 0 0) 0x7efdb00119b0 con 0x7efdbc1069b0
2023-07-21T22:21:51.385 INFO:teuthology.orchestra.run.smithi107.stdout:/usr/bin/ceph: stderr
2023-07-21T22:21:50.747+0000 7efdc3033700 1 -- 172.21.15.107:0/1906259704 >> [v2:172.21.15.107:3300/0,v1:172.21.15.107:6789/0] conn(0x7efdbc1069b0 msgr2=0x7efdbc106dc0 secure :-1 s=STATE_CONNECTION_ESTABLISHED l=1).mark_down
2023-07-21T22:21:51.385 INFO:teuthology.orchestra.run.smithi107.stdout:/usr/bin/ceph: stderr
2023-07-21T22:21:50.747+0000 7efdc3033700 1 --2- 172.21.15.107:0/1906259704 >> [v2:172.21.15.107:3300/0,v1:172.21.15.107:6789/0] conn(0x7efdbc1069b0 0x7efdbc106dc0 secure :-1 s=READY pgs=72 cs=0 l=1 rev1=1 crypto rx=0x7efdb00098a0 tx=0x7efdb0009bb0 comp rx=0 tx=0).stop
2023-07-21T22:21:51.385 INFO:teuthology.orchestra.run.smithi107.stdout:/usr/bin/ceph: stderr
2023-07-21T22:21:50.747+0000 7efdc3033700 1 -- 172.21.15.107:0/1906259704 shutdown_connections
2023-07-21T22:21:51.385 INFO:teuthology.orchestra.run.smithi107.stdout:/usr/bin/ceph: stderr
2023-07-21T22:21:50.747+0000 7efdc3033700 1 --2- 172.21.15.107:0/1906259704 >> [v2:172.21.15.107:3300/0,v1:172.21.15.107:6789/0] conn(0x7efdbc1069b0 0x7efdbc106dc0 unknown :-1 s=CLOSED pgs=72 cs=0 l=1 rev1=1 crypto rx=0 tx=0 comp rx=0 tx=0).stop
2023-07-21T22:21:51.386 INFO:teuthology.orchestra.run.smithi107.stdout:/usr/bin/ceph: stderr
2023-07-21T22:21:50.747+0000 7efdc3033700 1 -- 172.21.15.107:0/1906259704 >> 172.21.15.107:0/1906259704 conn(0x7efdbc0ff040 msgr2=0x7efdbc101470 unknown :-1 s=STATE_NONE l=0).mark_down
2023-07-21T22:21:51.386 INFO:teuthology.orchestra.run.smithi107.stdout:/usr/bin/ceph: stderr
2023-07-21T22:21:50.747+0000 7efdc3033700 1 -- 172.21.15.107:0/1906259704 shutdown_connections
2023-07-21T22:21:51.386 INFO:teuthology.orchestra.run.smithi107.stdout:/usr/bin/ceph: stderr
2023-07-21T22:21:50.748+0000 7efdc3033700 1 -- 172.21.15.107:0/1906259704 wait complete.
2023-07-21T22:21:51.386 INFO:teuthology.orchestra.run.smithi107.stdout:/usr/bin/ceph: stderr
2023-07-21T22:21:50.748+0000 7efdc3033700 1 Processor -- start
2023-07-21T22:21:51.387 INFO:teuthology.orchestra.run.smithi107.stdout:/usr/bin/ceph: stderr
2023-07-21T22:21:50.748+0000 7efdc3033700 1 -- start start
2023-07-21T22:21:51.387 INFO:teuthology.orchestra.run.smithi107.stdout:/usr/bin/ceph: stderr
2023-07-21T22:21:50.748+0000 7efdc3033700 1 --2- >> [v2:172.21.15.107:3300/0,v1:172.21.15.107:6789/0] conn(0x7efdbc1069b0 0x7efdbc199120 unknown :-1 s=NONE pgs=0 cs=0 l=1 rev1=0 crypto rx=0 tx=0 comp rx=0 tx=0).connect
2023-07-21T22:21:51.387 INFO:teuthology.orchestra.run.smithi107.stdout:/usr/bin/ceph: stderr
2023-07-21T22:21:50.748+0000 7efdc3033700 1 -- --> [v2:172.21.15.107:3300/0,v1:172.21.15.107:6789/0] -- mon_getmap magic: 0 v1 -- 0x7efdbc199660 con 0x7efdbc1069b0
2023-07-21T22:21:51.387 INFO:teuthology.orchestra.run.smithi107.stdout:/usr/bin/ceph: stderr
2023-07-21T22:21:50.748+0000 7efdc0dcf700 1 --2- >> [v2:172.21.15.107:3300/0,v1:172.21.15.107:6789/0] conn(0x7efdbc1069b0 0x7efdbc199120 unknown :-1 s=BANNER_CONNECTING pgs=0 cs=0 l=1 rev1=0 crypto rx=0 tx=0 comp rx=0 tx=0)._handle_peer_banner_payload supported=3 required=0
2023-07-21T22:21:51.387 INFO:teuthology.orchestra.run.smithi107.stdout:/usr/bin/ceph: stderr
2023-07-21T22:21:50.748+0000 7efdc0dcf700 1 --2- >> [v2:172.21.15.107:3300/0,v1:172.21.15.107:6789/0] conn(0x7efdbc1069b0 0x7efdbc199120 unknown :-1 s=HELLO_CONNECTING pgs=0 cs=0 l=1 rev1=1 crypto rx=0 tx=0 comp rx=0 tx=0).handle_hello peer v2:172.21.15.107:3300/0 says I am v2:172.21.15.107:45420/0 (socket says 172.21.15.107:45420)
2023-07-21T22:21:51.387 INFO:teuthology.orchestra.run.smithi107.stdout:/usr/bin/ceph: stderr
2023-07-21T22:21:50.748+0000 7efdc0dcf700 1 -- 172.21.15.107:0/2159207796 learned_addr learned my addr 172.21.15.107:0/2159207796 (peer_addr_for_me v2:172.21.15.107:0/0)
2023-07-21T22:21:51.388 INFO:teuthology.orchestra.run.smithi107.stdout:/usr/bin/ceph: stderr
2023-07-21T22:21:50.749+0000 7efdc0dcf700 1 -- 172.21.15.107:0/2159207796 --> [v2:172.21.15.107:3300/0,v1:172.21.15.107:6789/0] -- mon_subscribe({config=0+,monmap=0+}) v3 -- 0x7efdb0009550 con 0x7efdbc1069b0
2023-07-21T22:21:51.388 INFO:teuthology.orchestra.run.smithi107.stdout:/usr/bin/ceph: stderr
2023-07-21T22:21:50.749+0000 7efdc0dcf700 1 --2- 172.21.15.107:0/2159207796 >> [v2:172.21.15.107:3300/0,v1:172.21.15.107:6789/0] conn(0x7efdbc1069b0 0x7efdbc199120 secure :-1 s=READY pgs=73 cs=0 l=1 rev1=1 crypto rx=0x7efdb0011980 tx=0x7efdb0011a60 comp rx=0 tx=0).ready entity=mon.0 client_cookie=0 server_cookie=0 in_seq=0 out_seq=0
2023-07-21T22:21:51.388 INFO:teuthology.orchestra.run.smithi107.stdout:/usr/bin/ceph: stderr
2023-07-21T22:21:50.749+0000 7efdb9ffb700 1 -- 172.21.15.107:0/2159207796 <== mon.0 v2:172.21.15.107:3300/0 1 ==== mon_map magic: 0 v1 ==== 205+0+0 (secure 0 0 0) 0x7efdb0003a60 con 0x7efdbc1069b0
2023-07-21T22:21:51.388 INFO:teuthology.orchestra.run.smithi107.stdout:/usr/bin/ceph: stderr
2023-07-21T22:21:50.749+0000 7efdb9ffb700 1 -- 172.21.15.107:0/2159207796 <== mon.0 v2:172.21.15.107:3300/0 2 ==== config(26 keys) v1 ==== 1105+0+0 (secure 0 0 0) 0x7efdb0003bc0 con 0x7efdbc1069b0
2023-07-21T22:21:51.388 INFO:teuthology.orchestra.run.smithi107.stdout:/usr/bin/ceph: stderr
2023-07-21T22:21:50.749+0000 7efdc3033700 1 -- 172.21.15.107:0/2159207796 --> [v2:172.21.15.107:3300/0,v1:172.21.15.107:6789/0] -- mon_subscribe({mgrmap=0+}) v3 -- 0x7efdbc199860 con 0x7efdbc1069b0
2023-07-21T22:21:51.388 INFO:teuthology.orchestra.run.smithi107.stdout:/usr/bin/ceph: stderr
2023-07-21T22:21:50.749+0000 7efdb9ffb700 1 -- 172.21.15.107:0/2159207796 <== mon.0 v2:172.21.15.107:3300/0 3 ==== mon_map magic: 0 v1 ==== 205+0+0 (secure 0 0 0) 0x7efdb001a670 con 0x7efdbc1069b0
2023-07-21T22:21:51.388 INFO:teuthology.orchestra.run.smithi107.stdout:/usr/bin/ceph: stderr
2023-07-21T22:21:50.749+0000 7efdc3033700 1 -- 172.21.15.107:0/2159207796 --> [v2:172.21.15.107:3300/0,v1:172.21.15.107:6789/0] -- mon_subscribe({osdmap=0}) v3 -- 0x7efdbc199c80 con 0x7efdbc1069b0
2023-07-21T22:21:51.389 INFO:teuthology.orchestra.run.smithi107.stdout:/usr/bin/ceph: stderr
2023-07-21T22:21:50.750+0000 7efdb9ffb700 1 -- 172.21.15.107:0/2159207796 <== mon.0 v2:172.21.15.107:3300/0 4 ==== mgrmap(e 12) v1 ==== 45496+0+0 (secure 0 0 0) 0x7efdb0024440 con 0x7efdbc1069b0
2023-07-21T22:21:51.389 INFO:teuthology.orchestra.run.smithi107.stdout:/usr/bin/ceph: stderr
2023-07-21T22:21:50.750+0000 7efdb9ffb700 1 --2- 172.21.15.107:0/2159207796 >> [v2:172.21.15.107:6800/1657248266,v1:172.21.15.107:6801/1657248266] conn(0x7efdac038760 0x7efdac03ac10 unknown :-1 s=NONE pgs=0 cs=0 l=1 rev1=0 crypto rx=0 tx=0 comp rx=0 tx=0).connect
2023-07-21T22:21:51.389 INFO:teuthology.orchestra.run.smithi107.stdout:/usr/bin/ceph: stderr
2023-07-21T22:21:50.750+0000 7efdc3033700 1 -- 172.21.15.107:0/2159207796 --> [v2:172.21.15.107:3300/0,v1:172.21.15.107:6789/0] -- mon_command({"prefix": "get_command_descriptions"} v 0) v1 -- 0x7efdbc061b40 con 0x7efdbc1069b0
2023-07-21T22:21:51.389 INFO:teuthology.orchestra.run.smithi107.stdout:/usr/bin/ceph: stderr
2023-07-21T22:21:50.750+0000 7efdb9ffb700 1 -- 172.21.15.107:0/2159207796 <== mon.0 v2:172.21.15.107:3300/0 5 ==== osd_map(3..3 src has 1..3) v4 ==== 1155+0+0 (secure 0 0 0) 0x7efdb004ca10 con 0x7efdbc1069b0
2023-07-21T22:21:51.389 INFO:teuthology.orchestra.run.smithi107.stdout:/usr/bin/ceph: stderr
2023-07-21T22:21:50.750+0000 7efdbbfff700 1 --2- 172.21.15.107:0/2159207796 >> [v2:172.21.15.107:6800/1657248266,v1:172.21.15.107:6801/1657248266] conn(0x7efdac038760 0x7efdac03ac10 unknown :-1 s=BANNER_CONNECTING pgs=0 cs=0 l=1 rev1=0 crypto rx=0 tx=0 comp rx=0 tx=0)._handle_peer_banner_payload supported=3 required=0
2023-07-21T22:21:51.389 INFO:teuthology.orchestra.run.smithi107.stdout:/usr/bin/ceph: stderr
2023-07-21T22:21:50.751+0000 7efdbbfff700 1 --2- 172.21.15.107:0/2159207796 >> [v2:172.21.15.107:6800/1657248266,v1:172.21.15.107:6801/1657248266] conn(0x7efdac038760 0x7efdac03ac10 secure :-1 s=READY pgs=9 cs=0 l=1 rev1=1 crypto rx=0x7efda8006fd0 tx=0x7efda8006e40 comp rx=0 tx=0).ready entity=mgr.14150 client_cookie=0 server_cookie=0 in_seq=0 out_seq=0
2023-07-21T22:21:51.389 INFO:teuthology.orchestra.run.smithi107.stdout:/usr/bin/ceph: stderr
2023-07-21T22:21:50.755+0000 7efdb9ffb700 1 -- 172.21.15.107:0/2159207796 <== mon.0 v2:172.21.15.107:3300/0 6 ==== mon_command_ack([{"prefix": "get_command_descriptions"}]=0 v0) v1 ==== 72+0+178008 (secure 0 0 0) 0x7efdb00189a0 con 0x7efdbc1069b0
2023-07-21T22:21:51.390 INFO:teuthology.orchestra.run.smithi107.stdout:/usr/bin/ceph: stderr
2023-07-21T22:21:50.951+0000 7efdc3033700 1 -- 172.21.15.107:0/2159207796 --> [v2:172.21.15.107:3300/0,v1:172.21.15.107:6789/0] -- mon_command({"prefix": "config get", "who": "mgr", "key": "mgr/dashboard/ssl_server_port"} v 0) v1 -- 0x7efdbc19c6c0 con 0x7efdbc1069b0
2023-07-21T22:21:51.390 INFO:teuthology.orchestra.run.smithi107.stdout:/usr/bin/ceph: stderr
2023-07-21T22:21:50.951+0000 7efdb9ffb700 1 -- 172.21.15.107:0/2159207796 <== mon.0 v2:172.21.15.107:3300/0 7 ==== mon_command_ack([{"prefix": "config get", "who": "mgr", "key": "mgr/dashboard/ssl_server_port"}]=0 v8) v1 ==== 112+0+5 (secure 0 0 0) 0x7efdb0018350 con 0x7efdbc1069b0
2023-07-21T22:21:51.390 INFO:teuthology.orchestra.run.smithi107.stdout:/usr/bin/ceph: stderr
2023-07-21T22:21:50.953+0000 7efdc3033700 1 -- 172.21.15.107:0/2159207796 >> [v2:172.21.15.107:6800/1657248266,v1:172.21.15.107:6801/1657248266] conn(0x7efdac038760 msgr2=0x7efdac03ac10 secure :-1 s=STATE_CONNECTION_ESTABLISHED l=1).mark_down
2023-07-21T22:21:51.390 INFO:teuthology.orchestra.run.smithi107.stdout:/usr/bin/ceph: stderr
2023-07-21T22:21:50.953+0000 7efdc3033700 1 --2- 172.21.15.107:0/2159207796 >> [v2:172.21.15.107:6800/1657248266,v1:172.21.15.107:6801/1657248266] conn(0x7efdac038760 0x7efdac03ac10 secure :-1 s=READY pgs=9 cs=0 l=1 rev1=1 crypto rx=0x7efda8006fd0 tx=0x7efda8006e40 comp rx=0 tx=0).stop
2023-07-21T22:21:51.390 INFO:teuthology.orchestra.run.smithi107.stdout:/usr/bin/ceph: stderr
2023-07-21T22:21:50.954+0000 7efdc3033700 1 -- 172.21.15.107:0/2159207796 >> [v2:172.21.15.107:3300/0,v1:172.21.15.107:6789/0] conn(0x7efdbc1069b0 msgr2=0x7efdbc199120 secure :-1 s=STATE_CONNECTION_ESTABLISHED l=1).mark_down
2023-07-21T22:21:51.390 INFO:teuthology.orchestra.run.smithi107.stdout:/usr/bin/ceph: stderr
2023-07-21T22:21:50.954+0000 7efdc3033700 1 --2- 172.21.15.107:0/2159207796 >> [v2:172.21.15.107:3300/0,v1:172.21.15.107:6789/0] conn(0x7efdbc1069b0 0x7efdbc199120 secure :-1 s=READY pgs=73 cs=0 l=1 rev1=1 crypto rx=0x7efdb0011980 tx=0x7efdb0011a60 comp rx=0 tx=0).stop
2023-07-21T22:21:51.390 INFO:teuthology.orchestra.run.smithi107.stdout:/usr/bin/ceph: stderr
2023-07-21T22:21:50.954+0000 7efdc3033700 1 -- 172.21.15.107:0/2159207796 shutdown_connections
2023-07-21T22:21:51.391 INFO:teuthology.orchestra.run.smithi107.stdout:/usr/bin/ceph: stderr
2023-07-21T22:21:50.954+0000 7efdc3033700 1 --2- 172.21.15.107:0/2159207796 >> [v2:172.21.15.107:6800/1657248266,v1:172.21.15.107:6801/1657248266] conn(0x7efdac038760 0x7efdac03ac10 unknown :-1 s=CLOSED pgs=9 cs=0 l=1 rev1=1 crypto rx=0 tx=0 comp rx=0 tx=0).stop
2023-07-21T22:21:51.391 INFO:teuthology.orchestra.run.smithi107.stdout:/usr/bin/ceph: stderr
2023-07-21T22:21:50.954+0000 7efdc3033700 1 --2- 172.21.15.107:0/2159207796 >> [v2:172.21.15.107:3300/0,v1:172.21.15.107:6789/0] conn(0x7efdbc1069b0 0x7efdbc199120 unknown :-1 s=CLOSED pgs=73 cs=0 l=1 rev1=1 crypto rx=0 tx=0 comp rx=0 tx=0).stop
2023-07-21T22:21:51.391 INFO:teuthology.orchestra.run.smithi107.stdout:/usr/bin/ceph: stderr
2023-07-21T22:21:50.954+0000 7efdc3033700 1 -- 172.21.15.107:0/2159207796 >> 172.21.15.107:0/2159207796 conn(0x7efdbc0ff040 msgr2=0x7efdbc100700 unknown :-1 s=STATE_NONE l=0).mark_down
2023-07-21T22:21:51.391 INFO:teuthology.orchestra.run.smithi107.stdout:/usr/bin/ceph: stderr
2023-07-21T22:21:50.954+0000 7efdc3033700 1 -- 172.21.15.107:0/2159207796 shutdown_connections
2023-07-21T22:21:51.391 INFO:teuthology.orchestra.run.smithi107.stdout:/usr/bin/ceph: stderr
2023-07-21T22:21:50.954+0000 7efdc3033700 1 -- 172.21.15.107:0/2159207796 wait complete.
2023-07-21T22:21:51.392 INFO:teuthology.orchestra.run.smithi107.stdout:Non-zero exit code 1 from systemctl is-enabled firewalld.service
2023-07-21T22:21:51.392 INFO:teuthology.orchestra.run.smithi107.stdout:systemctl: stdout disabled
2023-07-21T22:21:51.398 INFO:teuthology.orchestra.run.smithi107.stdout:Non-zero exit code 3 from systemctl is-active firewalld.service
2023-07-21T22:21:51.398 INFO:teuthology.orchestra.run.smithi107.stdout:systemctl: stdout inactive
2023-07-21T22:21:51.398 INFO:teuthology.orchestra.run.smithi107.stdout:firewalld.service is not enabled
2023-07-21T22:21:51.398 INFO:teuthology.orchestra.run.smithi107.stdout:Not possible to open ports <[8443]>. firewalld.service is not available
2023-07-21T22:21:51.399 INFO:teuthology.orchestra.run.smithi107.stdout:Ceph Dashboard is now available at:
2023-07-21T22:21:51.400 INFO:teuthology.orchestra.run.smithi107.stdout:
2023-07-21T22:21:51.400 INFO:teuthology.orchestra.run.smithi107.stdout: URL: https://smithi107:8443/
2023-07-21T22:21:51.400 INFO:teuthology.orchestra.run.smithi107.stdout: User: admin
2023-07-21T22:21:51.400 INFO:teuthology.orchestra.run.smithi107.stdout: Password: y510u4ndgs
2023-07-21T22:21:51.400 INFO:teuthology.orchestra.run.smithi107.stdout:
2023-07-21T22:21:51.401 INFO:teuthology.orchestra.run.smithi107.stdout:Saving cluster configuration to /var/lib/ceph/af99f5d0-2814-11ee-9b34-001a4aab830c/config directory
2023-07-21T22:21:51.401 INFO:teuthology.orchestra.run.smithi107.stdout:Enabling autotune for osd_memory_target
2023-07-21T22:21:52.427 INFO:journalctl@ceph.mon.a.smithi107.stdout:Jul 21 22:21:51 smithi107 ceph-mon[96543]: from='client.? 172.21.15.107:0/2159207796' entity='client.admin' cmd=[{"prefix": "config get", "who": "mgr", "key": "mgr/dashboard/ssl_server_port"}]: dispatch
2023-07-21T22:21:52.446 INFO:teuthology.orchestra.run.smithi107.stdout:/usr/bin/ceph: stderr
2023-07-21T22:21:51.830+0000 7f099d7af700 1 Processor -- start
2023-07-21T22:21:52.446 INFO:teuthology.orchestra.run.smithi107.stdout:/usr/bin/ceph: stderr
2023-07-21T22:21:51.830+0000 7f099d7af700 1 -- start start
2023-07-21T22:21:52.446 INFO:teuthology.orchestra.run.smithi107.stdout:/usr/bin/ceph: stderr
2023-07-21T22:21:51.830+0000 7f099d7af700 1 --2- >> [v2:172.21.15.107:3300/0,v1:172.21.15.107:6789/0] conn(0x7f0998105920 0x7f0998105d30 unknown :-1 s=NONE pgs=0 cs=0 l=0 rev1=0 crypto rx=0 tx=0 comp rx=0 tx=0).connect
2023-07-21T22:21:52.447 INFO:teuthology.orchestra.run.smithi107.stdout:/usr/bin/ceph: stderr
2023-07-21T22:21:51.830+0000 7f099d7af700 1 -- --> [v2:172.21.15.107:3300/0,v1:172.21.15.107:6789/0] -- mon_getmap magic: 0 v1 -- 0x7f0998106270 con 0x7f0998105920
2023-07-21T22:21:52.447 INFO:teuthology.orchestra.run.smithi107.stdout:/usr/bin/ceph: stderr
2023-07-21T22:21:51.830+0000 7f0996ffd700 1 --2- >> [v2:172.21.15.107:3300/0,v1:172.21.15.107:6789/0] conn(0x7f0998105920 0x7f0998105d30 unknown :-1 s=BANNER_CONNECTING pgs=0 cs=0 l=0 rev1=0 crypto rx=0 tx=0 comp rx=0 tx=0)._handle_peer_banner_payload supported=3 required=0
2023-07-21T22:21:52.447 INFO:teuthology.orchestra.run.smithi107.stdout:/usr/bin/ceph: stderr
2023-07-21T22:21:51.830+0000 7f0996ffd700 1 --2- >> [v2:172.21.15.107:3300/0,v1:172.21.15.107:6789/0] conn(0x7f0998105920 0x7f0998105d30 unknown :-1 s=HELLO_CONNECTING pgs=0 cs=0 l=0 rev1=1 crypto rx=0 tx=0 comp rx=0 tx=0).handle_hello peer v2:172.21.15.107:3300/0 says I am v2:172.21.15.107:45428/0 (socket says 172.21.15.107:45428)
2023-07-21T22:21:52.447 INFO:teuthology.orchestra.run.smithi107.stdout:/usr/bin/ceph: stderr
2023-07-21T22:21:51.830+0000 7f0996ffd700 1 -- 172.21.15.107:0/3897860099 learned_addr learned my addr 172.21.15.107:0/3897860099 (peer_addr_for_me v2:172.21.15.107:0/0)
2023-07-21T22:21:52.447 INFO:teuthology.orchestra.run.smithi107.stdout:/usr/bin/ceph: stderr
2023-07-21T22:21:51.831+0000 7f0996ffd700 1 -- 172.21.15.107:0/3897860099 --> [v2:172.21.15.107:3300/0,v1:172.21.15.107:6789/0] -- mon_subscribe({config=0+,monmap=0+}) v3 -- 0x7f09981063b0 con 0x7f0998105920
2023-07-21T22:21:52.447 INFO:teuthology.orchestra.run.smithi107.stdout:/usr/bin/ceph: stderr
2023-07-21T22:21:51.831+0000 7f0996ffd700 1 --2- 172.21.15.107:0/3897860099 >> [v2:172.21.15.107:3300/0,v1:172.21.15.107:6789/0] conn(0x7f0998105920 0x7f0998105d30 secure :-1 s=READY pgs=74 cs=0 l=1 rev1=1 crypto rx=0x7f09880098a0 tx=0x7f0988009bb0 comp rx=0 tx=0).ready entity=mon.0 client_cookie=6320b679e4d6998b server_cookie=0 in_seq=0 out_seq=0
2023-07-21T22:21:52.447 INFO:teuthology.orchestra.run.smithi107.stdout:/usr/bin/ceph: stderr
2023-07-21T22:21:51.831+0000 7f0995ffb700 1 -- 172.21.15.107:0/3897860099 <== mon.0 v2:172.21.15.107:3300/0 1 ==== mon_map magic: 0 v1 ==== 205+0+0 (secure 0 0 0) 0x7f0988004160 con 0x7f0998105920
2023-07-21T22:21:52.448 INFO:teuthology.orchestra.run.smithi107.stdout:/usr/bin/ceph: stderr
2023-07-21T22:21:51.831+0000 7f0995ffb700 1 -- 172.21.15.107:0/3897860099 <== mon.0 v2:172.21.15.107:3300/0 2 ==== config(26 keys) v1 ==== 1105+0+0 (secure 0 0 0) 0x7f09880042c0 con 0x7f0998105920
2023-07-21T22:21:52.448 INFO:teuthology.orchestra.run.smithi107.stdout:/usr/bin/ceph: stderr
2023-07-21T22:21:51.831+0000 7f0995ffb700 1 -- 172.21.15.107:0/3897860099 <== mon.0 v2:172.21.15.107:3300/0 3 ==== mon_map magic: 0 v1 ==== 205+0+0 (secure 0 0 0) 0x7f09880119b0 con 0x7f0998105920
2023-07-21T22:21:52.448 INFO:teuthology.orchestra.run.smithi107.stdout:/usr/bin/ceph: stderr
2023-07-21T22:21:51.831+0000 7f099d7af700 1 -- 172.21.15.107:0/3897860099 >> [v2:172.21.15.107:3300/0,v1:172.21.15.107:6789/0] conn(0x7f0998105920 msgr2=0x7f0998105d30 secure :-1 s=STATE_CONNECTION_ESTABLISHED l=1).mark_down
2023-07-21T22:21:52.448 INFO:teuthology.orchestra.run.smithi107.stdout:/usr/bin/ceph: stderr
2023-07-21T22:21:51.831+0000 7f099d7af700 1 --2- 172.21.15.107:0/3897860099 >> [v2:172.21.15.107:3300/0,v1:172.21.15.107:6789/0] conn(0x7f0998105920 0x7f0998105d30 secure :-1 s=READY pgs=74 cs=0 l=1 rev1=1 crypto rx=0x7f09880098a0 tx=0x7f0988009bb0 comp rx=0 tx=0).stop
2023-07-21T22:21:52.448 INFO:teuthology.orchestra.run.smithi107.stdout:/usr/bin/ceph: stderr
2023-07-21T22:21:51.831+0000 7f099d7af700 1 -- 172.21.15.107:0/3897860099 shutdown_connections
2023-07-21T22:21:52.448 INFO:teuthology.orchestra.run.smithi107.stdout:/usr/bin/ceph: stderr
2023-07-21T22:21:51.831+0000 7f099d7af700 1 --2- 172.21.15.107:0/3897860099 >> [v2:172.21.15.107:3300/0,v1:172.21.15.107:6789/0] conn(0x7f0998105920 0x7f0998105d30 unknown :-1 s=CLOSED pgs=74 cs=0 l=1 rev1=1 crypto rx=0 tx=0 comp rx=0 tx=0).stop
2023-07-21T22:21:52.448 INFO:teuthology.orchestra.run.smithi107.stdout:/usr/bin/ceph: stderr
2023-07-21T22:21:51.831+0000 7f099d7af700 1 -- 172.21.15.107:0/3897860099 >> 172.21.15.107:0/3897860099 conn(0x7f09980ff040 msgr2=0x7f0998101470 unknown :-1 s=STATE_NONE l=0).mark_down
2023-07-21T22:21:52.448 INFO:teuthology.orchestra.run.smithi107.stdout:/usr/bin/ceph: stderr
2023-07-21T22:21:51.832+0000 7f099d7af700 1 -- 172.21.15.107:0/3897860099 shutdown_connections
2023-07-21T22:21:52.449 INFO:teuthology.orchestra.run.smithi107.stdout:/usr/bin/ceph: stderr
2023-07-21T22:21:51.832+0000 7f099d7af700 1 -- 172.21.15.107:0/3897860099 wait complete.
2023-07-21T22:21:52.449 INFO:teuthology.orchestra.run.smithi107.stdout:/usr/bin/ceph: stderr
2023-07-21T22:21:51.832+0000 7f099d7af700 1 Processor -- start
2023-07-21T22:21:52.449 INFO:teuthology.orchestra.run.smithi107.stdout:/usr/bin/ceph: stderr
2023-07-21T22:21:51.832+0000 7f099d7af700 1 -- start start
2023-07-21T22:21:52.449 INFO:teuthology.orchestra.run.smithi107.stdout:/usr/bin/ceph: stderr
2023-07-21T22:21:51.832+0000 7f099d7af700 1 --2- >> [v2:172.21.15.107:3300/0,v1:172.21.15.107:6789/0] conn(0x7f0998105920 0x7f099819b390 unknown :-1 s=NONE pgs=0 cs=0 l=1 rev1=0 crypto rx=0 tx=0 comp rx=0 tx=0).connect
2023-07-21T22:21:52.449 INFO:teuthology.orchestra.run.smithi107.stdout:/usr/bin/ceph: stderr
2023-07-21T22:21:51.832+0000 7f099d7af700 1 -- --> [v2:172.21.15.107:3300/0,v1:172.21.15.107:6789/0] -- mon_getmap magic: 0 v1 -- 0x7f099819b8d0 con 0x7f0998105920
2023-07-21T22:21:52.449 INFO:teuthology.orchestra.run.smithi107.stdout:/usr/bin/ceph: stderr
2023-07-21T22:21:51.833+0000 7f0996ffd700 1 --2- >> [v2:172.21.15.107:3300/0,v1:172.21.15.107:6789/0] conn(0x7f0998105920 0x7f099819b390 unknown :-1 s=BANNER_CONNECTING pgs=0 cs=0 l=1 rev1=0 crypto rx=0 tx=0 comp rx=0 tx=0)._handle_peer_banner_payload supported=3 required=0
2023-07-21T22:21:52.449 INFO:teuthology.orchestra.run.smithi107.stdout:/usr/bin/ceph: stderr
2023-07-21T22:21:51.833+0000 7f0996ffd700 1 --2- >> [v2:172.21.15.107:3300/0,v1:172.21.15.107:6789/0] conn(0x7f0998105920 0x7f099819b390 unknown :-1 s=HELLO_CONNECTING pgs=0 cs=0 l=1 rev1=1 crypto rx=0 tx=0 comp rx=0 tx=0).handle_hello peer v2:172.21.15.107:3300/0 says I am v2:172.21.15.107:45430/0 (socket says 172.21.15.107:45430)
2023-07-21T22:21:52.450 INFO:teuthology.orchestra.run.smithi107.stdout:/usr/bin/ceph: stderr
2023-07-21T22:21:51.833+0000 7f0996ffd700 1 -- 172.21.15.107:0/853806431 learned_addr learned my addr 172.21.15.107:0/853806431 (peer_addr_for_me v2:172.21.15.107:0/0)
2023-07-21T22:21:52.450 INFO:teuthology.orchestra.run.smithi107.stdout:/usr/bin/ceph: stderr
2023-07-21T22:21:51.833+0000 7f0996ffd700 1 -- 172.21.15.107:0/853806431 --> [v2:172.21.15.107:3300/0,v1:172.21.15.107:6789/0] -- mon_subscribe({config=0+,monmap=0+}) v3 -- 0x7f0988009550 con 0x7f0998105920
2023-07-21T22:21:52.450 INFO:teuthology.orchestra.run.smithi107.stdout:/usr/bin/ceph: stderr
2023-07-21T22:21:51.833+0000 7f0996ffd700 1 --2- 172.21.15.107:0/853806431 >> [v2:172.21.15.107:3300/0,v1:172.21.15.107:6789/0] conn(0x7f0998105920 0x7f099819b390 secure :-1 s=READY pgs=75 cs=0 l=1 rev1=1 crypto rx=0x7f0988006af0 tx=0x7f0988011a10 comp rx=0 tx=0).ready entity=mon.0 client_cookie=0 server_cookie=0 in_seq=0 out_seq=0
2023-07-21T22:21:52.450 INFO:teuthology.orchestra.run.smithi107.stdout:/usr/bin/ceph: stderr
2023-07-21T22:21:51.833+0000 7f097ffff700 1 -- 172.21.15.107:0/853806431 <== mon.0 v2:172.21.15.107:3300/0 1 ==== mon_map magic: 0 v1 ==== 205+0+0 (secure 0 0 0) 0x7f0988003a40 con 0x7f0998105920
2023-07-21T22:21:52.450 INFO:teuthology.orchestra.run.smithi107.stdout:/usr/bin/ceph: stderr
