2023-08-11T12:14:46.304 INFO:journalctl@ceph.mon.a.smithi008.stdout:Aug 11 12:14:45 smithi008 ceph-mon[97158]: from='mgr.14100 172.21.15.8:0/1756321993' entity='mgr.x' cmd=[{"prefix": "mon metadata", "id": "a"}]: dispatch
2023-08-11T12:14:46.304 INFO:journalctl@ceph.mon.a.smithi008.stdout:Aug 11 12:14:45 smithi008 ceph-mon[97158]: from='mgr.14100 172.21.15.8:0/1756321993' entity='mgr.x' cmd=[{"prefix": "mgr metadata", "who": "x", "id": "x"}]: dispatch
2023-08-11T12:14:46.305 INFO:journalctl@ceph.mon.a.smithi008.stdout:Aug 11 12:14:45 smithi008 ceph-mon[97158]: Manager daemon x is now available
2023-08-11T12:14:46.305 INFO:journalctl@ceph.mon.a.smithi008.stdout:Aug 11 12:14:45 smithi008 ceph-mon[97158]: from='mgr.14100 172.21.15.8:0/1756321993' entity='mgr.x' cmd=[{"prefix":"config rm","who":"mgr","name":"mgr/rbd_support/x/mirror_snapshot_schedule"}]: dispatch
2023-08-11T12:14:46.305 INFO:journalctl@ceph.mon.a.smithi008.stdout:Aug 11 12:14:45 smithi008 ceph-mon[97158]: from='mgr.14100 172.21.15.8:0/1756321993' entity='mgr.x'
2023-08-11T12:14:46.305 INFO:journalctl@ceph.mon.a.smithi008.stdout:Aug 11 12:14:45 smithi008 ceph-mon[97158]: from='mgr.14100 172.21.15.8:0/1756321993' entity='mgr.x' cmd=[{"prefix":"config rm","who":"mgr","name":"mgr/rbd_support/x/trash_purge_schedule"}]: dispatch
2023-08-11T12:14:46.305 INFO:journalctl@ceph.mon.a.smithi008.stdout:Aug 11 12:14:45 smithi008 ceph-mon[97158]: from='mgr.14100 172.21.15.8:0/1756321993' entity='mgr.x'
2023-08-11T12:14:46.305 INFO:journalctl@ceph.mon.a.smithi008.stdout:Aug 11 12:14:45 smithi008 ceph-mon[97158]: from='mgr.14100 172.21.15.8:0/1756321993' entity='mgr.x'
2023-08-11T12:14:48.303 INFO:journalctl@ceph.mon.a.smithi008.stdout:Aug 11 12:14:47 smithi008 ceph-mon[97158]: mgrmap e3: x(active, since 1.0098s)
2023-08-11T12:14:49.303 INFO:journalctl@ceph.mon.a.smithi008.stdout:Aug 11 12:14:48 smithi008 ceph-mon[97158]: mgrmap e4: x(active, since 2s)
2023-08-11T12:14:51.553 INFO:journalctl@ceph.mon.a.smithi008.stdout:Aug 11 12:14:51 smithi008 ceph-mon[97158]: from='client.? 172.21.15.8:0/2190491077' entity='client.admin' cmd=[{"prefix": "status", "format": "json-pretty"}]: dispatch
2023-08-11T12:14:51.635 INFO:teuthology.orchestra.run.smithi008.stdout:/usr/bin/ceph: stdout
2023-08-11T12:14:51.635 INFO:teuthology.orchestra.run.smithi008.stdout:/usr/bin/ceph: stdout {
2023-08-11T12:14:51.636 INFO:teuthology.orchestra.run.smithi008.stdout:/usr/bin/ceph: stdout "fsid": "815f94ae-3840-11ee-9b37-001a4aab830c",
2023-08-11T12:14:51.636 INFO:teuthology.orchestra.run.smithi008.stdout:/usr/bin/ceph: stdout "health": {
2023-08-11T12:14:51.636 INFO:teuthology.orchestra.run.smithi008.stdout:/usr/bin/ceph: stdout "status": "HEALTH_OK",
2023-08-11T12:14:51.636 INFO:teuthology.orchestra.run.smithi008.stdout:/usr/bin/ceph: stdout "checks": {},
2023-08-11T12:14:51.636 INFO:teuthology.orchestra.run.smithi008.stdout:/usr/bin/ceph: stdout "mutes": []
2023-08-11T12:14:51.636 INFO:teuthology.orchestra.run.smithi008.stdout:/usr/bin/ceph: stdout },
2023-08-11T12:14:51.637 INFO:teuthology.orchestra.run.smithi008.stdout:/usr/bin/ceph: stdout "election_epoch": 5,
2023-08-11T12:14:51.637 INFO:teuthology.orchestra.run.smithi008.stdout:/usr/bin/ceph: stdout "quorum": [
2023-08-11T12:14:51.637 INFO:teuthology.orchestra.run.smithi008.stdout:/usr/bin/ceph: stdout 0
2023-08-11T12:14:51.637 INFO:teuthology.orchestra.run.smithi008.stdout:/usr/bin/ceph: stdout ],
2023-08-11T12:14:51.637 INFO:teuthology.orchestra.run.smithi008.stdout:/usr/bin/ceph: stdout "quorum_names": [
2023-08-11T12:14:51.637 INFO:teuthology.orchestra.run.smithi008.stdout:/usr/bin/ceph: stdout "a"
2023-08-11T12:14:51.637 INFO:teuthology.orchestra.run.smithi008.stdout:/usr/bin/ceph: stdout ],
2023-08-11T12:14:51.637 INFO:teuthology.orchestra.run.smithi008.stdout:/usr/bin/ceph: stdout "quorum_age": 16,
2023-08-11T12:14:51.638 INFO:teuthology.orchestra.run.smithi008.stdout:/usr/bin/ceph: stdout "monmap": {
2023-08-11T12:14:51.638 INFO:teuthology.orchestra.run.smithi008.stdout:/usr/bin/ceph: stdout "epoch": 1,
2023-08-11T12:14:51.638 INFO:teuthology.orchestra.run.smithi008.stdout:/usr/bin/ceph: stdout "min_mon_release_name": "reef",
2023-08-11T12:14:51.638 INFO:teuthology.orchestra.run.smithi008.stdout:/usr/bin/ceph: stdout "num_mons": 1
2023-08-11T12:14:51.638 INFO:teuthology.orchestra.run.smithi008.stdout:/usr/bin/ceph: stdout },
2023-08-11T12:14:51.638 INFO:teuthology.orchestra.run.smithi008.stdout:/usr/bin/ceph: stdout "osdmap": {
2023-08-11T12:14:51.639 INFO:teuthology.orchestra.run.smithi008.stdout:/usr/bin/ceph: stdout "epoch": 1,
2023-08-11T12:14:51.639 INFO:teuthology.orchestra.run.smithi008.stdout:/usr/bin/ceph: stdout "num_osds": 0,
2023-08-11T12:14:51.639 INFO:teuthology.orchestra.run.smithi008.stdout:/usr/bin/ceph: stdout "num_up_osds": 0,
2023-08-11T12:14:51.645 INFO:teuthology.orchestra.run.smithi008.stdout:/usr/bin/ceph: stdout "osd_up_since": 0,
2023-08-11T12:14:51.645 INFO:teuthology.orchestra.run.smithi008.stdout:/usr/bin/ceph: stdout "num_in_osds": 0,
2023-08-11T12:14:51.646 INFO:teuthology.orchestra.run.smithi008.stdout:/usr/bin/ceph: stdout "osd_in_since": 0,
2023-08-11T12:14:51.646 INFO:teuthology.orchestra.run.smithi008.stdout:/usr/bin/ceph: stdout "num_remapped_pgs": 0
2023-08-11T12:14:51.646 INFO:teuthology.orchestra.run.smithi008.stdout:/usr/bin/ceph: stdout },
2023-08-11T12:14:51.646 INFO:teuthology.orchestra.run.smithi008.stdout:/usr/bin/ceph: stdout "pgmap": {
2023-08-11T12:14:51.646 INFO:teuthology.orchestra.run.smithi008.stdout:/usr/bin/ceph: stdout "pgs_by_state": [],
2023-08-11T12:14:51.646 INFO:teuthology.orchestra.run.smithi008.stdout:/usr/bin/ceph: stdout "num_pgs": 0,
2023-08-11T12:14:51.646 INFO:teuthology.orchestra.run.smithi008.stdout:/usr/bin/ceph: stdout "num_pools": 0,
2023-08-11T12:14:51.647 INFO:teuthology.orchestra.run.smithi008.stdout:/usr/bin/ceph: stdout "num_objects": 0,
2023-08-11T12:14:51.647 INFO:teuthology.orchestra.run.smithi008.stdout:/usr/bin/ceph: stdout "data_bytes": 0,
2023-08-11T12:14:51.647 INFO:teuthology.orchestra.run.smithi008.stdout:/usr/bin/ceph: stdout "bytes_used": 0,
2023-08-11T12:14:51.647 INFO:teuthology.orchestra.run.smithi008.stdout:/usr/bin/ceph: stdout "bytes_avail": 0,
2023-08-11T12:14:51.647 INFO:teuthology.orchestra.run.smithi008.stdout:/usr/bin/ceph: stdout "bytes_total": 0
2023-08-11T12:14:51.647 INFO:teuthology.orchestra.run.smithi008.stdout:/usr/bin/ceph: stdout },
2023-08-11T12:14:51.647 INFO:teuthology.orchestra.run.smithi008.stdout:/usr/bin/ceph: stdout "fsmap": {
2023-08-11T12:14:51.647 INFO:teuthology.orchestra.run.smithi008.stdout:/usr/bin/ceph: stdout "epoch": 1,
2023-08-11T12:14:51.648 INFO:teuthology.orchestra.run.smithi008.stdout:/usr/bin/ceph: stdout "by_rank": [],
2023-08-11T12:14:51.648 INFO:teuthology.orchestra.run.smithi008.stdout:/usr/bin/ceph: stdout "up:standby": 0
2023-08-11T12:14:51.648 INFO:teuthology.orchestra.run.smithi008.stdout:/usr/bin/ceph: stdout },
2023-08-11T12:14:51.648 INFO:teuthology.orchestra.run.smithi008.stdout:/usr/bin/ceph: stdout "mgrmap": {
2023-08-11T12:14:51.648 INFO:teuthology.orchestra.run.smithi008.stdout:/usr/bin/ceph: stdout "available": true,
2023-08-11T12:14:51.648 INFO:teuthology.orchestra.run.smithi008.stdout:/usr/bin/ceph: stdout "num_standbys": 0,
2023-08-11T12:14:51.648 INFO:teuthology.orchestra.run.smithi008.stdout:/usr/bin/ceph: stdout "modules": [
2023-08-11T12:14:51.649 INFO:teuthology.orchestra.run.smithi008.stdout:/usr/bin/ceph: stdout "iostat",
2023-08-11T12:14:51.649 INFO:teuthology.orchestra.run.smithi008.stdout:/usr/bin/ceph: stdout "nfs",
2023-08-11T12:14:51.649 INFO:teuthology.orchestra.run.smithi008.stdout:/usr/bin/ceph: stdout "restful"
2023-08-11T12:14:51.649 INFO:teuthology.orchestra.run.smithi008.stdout:/usr/bin/ceph: stdout ],
2023-08-11T12:14:51.649 INFO:teuthology.orchestra.run.smithi008.stdout:/usr/bin/ceph: stdout "services": {}
2023-08-11T12:14:51.649 INFO:teuthology.orchestra.run.smithi008.stdout:/usr/bin/ceph: stdout },
2023-08-11T12:14:51.649 INFO:teuthology.orchestra.run.smithi008.stdout:/usr/bin/ceph: stdout "servicemap": {
2023-08-11T12:14:51.650 INFO:teuthology.orchestra.run.smithi008.stdout:/usr/bin/ceph: stdout "epoch": 1,
2023-08-11T12:14:51.650 INFO:teuthology.orchestra.run.smithi008.stdout:/usr/bin/ceph: stdout "modified": "2023-08-11T12:14:28.341625+0000",
2023-08-11T12:14:51.650 INFO:teuthology.orchestra.run.smithi008.stdout:/usr/bin/ceph: stdout "services": {}
2023-08-11T12:14:51.650 INFO:teuthology.orchestra.run.smithi008.stdout:/usr/bin/ceph: stdout },
2023-08-11T12:14:51.650 INFO:teuthology.orchestra.run.smithi008.stdout:/usr/bin/ceph: stdout "progress_events": {}
2023-08-11T12:14:51.650 INFO:teuthology.orchestra.run.smithi008.stdout:/usr/bin/ceph: stdout }
2023-08-11T12:14:51.650 INFO:teuthology.orchestra.run.smithi008.stdout:/usr/bin/ceph: stderr
2023-08-11T12:14:50.833+0000 7f01727fd700 1 Processor -- start
2023-08-11T12:14:51.650 INFO:teuthology.orchestra.run.smithi008.stdout:/usr/bin/ceph: stderr
2023-08-11T12:14:50.833+0000 7f01727fd700 1 -- start start
2023-08-11T12:14:51.651 INFO:teuthology.orchestra.run.smithi008.stdout:/usr/bin/ceph: stderr
2023-08-11T12:14:50.833+0000 7f01727fd700 1 --2- >> [v2:172.21.15.8:3300/0,v1:172.21.15.8:6789/0] conn(0x7f016c07be50 0x7f016c07a2b0 unknown :-1 s=NONE pgs=0 cs=0 l=0 rev1=0 crypto rx=0 tx=0 comp rx=0 tx=0).connect
2023-08-11T12:14:51.651 INFO:teuthology.orchestra.run.smithi008.stdout:/usr/bin/ceph: stderr
2023-08-11T12:14:50.833+0000 7f01727fd700 1 -- --> [v2:172.21.15.8:3300/0,v1:172.21.15.8:6789/0] -- mon_getmap magic: 0 v1 -- 0x7f016c07a880 con 0x7f016c07be50
2023-08-11T12:14:51.651 INFO:teuthology.orchestra.run.smithi008.stdout:/usr/bin/ceph: stderr
2023-08-11T12:14:50.833+0000 7f016bfff700 1 --2- >> [v2:172.21.15.8:3300/0,v1:172.21.15.8:6789/0] conn(0x7f016c07be50 0x7f016c07a2b0 unknown :-1 s=BANNER_CONNECTING pgs=0 cs=0 l=0 rev1=0 crypto rx=0 tx=0 comp rx=0 tx=0)._handle_peer_banner_payload supported=3 required=0
2023-08-11T12:14:51.651 INFO:teuthology.orchestra.run.smithi008.stdout:/usr/bin/ceph: stderr
2023-08-11T12:14:50.833+0000 7f016bfff700 1 --2- >> [v2:172.21.15.8:3300/0,v1:172.21.15.8:6789/0] conn(0x7f016c07be50 0x7f016c07a2b0 unknown :-1 s=HELLO_CONNECTING pgs=0 cs=0 l=0 rev1=1 crypto rx=0 tx=0 comp rx=0 tx=0).handle_hello peer v2:172.21.15.8:3300/0 says I am v2:172.21.15.8:48966/0 (socket says 172.21.15.8:48966)
2023-08-11T12:14:51.651 INFO:teuthology.orchestra.run.smithi008.stdout:/usr/bin/ceph: stderr
2023-08-11T12:14:50.833+0000 7f016bfff700 1 -- 172.21.15.8:0/2768602949 learned_addr learned my addr 172.21.15.8:0/2768602949 (peer_addr_for_me v2:172.21.15.8:0/0)
2023-08-11T12:14:51.651 INFO:teuthology.orchestra.run.smithi008.stdout:/usr/bin/ceph: stderr
2023-08-11T12:14:50.834+0000 7f016bfff700 1 -- 172.21.15.8:0/2768602949 --> [v2:172.21.15.8:3300/0,v1:172.21.15.8:6789/0] -- mon_subscribe({config=0+,monmap=0+}) v3 -- 0x7f016c07a9c0 con 0x7f016c07be50
2023-08-11T12:14:51.651 INFO:teuthology.orchestra.run.smithi008.stdout:/usr/bin/ceph: stderr
2023-08-11T12:14:50.834+0000 7f016bfff700 1 --2- 172.21.15.8:0/2768602949 >> [v2:172.21.15.8:3300/0,v1:172.21.15.8:6789/0] conn(0x7f016c07be50 0x7f016c07a2b0 secure :-1 s=READY pgs=16 cs=0 l=1 rev1=1 crypto rx=0x7f015c0098a0 tx=0x7f015c009bb0 comp rx=0 tx=0).ready entity=mon.0 client_cookie=58d09355e7b0fa8f server_cookie=0 in_seq=0 out_seq=0
2023-08-11T12:14:51.652 INFO:teuthology.orchestra.run.smithi008.stdout:/usr/bin/ceph: stderr
2023-08-11T12:14:50.834+0000 7f016affd700 1 -- 172.21.15.8:0/2768602949 <== mon.0 v2:172.21.15.8:3300/0 1 ==== mon_map magic: 0 v1 ==== 205+0+0 (secure 0 0 0) 0x7f015c004160 con 0x7f016c07be50
2023-08-11T12:14:51.652 INFO:teuthology.orchestra.run.smithi008.stdout:/usr/bin/ceph: stderr
2023-08-11T12:14:50.834+0000 7f016affd700 1 -- 172.21.15.8:0/2768602949 <== mon.0 v2:172.21.15.8:3300/0 2 ==== config(26 keys) v1 ==== 1074+0+0 (secure 0 0 0) 0x7f015c0042c0 con 0x7f016c07be50
2023-08-11T12:14:51.652 INFO:teuthology.orchestra.run.smithi008.stdout:/usr/bin/ceph: stderr
2023-08-11T12:14:50.834+0000 7f016affd700 1 -- 172.21.15.8:0/2768602949 <== mon.0 v2:172.21.15.8:3300/0 3 ==== mon_map magic: 0 v1 ==== 205+0+0 (secure 0 0 0) 0x7f015c011a00 con 0x7f016c07be50
2023-08-11T12:14:51.652 INFO:teuthology.orchestra.run.smithi008.stdout:/usr/bin/ceph: stderr
2023-08-11T12:14:50.835+0000 7f01727fd700 1 -- 172.21.15.8:0/2768602949 >> [v2:172.21.15.8:3300/0,v1:172.21.15.8:6789/0] conn(0x7f016c07be50 msgr2=0x7f016c07a2b0 secure :-1 s=STATE_CONNECTION_ESTABLISHED l=1).mark_down
2023-08-11T12:14:51.652 INFO:teuthology.orchestra.run.smithi008.stdout:/usr/bin/ceph: stderr
2023-08-11T12:14:50.835+0000 7f01727fd700 1 --2- 172.21.15.8:0/2768602949 >> [v2:172.21.15.8:3300/0,v1:172.21.15.8:6789/0] conn(0x7f016c07be50 0x7f016c07a2b0 secure :-1 s=READY pgs=16 cs=0 l=1 rev1=1 crypto rx=0x7f015c0098a0 tx=0x7f015c009bb0 comp rx=0 tx=0).stop
2023-08-11T12:14:51.653 INFO:teuthology.orchestra.run.smithi008.stdout:/usr/bin/ceph: stderr
2023-08-11T12:14:50.835+0000 7f01727fd700 1 -- 172.21.15.8:0/2768602949 shutdown_connections
2023-08-11T12:14:51.653 INFO:teuthology.orchestra.run.smithi008.stdout:/usr/bin/ceph: stderr
2023-08-11T12:14:50.835+0000 7f01727fd700 1 --2- 172.21.15.8:0/2768602949 >> [v2:172.21.15.8:3300/0,v1:172.21.15.8:6789/0] conn(0x7f016c07be50 0x7f016c07a2b0 unknown :-1 s=CLOSED pgs=16 cs=0 l=1 rev1=1 crypto rx=0 tx=0 comp rx=0 tx=0).stop
2023-08-11T12:14:51.653 INFO:teuthology.orchestra.run.smithi008.stdout:/usr/bin/ceph: stderr
2023-08-11T12:14:50.835+0000 7f01727fd700 1 -- 172.21.15.8:0/2768602949 >> 172.21.15.8:0/2768602949 conn(0x7f016c101750 msgr2=0x7f016c103b90 unknown :-1 s=STATE_NONE l=0).mark_down
2023-08-11T12:14:51.653 INFO:teuthology.orchestra.run.smithi008.stdout:/usr/bin/ceph: stderr
2023-08-11T12:14:50.835+0000 7f01727fd700 1 -- 172.21.15.8:0/2768602949 shutdown_connections
2023-08-11T12:14:51.653 INFO:teuthology.orchestra.run.smithi008.stdout:/usr/bin/ceph: stderr
2023-08-11T12:14:50.835+0000 7f01727fd700 1 -- 172.21.15.8:0/2768602949 wait complete.
2023-08-11T12:14:51.653 INFO:teuthology.orchestra.run.smithi008.stdout:/usr/bin/ceph: stderr
2023-08-11T12:14:50.836+0000 7f01727fd700 1 Processor -- start
2023-08-11T12:14:51.653 INFO:teuthology.orchestra.run.smithi008.stdout:/usr/bin/ceph: stderr
2023-08-11T12:14:50.836+0000 7f01727fd700 1 -- start start
2023-08-11T12:14:51.654 INFO:teuthology.orchestra.run.smithi008.stdout:/usr/bin/ceph: stderr
2023-08-11T12:14:50.837+0000 7f01727fd700 1 --2- >> [v2:172.21.15.8:3300/0,v1:172.21.15.8:6789/0] conn(0x7f016c07be50 0x7f016c19c090 unknown :-1 s=NONE pgs=0 cs=0 l=1 rev1=0 crypto rx=0 tx=0 comp rx=0 tx=0).connect
2023-08-11T12:14:51.654 INFO:teuthology.orchestra.run.smithi008.stdout:/usr/bin/ceph: stderr
2023-08-11T12:14:50.837+0000 7f01727fd700 1 -- --> [v2:172.21.15.8:3300/0,v1:172.21.15.8:6789/0] -- mon_getmap magic: 0 v1 -- 0x7f016c19c5d0 con 0x7f016c07be50
2023-08-11T12:14:51.654 INFO:teuthology.orchestra.run.smithi008.stdout:/usr/bin/ceph: stderr
2023-08-11T12:14:50.837+0000 7f016bfff700 1 --2- >> [v2:172.21.15.8:3300/0,v1:172.21.15.8:6789/0] conn(0x7f016c07be50 0x7f016c19c090 unknown :-1 s=BANNER_CONNECTING pgs=0 cs=0 l=1 rev1=0 crypto rx=0 tx=0 comp rx=0 tx=0)._handle_peer_banner_payload supported=3 required=0
2023-08-11T12:14:51.654 INFO:teuthology.orchestra.run.smithi008.stdout:/usr/bin/ceph: stderr
2023-08-11T12:14:50.837+0000 7f016bfff700 1 --2- >> [v2:172.21.15.8:3300/0,v1:172.21.15.8:6789/0] conn(0x7f016c07be50 0x7f016c19c090 unknown :-1 s=HELLO_CONNECTING pgs=0 cs=0 l=1 rev1=1 crypto rx=0 tx=0 comp rx=0 tx=0).handle_hello peer v2:172.21.15.8:3300/0 says I am v2:172.21.15.8:48974/0 (socket says 172.21.15.8:48974)
2023-08-11T12:14:51.654 INFO:teuthology.orchestra.run.smithi008.stdout:/usr/bin/ceph: stderr
2023-08-11T12:14:50.837+0000 7f016bfff700 1 -- 172.21.15.8:0/2190491077 learned_addr learned my addr 172.21.15.8:0/2190491077 (peer_addr_for_me v2:172.21.15.8:0/0)
2023-08-11T12:14:51.654 INFO:teuthology.orchestra.run.smithi008.stdout:/usr/bin/ceph: stderr
2023-08-11T12:14:50.837+0000 7f016bfff700 1 -- 172.21.15.8:0/2190491077 --> [v2:172.21.15.8:3300/0,v1:172.21.15.8:6789/0] -- mon_subscribe({config=0+,monmap=0+}) v3 -- 0x7f015c009550 con 0x7f016c07be50
2023-08-11T12:14:51.654 INFO:teuthology.orchestra.run.smithi008.stdout:/usr/bin/ceph: stderr
2023-08-11T12:14:50.838+0000 7f016bfff700 1 --2- 172.21.15.8:0/2190491077 >> [v2:172.21.15.8:3300/0,v1:172.21.15.8:6789/0] conn(0x7f016c07be50 0x7f016c19c090 secure :-1 s=READY pgs=17 cs=0 l=1 rev1=1 crypto rx=0x7f015c006af0 tx=0x7f015c011ad0 comp rx=0 tx=0).ready entity=mon.0 client_cookie=0 server_cookie=0 in_seq=0 out_seq=0
2023-08-11T12:14:51.654 INFO:teuthology.orchestra.run.smithi008.stdout:/usr/bin/ceph: stderr
2023-08-11T12:14:50.838+0000 7f01697fa700 1 -- 172.21.15.8:0/2190491077 <== mon.0 v2:172.21.15.8:3300/0 1 ==== mon_map magic: 0 v1 ==== 205+0+0 (secure 0 0 0) 0x7f015c003a40 con 0x7f016c07be50
2023-08-11T12:14:51.655 INFO:teuthology.orchestra.run.smithi008.stdout:/usr/bin/ceph: stderr
2023-08-11T12:14:50.838+0000 7f01697fa700 1 -- 172.21.15.8:0/2190491077 <== mon.0 v2:172.21.15.8:3300/0 2 ==== config(26 keys) v1 ==== 1074+0+0 (secure 0 0 0) 0x7f015c003ba0 con 0x7f016c07be50
2023-08-11T12:14:51.655 INFO:teuthology.orchestra.run.smithi008.stdout:/usr/bin/ceph: stderr
2023-08-11T12:14:50.838+0000 7f01697fa700 1 -- 172.21.15.8:0/2190491077 <== mon.0 v2:172.21.15.8:3300/0 3 ==== mon_map magic: 0 v1 ==== 205+0+0 (secure 0 0 0) 0x7f015c01a700 con 0x7f016c07be50
2023-08-11T12:14:51.655 INFO:teuthology.orchestra.run.smithi008.stdout:/usr/bin/ceph: stderr
2023-08-11T12:14:50.838+0000 7f01727fd700 1 -- 172.21.15.8:0/2190491077 --> [v2:172.21.15.8:3300/0,v1:172.21.15.8:6789/0] -- mon_subscribe({mgrmap=0+}) v3 -- 0x7f016c19c7d0 con 0x7f016c07be50
2023-08-11T12:14:51.655 INFO:teuthology.orchestra.run.smithi008.stdout:/usr/bin/ceph: stderr
2023-08-11T12:14:50.838+0000 7f01727fd700 1 -- 172.21.15.8:0/2190491077 --> [v2:172.21.15.8:3300/0,v1:172.21.15.8:6789/0] -- mon_subscribe({osdmap=0}) v3 -- 0x7f016c19cbf0 con 0x7f016c07be50
2023-08-11T12:14:51.655 INFO:teuthology.orchestra.run.smithi008.stdout:/usr/bin/ceph: stderr
2023-08-11T12:14:50.839+0000 7f01697fa700 1 -- 172.21.15.8:0/2190491077 <== mon.0 v2:172.21.15.8:3300/0 4 ==== mgrmap(e 4) v1 ==== 45124+0+0 (secure 0 0 0) 0x7f015c024ad0 con 0x7f016c07be50
2023-08-11T12:14:51.655 INFO:teuthology.orchestra.run.smithi008.stdout:/usr/bin/ceph: stderr
2023-08-11T12:14:50.839+0000 7f01727fd700 1 -- 172.21.15.8:0/2190491077 --> [v2:172.21.15.8:3300/0,v1:172.21.15.8:6789/0] -- mon_command({"prefix": "get_command_descriptions"} v 0) v1 -- 0x7f016c061f50 con 0x7f016c07be50
2023-08-11T12:14:51.655 INFO:teuthology.orchestra.run.smithi008.stdout:/usr/bin/ceph: stderr
2023-08-11T12:14:50.840+0000 7f01697fa700 1 --2- 172.21.15.8:0/2190491077 >> [v2:172.21.15.8:6800/2108474030,v1:172.21.15.8:6801/2108474030] conn(0x7f0154038110 0x7f015403a5d0 unknown :-1 s=NONE pgs=0 cs=0 l=1 rev1=0 crypto rx=0 tx=0 comp rx=0 tx=0).connect
2023-08-11T12:14:51.656 INFO:teuthology.orchestra.run.smithi008.stdout:/usr/bin/ceph: stderr
2023-08-11T12:14:50.840+0000 7f01697fa700 1 -- 172.21.15.8:0/2190491077 <== mon.0 v2:172.21.15.8:3300/0 5 ==== osd_map(1..1 src has 1..1) v4 ==== 725+0+0 (secure 0 0 0) 0x7f015c04be70 con 0x7f016c07be50
2023-08-11T12:14:51.656 INFO:teuthology.orchestra.run.smithi008.stdout:/usr/bin/ceph: stderr
2023-08-11T12:14:50.840+0000 7f016b7fe700 1 --2- 172.21.15.8:0/2190491077 >> [v2:172.21.15.8:6800/2108474030,v1:172.21.15.8:6801/2108474030] conn(0x7f0154038110 0x7f015403a5d0 unknown :-1 s=BANNER_CONNECTING pgs=0 cs=0 l=1 rev1=0 crypto rx=0 tx=0 comp rx=0 tx=0)._handle_peer_banner_payload supported=3 required=0
2023-08-11T12:14:51.656 INFO:teuthology.orchestra.run.smithi008.stdout:/usr/bin/ceph: stderr
2023-08-11T12:14:50.840+0000 7f016b7fe700 1 --2- 172.21.15.8:0/2190491077 >> [v2:172.21.15.8:6800/2108474030,v1:172.21.15.8:6801/2108474030] conn(0x7f0154038110 0x7f015403a5d0 secure :-1 s=READY pgs=6 cs=0 l=1 rev1=1 crypto rx=0x7f0160006fd0 tx=0x7f0160006e40 comp rx=0 tx=0).ready entity=mgr.14100 client_cookie=0 server_cookie=0 in_seq=0 out_seq=0
2023-08-11T12:14:51.656 INFO:teuthology.orchestra.run.smithi008.stdout:/usr/bin/ceph: stderr
2023-08-11T12:14:50.846+0000 7f01697fa700 1 -- 172.21.15.8:0/2190491077 <== mon.0 v2:172.21.15.8:3300/0 6 ==== mon_command_ack([{"prefix": "get_command_descriptions"}]=0 v0) v1 ==== 72+0+179220 (secure 0 0 0) 0x7f015c024430 con 0x7f016c07be50
2023-08-11T12:14:51.656 INFO:teuthology.orchestra.run.smithi008.stdout:/usr/bin/ceph: stderr
2023-08-11T12:14:51.134+0000 7f01727fd700 1 -- 172.21.15.8:0/2190491077 --> [v2:172.21.15.8:3300/0,v1:172.21.15.8:6789/0] -- mon_command({"prefix": "status", "format": "json-pretty"} v 0) v1 -- 0x7f016c10c560 con 0x7f016c07be50
2023-08-11T12:14:51.656 INFO:teuthology.orchestra.run.smithi008.stdout:/usr/bin/ceph: stderr
2023-08-11T12:14:51.134+0000 7f01697fa700 1 -- 172.21.15.8:0/2190491077 <== mon.0 v2:172.21.15.8:3300/0 7 ==== mon_command_ack([{"prefix": "status", "format": "json-pretty"}]=0 v0) v1 ==== 79+0+1238 (secure 0 0 0) 0x7f015c018350 con 0x7f016c07be50
2023-08-11T12:14:51.656 INFO:teuthology.orchestra.run.smithi008.stdout:/usr/bin/ceph: stderr
2023-08-11T12:14:51.137+0000 7f01727fd700 1 -- 172.21.15.8:0/2190491077 >> [v2:172.21.15.8:6800/2108474030,v1:172.21.15.8:6801/2108474030] conn(0x7f0154038110 msgr2=0x7f015403a5d0 secure :-1 s=STATE_CONNECTION_ESTABLISHED l=1).mark_down
2023-08-11T12:14:51.657 INFO:teuthology.orchestra.run.smithi008.stdout:/usr/bin/ceph: stderr
2023-08-11T12:14:51.137+0000 7f01727fd700 1 --2- 172.21.15.8:0/2190491077 >> [v2:172.21.15.8:6800/2108474030,v1:172.21.15.8:6801/2108474030] conn(0x7f0154038110 0x7f015403a5d0 secure :-1 s=READY pgs=6 cs=0 l=1 rev1=1 crypto rx=0x7f0160006fd0 tx=0x7f0160006e40 comp rx=0 tx=0).stop
2023-08-11T12:14:51.657 INFO:teuthology.orchestra.run.smithi008.stdout:/usr/bin/ceph: stderr
2023-08-11T12:14:51.137+0000 7f01727fd700 1 -- 172.21.15.8:0/2190491077 >> [v2:172.21.15.8:3300/0,v1:172.21.15.8:6789/0] conn(0x7f016c07be50 msgr2=0x7f016c19c090 secure :-1 s=STATE_CONNECTION_ESTABLISHED l=1).mark_down
2023-08-11T12:14:51.657 INFO:teuthology.orchestra.run.smithi008.stdout:/usr/bin/ceph: stderr
2023-08-11T12:14:51.137+0000 7f01727fd700 1 --2- 172.21.15.8:0/2190491077 >> [v2:172.21.15.8:3300/0,v1:172.21.15.8:6789/0] conn(0x7f016c07be50 0x7f016c19c090 secure :-1 s=READY pgs=17 cs=0 l=1 rev1=1 crypto rx=0x7f015c006af0 tx=0x7f015c011ad0 comp rx=0 tx=0).stop
2023-08-11T12:14:51.657 INFO:teuthology.orchestra.run.smithi008.stdout:/usr/bin/ceph: stderr
2023-08-11T12:14:51.137+0000 7f01727fd700 1 -- 172.21.15.8:0/2190491077 shutdown_connections
2023-08-11T12:14:51.657 INFO:teuthology.orchestra.run.smithi008.stdout:/usr/bin/ceph: stderr
2023-08-11T12:14:51.137+0000 7f01727fd700 1 --2- 172.21.15.8:0/2190491077 >> [v2:172.21.15.8:6800/2108474030,v1:172.21.15.8:6801/2108474030] conn(0x7f0154038110 0x7f015403a5d0 unknown :-1 s=CLOSED pgs=6 cs=0 l=1 rev1=1 crypto rx=0 tx=0 comp rx=0 tx=0).stop
2023-08-11T12:14:51.657 INFO:teuthology.orchestra.run.smithi008.stdout:/usr/bin/ceph: stderr
2023-08-11T12:14:51.137+0000 7f01727fd700 1 --2- 172.21.15.8:0/2190491077 >> [v2:172.21.15.8:3300/0,v1:172.21.15.8:6789/0] conn(0x7f016c07be50 0x7f016c19c090 unknown :-1 s=CLOSED pgs=17 cs=0 l=1 rev1=1 crypto rx=0 tx=0 comp rx=0 tx=0).stop
2023-08-11T12:14:51.657 INFO:teuthology.orchestra.run.smithi008.stdout:/usr/bin/ceph: stderr
2023-08-11T12:14:51.137+0000 7f01727fd700 1 -- 172.21.15.8:0/2190491077 >> 172.21.15.8:0/2190491077 conn(0x7f016c101750 msgr2=0x7f016c102e30 unknown :-1 s=STATE_NONE l=0).mark_down
2023-08-11T12:14:51.658 INFO:teuthology.orchestra.run.smithi008.stdout:/usr/bin/ceph: stderr
2023-08-11T12:14:51.137+0000 7f01727fd700 1 -- 172.21.15.8:0/2190491077 shutdown_connections
2023-08-11T12:14:51.658 INFO:teuthology.orchestra.run.smithi008.stdout:/usr/bin/ceph: stderr
2023-08-11T12:14:51.137+0000 7f01727fd700 1 -- 172.21.15.8:0/2190491077 wait complete.
2023-08-11T12:14:51.658 INFO:teuthology.orchestra.run.smithi008.stdout:mgr is available
2023-08-11T12:14:52.803 INFO:journalctl@ceph.mon.a.smithi008.stdout:Aug 11 12:14:52 smithi008 ceph-mon[97158]: from='client.? 172.21.15.8:0/1175231453' entity='client.admin' cmd=[{"prefix": "config assimilate-conf"}]: dispatch
2023-08-11T12:14:52.820 INFO:teuthology.orchestra.run.smithi008.stdout:/usr/bin/ceph: stdout
2023-08-11T12:14:52.821 INFO:teuthology.orchestra.run.smithi008.stdout:/usr/bin/ceph: stdout [global]
2023-08-11T12:14:52.821 INFO:teuthology.orchestra.run.smithi008.stdout:/usr/bin/ceph: stdout fsid = 815f94ae-3840-11ee-9b37-001a4aab830c
2023-08-11T12:14:52.821 INFO:teuthology.orchestra.run.smithi008.stdout:/usr/bin/ceph: stdout mon_osd_allow_pg_remap = true
2023-08-11T12:14:52.821 INFO:teuthology.orchestra.run.smithi008.stdout:/usr/bin/ceph: stdout mon_osd_allow_primary_affinity = true
2023-08-11T12:14:52.821 INFO:teuthology.orchestra.run.smithi008.stdout:/usr/bin/ceph: stdout mon_warn_on_no_sortbitwise = false
2023-08-11T12:14:52.821 INFO:teuthology.orchestra.run.smithi008.stdout:/usr/bin/ceph: stdout osd_crush_chooseleaf_type = 0
2023-08-11T12:14:52.822 INFO:teuthology.orchestra.run.smithi008.stdout:/usr/bin/ceph: stdout
2023-08-11T12:14:52.822 INFO:teuthology.orchestra.run.smithi008.stdout:/usr/bin/ceph: stdout [mgr]
2023-08-11T12:14:52.822 INFO:teuthology.orchestra.run.smithi008.stdout:/usr/bin/ceph: stdout mgr/telemetry/nag = false
2023-08-11T12:14:52.822 INFO:teuthology.orchestra.run.smithi008.stdout:/usr/bin/ceph: stdout
2023-08-11T12:14:52.822 INFO:teuthology.orchestra.run.smithi008.stdout:/usr/bin/ceph: stdout [osd]
2023-08-11T12:14:52.822 INFO:teuthology.orchestra.run.smithi008.stdout:/usr/bin/ceph: stdout mon_osd_backfillfull_ratio = 0.85
2023-08-11T12:14:52.822 INFO:teuthology.orchestra.run.smithi008.stdout:/usr/bin/ceph: stdout mon_osd_full_ratio = 0.9
2023-08-11T12:14:52.822 INFO:teuthology.orchestra.run.smithi008.stdout:/usr/bin/ceph: stdout mon_osd_nearfull_ratio = 0.8
2023-08-11T12:14:52.823 INFO:teuthology.orchestra.run.smithi008.stdout:/usr/bin/ceph: stdout osd_map_max_advance = 10
2023-08-11T12:14:52.823 INFO:teuthology.orchestra.run.smithi008.stdout:/usr/bin/ceph: stdout osd_sloppy_crc = true
2023-08-11T12:14:52.823 INFO:teuthology.orchestra.run.smithi008.stdout:/usr/bin/ceph: stderr
2023-08-11T12:14:52.171+0000 7fd157dd7700 1 Processor -- start
2023-08-11T12:14:52.823 INFO:teuthology.orchestra.run.smithi008.stdout:/usr/bin/ceph: stderr
2023-08-11T12:14:52.171+0000 7fd157dd7700 1 -- start start
2023-08-11T12:14:52.823 INFO:teuthology.orchestra.run.smithi008.stdout:/usr/bin/ceph: stderr
2023-08-11T12:14:52.171+0000 7fd157dd7700 1 --2- >> [v2:172.21.15.8:3300/0,v1:172.21.15.8:6789/0] conn(0x7fd15007be30 0x7fd15007a290 unknown :-1 s=NONE pgs=0 cs=0 l=0 rev1=0 crypto rx=0 tx=0 comp rx=0 tx=0).connect
2023-08-11T12:14:52.823 INFO:teuthology.orchestra.run.smithi008.stdout:/usr/bin/ceph: stderr
2023-08-11T12:14:52.171+0000 7fd157dd7700 1 -- --> [v2:172.21.15.8:3300/0,v1:172.21.15.8:6789/0] -- mon_getmap magic: 0 v1 -- 0x7fd15007a860 con 0x7fd15007be30
2023-08-11T12:14:52.823 INFO:teuthology.orchestra.run.smithi008.stdout:/usr/bin/ceph: stderr
2023-08-11T12:14:52.171+0000 7fd155b73700 1 --2- >> [v2:172.21.15.8:3300/0,v1:172.21.15.8:6789/0] conn(0x7fd15007be30 0x7fd15007a290 unknown :-1 s=BANNER_CONNECTING pgs=0 cs=0 l=0 rev1=0 crypto rx=0 tx=0 comp rx=0 tx=0)._handle_peer_banner_payload supported=3 required=0
2023-08-11T12:14:52.824 INFO:teuthology.orchestra.run.smithi008.stdout:/usr/bin/ceph: stderr
2023-08-11T12:14:52.172+0000 7fd155b73700 1 --2- >> [v2:172.21.15.8:3300/0,v1:172.21.15.8:6789/0] conn(0x7fd15007be30 0x7fd15007a290 unknown :-1 s=HELLO_CONNECTING pgs=0 cs=0 l=0 rev1=1 crypto rx=0 tx=0 comp rx=0 tx=0).handle_hello peer v2:172.21.15.8:3300/0 says I am v2:172.21.15.8:48982/0 (socket says 172.21.15.8:48982)
2023-08-11T12:14:52.824 INFO:teuthology.orchestra.run.smithi008.stdout:/usr/bin/ceph: stderr
2023-08-11T12:14:52.172+0000 7fd155b73700 1 -- 172.21.15.8:0/122235681 learned_addr learned my addr 172.21.15.8:0/122235681 (peer_addr_for_me v2:172.21.15.8:0/0)
2023-08-11T12:14:52.824 INFO:teuthology.orchestra.run.smithi008.stdout:/usr/bin/ceph: stderr
2023-08-11T12:14:52.172+0000 7fd155b73700 1 -- 172.21.15.8:0/122235681 --> [v2:172.21.15.8:3300/0,v1:172.21.15.8:6789/0] -- mon_subscribe({config=0+,monmap=0+}) v3 -- 0x7fd15007a9a0 con 0x7fd15007be30
2023-08-11T12:14:52.824 INFO:teuthology.orchestra.run.smithi008.stdout:/usr/bin/ceph: stderr
2023-08-11T12:14:52.172+0000 7fd155b73700 1 --2- 172.21.15.8:0/122235681 >> [v2:172.21.15.8:3300/0,v1:172.21.15.8:6789/0] conn(0x7fd15007be30 0x7fd15007a290 secure :-1 s=READY pgs=18 cs=0 l=1 rev1=1 crypto rx=0x7fd14c0098a0 tx=0x7fd14c009bb0 comp rx=0 tx=0).ready entity=mon.0 client_cookie=a6e8cd99e083b344 server_cookie=0 in_seq=0 out_seq=0
2023-08-11T12:14:52.824 INFO:teuthology.orchestra.run.smithi008.stdout:/usr/bin/ceph: stderr
2023-08-11T12:14:52.172+0000 7fd154b71700 1 -- 172.21.15.8:0/122235681 <== mon.0 v2:172.21.15.8:3300/0 1 ==== mon_map magic: 0 v1 ==== 205+0+0 (secure 0 0 0) 0x7fd14c004160 con 0x7fd15007be30
2023-08-11T12:14:52.824 INFO:teuthology.orchestra.run.smithi008.stdout:/usr/bin/ceph: stderr
2023-08-11T12:14:52.172+0000 7fd154b71700 1 -- 172.21.15.8:0/122235681 <== mon.0 v2:172.21.15.8:3300/0 2 ==== config(26 keys) v1 ==== 1074+0+0 (secure 0 0 0) 0x7fd14c0042c0 con 0x7fd15007be30
2023-08-11T12:14:52.824 INFO:teuthology.orchestra.run.smithi008.stdout:/usr/bin/ceph: stderr
2023-08-11T12:14:52.172+0000 7fd154b71700 1 -- 172.21.15.8:0/122235681 <== mon.0 v2:172.21.15.8:3300/0 3 ==== mon_map magic: 0 v1 ==== 205+0+0 (secure 0 0 0) 0x7fd14c011a00 con 0x7fd15007be30
2023-08-11T12:14:52.824 INFO:teuthology.orchestra.run.smithi008.stdout:/usr/bin/ceph: stderr
2023-08-11T12:14:52.173+0000 7fd157dd7700 1 -- 172.21.15.8:0/122235681 >> [v2:172.21.15.8:3300/0,v1:172.21.15.8:6789/0] conn(0x7fd15007be30 msgr2=0x7fd15007a290 secure :-1 s=STATE_CONNECTION_ESTABLISHED l=1).mark_down
2023-08-11T12:14:52.825 INFO:teuthology.orchestra.run.smithi008.stdout:/usr/bin/ceph: stderr
2023-08-11T12:14:52.173+0000 7fd157dd7700 1 --2- 172.21.15.8:0/122235681 >> [v2:172.21.15.8:3300/0,v1:172.21.15.8:6789/0] conn(0x7fd15007be30 0x7fd15007a290 secure :-1 s=READY pgs=18 cs=0 l=1 rev1=1 crypto rx=0x7fd14c0098a0 tx=0x7fd14c009bb0 comp rx=0 tx=0).stop
2023-08-11T12:14:52.825 INFO:teuthology.orchestra.run.smithi008.stdout:/usr/bin/ceph: stderr
2023-08-11T12:14:52.173+0000 7fd157dd7700 1 -- 172.21.15.8:0/122235681 shutdown_connections
2023-08-11T12:14:52.825 INFO:teuthology.orchestra.run.smithi008.stdout:/usr/bin/ceph: stderr
2023-08-11T12:14:52.173+0000 7fd157dd7700 1 --2- 172.21.15.8:0/122235681 >> [v2:172.21.15.8:3300/0,v1:172.21.15.8:6789/0] conn(0x7fd15007be30 0x7fd15007a290 unknown :-1 s=CLOSED pgs=18 cs=0 l=1 rev1=1 crypto rx=0 tx=0 comp rx=0 tx=0).stop
2023-08-11T12:14:52.825 INFO:teuthology.orchestra.run.smithi008.stdout:/usr/bin/ceph: stderr
2023-08-11T12:14:52.173+0000 7fd157dd7700 1 -- 172.21.15.8:0/122235681 >> 172.21.15.8:0/122235681 conn(0x7fd150101750 msgr2=0x7fd150103b90 unknown :-1 s=STATE_NONE l=0).mark_down
2023-08-11T12:14:52.825 INFO:teuthology.orchestra.run.smithi008.stdout:/usr/bin/ceph: stderr
2023-08-11T12:14:52.173+0000 7fd157dd7700 1 -- 172.21.15.8:0/122235681 shutdown_connections
2023-08-11T12:14:52.825 INFO:teuthology.orchestra.run.smithi008.stdout:/usr/bin/ceph: stderr
2023-08-11T12:14:52.173+0000 7fd157dd7700 1 -- 172.21.15.8:0/122235681 wait complete.
2023-08-11T12:14:52.825 INFO:teuthology.orchestra.run.smithi008.stdout:/usr/bin/ceph: stderr
2023-08-11T12:14:52.174+0000 7fd157dd7700 1 Processor -- start
2023-08-11T12:14:52.826 INFO:teuthology.orchestra.run.smithi008.stdout:/usr/bin/ceph: stderr
2023-08-11T12:14:52.174+0000 7fd157dd7700 1 -- start start
2023-08-11T12:14:52.826 INFO:teuthology.orchestra.run.smithi008.stdout:/usr/bin/ceph: stderr
2023-08-11T12:14:52.175+0000 7fd157dd7700 1 --2- >> [v2:172.21.15.8:3300/0,v1:172.21.15.8:6789/0] conn(0x7fd15007be30 0x7fd15019c0b0 unknown :-1 s=NONE pgs=0 cs=0 l=1 rev1=0 crypto rx=0 tx=0 comp rx=0 tx=0).connect
2023-08-11T12:14:52.826 INFO:teuthology.orchestra.run.smithi008.stdout:/usr/bin/ceph: stderr
2023-08-11T12:14:52.175+0000 7fd157dd7700 1 -- --> [v2:172.21.15.8:3300/0,v1:172.21.15.8:6789/0] -- mon_getmap magic: 0 v1 -- 0x7fd15019c5f0 con 0x7fd15007be30
2023-08-11T12:14:52.826 INFO:teuthology.orchestra.run.smithi008.stdout:/usr/bin/ceph: stderr
2023-08-11T12:14:52.175+0000 7fd155b73700 1 --2- >> [v2:172.21.15.8:3300/0,v1:172.21.15.8:6789/0] conn(0x7fd15007be30 0x7fd15019c0b0 unknown :-1 s=BANNER_CONNECTING pgs=0 cs=0 l=1 rev1=0 crypto rx=0 tx=0 comp rx=0 tx=0)._handle_peer_banner_payload supported=3 required=0
2023-08-11T12:14:52.826 INFO:teuthology.orchestra.run.smithi008.stdout:/usr/bin/ceph: stderr
2023-08-11T12:14:52.175+0000 7fd155b73700 1 --2- >> [v2:172.21.15.8:3300/0,v1:172.21.15.8:6789/0] conn(0x7fd15007be30 0x7fd15019c0b0 unknown :-1 s=HELLO_CONNECTING pgs=0 cs=0 l=1 rev1=1 crypto rx=0 tx=0 comp rx=0 tx=0).handle_hello peer v2:172.21.15.8:3300/0 says I am v2:172.21.15.8:48996/0 (socket says 172.21.15.8:48996)
2023-08-11T12:14:52.826 INFO:teuthology.orchestra.run.smithi008.stdout:/usr/bin/ceph: stderr
2023-08-11T12:14:52.175+0000 7fd155b73700 1 -- 172.21.15.8:0/1175231453 learned_addr learned my addr 172.21.15.8:0/1175231453 (peer_addr_for_me v2:172.21.15.8:0/0)
2023-08-11T12:14:52.827 INFO:teuthology.orchestra.run.smithi008.stdout:/usr/bin/ceph: stderr
2023-08-11T12:14:52.175+0000 7fd155b73700 1 -- 172.21.15.8:0/1175231453 --> [v2:172.21.15.8:3300/0,v1:172.21.15.8:6789/0] -- mon_subscribe({config=0+,monmap=0+}) v3 -- 0x7fd14c009550 con 0x7fd15007be30
2023-08-11T12:14:52.827 INFO:teuthology.orchestra.run.smithi008.stdout:/usr/bin/ceph: stderr
2023-08-11T12:14:52.175+0000 7fd155b73700 1 --2- 172.21.15.8:0/1175231453 >> [v2:172.21.15.8:3300/0,v1:172.21.15.8:6789/0] conn(0x7fd15007be30 0x7fd15019c0b0 secure :-1 s=READY pgs=19 cs=0 l=1 rev1=1 crypto rx=0x7fd14c006af0 tx=0x7fd14c011ad0 comp rx=0 tx=0).ready entity=mon.0 client_cookie=0 server_cookie=0 in_seq=0 out_seq=0
2023-08-11T12:14:52.827 INFO:teuthology.orchestra.run.smithi008.stdout:/usr/bin/ceph: stderr
2023-08-11T12:14:52.176+0000 7fd146ffd700 1 -- 172.21.15.8:0/1175231453 <== mon.0 v2:172.21.15.8:3300/0 1 ==== mon_map magic: 0 v1 ==== 205+0+0 (secure 0 0 0) 0x7fd14c003a40 con 0x7fd15007be30
2023-08-11T12:14:52.827 INFO:teuthology.orchestra.run.smithi008.stdout:/usr/bin/ceph: stderr
2023-08-11T12:14:52.176+0000 7fd146ffd700 1 -- 172.21.15.8:0/1175231453 <== mon.0 v2:172.21.15.8:3300/0 2 ==== config(26 keys) v1 ==== 1074+0+0 (secure 0 0 0) 0x7fd14c003ba0 con 0x7fd15007be30
2023-08-11T12:14:52.827 INFO:teuthology.orchestra.run.smithi008.stdout:/usr/bin/ceph: stderr
2023-08-11T12:14:52.176+0000 7fd146ffd700 1 -- 172.21.15.8:0/1175231453 <== mon.0 v2:172.21.15.8:3300/0 3 ==== mon_map magic: 0 v1 ==== 205+0+0 (secure 0 0 0) 0x7fd14c01a700 con 0x7fd15007be30
2023-08-11T12:14:52.827 INFO:teuthology.orchestra.run.smithi008.stdout:/usr/bin/ceph: stderr
2023-08-11T12:14:52.176+0000 7fd157dd7700 1 -- 172.21.15.8:0/1175231453 --> [v2:172.21.15.8:3300/0,v1:172.21.15.8:6789/0] -- mon_subscribe({mgrmap=0+}) v3 -- 0x7fd15019c7f0 con 0x7fd15007be30
2023-08-11T12:14:52.827 INFO:teuthology.orchestra.run.smithi008.stdout:/usr/bin/ceph: stderr
2023-08-11T12:14:52.176+0000 7fd157dd7700 1 -- 172.21.15.8:0/1175231453 --> [v2:172.21.15.8:3300/0,v1:172.21.15.8:6789/0] -- mon_subscribe({osdmap=0}) v3 -- 0x7fd15019cc10 con 0x7fd15007be30
2023-08-11T12:14:52.828 INFO:teuthology.orchestra.run.smithi008.stdout:/usr/bin/ceph: stderr
2023-08-11T12:14:52.177+0000 7fd146ffd700 1 -- 172.21.15.8:0/1175231453 <== mon.0 v2:172.21.15.8:3300/0 4 ==== mgrmap(e 4) v1 ==== 45124+0+0 (secure 0 0 0) 0x7fd14c024ad0 con 0x7fd15007be30
2023-08-11T12:14:52.828 INFO:teuthology.orchestra.run.smithi008.stdout:/usr/bin/ceph: stderr
2023-08-11T12:14:52.177+0000 7fd157dd7700 1 -- 172.21.15.8:0/1175231453 --> [v2:172.21.15.8:3300/0,v1:172.21.15.8:6789/0] -- mon_command({"prefix": "get_command_descriptions"} v 0) v1 -- 0x7fd150061f50 con 0x7fd15007be30
2023-08-11T12:14:52.828 INFO:teuthology.orchestra.run.smithi008.stdout:/usr/bin/ceph: stderr
2023-08-11T12:14:52.177+0000 7fd146ffd700 1 --2- 172.21.15.8:0/1175231453 >> [v2:172.21.15.8:6800/2108474030,v1:172.21.15.8:6801/2108474030] conn(0x7fd13c038110 0x7fd13c03a5d0 unknown :-1 s=NONE pgs=0 cs=0 l=1 rev1=0 crypto rx=0 tx=0 comp rx=0 tx=0).connect
2023-08-11T12:14:52.828 INFO:teuthology.orchestra.run.smithi008.stdout:/usr/bin/ceph: stderr
2023-08-11T12:14:52.178+0000 7fd146ffd700 1 -- 172.21.15.8:0/1175231453 <== mon.0 v2:172.21.15.8:3300/0 5 ==== osd_map(1..1 src has 1..1) v4 ==== 725+0+0 (secure 0 0 0) 0x7fd14c04bed0 con 0x7fd15007be30
2023-08-11T12:14:52.828 INFO:teuthology.orchestra.run.smithi008.stdout:/usr/bin/ceph: stderr
2023-08-11T12:14:52.178+0000 7fd155372700 1 --2- 172.21.15.8:0/1175231453 >> [v2:172.21.15.8:6800/2108474030,v1:172.21.15.8:6801/2108474030] conn(0x7fd13c038110 0x7fd13c03a5d0 unknown :-1 s=BANNER_CONNECTING pgs=0 cs=0 l=1 rev1=0 crypto rx=0 tx=0 comp rx=0 tx=0)._handle_peer_banner_payload supported=3 required=0
2023-08-11T12:14:52.828 INFO:teuthology.orchestra.run.smithi008.stdout:/usr/bin/ceph: stderr
2023-08-11T12:14:52.178+0000 7fd155372700 1 --2- 172.21.15.8:0/1175231453 >> [v2:172.21.15.8:6800/2108474030,v1:172.21.15.8:6801/2108474030] conn(0x7fd13c038110 0x7fd13c03a5d0 secure :-1 s=READY pgs=7 cs=0 l=1 rev1=1 crypto rx=0x7fd140006fd0 tx=0x7fd140006e40 comp rx=0 tx=0).ready entity=mgr.14100 client_cookie=0 server_cookie=0 in_seq=0 out_seq=0
2023-08-11T12:14:52.828 INFO:teuthology.orchestra.run.smithi008.stdout:/usr/bin/ceph: stderr
2023-08-11T12:14:52.183+0000 7fd146ffd700 1 -- 172.21.15.8:0/1175231453 <== mon.0 v2:172.21.15.8:3300/0 6 ==== mon_command_ack([{"prefix": "get_command_descriptions"}]=0 v0) v1 ==== 72+0+179220 (secure 0 0 0) 0x7fd14c018bd0 con 0x7fd15007be30
2023-08-11T12:14:52.829 INFO:teuthology.orchestra.run.smithi008.stdout:/usr/bin/ceph: stderr
2023-08-11T12:14:52.389+0000 7fd157dd7700 1 -- 172.21.15.8:0/1175231453 --> [v2:172.21.15.8:3300/0,v1:172.21.15.8:6789/0] -- mon_command({"prefix": "config assimilate-conf"} v 0) v1 -- 0x7fd15010c580 con 0x7fd15007be30
2023-08-11T12:14:52.829 INFO:teuthology.orchestra.run.smithi008.stdout:/usr/bin/ceph: stderr
2023-08-11T12:14:52.390+0000 7fd146ffd700 1 -- 172.21.15.8:0/1175231453 <== mon.0 v2:172.21.15.8:3300/0 7 ==== mon_command_ack([{"prefix": "config assimilate-conf"}]=0 v3) v1 ==== 70+0+373 (secure 0 0 0) 0x7fd14c0187c0 con 0x7fd15007be30
2023-08-11T12:14:52.829 INFO:teuthology.orchestra.run.smithi008.stdout:/usr/bin/ceph: stderr
2023-08-11T12:14:52.392+0000 7fd157dd7700 1 -- 172.21.15.8:0/1175231453 >> [v2:172.21.15.8:6800/2108474030,v1:172.21.15.8:6801/2108474030] conn(0x7fd13c038110 msgr2=0x7fd13c03a5d0 secure :-1 s=STATE_CONNECTION_ESTABLISHED l=1).mark_down
2023-08-11T12:14:52.829 INFO:teuthology.orchestra.run.smithi008.stdout:/usr/bin/ceph: stderr
2023-08-11T12:14:52.392+0000 7fd157dd7700 1 --2- 172.21.15.8:0/1175231453 >> [v2:172.21.15.8:6800/2108474030,v1:172.21.15.8:6801/2108474030] conn(0x7fd13c038110 0x7fd13c03a5d0 secure :-1 s=READY pgs=7 cs=0 l=1 rev1=1 crypto rx=0x7fd140006fd0 tx=0x7fd140006e40 comp rx=0 tx=0).stop
2023-08-11T12:14:52.829 INFO:teuthology.orchestra.run.smithi008.stdout:/usr/bin/ceph: stderr
2023-08-11T12:14:52.392+0000 7fd157dd7700 1 -- 172.21.15.8:0/1175231453 >> [v2:172.21.15.8:3300/0,v1:172.21.15.8:6789/0] conn(0x7fd15007be30 msgr2=0x7fd15019c0b0 secure :-1 s=STATE_CONNECTION_ESTABLISHED l=1).mark_down
2023-08-11T12:14:52.829 INFO:teuthology.orchestra.run.smithi008.stdout:/usr/bin/ceph: stderr
2023-08-11T12:14:52.392+0000 7fd157dd7700 1 --2- 172.21.15.8:0/1175231453 >> [v2:172.21.15.8:3300/0,v1:172.21.15.8:6789/0] conn(0x7fd15007be30 0x7fd15019c0b0 secure :-1 s=READY pgs=19 cs=0 l=1 rev1=1 crypto rx=0x7fd14c006af0 tx=0x7fd14c011ad0 comp rx=0 tx=0).stop
2023-08-11T12:14:52.829 INFO:teuthology.orchestra.run.smithi008.stdout:/usr/bin/ceph: stderr
2023-08-11T12:14:52.392+0000 7fd157dd7700 1 -- 172.21.15.8:0/1175231453 shutdown_connections
2023-08-11T12:14:52.829 INFO:teuthology.orchestra.run.smithi008.stdout:/usr/bin/ceph: stderr
2023-08-11T12:14:52.392+0000 7fd157dd7700 1 --2- 172.21.15.8:0/1175231453 >> [v2:172.21.15.8:6800/2108474030,v1:172.21.15.8:6801/2108474030] conn(0x7fd13c038110 0x7fd13c03a5d0 unknown :-1 s=CLOSED pgs=7 cs=0 l=1 rev1=1 crypto rx=0 tx=0 comp rx=0 tx=0).stop
2023-08-11T12:14:52.830 INFO:teuthology.orchestra.run.smithi008.stdout:/usr/bin/ceph: stderr
2023-08-11T12:14:52.392+0000 7fd157dd7700 1 --2- 172.21.15.8:0/1175231453 >> [v2:172.21.15.8:3300/0,v1:172.21.15.8:6789/0] conn(0x7fd15007be30 0x7fd15019c0b0 unknown :-1 s=CLOSED pgs=19 cs=0 l=1 rev1=1 crypto rx=0 tx=0 comp rx=0 tx=0).stop
2023-08-11T12:14:52.830 INFO:teuthology.orchestra.run.smithi008.stdout:/usr/bin/ceph: stderr
2023-08-11T12:14:52.392+0000 7fd157dd7700 1 -- 172.21.15.8:0/1175231453 >> 172.21.15.8:0/1175231453 conn(0x7fd150101750 msgr2=0x7fd150102e50 unknown :-1 s=STATE_NONE l=0).mark_down
2023-08-11T12:14:52.830 INFO:teuthology.orchestra.run.smithi008.stdout:/usr/bin/ceph: stderr
2023-08-11T12:14:52.392+0000 7fd157dd7700 1 -- 172.21.15.8:0/1175231453 shutdown_connections
2023-08-11T12:14:52.830 INFO:teuthology.orchestra.run.smithi008.stdout:/usr/bin/ceph: stderr
2023-08-11T12:14:52.393+0000 7fd157dd7700 1 -- 172.21.15.8:0/1175231453 wait complete.
2023-08-11T12:14:52.830 INFO:teuthology.orchestra.run.smithi008.stdout:Enabling cephadm module...
2023-08-11T12:14:53.964 INFO:journalctl@ceph.mon.a.smithi008.stdout:Aug 11 12:14:53 smithi008 ceph-mon[97158]: from='client.? 172.21.15.8:0/2560005242' entity='client.admin' cmd=[{"prefix": "mgr module enable", "module": "cephadm"}]: dispatch
2023-08-11T12:14:53.964 INFO:journalctl@ceph.mgr.x.smithi008.stdout:Aug 11 12:14:53 smithi008 ceph-815f94ae-3840-11ee-9b37-001a4aab830c-mgr-x[97403]: ignoring --setuser ceph since I am not root
2023-08-11T12:14:53.965 INFO:journalctl@ceph.mgr.x.smithi008.stdout:Aug 11 12:14:53 smithi008 ceph-815f94ae-3840-11ee-9b37-001a4aab830c-mgr-x[97403]: ignoring --setgroup ceph since I am not root
2023-08-11T12:14:54.208 INFO:teuthology.orchestra.run.smithi008.stdout:/usr/bin/ceph: stderr
2023-08-11T12:14:53.341+0000 7fdee13b8700 1 Processor -- start
2023-08-11T12:14:54.208 INFO:teuthology.orchestra.run.smithi008.stdout:/usr/bin/ceph: stderr
2023-08-11T12:14:53.341+0000 7fdee13b8700 1 -- start start
2023-08-11T12:14:54.208 INFO:teuthology.orchestra.run.smithi008.stdout:/usr/bin/ceph: stderr
2023-08-11T12:14:53.341+0000 7fdee13b8700 1 --2- >> [v2:172.21.15.8:3300/0,v1:172.21.15.8:6789/0] conn(0x7fdedc07be10 0x7fdedc07a270 unknown :-1 s=NONE pgs=0 cs=0 l=0 rev1=0 crypto rx=0 tx=0 comp rx=0 tx=0).connect
2023-08-11T12:14:54.208 INFO:teuthology.orchestra.run.smithi008.stdout:/usr/bin/ceph: stderr
2023-08-11T12:14:53.341+0000 7fdee13b8700 1 -- --> [v2:172.21.15.8:3300/0,v1:172.21.15.8:6789/0] -- mon_getmap magic: 0 v1 -- 0x7fdedc07a840 con 0x7fdedc07be10
2023-08-11T12:14:54.208 INFO:teuthology.orchestra.run.smithi008.stdout:/usr/bin/ceph: stderr
2023-08-11T12:14:53.341+0000 7fdedaffd700 1 --2- >> [v2:172.21.15.8:3300/0,v1:172.21.15.8:6789/0] conn(0x7fdedc07be10 0x7fdedc07a270 unknown :-1 s=BANNER_CONNECTING pgs=0 cs=0 l=0 rev1=0 crypto rx=0 tx=0 comp rx=0 tx=0)._handle_peer_banner_payload supported=3 required=0
2023-08-11T12:14:54.208 INFO:teuthology.orchestra.run.smithi008.stdout:/usr/bin/ceph: stderr
2023-08-11T12:14:53.341+0000 7fdedaffd700 1 --2- >> [v2:172.21.15.8:3300/0,v1:172.21.15.8:6789/0] conn(0x7fdedc07be10 0x7fdedc07a270 unknown :-1 s=HELLO_CONNECTING pgs=0 cs=0 l=0 rev1=1 crypto rx=0 tx=0 comp rx=0 tx=0).handle_hello peer v2:172.21.15.8:3300/0 says I am v2:172.21.15.8:48998/0 (socket says 172.21.15.8:48998)
2023-08-11T12:14:54.209 INFO:teuthology.orchestra.run.smithi008.stdout:/usr/bin/ceph: stderr
2023-08-11T12:14:53.341+0000 7fdedaffd700 1 -- 172.21.15.8:0/2344028362 learned_addr learned my addr 172.21.15.8:0/2344028362 (peer_addr_for_me v2:172.21.15.8:0/0)
2023-08-11T12:14:54.209 INFO:teuthology.orchestra.run.smithi008.stdout:/usr/bin/ceph: stderr
2023-08-11T12:14:53.342+0000 7fdedaffd700 1 -- 172.21.15.8:0/2344028362 --> [v2:172.21.15.8:3300/0,v1:172.21.15.8:6789/0] -- mon_subscribe({config=0+,monmap=0+}) v3 -- 0x7fdedc07a980 con 0x7fdedc07be10
2023-08-11T12:14:54.209 INFO:teuthology.orchestra.run.smithi008.stdout:/usr/bin/ceph: stderr
2023-08-11T12:14:53.342+0000 7fdedaffd700 1 --2- 172.21.15.8:0/2344028362 >> [v2:172.21.15.8:3300/0,v1:172.21.15.8:6789/0] conn(0x7fdedc07be10 0x7fdedc07a270 secure :-1 s=READY pgs=20 cs=0 l=1 rev1=1 crypto rx=0x7fdecc0098a0 tx=0x7fdecc009bb0 comp rx=0 tx=0).ready entity=mon.0 client_cookie=2a346c8306af1575 server_cookie=0 in_seq=0 out_seq=0
2023-08-11T12:14:54.209 INFO:teuthology.orchestra.run.smithi008.stdout:/usr/bin/ceph: stderr
2023-08-11T12:14:53.342+0000 7fded9ffb700 1 -- 172.21.15.8:0/2344028362 <== mon.0 v2:172.21.15.8:3300/0 1 ==== mon_map magic: 0 v1 ==== 205+0+0 (secure 0 0 0) 0x7fdecc004160 con 0x7fdedc07be10
2023-08-11T12:14:54.209 INFO:teuthology.orchestra.run.smithi008.stdout:/usr/bin/ceph: stderr
2023-08-11T12:14:53.342+0000 7fded9ffb700 1 -- 172.21.15.8:0/2344028362 <== mon.0 v2:172.21.15.8:3300/0 2 ==== config(26 keys) v1 ==== 1074+0+0 (secure 0 0 0) 0x7fdecc0042c0 con 0x7fdedc07be10
2023-08-11T12:14:54.209 INFO:teuthology.orchestra.run.smithi008.stdout:/usr/bin/ceph: stderr
2023-08-11T12:14:53.342+0000 7fded9ffb700 1 -- 172.21.15.8:0/2344028362 <== mon.0 v2:172.21.15.8:3300/0 3 ==== mon_map magic: 0 v1 ==== 205+0+0 (secure 0 0 0) 0x7fdecc011a00 con 0x7fdedc07be10
2023-08-11T12:14:54.209 INFO:teuthology.orchestra.run.smithi008.stdout:/usr/bin/ceph: stderr
2023-08-11T12:14:53.343+0000 7fdee13b8700 1 -- 172.21.15.8:0/2344028362 >> [v2:172.21.15.8:3300/0,v1:172.21.15.8:6789/0] conn(0x7fdedc07be10 msgr2=0x7fdedc07a270 secure :-1 s=STATE_CONNECTION_ESTABLISHED l=1).mark_down
2023-08-11T12:14:54.210 INFO:teuthology.orchestra.run.smithi008.stdout:/usr/bin/ceph: stderr
2023-08-11T12:14:53.343+0000 7fdee13b8700 1 --2- 172.21.15.8:0/2344028362 >> [v2:172.21.15.8:3300/0,v1:172.21.15.8:6789/0] conn(0x7fdedc07be10 0x7fdedc07a270 secure :-1 s=READY pgs=20 cs=0 l=1 rev1=1 crypto rx=0x7fdecc0098a0 tx=0x7fdecc009bb0 comp rx=0 tx=0).stop
2023-08-11T12:14:54.210 INFO:teuthology.orchestra.run.smithi008.stdout:/usr/bin/ceph: stderr
2023-08-11T12:14:53.343+0000 7fdee13b8700 1 -- 172.21.15.8:0/2344028362 shutdown_connections
2023-08-11T12:14:54.210 INFO:teuthology.orchestra.run.smithi008.stdout:/usr/bin/ceph: stderr
2023-08-11T12:14:53.343+0000 7fdee13b8700 1 --2- 172.21.15.8:0/2344028362 >> [v2:172.21.15.8:3300/0,v1:172.21.15.8:6789/0] conn(0x7fdedc07be10 0x7fdedc07a270 unknown :-1 s=CLOSED pgs=20 cs=0 l=1 rev1=1 crypto rx=0 tx=0 comp rx=0 tx=0).stop
2023-08-11T12:14:54.210 INFO:teuthology.orchestra.run.smithi008.stdout:/usr/bin/ceph: stderr
2023-08-11T12:14:53.343+0000 7fdee13b8700 1 -- 172.21.15.8:0/2344028362 >> 172.21.15.8:0/2344028362 conn(0x7fdedc101750 msgr2=0x7fdedc103b90 unknown :-1 s=STATE_NONE l=0).mark_down
2023-08-11T12:14:54.210 INFO:teuthology.orchestra.run.smithi008.stdout:/usr/bin/ceph: stderr
2023-08-11T12:14:53.343+0000 7fdee13b8700 1 -- 172.21.15.8:0/2344028362 shutdown_connections
2023-08-11T12:14:54.210 INFO:teuthology.orchestra.run.smithi008.stdout:/usr/bin/ceph: stderr
2023-08-11T12:14:53.343+0000 7fdee13b8700 1 -- 172.21.15.8:0/2344028362 wait complete.
2023-08-11T12:14:54.210 INFO:teuthology.orchestra.run.smithi008.stdout:/usr/bin/ceph: stderr
2023-08-11T12:14:53.344+0000 7fdee13b8700 1 Processor -- start
2023-08-11T12:14:54.210 INFO:teuthology.orchestra.run.smithi008.stdout:/usr/bin/ceph: stderr
2023-08-11T12:14:53.344+0000 7fdee13b8700 1 -- start start
2023-08-11T12:14:54.211 INFO:teuthology.orchestra.run.smithi008.stdout:/usr/bin/ceph: stderr
2023-08-11T12:14:53.345+0000 7fdee13b8700 1 --2- >> [v2:172.21.15.8:3300/0,v1:172.21.15.8:6789/0] conn(0x7fdedc07be10 0x7fdedc19c080 unknown :-1 s=NONE pgs=0 cs=0 l=1 rev1=0 crypto rx=0 tx=0 comp rx=0 tx=0).connect
2023-08-11T12:14:54.211 INFO:teuthology.orchestra.run.smithi008.stdout:/usr/bin/ceph: stderr
2023-08-11T12:14:53.345+0000 7fdee13b8700 1 -- --> [v2:172.21.15.8:3300/0,v1:172.21.15.8:6789/0] -- mon_getmap magic: 0 v1 -- 0x7fdedc19c5c0 con 0x7fdedc07be10
2023-08-11T12:14:54.211 INFO:teuthology.orchestra.run.smithi008.stdout:/usr/bin/ceph: stderr
2023-08-11T12:14:53.345+0000 7fdedaffd700 1 --2- >> [v2:172.21.15.8:3300/0,v1:172.21.15.8:6789/0] conn(0x7fdedc07be10 0x7fdedc19c080 unknown :-1 s=BANNER_CONNECTING pgs=0 cs=0 l=1 rev1=0 crypto rx=0 tx=0 comp rx=0 tx=0)._handle_peer_banner_payload supported=3 required=0
2023-08-11T12:14:54.211 INFO:teuthology.orchestra.run.smithi008.stdout:/usr/bin/ceph: stderr
2023-08-11T12:14:53.345+0000 7fdedaffd700 1 --2- >> [v2:172.21.15.8:3300/0,v1:172.21.15.8:6789/0] conn(0x7fdedc07be10 0x7fdedc19c080 unknown :-1 s=HELLO_CONNECTING pgs=0 cs=0 l=1 rev1=1 crypto rx=0 tx=0 comp rx=0 tx=0).handle_hello peer v2:172.21.15.8:3300/0 says I am v2:172.21.15.8:49010/0 (socket says 172.21.15.8:49010)
2023-08-11T12:14:54.211 INFO:teuthology.orchestra.run.smithi008.stdout:/usr/bin/ceph: stderr
2023-08-11T12:14:53.345+0000 7fdedaffd700 1 -- 172.21.15.8:0/2560005242 learned_addr learned my addr 172.21.15.8:0/2560005242 (peer_addr_for_me v2:172.21.15.8:0/0)
2023-08-11T12:14:54.211 INFO:teuthology.orchestra.run.smithi008.stdout:/usr/bin/ceph: stderr
2023-08-11T12:14:53.345+0000 7fdedaffd700 1 -- 172.21.15.8:0/2560005242 --> [v2:172.21.15.8:3300/0,v1:172.21.15.8:6789/0] -- mon_subscribe({config=0+,monmap=0+}) v3 -- 0x7fdecc009550 con 0x7fdedc07be10
