2023-08-11T12:15:07.103+0000 7f659abab700 1 -- 172.21.15.8:0/1662827961 >> 172.21.15.8:0/1662827961 conn(0x7f6594101750 msgr2=0x7f6594103b90 unknown :-1 s=STATE_NONE l=0).mark_down
2023-08-11T12:15:08.230 INFO:teuthology.orchestra.run.smithi008.stdout:/usr/bin/ceph: stderr
2023-08-11T12:15:07.103+0000 7f659abab700 1 -- 172.21.15.8:0/1662827961 shutdown_connections
2023-08-11T12:15:08.230 INFO:teuthology.orchestra.run.smithi008.stdout:/usr/bin/ceph: stderr
2023-08-11T12:15:07.103+0000 7f659abab700 1 -- 172.21.15.8:0/1662827961 wait complete.
2023-08-11T12:15:08.230 INFO:teuthology.orchestra.run.smithi008.stdout:/usr/bin/ceph: stderr
2023-08-11T12:15:07.104+0000 7f659abab700 1 Processor -- start
2023-08-11T12:15:08.230 INFO:teuthology.orchestra.run.smithi008.stdout:/usr/bin/ceph: stderr
2023-08-11T12:15:07.104+0000 7f659abab700 1 -- start start
2023-08-11T12:15:08.230 INFO:teuthology.orchestra.run.smithi008.stdout:/usr/bin/ceph: stderr
2023-08-11T12:15:07.104+0000 7f659abab700 1 --2- >> [v2:172.21.15.8:3300/0,v1:172.21.15.8:6789/0] conn(0x7f659407be10 0x7f659419c040 unknown :-1 s=NONE pgs=0 cs=0 l=1 rev1=0 crypto rx=0 tx=0 comp rx=0 tx=0).connect
2023-08-11T12:15:08.230 INFO:teuthology.orchestra.run.smithi008.stdout:/usr/bin/ceph: stderr
2023-08-11T12:15:07.104+0000 7f659abab700 1 -- --> [v2:172.21.15.8:3300/0,v1:172.21.15.8:6789/0] -- mon_getmap magic: 0 v1 -- 0x7f659419c580 con 0x7f659407be10
2023-08-11T12:15:08.231 INFO:teuthology.orchestra.run.smithi008.stdout:/usr/bin/ceph: stderr
2023-08-11T12:15:07.105+0000 7f6598947700 1 --2- >> [v2:172.21.15.8:3300/0,v1:172.21.15.8:6789/0] conn(0x7f659407be10 0x7f659419c040 unknown :-1 s=BANNER_CONNECTING pgs=0 cs=0 l=1 rev1=0 crypto rx=0 tx=0 comp rx=0 tx=0)._handle_peer_banner_payload supported=3 required=0
2023-08-11T12:15:08.231 INFO:teuthology.orchestra.run.smithi008.stdout:/usr/bin/ceph: stderr
2023-08-11T12:15:07.105+0000 7f6598947700 1 --2- >> [v2:172.21.15.8:3300/0,v1:172.21.15.8:6789/0] conn(0x7f659407be10 0x7f659419c040 unknown :-1 s=HELLO_CONNECTING pgs=0 cs=0 l=1 rev1=1 crypto rx=0 tx=0 comp rx=0 tx=0).handle_hello peer v2:172.21.15.8:3300/0 says I am v2:172.21.15.8:59386/0 (socket says 172.21.15.8:59386)
2023-08-11T12:15:08.231 INFO:teuthology.orchestra.run.smithi008.stdout:/usr/bin/ceph: stderr
2023-08-11T12:15:07.105+0000 7f6598947700 1 -- 172.21.15.8:0/1391227176 learned_addr learned my addr 172.21.15.8:0/1391227176 (peer_addr_for_me v2:172.21.15.8:0/0)
2023-08-11T12:15:08.231 INFO:teuthology.orchestra.run.smithi008.stdout:/usr/bin/ceph: stderr
2023-08-11T12:15:07.105+0000 7f6598947700 1 -- 172.21.15.8:0/1391227176 --> [v2:172.21.15.8:3300/0,v1:172.21.15.8:6789/0] -- mon_subscribe({config=0+,monmap=0+}) v3 -- 0x7f6588009550 con 0x7f659407be10
2023-08-11T12:15:08.231 INFO:teuthology.orchestra.run.smithi008.stdout:/usr/bin/ceph: stderr
2023-08-11T12:15:07.105+0000 7f6598947700 1 --2- 172.21.15.8:0/1391227176 >> [v2:172.21.15.8:3300/0,v1:172.21.15.8:6789/0] conn(0x7f659407be10 0x7f659419c040 secure :-1 s=READY pgs=40 cs=0 l=1 rev1=1 crypto rx=0x7f6588006af0 tx=0x7f6588011ad0 comp rx=0 tx=0).ready entity=mon.0 client_cookie=0 server_cookie=0 in_seq=0 out_seq=0
2023-08-11T12:15:08.231 INFO:teuthology.orchestra.run.smithi008.stdout:/usr/bin/ceph: stderr
2023-08-11T12:15:07.105+0000 7f6591ffb700 1 -- 172.21.15.8:0/1391227176 <== mon.0 v2:172.21.15.8:3300/0 1 ==== mon_map magic: 0 v1 ==== 205+0+0 (secure 0 0 0) 0x7f6588003a40 con 0x7f659407be10
2023-08-11T12:15:08.231 INFO:teuthology.orchestra.run.smithi008.stdout:/usr/bin/ceph: stderr
2023-08-11T12:15:07.105+0000 7f6591ffb700 1 -- 172.21.15.8:0/1391227176 <== mon.0 v2:172.21.15.8:3300/0 2 ==== config(26 keys) v1 ==== 1074+0+0 (secure 0 0 0) 0x7f6588003ba0 con 0x7f659407be10
2023-08-11T12:15:08.231 INFO:teuthology.orchestra.run.smithi008.stdout:/usr/bin/ceph: stderr
2023-08-11T12:15:07.105+0000 7f659abab700 1 -- 172.21.15.8:0/1391227176 --> [v2:172.21.15.8:3300/0,v1:172.21.15.8:6789/0] -- mon_subscribe({mgrmap=0+}) v3 -- 0x7f659419c780 con 0x7f659407be10
2023-08-11T12:15:08.232 INFO:teuthology.orchestra.run.smithi008.stdout:/usr/bin/ceph: stderr
2023-08-11T12:15:07.106+0000 7f6591ffb700 1 -- 172.21.15.8:0/1391227176 <== mon.0 v2:172.21.15.8:3300/0 3 ==== mon_map magic: 0 v1 ==== 205+0+0 (secure 0 0 0) 0x7f658801a6e0 con 0x7f659407be10
2023-08-11T12:15:08.232 INFO:teuthology.orchestra.run.smithi008.stdout:/usr/bin/ceph: stderr
2023-08-11T12:15:07.106+0000 7f659abab700 1 -- 172.21.15.8:0/1391227176 --> [v2:172.21.15.8:3300/0,v1:172.21.15.8:6789/0] -- mon_subscribe({osdmap=0}) v3 -- 0x7f659419cba0 con 0x7f659407be10
2023-08-11T12:15:08.232 INFO:teuthology.orchestra.run.smithi008.stdout:/usr/bin/ceph: stderr
2023-08-11T12:15:07.107+0000 7f6591ffb700 1 -- 172.21.15.8:0/1391227176 <== mon.0 v2:172.21.15.8:3300/0 4 ==== mgrmap(e 8) v1 ==== 45135+0+0 (secure 0 0 0) 0x7f6588024a60 con 0x7f659407be10
2023-08-11T12:15:08.232 INFO:teuthology.orchestra.run.smithi008.stdout:/usr/bin/ceph: stderr
2023-08-11T12:15:07.107+0000 7f659abab700 1 -- 172.21.15.8:0/1391227176 --> [v2:172.21.15.8:3300/0,v1:172.21.15.8:6789/0] -- mon_command({"prefix": "get_command_descriptions"} v 0) v1 -- 0x7f6594061f50 con 0x7f659407be10
2023-08-11T12:15:08.232 INFO:teuthology.orchestra.run.smithi008.stdout:/usr/bin/ceph: stderr
2023-08-11T12:15:07.107+0000 7f6591ffb700 1 --2- 172.21.15.8:0/1391227176 >> [v2:172.21.15.8:6800/2832004641,v1:172.21.15.8:6801/2832004641] conn(0x7f6584038110 0x7f658403a5d0 unknown :-1 s=NONE pgs=0 cs=0 l=1 rev1=0 crypto rx=0 tx=0 comp rx=0 tx=0).connect
2023-08-11T12:15:08.232 INFO:teuthology.orchestra.run.smithi008.stdout:/usr/bin/ceph: stderr
2023-08-11T12:15:07.107+0000 7f6591ffb700 1 -- 172.21.15.8:0/1391227176 <== mon.0 v2:172.21.15.8:3300/0 5 ==== osd_map(2..2 src has 1..2) v4 ==== 940+0+0 (secure 0 0 0) 0x7f658804bf70 con 0x7f659407be10
2023-08-11T12:15:08.232 INFO:teuthology.orchestra.run.smithi008.stdout:/usr/bin/ceph: stderr
2023-08-11T12:15:07.108+0000 7f6593fff700 1 --2- 172.21.15.8:0/1391227176 >> [v2:172.21.15.8:6800/2832004641,v1:172.21.15.8:6801/2832004641] conn(0x7f6584038110 0x7f658403a5d0 unknown :-1 s=BANNER_CONNECTING pgs=0 cs=0 l=1 rev1=0 crypto rx=0 tx=0 comp rx=0 tx=0)._handle_peer_banner_payload supported=3 required=0
2023-08-11T12:15:08.233 INFO:teuthology.orchestra.run.smithi008.stdout:/usr/bin/ceph: stderr
2023-08-11T12:15:07.108+0000 7f6593fff700 1 --2- 172.21.15.8:0/1391227176 >> [v2:172.21.15.8:6800/2832004641,v1:172.21.15.8:6801/2832004641] conn(0x7f6584038110 0x7f658403a5d0 secure :-1 s=READY pgs=9 cs=0 l=1 rev1=1 crypto rx=0x7f6580006fd0 tx=0x7f6580006e40 comp rx=0 tx=0).ready entity=mgr.14118 client_cookie=0 server_cookie=0 in_seq=0 out_seq=0
2023-08-11T12:15:08.233 INFO:teuthology.orchestra.run.smithi008.stdout:/usr/bin/ceph: stderr
2023-08-11T12:15:07.112+0000 7f6591ffb700 1 -- 172.21.15.8:0/1391227176 <== mon.0 v2:172.21.15.8:3300/0 6 ==== mon_command_ack([{"prefix": "get_command_descriptions"}]=0 v0) v1 ==== 72+0+179220 (secure 0 0 0) 0x7f658807ec30 con 0x7f659407be10
2023-08-11T12:15:08.233 INFO:teuthology.orchestra.run.smithi008.stdout:/usr/bin/ceph: stderr
2023-08-11T12:15:07.321+0000 7f659abab700 1 -- 172.21.15.8:0/1391227176 --> [v2:172.21.15.8:6800/2832004641,v1:172.21.15.8:6801/2832004641] -- mgr_command(tid 0: {"prefix": "cephadm generate-key", "target": ["mon-mgr", ""]}) v1 -- 0x7f6594103a50 con 0x7f6584038110
2023-08-11T12:15:08.233 INFO:teuthology.orchestra.run.smithi008.stdout:/usr/bin/ceph: stderr
2023-08-11T12:15:07.784+0000 7f6591ffb700 1 -- 172.21.15.8:0/1391227176 <== mgr.14118 v2:172.21.15.8:6800/2832004641 1 ==== mgr_command_reply(tid 0: 0 ) v1 ==== 8+0+0 (secure 0 0 0) 0x7f6594103a50 con 0x7f6584038110
2023-08-11T12:15:08.233 INFO:teuthology.orchestra.run.smithi008.stdout:/usr/bin/ceph: stderr
2023-08-11T12:15:07.786+0000 7f659abab700 1 -- 172.21.15.8:0/1391227176 >> [v2:172.21.15.8:6800/2832004641,v1:172.21.15.8:6801/2832004641] conn(0x7f6584038110 msgr2=0x7f658403a5d0 secure :-1 s=STATE_CONNECTION_ESTABLISHED l=1).mark_down
2023-08-11T12:15:08.233 INFO:teuthology.orchestra.run.smithi008.stdout:/usr/bin/ceph: stderr
2023-08-11T12:15:07.786+0000 7f659abab700 1 --2- 172.21.15.8:0/1391227176 >> [v2:172.21.15.8:6800/2832004641,v1:172.21.15.8:6801/2832004641] conn(0x7f6584038110 0x7f658403a5d0 secure :-1 s=READY pgs=9 cs=0 l=1 rev1=1 crypto rx=0x7f6580006fd0 tx=0x7f6580006e40 comp rx=0 tx=0).stop
2023-08-11T12:15:08.233 INFO:teuthology.orchestra.run.smithi008.stdout:/usr/bin/ceph: stderr
2023-08-11T12:15:07.786+0000 7f659abab700 1 -- 172.21.15.8:0/1391227176 >> [v2:172.21.15.8:3300/0,v1:172.21.15.8:6789/0] conn(0x7f659407be10 msgr2=0x7f659419c040 secure :-1 s=STATE_CONNECTION_ESTABLISHED l=1).mark_down
2023-08-11T12:15:08.234 INFO:teuthology.orchestra.run.smithi008.stdout:/usr/bin/ceph: stderr
2023-08-11T12:15:07.786+0000 7f659abab700 1 --2- 172.21.15.8:0/1391227176 >> [v2:172.21.15.8:3300/0,v1:172.21.15.8:6789/0] conn(0x7f659407be10 0x7f659419c040 secure :-1 s=READY pgs=40 cs=0 l=1 rev1=1 crypto rx=0x7f6588006af0 tx=0x7f6588011ad0 comp rx=0 tx=0).stop
2023-08-11T12:15:08.234 INFO:teuthology.orchestra.run.smithi008.stdout:/usr/bin/ceph: stderr
2023-08-11T12:15:07.787+0000 7f659abab700 1 -- 172.21.15.8:0/1391227176 shutdown_connections
2023-08-11T12:15:08.234 INFO:teuthology.orchestra.run.smithi008.stdout:/usr/bin/ceph: stderr
2023-08-11T12:15:07.787+0000 7f659abab700 1 --2- 172.21.15.8:0/1391227176 >> [v2:172.21.15.8:6800/2832004641,v1:172.21.15.8:6801/2832004641] conn(0x7f6584038110 0x7f658403a5d0 unknown :-1 s=CLOSED pgs=9 cs=0 l=1 rev1=1 crypto rx=0 tx=0 comp rx=0 tx=0).stop
2023-08-11T12:15:08.234 INFO:teuthology.orchestra.run.smithi008.stdout:/usr/bin/ceph: stderr
2023-08-11T12:15:07.787+0000 7f659abab700 1 --2- 172.21.15.8:0/1391227176 >> [v2:172.21.15.8:3300/0,v1:172.21.15.8:6789/0] conn(0x7f659407be10 0x7f659419c040 unknown :-1 s=CLOSED pgs=40 cs=0 l=1 rev1=1 crypto rx=0 tx=0 comp rx=0 tx=0).stop
2023-08-11T12:15:08.234 INFO:teuthology.orchestra.run.smithi008.stdout:/usr/bin/ceph: stderr
2023-08-11T12:15:07.787+0000 7f659abab700 1 -- 172.21.15.8:0/1391227176 >> 172.21.15.8:0/1391227176 conn(0x7f6594101750 msgr2=0x7f6594102e30 unknown :-1 s=STATE_NONE l=0).mark_down
2023-08-11T12:15:08.234 INFO:teuthology.orchestra.run.smithi008.stdout:/usr/bin/ceph: stderr
2023-08-11T12:15:07.787+0000 7f659abab700 1 -- 172.21.15.8:0/1391227176 shutdown_connections
2023-08-11T12:15:08.234 INFO:teuthology.orchestra.run.smithi008.stdout:/usr/bin/ceph: stderr
2023-08-11T12:15:07.787+0000 7f659abab700 1 -- 172.21.15.8:0/1391227176 wait complete.
2023-08-11T12:15:09.053 INFO:journalctl@ceph.mon.a.smithi008.stdout:Aug 11 12:15:08 smithi008 ceph-mon[97158]: from='client.14134 -' entity='client.admin' cmd=[{"prefix": "cephadm generate-key", "target": ["mon-mgr", ""]}]: dispatch
2023-08-11T12:15:09.053 INFO:journalctl@ceph.mon.a.smithi008.stdout:Aug 11 12:15:08 smithi008 ceph-mon[97158]: Generating ssh key...
2023-08-11T12:15:09.054 INFO:journalctl@ceph.mon.a.smithi008.stdout:Aug 11 12:15:08 smithi008 ceph-mon[97158]: from='mgr.14118 172.21.15.8:0/2457302423' entity='mgr.x'
2023-08-11T12:15:09.054 INFO:journalctl@ceph.mon.a.smithi008.stdout:Aug 11 12:15:08 smithi008 ceph-mon[97158]: from='mgr.14118 172.21.15.8:0/2457302423' entity='mgr.x'
2023-08-11T12:15:09.502 INFO:teuthology.orchestra.run.smithi008.stdout:/usr/bin/ceph: stdout ssh-rsa AAAAB3NzaC1yc2EAAAADAQABAAABgQCoeVuOufWZ5MnXDfUtoGl2qfpHYu28dEhG0EhUJTSsnJLn5tTXCy0sqyGNmAJsgSoS4L2rI01Qd0PHLhELNLGWqA6TIK4q6ViETwBZ4N0Le2OOvgjZVRI62lDSkwKZiQlzDmDxUYWo865IbPtS1fW4clIRiIwGzfro7ovq4mF1pNekczo9rVKK+zAMmkfnQGjreGzHBj8iJf2z1UF3rJWVW97aMzkPvHLjIMvNPli1rYwg5Lz0+Y+uPukR/ecdwwxBA447/LYWuqyylCV06py9AsuzK+1Rs47D1JyOmh0jKuvDyL+BZx1eMKnjU8DWWqhvq9qXdM/72isYl1CPD/SEuGZsw7coFNRdybk5UGpmhzhaUAA6apqWjKPj5k0SyVLo+dtZhew0fA/+yvQcePiVTgOPL8OpY4slfF2uQy7CpHeye5ftpwrp+xLS73uD7JtB2Taz1yLP7+FUp0nZUYj8yA/zRJkHLmzZbcs3xw28OhybkcwKUNWjJ298aHO1qQ0= ceph-815f94ae-3840-11ee-9b37-001a4aab830c
2023-08-11T12:15:09.503 INFO:teuthology.orchestra.run.smithi008.stdout:/usr/bin/ceph: stderr
2023-08-11T12:15:08.751+0000 7f1f4892c700 1 Processor -- start
2023-08-11T12:15:09.503 INFO:teuthology.orchestra.run.smithi008.stdout:/usr/bin/ceph: stderr
2023-08-11T12:15:08.751+0000 7f1f4892c700 1 -- start start
2023-08-11T12:15:09.503 INFO:teuthology.orchestra.run.smithi008.stdout:/usr/bin/ceph: stderr
2023-08-11T12:15:08.751+0000 7f1f4892c700 1 --2- >> [v2:172.21.15.8:3300/0,v1:172.21.15.8:6789/0] conn(0x7f1f4407be30 0x7f1f4407a290 unknown :-1 s=NONE pgs=0 cs=0 l=0 rev1=0 crypto rx=0 tx=0 comp rx=0 tx=0).connect
2023-08-11T12:15:09.503 INFO:teuthology.orchestra.run.smithi008.stdout:/usr/bin/ceph: stderr
2023-08-11T12:15:08.751+0000 7f1f4892c700 1 -- --> [v2:172.21.15.8:3300/0,v1:172.21.15.8:6789/0] -- mon_getmap magic: 0 v1 -- 0x7f1f4407a860 con 0x7f1f4407be30
2023-08-11T12:15:09.503 INFO:teuthology.orchestra.run.smithi008.stdout:/usr/bin/ceph: stderr
2023-08-11T12:15:08.752+0000 7f1f4259c700 1 --2- >> [v2:172.21.15.8:3300/0,v1:172.21.15.8:6789/0] conn(0x7f1f4407be30 0x7f1f4407a290 unknown :-1 s=BANNER_CONNECTING pgs=0 cs=0 l=0 rev1=0 crypto rx=0 tx=0 comp rx=0 tx=0)._handle_peer_banner_payload supported=3 required=0
2023-08-11T12:15:09.503 INFO:teuthology.orchestra.run.smithi008.stdout:/usr/bin/ceph: stderr
2023-08-11T12:15:08.752+0000 7f1f4259c700 1 --2- >> [v2:172.21.15.8:3300/0,v1:172.21.15.8:6789/0] conn(0x7f1f4407be30 0x7f1f4407a290 unknown :-1 s=HELLO_CONNECTING pgs=0 cs=0 l=0 rev1=1 crypto rx=0 tx=0 comp rx=0 tx=0).handle_hello peer v2:172.21.15.8:3300/0 says I am v2:172.21.15.8:33756/0 (socket says 172.21.15.8:33756)
2023-08-11T12:15:09.504 INFO:teuthology.orchestra.run.smithi008.stdout:/usr/bin/ceph: stderr
2023-08-11T12:15:08.752+0000 7f1f4259c700 1 -- 172.21.15.8:0/3561048904 learned_addr learned my addr 172.21.15.8:0/3561048904 (peer_addr_for_me v2:172.21.15.8:0/0)
2023-08-11T12:15:09.504 INFO:teuthology.orchestra.run.smithi008.stdout:/usr/bin/ceph: stderr
2023-08-11T12:15:08.752+0000 7f1f4259c700 1 -- 172.21.15.8:0/3561048904 --> [v2:172.21.15.8:3300/0,v1:172.21.15.8:6789/0] -- mon_subscribe({config=0+,monmap=0+}) v3 -- 0x7f1f4407a9a0 con 0x7f1f4407be30
2023-08-11T12:15:09.504 INFO:teuthology.orchestra.run.smithi008.stdout:/usr/bin/ceph: stderr
2023-08-11T12:15:08.752+0000 7f1f4259c700 1 --2- 172.21.15.8:0/3561048904 >> [v2:172.21.15.8:3300/0,v1:172.21.15.8:6789/0] conn(0x7f1f4407be30 0x7f1f4407a290 secure :-1 s=READY pgs=41 cs=0 l=1 rev1=1 crypto rx=0x7f1f340098a0 tx=0x7f1f34009bb0 comp rx=0 tx=0).ready entity=mon.0 client_cookie=3c14bad1f99837a1 server_cookie=0 in_seq=0 out_seq=0
2023-08-11T12:15:09.504 INFO:teuthology.orchestra.run.smithi008.stdout:/usr/bin/ceph: stderr
2023-08-11T12:15:08.753+0000 7f1f4159a700 1 -- 172.21.15.8:0/3561048904 <== mon.0 v2:172.21.15.8:3300/0 1 ==== mon_map magic: 0 v1 ==== 205+0+0 (secure 0 0 0) 0x7f1f34004160 con 0x7f1f4407be30
2023-08-11T12:15:09.504 INFO:teuthology.orchestra.run.smithi008.stdout:/usr/bin/ceph: stderr
2023-08-11T12:15:08.753+0000 7f1f4159a700 1 -- 172.21.15.8:0/3561048904 <== mon.0 v2:172.21.15.8:3300/0 2 ==== config(26 keys) v1 ==== 1074+0+0 (secure 0 0 0) 0x7f1f340042c0 con 0x7f1f4407be30
2023-08-11T12:15:09.504 INFO:teuthology.orchestra.run.smithi008.stdout:/usr/bin/ceph: stderr
2023-08-11T12:15:08.753+0000 7f1f4159a700 1 -- 172.21.15.8:0/3561048904 <== mon.0 v2:172.21.15.8:3300/0 3 ==== mon_map magic: 0 v1 ==== 205+0+0 (secure 0 0 0) 0x7f1f34011a00 con 0x7f1f4407be30
2023-08-11T12:15:09.504 INFO:teuthology.orchestra.run.smithi008.stdout:/usr/bin/ceph: stderr
2023-08-11T12:15:08.753+0000 7f1f4892c700 1 -- 172.21.15.8:0/3561048904 >> [v2:172.21.15.8:3300/0,v1:172.21.15.8:6789/0] conn(0x7f1f4407be30 msgr2=0x7f1f4407a290 secure :-1 s=STATE_CONNECTION_ESTABLISHED l=1).mark_down
2023-08-11T12:15:09.505 INFO:teuthology.orchestra.run.smithi008.stdout:/usr/bin/ceph: stderr
2023-08-11T12:15:08.753+0000 7f1f4892c700 1 --2- 172.21.15.8:0/3561048904 >> [v2:172.21.15.8:3300/0,v1:172.21.15.8:6789/0] conn(0x7f1f4407be30 0x7f1f4407a290 secure :-1 s=READY pgs=41 cs=0 l=1 rev1=1 crypto rx=0x7f1f340098a0 tx=0x7f1f34009bb0 comp rx=0 tx=0).stop
2023-08-11T12:15:09.505 INFO:teuthology.orchestra.run.smithi008.stdout:/usr/bin/ceph: stderr
2023-08-11T12:15:08.753+0000 7f1f4892c700 1 -- 172.21.15.8:0/3561048904 shutdown_connections
2023-08-11T12:15:09.505 INFO:teuthology.orchestra.run.smithi008.stdout:/usr/bin/ceph: stderr
2023-08-11T12:15:08.753+0000 7f1f4892c700 1 --2- 172.21.15.8:0/3561048904 >> [v2:172.21.15.8:3300/0,v1:172.21.15.8:6789/0] conn(0x7f1f4407be30 0x7f1f4407a290 unknown :-1 s=CLOSED pgs=41 cs=0 l=1 rev1=1 crypto rx=0 tx=0 comp rx=0 tx=0).stop
2023-08-11T12:15:09.505 INFO:teuthology.orchestra.run.smithi008.stdout:/usr/bin/ceph: stderr
2023-08-11T12:15:08.753+0000 7f1f4892c700 1 -- 172.21.15.8:0/3561048904 >> 172.21.15.8:0/3561048904 conn(0x7f1f44101750 msgr2=0x7f1f44103b90 unknown :-1 s=STATE_NONE l=0).mark_down
2023-08-11T12:15:09.507 INFO:teuthology.orchestra.run.smithi008.stdout:/usr/bin/ceph: stderr
2023-08-11T12:15:08.753+0000 7f1f4892c700 1 -- 172.21.15.8:0/3561048904 shutdown_connections
2023-08-11T12:15:09.508 INFO:teuthology.orchestra.run.smithi008.stdout:/usr/bin/ceph: stderr
2023-08-11T12:15:08.753+0000 7f1f4892c700 1 -- 172.21.15.8:0/3561048904 wait complete.
2023-08-11T12:15:09.508 INFO:teuthology.orchestra.run.smithi008.stdout:/usr/bin/ceph: stderr
2023-08-11T12:15:08.754+0000 7f1f4892c700 1 Processor -- start
2023-08-11T12:15:09.508 INFO:teuthology.orchestra.run.smithi008.stdout:/usr/bin/ceph: stderr
2023-08-11T12:15:08.755+0000 7f1f4892c700 1 -- start start
2023-08-11T12:15:09.508 INFO:teuthology.orchestra.run.smithi008.stdout:/usr/bin/ceph: stderr
2023-08-11T12:15:08.755+0000 7f1f4892c700 1 --2- >> [v2:172.21.15.8:3300/0,v1:172.21.15.8:6789/0] conn(0x7f1f4407be30 0x7f1f4419c0b0 unknown :-1 s=NONE pgs=0 cs=0 l=1 rev1=0 crypto rx=0 tx=0 comp rx=0 tx=0).connect
2023-08-11T12:15:09.508 INFO:teuthology.orchestra.run.smithi008.stdout:/usr/bin/ceph: stderr
2023-08-11T12:15:08.755+0000 7f1f4892c700 1 -- --> [v2:172.21.15.8:3300/0,v1:172.21.15.8:6789/0] -- mon_getmap magic: 0 v1 -- 0x7f1f4419c5f0 con 0x7f1f4407be30
2023-08-11T12:15:09.508 INFO:teuthology.orchestra.run.smithi008.stdout:/usr/bin/ceph: stderr
2023-08-11T12:15:08.755+0000 7f1f4259c700 1 --2- >> [v2:172.21.15.8:3300/0,v1:172.21.15.8:6789/0] conn(0x7f1f4407be30 0x7f1f4419c0b0 unknown :-1 s=BANNER_CONNECTING pgs=0 cs=0 l=1 rev1=0 crypto rx=0 tx=0 comp rx=0 tx=0)._handle_peer_banner_payload supported=3 required=0
2023-08-11T12:15:09.508 INFO:teuthology.orchestra.run.smithi008.stdout:/usr/bin/ceph: stderr
2023-08-11T12:15:08.755+0000 7f1f4259c700 1 --2- >> [v2:172.21.15.8:3300/0,v1:172.21.15.8:6789/0] conn(0x7f1f4407be30 0x7f1f4419c0b0 unknown :-1 s=HELLO_CONNECTING pgs=0 cs=0 l=1 rev1=1 crypto rx=0 tx=0 comp rx=0 tx=0).handle_hello peer v2:172.21.15.8:3300/0 says I am v2:172.21.15.8:33758/0 (socket says 172.21.15.8:33758)
2023-08-11T12:15:09.509 INFO:teuthology.orchestra.run.smithi008.stdout:/usr/bin/ceph: stderr
2023-08-11T12:15:08.755+0000 7f1f4259c700 1 -- 172.21.15.8:0/2512454283 learned_addr learned my addr 172.21.15.8:0/2512454283 (peer_addr_for_me v2:172.21.15.8:0/0)
2023-08-11T12:15:09.509 INFO:teuthology.orchestra.run.smithi008.stdout:/usr/bin/ceph: stderr
2023-08-11T12:15:08.755+0000 7f1f4259c700 1 -- 172.21.15.8:0/2512454283 --> [v2:172.21.15.8:3300/0,v1:172.21.15.8:6789/0] -- mon_subscribe({config=0+,monmap=0+}) v3 -- 0x7f1f34009550 con 0x7f1f4407be30
2023-08-11T12:15:09.509 INFO:teuthology.orchestra.run.smithi008.stdout:/usr/bin/ceph: stderr
2023-08-11T12:15:08.756+0000 7f1f4259c700 1 --2- 172.21.15.8:0/2512454283 >> [v2:172.21.15.8:3300/0,v1:172.21.15.8:6789/0] conn(0x7f1f4407be30 0x7f1f4419c0b0 secure :-1 s=READY pgs=42 cs=0 l=1 rev1=1 crypto rx=0x7f1f34006af0 tx=0x7f1f34011ad0 comp rx=0 tx=0).ready entity=mon.0 client_cookie=0 server_cookie=0 in_seq=0 out_seq=0
2023-08-11T12:15:09.509 INFO:teuthology.orchestra.run.smithi008.stdout:/usr/bin/ceph: stderr
2023-08-11T12:15:08.756+0000 7f1f337fe700 1 -- 172.21.15.8:0/2512454283 <== mon.0 v2:172.21.15.8:3300/0 1 ==== mon_map magic: 0 v1 ==== 205+0+0 (secure 0 0 0) 0x7f1f34003a40 con 0x7f1f4407be30
2023-08-11T12:15:09.509 INFO:teuthology.orchestra.run.smithi008.stdout:/usr/bin/ceph: stderr
2023-08-11T12:15:08.756+0000 7f1f337fe700 1 -- 172.21.15.8:0/2512454283 <== mon.0 v2:172.21.15.8:3300/0 2 ==== config(26 keys) v1 ==== 1074+0+0 (secure 0 0 0) 0x7f1f34003ba0 con 0x7f1f4407be30
2023-08-11T12:15:09.509 INFO:teuthology.orchestra.run.smithi008.stdout:/usr/bin/ceph: stderr
2023-08-11T12:15:08.756+0000 7f1f4892c700 1 -- 172.21.15.8:0/2512454283 --> [v2:172.21.15.8:3300/0,v1:172.21.15.8:6789/0] -- mon_subscribe({mgrmap=0+}) v3 -- 0x7f1f4419c7f0 con 0x7f1f4407be30
2023-08-11T12:15:09.509 INFO:teuthology.orchestra.run.smithi008.stdout:/usr/bin/ceph: stderr
2023-08-11T12:15:08.756+0000 7f1f337fe700 1 -- 172.21.15.8:0/2512454283 <== mon.0 v2:172.21.15.8:3300/0 3 ==== mon_map magic: 0 v1 ==== 205+0+0 (secure 0 0 0) 0x7f1f3401a700 con 0x7f1f4407be30
2023-08-11T12:15:09.510 INFO:teuthology.orchestra.run.smithi008.stdout:/usr/bin/ceph: stderr
2023-08-11T12:15:08.756+0000 7f1f4892c700 1 -- 172.21.15.8:0/2512454283 --> [v2:172.21.15.8:3300/0,v1:172.21.15.8:6789/0] -- mon_subscribe({osdmap=0}) v3 -- 0x7f1f4419cc10 con 0x7f1f4407be30
2023-08-11T12:15:09.510 INFO:teuthology.orchestra.run.smithi008.stdout:/usr/bin/ceph: stderr
2023-08-11T12:15:08.757+0000 7f1f337fe700 1 -- 172.21.15.8:0/2512454283 <== mon.0 v2:172.21.15.8:3300/0 4 ==== mgrmap(e 8) v1 ==== 45135+0+0 (secure 0 0 0) 0x7f1f34024430 con 0x7f1f4407be30
2023-08-11T12:15:09.511 INFO:teuthology.orchestra.run.smithi008.stdout:/usr/bin/ceph: stderr
2023-08-11T12:15:08.757+0000 7f1f4892c700 1 -- 172.21.15.8:0/2512454283 --> [v2:172.21.15.8:3300/0,v1:172.21.15.8:6789/0] -- mon_command({"prefix": "get_command_descriptions"} v 0) v1 -- 0x7f1f44061f50 con 0x7f1f4407be30
2023-08-11T12:15:09.511 INFO:teuthology.orchestra.run.smithi008.stdout:/usr/bin/ceph: stderr
2023-08-11T12:15:08.758+0000 7f1f337fe700 1 --2- 172.21.15.8:0/2512454283 >> [v2:172.21.15.8:6800/2832004641,v1:172.21.15.8:6801/2832004641] conn(0x7f1f2c038160 0x7f1f2c03a620 unknown :-1 s=NONE pgs=0 cs=0 l=1 rev1=0 crypto rx=0 tx=0 comp rx=0 tx=0).connect
2023-08-11T12:15:09.511 INFO:teuthology.orchestra.run.smithi008.stdout:/usr/bin/ceph: stderr
2023-08-11T12:15:08.758+0000 7f1f337fe700 1 -- 172.21.15.8:0/2512454283 <== mon.0 v2:172.21.15.8:3300/0 5 ==== osd_map(2..2 src has 1..2) v4 ==== 940+0+0 (secure 0 0 0) 0x7f1f3404bfc0 con 0x7f1f4407be30
2023-08-11T12:15:09.511 INFO:teuthology.orchestra.run.smithi008.stdout:/usr/bin/ceph: stderr
2023-08-11T12:15:08.758+0000 7f1f41d9b700 1 --2- 172.21.15.8:0/2512454283 >> [v2:172.21.15.8:6800/2832004641,v1:172.21.15.8:6801/2832004641] conn(0x7f1f2c038160 0x7f1f2c03a620 unknown :-1 s=BANNER_CONNECTING pgs=0 cs=0 l=1 rev1=0 crypto rx=0 tx=0 comp rx=0 tx=0)._handle_peer_banner_payload supported=3 required=0
2023-08-11T12:15:09.511 INFO:teuthology.orchestra.run.smithi008.stdout:/usr/bin/ceph: stderr
2023-08-11T12:15:08.758+0000 7f1f41d9b700 1 --2- 172.21.15.8:0/2512454283 >> [v2:172.21.15.8:6800/2832004641,v1:172.21.15.8:6801/2832004641] conn(0x7f1f2c038160 0x7f1f2c03a620 secure :-1 s=READY pgs=10 cs=0 l=1 rev1=1 crypto rx=0x7f1f38006fd0 tx=0x7f1f38006e40 comp rx=0 tx=0).ready entity=mgr.14118 client_cookie=0 server_cookie=0 in_seq=0 out_seq=0
2023-08-11T12:15:09.511 INFO:teuthology.orchestra.run.smithi008.stdout:/usr/bin/ceph: stderr
2023-08-11T12:15:08.763+0000 7f1f337fe700 1 -- 172.21.15.8:0/2512454283 <== mon.0 v2:172.21.15.8:3300/0 6 ==== mon_command_ack([{"prefix": "get_command_descriptions"}]=0 v0) v1 ==== 72+0+179220 (secure 0 0 0) 0x7f1f340246e0 con 0x7f1f4407be30
2023-08-11T12:15:09.512 INFO:teuthology.orchestra.run.smithi008.stdout:/usr/bin/ceph: stderr
2023-08-11T12:15:08.976+0000 7f1f4892c700 1 -- 172.21.15.8:0/2512454283 --> [v2:172.21.15.8:6800/2832004641,v1:172.21.15.8:6801/2832004641] -- mgr_command(tid 0: {"prefix": "cephadm get-pub-key", "target": ["mon-mgr", ""]}) v1 -- 0x7f1f44103a70 con 0x7f1f2c038160
2023-08-11T12:15:09.512 INFO:teuthology.orchestra.run.smithi008.stdout:/usr/bin/ceph: stderr
2023-08-11T12:15:08.977+0000 7f1f337fe700 1 -- 172.21.15.8:0/2512454283 <== mgr.14118 v2:172.21.15.8:6800/2832004641 1 ==== mgr_command_reply(tid 0: 0 ) v1 ==== 8+0+595 (secure 0 0 0) 0x7f1f44103a70 con 0x7f1f2c038160
2023-08-11T12:15:09.512 INFO:teuthology.orchestra.run.smithi008.stdout:/usr/bin/ceph: stderr
2023-08-11T12:15:08.980+0000 7f1f4892c700 1 -- 172.21.15.8:0/2512454283 >> [v2:172.21.15.8:6800/2832004641,v1:172.21.15.8:6801/2832004641] conn(0x7f1f2c038160 msgr2=0x7f1f2c03a620 secure :-1 s=STATE_CONNECTION_ESTABLISHED l=1).mark_down
2023-08-11T12:15:09.512 INFO:teuthology.orchestra.run.smithi008.stdout:/usr/bin/ceph: stderr
2023-08-11T12:15:08.980+0000 7f1f4892c700 1 --2- 172.21.15.8:0/2512454283 >> [v2:172.21.15.8:6800/2832004641,v1:172.21.15.8:6801/2832004641] conn(0x7f1f2c038160 0x7f1f2c03a620 secure :-1 s=READY pgs=10 cs=0 l=1 rev1=1 crypto rx=0x7f1f38006fd0 tx=0x7f1f38006e40 comp rx=0 tx=0).stop
2023-08-11T12:15:09.512 INFO:teuthology.orchestra.run.smithi008.stdout:/usr/bin/ceph: stderr
2023-08-11T12:15:08.980+0000 7f1f4892c700 1 -- 172.21.15.8:0/2512454283 >> [v2:172.21.15.8:3300/0,v1:172.21.15.8:6789/0] conn(0x7f1f4407be30 msgr2=0x7f1f4419c0b0 secure :-1 s=STATE_CONNECTION_ESTABLISHED l=1).mark_down
2023-08-11T12:15:09.512 INFO:teuthology.orchestra.run.smithi008.stdout:/usr/bin/ceph: stderr
2023-08-11T12:15:08.980+0000 7f1f4892c700 1 --2- 172.21.15.8:0/2512454283 >> [v2:172.21.15.8:3300/0,v1:172.21.15.8:6789/0] conn(0x7f1f4407be30 0x7f1f4419c0b0 secure :-1 s=READY pgs=42 cs=0 l=1 rev1=1 crypto rx=0x7f1f34006af0 tx=0x7f1f34011ad0 comp rx=0 tx=0).stop
2023-08-11T12:15:09.512 INFO:teuthology.orchestra.run.smithi008.stdout:/usr/bin/ceph: stderr
2023-08-11T12:15:08.980+0000 7f1f4892c700 1 -- 172.21.15.8:0/2512454283 shutdown_connections
2023-08-11T12:15:09.513 INFO:teuthology.orchestra.run.smithi008.stdout:/usr/bin/ceph: stderr
2023-08-11T12:15:08.980+0000 7f1f4892c700 1 --2- 172.21.15.8:0/2512454283 >> [v2:172.21.15.8:6800/2832004641,v1:172.21.15.8:6801/2832004641] conn(0x7f1f2c038160 0x7f1f2c03a620 unknown :-1 s=CLOSED pgs=10 cs=0 l=1 rev1=1 crypto rx=0 tx=0 comp rx=0 tx=0).stop
2023-08-11T12:15:09.513 INFO:teuthology.orchestra.run.smithi008.stdout:/usr/bin/ceph: stderr
2023-08-11T12:15:08.980+0000 7f1f4892c700 1 --2- 172.21.15.8:0/2512454283 >> [v2:172.21.15.8:3300/0,v1:172.21.15.8:6789/0] conn(0x7f1f4407be30 0x7f1f4419c0b0 unknown :-1 s=CLOSED pgs=42 cs=0 l=1 rev1=1 crypto rx=0 tx=0 comp rx=0 tx=0).stop
2023-08-11T12:15:09.513 INFO:teuthology.orchestra.run.smithi008.stdout:/usr/bin/ceph: stderr
2023-08-11T12:15:08.980+0000 7f1f4892c700 1 -- 172.21.15.8:0/2512454283 >> 172.21.15.8:0/2512454283 conn(0x7f1f44101750 msgr2=0x7f1f44102e50 unknown :-1 s=STATE_NONE l=0).mark_down
2023-08-11T12:15:09.513 INFO:teuthology.orchestra.run.smithi008.stdout:/usr/bin/ceph: stderr
2023-08-11T12:15:08.980+0000 7f1f4892c700 1 -- 172.21.15.8:0/2512454283 shutdown_connections
2023-08-11T12:15:09.513 INFO:teuthology.orchestra.run.smithi008.stdout:/usr/bin/ceph: stderr
2023-08-11T12:15:08.980+0000 7f1f4892c700 1 -- 172.21.15.8:0/2512454283 wait complete.
2023-08-11T12:15:09.513 INFO:teuthology.orchestra.run.smithi008.stdout:Wrote public SSH key to /home/ubuntu/cephtest/ceph.pub
2023-08-11T12:15:09.514 INFO:teuthology.orchestra.run.smithi008.stdout:Adding key to root@localhost authorized_keys...
2023-08-11T12:15:09.514 INFO:teuthology.orchestra.run.smithi008.stdout:Adding host smithi008...
2023-08-11T12:15:10.922 INFO:journalctl@ceph.mon.a.smithi008.stdout:Aug 11 12:15:10 smithi008 ceph-mon[97158]: from='client.14136 -' entity='client.admin' cmd=[{"prefix": "cephadm get-pub-key", "target": ["mon-mgr", ""]}]: dispatch
2023-08-11T12:15:11.808 INFO:journalctl@ceph.mon.a.smithi008.stdout:Aug 11 12:15:11 smithi008 ceph-mon[97158]: from='client.14138 -' entity='client.admin' cmd=[{"prefix": "orch host add", "hostname": "smithi008", "addr": "172.21.15.8", "target": ["mon-mgr", ""]}]: dispatch
2023-08-11T12:15:12.920 INFO:journalctl@ceph.mon.a.smithi008.stdout:Aug 11 12:15:12 smithi008 ceph-mon[97158]: Deploying cephadm binary to smithi008
2023-08-11T12:15:14.096 INFO:teuthology.orchestra.run.smithi008.stdout:/usr/bin/ceph: stdout Added host 'smithi008' with addr '172.21.15.8'
2023-08-11T12:15:14.096 INFO:teuthology.orchestra.run.smithi008.stdout:/usr/bin/ceph: stderr
2023-08-11T12:15:10.021+0000 7fc7a1148700 1 Processor -- start
2023-08-11T12:15:14.096 INFO:teuthology.orchestra.run.smithi008.stdout:/usr/bin/ceph: stderr
2023-08-11T12:15:10.021+0000 7fc7a1148700 1 -- start start
2023-08-11T12:15:14.097 INFO:teuthology.orchestra.run.smithi008.stdout:/usr/bin/ceph: stderr
2023-08-11T12:15:10.022+0000 7fc7a1148700 1 --2- >> [v2:172.21.15.8:3300/0,v1:172.21.15.8:6789/0] conn(0x7fc79c07bdf0 0x7fc79c07a250 unknown :-1 s=NONE pgs=0 cs=0 l=0 rev1=0 crypto rx=0 tx=0 comp rx=0 tx=0).connect
2023-08-11T12:15:14.097 INFO:teuthology.orchestra.run.smithi008.stdout:/usr/bin/ceph: stderr
2023-08-11T12:15:10.022+0000 7fc7a1148700 1 -- --> [v2:172.21.15.8:3300/0,v1:172.21.15.8:6789/0] -- mon_getmap magic: 0 v1 -- 0x7fc79c07a820 con 0x7fc79c07bdf0
2023-08-11T12:15:14.097 INFO:teuthology.orchestra.run.smithi008.stdout:/usr/bin/ceph: stderr
2023-08-11T12:15:10.022+0000 7fc79bfff700 1 --2- >> [v2:172.21.15.8:3300/0,v1:172.21.15.8:6789/0] conn(0x7fc79c07bdf0 0x7fc79c07a250 unknown :-1 s=BANNER_CONNECTING pgs=0 cs=0 l=0 rev1=0 crypto rx=0 tx=0 comp rx=0 tx=0)._handle_peer_banner_payload supported=3 required=0
2023-08-11T12:15:14.097 INFO:teuthology.orchestra.run.smithi008.stdout:/usr/bin/ceph: stderr
2023-08-11T12:15:10.022+0000 7fc79bfff700 1 --2- >> [v2:172.21.15.8:3300/0,v1:172.21.15.8:6789/0] conn(0x7fc79c07bdf0 0x7fc79c07a250 unknown :-1 s=HELLO_CONNECTING pgs=0 cs=0 l=0 rev1=1 crypto rx=0 tx=0 comp rx=0 tx=0).handle_hello peer v2:172.21.15.8:3300/0 says I am v2:172.21.15.8:33760/0 (socket says 172.21.15.8:33760)
2023-08-11T12:15:14.097 INFO:teuthology.orchestra.run.smithi008.stdout:/usr/bin/ceph: stderr
2023-08-11T12:15:10.022+0000 7fc79bfff700 1 -- 172.21.15.8:0/2897657399 learned_addr learned my addr 172.21.15.8:0/2897657399 (peer_addr_for_me v2:172.21.15.8:0/0)
2023-08-11T12:15:14.097 INFO:teuthology.orchestra.run.smithi008.stdout:/usr/bin/ceph: stderr
2023-08-11T12:15:10.023+0000 7fc79bfff700 1 -- 172.21.15.8:0/2897657399 --> [v2:172.21.15.8:3300/0,v1:172.21.15.8:6789/0] -- mon_subscribe({config=0+,monmap=0+}) v3 -- 0x7fc79c07a960 con 0x7fc79c07bdf0
2023-08-11T12:15:14.098 INFO:teuthology.orchestra.run.smithi008.stdout:/usr/bin/ceph: stderr
2023-08-11T12:15:10.023+0000 7fc79bfff700 1 --2- 172.21.15.8:0/2897657399 >> [v2:172.21.15.8:3300/0,v1:172.21.15.8:6789/0] conn(0x7fc79c07bdf0 0x7fc79c07a250 secure :-1 s=READY pgs=43 cs=0 l=1 rev1=1 crypto rx=0x7fc78c0098a0 tx=0x7fc78c009bb0 comp rx=0 tx=0).ready entity=mon.0 client_cookie=d9f7a8c93cf956d1 server_cookie=0 in_seq=0 out_seq=0
2023-08-11T12:15:14.098 INFO:teuthology.orchestra.run.smithi008.stdout:/usr/bin/ceph: stderr
2023-08-11T12:15:10.023+0000 7fc79affd700 1 -- 172.21.15.8:0/2897657399 <== mon.0 v2:172.21.15.8:3300/0 1 ==== mon_map magic: 0 v1 ==== 205+0+0 (secure 0 0 0) 0x7fc78c004160 con 0x7fc79c07bdf0
2023-08-11T12:15:14.098 INFO:teuthology.orchestra.run.smithi008.stdout:/usr/bin/ceph: stderr
2023-08-11T12:15:10.023+0000 7fc79affd700 1 -- 172.21.15.8:0/2897657399 <== mon.0 v2:172.21.15.8:3300/0 2 ==== config(26 keys) v1 ==== 1074+0+0 (secure 0 0 0) 0x7fc78c0042c0 con 0x7fc79c07bdf0
2023-08-11T12:15:14.098 INFO:teuthology.orchestra.run.smithi008.stdout:/usr/bin/ceph: stderr
2023-08-11T12:15:10.023+0000 7fc79affd700 1 -- 172.21.15.8:0/2897657399 <== mon.0 v2:172.21.15.8:3300/0 3 ==== mon_map magic: 0 v1 ==== 205+0+0 (secure 0 0 0) 0x7fc78c011a00 con 0x7fc79c07bdf0
2023-08-11T12:15:14.098 INFO:teuthology.orchestra.run.smithi008.stdout:/usr/bin/ceph: stderr
2023-08-11T12:15:10.024+0000 7fc7a1148700 1 -- 172.21.15.8:0/2897657399 >> [v2:172.21.15.8:3300/0,v1:172.21.15.8:6789/0] conn(0x7fc79c07bdf0 msgr2=0x7fc79c07a250 secure :-1 s=STATE_CONNECTION_ESTABLISHED l=1).mark_down
2023-08-11T12:15:14.098 INFO:teuthology.orchestra.run.smithi008.stdout:/usr/bin/ceph: stderr
2023-08-11T12:15:10.024+0000 7fc7a1148700 1 --2- 172.21.15.8:0/2897657399 >> [v2:172.21.15.8:3300/0,v1:172.21.15.8:6789/0] conn(0x7fc79c07bdf0 0x7fc79c07a250 secure :-1 s=READY pgs=43 cs=0 l=1 rev1=1 crypto rx=0x7fc78c0098a0 tx=0x7fc78c009bb0 comp rx=0 tx=0).stop
2023-08-11T12:15:14.099 INFO:teuthology.orchestra.run.smithi008.stdout:/usr/bin/ceph: stderr
2023-08-11T12:15:10.024+0000 7fc7a1148700 1 -- 172.21.15.8:0/2897657399 shutdown_connections
2023-08-11T12:15:14.099 INFO:teuthology.orchestra.run.smithi008.stdout:/usr/bin/ceph: stderr
2023-08-11T12:15:10.024+0000 7fc7a1148700 1 --2- 172.21.15.8:0/2897657399 >> [v2:172.21.15.8:3300/0,v1:172.21.15.8:6789/0] conn(0x7fc79c07bdf0 0x7fc79c07a250 unknown :-1 s=CLOSED pgs=43 cs=0 l=1 rev1=1 crypto rx=0 tx=0 comp rx=0 tx=0).stop
2023-08-11T12:15:14.099 INFO:teuthology.orchestra.run.smithi008.stdout:/usr/bin/ceph: stderr
2023-08-11T12:15:10.024+0000 7fc7a1148700 1 -- 172.21.15.8:0/2897657399 >> 172.21.15.8:0/2897657399 conn(0x7fc79c1015a0 msgr2=0x7fc79c1039c0 unknown :-1 s=STATE_NONE l=0).mark_down
2023-08-11T12:15:14.099 INFO:teuthology.orchestra.run.smithi008.stdout:/usr/bin/ceph: stderr
2023-08-11T12:15:10.024+0000 7fc7a1148700 1 -- 172.21.15.8:0/2897657399 shutdown_connections
2023-08-11T12:15:14.099 INFO:teuthology.orchestra.run.smithi008.stdout:/usr/bin/ceph: stderr
2023-08-11T12:15:10.024+0000 7fc7a1148700 1 -- 172.21.15.8:0/2897657399 wait complete.
2023-08-11T12:15:14.099 INFO:teuthology.orchestra.run.smithi008.stdout:/usr/bin/ceph: stderr
2023-08-11T12:15:10.025+0000 7fc7a1148700 1 Processor -- start
2023-08-11T12:15:14.099 INFO:teuthology.orchestra.run.smithi008.stdout:/usr/bin/ceph: stderr
2023-08-11T12:15:10.025+0000 7fc7a1148700 1 -- start start
2023-08-11T12:15:14.100 INFO:teuthology.orchestra.run.smithi008.stdout:/usr/bin/ceph: stderr
2023-08-11T12:15:10.025+0000 7fc7a1148700 1 --2- >> [v2:172.21.15.8:3300/0,v1:172.21.15.8:6789/0] conn(0x7fc79c07bdf0 0x7fc79c19be70 unknown :-1 s=NONE pgs=0 cs=0 l=1 rev1=0 crypto rx=0 tx=0 comp rx=0 tx=0).connect
2023-08-11T12:15:14.100 INFO:teuthology.orchestra.run.smithi008.stdout:/usr/bin/ceph: stderr
2023-08-11T12:15:10.025+0000 7fc7a1148700 1 -- --> [v2:172.21.15.8:3300/0,v1:172.21.15.8:6789/0] -- mon_getmap magic: 0 v1 -- 0x7fc79c19c3b0 con 0x7fc79c07bdf0
2023-08-11T12:15:14.100 INFO:teuthology.orchestra.run.smithi008.stdout:/usr/bin/ceph: stderr
2023-08-11T12:15:10.026+0000 7fc79bfff700 1 --2- >> [v2:172.21.15.8:3300/0,v1:172.21.15.8:6789/0] conn(0x7fc79c07bdf0 0x7fc79c19be70 unknown :-1 s=BANNER_CONNECTING pgs=0 cs=0 l=1 rev1=0 crypto rx=0 tx=0 comp rx=0 tx=0)._handle_peer_banner_payload supported=3 required=0
2023-08-11T12:15:14.100 INFO:teuthology.orchestra.run.smithi008.stdout:/usr/bin/ceph: stderr
2023-08-11T12:15:10.026+0000 7fc79bfff700 1 --2- >> [v2:172.21.15.8:3300/0,v1:172.21.15.8:6789/0] conn(0x7fc79c07bdf0 0x7fc79c19be70 unknown :-1 s=HELLO_CONNECTING pgs=0 cs=0 l=1 rev1=1 crypto rx=0 tx=0 comp rx=0 tx=0).handle_hello peer v2:172.21.15.8:3300/0 says I am v2:172.21.15.8:33770/0 (socket says 172.21.15.8:33770)
2023-08-11T12:15:14.100 INFO:teuthology.orchestra.run.smithi008.stdout:/usr/bin/ceph: stderr
2023-08-11T12:15:10.026+0000 7fc79bfff700 1 -- 172.21.15.8:0/2728503406 learned_addr learned my addr 172.21.15.8:0/2728503406 (peer_addr_for_me v2:172.21.15.8:0/0)
2023-08-11T12:15:14.100 INFO:teuthology.orchestra.run.smithi008.stdout:/usr/bin/ceph: stderr
2023-08-11T12:15:10.026+0000 7fc79bfff700 1 -- 172.21.15.8:0/2728503406 --> [v2:172.21.15.8:3300/0,v1:172.21.15.8:6789/0] -- mon_subscribe({config=0+,monmap=0+}) v3 -- 0x7fc78c009550 con 0x7fc79c07bdf0
2023-08-11T12:15:14.100 INFO:teuthology.orchestra.run.smithi008.stdout:/usr/bin/ceph: stderr
2023-08-11T12:15:10.026+0000 7fc79bfff700 1 --2- 172.21.15.8:0/2728503406 >> [v2:172.21.15.8:3300/0,v1:172.21.15.8:6789/0] conn(0x7fc79c07bdf0 0x7fc79c19be70 secure :-1 s=READY pgs=44 cs=0 l=1 rev1=1 crypto rx=0x7fc78c006af0 tx=0x7fc78c011ad0 comp rx=0 tx=0).ready entity=mon.0 client_cookie=0 server_cookie=0 in_seq=0 out_seq=0
2023-08-11T12:15:14.101 INFO:teuthology.orchestra.run.smithi008.stdout:/usr/bin/ceph: stderr
2023-08-11T12:15:10.026+0000 7fc7997fa700 1 -- 172.21.15.8:0/2728503406 <== mon.0 v2:172.21.15.8:3300/0 1 ==== mon_map magic: 0 v1 ==== 205+0+0 (secure 0 0 0) 0x7fc78c003a40 con 0x7fc79c07bdf0
2023-08-11T12:15:14.101 INFO:teuthology.orchestra.run.smithi008.stdout:/usr/bin/ceph: stderr
2023-08-11T12:15:10.026+0000 7fc7997fa700 1 -- 172.21.15.8:0/2728503406 <== mon.0 v2:172.21.15.8:3300/0 2 ==== config(26 keys) v1 ==== 1074+0+0 (secure 0 0 0) 0x7fc78c003ba0 con 0x7fc79c07bdf0
2023-08-11T12:15:14.101 INFO:teuthology.orchestra.run.smithi008.stdout:/usr/bin/ceph: stderr
2023-08-11T12:15:10.026+0000 7fc7a1148700 1 -- 172.21.15.8:0/2728503406 --> [v2:172.21.15.8:3300/0,v1:172.21.15.8:6789/0] -- mon_subscribe({mgrmap=0+}) v3 -- 0x7fc79c19c5b0 con 0x7fc79c07bdf0
2023-08-11T12:15:14.101 INFO:teuthology.orchestra.run.smithi008.stdout:/usr/bin/ceph: stderr
2023-08-11T12:15:10.026+0000 7fc7997fa700 1 -- 172.21.15.8:0/2728503406 <== mon.0 v2:172.21.15.8:3300/0 3 ==== mon_map magic: 0 v1 ==== 205+0+0 (secure 0 0 0) 0x7fc78c01a6e0 con 0x7fc79c07bdf0
2023-08-11T12:15:14.101 INFO:teuthology.orchestra.run.smithi008.stdout:/usr/bin/ceph: stderr
2023-08-11T12:15:10.027+0000 7fc7a1148700 1 -- 172.21.15.8:0/2728503406 --> [v2:172.21.15.8:3300/0,v1:172.21.15.8:6789/0] -- mon_subscribe({osdmap=0}) v3 -- 0x7fc79c19c9d0 con 0x7fc79c07bdf0
2023-08-11T12:15:14.101 INFO:teuthology.orchestra.run.smithi008.stdout:/usr/bin/ceph: stderr
2023-08-11T12:15:10.028+0000 7fc7997fa700 1 -- 172.21.15.8:0/2728503406 <== mon.0 v2:172.21.15.8:3300/0 4 ==== mgrmap(e 8) v1 ==== 45135+0+0 (secure 0 0 0) 0x7fc78c024a60 con 0x7fc79c07bdf0
2023-08-11T12:15:14.101 INFO:teuthology.orchestra.run.smithi008.stdout:/usr/bin/ceph: stderr
2023-08-11T12:15:10.028+0000 7fc7a1148700 1 -- 172.21.15.8:0/2728503406 --> [v2:172.21.15.8:3300/0,v1:172.21.15.8:6789/0] -- mon_command({"prefix": "get_command_descriptions"} v 0) v1 -- 0x7fc79c061f50 con 0x7fc79c07bdf0
2023-08-11T12:15:14.102 INFO:teuthology.orchestra.run.smithi008.stdout:/usr/bin/ceph: stderr
2023-08-11T12:15:10.028+0000 7fc7997fa700 1 --2- 172.21.15.8:0/2728503406 >> [v2:172.21.15.8:6800/2832004641,v1:172.21.15.8:6801/2832004641] conn(0x7fc784038110 0x7fc78403a5d0 unknown :-1 s=NONE pgs=0 cs=0 l=1 rev1=0 crypto rx=0 tx=0 comp rx=0 tx=0).connect
2023-08-11T12:15:14.102 INFO:teuthology.orchestra.run.smithi008.stdout:/usr/bin/ceph: stderr
2023-08-11T12:15:10.028+0000 7fc7997fa700 1 -- 172.21.15.8:0/2728503406 <== mon.0 v2:172.21.15.8:3300/0 5 ==== osd_map(2..2 src has 1..2) v4 ==== 940+0+0 (secure 0 0 0) 0x7fc78c04bf70 con 0x7fc79c07bdf0
2023-08-11T12:15:14.102 INFO:teuthology.orchestra.run.smithi008.stdout:/usr/bin/ceph: stderr
2023-08-11T12:15:10.028+0000 7fc79b7fe700 1 --2- 172.21.15.8:0/2728503406 >> [v2:172.21.15.8:6800/2832004641,v1:172.21.15.8:6801/2832004641] conn(0x7fc784038110 0x7fc78403a5d0 unknown :-1 s=BANNER_CONNECTING pgs=0 cs=0 l=1 rev1=0 crypto rx=0 tx=0 comp rx=0 tx=0)._handle_peer_banner_payload supported=3 required=0
2023-08-11T12:15:14.102 INFO:teuthology.orchestra.run.smithi008.stdout:/usr/bin/ceph: stderr
2023-08-11T12:15:10.029+0000 7fc79b7fe700 1 --2- 172.21.15.8:0/2728503406 >> [v2:172.21.15.8:6800/2832004641,v1:172.21.15.8:6801/2832004641] conn(0x7fc784038110 0x7fc78403a5d0 secure :-1 s=READY pgs=11 cs=0 l=1 rev1=1 crypto rx=0x7fc790006fd0 tx=0x7fc790006e40 comp rx=0 tx=0).ready entity=mgr.14118 client_cookie=0 server_cookie=0 in_seq=0 out_seq=0
2023-08-11T12:15:14.102 INFO:teuthology.orchestra.run.smithi008.stdout:/usr/bin/ceph: stderr
2023-08-11T12:15:10.033+0000 7fc7997fa700 1 -- 172.21.15.8:0/2728503406 <== mon.0 v2:172.21.15.8:3300/0 6 ==== mon_command_ack([{"prefix": "get_command_descriptions"}]=0 v0) v1 ==== 72+0+179220 (secure 0 0 0) 0x7fc78c07ec30 con 0x7fc79c07bdf0
2023-08-11T12:15:14.102 INFO:teuthology.orchestra.run.smithi008.stdout:/usr/bin/ceph: stderr
2023-08-11T12:15:10.245+0000 7fc7a1148700 1 -- 172.21.15.8:0/2728503406 --> [v2:172.21.15.8:6800/2832004641,v1:172.21.15.8:6801/2832004641] -- mgr_command(tid 0: {"prefix": "orch host add", "hostname": "smithi008", "addr": "172.21.15.8", "target": ["mon-mgr", ""]}) v1 -- 0x7fc79c103890 con 0x7fc784038110
2023-08-11T12:15:14.103 INFO:teuthology.orchestra.run.smithi008.stdout:/usr/bin/ceph: stderr
2023-08-11T12:15:13.547+0000 7fc7997fa700 1 -- 172.21.15.8:0/2728503406 <== mgr.14118 v2:172.21.15.8:6800/2832004641 1 ==== mgr_command_reply(tid 0: 0 ) v1 ==== 8+0+47 (secure 0 0 0) 0x7fc79c103890 con 0x7fc784038110
2023-08-11T12:15:14.103 INFO:teuthology.orchestra.run.smithi008.stdout:/usr/bin/ceph: stderr
2023-08-11T12:15:13.550+0000 7fc7a1148700 1 -- 172.21.15.8:0/2728503406 >> [v2:172.21.15.8:6800/2832004641,v1:172.21.15.8:6801/2832004641] conn(0x7fc784038110 msgr2=0x7fc78403a5d0 secure :-1 s=STATE_CONNECTION_ESTABLISHED l=1).mark_down
2023-08-11T12:15:14.103 INFO:teuthology.orchestra.run.smithi008.stdout:/usr/bin/ceph: stderr
2023-08-11T12:15:13.550+0000 7fc7a1148700 1 --2- 172.21.15.8:0/2728503406 >> [v2:172.21.15.8:6800/2832004641,v1:172.21.15.8:6801/2832004641] conn(0x7fc784038110 0x7fc78403a5d0 secure :-1 s=READY pgs=11 cs=0 l=1 rev1=1 crypto rx=0x7fc790006fd0 tx=0x7fc790006e40 comp rx=0 tx=0).stop
2023-08-11T12:15:14.103 INFO:teuthology.orchestra.run.smithi008.stdout:/usr/bin/ceph: stderr
2023-08-11T12:15:13.550+0000 7fc7a1148700 1 -- 172.21.15.8:0/2728503406 >> [v2:172.21.15.8:3300/0,v1:172.21.15.8:6789/0] conn(0x7fc79c07bdf0 msgr2=0x7fc79c19be70 secure :-1 s=STATE_CONNECTION_ESTABLISHED l=1).mark_down
2023-08-11T12:15:14.103 INFO:teuthology.orchestra.run.smithi008.stdout:/usr/bin/ceph: stderr
2023-08-11T12:15:13.550+0000 7fc7a1148700 1 --2- 172.21.15.8:0/2728503406 >> [v2:172.21.15.8:3300/0,v1:172.21.15.8:6789/0] conn(0x7fc79c07bdf0 0x7fc79c19be70 secure :-1 s=READY pgs=44 cs=0 l=1 rev1=1 crypto rx=0x7fc78c006af0 tx=0x7fc78c011ad0 comp rx=0 tx=0).stop
2023-08-11T12:15:14.103 INFO:teuthology.orchestra.run.smithi008.stdout:/usr/bin/ceph: stderr
2023-08-11T12:15:13.550+0000 7fc7a1148700 1 -- 172.21.15.8:0/2728503406 shutdown_connections
2023-08-11T12:15:14.103 INFO:teuthology.orchestra.run.smithi008.stdout:/usr/bin/ceph: stderr
2023-08-11T12:15:13.550+0000 7fc7a1148700 1 --2- 172.21.15.8:0/2728503406 >> [v2:172.21.15.8:6800/2832004641,v1:172.21.15.8:6801/2832004641] conn(0x7fc784038110 0x7fc78403a5d0 unknown :-1 s=CLOSED pgs=11 cs=0 l=1 rev1=1 crypto rx=0 tx=0 comp rx=0 tx=0).stop
2023-08-11T12:15:14.104 INFO:teuthology.orchestra.run.smithi008.stdout:/usr/bin/ceph: stderr
2023-08-11T12:15:13.551+0000 7fc7a1148700 1 --2- 172.21.15.8:0/2728503406 >> [v2:172.21.15.8:3300/0,v1:172.21.15.8:6789/0] conn(0x7fc79c07bdf0 0x7fc79c19be70 unknown :-1 s=CLOSED pgs=44 cs=0 l=1 rev1=1 crypto rx=0 tx=0 comp rx=0 tx=0).stop
2023-08-11T12:15:14.104 INFO:teuthology.orchestra.run.smithi008.stdout:/usr/bin/ceph: stderr
2023-08-11T12:15:13.551+0000 7fc7a1148700 1 -- 172.21.15.8:0/2728503406 >> 172.21.15.8:0/2728503406 conn(0x7fc79c1015a0 msgr2=0x7fc79c102c70 unknown :-1 s=STATE_NONE l=0).mark_down
2023-08-11T12:15:14.104 INFO:teuthology.orchestra.run.smithi008.stdout:/usr/bin/ceph: stderr
2023-08-11T12:15:13.551+0000 7fc7a1148700 1 -- 172.21.15.8:0/2728503406 shutdown_connections
2023-08-11T12:15:14.104 INFO:teuthology.orchestra.run.smithi008.stdout:/usr/bin/ceph: stderr
2023-08-11T12:15:13.551+0000 7fc7a1148700 1 -- 172.21.15.8:0/2728503406 wait complete.
2023-08-11T12:15:14.104 INFO:teuthology.orchestra.run.smithi008.stdout:Deploying unmanaged mon service...
2023-08-11T12:15:14.803 INFO:journalctl@ceph.mon.a.smithi008.stdout:Aug 11 12:15:14 smithi008 ceph-mon[97158]: from='mgr.14118 172.21.15.8:0/2457302423' entity='mgr.x'
2023-08-11T12:15:14.803 INFO:journalctl@ceph.mon.a.smithi008.stdout:Aug 11 12:15:14 smithi008 ceph-mon[97158]: Added host smithi008
2023-08-11T12:15:14.803 INFO:journalctl@ceph.mon.a.smithi008.stdout:Aug 11 12:15:14 smithi008 ceph-mon[97158]: from='mgr.14118 172.21.15.8:0/2457302423' entity='mgr.x' cmd=[{"prefix": "config dump", "format": "json"}]: dispatch
2023-08-11T12:15:15.677 INFO:teuthology.orchestra.run.smithi008.stdout:/usr/bin/ceph: stdout Scheduled mon update...
2023-08-11T12:15:15.678 INFO:teuthology.orchestra.run.smithi008.stdout:/usr/bin/ceph: stderr
2023-08-11T12:15:14.671+0000 7fd25d1d9700 1 Processor -- start
2023-08-11T12:15:15.678 INFO:teuthology.orchestra.run.smithi008.stdout:/usr/bin/ceph: stderr
2023-08-11T12:15:14.671+0000 7fd25d1d9700 1 -- start start
2023-08-11T12:15:15.678 INFO:teuthology.orchestra.run.smithi008.stdout:/usr/bin/ceph: stderr
2023-08-11T12:15:14.671+0000 7fd25d1d9700 1 --2- >> [v2:172.21.15.8:3300/0,v1:172.21.15.8:6789/0] conn(0x7fd258104aa0 0x7fd258104ec0 unknown :-1 s=NONE pgs=0 cs=0 l=0 rev1=0 crypto rx=0 tx=0 comp rx=0 tx=0).connect
2023-08-11T12:15:15.678 INFO:teuthology.orchestra.run.smithi008.stdout:/usr/bin/ceph: stderr
2023-08-11T12:15:14.671+0000 7fd25d1d9700 1 -- --> [v2:172.21.15.8:3300/0,v1:172.21.15.8:6789/0] -- mon_getmap magic: 0 v1 -- 0x7fd258079da0 con 0x7fd258104aa0
2023-08-11T12:15:15.678 INFO:teuthology.orchestra.run.smithi008.stdout:/usr/bin/ceph: stderr
2023-08-11T12:15:14.672+0000 7fd256d9d700 1 --2- >> [v2:172.21.15.8:3300/0,v1:172.21.15.8:6789/0] conn(0x7fd258104aa0 0x7fd258104ec0 unknown :-1 s=BANNER_CONNECTING pgs=0 cs=0 l=0 rev1=0 crypto rx=0 tx=0 comp rx=0 tx=0)._handle_peer_banner_payload supported=3 required=0
2023-08-11T12:15:15.679 INFO:teuthology.orchestra.run.smithi008.stdout:/usr/bin/ceph: stderr
2023-08-11T12:15:14.672+0000 7fd256d9d700 1 --2- >> [v2:172.21.15.8:3300/0,v1:172.21.15.8:6789/0] conn(0x7fd258104aa0 0x7fd258104ec0 unknown :-1 s=HELLO_CONNECTING pgs=0 cs=0 l=0 rev1=1 crypto rx=0 tx=0 comp rx=0 tx=0).handle_hello peer v2:172.21.15.8:3300/0 says I am v2:172.21.15.8:33772/0 (socket says 172.21.15.8:33772)
2023-08-11T12:15:15.679 INFO:teuthology.orchestra.run.smithi008.stdout:/usr/bin/ceph: stderr
2023-08-11T12:15:14.672+0000 7fd256d9d700 1 -- 172.21.15.8:0/2482700117 learned_addr learned my addr 172.21.15.8:0/2482700117 (peer_addr_for_me v2:172.21.15.8:0/0)
2023-08-11T12:15:15.679 INFO:teuthology.orchestra.run.smithi008.stdout:/usr/bin/ceph: stderr
2023-08-11T12:15:14.672+0000 7fd256d9d700 1 -- 172.21.15.8:0/2482700117 --> [v2:172.21.15.8:3300/0,v1:172.21.15.8:6789/0] -- mon_subscribe({config=0+,monmap=0+}) v3 -- 0x7fd258079ee0 con 0x7fd258104aa0
2023-08-11T12:15:15.679 INFO:teuthology.orchestra.run.smithi008.stdout:/usr/bin/ceph: stderr
2023-08-11T12:15:14.673+0000 7fd256d9d700 1 --2- 172.21.15.8:0/2482700117 >> [v2:172.21.15.8:3300/0,v1:172.21.15.8:6789/0] conn(0x7fd258104aa0 0x7fd258104ec0 secure :-1 s=READY pgs=45 cs=0 l=1 rev1=1 crypto rx=0x7fd2480098a0 tx=0x7fd248009bb0 comp rx=0 tx=0).ready entity=mon.0 client_cookie=f4606feb7d29a961 server_cookie=0 in_seq=0 out_seq=0
2023-08-11T12:15:15.679 INFO:teuthology.orchestra.run.smithi008.stdout:/usr/bin/ceph: stderr
2023-08-11T12:15:14.673+0000 7fd255d9b700 1 -- 172.21.15.8:0/2482700117 <== mon.0 v2:172.21.15.8:3300/0 1 ==== mon_map magic: 0 v1 ==== 205+0+0 (secure 0 0 0) 0x7fd248004160 con 0x7fd258104aa0
2023-08-11T12:15:15.679 INFO:teuthology.orchestra.run.smithi008.stdout:/usr/bin/ceph: stderr
2023-08-11T12:15:14.673+0000 7fd255d9b700 1 -- 172.21.15.8:0/2482700117 <== mon.0 v2:172.21.15.8:3300/0 2 ==== config(26 keys) v1 ==== 1074+0+0 (secure 0 0 0) 0x7fd2480042c0 con 0x7fd258104aa0
2023-08-11T12:15:15.679 INFO:teuthology.orchestra.run.smithi008.stdout:/usr/bin/ceph: stderr
2023-08-11T12:15:14.673+0000 7fd255d9b700 1 -- 172.21.15.8:0/2482700117 <== mon.0 v2:172.21.15.8:3300/0 3 ==== mon_map magic: 0 v1 ==== 205+0+0 (secure 0 0 0) 0x7fd248011a00 con 0x7fd258104aa0
2023-08-11T12:15:15.680 INFO:teuthology.orchestra.run.smithi008.stdout:/usr/bin/ceph: stderr
2023-08-11T12:15:14.674+0000 7fd25d1d9700 1 -- 172.21.15.8:0/2482700117 >> [v2:172.21.15.8:3300/0,v1:172.21.15.8:6789/0] conn(0x7fd258104aa0 msgr2=0x7fd258104ec0 secure :-1 s=STATE_CONNECTION_ESTABLISHED l=1).mark_down
2023-08-11T12:15:15.680 INFO:teuthology.orchestra.run.smithi008.stdout:/usr/bin/ceph: stderr
2023-08-11T12:15:14.674+0000 7fd25d1d9700 1 --2- 172.21.15.8:0/2482700117 >> [v2:172.21.15.8:3300/0,v1:172.21.15.8:6789/0] conn(0x7fd258104aa0 0x7fd258104ec0 secure :-1 s=READY pgs=45 cs=0 l=1 rev1=1 crypto rx=0x7fd2480098a0 tx=0x7fd248009bb0 comp rx=0 tx=0).stop
2023-08-11T12:15:15.680 INFO:teuthology.orchestra.run.smithi008.stdout:/usr/bin/ceph: stderr
2023-08-11T12:15:14.674+0000 7fd25d1d9700 1 -- 172.21.15.8:0/2482700117 shutdown_connections
2023-08-11T12:15:15.680 INFO:teuthology.orchestra.run.smithi008.stdout:/usr/bin/ceph: stderr
2023-08-11T12:15:14.674+0000 7fd25d1d9700 1 --2- 172.21.15.8:0/2482700117 >> [v2:172.21.15.8:3300/0,v1:172.21.15.8:6789/0] conn(0x7fd258104aa0 0x7fd258104ec0 unknown :-1 s=CLOSED pgs=45 cs=0 l=1 rev1=1 crypto rx=0 tx=0 comp rx=0 tx=0).stop
2023-08-11T12:15:15.680 INFO:teuthology.orchestra.run.smithi008.stdout:/usr/bin/ceph: stderr
2023-08-11T12:15:14.674+0000 7fd25d1d9700 1 -- 172.21.15.8:0/2482700117 >> 172.21.15.8:0/2482700117 conn(0x7fd258100620 msgr2=0x7fd258102a80 unknown :-1 s=STATE_NONE l=0).mark_down
2023-08-11T12:15:15.680 INFO:teuthology.orchestra.run.smithi008.stdout:/usr/bin/ceph: stderr
2023-08-11T12:15:14.674+0000 7fd25d1d9700 1 -- 172.21.15.8:0/2482700117 shutdown_connections
2023-08-11T12:15:15.680 INFO:teuthology.orchestra.run.smithi008.stdout:/usr/bin/ceph: stderr
2023-08-11T12:15:14.674+0000 7fd25d1d9700 1 -- 172.21.15.8:0/2482700117 wait complete.
