2023-08-11T12:15:15.681 INFO:teuthology.orchestra.run.smithi008.stdout:/usr/bin/ceph: stderr
2023-08-11T12:15:14.675+0000 7fd25d1d9700 1 Processor -- start
2023-08-11T12:15:15.681 INFO:teuthology.orchestra.run.smithi008.stdout:/usr/bin/ceph: stderr
2023-08-11T12:15:14.675+0000 7fd25d1d9700 1 -- start start
2023-08-11T12:15:15.681 INFO:teuthology.orchestra.run.smithi008.stdout:/usr/bin/ceph: stderr
2023-08-11T12:15:14.675+0000 7fd25d1d9700 1 --2- >> [v2:172.21.15.8:3300/0,v1:172.21.15.8:6789/0] conn(0x7fd258104aa0 0x7fd25819c040 unknown :-1 s=NONE pgs=0 cs=0 l=1 rev1=0 crypto rx=0 tx=0 comp rx=0 tx=0).connect
2023-08-11T12:15:15.681 INFO:teuthology.orchestra.run.smithi008.stdout:/usr/bin/ceph: stderr
2023-08-11T12:15:14.675+0000 7fd25d1d9700 1 -- --> [v2:172.21.15.8:3300/0,v1:172.21.15.8:6789/0] -- mon_getmap magic: 0 v1 -- 0x7fd25819c580 con 0x7fd258104aa0
2023-08-11T12:15:15.681 INFO:teuthology.orchestra.run.smithi008.stdout:/usr/bin/ceph: stderr
2023-08-11T12:15:14.676+0000 7fd256d9d700 1 --2- >> [v2:172.21.15.8:3300/0,v1:172.21.15.8:6789/0] conn(0x7fd258104aa0 0x7fd25819c040 unknown :-1 s=BANNER_CONNECTING pgs=0 cs=0 l=1 rev1=0 crypto rx=0 tx=0 comp rx=0 tx=0)._handle_peer_banner_payload supported=3 required=0
2023-08-11T12:15:15.681 INFO:teuthology.orchestra.run.smithi008.stdout:/usr/bin/ceph: stderr
2023-08-11T12:15:14.676+0000 7fd256d9d700 1 --2- >> [v2:172.21.15.8:3300/0,v1:172.21.15.8:6789/0] conn(0x7fd258104aa0 0x7fd25819c040 unknown :-1 s=HELLO_CONNECTING pgs=0 cs=0 l=1 rev1=1 crypto rx=0 tx=0 comp rx=0 tx=0).handle_hello peer v2:172.21.15.8:3300/0 says I am v2:172.21.15.8:33784/0 (socket says 172.21.15.8:33784)
2023-08-11T12:15:15.681 INFO:teuthology.orchestra.run.smithi008.stdout:/usr/bin/ceph: stderr
2023-08-11T12:15:14.676+0000 7fd256d9d700 1 -- 172.21.15.8:0/1725648868 learned_addr learned my addr 172.21.15.8:0/1725648868 (peer_addr_for_me v2:172.21.15.8:0/0)
2023-08-11T12:15:15.682 INFO:teuthology.orchestra.run.smithi008.stdout:/usr/bin/ceph: stderr
2023-08-11T12:15:14.676+0000 7fd256d9d700 1 -- 172.21.15.8:0/1725648868 --> [v2:172.21.15.8:3300/0,v1:172.21.15.8:6789/0] -- mon_subscribe({config=0+,monmap=0+}) v3 -- 0x7fd248009550 con 0x7fd258104aa0
2023-08-11T12:15:15.684 INFO:teuthology.orchestra.run.smithi008.stdout:/usr/bin/ceph: stderr
2023-08-11T12:15:14.676+0000 7fd256d9d700 1 --2- 172.21.15.8:0/1725648868 >> [v2:172.21.15.8:3300/0,v1:172.21.15.8:6789/0] conn(0x7fd258104aa0 0x7fd25819c040 secure :-1 s=READY pgs=46 cs=0 l=1 rev1=1 crypto rx=0x7fd248006af0 tx=0x7fd248011ad0 comp rx=0 tx=0).ready entity=mon.0 client_cookie=0 server_cookie=0 in_seq=0 out_seq=0
2023-08-11T12:15:15.684 INFO:teuthology.orchestra.run.smithi008.stdout:/usr/bin/ceph: stderr
2023-08-11T12:15:14.677+0000 7fd23ffff700 1 -- 172.21.15.8:0/1725648868 <== mon.0 v2:172.21.15.8:3300/0 1 ==== mon_map magic: 0 v1 ==== 205+0+0 (secure 0 0 0) 0x7fd248003a40 con 0x7fd258104aa0
2023-08-11T12:15:15.684 INFO:teuthology.orchestra.run.smithi008.stdout:/usr/bin/ceph: stderr
2023-08-11T12:15:14.677+0000 7fd25d1d9700 1 -- 172.21.15.8:0/1725648868 --> [v2:172.21.15.8:3300/0,v1:172.21.15.8:6789/0] -- mon_subscribe({mgrmap=0+}) v3 -- 0x7fd25819c780 con 0x7fd258104aa0
2023-08-11T12:15:15.684 INFO:teuthology.orchestra.run.smithi008.stdout:/usr/bin/ceph: stderr
2023-08-11T12:15:14.677+0000 7fd23ffff700 1 -- 172.21.15.8:0/1725648868 <== mon.0 v2:172.21.15.8:3300/0 2 ==== config(26 keys) v1 ==== 1074+0+0 (secure 0 0 0) 0x7fd248003ba0 con 0x7fd258104aa0
2023-08-11T12:15:15.684 INFO:teuthology.orchestra.run.smithi008.stdout:/usr/bin/ceph: stderr
2023-08-11T12:15:14.677+0000 7fd23ffff700 1 -- 172.21.15.8:0/1725648868 <== mon.0 v2:172.21.15.8:3300/0 3 ==== mon_map magic: 0 v1 ==== 205+0+0 (secure 0 0 0) 0x7fd24801a6e0 con 0x7fd258104aa0
2023-08-11T12:15:15.684 INFO:teuthology.orchestra.run.smithi008.stdout:/usr/bin/ceph: stderr
2023-08-11T12:15:14.677+0000 7fd25d1d9700 1 -- 172.21.15.8:0/1725648868 --> [v2:172.21.15.8:3300/0,v1:172.21.15.8:6789/0] -- mon_subscribe({osdmap=0}) v3 -- 0x7fd25819cba0 con 0x7fd258104aa0
2023-08-11T12:15:15.685 INFO:teuthology.orchestra.run.smithi008.stdout:/usr/bin/ceph: stderr
2023-08-11T12:15:14.678+0000 7fd23ffff700 1 -- 172.21.15.8:0/1725648868 <== mon.0 v2:172.21.15.8:3300/0 4 ==== mgrmap(e 8) v1 ==== 45135+0+0 (secure 0 0 0) 0x7fd248024430 con 0x7fd258104aa0
2023-08-11T12:15:15.685 INFO:teuthology.orchestra.run.smithi008.stdout:/usr/bin/ceph: stderr
2023-08-11T12:15:14.678+0000 7fd25d1d9700 1 -- 172.21.15.8:0/1725648868 --> [v2:172.21.15.8:3300/0,v1:172.21.15.8:6789/0] -- mon_command({"prefix": "get_command_descriptions"} v 0) v1 -- 0x7fd258195940 con 0x7fd258104aa0
2023-08-11T12:15:15.685 INFO:teuthology.orchestra.run.smithi008.stdout:/usr/bin/ceph: stderr
2023-08-11T12:15:14.678+0000 7fd23ffff700 1 --2- 172.21.15.8:0/1725648868 >> [v2:172.21.15.8:6800/2832004641,v1:172.21.15.8:6801/2832004641] conn(0x7fd240038160 0x7fd24003a620 unknown :-1 s=NONE pgs=0 cs=0 l=1 rev1=0 crypto rx=0 tx=0 comp rx=0 tx=0).connect
2023-08-11T12:15:15.685 INFO:teuthology.orchestra.run.smithi008.stdout:/usr/bin/ceph: stderr
2023-08-11T12:15:14.678+0000 7fd23ffff700 1 -- 172.21.15.8:0/1725648868 <== mon.0 v2:172.21.15.8:3300/0 5 ==== osd_map(2..2 src has 1..2) v4 ==== 940+0+0 (secure 0 0 0) 0x7fd24804bfe0 con 0x7fd258104aa0
2023-08-11T12:15:15.685 INFO:teuthology.orchestra.run.smithi008.stdout:/usr/bin/ceph: stderr
2023-08-11T12:15:14.679+0000 7fd25659c700 1 --2- 172.21.15.8:0/1725648868 >> [v2:172.21.15.8:6800/2832004641,v1:172.21.15.8:6801/2832004641] conn(0x7fd240038160 0x7fd24003a620 unknown :-1 s=BANNER_CONNECTING pgs=0 cs=0 l=1 rev1=0 crypto rx=0 tx=0 comp rx=0 tx=0)._handle_peer_banner_payload supported=3 required=0
2023-08-11T12:15:15.685 INFO:teuthology.orchestra.run.smithi008.stdout:/usr/bin/ceph: stderr
2023-08-11T12:15:14.679+0000 7fd25659c700 1 --2- 172.21.15.8:0/1725648868 >> [v2:172.21.15.8:6800/2832004641,v1:172.21.15.8:6801/2832004641] conn(0x7fd240038160 0x7fd24003a620 secure :-1 s=READY pgs=12 cs=0 l=1 rev1=1 crypto rx=0x7fd24c006fd0 tx=0x7fd24c006e40 comp rx=0 tx=0).ready entity=mgr.14118 client_cookie=0 server_cookie=0 in_seq=0 out_seq=0
2023-08-11T12:15:15.686 INFO:teuthology.orchestra.run.smithi008.stdout:/usr/bin/ceph: stderr
2023-08-11T12:15:14.684+0000 7fd23ffff700 1 -- 172.21.15.8:0/1725648868 <== mon.0 v2:172.21.15.8:3300/0 6 ==== mon_command_ack([{"prefix": "get_command_descriptions"}]=0 v0) v1 ==== 72+0+179220 (secure 0 0 0) 0x7fd2480246e0 con 0x7fd258104aa0
2023-08-11T12:15:15.686 INFO:teuthology.orchestra.run.smithi008.stdout:/usr/bin/ceph: stderr
2023-08-11T12:15:14.949+0000 7fd25d1d9700 1 -- 172.21.15.8:0/1725648868 --> [v2:172.21.15.8:6800/2832004641,v1:172.21.15.8:6801/2832004641] -- mgr_command(tid 0: {"prefix": "orch apply", "service_type": "mon", "unmanaged": true, "target": ["mon-mgr", ""]}) v1 -- 0x7fd25802cd60 con 0x7fd240038160
2023-08-11T12:15:15.686 INFO:teuthology.orchestra.run.smithi008.stdout:/usr/bin/ceph: stderr
2023-08-11T12:15:14.955+0000 7fd23ffff700 1 -- 172.21.15.8:0/1725648868 <== mgr.14118 v2:172.21.15.8:6800/2832004641 1 ==== mgr_command_reply(tid 0: 0 ) v1 ==== 8+0+24 (secure 0 0 0) 0x7fd25802cd60 con 0x7fd240038160
2023-08-11T12:15:15.686 INFO:teuthology.orchestra.run.smithi008.stdout:/usr/bin/ceph: stderr
2023-08-11T12:15:14.957+0000 7fd25d1d9700 1 -- 172.21.15.8:0/1725648868 >> [v2:172.21.15.8:6800/2832004641,v1:172.21.15.8:6801/2832004641] conn(0x7fd240038160 msgr2=0x7fd24003a620 secure :-1 s=STATE_CONNECTION_ESTABLISHED l=1).mark_down
2023-08-11T12:15:15.686 INFO:teuthology.orchestra.run.smithi008.stdout:/usr/bin/ceph: stderr
2023-08-11T12:15:14.957+0000 7fd25d1d9700 1 --2- 172.21.15.8:0/1725648868 >> [v2:172.21.15.8:6800/2832004641,v1:172.21.15.8:6801/2832004641] conn(0x7fd240038160 0x7fd24003a620 secure :-1 s=READY pgs=12 cs=0 l=1 rev1=1 crypto rx=0x7fd24c006fd0 tx=0x7fd24c006e40 comp rx=0 tx=0).stop
2023-08-11T12:15:15.687 INFO:teuthology.orchestra.run.smithi008.stdout:/usr/bin/ceph: stderr
2023-08-11T12:15:14.957+0000 7fd25d1d9700 1 -- 172.21.15.8:0/1725648868 >> [v2:172.21.15.8:3300/0,v1:172.21.15.8:6789/0] conn(0x7fd258104aa0 msgr2=0x7fd25819c040 secure :-1 s=STATE_CONNECTION_ESTABLISHED l=1).mark_down
2023-08-11T12:15:15.687 INFO:teuthology.orchestra.run.smithi008.stdout:/usr/bin/ceph: stderr
2023-08-11T12:15:14.957+0000 7fd25d1d9700 1 --2- 172.21.15.8:0/1725648868 >> [v2:172.21.15.8:3300/0,v1:172.21.15.8:6789/0] conn(0x7fd258104aa0 0x7fd25819c040 secure :-1 s=READY pgs=46 cs=0 l=1 rev1=1 crypto rx=0x7fd248006af0 tx=0x7fd248011ad0 comp rx=0 tx=0).stop
2023-08-11T12:15:15.687 INFO:teuthology.orchestra.run.smithi008.stdout:/usr/bin/ceph: stderr
2023-08-11T12:15:14.957+0000 7fd25d1d9700 1 -- 172.21.15.8:0/1725648868 shutdown_connections
2023-08-11T12:15:15.687 INFO:teuthology.orchestra.run.smithi008.stdout:/usr/bin/ceph: stderr
2023-08-11T12:15:14.957+0000 7fd25d1d9700 1 --2- 172.21.15.8:0/1725648868 >> [v2:172.21.15.8:6800/2832004641,v1:172.21.15.8:6801/2832004641] conn(0x7fd240038160 0x7fd24003a620 unknown :-1 s=CLOSED pgs=12 cs=0 l=1 rev1=1 crypto rx=0 tx=0 comp rx=0 tx=0).stop
2023-08-11T12:15:15.687 INFO:teuthology.orchestra.run.smithi008.stdout:/usr/bin/ceph: stderr
2023-08-11T12:15:14.957+0000 7fd25d1d9700 1 --2- 172.21.15.8:0/1725648868 >> [v2:172.21.15.8:3300/0,v1:172.21.15.8:6789/0] conn(0x7fd258104aa0 0x7fd25819c040 unknown :-1 s=CLOSED pgs=46 cs=0 l=1 rev1=1 crypto rx=0 tx=0 comp rx=0 tx=0).stop
2023-08-11T12:15:15.687 INFO:teuthology.orchestra.run.smithi008.stdout:/usr/bin/ceph: stderr
2023-08-11T12:15:14.957+0000 7fd25d1d9700 1 -- 172.21.15.8:0/1725648868 >> 172.21.15.8:0/1725648868 conn(0x7fd258100620 msgr2=0x7fd258190660 unknown :-1 s=STATE_NONE l=0).mark_down
2023-08-11T12:15:15.687 INFO:teuthology.orchestra.run.smithi008.stdout:/usr/bin/ceph: stderr
2023-08-11T12:15:14.958+0000 7fd25d1d9700 1 -- 172.21.15.8:0/1725648868 shutdown_connections
2023-08-11T12:15:15.687 INFO:teuthology.orchestra.run.smithi008.stdout:/usr/bin/ceph: stderr
2023-08-11T12:15:14.958+0000 7fd25d1d9700 1 -- 172.21.15.8:0/1725648868 wait complete.
2023-08-11T12:15:15.688 INFO:teuthology.orchestra.run.smithi008.stdout:Deploying unmanaged mgr service...
2023-08-11T12:15:16.303 INFO:journalctl@ceph.mon.a.smithi008.stdout:Aug 11 12:15:15 smithi008 ceph-mon[97158]: from='client.14140 -' entity='client.admin' cmd=[{"prefix": "orch apply", "service_type": "mon", "unmanaged": true, "target": ["mon-mgr", ""]}]: dispatch
2023-08-11T12:15:16.303 INFO:journalctl@ceph.mon.a.smithi008.stdout:Aug 11 12:15:15 smithi008 ceph-mon[97158]: Saving service mon spec with placement count:5
2023-08-11T12:15:16.303 INFO:journalctl@ceph.mon.a.smithi008.stdout:Aug 11 12:15:15 smithi008 ceph-mon[97158]: from='mgr.14118 172.21.15.8:0/2457302423' entity='mgr.x'
2023-08-11T12:15:17.066 INFO:teuthology.orchestra.run.smithi008.stdout:/usr/bin/ceph: stdout Scheduled mgr update...
2023-08-11T12:15:17.066 INFO:teuthology.orchestra.run.smithi008.stdout:/usr/bin/ceph: stderr
2023-08-11T12:15:16.327+0000 7f02c3273700 1 Processor -- start
2023-08-11T12:15:17.066 INFO:teuthology.orchestra.run.smithi008.stdout:/usr/bin/ceph: stderr
2023-08-11T12:15:16.327+0000 7f02c3273700 1 -- start start
2023-08-11T12:15:17.066 INFO:teuthology.orchestra.run.smithi008.stdout:/usr/bin/ceph: stderr
2023-08-11T12:15:16.327+0000 7f02c3273700 1 --2- >> [v2:172.21.15.8:3300/0,v1:172.21.15.8:6789/0] conn(0x7f02bc1061b0 0x7f02bc1065d0 unknown :-1 s=NONE pgs=0 cs=0 l=0 rev1=0 crypto rx=0 tx=0 comp rx=0 tx=0).connect
2023-08-11T12:15:17.067 INFO:teuthology.orchestra.run.smithi008.stdout:/usr/bin/ceph: stderr
2023-08-11T12:15:16.327+0000 7f02c3273700 1 -- --> [v2:172.21.15.8:3300/0,v1:172.21.15.8:6789/0] -- mon_getmap magic: 0 v1 -- 0x7f02bc106ba0 con 0x7f02bc1061b0
2023-08-11T12:15:17.067 INFO:teuthology.orchestra.run.smithi008.stdout:/usr/bin/ceph: stderr
2023-08-11T12:15:16.328+0000 7f02c100f700 1 --2- >> [v2:172.21.15.8:3300/0,v1:172.21.15.8:6789/0] conn(0x7f02bc1061b0 0x7f02bc1065d0 unknown :-1 s=BANNER_CONNECTING pgs=0 cs=0 l=0 rev1=0 crypto rx=0 tx=0 comp rx=0 tx=0)._handle_peer_banner_payload supported=3 required=0
2023-08-11T12:15:17.067 INFO:teuthology.orchestra.run.smithi008.stdout:/usr/bin/ceph: stderr
2023-08-11T12:15:16.328+0000 7f02c100f700 1 --2- >> [v2:172.21.15.8:3300/0,v1:172.21.15.8:6789/0] conn(0x7f02bc1061b0 0x7f02bc1065d0 unknown :-1 s=HELLO_CONNECTING pgs=0 cs=0 l=0 rev1=1 crypto rx=0 tx=0 comp rx=0 tx=0).handle_hello peer v2:172.21.15.8:3300/0 says I am v2:172.21.15.8:33792/0 (socket says 172.21.15.8:33792)
2023-08-11T12:15:17.067 INFO:teuthology.orchestra.run.smithi008.stdout:/usr/bin/ceph: stderr
2023-08-11T12:15:16.328+0000 7f02c100f700 1 -- 172.21.15.8:0/2407483497 learned_addr learned my addr 172.21.15.8:0/2407483497 (peer_addr_for_me v2:172.21.15.8:0/0)
2023-08-11T12:15:17.067 INFO:teuthology.orchestra.run.smithi008.stdout:/usr/bin/ceph: stderr
2023-08-11T12:15:16.328+0000 7f02c100f700 1 -- 172.21.15.8:0/2407483497 --> [v2:172.21.15.8:3300/0,v1:172.21.15.8:6789/0] -- mon_subscribe({config=0+,monmap=0+}) v3 -- 0x7f02bc1073b0 con 0x7f02bc1061b0
2023-08-11T12:15:17.067 INFO:teuthology.orchestra.run.smithi008.stdout:/usr/bin/ceph: stderr
2023-08-11T12:15:16.328+0000 7f02c100f700 1 --2- 172.21.15.8:0/2407483497 >> [v2:172.21.15.8:3300/0,v1:172.21.15.8:6789/0] conn(0x7f02bc1061b0 0x7f02bc1065d0 secure :-1 s=READY pgs=47 cs=0 l=1 rev1=1 crypto rx=0x7f02b80098a0 tx=0x7f02b8009bb0 comp rx=0 tx=0).ready entity=mon.0 client_cookie=9a55a521f0448bae server_cookie=0 in_seq=0 out_seq=0
2023-08-11T12:15:17.067 INFO:teuthology.orchestra.run.smithi008.stdout:/usr/bin/ceph: stderr
2023-08-11T12:15:16.329+0000 7f02b3fff700 1 -- 172.21.15.8:0/2407483497 <== mon.0 v2:172.21.15.8:3300/0 1 ==== mon_map magic: 0 v1 ==== 205+0+0 (secure 0 0 0) 0x7f02b8004160 con 0x7f02bc1061b0
2023-08-11T12:15:17.068 INFO:teuthology.orchestra.run.smithi008.stdout:/usr/bin/ceph: stderr
2023-08-11T12:15:16.329+0000 7f02b3fff700 1 -- 172.21.15.8:0/2407483497 <== mon.0 v2:172.21.15.8:3300/0 2 ==== config(26 keys) v1 ==== 1074+0+0 (secure 0 0 0) 0x7f02b80042c0 con 0x7f02bc1061b0
2023-08-11T12:15:17.068 INFO:teuthology.orchestra.run.smithi008.stdout:/usr/bin/ceph: stderr
2023-08-11T12:15:16.329+0000 7f02b3fff700 1 -- 172.21.15.8:0/2407483497 <== mon.0 v2:172.21.15.8:3300/0 3 ==== mon_map magic: 0 v1 ==== 205+0+0 (secure 0 0 0) 0x7f02b8011a00 con 0x7f02bc1061b0
2023-08-11T12:15:17.068 INFO:teuthology.orchestra.run.smithi008.stdout:/usr/bin/ceph: stderr
2023-08-11T12:15:16.329+0000 7f02c3273700 1 -- 172.21.15.8:0/2407483497 >> [v2:172.21.15.8:3300/0,v1:172.21.15.8:6789/0] conn(0x7f02bc1061b0 msgr2=0x7f02bc1065d0 secure :-1 s=STATE_CONNECTION_ESTABLISHED l=1).mark_down
2023-08-11T12:15:17.069 INFO:teuthology.orchestra.run.smithi008.stdout:/usr/bin/ceph: stderr
2023-08-11T12:15:16.329+0000 7f02c3273700 1 --2- 172.21.15.8:0/2407483497 >> [v2:172.21.15.8:3300/0,v1:172.21.15.8:6789/0] conn(0x7f02bc1061b0 0x7f02bc1065d0 secure :-1 s=READY pgs=47 cs=0 l=1 rev1=1 crypto rx=0x7f02b80098a0 tx=0x7f02b8009bb0 comp rx=0 tx=0).stop
2023-08-11T12:15:17.069 INFO:teuthology.orchestra.run.smithi008.stdout:/usr/bin/ceph: stderr
2023-08-11T12:15:16.329+0000 7f02c3273700 1 -- 172.21.15.8:0/2407483497 shutdown_connections
2023-08-11T12:15:17.069 INFO:teuthology.orchestra.run.smithi008.stdout:/usr/bin/ceph: stderr
2023-08-11T12:15:16.329+0000 7f02c3273700 1 --2- 172.21.15.8:0/2407483497 >> [v2:172.21.15.8:3300/0,v1:172.21.15.8:6789/0] conn(0x7f02bc1061b0 0x7f02bc1065d0 unknown :-1 s=CLOSED pgs=47 cs=0 l=1 rev1=1 crypto rx=0 tx=0 comp rx=0 tx=0).stop
2023-08-11T12:15:17.069 INFO:teuthology.orchestra.run.smithi008.stdout:/usr/bin/ceph: stderr
2023-08-11T12:15:16.329+0000 7f02c3273700 1 -- 172.21.15.8:0/2407483497 >> 172.21.15.8:0/2407483497 conn(0x7f02bc101750 msgr2=0x7f02bc103b90 unknown :-1 s=STATE_NONE l=0).mark_down
2023-08-11T12:15:17.069 INFO:teuthology.orchestra.run.smithi008.stdout:/usr/bin/ceph: stderr
2023-08-11T12:15:16.329+0000 7f02c3273700 1 -- 172.21.15.8:0/2407483497 shutdown_connections
2023-08-11T12:15:17.069 INFO:teuthology.orchestra.run.smithi008.stdout:/usr/bin/ceph: stderr
2023-08-11T12:15:16.329+0000 7f02c3273700 1 -- 172.21.15.8:0/2407483497 wait complete.
2023-08-11T12:15:17.069 INFO:teuthology.orchestra.run.smithi008.stdout:/usr/bin/ceph: stderr
2023-08-11T12:15:16.330+0000 7f02c3273700 1 Processor -- start
2023-08-11T12:15:17.070 INFO:teuthology.orchestra.run.smithi008.stdout:/usr/bin/ceph: stderr
2023-08-11T12:15:16.331+0000 7f02c3273700 1 -- start start
2023-08-11T12:15:17.070 INFO:teuthology.orchestra.run.smithi008.stdout:/usr/bin/ceph: stderr
2023-08-11T12:15:16.331+0000 7f02c3273700 1 --2- >> [v2:172.21.15.8:3300/0,v1:172.21.15.8:6789/0] conn(0x7f02bc1061b0 0x7f02bc19c0b0 unknown :-1 s=NONE pgs=0 cs=0 l=1 rev1=0 crypto rx=0 tx=0 comp rx=0 tx=0).connect
2023-08-11T12:15:17.070 INFO:teuthology.orchestra.run.smithi008.stdout:/usr/bin/ceph: stderr
2023-08-11T12:15:16.331+0000 7f02c3273700 1 -- --> [v2:172.21.15.8:3300/0,v1:172.21.15.8:6789/0] -- mon_getmap magic: 0 v1 -- 0x7f02bc19c5f0 con 0x7f02bc1061b0
2023-08-11T12:15:17.070 INFO:teuthology.orchestra.run.smithi008.stdout:/usr/bin/ceph: stderr
2023-08-11T12:15:16.331+0000 7f02c100f700 1 --2- >> [v2:172.21.15.8:3300/0,v1:172.21.15.8:6789/0] conn(0x7f02bc1061b0 0x7f02bc19c0b0 unknown :-1 s=BANNER_CONNECTING pgs=0 cs=0 l=1 rev1=0 crypto rx=0 tx=0 comp rx=0 tx=0)._handle_peer_banner_payload supported=3 required=0
2023-08-11T12:15:17.070 INFO:teuthology.orchestra.run.smithi008.stdout:/usr/bin/ceph: stderr
2023-08-11T12:15:16.331+0000 7f02c100f700 1 --2- >> [v2:172.21.15.8:3300/0,v1:172.21.15.8:6789/0] conn(0x7f02bc1061b0 0x7f02bc19c0b0 unknown :-1 s=HELLO_CONNECTING pgs=0 cs=0 l=1 rev1=1 crypto rx=0 tx=0 comp rx=0 tx=0).handle_hello peer v2:172.21.15.8:3300/0 says I am v2:172.21.15.8:33804/0 (socket says 172.21.15.8:33804)
2023-08-11T12:15:17.070 INFO:teuthology.orchestra.run.smithi008.stdout:/usr/bin/ceph: stderr
2023-08-11T12:15:16.331+0000 7f02c100f700 1 -- 172.21.15.8:0/1175274544 learned_addr learned my addr 172.21.15.8:0/1175274544 (peer_addr_for_me v2:172.21.15.8:0/0)
2023-08-11T12:15:17.070 INFO:teuthology.orchestra.run.smithi008.stdout:/usr/bin/ceph: stderr
2023-08-11T12:15:16.332+0000 7f02c100f700 1 -- 172.21.15.8:0/1175274544 --> [v2:172.21.15.8:3300/0,v1:172.21.15.8:6789/0] -- mon_subscribe({config=0+,monmap=0+}) v3 -- 0x7f02b8009550 con 0x7f02bc1061b0
2023-08-11T12:15:17.070 INFO:teuthology.orchestra.run.smithi008.stdout:/usr/bin/ceph: stderr
2023-08-11T12:15:16.332+0000 7f02c100f700 1 --2- 172.21.15.8:0/1175274544 >> [v2:172.21.15.8:3300/0,v1:172.21.15.8:6789/0] conn(0x7f02bc1061b0 0x7f02bc19c0b0 secure :-1 s=READY pgs=48 cs=0 l=1 rev1=1 crypto rx=0x7f02b8006af0 tx=0x7f02b8011ad0 comp rx=0 tx=0).ready entity=mon.0 client_cookie=0 server_cookie=0 in_seq=0 out_seq=0
2023-08-11T12:15:17.071 INFO:teuthology.orchestra.run.smithi008.stdout:/usr/bin/ceph: stderr
2023-08-11T12:15:16.332+0000 7f02b27fc700 1 -- 172.21.15.8:0/1175274544 <== mon.0 v2:172.21.15.8:3300/0 1 ==== mon_map magic: 0 v1 ==== 205+0+0 (secure 0 0 0) 0x7f02b8003a40 con 0x7f02bc1061b0
2023-08-11T12:15:17.071 INFO:teuthology.orchestra.run.smithi008.stdout:/usr/bin/ceph: stderr
2023-08-11T12:15:16.332+0000 7f02b27fc700 1 -- 172.21.15.8:0/1175274544 <== mon.0 v2:172.21.15.8:3300/0 2 ==== config(26 keys) v1 ==== 1074+0+0 (secure 0 0 0) 0x7f02b8003ba0 con 0x7f02bc1061b0
2023-08-11T12:15:17.071 INFO:teuthology.orchestra.run.smithi008.stdout:/usr/bin/ceph: stderr
2023-08-11T12:15:16.332+0000 7f02c3273700 1 -- 172.21.15.8:0/1175274544 --> [v2:172.21.15.8:3300/0,v1:172.21.15.8:6789/0] -- mon_subscribe({mgrmap=0+}) v3 -- 0x7f02bc19c7f0 con 0x7f02bc1061b0
2023-08-11T12:15:17.071 INFO:teuthology.orchestra.run.smithi008.stdout:/usr/bin/ceph: stderr
2023-08-11T12:15:16.332+0000 7f02b27fc700 1 -- 172.21.15.8:0/1175274544 <== mon.0 v2:172.21.15.8:3300/0 3 ==== mon_map magic: 0 v1 ==== 205+0+0 (secure 0 0 0) 0x7f02b801a700 con 0x7f02bc1061b0
2023-08-11T12:15:17.071 INFO:teuthology.orchestra.run.smithi008.stdout:/usr/bin/ceph: stderr
2023-08-11T12:15:16.332+0000 7f02c3273700 1 -- 172.21.15.8:0/1175274544 --> [v2:172.21.15.8:3300/0,v1:172.21.15.8:6789/0] -- mon_subscribe({osdmap=0}) v3 -- 0x7f02bc19cc10 con 0x7f02bc1061b0
2023-08-11T12:15:17.071 INFO:teuthology.orchestra.run.smithi008.stdout:/usr/bin/ceph: stderr
2023-08-11T12:15:16.333+0000 7f02b27fc700 1 -- 172.21.15.8:0/1175274544 <== mon.0 v2:172.21.15.8:3300/0 4 ==== mgrmap(e 8) v1 ==== 45135+0+0 (secure 0 0 0) 0x7f02b8024ad0 con 0x7f02bc1061b0
2023-08-11T12:15:17.071 INFO:teuthology.orchestra.run.smithi008.stdout:/usr/bin/ceph: stderr
2023-08-11T12:15:16.333+0000 7f02c3273700 1 -- 172.21.15.8:0/1175274544 --> [v2:172.21.15.8:3300/0,v1:172.21.15.8:6789/0] -- mon_command({"prefix": "get_command_descriptions"} v 0) v1 -- 0x7f02bc061f50 con 0x7f02bc1061b0
2023-08-11T12:15:17.072 INFO:teuthology.orchestra.run.smithi008.stdout:/usr/bin/ceph: stderr
2023-08-11T12:15:16.334+0000 7f02b27fc700 1 --2- 172.21.15.8:0/1175274544 >> [v2:172.21.15.8:6800/2832004641,v1:172.21.15.8:6801/2832004641] conn(0x7f02a8038110 0x7f02a803a5d0 unknown :-1 s=NONE pgs=0 cs=0 l=1 rev1=0 crypto rx=0 tx=0 comp rx=0 tx=0).connect
2023-08-11T12:15:17.072 INFO:teuthology.orchestra.run.smithi008.stdout:/usr/bin/ceph: stderr
2023-08-11T12:15:16.334+0000 7f02b27fc700 1 -- 172.21.15.8:0/1175274544 <== mon.0 v2:172.21.15.8:3300/0 5 ==== osd_map(2..2 src has 1..2) v4 ==== 940+0+0 (secure 0 0 0) 0x7f02b804bfe0 con 0x7f02bc1061b0
2023-08-11T12:15:17.072 INFO:teuthology.orchestra.run.smithi008.stdout:/usr/bin/ceph: stderr
2023-08-11T12:15:16.334+0000 7f02c080e700 1 --2- 172.21.15.8:0/1175274544 >> [v2:172.21.15.8:6800/2832004641,v1:172.21.15.8:6801/2832004641] conn(0x7f02a8038110 0x7f02a803a5d0 unknown :-1 s=BANNER_CONNECTING pgs=0 cs=0 l=1 rev1=0 crypto rx=0 tx=0 comp rx=0 tx=0)._handle_peer_banner_payload supported=3 required=0
2023-08-11T12:15:17.072 INFO:teuthology.orchestra.run.smithi008.stdout:/usr/bin/ceph: stderr
2023-08-11T12:15:16.335+0000 7f02c080e700 1 --2- 172.21.15.8:0/1175274544 >> [v2:172.21.15.8:6800/2832004641,v1:172.21.15.8:6801/2832004641] conn(0x7f02a8038110 0x7f02a803a5d0 secure :-1 s=READY pgs=13 cs=0 l=1 rev1=1 crypto rx=0x7f02ac006fd0 tx=0x7f02ac006e40 comp rx=0 tx=0).ready entity=mgr.14118 client_cookie=0 server_cookie=0 in_seq=0 out_seq=0
2023-08-11T12:15:17.072 INFO:teuthology.orchestra.run.smithi008.stdout:/usr/bin/ceph: stderr
2023-08-11T12:15:16.339+0000 7f02b27fc700 1 -- 172.21.15.8:0/1175274544 <== mon.0 v2:172.21.15.8:3300/0 6 ==== mon_command_ack([{"prefix": "get_command_descriptions"}]=0 v0) v1 ==== 72+0+179220 (secure 0 0 0) 0x7f02b8018b80 con 0x7f02bc1061b0
2023-08-11T12:15:17.072 INFO:teuthology.orchestra.run.smithi008.stdout:/usr/bin/ceph: stderr
2023-08-11T12:15:16.420+0000 7f02b27fc700 1 -- 172.21.15.8:0/1175274544 <== mon.0 v2:172.21.15.8:3300/0 7 ==== config(26 keys) v1 ==== 1105+0+0 (secure 0 0 0) 0x7f02b800bed0 con 0x7f02bc1061b0
2023-08-11T12:15:17.072 INFO:teuthology.orchestra.run.smithi008.stdout:/usr/bin/ceph: stderr
2023-08-11T12:15:16.577+0000 7f02c3273700 1 -- 172.21.15.8:0/1175274544 --> [v2:172.21.15.8:6800/2832004641,v1:172.21.15.8:6801/2832004641] -- mgr_command(tid 0: {"prefix": "orch apply", "service_type": "mgr", "unmanaged": true, "target": ["mon-mgr", ""]}) v1 -- 0x7f02bc103a80 con 0x7f02a8038110
2023-08-11T12:15:17.073 INFO:teuthology.orchestra.run.smithi008.stdout:/usr/bin/ceph: stderr
2023-08-11T12:15:16.582+0000 7f02b27fc700 1 -- 172.21.15.8:0/1175274544 <== mgr.14118 v2:172.21.15.8:6800/2832004641 1 ==== mgr_command_reply(tid 0: 0 ) v1 ==== 8+0+24 (secure 0 0 0) 0x7f02bc103a80 con 0x7f02a8038110
2023-08-11T12:15:17.073 INFO:teuthology.orchestra.run.smithi008.stdout:/usr/bin/ceph: stderr
2023-08-11T12:15:16.584+0000 7f02c3273700 1 -- 172.21.15.8:0/1175274544 >> [v2:172.21.15.8:6800/2832004641,v1:172.21.15.8:6801/2832004641] conn(0x7f02a8038110 msgr2=0x7f02a803a5d0 secure :-1 s=STATE_CONNECTION_ESTABLISHED l=1).mark_down
2023-08-11T12:15:17.073 INFO:teuthology.orchestra.run.smithi008.stdout:/usr/bin/ceph: stderr
2023-08-11T12:15:16.584+0000 7f02c3273700 1 --2- 172.21.15.8:0/1175274544 >> [v2:172.21.15.8:6800/2832004641,v1:172.21.15.8:6801/2832004641] conn(0x7f02a8038110 0x7f02a803a5d0 secure :-1 s=READY pgs=13 cs=0 l=1 rev1=1 crypto rx=0x7f02ac006fd0 tx=0x7f02ac006e40 comp rx=0 tx=0).stop
2023-08-11T12:15:17.073 INFO:teuthology.orchestra.run.smithi008.stdout:/usr/bin/ceph: stderr
2023-08-11T12:15:16.584+0000 7f02c3273700 1 -- 172.21.15.8:0/1175274544 >> [v2:172.21.15.8:3300/0,v1:172.21.15.8:6789/0] conn(0x7f02bc1061b0 msgr2=0x7f02bc19c0b0 secure :-1 s=STATE_CONNECTION_ESTABLISHED l=1).mark_down
2023-08-11T12:15:17.073 INFO:teuthology.orchestra.run.smithi008.stdout:/usr/bin/ceph: stderr
2023-08-11T12:15:16.584+0000 7f02c3273700 1 --2- 172.21.15.8:0/1175274544 >> [v2:172.21.15.8:3300/0,v1:172.21.15.8:6789/0] conn(0x7f02bc1061b0 0x7f02bc19c0b0 secure :-1 s=READY pgs=48 cs=0 l=1 rev1=1 crypto rx=0x7f02b8006af0 tx=0x7f02b8011ad0 comp rx=0 tx=0).stop
2023-08-11T12:15:17.073 INFO:teuthology.orchestra.run.smithi008.stdout:/usr/bin/ceph: stderr
2023-08-11T12:15:16.584+0000 7f02c3273700 1 -- 172.21.15.8:0/1175274544 shutdown_connections
2023-08-11T12:15:17.073 INFO:teuthology.orchestra.run.smithi008.stdout:/usr/bin/ceph: stderr
2023-08-11T12:15:16.584+0000 7f02c3273700 1 --2- 172.21.15.8:0/1175274544 >> [v2:172.21.15.8:6800/2832004641,v1:172.21.15.8:6801/2832004641] conn(0x7f02a8038110 0x7f02a803a5d0 unknown :-1 s=CLOSED pgs=13 cs=0 l=1 rev1=1 crypto rx=0 tx=0 comp rx=0 tx=0).stop
2023-08-11T12:15:17.074 INFO:teuthology.orchestra.run.smithi008.stdout:/usr/bin/ceph: stderr
2023-08-11T12:15:16.584+0000 7f02c3273700 1 --2- 172.21.15.8:0/1175274544 >> [v2:172.21.15.8:3300/0,v1:172.21.15.8:6789/0] conn(0x7f02bc1061b0 0x7f02bc19c0b0 unknown :-1 s=CLOSED pgs=48 cs=0 l=1 rev1=1 crypto rx=0 tx=0 comp rx=0 tx=0).stop
2023-08-11T12:15:17.074 INFO:teuthology.orchestra.run.smithi008.stdout:/usr/bin/ceph: stderr
2023-08-11T12:15:16.584+0000 7f02c3273700 1 -- 172.21.15.8:0/1175274544 >> 172.21.15.8:0/1175274544 conn(0x7f02bc101750 msgr2=0x7f02bc102e20 unknown :-1 s=STATE_NONE l=0).mark_down
2023-08-11T12:15:17.074 INFO:teuthology.orchestra.run.smithi008.stdout:/usr/bin/ceph: stderr
2023-08-11T12:15:16.585+0000 7f02c3273700 1 -- 172.21.15.8:0/1175274544 shutdown_connections
2023-08-11T12:15:17.074 INFO:teuthology.orchestra.run.smithi008.stdout:/usr/bin/ceph: stderr
2023-08-11T12:15:16.585+0000 7f02c3273700 1 -- 172.21.15.8:0/1175274544 wait complete.
2023-08-11T12:15:17.803 INFO:journalctl@ceph.mon.a.smithi008.stdout:Aug 11 12:15:17 smithi008 ceph-mon[97158]: from='mgr.14118 172.21.15.8:0/2457302423' entity='mgr.x'
2023-08-11T12:15:17.803 INFO:journalctl@ceph.mon.a.smithi008.stdout:Aug 11 12:15:17 smithi008 ceph-mon[97158]: from='client.14142 -' entity='client.admin' cmd=[{"prefix": "orch apply", "service_type": "mgr", "unmanaged": true, "target": ["mon-mgr", ""]}]: dispatch
2023-08-11T12:15:17.803 INFO:journalctl@ceph.mon.a.smithi008.stdout:Aug 11 12:15:17 smithi008 ceph-mon[97158]: Saving service mgr spec with placement count:2
2023-08-11T12:15:17.804 INFO:journalctl@ceph.mon.a.smithi008.stdout:Aug 11 12:15:17 smithi008 ceph-mon[97158]: from='mgr.14118 172.21.15.8:0/2457302423' entity='mgr.x'
2023-08-11T12:15:17.804 INFO:journalctl@ceph.mon.a.smithi008.stdout:Aug 11 12:15:17 smithi008 ceph-mon[97158]: from='mgr.14118 172.21.15.8:0/2457302423' entity='mgr.x'
2023-08-11T12:15:18.549 INFO:teuthology.orchestra.run.smithi008.stdout:/usr/bin/ceph: stderr
2023-08-11T12:15:17.672+0000 7fe2039aa700 1 Processor -- start
2023-08-11T12:15:18.549 INFO:teuthology.orchestra.run.smithi008.stdout:/usr/bin/ceph: stderr
2023-08-11T12:15:17.673+0000 7fe2039aa700 1 -- start start
2023-08-11T12:15:18.549 INFO:teuthology.orchestra.run.smithi008.stdout:/usr/bin/ceph: stderr
2023-08-11T12:15:17.673+0000 7fe2039aa700 1 --2- >> [v2:172.21.15.8:3300/0,v1:172.21.15.8:6789/0] conn(0x7fe1fc07be30 0x7fe1fc07a290 unknown :-1 s=NONE pgs=0 cs=0 l=0 rev1=0 crypto rx=0 tx=0 comp rx=0 tx=0).connect
2023-08-11T12:15:18.549 INFO:teuthology.orchestra.run.smithi008.stdout:/usr/bin/ceph: stderr
2023-08-11T12:15:17.673+0000 7fe2039aa700 1 -- --> [v2:172.21.15.8:3300/0,v1:172.21.15.8:6789/0] -- mon_getmap magic: 0 v1 -- 0x7fe1fc07a860 con 0x7fe1fc07be30
2023-08-11T12:15:18.549 INFO:teuthology.orchestra.run.smithi008.stdout:/usr/bin/ceph: stderr
2023-08-11T12:15:17.673+0000 7fe201746700 1 --2- >> [v2:172.21.15.8:3300/0,v1:172.21.15.8:6789/0] conn(0x7fe1fc07be30 0x7fe1fc07a290 unknown :-1 s=BANNER_CONNECTING pgs=0 cs=0 l=0 rev1=0 crypto rx=0 tx=0 comp rx=0 tx=0)._handle_peer_banner_payload supported=3 required=0
2023-08-11T12:15:18.550 INFO:teuthology.orchestra.run.smithi008.stdout:/usr/bin/ceph: stderr
2023-08-11T12:15:17.674+0000 7fe201746700 1 --2- >> [v2:172.21.15.8:3300/0,v1:172.21.15.8:6789/0] conn(0x7fe1fc07be30 0x7fe1fc07a290 unknown :-1 s=HELLO_CONNECTING pgs=0 cs=0 l=0 rev1=1 crypto rx=0 tx=0 comp rx=0 tx=0).handle_hello peer v2:172.21.15.8:3300/0 says I am v2:172.21.15.8:33812/0 (socket says 172.21.15.8:33812)
2023-08-11T12:15:18.550 INFO:teuthology.orchestra.run.smithi008.stdout:/usr/bin/ceph: stderr
2023-08-11T12:15:17.674+0000 7fe201746700 1 -- 172.21.15.8:0/4227773844 learned_addr learned my addr 172.21.15.8:0/4227773844 (peer_addr_for_me v2:172.21.15.8:0/0)
2023-08-11T12:15:18.550 INFO:teuthology.orchestra.run.smithi008.stdout:/usr/bin/ceph: stderr
2023-08-11T12:15:17.674+0000 7fe201746700 1 -- 172.21.15.8:0/4227773844 --> [v2:172.21.15.8:3300/0,v1:172.21.15.8:6789/0] -- mon_subscribe({config=0+,monmap=0+}) v3 -- 0x7fe1fc07a9a0 con 0x7fe1fc07be30
2023-08-11T12:15:18.550 INFO:teuthology.orchestra.run.smithi008.stdout:/usr/bin/ceph: stderr
2023-08-11T12:15:17.674+0000 7fe201746700 1 --2- 172.21.15.8:0/4227773844 >> [v2:172.21.15.8:3300/0,v1:172.21.15.8:6789/0] conn(0x7fe1fc07be30 0x7fe1fc07a290 secure :-1 s=READY pgs=49 cs=0 l=1 rev1=1 crypto rx=0x7fe1f80098a0 tx=0x7fe1f8009bb0 comp rx=0 tx=0).ready entity=mon.0 client_cookie=58d44dfe5148e73 server_cookie=0 in_seq=0 out_seq=0
2023-08-11T12:15:18.550 INFO:teuthology.orchestra.run.smithi008.stdout:/usr/bin/ceph: stderr
2023-08-11T12:15:17.674+0000 7fe1f3fff700 1 -- 172.21.15.8:0/4227773844 <== mon.0 v2:172.21.15.8:3300/0 1 ==== mon_map magic: 0 v1 ==== 205+0+0 (secure 0 0 0) 0x7fe1f8004160 con 0x7fe1fc07be30
2023-08-11T12:15:18.550 INFO:teuthology.orchestra.run.smithi008.stdout:/usr/bin/ceph: stderr
2023-08-11T12:15:17.674+0000 7fe1f3fff700 1 -- 172.21.15.8:0/4227773844 <== mon.0 v2:172.21.15.8:3300/0 2 ==== config(26 keys) v1 ==== 1105+0+0 (secure 0 0 0) 0x7fe1f80042c0 con 0x7fe1fc07be30
2023-08-11T12:15:18.551 INFO:teuthology.orchestra.run.smithi008.stdout:/usr/bin/ceph: stderr
2023-08-11T12:15:17.674+0000 7fe1f3fff700 1 -- 172.21.15.8:0/4227773844 <== mon.0 v2:172.21.15.8:3300/0 3 ==== mon_map magic: 0 v1 ==== 205+0+0 (secure 0 0 0) 0x7fe1f80119b0 con 0x7fe1fc07be30
2023-08-11T12:15:18.551 INFO:teuthology.orchestra.run.smithi008.stdout:/usr/bin/ceph: stderr
2023-08-11T12:15:17.675+0000 7fe2039aa700 1 -- 172.21.15.8:0/4227773844 >> [v2:172.21.15.8:3300/0,v1:172.21.15.8:6789/0] conn(0x7fe1fc07be30 msgr2=0x7fe1fc07a290 secure :-1 s=STATE_CONNECTION_ESTABLISHED l=1).mark_down
2023-08-11T12:15:18.551 INFO:teuthology.orchestra.run.smithi008.stdout:/usr/bin/ceph: stderr
2023-08-11T12:15:17.675+0000 7fe2039aa700 1 --2- 172.21.15.8:0/4227773844 >> [v2:172.21.15.8:3300/0,v1:172.21.15.8:6789/0] conn(0x7fe1fc07be30 0x7fe1fc07a290 secure :-1 s=READY pgs=49 cs=0 l=1 rev1=1 crypto rx=0x7fe1f80098a0 tx=0x7fe1f8009bb0 comp rx=0 tx=0).stop
2023-08-11T12:15:18.551 INFO:teuthology.orchestra.run.smithi008.stdout:/usr/bin/ceph: stderr
2023-08-11T12:15:17.675+0000 7fe2039aa700 1 -- 172.21.15.8:0/4227773844 shutdown_connections
2023-08-11T12:15:18.551 INFO:teuthology.orchestra.run.smithi008.stdout:/usr/bin/ceph: stderr
2023-08-11T12:15:17.675+0000 7fe2039aa700 1 --2- 172.21.15.8:0/4227773844 >> [v2:172.21.15.8:3300/0,v1:172.21.15.8:6789/0] conn(0x7fe1fc07be30 0x7fe1fc07a290 unknown :-1 s=CLOSED pgs=49 cs=0 l=1 rev1=1 crypto rx=0 tx=0 comp rx=0 tx=0).stop
2023-08-11T12:15:18.551 INFO:teuthology.orchestra.run.smithi008.stdout:/usr/bin/ceph: stderr
2023-08-11T12:15:17.675+0000 7fe2039aa700 1 -- 172.21.15.8:0/4227773844 >> 172.21.15.8:0/4227773844 conn(0x7fe1fc101750 msgr2=0x7fe1fc103b90 unknown :-1 s=STATE_NONE l=0).mark_down
2023-08-11T12:15:18.551 INFO:teuthology.orchestra.run.smithi008.stdout:/usr/bin/ceph: stderr
2023-08-11T12:15:17.675+0000 7fe2039aa700 1 -- 172.21.15.8:0/4227773844 shutdown_connections
2023-08-11T12:15:18.552 INFO:teuthology.orchestra.run.smithi008.stdout:/usr/bin/ceph: stderr
2023-08-11T12:15:17.675+0000 7fe2039aa700 1 -- 172.21.15.8:0/4227773844 wait complete.
2023-08-11T12:15:18.552 INFO:teuthology.orchestra.run.smithi008.stdout:/usr/bin/ceph: stderr
2023-08-11T12:15:17.676+0000 7fe2039aa700 1 Processor -- start
2023-08-11T12:15:18.552 INFO:teuthology.orchestra.run.smithi008.stdout:/usr/bin/ceph: stderr
2023-08-11T12:15:17.677+0000 7fe2039aa700 1 -- start start
2023-08-11T12:15:18.553 INFO:teuthology.orchestra.run.smithi008.stdout:/usr/bin/ceph: stderr
2023-08-11T12:15:17.677+0000 7fe2039aa700 1 --2- >> [v2:172.21.15.8:3300/0,v1:172.21.15.8:6789/0] conn(0x7fe1fc07be30 0x7fe1fc19c0e0 unknown :-1 s=NONE pgs=0 cs=0 l=1 rev1=0 crypto rx=0 tx=0 comp rx=0 tx=0).connect
2023-08-11T12:15:18.553 INFO:teuthology.orchestra.run.smithi008.stdout:/usr/bin/ceph: stderr
2023-08-11T12:15:17.677+0000 7fe2039aa700 1 -- --> [v2:172.21.15.8:3300/0,v1:172.21.15.8:6789/0] -- mon_getmap magic: 0 v1 -- 0x7fe1fc19c620 con 0x7fe1fc07be30
2023-08-11T12:15:18.553 INFO:teuthology.orchestra.run.smithi008.stdout:/usr/bin/ceph: stderr
2023-08-11T12:15:17.677+0000 7fe201746700 1 --2- >> [v2:172.21.15.8:3300/0,v1:172.21.15.8:6789/0] conn(0x7fe1fc07be30 0x7fe1fc19c0e0 unknown :-1 s=BANNER_CONNECTING pgs=0 cs=0 l=1 rev1=0 crypto rx=0 tx=0 comp rx=0 tx=0)._handle_peer_banner_payload supported=3 required=0
2023-08-11T12:15:18.553 INFO:teuthology.orchestra.run.smithi008.stdout:/usr/bin/ceph: stderr
2023-08-11T12:15:17.677+0000 7fe201746700 1 --2- >> [v2:172.21.15.8:3300/0,v1:172.21.15.8:6789/0] conn(0x7fe1fc07be30 0x7fe1fc19c0e0 unknown :-1 s=HELLO_CONNECTING pgs=0 cs=0 l=1 rev1=1 crypto rx=0 tx=0 comp rx=0 tx=0).handle_hello peer v2:172.21.15.8:3300/0 says I am v2:172.21.15.8:33818/0 (socket says 172.21.15.8:33818)
2023-08-11T12:15:18.553 INFO:teuthology.orchestra.run.smithi008.stdout:/usr/bin/ceph: stderr
2023-08-11T12:15:17.677+0000 7fe201746700 1 -- 172.21.15.8:0/492362849 learned_addr learned my addr 172.21.15.8:0/492362849 (peer_addr_for_me v2:172.21.15.8:0/0)
2023-08-11T12:15:18.554 INFO:teuthology.orchestra.run.smithi008.stdout:/usr/bin/ceph: stderr
2023-08-11T12:15:17.677+0000 7fe201746700 1 -- 172.21.15.8:0/492362849 --> [v2:172.21.15.8:3300/0,v1:172.21.15.8:6789/0] -- mon_subscribe({config=0+,monmap=0+}) v3 -- 0x7fe1f8009550 con 0x7fe1fc07be30
2023-08-11T12:15:18.554 INFO:teuthology.orchestra.run.smithi008.stdout:/usr/bin/ceph: stderr
2023-08-11T12:15:17.678+0000 7fe201746700 1 --2- 172.21.15.8:0/492362849 >> [v2:172.21.15.8:3300/0,v1:172.21.15.8:6789/0] conn(0x7fe1fc07be30 0x7fe1fc19c0e0 secure :-1 s=READY pgs=50 cs=0 l=1 rev1=1 crypto rx=0x7fe1f8000c00 tx=0x7fe1f8011a30 comp rx=0 tx=0).ready entity=mon.0 client_cookie=0 server_cookie=0 in_seq=0 out_seq=0
2023-08-11T12:15:18.554 INFO:teuthology.orchestra.run.smithi008.stdout:/usr/bin/ceph: stderr
2023-08-11T12:15:17.678+0000 7fe1f27fc700 1 -- 172.21.15.8:0/492362849 <== mon.0 v2:172.21.15.8:3300/0 1 ==== mon_map magic: 0 v1 ==== 205+0+0 (secure 0 0 0) 0x7fe1f80039f0 con 0x7fe1fc07be30
2023-08-11T12:15:18.554 INFO:teuthology.orchestra.run.smithi008.stdout:/usr/bin/ceph: stderr
2023-08-11T12:15:17.678+0000 7fe1f27fc700 1 -- 172.21.15.8:0/492362849 <== mon.0 v2:172.21.15.8:3300/0 2 ==== config(26 keys) v1 ==== 1105+0+0 (secure 0 0 0) 0x7fe1f8003b50 con 0x7fe1fc07be30
2023-08-11T12:15:18.554 INFO:teuthology.orchestra.run.smithi008.stdout:/usr/bin/ceph: stderr
2023-08-11T12:15:17.678+0000 7fe1f27fc700 1 -- 172.21.15.8:0/492362849 <== mon.0 v2:172.21.15.8:3300/0 3 ==== mon_map magic: 0 v1 ==== 205+0+0 (secure 0 0 0) 0x7fe1f801a780 con 0x7fe1fc07be30
2023-08-11T12:15:18.555 INFO:teuthology.orchestra.run.smithi008.stdout:/usr/bin/ceph: stderr
2023-08-11T12:15:17.678+0000 7fe2039aa700 1 -- 172.21.15.8:0/492362849 --> [v2:172.21.15.8:3300/0,v1:172.21.15.8:6789/0] -- mon_subscribe({mgrmap=0+}) v3 -- 0x7fe1fc19c820 con 0x7fe1fc07be30
2023-08-11T12:15:18.555 INFO:teuthology.orchestra.run.smithi008.stdout:/usr/bin/ceph: stderr
2023-08-11T12:15:17.678+0000 7fe2039aa700 1 -- 172.21.15.8:0/492362849 --> [v2:172.21.15.8:3300/0,v1:172.21.15.8:6789/0] -- mon_subscribe({osdmap=0}) v3 -- 0x7fe1fc19cc40 con 0x7fe1fc07be30
2023-08-11T12:15:18.555 INFO:teuthology.orchestra.run.smithi008.stdout:/usr/bin/ceph: stderr
2023-08-11T12:15:17.679+0000 7fe1f27fc700 1 -- 172.21.15.8:0/492362849 <== mon.0 v2:172.21.15.8:3300/0 4 ==== mgrmap(e 8) v1 ==== 45135+0+0 (secure 0 0 0) 0x7fe1f8024440 con 0x7fe1fc07be30
2023-08-11T12:15:18.555 INFO:teuthology.orchestra.run.smithi008.stdout:/usr/bin/ceph: stderr
2023-08-11T12:15:17.679+0000 7fe2039aa700 1 -- 172.21.15.8:0/492362849 --> [v2:172.21.15.8:3300/0,v1:172.21.15.8:6789/0] -- mon_command({"prefix": "get_command_descriptions"} v 0) v1 -- 0x7fe1fc1961b0 con 0x7fe1fc07be30
2023-08-11T12:15:18.555 INFO:teuthology.orchestra.run.smithi008.stdout:/usr/bin/ceph: stderr
2023-08-11T12:15:17.680+0000 7fe1f27fc700 1 --2- 172.21.15.8:0/492362849 >> [v2:172.21.15.8:6800/2832004641,v1:172.21.15.8:6801/2832004641] conn(0x7fe1e8038160 0x7fe1e803a620 unknown :-1 s=NONE pgs=0 cs=0 l=1 rev1=0 crypto rx=0 tx=0 comp rx=0 tx=0).connect
2023-08-11T12:15:18.555 INFO:teuthology.orchestra.run.smithi008.stdout:/usr/bin/ceph: stderr
2023-08-11T12:15:17.680+0000 7fe1f27fc700 1 -- 172.21.15.8:0/492362849 <== mon.0 v2:172.21.15.8:3300/0 5 ==== osd_map(2..2 src has 1..2) v4 ==== 940+0+0 (secure 0 0 0) 0x7fe1f804c080 con 0x7fe1fc07be30
2023-08-11T12:15:18.555 INFO:teuthology.orchestra.run.smithi008.stdout:/usr/bin/ceph: stderr
2023-08-11T12:15:17.680+0000 7fe200f45700 1 --2- 172.21.15.8:0/492362849 >> [v2:172.21.15.8:6800/2832004641,v1:172.21.15.8:6801/2832004641] conn(0x7fe1e8038160 0x7fe1e803a620 unknown :-1 s=BANNER_CONNECTING pgs=0 cs=0 l=1 rev1=0 crypto rx=0 tx=0 comp rx=0 tx=0)._handle_peer_banner_payload supported=3 required=0
2023-08-11T12:15:18.556 INFO:teuthology.orchestra.run.smithi008.stdout:/usr/bin/ceph: stderr
2023-08-11T12:15:17.681+0000 7fe200f45700 1 --2- 172.21.15.8:0/492362849 >> [v2:172.21.15.8:6800/2832004641,v1:172.21.15.8:6801/2832004641] conn(0x7fe1e8038160 0x7fe1e803a620 secure :-1 s=READY pgs=14 cs=0 l=1 rev1=1 crypto rx=0x7fe1ec006fd0 tx=0x7fe1ec006e40 comp rx=0 tx=0).ready entity=mgr.14118 client_cookie=0 server_cookie=0 in_seq=0 out_seq=0
2023-08-11T12:15:18.556 INFO:teuthology.orchestra.run.smithi008.stdout:/usr/bin/ceph: stderr
2023-08-11T12:15:17.685+0000 7fe1f27fc700 1 -- 172.21.15.8:0/492362849 <== mon.0 v2:172.21.15.8:3300/0 6 ==== mon_command_ack([{"prefix": "get_command_descriptions"}]=0 v0) v1 ==== 72+0+179220 (secure 0 0 0) 0x7fe1f80246f0 con 0x7fe1fc07be30
2023-08-11T12:15:18.556 INFO:teuthology.orchestra.run.smithi008.stdout:/usr/bin/ceph: stderr
2023-08-11T12:15:17.900+0000 7fe2039aa700 1 -- 172.21.15.8:0/492362849 --> [v2:172.21.15.8:3300/0,v1:172.21.15.8:6789/0] -- mon_command([{prefix=config set, name=mgr/cephadm/container_init}] v 0) v1 -- 0x7fe1fc061f50 con 0x7fe1fc07be30
2023-08-11T12:15:18.556 INFO:teuthology.orchestra.run.smithi008.stdout:/usr/bin/ceph: stderr
2023-08-11T12:15:17.903+0000 7fe1f27fc700 1 -- 172.21.15.8:0/492362849 <== mon.0 v2:172.21.15.8:3300/0 7 ==== mon_command_ack([{prefix=config set, name=mgr/cephadm/container_init}]=0 v7)=0 v7) v1 ==== 142+0+0 (secure 0 0 0) 0x7fe1f8018350 con 0x7fe1fc07be30
2023-08-11T12:15:18.556 INFO:teuthology.orchestra.run.smithi008.stdout:/usr/bin/ceph: stderr
2023-08-11T12:15:17.906+0000 7fe2039aa700 1 -- 172.21.15.8:0/492362849 >> [v2:172.21.15.8:6800/2832004641,v1:172.21.15.8:6801/2832004641] conn(0x7fe1e8038160 msgr2=0x7fe1e803a620 secure :-1 s=STATE_CONNECTION_ESTABLISHED l=1).mark_down
2023-08-11T12:15:18.556 INFO:teuthology.orchestra.run.smithi008.stdout:/usr/bin/ceph: stderr
2023-08-11T12:15:17.906+0000 7fe2039aa700 1 --2- 172.21.15.8:0/492362849 >> [v2:172.21.15.8:6800/2832004641,v1:172.21.15.8:6801/2832004641] conn(0x7fe1e8038160 0x7fe1e803a620 secure :-1 s=READY pgs=14 cs=0 l=1 rev1=1 crypto rx=0x7fe1ec006fd0 tx=0x7fe1ec006e40 comp rx=0 tx=0).stop
2023-08-11T12:15:18.556 INFO:teuthology.orchestra.run.smithi008.stdout:/usr/bin/ceph: stderr
2023-08-11T12:15:17.906+0000 7fe2039aa700 1 -- 172.21.15.8:0/492362849 >> [v2:172.21.15.8:3300/0,v1:172.21.15.8:6789/0] conn(0x7fe1fc07be30 msgr2=0x7fe1fc19c0e0 secure :-1 s=STATE_CONNECTION_ESTABLISHED l=1).mark_down
2023-08-11T12:15:18.557 INFO:teuthology.orchestra.run.smithi008.stdout:/usr/bin/ceph: stderr
2023-08-11T12:15:17.906+0000 7fe2039aa700 1 --2- 172.21.15.8:0/492362849 >> [v2:172.21.15.8:3300/0,v1:172.21.15.8:6789/0] conn(0x7fe1fc07be30 0x7fe1fc19c0e0 secure :-1 s=READY pgs=50 cs=0 l=1 rev1=1 crypto rx=0x7fe1f8000c00 tx=0x7fe1f8011a30 comp rx=0 tx=0).stop
2023-08-11T12:15:18.557 INFO:teuthology.orchestra.run.smithi008.stdout:/usr/bin/ceph: stderr
2023-08-11T12:15:17.906+0000 7fe2039aa700 1 -- 172.21.15.8:0/492362849 shutdown_connections
2023-08-11T12:15:18.557 INFO:teuthology.orchestra.run.smithi008.stdout:/usr/bin/ceph: stderr
2023-08-11T12:15:17.906+0000 7fe2039aa700 1 --2- 172.21.15.8:0/492362849 >> [v2:172.21.15.8:6800/2832004641,v1:172.21.15.8:6801/2832004641] conn(0x7fe1e8038160 0x7fe1e803a620 unknown :-1 s=CLOSED pgs=14 cs=0 l=1 rev1=1 crypto rx=0 tx=0 comp rx=0 tx=0).stop
2023-08-11T12:15:18.557 INFO:teuthology.orchestra.run.smithi008.stdout:/usr/bin/ceph: stderr
2023-08-11T12:15:17.906+0000 7fe2039aa700 1 --2- 172.21.15.8:0/492362849 >> [v2:172.21.15.8:3300/0,v1:172.21.15.8:6789/0] conn(0x7fe1fc07be30 0x7fe1fc19c0e0 unknown :-1 s=CLOSED pgs=50 cs=0 l=1 rev1=1 crypto rx=0 tx=0 comp rx=0 tx=0).stop
2023-08-11T12:15:18.557 INFO:teuthology.orchestra.run.smithi008.stdout:/usr/bin/ceph: stderr
2023-08-11T12:15:17.906+0000 7fe2039aa700 1 -- 172.21.15.8:0/492362849 >> 172.21.15.8:0/492362849 conn(0x7fe1fc101750 msgr2=0x7fe1fc102ee0 unknown :-1 s=STATE_NONE l=0).mark_down
2023-08-11T12:15:18.557 INFO:teuthology.orchestra.run.smithi008.stdout:/usr/bin/ceph: stderr
2023-08-11T12:15:17.906+0000 7fe2039aa700 1 -- 172.21.15.8:0/492362849 shutdown_connections
2023-08-11T12:15:18.557 INFO:teuthology.orchestra.run.smithi008.stdout:/usr/bin/ceph: stderr
2023-08-11T12:15:17.907+0000 7fe2039aa700 1 -- 172.21.15.8:0/492362849 wait complete.
2023-08-11T12:15:19.303 INFO:journalctl@ceph.mon.a.smithi008.stdout:Aug 11 12:15:18 smithi008 ceph-mon[97158]: from='client.? 172.21.15.8:0/492362849' entity='client.admin'
2023-08-11T12:15:19.931 INFO:teuthology.orchestra.run.smithi008.stdout:/usr/bin/ceph: stderr
2023-08-11T12:15:19.134+0000 7fac08164700 1 Processor -- start
2023-08-11T12:15:19.931 INFO:teuthology.orchestra.run.smithi008.stdout:/usr/bin/ceph: stderr
2023-08-11T12:15:19.134+0000 7fac08164700 1 -- start start
2023-08-11T12:15:19.931 INFO:teuthology.orchestra.run.smithi008.stdout:/usr/bin/ceph: stderr
2023-08-11T12:15:19.134+0000 7fac08164700 1 --2- >> [v2:172.21.15.8:3300/0,v1:172.21.15.8:6789/0] conn(0x7fac001061b0 0x7fac001065d0 unknown :-1 s=NONE pgs=0 cs=0 l=0 rev1=0 crypto rx=0 tx=0 comp rx=0 tx=0).connect
2023-08-11T12:15:19.932 INFO:teuthology.orchestra.run.smithi008.stdout:/usr/bin/ceph: stderr
2023-08-11T12:15:19.134+0000 7fac08164700 1 -- --> [v2:172.21.15.8:3300/0,v1:172.21.15.8:6789/0] -- mon_getmap magic: 0 v1 -- 0x7fac00106ba0 con 0x7fac001061b0
2023-08-11T12:15:19.932 INFO:teuthology.orchestra.run.smithi008.stdout:/usr/bin/ceph: stderr
2023-08-11T12:15:19.135+0000 7fac05f00700 1 --2- >> [v2:172.21.15.8:3300/0,v1:172.21.15.8:6789/0] conn(0x7fac001061b0 0x7fac001065d0 unknown :-1 s=BANNER_CONNECTING pgs=0 cs=0 l=0 rev1=0 crypto rx=0 tx=0 comp rx=0 tx=0)._handle_peer_banner_payload supported=3 required=0
2023-08-11T12:15:19.932 INFO:teuthology.orchestra.run.smithi008.stdout:/usr/bin/ceph: stderr
2023-08-11T12:15:19.135+0000 7fac05f00700 1 --2- >> [v2:172.21.15.8:3300/0,v1:172.21.15.8:6789/0] conn(0x7fac001061b0 0x7fac001065d0 unknown :-1 s=HELLO_CONNECTING pgs=0 cs=0 l=0 rev1=1 crypto rx=0 tx=0 comp rx=0 tx=0).handle_hello peer v2:172.21.15.8:3300/0 says I am v2:172.21.15.8:56392/0 (socket says 172.21.15.8:56392)
2023-08-11T12:15:19.932 INFO:teuthology.orchestra.run.smithi008.stdout:/usr/bin/ceph: stderr
2023-08-11T12:15:19.135+0000 7fac05f00700 1 -- 172.21.15.8:0/1687156148 learned_addr learned my addr 172.21.15.8:0/1687156148 (peer_addr_for_me v2:172.21.15.8:0/0)
2023-08-11T12:15:19.932 INFO:teuthology.orchestra.run.smithi008.stdout:/usr/bin/ceph: stderr
2023-08-11T12:15:19.135+0000 7fac05f00700 1 -- 172.21.15.8:0/1687156148 --> [v2:172.21.15.8:3300/0,v1:172.21.15.8:6789/0] -- mon_subscribe({config=0+,monmap=0+}) v3 -- 0x7fac001073b0 con 0x7fac001061b0
2023-08-11T12:15:19.932 INFO:teuthology.orchestra.run.smithi008.stdout:/usr/bin/ceph: stderr
2023-08-11T12:15:19.136+0000 7fac05f00700 1 --2- 172.21.15.8:0/1687156148 >> [v2:172.21.15.8:3300/0,v1:172.21.15.8:6789/0] conn(0x7fac001061b0 0x7fac001065d0 secure :-1 s=READY pgs=51 cs=0 l=1 rev1=1 crypto rx=0x7fabfc0098a0 tx=0x7fabfc009bb0 comp rx=0 tx=0).ready entity=mon.0 client_cookie=b1ff64a0a453fbaa server_cookie=0 in_seq=0 out_seq=0
2023-08-11T12:15:19.933 INFO:teuthology.orchestra.run.smithi008.stdout:/usr/bin/ceph: stderr
2023-08-11T12:15:19.136+0000 7fac04efe700 1 -- 172.21.15.8:0/1687156148 <== mon.0 v2:172.21.15.8:3300/0 1 ==== mon_map magic: 0 v1 ==== 205+0+0 (secure 0 0 0) 0x7fabfc004160 con 0x7fac001061b0
2023-08-11T12:15:19.933 INFO:teuthology.orchestra.run.smithi008.stdout:/usr/bin/ceph: stderr
2023-08-11T12:15:19.136+0000 7fac04efe700 1 -- 172.21.15.8:0/1687156148 <== mon.0 v2:172.21.15.8:3300/0 2 ==== config(26 keys) v1 ==== 1105+0+0 (secure 0 0 0) 0x7fabfc0042c0 con 0x7fac001061b0
2023-08-11T12:15:19.933 INFO:teuthology.orchestra.run.smithi008.stdout:/usr/bin/ceph: stderr
2023-08-11T12:15:19.136+0000 7fac04efe700 1 -- 172.21.15.8:0/1687156148 <== mon.0 v2:172.21.15.8:3300/0 3 ==== mon_map magic: 0 v1 ==== 205+0+0 (secure 0 0 0) 0x7fabfc0119b0 con 0x7fac001061b0
2023-08-11T12:15:19.933 INFO:teuthology.orchestra.run.smithi008.stdout:/usr/bin/ceph: stderr
2023-08-11T12:15:19.137+0000 7fac08164700 1 -- 172.21.15.8:0/1687156148 >> [v2:172.21.15.8:3300/0,v1:172.21.15.8:6789/0] conn(0x7fac001061b0 msgr2=0x7fac001065d0 secure :-1 s=STATE_CONNECTION_ESTABLISHED l=1).mark_down
2023-08-11T12:15:19.933 INFO:teuthology.orchestra.run.smithi008.stdout:/usr/bin/ceph: stderr
2023-08-11T12:15:19.137+0000 7fac08164700 1 --2- 172.21.15.8:0/1687156148 >> [v2:172.21.15.8:3300/0,v1:172.21.15.8:6789/0] conn(0x7fac001061b0 0x7fac001065d0 secure :-1 s=READY pgs=51 cs=0 l=1 rev1=1 crypto rx=0x7fabfc0098a0 tx=0x7fabfc009bb0 comp rx=0 tx=0).stop
2023-08-11T12:15:19.933 INFO:teuthology.orchestra.run.smithi008.stdout:/usr/bin/ceph: stderr
2023-08-11T12:15:19.137+0000 7fac08164700 1 -- 172.21.15.8:0/1687156148 shutdown_connections
2023-08-11T12:15:19.933 INFO:teuthology.orchestra.run.smithi008.stdout:/usr/bin/ceph: stderr
2023-08-11T12:15:19.137+0000 7fac08164700 1 --2- 172.21.15.8:0/1687156148 >> [v2:172.21.15.8:3300/0,v1:172.21.15.8:6789/0] conn(0x7fac001061b0 0x7fac001065d0 unknown :-1 s=CLOSED pgs=51 cs=0 l=1 rev1=1 crypto rx=0 tx=0 comp rx=0 tx=0).stop
2023-08-11T12:15:19.933 INFO:teuthology.orchestra.run.smithi008.stdout:/usr/bin/ceph: stderr
2023-08-11T12:15:19.137+0000 7fac08164700 1 -- 172.21.15.8:0/1687156148 >> 172.21.15.8:0/1687156148 conn(0x7fac00101750 msgr2=0x7fac00103b90 unknown :-1 s=STATE_NONE l=0).mark_down
2023-08-11T12:15:19.934 INFO:teuthology.orchestra.run.smithi008.stdout:/usr/bin/ceph: stderr
2023-08-11T12:15:19.137+0000 7fac08164700 1 -- 172.21.15.8:0/1687156148 shutdown_connections
2023-08-11T12:15:19.934 INFO:teuthology.orchestra.run.smithi008.stdout:/usr/bin/ceph: stderr
2023-08-11T12:15:19.137+0000 7fac08164700 1 -- 172.21.15.8:0/1687156148 wait complete.
2023-08-11T12:15:19.934 INFO:teuthology.orchestra.run.smithi008.stdout:/usr/bin/ceph: stderr
2023-08-11T12:15:19.138+0000 7fac08164700 1 Processor -- start
2023-08-11T12:15:19.934 INFO:teuthology.orchestra.run.smithi008.stdout:/usr/bin/ceph: stderr
2023-08-11T12:15:19.139+0000 7fac08164700 1 -- start start
2023-08-11T12:15:19.934 INFO:teuthology.orchestra.run.smithi008.stdout:/usr/bin/ceph: stderr
2023-08-11T12:15:19.139+0000 7fac08164700 1 --2- >> [v2:172.21.15.8:3300/0,v1:172.21.15.8:6789/0] conn(0x7fac001061b0 0x7fac0019c0d0 unknown :-1 s=NONE pgs=0 cs=0 l=1 rev1=0 crypto rx=0 tx=0 comp rx=0 tx=0).connect
2023-08-11T12:15:19.934 INFO:teuthology.orchestra.run.smithi008.stdout:/usr/bin/ceph: stderr
2023-08-11T12:15:19.139+0000 7fac08164700 1 -- --> [v2:172.21.15.8:3300/0,v1:172.21.15.8:6789/0] -- mon_getmap magic: 0 v1 -- 0x7fac0019c610 con 0x7fac001061b0
2023-08-11T12:15:19.934 INFO:teuthology.orchestra.run.smithi008.stdout:/usr/bin/ceph: stderr
2023-08-11T12:15:19.139+0000 7fac05f00700 1 --2- >> [v2:172.21.15.8:3300/0,v1:172.21.15.8:6789/0] conn(0x7fac001061b0 0x7fac0019c0d0 unknown :-1 s=BANNER_CONNECTING pgs=0 cs=0 l=1 rev1=0 crypto rx=0 tx=0 comp rx=0 tx=0)._handle_peer_banner_payload supported=3 required=0
2023-08-11T12:15:19.935 INFO:teuthology.orchestra.run.smithi008.stdout:/usr/bin/ceph: stderr
2023-08-11T12:15:19.139+0000 7fac05f00700 1 --2- >> [v2:172.21.15.8:3300/0,v1:172.21.15.8:6789/0] conn(0x7fac001061b0 0x7fac0019c0d0 unknown :-1 s=HELLO_CONNECTING pgs=0 cs=0 l=1 rev1=1 crypto rx=0 tx=0 comp rx=0 tx=0).handle_hello peer v2:172.21.15.8:3300/0 says I am v2:172.21.15.8:56404/0 (socket says 172.21.15.8:56404)
