2023-08-11T13:11:15.222+0000 7f989e7fc700 1 -- 172.21.15.50:0/4255854712 <== mon.0 v2:172.21.15.50:3300/0 3 ==== mon_map magic: 0 v1 ==== 205+0+0 (secure 0 0 0) 0x7f9890011a00 con 0x7f98a007ada0
2023-08-11T13:11:16.031 INFO:teuthology.orchestra.run.smithi050.stdout:/usr/bin/ceph: stderr
2023-08-11T13:11:15.223+0000 7f98a5d0e700 1 -- 172.21.15.50:0/4255854712 >> [v2:172.21.15.50:3300/0,v1:172.21.15.50:6789/0] conn(0x7f98a007ada0 msgr2=0x7f98a0079200 secure :-1 s=STATE_CONNECTION_ESTABLISHED l=1).mark_down
2023-08-11T13:11:16.031 INFO:teuthology.orchestra.run.smithi050.stdout:/usr/bin/ceph: stderr
2023-08-11T13:11:15.223+0000 7f98a5d0e700 1 --2- 172.21.15.50:0/4255854712 >> [v2:172.21.15.50:3300/0,v1:172.21.15.50:6789/0] conn(0x7f98a007ada0 0x7f98a0079200 secure :-1 s=READY pgs=39 cs=0 l=1 rev1=1 crypto rx=0x7f98900098a0 tx=0x7f9890009bb0 comp rx=0 tx=0).stop
2023-08-11T13:11:16.031 INFO:teuthology.orchestra.run.smithi050.stdout:/usr/bin/ceph: stderr
2023-08-11T13:11:15.223+0000 7f98a5d0e700 1 -- 172.21.15.50:0/4255854712 shutdown_connections
2023-08-11T13:11:16.032 INFO:teuthology.orchestra.run.smithi050.stdout:/usr/bin/ceph: stderr
2023-08-11T13:11:15.223+0000 7f98a5d0e700 1 --2- 172.21.15.50:0/4255854712 >> [v2:172.21.15.50:3300/0,v1:172.21.15.50:6789/0] conn(0x7f98a007ada0 0x7f98a0079200 unknown :-1 s=CLOSED pgs=39 cs=0 l=1 rev1=1 crypto rx=0 tx=0 comp rx=0 tx=0).stop
2023-08-11T13:11:16.032 INFO:teuthology.orchestra.run.smithi050.stdout:/usr/bin/ceph: stderr
2023-08-11T13:11:15.223+0000 7f98a5d0e700 1 -- 172.21.15.50:0/4255854712 >> 172.21.15.50:0/4255854712 conn(0x7f98a0101810 msgr2=0x7f98a0103c30 unknown :-1 s=STATE_NONE l=0).mark_down
2023-08-11T13:11:16.032 INFO:teuthology.orchestra.run.smithi050.stdout:/usr/bin/ceph: stderr
2023-08-11T13:11:15.223+0000 7f98a5d0e700 1 -- 172.21.15.50:0/4255854712 shutdown_connections
2023-08-11T13:11:16.033 INFO:teuthology.orchestra.run.smithi050.stdout:/usr/bin/ceph: stderr
2023-08-11T13:11:15.223+0000 7f98a5d0e700 1 -- 172.21.15.50:0/4255854712 wait complete.
2023-08-11T13:11:16.033 INFO:teuthology.orchestra.run.smithi050.stdout:/usr/bin/ceph: stderr
2023-08-11T13:11:15.224+0000 7f98a5d0e700 1 Processor -- start
2023-08-11T13:11:16.033 INFO:teuthology.orchestra.run.smithi050.stdout:/usr/bin/ceph: stderr
2023-08-11T13:11:15.224+0000 7f98a5d0e700 1 -- start start
2023-08-11T13:11:16.033 INFO:teuthology.orchestra.run.smithi050.stdout:/usr/bin/ceph: stderr
2023-08-11T13:11:15.224+0000 7f98a5d0e700 1 --2- >> [v2:172.21.15.50:3300/0,v1:172.21.15.50:6789/0] conn(0x7f98a007ada0 0x7f98a019c150 unknown :-1 s=NONE pgs=0 cs=0 l=1 rev1=0 crypto rx=0 tx=0 comp rx=0 tx=0).connect
2023-08-11T13:11:16.034 INFO:teuthology.orchestra.run.smithi050.stdout:/usr/bin/ceph: stderr
2023-08-11T13:11:15.224+0000 7f98a5d0e700 1 -- --> [v2:172.21.15.50:3300/0,v1:172.21.15.50:6789/0] -- mon_getmap magic: 0 v1 -- 0x7f98a019c690 con 0x7f98a007ada0
2023-08-11T13:11:16.034 INFO:teuthology.orchestra.run.smithi050.stdout:/usr/bin/ceph: stderr
2023-08-11T13:11:15.225+0000 7f989f7fe700 1 --2- >> [v2:172.21.15.50:3300/0,v1:172.21.15.50:6789/0] conn(0x7f98a007ada0 0x7f98a019c150 unknown :-1 s=BANNER_CONNECTING pgs=0 cs=0 l=1 rev1=0 crypto rx=0 tx=0 comp rx=0 tx=0)._handle_peer_banner_payload supported=3 required=0
2023-08-11T13:11:16.034 INFO:teuthology.orchestra.run.smithi050.stdout:/usr/bin/ceph: stderr
2023-08-11T13:11:15.225+0000 7f989f7fe700 1 --2- >> [v2:172.21.15.50:3300/0,v1:172.21.15.50:6789/0] conn(0x7f98a007ada0 0x7f98a019c150 unknown :-1 s=HELLO_CONNECTING pgs=0 cs=0 l=1 rev1=1 crypto rx=0 tx=0 comp rx=0 tx=0).handle_hello peer v2:172.21.15.50:3300/0 says I am v2:172.21.15.50:47134/0 (socket says 172.21.15.50:47134)
2023-08-11T13:11:16.034 INFO:teuthology.orchestra.run.smithi050.stdout:/usr/bin/ceph: stderr
2023-08-11T13:11:15.225+0000 7f989f7fe700 1 -- 172.21.15.50:0/3311270566 learned_addr learned my addr 172.21.15.50:0/3311270566 (peer_addr_for_me v2:172.21.15.50:0/0)
2023-08-11T13:11:16.035 INFO:teuthology.orchestra.run.smithi050.stdout:/usr/bin/ceph: stderr
2023-08-11T13:11:15.225+0000 7f989f7fe700 1 -- 172.21.15.50:0/3311270566 --> [v2:172.21.15.50:3300/0,v1:172.21.15.50:6789/0] -- mon_subscribe({config=0+,monmap=0+}) v3 -- 0x7f9890009550 con 0x7f98a007ada0
2023-08-11T13:11:16.035 INFO:teuthology.orchestra.run.smithi050.stdout:/usr/bin/ceph: stderr
2023-08-11T13:11:15.225+0000 7f989f7fe700 1 --2- 172.21.15.50:0/3311270566 >> [v2:172.21.15.50:3300/0,v1:172.21.15.50:6789/0] conn(0x7f98a007ada0 0x7f98a019c150 secure :-1 s=READY pgs=40 cs=0 l=1 rev1=1 crypto rx=0x7f9890006af0 tx=0x7f9890011ad0 comp rx=0 tx=0).ready entity=mon.0 client_cookie=0 server_cookie=0 in_seq=0 out_seq=0
2023-08-11T13:11:16.035 INFO:teuthology.orchestra.run.smithi050.stdout:/usr/bin/ceph: stderr
2023-08-11T13:11:15.225+0000 7f989cff9700 1 -- 172.21.15.50:0/3311270566 <== mon.0 v2:172.21.15.50:3300/0 1 ==== mon_map magic: 0 v1 ==== 205+0+0 (secure 0 0 0) 0x7f9890003a40 con 0x7f98a007ada0
2023-08-11T13:11:16.035 INFO:teuthology.orchestra.run.smithi050.stdout:/usr/bin/ceph: stderr
2023-08-11T13:11:15.226+0000 7f989cff9700 1 -- 172.21.15.50:0/3311270566 <== mon.0 v2:172.21.15.50:3300/0 2 ==== config(26 keys) v1 ==== 1074+0+0 (secure 0 0 0) 0x7f9890003ba0 con 0x7f98a007ada0
2023-08-11T13:11:16.036 INFO:teuthology.orchestra.run.smithi050.stdout:/usr/bin/ceph: stderr
2023-08-11T13:11:15.226+0000 7f98a5d0e700 1 -- 172.21.15.50:0/3311270566 --> [v2:172.21.15.50:3300/0,v1:172.21.15.50:6789/0] -- mon_subscribe({mgrmap=0+}) v3 -- 0x7f98a019c890 con 0x7f98a007ada0
2023-08-11T13:11:16.036 INFO:teuthology.orchestra.run.smithi050.stdout:/usr/bin/ceph: stderr
2023-08-11T13:11:15.226+0000 7f989cff9700 1 -- 172.21.15.50:0/3311270566 <== mon.0 v2:172.21.15.50:3300/0 3 ==== mon_map magic: 0 v1 ==== 205+0+0 (secure 0 0 0) 0x7f989001a700 con 0x7f98a007ada0
2023-08-11T13:11:16.036 INFO:teuthology.orchestra.run.smithi050.stdout:/usr/bin/ceph: stderr
2023-08-11T13:11:15.226+0000 7f98a5d0e700 1 -- 172.21.15.50:0/3311270566 --> [v2:172.21.15.50:3300/0,v1:172.21.15.50:6789/0] -- mon_subscribe({osdmap=0}) v3 -- 0x7f98a019ccb0 con 0x7f98a007ada0
2023-08-11T13:11:16.037 INFO:teuthology.orchestra.run.smithi050.stdout:/usr/bin/ceph: stderr
2023-08-11T13:11:15.227+0000 7f989cff9700 1 -- 172.21.15.50:0/3311270566 <== mon.0 v2:172.21.15.50:3300/0 4 ==== mgrmap(e 8) v1 ==== 45135+0+0 (secure 0 0 0) 0x7f9890024430 con 0x7f98a007ada0
2023-08-11T13:11:16.037 INFO:teuthology.orchestra.run.smithi050.stdout:/usr/bin/ceph: stderr
2023-08-11T13:11:15.227+0000 7f98a5d0e700 1 -- 172.21.15.50:0/3311270566 --> [v2:172.21.15.50:3300/0,v1:172.21.15.50:6789/0] -- mon_command({"prefix": "get_command_descriptions"} v 0) v1 -- 0x7f98a0061f50 con 0x7f98a007ada0
2023-08-11T13:11:16.037 INFO:teuthology.orchestra.run.smithi050.stdout:/usr/bin/ceph: stderr
2023-08-11T13:11:15.227+0000 7f989cff9700 1 --2- 172.21.15.50:0/3311270566 >> [v2:172.21.15.50:6800/3061174366,v1:172.21.15.50:6801/3061174366] conn(0x7f9888038160 0x7f988803a620 unknown :-1 s=NONE pgs=0 cs=0 l=1 rev1=0 crypto rx=0 tx=0 comp rx=0 tx=0).connect
2023-08-11T13:11:16.037 INFO:teuthology.orchestra.run.smithi050.stdout:/usr/bin/ceph: stderr
2023-08-11T13:11:15.227+0000 7f989cff9700 1 -- 172.21.15.50:0/3311270566 <== mon.0 v2:172.21.15.50:3300/0 5 ==== osd_map(2..2 src has 1..2) v4 ==== 940+0+0 (secure 0 0 0) 0x7f989004bfc0 con 0x7f98a007ada0
2023-08-11T13:11:16.038 INFO:teuthology.orchestra.run.smithi050.stdout:/usr/bin/ceph: stderr
2023-08-11T13:11:15.227+0000 7f989effd700 1 --2- 172.21.15.50:0/3311270566 >> [v2:172.21.15.50:6800/3061174366,v1:172.21.15.50:6801/3061174366] conn(0x7f9888038160 0x7f988803a620 unknown :-1 s=BANNER_CONNECTING pgs=0 cs=0 l=1 rev1=0 crypto rx=0 tx=0 comp rx=0 tx=0)._handle_peer_banner_payload supported=3 required=0
2023-08-11T13:11:16.038 INFO:teuthology.orchestra.run.smithi050.stdout:/usr/bin/ceph: stderr
2023-08-11T13:11:15.228+0000 7f989effd700 1 --2- 172.21.15.50:0/3311270566 >> [v2:172.21.15.50:6800/3061174366,v1:172.21.15.50:6801/3061174366] conn(0x7f9888038160 0x7f988803a620 secure :-1 s=READY pgs=9 cs=0 l=1 rev1=1 crypto rx=0x7f9894006fd0 tx=0x7f9894006e40 comp rx=0 tx=0).ready entity=mgr.14118 client_cookie=0 server_cookie=0 in_seq=0 out_seq=0
2023-08-11T13:11:16.038 INFO:teuthology.orchestra.run.smithi050.stdout:/usr/bin/ceph: stderr
2023-08-11T13:11:15.232+0000 7f989cff9700 1 -- 172.21.15.50:0/3311270566 <== mon.0 v2:172.21.15.50:3300/0 6 ==== mon_command_ack([{"prefix": "get_command_descriptions"}]=0 v0) v1 ==== 72+0+179220 (secure 0 0 0) 0x7f98900246e0 con 0x7f98a007ada0
2023-08-11T13:11:16.038 INFO:teuthology.orchestra.run.smithi050.stdout:/usr/bin/ceph: stderr
2023-08-11T13:11:15.445+0000 7f98a5d0e700 1 -- 172.21.15.50:0/3311270566 --> [v2:172.21.15.50:6800/3061174366,v1:172.21.15.50:6801/3061174366] -- mgr_command(tid 0: {"prefix": "cephadm generate-key", "target": ["mon-mgr", ""]}) v1 -- 0x7f98a0103b20 con 0x7f9888038160
2023-08-11T13:11:16.039 INFO:teuthology.orchestra.run.smithi050.stdout:/usr/bin/ceph: stderr
2023-08-11T13:11:15.610+0000 7f989cff9700 1 -- 172.21.15.50:0/3311270566 <== mgr.14118 v2:172.21.15.50:6800/3061174366 1 ==== mgr_command_reply(tid 0: 0 ) v1 ==== 8+0+0 (secure 0 0 0) 0x7f98a0103b20 con 0x7f9888038160
2023-08-11T13:11:16.039 INFO:teuthology.orchestra.run.smithi050.stdout:/usr/bin/ceph: stderr
2023-08-11T13:11:15.613+0000 7f98a5d0e700 1 -- 172.21.15.50:0/3311270566 >> [v2:172.21.15.50:6800/3061174366,v1:172.21.15.50:6801/3061174366] conn(0x7f9888038160 msgr2=0x7f988803a620 secure :-1 s=STATE_CONNECTION_ESTABLISHED l=1).mark_down
2023-08-11T13:11:16.039 INFO:teuthology.orchestra.run.smithi050.stdout:/usr/bin/ceph: stderr
2023-08-11T13:11:15.613+0000 7f98a5d0e700 1 --2- 172.21.15.50:0/3311270566 >> [v2:172.21.15.50:6800/3061174366,v1:172.21.15.50:6801/3061174366] conn(0x7f9888038160 0x7f988803a620 secure :-1 s=READY pgs=9 cs=0 l=1 rev1=1 crypto rx=0x7f9894006fd0 tx=0x7f9894006e40 comp rx=0 tx=0).stop
2023-08-11T13:11:16.039 INFO:teuthology.orchestra.run.smithi050.stdout:/usr/bin/ceph: stderr
2023-08-11T13:11:15.613+0000 7f98a5d0e700 1 -- 172.21.15.50:0/3311270566 >> [v2:172.21.15.50:3300/0,v1:172.21.15.50:6789/0] conn(0x7f98a007ada0 msgr2=0x7f98a019c150 secure :-1 s=STATE_CONNECTION_ESTABLISHED l=1).mark_down
2023-08-11T13:11:16.040 INFO:teuthology.orchestra.run.smithi050.stdout:/usr/bin/ceph: stderr
2023-08-11T13:11:15.613+0000 7f98a5d0e700 1 --2- 172.21.15.50:0/3311270566 >> [v2:172.21.15.50:3300/0,v1:172.21.15.50:6789/0] conn(0x7f98a007ada0 0x7f98a019c150 secure :-1 s=READY pgs=40 cs=0 l=1 rev1=1 crypto rx=0x7f9890006af0 tx=0x7f9890011ad0 comp rx=0 tx=0).stop
2023-08-11T13:11:16.040 INFO:teuthology.orchestra.run.smithi050.stdout:/usr/bin/ceph: stderr
2023-08-11T13:11:15.613+0000 7f98a5d0e700 1 -- 172.21.15.50:0/3311270566 shutdown_connections
2023-08-11T13:11:16.040 INFO:teuthology.orchestra.run.smithi050.stdout:/usr/bin/ceph: stderr
2023-08-11T13:11:15.613+0000 7f98a5d0e700 1 --2- 172.21.15.50:0/3311270566 >> [v2:172.21.15.50:6800/3061174366,v1:172.21.15.50:6801/3061174366] conn(0x7f9888038160 0x7f988803a620 unknown :-1 s=CLOSED pgs=9 cs=0 l=1 rev1=1 crypto rx=0 tx=0 comp rx=0 tx=0).stop
2023-08-11T13:11:16.041 INFO:teuthology.orchestra.run.smithi050.stdout:/usr/bin/ceph: stderr
2023-08-11T13:11:15.613+0000 7f98a5d0e700 1 --2- 172.21.15.50:0/3311270566 >> [v2:172.21.15.50:3300/0,v1:172.21.15.50:6789/0] conn(0x7f98a007ada0 0x7f98a019c150 unknown :-1 s=CLOSED pgs=40 cs=0 l=1 rev1=1 crypto rx=0 tx=0 comp rx=0 tx=0).stop
2023-08-11T13:11:16.041 INFO:teuthology.orchestra.run.smithi050.stdout:/usr/bin/ceph: stderr
2023-08-11T13:11:15.613+0000 7f98a5d0e700 1 -- 172.21.15.50:0/3311270566 >> 172.21.15.50:0/3311270566 conn(0x7f98a0101810 msgr2=0x7f98a0102ec0 unknown :-1 s=STATE_NONE l=0).mark_down
2023-08-11T13:11:16.041 INFO:teuthology.orchestra.run.smithi050.stdout:/usr/bin/ceph: stderr
2023-08-11T13:11:15.613+0000 7f98a5d0e700 1 -- 172.21.15.50:0/3311270566 shutdown_connections
2023-08-11T13:11:16.041 INFO:teuthology.orchestra.run.smithi050.stdout:/usr/bin/ceph: stderr
2023-08-11T13:11:15.613+0000 7f98a5d0e700 1 -- 172.21.15.50:0/3311270566 wait complete.
2023-08-11T13:11:16.929 INFO:journalctl@ceph.mon.a.smithi050.stdout:Aug 11 13:11:16 smithi050 ceph-mon[97091]: from='client.14134 -' entity='client.admin' cmd=[{"prefix": "cephadm generate-key", "target": ["mon-mgr", ""]}]: dispatch
2023-08-11T13:11:16.929 INFO:journalctl@ceph.mon.a.smithi050.stdout:Aug 11 13:11:16 smithi050 ceph-mon[97091]: Generating ssh key...
2023-08-11T13:11:16.929 INFO:journalctl@ceph.mon.a.smithi050.stdout:Aug 11 13:11:16 smithi050 ceph-mon[97091]: from='mgr.14118 172.21.15.50:0/777547378' entity='mgr.x'
2023-08-11T13:11:16.929 INFO:journalctl@ceph.mon.a.smithi050.stdout:Aug 11 13:11:16 smithi050 ceph-mon[97091]: from='mgr.14118 172.21.15.50:0/777547378' entity='mgr.x'
2023-08-11T13:11:17.310 INFO:teuthology.orchestra.run.smithi050.stdout:/usr/bin/ceph: stdout ssh-rsa AAAAB3NzaC1yc2EAAAADAQABAAABgQDTlyJo1eTay23uEKWYLlftx5VXtcNHMr6Tzfl9Jse2BHY1yps3ni0HHJPZfT0sw8BQOI1sl9LAGtzNiF2ar8f0acOfVONg7LpuFNznQ86daxxoGO9ewDDnkn6HieGpx5/0RJP4DJRmz9phcR0obQ65+zUGeBg2krqiQ61f2fyRibBH9tat7TF/goIOHCLE3J4a6cJigEihlr+RdLj4aMo+OdgYnWj9oaC3MzKgPvz8vZPI5nQOpsycq7ods9q3stlaieixySx63XK3/03OCTh7tChqVJZsHJqoMJmUcyPI0M4EBUHSoT+ItD6UDBj7VextMd55sggy3+vtjIbnK/rMSI+GU83EjEvbHgH4hG4HJKehoSuZ6GamS2jj+Tto2INrP++weB8UJF1uQj9+hzKGi++7thDJ46wwK8sG99QttgcC7lLxPpbri+Ot1foXxCACYnZQrS6YE9AGXKJ2IlRWYDxmomVsxQj3HR5eNZJjIcoHEH5sGMw5g1V3iDBkQF0= ceph-57671066-3848-11ee-9b37-001a4aab830c
2023-08-11T13:11:17.310 INFO:teuthology.orchestra.run.smithi050.stdout:/usr/bin/ceph: stderr
2023-08-11T13:11:16.528+0000 7ff3dd237700 1 Processor -- start
2023-08-11T13:11:17.311 INFO:teuthology.orchestra.run.smithi050.stdout:/usr/bin/ceph: stderr
2023-08-11T13:11:16.528+0000 7ff3dd237700 1 -- start start
2023-08-11T13:11:17.311 INFO:teuthology.orchestra.run.smithi050.stdout:/usr/bin/ceph: stderr
2023-08-11T13:11:16.528+0000 7ff3dd237700 1 --2- >> [v2:172.21.15.50:3300/0,v1:172.21.15.50:6789/0] conn(0x7ff3d8106250 0x7ff3d8106670 unknown :-1 s=NONE pgs=0 cs=0 l=0 rev1=0 crypto rx=0 tx=0 comp rx=0 tx=0).connect
2023-08-11T13:11:17.311 INFO:teuthology.orchestra.run.smithi050.stdout:/usr/bin/ceph: stderr
2023-08-11T13:11:16.528+0000 7ff3dd237700 1 -- --> [v2:172.21.15.50:3300/0,v1:172.21.15.50:6789/0] -- mon_getmap magic: 0 v1 -- 0x7ff3d8106c40 con 0x7ff3d8106250
2023-08-11T13:11:17.312 INFO:teuthology.orchestra.run.smithi050.stdout:/usr/bin/ceph: stderr
2023-08-11T13:11:16.529+0000 7ff3d6d9d700 1 --2- >> [v2:172.21.15.50:3300/0,v1:172.21.15.50:6789/0] conn(0x7ff3d8106250 0x7ff3d8106670 unknown :-1 s=BANNER_CONNECTING pgs=0 cs=0 l=0 rev1=0 crypto rx=0 tx=0 comp rx=0 tx=0)._handle_peer_banner_payload supported=3 required=0
2023-08-11T13:11:17.312 INFO:teuthology.orchestra.run.smithi050.stdout:/usr/bin/ceph: stderr
2023-08-11T13:11:16.529+0000 7ff3d6d9d700 1 --2- >> [v2:172.21.15.50:3300/0,v1:172.21.15.50:6789/0] conn(0x7ff3d8106250 0x7ff3d8106670 unknown :-1 s=HELLO_CONNECTING pgs=0 cs=0 l=0 rev1=1 crypto rx=0 tx=0 comp rx=0 tx=0).handle_hello peer v2:172.21.15.50:3300/0 says I am v2:172.21.15.50:47142/0 (socket says 172.21.15.50:47142)
2023-08-11T13:11:17.312 INFO:teuthology.orchestra.run.smithi050.stdout:/usr/bin/ceph: stderr
2023-08-11T13:11:16.529+0000 7ff3d6d9d700 1 -- 172.21.15.50:0/2657735132 learned_addr learned my addr 172.21.15.50:0/2657735132 (peer_addr_for_me v2:172.21.15.50:0/0)
2023-08-11T13:11:17.312 INFO:teuthology.orchestra.run.smithi050.stdout:/usr/bin/ceph: stderr
2023-08-11T13:11:16.529+0000 7ff3d6d9d700 1 -- 172.21.15.50:0/2657735132 --> [v2:172.21.15.50:3300/0,v1:172.21.15.50:6789/0] -- mon_subscribe({config=0+,monmap=0+}) v3 -- 0x7ff3d8107450 con 0x7ff3d8106250
2023-08-11T13:11:17.313 INFO:teuthology.orchestra.run.smithi050.stdout:/usr/bin/ceph: stderr
2023-08-11T13:11:16.529+0000 7ff3d6d9d700 1 --2- 172.21.15.50:0/2657735132 >> [v2:172.21.15.50:3300/0,v1:172.21.15.50:6789/0] conn(0x7ff3d8106250 0x7ff3d8106670 secure :-1 s=READY pgs=41 cs=0 l=1 rev1=1 crypto rx=0x7ff3c80098a0 tx=0x7ff3c8009bb0 comp rx=0 tx=0).ready entity=mon.0 client_cookie=c59b530f9a6c17c server_cookie=0 in_seq=0 out_seq=0
2023-08-11T13:11:17.313 INFO:teuthology.orchestra.run.smithi050.stdout:/usr/bin/ceph: stderr
2023-08-11T13:11:16.530+0000 7ff3d5d9b700 1 -- 172.21.15.50:0/2657735132 <== mon.0 v2:172.21.15.50:3300/0 1 ==== mon_map magic: 0 v1 ==== 205+0+0 (secure 0 0 0) 0x7ff3c8004160 con 0x7ff3d8106250
2023-08-11T13:11:17.313 INFO:teuthology.orchestra.run.smithi050.stdout:/usr/bin/ceph: stderr
2023-08-11T13:11:16.530+0000 7ff3d5d9b700 1 -- 172.21.15.50:0/2657735132 <== mon.0 v2:172.21.15.50:3300/0 2 ==== config(26 keys) v1 ==== 1074+0+0 (secure 0 0 0) 0x7ff3c80042c0 con 0x7ff3d8106250
2023-08-11T13:11:17.313 INFO:teuthology.orchestra.run.smithi050.stdout:/usr/bin/ceph: stderr
2023-08-11T13:11:16.530+0000 7ff3d5d9b700 1 -- 172.21.15.50:0/2657735132 <== mon.0 v2:172.21.15.50:3300/0 3 ==== mon_map magic: 0 v1 ==== 205+0+0 (secure 0 0 0) 0x7ff3c8011a00 con 0x7ff3d8106250
2023-08-11T13:11:17.314 INFO:teuthology.orchestra.run.smithi050.stdout:/usr/bin/ceph: stderr
2023-08-11T13:11:16.530+0000 7ff3dd237700 1 -- 172.21.15.50:0/2657735132 >> [v2:172.21.15.50:3300/0,v1:172.21.15.50:6789/0] conn(0x7ff3d8106250 msgr2=0x7ff3d8106670 secure :-1 s=STATE_CONNECTION_ESTABLISHED l=1).mark_down
2023-08-11T13:11:17.314 INFO:teuthology.orchestra.run.smithi050.stdout:/usr/bin/ceph: stderr
2023-08-11T13:11:16.530+0000 7ff3dd237700 1 --2- 172.21.15.50:0/2657735132 >> [v2:172.21.15.50:3300/0,v1:172.21.15.50:6789/0] conn(0x7ff3d8106250 0x7ff3d8106670 secure :-1 s=READY pgs=41 cs=0 l=1 rev1=1 crypto rx=0x7ff3c80098a0 tx=0x7ff3c8009bb0 comp rx=0 tx=0).stop
2023-08-11T13:11:17.314 INFO:teuthology.orchestra.run.smithi050.stdout:/usr/bin/ceph: stderr
2023-08-11T13:11:16.530+0000 7ff3dd237700 1 -- 172.21.15.50:0/2657735132 shutdown_connections
2023-08-11T13:11:17.315 INFO:teuthology.orchestra.run.smithi050.stdout:/usr/bin/ceph: stderr
2023-08-11T13:11:16.530+0000 7ff3dd237700 1 --2- 172.21.15.50:0/2657735132 >> [v2:172.21.15.50:3300/0,v1:172.21.15.50:6789/0] conn(0x7ff3d8106250 0x7ff3d8106670 unknown :-1 s=CLOSED pgs=41 cs=0 l=1 rev1=1 crypto rx=0 tx=0 comp rx=0 tx=0).stop
2023-08-11T13:11:17.315 INFO:teuthology.orchestra.run.smithi050.stdout:/usr/bin/ceph: stderr
2023-08-11T13:11:16.530+0000 7ff3dd237700 1 -- 172.21.15.50:0/2657735132 >> 172.21.15.50:0/2657735132 conn(0x7ff3d8101810 msgr2=0x7ff3d8103c30 unknown :-1 s=STATE_NONE l=0).mark_down
2023-08-11T13:11:17.316 INFO:teuthology.orchestra.run.smithi050.stdout:/usr/bin/ceph: stderr
2023-08-11T13:11:16.530+0000 7ff3dd237700 1 -- 172.21.15.50:0/2657735132 shutdown_connections
2023-08-11T13:11:17.316 INFO:teuthology.orchestra.run.smithi050.stdout:/usr/bin/ceph: stderr
2023-08-11T13:11:16.530+0000 7ff3dd237700 1 -- 172.21.15.50:0/2657735132 wait complete.
2023-08-11T13:11:17.316 INFO:teuthology.orchestra.run.smithi050.stdout:/usr/bin/ceph: stderr
2023-08-11T13:11:16.531+0000 7ff3dd237700 1 Processor -- start
2023-08-11T13:11:17.316 INFO:teuthology.orchestra.run.smithi050.stdout:/usr/bin/ceph: stderr
2023-08-11T13:11:16.532+0000 7ff3dd237700 1 -- start start
2023-08-11T13:11:17.317 INFO:teuthology.orchestra.run.smithi050.stdout:/usr/bin/ceph: stderr
2023-08-11T13:11:16.532+0000 7ff3dd237700 1 --2- >> [v2:172.21.15.50:3300/0,v1:172.21.15.50:6789/0] conn(0x7ff3d8106250 0x7ff3d819c130 unknown :-1 s=NONE pgs=0 cs=0 l=1 rev1=0 crypto rx=0 tx=0 comp rx=0 tx=0).connect
2023-08-11T13:11:17.317 INFO:teuthology.orchestra.run.smithi050.stdout:/usr/bin/ceph: stderr
2023-08-11T13:11:16.532+0000 7ff3dd237700 1 -- --> [v2:172.21.15.50:3300/0,v1:172.21.15.50:6789/0] -- mon_getmap magic: 0 v1 -- 0x7ff3d819c670 con 0x7ff3d8106250
2023-08-11T13:11:17.317 INFO:teuthology.orchestra.run.smithi050.stdout:/usr/bin/ceph: stderr
2023-08-11T13:11:16.532+0000 7ff3d6d9d700 1 --2- >> [v2:172.21.15.50:3300/0,v1:172.21.15.50:6789/0] conn(0x7ff3d8106250 0x7ff3d819c130 unknown :-1 s=BANNER_CONNECTING pgs=0 cs=0 l=1 rev1=0 crypto rx=0 tx=0 comp rx=0 tx=0)._handle_peer_banner_payload supported=3 required=0
2023-08-11T13:11:17.317 INFO:teuthology.orchestra.run.smithi050.stdout:/usr/bin/ceph: stderr
2023-08-11T13:11:16.532+0000 7ff3d6d9d700 1 --2- >> [v2:172.21.15.50:3300/0,v1:172.21.15.50:6789/0] conn(0x7ff3d8106250 0x7ff3d819c130 unknown :-1 s=HELLO_CONNECTING pgs=0 cs=0 l=1 rev1=1 crypto rx=0 tx=0 comp rx=0 tx=0).handle_hello peer v2:172.21.15.50:3300/0 says I am v2:172.21.15.50:47144/0 (socket says 172.21.15.50:47144)
2023-08-11T13:11:17.318 INFO:teuthology.orchestra.run.smithi050.stdout:/usr/bin/ceph: stderr
2023-08-11T13:11:16.532+0000 7ff3d6d9d700 1 -- 172.21.15.50:0/456788069 learned_addr learned my addr 172.21.15.50:0/456788069 (peer_addr_for_me v2:172.21.15.50:0/0)
2023-08-11T13:11:17.318 INFO:teuthology.orchestra.run.smithi050.stdout:/usr/bin/ceph: stderr
2023-08-11T13:11:16.532+0000 7ff3d6d9d700 1 -- 172.21.15.50:0/456788069 --> [v2:172.21.15.50:3300/0,v1:172.21.15.50:6789/0] -- mon_subscribe({config=0+,monmap=0+}) v3 -- 0x7ff3c8009550 con 0x7ff3d8106250
2023-08-11T13:11:17.318 INFO:teuthology.orchestra.run.smithi050.stdout:/usr/bin/ceph: stderr
2023-08-11T13:11:16.533+0000 7ff3d6d9d700 1 --2- 172.21.15.50:0/456788069 >> [v2:172.21.15.50:3300/0,v1:172.21.15.50:6789/0] conn(0x7ff3d8106250 0x7ff3d819c130 secure :-1 s=READY pgs=42 cs=0 l=1 rev1=1 crypto rx=0x7ff3c8009fb0 tx=0x7ff3c8011ad0 comp rx=0 tx=0).ready entity=mon.0 client_cookie=0 server_cookie=0 in_seq=0 out_seq=0
2023-08-11T13:11:17.319 INFO:teuthology.orchestra.run.smithi050.stdout:/usr/bin/ceph: stderr
2023-08-11T13:11:16.533+0000 7ff3bffff700 1 -- 172.21.15.50:0/456788069 <== mon.0 v2:172.21.15.50:3300/0 1 ==== mon_map magic: 0 v1 ==== 205+0+0 (secure 0 0 0) 0x7ff3c8003930 con 0x7ff3d8106250
2023-08-11T13:11:17.319 INFO:teuthology.orchestra.run.smithi050.stdout:/usr/bin/ceph: stderr
2023-08-11T13:11:16.533+0000 7ff3dd237700 1 -- 172.21.15.50:0/456788069 --> [v2:172.21.15.50:3300/0,v1:172.21.15.50:6789/0] -- mon_subscribe({mgrmap=0+}) v3 -- 0x7ff3d819c870 con 0x7ff3d8106250
2023-08-11T13:11:17.319 INFO:teuthology.orchestra.run.smithi050.stdout:/usr/bin/ceph: stderr
2023-08-11T13:11:16.533+0000 7ff3bffff700 1 -- 172.21.15.50:0/456788069 <== mon.0 v2:172.21.15.50:3300/0 2 ==== config(26 keys) v1 ==== 1074+0+0 (secure 0 0 0) 0x7ff3c8003a90 con 0x7ff3d8106250
2023-08-11T13:11:17.319 INFO:teuthology.orchestra.run.smithi050.stdout:/usr/bin/ceph: stderr
2023-08-11T13:11:16.533+0000 7ff3bffff700 1 -- 172.21.15.50:0/456788069 <== mon.0 v2:172.21.15.50:3300/0 3 ==== mon_map magic: 0 v1 ==== 205+0+0 (secure 0 0 0) 0x7ff3c80195e0 con 0x7ff3d8106250
2023-08-11T13:11:17.320 INFO:teuthology.orchestra.run.smithi050.stdout:/usr/bin/ceph: stderr
2023-08-11T13:11:16.533+0000 7ff3dd237700 1 -- 172.21.15.50:0/456788069 --> [v2:172.21.15.50:3300/0,v1:172.21.15.50:6789/0] -- mon_subscribe({osdmap=0}) v3 -- 0x7ff3d819cc90 con 0x7ff3d8106250
2023-08-11T13:11:17.320 INFO:teuthology.orchestra.run.smithi050.stdout:/usr/bin/ceph: stderr
2023-08-11T13:11:16.534+0000 7ff3dd237700 1 -- 172.21.15.50:0/456788069 --> [v2:172.21.15.50:3300/0,v1:172.21.15.50:6789/0] -- mon_command({"prefix": "get_command_descriptions"} v 0) v1 -- 0x7ff3d8061f50 con 0x7ff3d8106250
2023-08-11T13:11:17.320 INFO:teuthology.orchestra.run.smithi050.stdout:/usr/bin/ceph: stderr
2023-08-11T13:11:16.534+0000 7ff3bffff700 1 -- 172.21.15.50:0/456788069 <== mon.0 v2:172.21.15.50:3300/0 4 ==== mgrmap(e 8) v1 ==== 45135+0+0 (secure 0 0 0) 0x7ff3c801a430 con 0x7ff3d8106250
2023-08-11T13:11:17.320 INFO:teuthology.orchestra.run.smithi050.stdout:/usr/bin/ceph: stderr
2023-08-11T13:11:16.535+0000 7ff3bffff700 1 --2- 172.21.15.50:0/456788069 >> [v2:172.21.15.50:6800/3061174366,v1:172.21.15.50:6801/3061174366] conn(0x7ff3c0038110 0x7ff3c003a5d0 unknown :-1 s=NONE pgs=0 cs=0 l=1 rev1=0 crypto rx=0 tx=0 comp rx=0 tx=0).connect
2023-08-11T13:11:17.321 INFO:teuthology.orchestra.run.smithi050.stdout:/usr/bin/ceph: stderr
2023-08-11T13:11:16.535+0000 7ff3bffff700 1 -- 172.21.15.50:0/456788069 <== mon.0 v2:172.21.15.50:3300/0 5 ==== osd_map(2..2 src has 1..2) v4 ==== 940+0+0 (secure 0 0 0) 0x7ff3c804c0b0 con 0x7ff3d8106250
2023-08-11T13:11:17.321 INFO:teuthology.orchestra.run.smithi050.stdout:/usr/bin/ceph: stderr
2023-08-11T13:11:16.535+0000 7ff3d659c700 1 --2- 172.21.15.50:0/456788069 >> [v2:172.21.15.50:6800/3061174366,v1:172.21.15.50:6801/3061174366] conn(0x7ff3c0038110 0x7ff3c003a5d0 unknown :-1 s=BANNER_CONNECTING pgs=0 cs=0 l=1 rev1=0 crypto rx=0 tx=0 comp rx=0 tx=0)._handle_peer_banner_payload supported=3 required=0
2023-08-11T13:11:17.321 INFO:teuthology.orchestra.run.smithi050.stdout:/usr/bin/ceph: stderr
2023-08-11T13:11:16.536+0000 7ff3d659c700 1 --2- 172.21.15.50:0/456788069 >> [v2:172.21.15.50:6800/3061174366,v1:172.21.15.50:6801/3061174366] conn(0x7ff3c0038110 0x7ff3c003a5d0 secure :-1 s=READY pgs=10 cs=0 l=1 rev1=1 crypto rx=0x7ff3cc006fd0 tx=0x7ff3cc006e40 comp rx=0 tx=0).ready entity=mgr.14118 client_cookie=0 server_cookie=0 in_seq=0 out_seq=0
2023-08-11T13:11:17.321 INFO:teuthology.orchestra.run.smithi050.stdout:/usr/bin/ceph: stderr
2023-08-11T13:11:16.540+0000 7ff3bffff700 1 -- 172.21.15.50:0/456788069 <== mon.0 v2:172.21.15.50:3300/0 6 ==== mon_command_ack([{"prefix": "get_command_descriptions"}]=0 v0) v1 ==== 72+0+179220 (secure 0 0 0) 0x7ff3c807ec30 con 0x7ff3d8106250
2023-08-11T13:11:17.322 INFO:teuthology.orchestra.run.smithi050.stdout:/usr/bin/ceph: stderr
2023-08-11T13:11:16.749+0000 7ff3dd237700 1 -- 172.21.15.50:0/456788069 --> [v2:172.21.15.50:6800/3061174366,v1:172.21.15.50:6801/3061174366] -- mgr_command(tid 0: {"prefix": "cephadm get-pub-key", "target": ["mon-mgr", ""]}) v1 -- 0x7ff3d8103b00 con 0x7ff3c0038110
2023-08-11T13:11:17.322 INFO:teuthology.orchestra.run.smithi050.stdout:/usr/bin/ceph: stderr
2023-08-11T13:11:16.750+0000 7ff3bffff700 1 -- 172.21.15.50:0/456788069 <== mgr.14118 v2:172.21.15.50:6800/3061174366 1 ==== mgr_command_reply(tid 0: 0 ) v1 ==== 8+0+595 (secure 0 0 0) 0x7ff3d8103b00 con 0x7ff3c0038110
2023-08-11T13:11:17.322 INFO:teuthology.orchestra.run.smithi050.stdout:/usr/bin/ceph: stderr
2023-08-11T13:11:16.752+0000 7ff3dd237700 1 -- 172.21.15.50:0/456788069 >> [v2:172.21.15.50:6800/3061174366,v1:172.21.15.50:6801/3061174366] conn(0x7ff3c0038110 msgr2=0x7ff3c003a5d0 secure :-1 s=STATE_CONNECTION_ESTABLISHED l=1).mark_down
2023-08-11T13:11:17.323 INFO:teuthology.orchestra.run.smithi050.stdout:/usr/bin/ceph: stderr
2023-08-11T13:11:16.752+0000 7ff3dd237700 1 --2- 172.21.15.50:0/456788069 >> [v2:172.21.15.50:6800/3061174366,v1:172.21.15.50:6801/3061174366] conn(0x7ff3c0038110 0x7ff3c003a5d0 secure :-1 s=READY pgs=10 cs=0 l=1 rev1=1 crypto rx=0x7ff3cc006fd0 tx=0x7ff3cc006e40 comp rx=0 tx=0).stop
2023-08-11T13:11:17.323 INFO:teuthology.orchestra.run.smithi050.stdout:/usr/bin/ceph: stderr
2023-08-11T13:11:16.752+0000 7ff3dd237700 1 -- 172.21.15.50:0/456788069 >> [v2:172.21.15.50:3300/0,v1:172.21.15.50:6789/0] conn(0x7ff3d8106250 msgr2=0x7ff3d819c130 secure :-1 s=STATE_CONNECTION_ESTABLISHED l=1).mark_down
2023-08-11T13:11:17.323 INFO:teuthology.orchestra.run.smithi050.stdout:/usr/bin/ceph: stderr
2023-08-11T13:11:16.752+0000 7ff3dd237700 1 --2- 172.21.15.50:0/456788069 >> [v2:172.21.15.50:3300/0,v1:172.21.15.50:6789/0] conn(0x7ff3d8106250 0x7ff3d819c130 secure :-1 s=READY pgs=42 cs=0 l=1 rev1=1 crypto rx=0x7ff3c8009fb0 tx=0x7ff3c8011ad0 comp rx=0 tx=0).stop
2023-08-11T13:11:17.323 INFO:teuthology.orchestra.run.smithi050.stdout:/usr/bin/ceph: stderr
2023-08-11T13:11:16.752+0000 7ff3dd237700 1 -- 172.21.15.50:0/456788069 shutdown_connections
2023-08-11T13:11:17.324 INFO:teuthology.orchestra.run.smithi050.stdout:/usr/bin/ceph: stderr
2023-08-11T13:11:16.752+0000 7ff3dd237700 1 --2- 172.21.15.50:0/456788069 >> [v2:172.21.15.50:6800/3061174366,v1:172.21.15.50:6801/3061174366] conn(0x7ff3c0038110 0x7ff3c003a5d0 unknown :-1 s=CLOSED pgs=10 cs=0 l=1 rev1=1 crypto rx=0 tx=0 comp rx=0 tx=0).stop
2023-08-11T13:11:17.324 INFO:teuthology.orchestra.run.smithi050.stdout:/usr/bin/ceph: stderr
2023-08-11T13:11:16.752+0000 7ff3dd237700 1 --2- 172.21.15.50:0/456788069 >> [v2:172.21.15.50:3300/0,v1:172.21.15.50:6789/0] conn(0x7ff3d8106250 0x7ff3d819c130 unknown :-1 s=CLOSED pgs=42 cs=0 l=1 rev1=1 crypto rx=0 tx=0 comp rx=0 tx=0).stop
2023-08-11T13:11:17.324 INFO:teuthology.orchestra.run.smithi050.stdout:/usr/bin/ceph: stderr
2023-08-11T13:11:16.752+0000 7ff3dd237700 1 -- 172.21.15.50:0/456788069 >> 172.21.15.50:0/456788069 conn(0x7ff3d8101810 msgr2=0x7ff3d8102ea0 unknown :-1 s=STATE_NONE l=0).mark_down
2023-08-11T13:11:17.324 INFO:teuthology.orchestra.run.smithi050.stdout:/usr/bin/ceph: stderr
2023-08-11T13:11:16.753+0000 7ff3dd237700 1 -- 172.21.15.50:0/456788069 shutdown_connections
2023-08-11T13:11:17.325 INFO:teuthology.orchestra.run.smithi050.stdout:/usr/bin/ceph: stderr
2023-08-11T13:11:16.753+0000 7ff3dd237700 1 -- 172.21.15.50:0/456788069 wait complete.
2023-08-11T13:11:17.325 INFO:teuthology.orchestra.run.smithi050.stdout:Wrote public SSH key to /home/ubuntu/cephtest/ceph.pub
2023-08-11T13:11:17.325 INFO:teuthology.orchestra.run.smithi050.stdout:Adding key to root@localhost authorized_keys...
2023-08-11T13:11:17.325 INFO:teuthology.orchestra.run.smithi050.stdout:Adding host smithi050...
2023-08-11T13:11:17.951 INFO:journalctl@ceph.mon.a.smithi050.stdout:Aug 11 13:11:17 smithi050 ceph-mon[97091]: from='client.14136 -' entity='client.admin' cmd=[{"prefix": "cephadm get-pub-key", "target": ["mon-mgr", ""]}]: dispatch
2023-08-11T13:11:19.118 INFO:journalctl@ceph.mon.a.smithi050.stdout:Aug 11 13:11:18 smithi050 ceph-mon[97091]: from='client.14138 -' entity='client.admin' cmd=[{"prefix": "orch host add", "hostname": "smithi050", "addr": "172.21.15.50", "target": ["mon-mgr", ""]}]: dispatch
2023-08-11T13:11:20.201 INFO:journalctl@ceph.mon.a.smithi050.stdout:Aug 11 13:11:19 smithi050 ceph-mon[97091]: Deploying cephadm binary to smithi050
2023-08-11T13:11:21.692 INFO:teuthology.orchestra.run.smithi050.stdout:/usr/bin/ceph: stdout Added host 'smithi050' with addr '172.21.15.50'
2023-08-11T13:11:21.693 INFO:teuthology.orchestra.run.smithi050.stdout:/usr/bin/ceph: stderr
2023-08-11T13:11:17.832+0000 7f3f7d4e5700 1 Processor -- start
2023-08-11T13:11:21.693 INFO:teuthology.orchestra.run.smithi050.stdout:/usr/bin/ceph: stderr
2023-08-11T13:11:17.832+0000 7f3f7d4e5700 1 -- start start
2023-08-11T13:11:21.693 INFO:teuthology.orchestra.run.smithi050.stdout:/usr/bin/ceph: stderr
2023-08-11T13:11:17.832+0000 7f3f7d4e5700 1 --2- >> [v2:172.21.15.50:3300/0,v1:172.21.15.50:6789/0] conn(0x7f3f7807ad80 0x7f3f780791e0 unknown :-1 s=NONE pgs=0 cs=0 l=0 rev1=0 crypto rx=0 tx=0 comp rx=0 tx=0).connect
2023-08-11T13:11:21.693 INFO:teuthology.orchestra.run.smithi050.stdout:/usr/bin/ceph: stderr
2023-08-11T13:11:17.832+0000 7f3f7d4e5700 1 -- --> [v2:172.21.15.50:3300/0,v1:172.21.15.50:6789/0] -- mon_getmap magic: 0 v1 -- 0x7f3f780797b0 con 0x7f3f7807ad80
2023-08-11T13:11:21.693 INFO:teuthology.orchestra.run.smithi050.stdout:/usr/bin/ceph: stderr
2023-08-11T13:11:17.832+0000 7f3f76ffd700 1 --2- >> [v2:172.21.15.50:3300/0,v1:172.21.15.50:6789/0] conn(0x7f3f7807ad80 0x7f3f780791e0 unknown :-1 s=BANNER_CONNECTING pgs=0 cs=0 l=0 rev1=0 crypto rx=0 tx=0 comp rx=0 tx=0)._handle_peer_banner_payload supported=3 required=0
2023-08-11T13:11:21.693 INFO:teuthology.orchestra.run.smithi050.stdout:/usr/bin/ceph: stderr
2023-08-11T13:11:17.833+0000 7f3f76ffd700 1 --2- >> [v2:172.21.15.50:3300/0,v1:172.21.15.50:6789/0] conn(0x7f3f7807ad80 0x7f3f780791e0 unknown :-1 s=HELLO_CONNECTING pgs=0 cs=0 l=0 rev1=1 crypto rx=0 tx=0 comp rx=0 tx=0).handle_hello peer v2:172.21.15.50:3300/0 says I am v2:172.21.15.50:47152/0 (socket says 172.21.15.50:47152)
2023-08-11T13:11:21.693 INFO:teuthology.orchestra.run.smithi050.stdout:/usr/bin/ceph: stderr
2023-08-11T13:11:17.833+0000 7f3f76ffd700 1 -- 172.21.15.50:0/1682371718 learned_addr learned my addr 172.21.15.50:0/1682371718 (peer_addr_for_me v2:172.21.15.50:0/0)
2023-08-11T13:11:21.694 INFO:teuthology.orchestra.run.smithi050.stdout:/usr/bin/ceph: stderr
2023-08-11T13:11:17.833+0000 7f3f76ffd700 1 -- 172.21.15.50:0/1682371718 --> [v2:172.21.15.50:3300/0,v1:172.21.15.50:6789/0] -- mon_subscribe({config=0+,monmap=0+}) v3 -- 0x7f3f780798f0 con 0x7f3f7807ad80
2023-08-11T13:11:21.694 INFO:teuthology.orchestra.run.smithi050.stdout:/usr/bin/ceph: stderr
2023-08-11T13:11:17.833+0000 7f3f76ffd700 1 --2- 172.21.15.50:0/1682371718 >> [v2:172.21.15.50:3300/0,v1:172.21.15.50:6789/0] conn(0x7f3f7807ad80 0x7f3f780791e0 secure :-1 s=READY pgs=43 cs=0 l=1 rev1=1 crypto rx=0x7f3f680098a0 tx=0x7f3f68009bb0 comp rx=0 tx=0).ready entity=mon.0 client_cookie=fb49514f27d10360 server_cookie=0 in_seq=0 out_seq=0
2023-08-11T13:11:21.697 INFO:teuthology.orchestra.run.smithi050.stdout:/usr/bin/ceph: stderr
2023-08-11T13:11:17.833+0000 7f3f75ffb700 1 -- 172.21.15.50:0/1682371718 <== mon.0 v2:172.21.15.50:3300/0 1 ==== mon_map magic: 0 v1 ==== 205+0+0 (secure 0 0 0) 0x7f3f68004160 con 0x7f3f7807ad80
2023-08-11T13:11:21.697 INFO:teuthology.orchestra.run.smithi050.stdout:/usr/bin/ceph: stderr
2023-08-11T13:11:17.833+0000 7f3f75ffb700 1 -- 172.21.15.50:0/1682371718 <== mon.0 v2:172.21.15.50:3300/0 2 ==== config(26 keys) v1 ==== 1074+0+0 (secure 0 0 0) 0x7f3f680042c0 con 0x7f3f7807ad80
2023-08-11T13:11:21.697 INFO:teuthology.orchestra.run.smithi050.stdout:/usr/bin/ceph: stderr
2023-08-11T13:11:17.833+0000 7f3f75ffb700 1 -- 172.21.15.50:0/1682371718 <== mon.0 v2:172.21.15.50:3300/0 3 ==== mon_map magic: 0 v1 ==== 205+0+0 (secure 0 0 0) 0x7f3f68011a00 con 0x7f3f7807ad80
2023-08-11T13:11:21.697 INFO:teuthology.orchestra.run.smithi050.stdout:/usr/bin/ceph: stderr
2023-08-11T13:11:17.834+0000 7f3f7d4e5700 1 -- 172.21.15.50:0/1682371718 >> [v2:172.21.15.50:3300/0,v1:172.21.15.50:6789/0] conn(0x7f3f7807ad80 msgr2=0x7f3f780791e0 secure :-1 s=STATE_CONNECTION_ESTABLISHED l=1).mark_down
2023-08-11T13:11:21.698 INFO:teuthology.orchestra.run.smithi050.stdout:/usr/bin/ceph: stderr
2023-08-11T13:11:17.834+0000 7f3f7d4e5700 1 --2- 172.21.15.50:0/1682371718 >> [v2:172.21.15.50:3300/0,v1:172.21.15.50:6789/0] conn(0x7f3f7807ad80 0x7f3f780791e0 secure :-1 s=READY pgs=43 cs=0 l=1 rev1=1 crypto rx=0x7f3f680098a0 tx=0x7f3f68009bb0 comp rx=0 tx=0).stop
2023-08-11T13:11:21.698 INFO:teuthology.orchestra.run.smithi050.stdout:/usr/bin/ceph: stderr
2023-08-11T13:11:17.834+0000 7f3f7d4e5700 1 -- 172.21.15.50:0/1682371718 shutdown_connections
2023-08-11T13:11:21.698 INFO:teuthology.orchestra.run.smithi050.stdout:/usr/bin/ceph: stderr
2023-08-11T13:11:17.834+0000 7f3f7d4e5700 1 --2- 172.21.15.50:0/1682371718 >> [v2:172.21.15.50:3300/0,v1:172.21.15.50:6789/0] conn(0x7f3f7807ad80 0x7f3f780791e0 unknown :-1 s=CLOSED pgs=43 cs=0 l=1 rev1=1 crypto rx=0 tx=0 comp rx=0 tx=0).stop
2023-08-11T13:11:21.698 INFO:teuthology.orchestra.run.smithi050.stdout:/usr/bin/ceph: stderr
2023-08-11T13:11:17.834+0000 7f3f7d4e5700 1 -- 172.21.15.50:0/1682371718 >> 172.21.15.50:0/1682371718 conn(0x7f3f78101810 msgr2=0x7f3f78103c30 unknown :-1 s=STATE_NONE l=0).mark_down
2023-08-11T13:11:21.698 INFO:teuthology.orchestra.run.smithi050.stdout:/usr/bin/ceph: stderr
2023-08-11T13:11:17.834+0000 7f3f7d4e5700 1 -- 172.21.15.50:0/1682371718 shutdown_connections
2023-08-11T13:11:21.698 INFO:teuthology.orchestra.run.smithi050.stdout:/usr/bin/ceph: stderr
2023-08-11T13:11:17.834+0000 7f3f7d4e5700 1 -- 172.21.15.50:0/1682371718 wait complete.
2023-08-11T13:11:21.698 INFO:teuthology.orchestra.run.smithi050.stdout:/usr/bin/ceph: stderr
2023-08-11T13:11:17.835+0000 7f3f7d4e5700 1 Processor -- start
2023-08-11T13:11:21.699 INFO:teuthology.orchestra.run.smithi050.stdout:/usr/bin/ceph: stderr
2023-08-11T13:11:17.835+0000 7f3f7d4e5700 1 -- start start
2023-08-11T13:11:21.699 INFO:teuthology.orchestra.run.smithi050.stdout:/usr/bin/ceph: stderr
2023-08-11T13:11:17.836+0000 7f3f7d4e5700 1 --2- >> [v2:172.21.15.50:3300/0,v1:172.21.15.50:6789/0] conn(0x7f3f7807ad80 0x7f3f7819c130 unknown :-1 s=NONE pgs=0 cs=0 l=1 rev1=0 crypto rx=0 tx=0 comp rx=0 tx=0).connect
2023-08-11T13:11:21.699 INFO:teuthology.orchestra.run.smithi050.stdout:/usr/bin/ceph: stderr
2023-08-11T13:11:17.836+0000 7f3f7d4e5700 1 -- --> [v2:172.21.15.50:3300/0,v1:172.21.15.50:6789/0] -- mon_getmap magic: 0 v1 -- 0x7f3f7819c670 con 0x7f3f7807ad80
2023-08-11T13:11:21.699 INFO:teuthology.orchestra.run.smithi050.stdout:/usr/bin/ceph: stderr
2023-08-11T13:11:17.836+0000 7f3f76ffd700 1 --2- >> [v2:172.21.15.50:3300/0,v1:172.21.15.50:6789/0] conn(0x7f3f7807ad80 0x7f3f7819c130 unknown :-1 s=BANNER_CONNECTING pgs=0 cs=0 l=1 rev1=0 crypto rx=0 tx=0 comp rx=0 tx=0)._handle_peer_banner_payload supported=3 required=0
2023-08-11T13:11:21.699 INFO:teuthology.orchestra.run.smithi050.stdout:/usr/bin/ceph: stderr
2023-08-11T13:11:17.836+0000 7f3f76ffd700 1 --2- >> [v2:172.21.15.50:3300/0,v1:172.21.15.50:6789/0] conn(0x7f3f7807ad80 0x7f3f7819c130 unknown :-1 s=HELLO_CONNECTING pgs=0 cs=0 l=1 rev1=1 crypto rx=0 tx=0 comp rx=0 tx=0).handle_hello peer v2:172.21.15.50:3300/0 says I am v2:172.21.15.50:47162/0 (socket says 172.21.15.50:47162)
2023-08-11T13:11:21.699 INFO:teuthology.orchestra.run.smithi050.stdout:/usr/bin/ceph: stderr
2023-08-11T13:11:17.836+0000 7f3f76ffd700 1 -- 172.21.15.50:0/3119707642 learned_addr learned my addr 172.21.15.50:0/3119707642 (peer_addr_for_me v2:172.21.15.50:0/0)
2023-08-11T13:11:21.699 INFO:teuthology.orchestra.run.smithi050.stdout:/usr/bin/ceph: stderr
2023-08-11T13:11:17.836+0000 7f3f76ffd700 1 -- 172.21.15.50:0/3119707642 --> [v2:172.21.15.50:3300/0,v1:172.21.15.50:6789/0] -- mon_subscribe({config=0+,monmap=0+}) v3 -- 0x7f3f68009550 con 0x7f3f7807ad80
2023-08-11T13:11:21.699 INFO:teuthology.orchestra.run.smithi050.stdout:/usr/bin/ceph: stderr
2023-08-11T13:11:17.836+0000 7f3f76ffd700 1 --2- 172.21.15.50:0/3119707642 >> [v2:172.21.15.50:3300/0,v1:172.21.15.50:6789/0] conn(0x7f3f7807ad80 0x7f3f7819c130 secure :-1 s=READY pgs=44 cs=0 l=1 rev1=1 crypto rx=0x7f3f68006af0 tx=0x7f3f68011ad0 comp rx=0 tx=0).ready entity=mon.0 client_cookie=0 server_cookie=0 in_seq=0 out_seq=0
2023-08-11T13:11:21.700 INFO:teuthology.orchestra.run.smithi050.stdout:/usr/bin/ceph: stderr
2023-08-11T13:11:17.837+0000 7f3f5ffff700 1 -- 172.21.15.50:0/3119707642 <== mon.0 v2:172.21.15.50:3300/0 1 ==== mon_map magic: 0 v1 ==== 205+0+0 (secure 0 0 0) 0x7f3f68003a40 con 0x7f3f7807ad80
2023-08-11T13:11:21.700 INFO:teuthology.orchestra.run.smithi050.stdout:/usr/bin/ceph: stderr
2023-08-11T13:11:17.837+0000 7f3f5ffff700 1 -- 172.21.15.50:0/3119707642 <== mon.0 v2:172.21.15.50:3300/0 2 ==== config(26 keys) v1 ==== 1074+0+0 (secure 0 0 0) 0x7f3f68003ba0 con 0x7f3f7807ad80
2023-08-11T13:11:21.700 INFO:teuthology.orchestra.run.smithi050.stdout:/usr/bin/ceph: stderr
2023-08-11T13:11:17.837+0000 7f3f5ffff700 1 -- 172.21.15.50:0/3119707642 <== mon.0 v2:172.21.15.50:3300/0 3 ==== mon_map magic: 0 v1 ==== 205+0+0 (secure 0 0 0) 0x7f3f6801a700 con 0x7f3f7807ad80
2023-08-11T13:11:21.700 INFO:teuthology.orchestra.run.smithi050.stdout:/usr/bin/ceph: stderr
2023-08-11T13:11:17.837+0000 7f3f7d4e5700 1 -- 172.21.15.50:0/3119707642 --> [v2:172.21.15.50:3300/0,v1:172.21.15.50:6789/0] -- mon_subscribe({mgrmap=0+}) v3 -- 0x7f3f7819c870 con 0x7f3f7807ad80
2023-08-11T13:11:21.700 INFO:teuthology.orchestra.run.smithi050.stdout:/usr/bin/ceph: stderr
2023-08-11T13:11:17.837+0000 7f3f7d4e5700 1 -- 172.21.15.50:0/3119707642 --> [v2:172.21.15.50:3300/0,v1:172.21.15.50:6789/0] -- mon_subscribe({osdmap=0}) v3 -- 0x7f3f7819cc90 con 0x7f3f7807ad80
2023-08-11T13:11:21.700 INFO:teuthology.orchestra.run.smithi050.stdout:/usr/bin/ceph: stderr
2023-08-11T13:11:17.838+0000 7f3f7d4e5700 1 -- 172.21.15.50:0/3119707642 --> [v2:172.21.15.50:3300/0,v1:172.21.15.50:6789/0] -- mon_command({"prefix": "get_command_descriptions"} v 0) v1 -- 0x7f3f78061f50 con 0x7f3f7807ad80
2023-08-11T13:11:21.700 INFO:teuthology.orchestra.run.smithi050.stdout:/usr/bin/ceph: stderr
2023-08-11T13:11:17.838+0000 7f3f5ffff700 1 -- 172.21.15.50:0/3119707642 <== mon.0 v2:172.21.15.50:3300/0 4 ==== mgrmap(e 8) v1 ==== 45135+0+0 (secure 0 0 0) 0x7f3f68024ad0 con 0x7f3f7807ad80
2023-08-11T13:11:21.701 INFO:teuthology.orchestra.run.smithi050.stdout:/usr/bin/ceph: stderr
2023-08-11T13:11:17.839+0000 7f3f5ffff700 1 --2- 172.21.15.50:0/3119707642 >> [v2:172.21.15.50:6800/3061174366,v1:172.21.15.50:6801/3061174366] conn(0x7f3f60038160 0x7f3f6003a620 unknown :-1 s=NONE pgs=0 cs=0 l=1 rev1=0 crypto rx=0 tx=0 comp rx=0 tx=0).connect
2023-08-11T13:11:21.701 INFO:teuthology.orchestra.run.smithi050.stdout:/usr/bin/ceph: stderr
2023-08-11T13:11:17.839+0000 7f3f5ffff700 1 -- 172.21.15.50:0/3119707642 <== mon.0 v2:172.21.15.50:3300/0 5 ==== osd_map(2..2 src has 1..2) v4 ==== 940+0+0 (secure 0 0 0) 0x7f3f6804bfd0 con 0x7f3f7807ad80
2023-08-11T13:11:21.701 INFO:teuthology.orchestra.run.smithi050.stdout:/usr/bin/ceph: stderr
2023-08-11T13:11:17.839+0000 7f3f767fc700 1 --2- 172.21.15.50:0/3119707642 >> [v2:172.21.15.50:6800/3061174366,v1:172.21.15.50:6801/3061174366] conn(0x7f3f60038160 0x7f3f6003a620 unknown :-1 s=BANNER_CONNECTING pgs=0 cs=0 l=1 rev1=0 crypto rx=0 tx=0 comp rx=0 tx=0)._handle_peer_banner_payload supported=3 required=0
2023-08-11T13:11:21.701 INFO:teuthology.orchestra.run.smithi050.stdout:/usr/bin/ceph: stderr
2023-08-11T13:11:17.840+0000 7f3f767fc700 1 --2- 172.21.15.50:0/3119707642 >> [v2:172.21.15.50:6800/3061174366,v1:172.21.15.50:6801/3061174366] conn(0x7f3f60038160 0x7f3f6003a620 secure :-1 s=READY pgs=11 cs=0 l=1 rev1=1 crypto rx=0x7f3f6c006fd0 tx=0x7f3f6c006e40 comp rx=0 tx=0).ready entity=mgr.14118 client_cookie=0 server_cookie=0 in_seq=0 out_seq=0
2023-08-11T13:11:21.701 INFO:teuthology.orchestra.run.smithi050.stdout:/usr/bin/ceph: stderr
2023-08-11T13:11:17.844+0000 7f3f5ffff700 1 -- 172.21.15.50:0/3119707642 <== mon.0 v2:172.21.15.50:3300/0 6 ==== mon_command_ack([{"prefix": "get_command_descriptions"}]=0 v0) v1 ==== 72+0+179220 (secure 0 0 0) 0x7f3f68018b80 con 0x7f3f7807ad80
2023-08-11T13:11:21.701 INFO:teuthology.orchestra.run.smithi050.stdout:/usr/bin/ceph: stderr
2023-08-11T13:11:18.058+0000 7f3f7d4e5700 1 -- 172.21.15.50:0/3119707642 --> [v2:172.21.15.50:6800/3061174366,v1:172.21.15.50:6801/3061174366] -- mgr_command(tid 0: {"prefix": "orch host add", "hostname": "smithi050", "addr": "172.21.15.50", "target": ["mon-mgr", ""]}) v1 -- 0x7f3f78103af0 con 0x7f3f60038160
2023-08-11T13:11:21.701 INFO:teuthology.orchestra.run.smithi050.stdout:/usr/bin/ceph: stderr
2023-08-11T13:11:21.274+0000 7f3f5ffff700 1 -- 172.21.15.50:0/3119707642 <== mgr.14118 v2:172.21.15.50:6800/3061174366 1 ==== mgr_command_reply(tid 0: 0 ) v1 ==== 8+0+48 (secure 0 0 0) 0x7f3f78103af0 con 0x7f3f60038160
2023-08-11T13:11:21.701 INFO:teuthology.orchestra.run.smithi050.stdout:/usr/bin/ceph: stderr
2023-08-11T13:11:21.277+0000 7f3f7d4e5700 1 -- 172.21.15.50:0/3119707642 >> [v2:172.21.15.50:6800/3061174366,v1:172.21.15.50:6801/3061174366] conn(0x7f3f60038160 msgr2=0x7f3f6003a620 secure :-1 s=STATE_CONNECTION_ESTABLISHED l=1).mark_down
2023-08-11T13:11:21.702 INFO:teuthology.orchestra.run.smithi050.stdout:/usr/bin/ceph: stderr
2023-08-11T13:11:21.277+0000 7f3f7d4e5700 1 --2- 172.21.15.50:0/3119707642 >> [v2:172.21.15.50:6800/3061174366,v1:172.21.15.50:6801/3061174366] conn(0x7f3f60038160 0x7f3f6003a620 secure :-1 s=READY pgs=11 cs=0 l=1 rev1=1 crypto rx=0x7f3f6c006fd0 tx=0x7f3f6c006e40 comp rx=0 tx=0).stop
2023-08-11T13:11:21.702 INFO:teuthology.orchestra.run.smithi050.stdout:/usr/bin/ceph: stderr
2023-08-11T13:11:21.277+0000 7f3f7d4e5700 1 -- 172.21.15.50:0/3119707642 >> [v2:172.21.15.50:3300/0,v1:172.21.15.50:6789/0] conn(0x7f3f7807ad80 msgr2=0x7f3f7819c130 secure :-1 s=STATE_CONNECTION_ESTABLISHED l=1).mark_down
2023-08-11T13:11:21.702 INFO:teuthology.orchestra.run.smithi050.stdout:/usr/bin/ceph: stderr
2023-08-11T13:11:21.277+0000 7f3f7d4e5700 1 --2- 172.21.15.50:0/3119707642 >> [v2:172.21.15.50:3300/0,v1:172.21.15.50:6789/0] conn(0x7f3f7807ad80 0x7f3f7819c130 secure :-1 s=READY pgs=44 cs=0 l=1 rev1=1 crypto rx=0x7f3f68006af0 tx=0x7f3f68011ad0 comp rx=0 tx=0).stop
2023-08-11T13:11:21.702 INFO:teuthology.orchestra.run.smithi050.stdout:/usr/bin/ceph: stderr
2023-08-11T13:11:21.277+0000 7f3f7d4e5700 1 -- 172.21.15.50:0/3119707642 shutdown_connections
2023-08-11T13:11:21.702 INFO:teuthology.orchestra.run.smithi050.stdout:/usr/bin/ceph: stderr
2023-08-11T13:11:21.277+0000 7f3f7d4e5700 1 --2- 172.21.15.50:0/3119707642 >> [v2:172.21.15.50:6800/3061174366,v1:172.21.15.50:6801/3061174366] conn(0x7f3f60038160 0x7f3f6003a620 unknown :-1 s=CLOSED pgs=11 cs=0 l=1 rev1=1 crypto rx=0 tx=0 comp rx=0 tx=0).stop
2023-08-11T13:11:21.702 INFO:teuthology.orchestra.run.smithi050.stdout:/usr/bin/ceph: stderr
2023-08-11T13:11:21.277+0000 7f3f7d4e5700 1 --2- 172.21.15.50:0/3119707642 >> [v2:172.21.15.50:3300/0,v1:172.21.15.50:6789/0] conn(0x7f3f7807ad80 0x7f3f7819c130 unknown :-1 s=CLOSED pgs=44 cs=0 l=1 rev1=1 crypto rx=0 tx=0 comp rx=0 tx=0).stop
2023-08-11T13:11:21.702 INFO:teuthology.orchestra.run.smithi050.stdout:/usr/bin/ceph: stderr
2023-08-11T13:11:21.277+0000 7f3f7d4e5700 1 -- 172.21.15.50:0/3119707642 >> 172.21.15.50:0/3119707642 conn(0x7f3f78101810 msgr2=0x7f3f78102e90 unknown :-1 s=STATE_NONE l=0).mark_down
2023-08-11T13:11:21.703 INFO:teuthology.orchestra.run.smithi050.stdout:/usr/bin/ceph: stderr
2023-08-11T13:11:21.277+0000 7f3f7d4e5700 1 -- 172.21.15.50:0/3119707642 shutdown_connections
2023-08-11T13:11:21.703 INFO:teuthology.orchestra.run.smithi050.stdout:/usr/bin/ceph: stderr
2023-08-11T13:11:21.277+0000 7f3f7d4e5700 1 -- 172.21.15.50:0/3119707642 wait complete.
2023-08-11T13:11:21.703 INFO:teuthology.orchestra.run.smithi050.stdout:Deploying unmanaged mon service...
2023-08-11T13:11:22.603 INFO:journalctl@ceph.mon.a.smithi050.stdout:Aug 11 13:11:22 smithi050 ceph-mon[97091]: from='mgr.14118 172.21.15.50:0/777547378' entity='mgr.x'
2023-08-11T13:11:22.603 INFO:journalctl@ceph.mon.a.smithi050.stdout:Aug 11 13:11:22 smithi050 ceph-mon[97091]: Added host smithi050
2023-08-11T13:11:22.603 INFO:journalctl@ceph.mon.a.smithi050.stdout:Aug 11 13:11:22 smithi050 ceph-mon[97091]: from='mgr.14118 172.21.15.50:0/777547378' entity='mgr.x' cmd=[{"prefix": "config dump", "format": "json"}]: dispatch
2023-08-11T13:11:22.911 INFO:teuthology.orchestra.run.smithi050.stdout:/usr/bin/ceph: stdout Scheduled mon update...
2023-08-11T13:11:22.912 INFO:teuthology.orchestra.run.smithi050.stdout:/usr/bin/ceph: stderr
2023-08-11T13:11:22.229+0000 7fa1d724a700 1 Processor -- start
2023-08-11T13:11:22.912 INFO:teuthology.orchestra.run.smithi050.stdout:/usr/bin/ceph: stderr
2023-08-11T13:11:22.229+0000 7fa1d724a700 1 -- start start
2023-08-11T13:11:22.912 INFO:teuthology.orchestra.run.smithi050.stdout:/usr/bin/ceph: stderr
2023-08-11T13:11:22.229+0000 7fa1d724a700 1 --2- >> [v2:172.21.15.50:3300/0,v1:172.21.15.50:6789/0] conn(0x7fa1d007ad60 0x7fa1d00791c0 unknown :-1 s=NONE pgs=0 cs=0 l=0 rev1=0 crypto rx=0 tx=0 comp rx=0 tx=0).connect
2023-08-11T13:11:22.912 INFO:teuthology.orchestra.run.smithi050.stdout:/usr/bin/ceph: stderr
2023-08-11T13:11:22.229+0000 7fa1d724a700 1 -- --> [v2:172.21.15.50:3300/0,v1:172.21.15.50:6789/0] -- mon_getmap magic: 0 v1 -- 0x7fa1d0079790 con 0x7fa1d007ad60
2023-08-11T13:11:22.912 INFO:teuthology.orchestra.run.smithi050.stdout:/usr/bin/ceph: stderr
2023-08-11T13:11:22.230+0000 7fa1d4fe6700 1 --2- >> [v2:172.21.15.50:3300/0,v1:172.21.15.50:6789/0] conn(0x7fa1d007ad60 0x7fa1d00791c0 unknown :-1 s=BANNER_CONNECTING pgs=0 cs=0 l=0 rev1=0 crypto rx=0 tx=0 comp rx=0 tx=0)._handle_peer_banner_payload supported=3 required=0
2023-08-11T13:11:22.912 INFO:teuthology.orchestra.run.smithi050.stdout:/usr/bin/ceph: stderr
2023-08-11T13:11:22.230+0000 7fa1d4fe6700 1 --2- >> [v2:172.21.15.50:3300/0,v1:172.21.15.50:6789/0] conn(0x7fa1d007ad60 0x7fa1d00791c0 unknown :-1 s=HELLO_CONNECTING pgs=0 cs=0 l=0 rev1=1 crypto rx=0 tx=0 comp rx=0 tx=0).handle_hello peer v2:172.21.15.50:3300/0 says I am v2:172.21.15.50:47174/0 (socket says 172.21.15.50:47174)
2023-08-11T13:11:22.913 INFO:teuthology.orchestra.run.smithi050.stdout:/usr/bin/ceph: stderr
2023-08-11T13:11:22.230+0000 7fa1d4fe6700 1 -- 172.21.15.50:0/1190549375 learned_addr learned my addr 172.21.15.50:0/1190549375 (peer_addr_for_me v2:172.21.15.50:0/0)
2023-08-11T13:11:22.913 INFO:teuthology.orchestra.run.smithi050.stdout:/usr/bin/ceph: stderr
2023-08-11T13:11:22.230+0000 7fa1d4fe6700 1 -- 172.21.15.50:0/1190549375 --> [v2:172.21.15.50:3300/0,v1:172.21.15.50:6789/0] -- mon_subscribe({config=0+,monmap=0+}) v3 -- 0x7fa1d00798d0 con 0x7fa1d007ad60
2023-08-11T13:11:22.913 INFO:teuthology.orchestra.run.smithi050.stdout:/usr/bin/ceph: stderr
2023-08-11T13:11:22.230+0000 7fa1d4fe6700 1 --2- 172.21.15.50:0/1190549375 >> [v2:172.21.15.50:3300/0,v1:172.21.15.50:6789/0] conn(0x7fa1d007ad60 0x7fa1d00791c0 secure :-1 s=READY pgs=45 cs=0 l=1 rev1=1 crypto rx=0x7fa1c40098a0 tx=0x7fa1c4009bb0 comp rx=0 tx=0).ready entity=mon.0 client_cookie=aeec09e6d94ed264 server_cookie=0 in_seq=0 out_seq=0
2023-08-11T13:11:22.913 INFO:teuthology.orchestra.run.smithi050.stdout:/usr/bin/ceph: stderr
2023-08-11T13:11:22.230+0000 7fa1cf7fe700 1 -- 172.21.15.50:0/1190549375 <== mon.0 v2:172.21.15.50:3300/0 1 ==== mon_map magic: 0 v1 ==== 205+0+0 (secure 0 0 0) 0x7fa1c4004160 con 0x7fa1d007ad60
2023-08-11T13:11:22.913 INFO:teuthology.orchestra.run.smithi050.stdout:/usr/bin/ceph: stderr
2023-08-11T13:11:22.231+0000 7fa1cf7fe700 1 -- 172.21.15.50:0/1190549375 <== mon.0 v2:172.21.15.50:3300/0 2 ==== config(26 keys) v1 ==== 1074+0+0 (secure 0 0 0) 0x7fa1c40042c0 con 0x7fa1d007ad60
2023-08-11T13:11:22.913 INFO:teuthology.orchestra.run.smithi050.stdout:/usr/bin/ceph: stderr
2023-08-11T13:11:22.231+0000 7fa1cf7fe700 1 -- 172.21.15.50:0/1190549375 <== mon.0 v2:172.21.15.50:3300/0 3 ==== mon_map magic: 0 v1 ==== 205+0+0 (secure 0 0 0) 0x7fa1c4011a00 con 0x7fa1d007ad60
