2023-08-11T13:11:01.843+0000 7f835d22e700 1 --2- >> [v2:172.21.15.50:3300/0,v1:172.21.15.50:6789/0] conn(0x7f835807ada0 0x7f835819c110 unknown :-1 s=BANNER_CONNECTING pgs=0 cs=0 l=1 rev1=0 crypto rx=0 tx=0 comp rx=0 tx=0)._handle_peer_banner_payload supported=3 required=0
2023-08-11T13:11:02.605 INFO:teuthology.orchestra.run.smithi050.stdout:/usr/bin/ceph: stderr
2023-08-11T13:11:01.843+0000 7f835d22e700 1 --2- >> [v2:172.21.15.50:3300/0,v1:172.21.15.50:6789/0] conn(0x7f835807ada0 0x7f835819c110 unknown :-1 s=HELLO_CONNECTING pgs=0 cs=0 l=1 rev1=1 crypto rx=0 tx=0 comp rx=0 tx=0).handle_hello peer v2:172.21.15.50:3300/0 says I am v2:172.21.15.50:58570/0 (socket says 172.21.15.50:58570)
2023-08-11T13:11:02.605 INFO:teuthology.orchestra.run.smithi050.stdout:/usr/bin/ceph: stderr
2023-08-11T13:11:01.843+0000 7f835d22e700 1 -- 172.21.15.50:0/1641074122 learned_addr learned my addr 172.21.15.50:0/1641074122 (peer_addr_for_me v2:172.21.15.50:0/0)
2023-08-11T13:11:02.605 INFO:teuthology.orchestra.run.smithi050.stdout:/usr/bin/ceph: stderr
2023-08-11T13:11:01.843+0000 7f835d22e700 1 -- 172.21.15.50:0/1641074122 --> [v2:172.21.15.50:3300/0,v1:172.21.15.50:6789/0] -- mon_subscribe({config=0+,monmap=0+}) v3 -- 0x7f8354009550 con 0x7f835807ada0
2023-08-11T13:11:02.605 INFO:teuthology.orchestra.run.smithi050.stdout:/usr/bin/ceph: stderr
2023-08-11T13:11:01.843+0000 7f835d22e700 1 --2- 172.21.15.50:0/1641074122 >> [v2:172.21.15.50:3300/0,v1:172.21.15.50:6789/0] conn(0x7f835807ada0 0x7f835819c110 secure :-1 s=READY pgs=21 cs=0 l=1 rev1=1 crypto rx=0x7f8354006af0 tx=0x7f8354011ad0 comp rx=0 tx=0).ready entity=mon.0 client_cookie=0 server_cookie=0 in_seq=0 out_seq=0
2023-08-11T13:11:02.605 INFO:teuthology.orchestra.run.smithi050.stdout:/usr/bin/ceph: stderr
2023-08-11T13:11:01.844+0000 7f834e7fc700 1 -- 172.21.15.50:0/1641074122 <== mon.0 v2:172.21.15.50:3300/0 1 ==== mon_map magic: 0 v1 ==== 205+0+0 (secure 0 0 0) 0x7f8354003a40 con 0x7f835807ada0
2023-08-11T13:11:02.606 INFO:teuthology.orchestra.run.smithi050.stdout:/usr/bin/ceph: stderr
2023-08-11T13:11:01.844+0000 7f834e7fc700 1 -- 172.21.15.50:0/1641074122 <== mon.0 v2:172.21.15.50:3300/0 2 ==== config(26 keys) v1 ==== 1074+0+0 (secure 0 0 0) 0x7f8354003ba0 con 0x7f835807ada0
2023-08-11T13:11:02.606 INFO:teuthology.orchestra.run.smithi050.stdout:/usr/bin/ceph: stderr
2023-08-11T13:11:01.844+0000 7f834e7fc700 1 -- 172.21.15.50:0/1641074122 <== mon.0 v2:172.21.15.50:3300/0 3 ==== mon_map magic: 0 v1 ==== 205+0+0 (secure 0 0 0) 0x7f835401a700 con 0x7f835807ada0
2023-08-11T13:11:02.606 INFO:teuthology.orchestra.run.smithi050.stdout:/usr/bin/ceph: stderr
2023-08-11T13:11:01.844+0000 7f835f492700 1 -- 172.21.15.50:0/1641074122 --> [v2:172.21.15.50:3300/0,v1:172.21.15.50:6789/0] -- mon_subscribe({mgrmap=0+}) v3 -- 0x7f835819c850 con 0x7f835807ada0
2023-08-11T13:11:02.606 INFO:teuthology.orchestra.run.smithi050.stdout:/usr/bin/ceph: stderr
2023-08-11T13:11:01.844+0000 7f835f492700 1 -- 172.21.15.50:0/1641074122 --> [v2:172.21.15.50:3300/0,v1:172.21.15.50:6789/0] -- mon_subscribe({osdmap=0}) v3 -- 0x7f835819cc70 con 0x7f835807ada0
2023-08-11T13:11:02.606 INFO:teuthology.orchestra.run.smithi050.stdout:/usr/bin/ceph: stderr
2023-08-11T13:11:01.845+0000 7f834e7fc700 1 -- 172.21.15.50:0/1641074122 <== mon.0 v2:172.21.15.50:3300/0 4 ==== mgrmap(e 4) v1 ==== 45124+0+0 (secure 0 0 0) 0x7f8354024430 con 0x7f835807ada0
2023-08-11T13:11:02.606 INFO:teuthology.orchestra.run.smithi050.stdout:/usr/bin/ceph: stderr
2023-08-11T13:11:01.845+0000 7f835f492700 1 -- 172.21.15.50:0/1641074122 --> [v2:172.21.15.50:3300/0,v1:172.21.15.50:6789/0] -- mon_command({"prefix": "get_command_descriptions"} v 0) v1 -- 0x7f8358061f50 con 0x7f835807ada0
2023-08-11T13:11:02.606 INFO:teuthology.orchestra.run.smithi050.stdout:/usr/bin/ceph: stderr
2023-08-11T13:11:01.846+0000 7f834e7fc700 1 --2- 172.21.15.50:0/1641074122 >> [v2:172.21.15.50:6800/1450688942,v1:172.21.15.50:6801/1450688942] conn(0x7f83440380c0 0x7f834403a580 unknown :-1 s=NONE pgs=0 cs=0 l=1 rev1=0 crypto rx=0 tx=0 comp rx=0 tx=0).connect
2023-08-11T13:11:02.607 INFO:teuthology.orchestra.run.smithi050.stdout:/usr/bin/ceph: stderr
2023-08-11T13:11:01.846+0000 7f834e7fc700 1 -- 172.21.15.50:0/1641074122 <== mon.0 v2:172.21.15.50:3300/0 5 ==== osd_map(1..1 src has 1..1) v4 ==== 725+0+0 (secure 0 0 0) 0x7f835404bee0 con 0x7f835807ada0
2023-08-11T13:11:02.607 INFO:teuthology.orchestra.run.smithi050.stdout:/usr/bin/ceph: stderr
2023-08-11T13:11:01.846+0000 7f835ca2d700 1 --2- 172.21.15.50:0/1641074122 >> [v2:172.21.15.50:6800/1450688942,v1:172.21.15.50:6801/1450688942] conn(0x7f83440380c0 0x7f834403a580 unknown :-1 s=BANNER_CONNECTING pgs=0 cs=0 l=1 rev1=0 crypto rx=0 tx=0 comp rx=0 tx=0)._handle_peer_banner_payload supported=3 required=0
2023-08-11T13:11:02.607 INFO:teuthology.orchestra.run.smithi050.stdout:/usr/bin/ceph: stderr
2023-08-11T13:11:01.847+0000 7f835ca2d700 1 --2- 172.21.15.50:0/1641074122 >> [v2:172.21.15.50:6800/1450688942,v1:172.21.15.50:6801/1450688942] conn(0x7f83440380c0 0x7f834403a580 secure :-1 s=READY pgs=8 cs=0 l=1 rev1=1 crypto rx=0x7f8348006fd0 tx=0x7f8348006e40 comp rx=0 tx=0).ready entity=mgr.14100 client_cookie=0 server_cookie=0 in_seq=0 out_seq=0
2023-08-11T13:11:02.607 INFO:teuthology.orchestra.run.smithi050.stdout:/usr/bin/ceph: stderr
2023-08-11T13:11:01.851+0000 7f834e7fc700 1 -- 172.21.15.50:0/1641074122 <== mon.0 v2:172.21.15.50:3300/0 6 ==== mon_command_ack([{"prefix": "get_command_descriptions"}]=0 v0) v1 ==== 72+0+179220 (secure 0 0 0) 0x7f83540246e0 con 0x7f835807ada0
2023-08-11T13:11:02.607 INFO:teuthology.orchestra.run.smithi050.stdout:/usr/bin/ceph: stderr
2023-08-11T13:11:02.115+0000 7f835f492700 1 -- 172.21.15.50:0/1641074122 --> [v2:172.21.15.50:3300/0,v1:172.21.15.50:6789/0] -- mon_command({"prefix": "mgr module enable", "module": "cephadm"} v 0) v1 -- 0x7f835810c600 con 0x7f835807ada0
2023-08-11T13:11:02.607 INFO:teuthology.orchestra.run.smithi050.stdout:/usr/bin/ceph: stderr
2023-08-11T13:11:02.168+0000 7f834e7fc700 1 -- 172.21.15.50:0/1641074122 <== mon.0 v2:172.21.15.50:3300/0 7 ==== mgrmap(e 5) v1 ==== 45135+0+0 (secure 0 0 0) 0x7f835402d8c0 con 0x7f835807ada0
2023-08-11T13:11:02.608 INFO:teuthology.orchestra.run.smithi050.stdout:/usr/bin/ceph: stderr
2023-08-11T13:11:02.170+0000 7f834e7fc700 1 -- 172.21.15.50:0/1641074122 <== mon.0 v2:172.21.15.50:3300/0 8 ==== mon_command_ack([{"prefix": "mgr module enable", "module": "cephadm"}]=0 v5) v1 ==== 86+0+0 (secure 0 0 0) 0x7f8354050c40 con 0x7f835807ada0
2023-08-11T13:11:02.608 INFO:teuthology.orchestra.run.smithi050.stdout:/usr/bin/ceph: stderr
2023-08-11T13:11:02.172+0000 7f835f492700 1 -- 172.21.15.50:0/1641074122 >> [v2:172.21.15.50:6800/1450688942,v1:172.21.15.50:6801/1450688942] conn(0x7f83440380c0 msgr2=0x7f834403a580 secure :-1 s=STATE_CONNECTION_ESTABLISHED l=1).mark_down
2023-08-11T13:11:02.608 INFO:teuthology.orchestra.run.smithi050.stdout:/usr/bin/ceph: stderr
2023-08-11T13:11:02.172+0000 7f835f492700 1 --2- 172.21.15.50:0/1641074122 >> [v2:172.21.15.50:6800/1450688942,v1:172.21.15.50:6801/1450688942] conn(0x7f83440380c0 0x7f834403a580 secure :-1 s=READY pgs=8 cs=0 l=1 rev1=1 crypto rx=0x7f8348006fd0 tx=0x7f8348006e40 comp rx=0 tx=0).stop
2023-08-11T13:11:02.608 INFO:teuthology.orchestra.run.smithi050.stdout:/usr/bin/ceph: stderr
2023-08-11T13:11:02.172+0000 7f835f492700 1 -- 172.21.15.50:0/1641074122 >> [v2:172.21.15.50:3300/0,v1:172.21.15.50:6789/0] conn(0x7f835807ada0 msgr2=0x7f835819c110 secure :-1 s=STATE_CONNECTION_ESTABLISHED l=1).mark_down
2023-08-11T13:11:02.608 INFO:teuthology.orchestra.run.smithi050.stdout:/usr/bin/ceph: stderr
2023-08-11T13:11:02.172+0000 7f835f492700 1 --2- 172.21.15.50:0/1641074122 >> [v2:172.21.15.50:3300/0,v1:172.21.15.50:6789/0] conn(0x7f835807ada0 0x7f835819c110 secure :-1 s=READY pgs=21 cs=0 l=1 rev1=1 crypto rx=0x7f8354006af0 tx=0x7f8354011ad0 comp rx=0 tx=0).stop
2023-08-11T13:11:02.608 INFO:teuthology.orchestra.run.smithi050.stdout:/usr/bin/ceph: stderr
2023-08-11T13:11:02.172+0000 7f835f492700 1 -- 172.21.15.50:0/1641074122 shutdown_connections
2023-08-11T13:11:02.609 INFO:teuthology.orchestra.run.smithi050.stdout:/usr/bin/ceph: stderr
2023-08-11T13:11:02.172+0000 7f835f492700 1 --2- 172.21.15.50:0/1641074122 >> [v2:172.21.15.50:6800/1450688942,v1:172.21.15.50:6801/1450688942] conn(0x7f83440380c0 0x7f834403a580 unknown :-1 s=CLOSED pgs=8 cs=0 l=1 rev1=1 crypto rx=0 tx=0 comp rx=0 tx=0).stop
2023-08-11T13:11:02.609 INFO:teuthology.orchestra.run.smithi050.stdout:/usr/bin/ceph: stderr
2023-08-11T13:11:02.172+0000 7f835f492700 1 --2- 172.21.15.50:0/1641074122 >> [v2:172.21.15.50:3300/0,v1:172.21.15.50:6789/0] conn(0x7f835807ada0 0x7f835819c110 unknown :-1 s=CLOSED pgs=21 cs=0 l=1 rev1=1 crypto rx=0 tx=0 comp rx=0 tx=0).stop
2023-08-11T13:11:02.609 INFO:teuthology.orchestra.run.smithi050.stdout:/usr/bin/ceph: stderr
2023-08-11T13:11:02.172+0000 7f835f492700 1 -- 172.21.15.50:0/1641074122 >> 172.21.15.50:0/1641074122 conn(0x7f8358101810 msgr2=0x7f8358102ec0 unknown :-1 s=STATE_NONE l=0).mark_down
2023-08-11T13:11:02.609 INFO:teuthology.orchestra.run.smithi050.stdout:/usr/bin/ceph: stderr
2023-08-11T13:11:02.173+0000 7f835f492700 1 -- 172.21.15.50:0/1641074122 shutdown_connections
2023-08-11T13:11:02.609 INFO:teuthology.orchestra.run.smithi050.stdout:/usr/bin/ceph: stderr
2023-08-11T13:11:02.173+0000 7f835f492700 1 -- 172.21.15.50:0/1641074122 wait complete.
2023-08-11T13:11:02.701 INFO:journalctl@ceph.mgr.x.smithi050.stdout:Aug 11 13:11:02 smithi050 ceph-57671066-3848-11ee-9b37-001a4aab830c-mgr-x[97340]:
2023-08-11T13:11:02.430+0000 7f44165fc200 -1 mgr[py] Module devicehealth has missing NOTIFY_TYPES member
2023-08-11T13:11:02.702 INFO:journalctl@ceph.mgr.x.smithi050.stdout:Aug 11 13:11:02 smithi050 ceph-57671066-3848-11ee-9b37-001a4aab830c-mgr-x[97340]:
2023-08-11T13:11:02.538+0000 7f44165fc200 -1 mgr[py] Module osd_support has missing NOTIFY_TYPES member
2023-08-11T13:11:02.702 INFO:journalctl@ceph.mgr.x.smithi050.stdout:Aug 11 13:11:02 smithi050 ceph-57671066-3848-11ee-9b37-001a4aab830c-mgr-x[97340]:
2023-08-11T13:11:02.661+0000 7f44165fc200 -1 mgr[py] Module snap_schedule has missing NOTIFY_TYPES member
2023-08-11T13:11:03.032 INFO:journalctl@ceph.mgr.x.smithi050.stdout:Aug 11 13:11:02 smithi050 ceph-57671066-3848-11ee-9b37-001a4aab830c-mgr-x[97340]:
2023-08-11T13:11:02.791+0000 7f44165fc200 -1 mgr[py] Module zabbix has missing NOTIFY_TYPES member
2023-08-11T13:11:03.432 INFO:journalctl@ceph.mgr.x.smithi050.stdout:Aug 11 13:11:03 smithi050 ceph-57671066-3848-11ee-9b37-001a4aab830c-mgr-x[97340]:
2023-08-11T13:11:03.029+0000 7f44165fc200 -1 mgr[py] Module crash has missing NOTIFY_TYPES member
2023-08-11T13:11:03.433 INFO:journalctl@ceph.mon.a.smithi050.stdout:Aug 11 13:11:03 smithi050 ceph-mon[97091]: from='client.? 172.21.15.50:0/1641074122' entity='client.admin' cmd='[{"prefix": "mgr module enable", "module": "cephadm"}]': finished
2023-08-11T13:11:03.433 INFO:journalctl@ceph.mon.a.smithi050.stdout:Aug 11 13:11:03 smithi050 ceph-mon[97091]: mgrmap e5: x(active, since 8s)
2023-08-11T13:11:03.692 INFO:journalctl@ceph.mgr.x.smithi050.stdout:Aug 11 13:11:03 smithi050 ceph-57671066-3848-11ee-9b37-001a4aab830c-mgr-x[97340]:
2023-08-11T13:11:03.511+0000 7f44165fc200 -1 mgr[py] Module prometheus has missing NOTIFY_TYPES member
2023-08-11T13:11:03.692 INFO:journalctl@ceph.mgr.x.smithi050.stdout:Aug 11 13:11:03 smithi050 ceph-57671066-3848-11ee-9b37-001a4aab830c-mgr-x[97340]:
2023-08-11T13:11:03.689+0000 7f44165fc200 -1 mgr[py] Module status has missing NOTIFY_TYPES member
2023-08-11T13:11:03.881 INFO:teuthology.orchestra.run.smithi050.stdout:/usr/bin/ceph: stdout {
2023-08-11T13:11:03.881 INFO:teuthology.orchestra.run.smithi050.stdout:/usr/bin/ceph: stdout "epoch": 5,
2023-08-11T13:11:03.881 INFO:teuthology.orchestra.run.smithi050.stdout:/usr/bin/ceph: stdout "available": true,
2023-08-11T13:11:03.881 INFO:teuthology.orchestra.run.smithi050.stdout:/usr/bin/ceph: stdout "active_name": "x",
2023-08-11T13:11:03.881 INFO:teuthology.orchestra.run.smithi050.stdout:/usr/bin/ceph: stdout "num_standby": 0
2023-08-11T13:11:03.882 INFO:teuthology.orchestra.run.smithi050.stdout:/usr/bin/ceph: stdout }
2023-08-11T13:11:03.882 INFO:teuthology.orchestra.run.smithi050.stdout:/usr/bin/ceph: stderr
2023-08-11T13:11:03.123+0000 7f2513144700 1 Processor -- start
2023-08-11T13:11:03.882 INFO:teuthology.orchestra.run.smithi050.stdout:/usr/bin/ceph: stderr
2023-08-11T13:11:03.123+0000 7f2513144700 1 -- start start
2023-08-11T13:11:03.882 INFO:teuthology.orchestra.run.smithi050.stdout:/usr/bin/ceph: stderr
2023-08-11T13:11:03.124+0000 7f2513144700 1 --2- >> [v2:172.21.15.50:3300/0,v1:172.21.15.50:6789/0] conn(0x7f250c07ad40 0x7f250c0791a0 unknown :-1 s=NONE pgs=0 cs=0 l=0 rev1=0 crypto rx=0 tx=0 comp rx=0 tx=0).connect
2023-08-11T13:11:03.882 INFO:teuthology.orchestra.run.smithi050.stdout:/usr/bin/ceph: stderr
2023-08-11T13:11:03.124+0000 7f2513144700 1 -- --> [v2:172.21.15.50:3300/0,v1:172.21.15.50:6789/0] -- mon_getmap magic: 0 v1 -- 0x7f250c079770 con 0x7f250c07ad40
2023-08-11T13:11:03.882 INFO:teuthology.orchestra.run.smithi050.stdout:/usr/bin/ceph: stderr
2023-08-11T13:11:03.124+0000 7f2510ee0700 1 --2- >> [v2:172.21.15.50:3300/0,v1:172.21.15.50:6789/0] conn(0x7f250c07ad40 0x7f250c0791a0 unknown :-1 s=BANNER_CONNECTING pgs=0 cs=0 l=0 rev1=0 crypto rx=0 tx=0 comp rx=0 tx=0)._handle_peer_banner_payload supported=3 required=0
2023-08-11T13:11:03.882 INFO:teuthology.orchestra.run.smithi050.stdout:/usr/bin/ceph: stderr
2023-08-11T13:11:03.124+0000 7f2510ee0700 1 --2- >> [v2:172.21.15.50:3300/0,v1:172.21.15.50:6789/0] conn(0x7f250c07ad40 0x7f250c0791a0 unknown :-1 s=HELLO_CONNECTING pgs=0 cs=0 l=0 rev1=1 crypto rx=0 tx=0 comp rx=0 tx=0).handle_hello peer v2:172.21.15.50:3300/0 says I am v2:172.21.15.50:36618/0 (socket says 172.21.15.50:36618)
2023-08-11T13:11:03.883 INFO:teuthology.orchestra.run.smithi050.stdout:/usr/bin/ceph: stderr
2023-08-11T13:11:03.124+0000 7f2510ee0700 1 -- 172.21.15.50:0/2698355660 learned_addr learned my addr 172.21.15.50:0/2698355660 (peer_addr_for_me v2:172.21.15.50:0/0)
2023-08-11T13:11:03.883 INFO:teuthology.orchestra.run.smithi050.stdout:/usr/bin/ceph: stderr
2023-08-11T13:11:03.124+0000 7f2510ee0700 1 -- 172.21.15.50:0/2698355660 --> [v2:172.21.15.50:3300/0,v1:172.21.15.50:6789/0] -- mon_subscribe({config=0+,monmap=0+}) v3 -- 0x7f250c0798b0 con 0x7f250c07ad40
2023-08-11T13:11:03.883 INFO:teuthology.orchestra.run.smithi050.stdout:/usr/bin/ceph: stderr
2023-08-11T13:11:03.125+0000 7f2510ee0700 1 --2- 172.21.15.50:0/2698355660 >> [v2:172.21.15.50:3300/0,v1:172.21.15.50:6789/0] conn(0x7f250c07ad40 0x7f250c0791a0 secure :-1 s=READY pgs=24 cs=0 l=1 rev1=1 crypto rx=0x7f25000098a0 tx=0x7f2500009bb0 comp rx=0 tx=0).ready entity=mon.0 client_cookie=b41b649f946b7a8a server_cookie=0 in_seq=0 out_seq=0
2023-08-11T13:11:03.883 INFO:teuthology.orchestra.run.smithi050.stdout:/usr/bin/ceph: stderr
2023-08-11T13:11:03.125+0000 7f250b7fe700 1 -- 172.21.15.50:0/2698355660 <== mon.0 v2:172.21.15.50:3300/0 1 ==== mon_map magic: 0 v1 ==== 205+0+0 (secure 0 0 0) 0x7f2500004160 con 0x7f250c07ad40
2023-08-11T13:11:03.883 INFO:teuthology.orchestra.run.smithi050.stdout:/usr/bin/ceph: stderr
2023-08-11T13:11:03.125+0000 7f250b7fe700 1 -- 172.21.15.50:0/2698355660 <== mon.0 v2:172.21.15.50:3300/0 2 ==== config(26 keys) v1 ==== 1074+0+0 (secure 0 0 0) 0x7f25000042c0 con 0x7f250c07ad40
2023-08-11T13:11:03.883 INFO:teuthology.orchestra.run.smithi050.stdout:/usr/bin/ceph: stderr
2023-08-11T13:11:03.125+0000 7f250b7fe700 1 -- 172.21.15.50:0/2698355660 <== mon.0 v2:172.21.15.50:3300/0 3 ==== mon_map magic: 0 v1 ==== 205+0+0 (secure 0 0 0) 0x7f2500011a00 con 0x7f250c07ad40
2023-08-11T13:11:03.883 INFO:teuthology.orchestra.run.smithi050.stdout:/usr/bin/ceph: stderr
2023-08-11T13:11:03.126+0000 7f2513144700 1 -- 172.21.15.50:0/2698355660 >> [v2:172.21.15.50:3300/0,v1:172.21.15.50:6789/0] conn(0x7f250c07ad40 msgr2=0x7f250c0791a0 secure :-1 s=STATE_CONNECTION_ESTABLISHED l=1).mark_down
2023-08-11T13:11:03.884 INFO:teuthology.orchestra.run.smithi050.stdout:/usr/bin/ceph: stderr
2023-08-11T13:11:03.126+0000 7f2513144700 1 --2- 172.21.15.50:0/2698355660 >> [v2:172.21.15.50:3300/0,v1:172.21.15.50:6789/0] conn(0x7f250c07ad40 0x7f250c0791a0 secure :-1 s=READY pgs=24 cs=0 l=1 rev1=1 crypto rx=0x7f25000098a0 tx=0x7f2500009bb0 comp rx=0 tx=0).stop
2023-08-11T13:11:03.884 INFO:teuthology.orchestra.run.smithi050.stdout:/usr/bin/ceph: stderr
2023-08-11T13:11:03.126+0000 7f2513144700 1 -- 172.21.15.50:0/2698355660 shutdown_connections
2023-08-11T13:11:03.884 INFO:teuthology.orchestra.run.smithi050.stdout:/usr/bin/ceph: stderr
2023-08-11T13:11:03.126+0000 7f2513144700 1 --2- 172.21.15.50:0/2698355660 >> [v2:172.21.15.50:3300/0,v1:172.21.15.50:6789/0] conn(0x7f250c07ad40 0x7f250c0791a0 unknown :-1 s=CLOSED pgs=24 cs=0 l=1 rev1=1 crypto rx=0 tx=0 comp rx=0 tx=0).stop
2023-08-11T13:11:03.884 INFO:teuthology.orchestra.run.smithi050.stdout:/usr/bin/ceph: stderr
2023-08-11T13:11:03.126+0000 7f2513144700 1 -- 172.21.15.50:0/2698355660 >> 172.21.15.50:0/2698355660 conn(0x7f250c101810 msgr2=0x7f250c103c30 unknown :-1 s=STATE_NONE l=0).mark_down
2023-08-11T13:11:03.884 INFO:teuthology.orchestra.run.smithi050.stdout:/usr/bin/ceph: stderr
2023-08-11T13:11:03.126+0000 7f2513144700 1 -- 172.21.15.50:0/2698355660 shutdown_connections
2023-08-11T13:11:03.884 INFO:teuthology.orchestra.run.smithi050.stdout:/usr/bin/ceph: stderr
2023-08-11T13:11:03.126+0000 7f2513144700 1 -- 172.21.15.50:0/2698355660 wait complete.
2023-08-11T13:11:03.884 INFO:teuthology.orchestra.run.smithi050.stdout:/usr/bin/ceph: stderr
2023-08-11T13:11:03.127+0000 7f2513144700 1 Processor -- start
2023-08-11T13:11:03.885 INFO:teuthology.orchestra.run.smithi050.stdout:/usr/bin/ceph: stderr
2023-08-11T13:11:03.127+0000 7f2513144700 1 -- start start
2023-08-11T13:11:03.885 INFO:teuthology.orchestra.run.smithi050.stdout:/usr/bin/ceph: stderr
2023-08-11T13:11:03.127+0000 7f2513144700 1 --2- >> [v2:172.21.15.50:3300/0,v1:172.21.15.50:6789/0] conn(0x7f250c07ad40 0x7f250c19c120 unknown :-1 s=NONE pgs=0 cs=0 l=1 rev1=0 crypto rx=0 tx=0 comp rx=0 tx=0).connect
2023-08-11T13:11:03.885 INFO:teuthology.orchestra.run.smithi050.stdout:/usr/bin/ceph: stderr
2023-08-11T13:11:03.127+0000 7f2513144700 1 -- --> [v2:172.21.15.50:3300/0,v1:172.21.15.50:6789/0] -- mon_getmap magic: 0 v1 -- 0x7f250c19c660 con 0x7f250c07ad40
2023-08-11T13:11:03.885 INFO:teuthology.orchestra.run.smithi050.stdout:/usr/bin/ceph: stderr
2023-08-11T13:11:03.128+0000 7f2510ee0700 1 --2- >> [v2:172.21.15.50:3300/0,v1:172.21.15.50:6789/0] conn(0x7f250c07ad40 0x7f250c19c120 unknown :-1 s=BANNER_CONNECTING pgs=0 cs=0 l=1 rev1=0 crypto rx=0 tx=0 comp rx=0 tx=0)._handle_peer_banner_payload supported=3 required=0
2023-08-11T13:11:03.885 INFO:teuthology.orchestra.run.smithi050.stdout:/usr/bin/ceph: stderr
2023-08-11T13:11:03.128+0000 7f2510ee0700 1 --2- >> [v2:172.21.15.50:3300/0,v1:172.21.15.50:6789/0] conn(0x7f250c07ad40 0x7f250c19c120 unknown :-1 s=HELLO_CONNECTING pgs=0 cs=0 l=1 rev1=1 crypto rx=0 tx=0 comp rx=0 tx=0).handle_hello peer v2:172.21.15.50:3300/0 says I am v2:172.21.15.50:36626/0 (socket says 172.21.15.50:36626)
2023-08-11T13:11:03.885 INFO:teuthology.orchestra.run.smithi050.stdout:/usr/bin/ceph: stderr
2023-08-11T13:11:03.128+0000 7f2510ee0700 1 -- 172.21.15.50:0/1297671899 learned_addr learned my addr 172.21.15.50:0/1297671899 (peer_addr_for_me v2:172.21.15.50:0/0)
2023-08-11T13:11:03.885 INFO:teuthology.orchestra.run.smithi050.stdout:/usr/bin/ceph: stderr
2023-08-11T13:11:03.128+0000 7f2510ee0700 1 -- 172.21.15.50:0/1297671899 --> [v2:172.21.15.50:3300/0,v1:172.21.15.50:6789/0] -- mon_subscribe({config=0+,monmap=0+}) v3 -- 0x7f2500009550 con 0x7f250c07ad40
2023-08-11T13:11:03.885 INFO:teuthology.orchestra.run.smithi050.stdout:/usr/bin/ceph: stderr
2023-08-11T13:11:03.128+0000 7f2510ee0700 1 --2- 172.21.15.50:0/1297671899 >> [v2:172.21.15.50:3300/0,v1:172.21.15.50:6789/0] conn(0x7f250c07ad40 0x7f250c19c120 secure :-1 s=READY pgs=25 cs=0 l=1 rev1=1 crypto rx=0x7f2500006af0 tx=0x7f2500011ad0 comp rx=0 tx=0).ready entity=mon.0 client_cookie=0 server_cookie=0 in_seq=0 out_seq=0
2023-08-11T13:11:03.886 INFO:teuthology.orchestra.run.smithi050.stdout:/usr/bin/ceph: stderr
2023-08-11T13:11:03.129+0000 7f2509ffb700 1 -- 172.21.15.50:0/1297671899 <== mon.0 v2:172.21.15.50:3300/0 1 ==== mon_map magic: 0 v1 ==== 205+0+0 (secure 0 0 0) 0x7f2500003a40 con 0x7f250c07ad40
2023-08-11T13:11:03.886 INFO:teuthology.orchestra.run.smithi050.stdout:/usr/bin/ceph: stderr
2023-08-11T13:11:03.129+0000 7f2509ffb700 1 -- 172.21.15.50:0/1297671899 <== mon.0 v2:172.21.15.50:3300/0 2 ==== config(26 keys) v1 ==== 1074+0+0 (secure 0 0 0) 0x7f2500003ba0 con 0x7f250c07ad40
2023-08-11T13:11:03.886 INFO:teuthology.orchestra.run.smithi050.stdout:/usr/bin/ceph: stderr
2023-08-11T13:11:03.129+0000 7f2509ffb700 1 -- 172.21.15.50:0/1297671899 <== mon.0 v2:172.21.15.50:3300/0 3 ==== mon_map magic: 0 v1 ==== 205+0+0 (secure 0 0 0) 0x7f250001a6e0 con 0x7f250c07ad40
2023-08-11T13:11:03.886 INFO:teuthology.orchestra.run.smithi050.stdout:/usr/bin/ceph: stderr
2023-08-11T13:11:03.129+0000 7f2513144700 1 -- 172.21.15.50:0/1297671899 --> [v2:172.21.15.50:3300/0,v1:172.21.15.50:6789/0] -- mon_subscribe({mgrmap=0+}) v3 -- 0x7f250c19c860 con 0x7f250c07ad40
2023-08-11T13:11:03.886 INFO:teuthology.orchestra.run.smithi050.stdout:/usr/bin/ceph: stderr
2023-08-11T13:11:03.129+0000 7f2513144700 1 -- 172.21.15.50:0/1297671899 --> [v2:172.21.15.50:3300/0,v1:172.21.15.50:6789/0] -- mon_subscribe({osdmap=0}) v3 -- 0x7f250c19cc80 con 0x7f250c07ad40
2023-08-11T13:11:03.886 INFO:teuthology.orchestra.run.smithi050.stdout:/usr/bin/ceph: stderr
2023-08-11T13:11:03.130+0000 7f2509ffb700 1 -- 172.21.15.50:0/1297671899 <== mon.0 v2:172.21.15.50:3300/0 4 ==== mgrmap(e 5) v1 ==== 45135+0+0 (secure 0 0 0) 0x7f2500024a60 con 0x7f250c07ad40
2023-08-11T13:11:03.886 INFO:teuthology.orchestra.run.smithi050.stdout:/usr/bin/ceph: stderr
2023-08-11T13:11:03.130+0000 7f2513144700 1 -- 172.21.15.50:0/1297671899 --> [v2:172.21.15.50:3300/0,v1:172.21.15.50:6789/0] -- mon_command({"prefix": "get_command_descriptions"} v 0) v1 -- 0x7f250c061f50 con 0x7f250c07ad40
2023-08-11T13:11:03.886 INFO:teuthology.orchestra.run.smithi050.stdout:/usr/bin/ceph: stderr
2023-08-11T13:11:03.131+0000 7f2509ffb700 1 --2- 172.21.15.50:0/1297671899 >> [v2:172.21.15.50:6800/1450688942,v1:172.21.15.50:6801/1450688942] conn(0x7f24fc038160 0x7f24fc03a620 unknown :-1 s=NONE pgs=0 cs=0 l=1 rev1=0 crypto rx=0 tx=0 comp rx=0 tx=0).connect
2023-08-11T13:11:03.887 INFO:teuthology.orchestra.run.smithi050.stdout:/usr/bin/ceph: stderr
2023-08-11T13:11:03.131+0000 7f2509ffb700 1 -- 172.21.15.50:0/1297671899 <== mon.0 v2:172.21.15.50:3300/0 5 ==== osd_map(1..1 src has 1..1) v4 ==== 725+0+0 (secure 0 0 0) 0x7f250004bf20 con 0x7f250c07ad40
2023-08-11T13:11:03.887 INFO:teuthology.orchestra.run.smithi050.stdout:/usr/bin/ceph: stderr
2023-08-11T13:11:03.131+0000 7f250bfff700 1 -- 172.21.15.50:0/1297671899 >> [v2:172.21.15.50:6800/1450688942,v1:172.21.15.50:6801/1450688942] conn(0x7f24fc038160 msgr2=0x7f24fc03a620 unknown :-1 s=STATE_CONNECTING_RE l=1).process reconnect failed to v2:172.21.15.50:6800/1450688942
2023-08-11T13:11:03.887 INFO:teuthology.orchestra.run.smithi050.stdout:/usr/bin/ceph: stderr
2023-08-11T13:11:03.131+0000 7f250bfff700 1 --2- 172.21.15.50:0/1297671899 >> [v2:172.21.15.50:6800/1450688942,v1:172.21.15.50:6801/1450688942] conn(0x7f24fc038160 0x7f24fc03a620 unknown :-1 s=START_CONNECT pgs=0 cs=0 l=1 rev1=0 crypto rx=0 tx=0 comp rx=0 tx=0)._fault waiting 0.200000
2023-08-11T13:11:03.887 INFO:teuthology.orchestra.run.smithi050.stdout:/usr/bin/ceph: stderr
2023-08-11T13:11:03.136+0000 7f2509ffb700 1 -- 172.21.15.50:0/1297671899 <== mon.0 v2:172.21.15.50:3300/0 6 ==== mon_command_ack([{"prefix": "get_command_descriptions"}]=0 v0) v1 ==== 72+0+179220 (secure 0 0 0) 0x7f2500024430 con 0x7f250c07ad40
2023-08-11T13:11:03.887 INFO:teuthology.orchestra.run.smithi050.stdout:/usr/bin/ceph: stderr
2023-08-11T13:11:03.332+0000 7f250bfff700 1 -- 172.21.15.50:0/1297671899 >> [v2:172.21.15.50:6800/1450688942,v1:172.21.15.50:6801/1450688942] conn(0x7f24fc038160 msgr2=0x7f24fc03a620 unknown :-1 s=STATE_CONNECTING_RE l=1).process reconnect failed to v2:172.21.15.50:6800/1450688942
2023-08-11T13:11:03.887 INFO:teuthology.orchestra.run.smithi050.stdout:/usr/bin/ceph: stderr
2023-08-11T13:11:03.332+0000 7f250bfff700 1 --2- 172.21.15.50:0/1297671899 >> [v2:172.21.15.50:6800/1450688942,v1:172.21.15.50:6801/1450688942] conn(0x7f24fc038160 0x7f24fc03a620 unknown :-1 s=START_CONNECT pgs=0 cs=0 l=1 rev1=0 crypto rx=0 tx=0 comp rx=0 tx=0)._fault waiting 0.400000
2023-08-11T13:11:03.887 INFO:teuthology.orchestra.run.smithi050.stdout:/usr/bin/ceph: stderr
2023-08-11T13:11:03.405+0000 7f2513144700 1 -- 172.21.15.50:0/1297671899 --> [v2:172.21.15.50:3300/0,v1:172.21.15.50:6789/0] -- mon_command({"prefix": "mgr stat"} v 0) v1 -- 0x7f250c10c600 con 0x7f250c07ad40
2023-08-11T13:11:03.888 INFO:teuthology.orchestra.run.smithi050.stdout:/usr/bin/ceph: stderr
2023-08-11T13:11:03.406+0000 7f2509ffb700 1 -- 172.21.15.50:0/1297671899 <== mon.0 v2:172.21.15.50:3300/0 7 ==== mon_command_ack([{"prefix": "mgr stat"}]=0 v5) v1 ==== 56+0+88 (secure 0 0 0) 0x7f2500018350 con 0x7f250c07ad40
2023-08-11T13:11:03.888 INFO:teuthology.orchestra.run.smithi050.stdout:/usr/bin/ceph: stderr
2023-08-11T13:11:03.408+0000 7f2513144700 1 -- 172.21.15.50:0/1297671899 >> [v2:172.21.15.50:6800/1450688942,v1:172.21.15.50:6801/1450688942] conn(0x7f24fc038160 msgr2=0x7f24fc03a620 unknown :-1 s=STATE_CONNECTING l=1).mark_down
2023-08-11T13:11:03.888 INFO:teuthology.orchestra.run.smithi050.stdout:/usr/bin/ceph: stderr
2023-08-11T13:11:03.408+0000 7f2513144700 1 --2- 172.21.15.50:0/1297671899 >> [v2:172.21.15.50:6800/1450688942,v1:172.21.15.50:6801/1450688942] conn(0x7f24fc038160 0x7f24fc03a620 unknown :-1 s=START_CONNECT pgs=0 cs=0 l=1 rev1=0 crypto rx=0 tx=0 comp rx=0 tx=0).stop
2023-08-11T13:11:03.888 INFO:teuthology.orchestra.run.smithi050.stdout:/usr/bin/ceph: stderr
2023-08-11T13:11:03.408+0000 7f2513144700 1 -- 172.21.15.50:0/1297671899 >> [v2:172.21.15.50:3300/0,v1:172.21.15.50:6789/0] conn(0x7f250c07ad40 msgr2=0x7f250c19c120 secure :-1 s=STATE_CONNECTION_ESTABLISHED l=1).mark_down
2023-08-11T13:11:03.888 INFO:teuthology.orchestra.run.smithi050.stdout:/usr/bin/ceph: stderr
2023-08-11T13:11:03.408+0000 7f2513144700 1 --2- 172.21.15.50:0/1297671899 >> [v2:172.21.15.50:3300/0,v1:172.21.15.50:6789/0] conn(0x7f250c07ad40 0x7f250c19c120 secure :-1 s=READY pgs=25 cs=0 l=1 rev1=1 crypto rx=0x7f2500006af0 tx=0x7f2500011ad0 comp rx=0 tx=0).stop
2023-08-11T13:11:03.888 INFO:teuthology.orchestra.run.smithi050.stdout:/usr/bin/ceph: stderr
2023-08-11T13:11:03.408+0000 7f2513144700 1 -- 172.21.15.50:0/1297671899 shutdown_connections
2023-08-11T13:11:03.888 INFO:teuthology.orchestra.run.smithi050.stdout:/usr/bin/ceph: stderr
2023-08-11T13:11:03.408+0000 7f2513144700 1 --2- 172.21.15.50:0/1297671899 >> [v2:172.21.15.50:6800/1450688942,v1:172.21.15.50:6801/1450688942] conn(0x7f24fc038160 0x7f24fc03a620 unknown :-1 s=CLOSED pgs=0 cs=0 l=1 rev1=0 crypto rx=0 tx=0 comp rx=0 tx=0).stop
2023-08-11T13:11:03.888 INFO:teuthology.orchestra.run.smithi050.stdout:/usr/bin/ceph: stderr
2023-08-11T13:11:03.408+0000 7f2513144700 1 --2- 172.21.15.50:0/1297671899 >> [v2:172.21.15.50:3300/0,v1:172.21.15.50:6789/0] conn(0x7f250c07ad40 0x7f250c19c120 unknown :-1 s=CLOSED pgs=25 cs=0 l=1 rev1=1 crypto rx=0 tx=0 comp rx=0 tx=0).stop
2023-08-11T13:11:03.889 INFO:teuthology.orchestra.run.smithi050.stdout:/usr/bin/ceph: stderr
2023-08-11T13:11:03.408+0000 7f2513144700 1 -- 172.21.15.50:0/1297671899 >> 172.21.15.50:0/1297671899 conn(0x7f250c101810 msgr2=0x7f250c102ea0 unknown :-1 s=STATE_NONE l=0).mark_down
2023-08-11T13:11:03.889 INFO:teuthology.orchestra.run.smithi050.stdout:/usr/bin/ceph: stderr
2023-08-11T13:11:03.409+0000 7f2513144700 1 -- 172.21.15.50:0/1297671899 shutdown_connections
2023-08-11T13:11:03.889 INFO:teuthology.orchestra.run.smithi050.stdout:/usr/bin/ceph: stderr
2023-08-11T13:11:03.409+0000 7f2513144700 1 -- 172.21.15.50:0/1297671899 wait complete.
2023-08-11T13:11:03.889 INFO:teuthology.orchestra.run.smithi050.stdout:Waiting for the mgr to restart...
2023-08-11T13:11:03.889 INFO:teuthology.orchestra.run.smithi050.stdout:Waiting for mgr epoch 5...
2023-08-11T13:11:03.951 INFO:journalctl@ceph.mgr.x.smithi050.stdout:Aug 11 13:11:03 smithi050 ceph-57671066-3848-11ee-9b37-001a4aab830c-mgr-x[97340]:
2023-08-11T13:11:03.811+0000 7f44165fc200 -1 mgr[py] Module selftest has missing NOTIFY_TYPES member
2023-08-11T13:11:04.232 INFO:journalctl@ceph.mon.a.smithi050.stdout:Aug 11 13:11:04 smithi050 ceph-mon[97091]: from='client.? 172.21.15.50:0/1297671899' entity='client.admin' cmd=[{"prefix": "mgr stat"}]: dispatch
2023-08-11T13:11:04.233 INFO:journalctl@ceph.mgr.x.smithi050.stdout:Aug 11 13:11:03 smithi050 ceph-57671066-3848-11ee-9b37-001a4aab830c-mgr-x[97340]:
2023-08-11T13:11:03.950+0000 7f44165fc200 -1 mgr[py] Module alerts has missing NOTIFY_TYPES member
2023-08-11T13:11:04.951 INFO:journalctl@ceph.mgr.x.smithi050.stdout:Aug 11 13:11:04 smithi050 ceph-57671066-3848-11ee-9b37-001a4aab830c-mgr-x[97340]:
2023-08-11T13:11:04.519+0000 7f44165fc200 -1 mgr[py] Module progress has missing NOTIFY_TYPES member
2023-08-11T13:11:05.701 INFO:journalctl@ceph.mgr.x.smithi050.stdout:Aug 11 13:11:05 smithi050 ceph-57671066-3848-11ee-9b37-001a4aab830c-mgr-x[97340]:
2023-08-11T13:11:05.395+0000 7f44165fc200 -1 mgr[py] Module rook has missing NOTIFY_TYPES member
2023-08-11T13:11:05.702 INFO:journalctl@ceph.mgr.x.smithi050.stdout:Aug 11 13:11:05 smithi050 ceph-57671066-3848-11ee-9b37-001a4aab830c-mgr-x[97340]:
2023-08-11T13:11:05.506+0000 7f44165fc200 -1 mgr[py] Module iostat has missing NOTIFY_TYPES member
2023-08-11T13:11:06.851 INFO:journalctl@ceph.mgr.x.smithi050.stdout:Aug 11 13:11:06 smithi050 ceph-57671066-3848-11ee-9b37-001a4aab830c-mgr-x[97340]:
2023-08-11T13:11:06.495+0000 7f44165fc200 -1 mgr[py] Module test_orchestrator has missing NOTIFY_TYPES member
2023-08-11T13:11:06.852 INFO:journalctl@ceph.mgr.x.smithi050.stdout:Aug 11 13:11:06 smithi050 ceph-57671066-3848-11ee-9b37-001a4aab830c-mgr-x[97340]:
2023-08-11T13:11:06.619+0000 7f44165fc200 -1 mgr[py] Module osd_perf_query has missing NOTIFY_TYPES member
2023-08-11T13:11:07.201 INFO:journalctl@ceph.mgr.x.smithi050.stdout:Aug 11 13:11:06 smithi050 ceph-57671066-3848-11ee-9b37-001a4aab830c-mgr-x[97340]:
2023-08-11T13:11:06.849+0000 7f44165fc200 -1 mgr[py] Module orchestrator has missing NOTIFY_TYPES member
2023-08-11T13:11:07.505 INFO:journalctl@ceph.mgr.x.smithi050.stdout:Aug 11 13:11:07 smithi050 ceph-57671066-3848-11ee-9b37-001a4aab830c-mgr-x[97340]:
2023-08-11T13:11:07.221+0000 7f44165fc200 -1 mgr[py] Module rgw has missing NOTIFY_TYPES member
2023-08-11T13:11:07.951 INFO:journalctl@ceph.mgr.x.smithi050.stdout:Aug 11 13:11:07 smithi050 ceph-57671066-3848-11ee-9b37-001a4aab830c-mgr-x[97340]:
2023-08-11T13:11:07.503+0000 7f44165fc200 -1 mgr[py] Module influx has missing NOTIFY_TYPES member
2023-08-11T13:11:07.952 INFO:journalctl@ceph.mgr.x.smithi050.stdout:Aug 11 13:11:07 smithi050 ceph-57671066-3848-11ee-9b37-001a4aab830c-mgr-x[97340]:
2023-08-11T13:11:07.704+0000 7f44165fc200 -1 mgr[py] Module telemetry has missing NOTIFY_TYPES member
2023-08-11T13:11:08.451 INFO:journalctl@ceph.mgr.x.smithi050.stdout:Aug 11 13:11:08 smithi050 ceph-57671066-3848-11ee-9b37-001a4aab830c-mgr-x[97340]:
2023-08-11T13:11:08.059+0000 7f44165fc200 -1 mgr[py] Module telegraf has missing NOTIFY_TYPES member
2023-08-11T13:11:09.451 INFO:journalctl@ceph.mgr.x.smithi050.stdout:Aug 11 13:11:09 smithi050 ceph-57671066-3848-11ee-9b37-001a4aab830c-mgr-x[97340]:
2023-08-11T13:11:09.015+0000 7f44165fc200 -1 mgr[py] Module balancer has missing NOTIFY_TYPES member
2023-08-11T13:11:09.452 INFO:journalctl@ceph.mgr.x.smithi050.stdout:Aug 11 13:11:09 smithi050 ceph-57671066-3848-11ee-9b37-001a4aab830c-mgr-x[97340]:
2023-08-11T13:11:09.194+0000 7f44165fc200 -1 mgr[py] Module diskprediction_local has missing NOTIFY_TYPES member
2023-08-11T13:11:09.887 INFO:journalctl@ceph.mgr.x.smithi050.stdout:Aug 11 13:11:09 smithi050 ceph-57671066-3848-11ee-9b37-001a4aab830c-mgr-x[97340]:
2023-08-11T13:11:09.451+0000 7f44165fc200 -1 mgr[py] Module nfs has missing NOTIFY_TYPES member
2023-08-11T13:11:09.888 INFO:journalctl@ceph.mgr.x.smithi050.stdout:Aug 11 13:11:09 smithi050 ceph-57671066-3848-11ee-9b37-001a4aab830c-mgr-x[97340]:
2023-08-11T13:11:09.600+0000 7f44165fc200 -1 mgr[py] Module rbd_support has missing NOTIFY_TYPES member
2023-08-11T13:11:10.201 INFO:journalctl@ceph.mgr.x.smithi050.stdout:Aug 11 13:11:09 smithi050 ceph-57671066-3848-11ee-9b37-001a4aab830c-mgr-x[97340]:
2023-08-11T13:11:09.886+0000 7f44165fc200 -1 mgr[py] Module volumes has missing NOTIFY_TYPES member
2023-08-11T13:11:11.451 INFO:journalctl@ceph.mgr.x.smithi050.stdout:Aug 11 13:11:10 smithi050 ceph-57671066-3848-11ee-9b37-001a4aab830c-mgr-x[97340]:
2023-08-11T13:11:10.987+0000 7f44165fc200 -1 mgr[py] Module pg_autoscaler has missing NOTIFY_TYPES member
2023-08-11T13:11:11.452 INFO:journalctl@ceph.mon.a.smithi050.stdout:Aug 11 13:11:11 smithi050 ceph-mon[97091]: Active manager daemon x restarted
2023-08-11T13:11:11.452 INFO:journalctl@ceph.mon.a.smithi050.stdout:Aug 11 13:11:11 smithi050 ceph-mon[97091]: Activating manager daemon x
2023-08-11T13:11:11.452 INFO:journalctl@ceph.mon.a.smithi050.stdout:Aug 11 13:11:11 smithi050 ceph-mon[97091]: osdmap e2: 0 total, 0 up, 0 in
2023-08-11T13:11:11.452 INFO:journalctl@ceph.mon.a.smithi050.stdout:Aug 11 13:11:11 smithi050 ceph-mon[97091]: mgrmap e6: x(active, starting, since 0.00360246s)
2023-08-11T13:11:11.452 INFO:journalctl@ceph.mon.a.smithi050.stdout:Aug 11 13:11:11 smithi050 ceph-mon[97091]: from='mgr.14118 172.21.15.50:0/777547378' entity='mgr.x' cmd=[{"prefix": "mon metadata", "id": "a"}]: dispatch
2023-08-11T13:11:11.452 INFO:journalctl@ceph.mon.a.smithi050.stdout:Aug 11 13:11:11 smithi050 ceph-mon[97091]: from='mgr.14118 172.21.15.50:0/777547378' entity='mgr.x' cmd=[{"prefix": "mgr metadata", "who": "x", "id": "x"}]: dispatch
2023-08-11T13:11:11.453 INFO:journalctl@ceph.mon.a.smithi050.stdout:Aug 11 13:11:11 smithi050 ceph-mon[97091]: from='mgr.14118 172.21.15.50:0/777547378' entity='mgr.x' cmd=[{"prefix": "mds metadata"}]: dispatch
2023-08-11T13:11:11.453 INFO:journalctl@ceph.mon.a.smithi050.stdout:Aug 11 13:11:11 smithi050 ceph-mon[97091]: from='mgr.14118 172.21.15.50:0/777547378' entity='mgr.x' cmd=[{"prefix": "osd metadata"}]: dispatch
2023-08-11T13:11:11.453 INFO:journalctl@ceph.mon.a.smithi050.stdout:Aug 11 13:11:11 smithi050 ceph-mon[97091]: from='mgr.14118 172.21.15.50:0/777547378' entity='mgr.x' cmd=[{"prefix": "mon metadata"}]: dispatch
2023-08-11T13:11:11.453 INFO:journalctl@ceph.mon.a.smithi050.stdout:Aug 11 13:11:11 smithi050 ceph-mon[97091]: Manager daemon x is now available
2023-08-11T13:11:11.453 INFO:journalctl@ceph.mon.a.smithi050.stdout:Aug 11 13:11:11 smithi050 ceph-mon[97091]: from='mgr.14118 172.21.15.50:0/777547378' entity='mgr.x'
2023-08-11T13:11:11.453 INFO:journalctl@ceph.mon.a.smithi050.stdout:Aug 11 13:11:11 smithi050 ceph-mon[97091]: from='mgr.14118 172.21.15.50:0/777547378' entity='mgr.x'
2023-08-11T13:11:11.453 INFO:journalctl@ceph.mon.a.smithi050.stdout:Aug 11 13:11:11 smithi050 ceph-mon[97091]: from='mgr.14118 172.21.15.50:0/777547378' entity='mgr.x' cmd=[{"prefix": "config dump", "format": "json"}]: dispatch
2023-08-11T13:11:11.454 INFO:journalctl@ceph.mon.a.smithi050.stdout:Aug 11 13:11:11 smithi050 ceph-mon[97091]: from='mgr.14118 172.21.15.50:0/777547378' entity='mgr.x' cmd=[{"prefix": "config dump", "format": "json"}]: dispatch
2023-08-11T13:11:11.454 INFO:journalctl@ceph.mon.a.smithi050.stdout:Aug 11 13:11:11 smithi050 ceph-mon[97091]: from='mgr.14118 172.21.15.50:0/777547378' entity='mgr.x' cmd=[{"prefix": "config dump", "format": "json"}]: dispatch
2023-08-11T13:11:12.375 INFO:teuthology.orchestra.run.smithi050.stdout:/usr/bin/ceph: stdout {
2023-08-11T13:11:12.380 INFO:teuthology.orchestra.run.smithi050.stdout:/usr/bin/ceph: stdout "mgrmap_epoch": 7,
2023-08-11T13:11:12.381 INFO:teuthology.orchestra.run.smithi050.stdout:/usr/bin/ceph: stdout "initialized": true
2023-08-11T13:11:12.381 INFO:teuthology.orchestra.run.smithi050.stdout:/usr/bin/ceph: stdout }
2023-08-11T13:11:12.381 INFO:teuthology.orchestra.run.smithi050.stdout:/usr/bin/ceph: stderr
2023-08-11T13:11:04.456+0000 7f2c82c37700 1 Processor -- start
2023-08-11T13:11:12.381 INFO:teuthology.orchestra.run.smithi050.stdout:/usr/bin/ceph: stderr
2023-08-11T13:11:04.456+0000 7f2c82c37700 1 -- start start
2023-08-11T13:11:12.381 INFO:teuthology.orchestra.run.smithi050.stdout:/usr/bin/ceph: stderr
2023-08-11T13:11:04.457+0000 7f2c82c37700 1 --2- >> [v2:172.21.15.50:3300/0,v1:172.21.15.50:6789/0] conn(0x7f2c7c07ad40 0x7f2c7c0791a0 unknown :-1 s=NONE pgs=0 cs=0 l=0 rev1=0 crypto rx=0 tx=0 comp rx=0 tx=0).connect
2023-08-11T13:11:12.381 INFO:teuthology.orchestra.run.smithi050.stdout:/usr/bin/ceph: stderr
2023-08-11T13:11:04.457+0000 7f2c82c37700 1 -- --> [v2:172.21.15.50:3300/0,v1:172.21.15.50:6789/0] -- mon_getmap magic: 0 v1 -- 0x7f2c7c079770 con 0x7f2c7c07ad40
2023-08-11T13:11:12.382 INFO:teuthology.orchestra.run.smithi050.stdout:/usr/bin/ceph: stderr
2023-08-11T13:11:04.457+0000 7f2c809d3700 1 --2- >> [v2:172.21.15.50:3300/0,v1:172.21.15.50:6789/0] conn(0x7f2c7c07ad40 0x7f2c7c0791a0 unknown :-1 s=BANNER_CONNECTING pgs=0 cs=0 l=0 rev1=0 crypto rx=0 tx=0 comp rx=0 tx=0)._handle_peer_banner_payload supported=3 required=0
2023-08-11T13:11:12.382 INFO:teuthology.orchestra.run.smithi050.stdout:/usr/bin/ceph: stderr
2023-08-11T13:11:04.457+0000 7f2c809d3700 1 --2- >> [v2:172.21.15.50:3300/0,v1:172.21.15.50:6789/0] conn(0x7f2c7c07ad40 0x7f2c7c0791a0 unknown :-1 s=HELLO_CONNECTING pgs=0 cs=0 l=0 rev1=1 crypto rx=0 tx=0 comp rx=0 tx=0).handle_hello peer v2:172.21.15.50:3300/0 says I am v2:172.21.15.50:36642/0 (socket says 172.21.15.50:36642)
2023-08-11T13:11:12.382 INFO:teuthology.orchestra.run.smithi050.stdout:/usr/bin/ceph: stderr
2023-08-11T13:11:04.457+0000 7f2c809d3700 1 -- 172.21.15.50:0/2169198391 learned_addr learned my addr 172.21.15.50:0/2169198391 (peer_addr_for_me v2:172.21.15.50:0/0)
2023-08-11T13:11:12.382 INFO:teuthology.orchestra.run.smithi050.stdout:/usr/bin/ceph: stderr
2023-08-11T13:11:04.458+0000 7f2c809d3700 1 -- 172.21.15.50:0/2169198391 --> [v2:172.21.15.50:3300/0,v1:172.21.15.50:6789/0] -- mon_subscribe({config=0+,monmap=0+}) v3 -- 0x7f2c7c0798b0 con 0x7f2c7c07ad40
2023-08-11T13:11:12.382 INFO:teuthology.orchestra.run.smithi050.stdout:/usr/bin/ceph: stderr
2023-08-11T13:11:04.458+0000 7f2c809d3700 1 --2- 172.21.15.50:0/2169198391 >> [v2:172.21.15.50:3300/0,v1:172.21.15.50:6789/0] conn(0x7f2c7c07ad40 0x7f2c7c0791a0 secure :-1 s=READY pgs=26 cs=0 l=1 rev1=1 crypto rx=0x7f2c700098a0 tx=0x7f2c70009bb0 comp rx=0 tx=0).ready entity=mon.0 client_cookie=5d42157c461a51bf server_cookie=0 in_seq=0 out_seq=0
2023-08-11T13:11:12.382 INFO:teuthology.orchestra.run.smithi050.stdout:/usr/bin/ceph: stderr
2023-08-11T13:11:04.458+0000 7f2c7b7fe700 1 -- 172.21.15.50:0/2169198391 <== mon.0 v2:172.21.15.50:3300/0 1 ==== mon_map magic: 0 v1 ==== 205+0+0 (secure 0 0 0) 0x7f2c70004160 con 0x7f2c7c07ad40
2023-08-11T13:11:12.382 INFO:teuthology.orchestra.run.smithi050.stdout:/usr/bin/ceph: stderr
2023-08-11T13:11:04.458+0000 7f2c7b7fe700 1 -- 172.21.15.50:0/2169198391 <== mon.0 v2:172.21.15.50:3300/0 2 ==== config(26 keys) v1 ==== 1074+0+0 (secure 0 0 0) 0x7f2c700042c0 con 0x7f2c7c07ad40
2023-08-11T13:11:12.383 INFO:teuthology.orchestra.run.smithi050.stdout:/usr/bin/ceph: stderr
2023-08-11T13:11:04.458+0000 7f2c7b7fe700 1 -- 172.21.15.50:0/2169198391 <== mon.0 v2:172.21.15.50:3300/0 3 ==== mon_map magic: 0 v1 ==== 205+0+0 (secure 0 0 0) 0x7f2c70011a00 con 0x7f2c7c07ad40
2023-08-11T13:11:12.383 INFO:teuthology.orchestra.run.smithi050.stdout:/usr/bin/ceph: stderr
2023-08-11T13:11:04.459+0000 7f2c82c37700 1 -- 172.21.15.50:0/2169198391 >> [v2:172.21.15.50:3300/0,v1:172.21.15.50:6789/0] conn(0x7f2c7c07ad40 msgr2=0x7f2c7c0791a0 secure :-1 s=STATE_CONNECTION_ESTABLISHED l=1).mark_down
2023-08-11T13:11:12.383 INFO:teuthology.orchestra.run.smithi050.stdout:/usr/bin/ceph: stderr
2023-08-11T13:11:04.459+0000 7f2c82c37700 1 --2- 172.21.15.50:0/2169198391 >> [v2:172.21.15.50:3300/0,v1:172.21.15.50:6789/0] conn(0x7f2c7c07ad40 0x7f2c7c0791a0 secure :-1 s=READY pgs=26 cs=0 l=1 rev1=1 crypto rx=0x7f2c700098a0 tx=0x7f2c70009bb0 comp rx=0 tx=0).stop
2023-08-11T13:11:12.383 INFO:teuthology.orchestra.run.smithi050.stdout:/usr/bin/ceph: stderr
2023-08-11T13:11:04.459+0000 7f2c82c37700 1 -- 172.21.15.50:0/2169198391 shutdown_connections
2023-08-11T13:11:12.383 INFO:teuthology.orchestra.run.smithi050.stdout:/usr/bin/ceph: stderr
2023-08-11T13:11:04.459+0000 7f2c82c37700 1 --2- 172.21.15.50:0/2169198391 >> [v2:172.21.15.50:3300/0,v1:172.21.15.50:6789/0] conn(0x7f2c7c07ad40 0x7f2c7c0791a0 unknown :-1 s=CLOSED pgs=26 cs=0 l=1 rev1=1 crypto rx=0 tx=0 comp rx=0 tx=0).stop
2023-08-11T13:11:12.383 INFO:teuthology.orchestra.run.smithi050.stdout:/usr/bin/ceph: stderr
2023-08-11T13:11:04.459+0000 7f2c82c37700 1 -- 172.21.15.50:0/2169198391 >> 172.21.15.50:0/2169198391 conn(0x7f2c7c101810 msgr2=0x7f2c7c103c30 unknown :-1 s=STATE_NONE l=0).mark_down
2023-08-11T13:11:12.383 INFO:teuthology.orchestra.run.smithi050.stdout:/usr/bin/ceph: stderr
2023-08-11T13:11:04.459+0000 7f2c82c37700 1 -- 172.21.15.50:0/2169198391 shutdown_connections
2023-08-11T13:11:12.383 INFO:teuthology.orchestra.run.smithi050.stdout:/usr/bin/ceph: stderr
2023-08-11T13:11:04.459+0000 7f2c82c37700 1 -- 172.21.15.50:0/2169198391 wait complete.
2023-08-11T13:11:12.384 INFO:teuthology.orchestra.run.smithi050.stdout:/usr/bin/ceph: stderr
2023-08-11T13:11:04.460+0000 7f2c82c37700 1 Processor -- start
2023-08-11T13:11:12.384 INFO:teuthology.orchestra.run.smithi050.stdout:/usr/bin/ceph: stderr
2023-08-11T13:11:04.460+0000 7f2c82c37700 1 -- start start
2023-08-11T13:11:12.384 INFO:teuthology.orchestra.run.smithi050.stdout:/usr/bin/ceph: stderr
2023-08-11T13:11:04.460+0000 7f2c82c37700 1 --2- >> [v2:172.21.15.50:3300/0,v1:172.21.15.50:6789/0] conn(0x7f2c7c07ad40 0x7f2c7c19c120 unknown :-1 s=NONE pgs=0 cs=0 l=1 rev1=0 crypto rx=0 tx=0 comp rx=0 tx=0).connect
2023-08-11T13:11:12.384 INFO:teuthology.orchestra.run.smithi050.stdout:/usr/bin/ceph: stderr
2023-08-11T13:11:04.460+0000 7f2c82c37700 1 -- --> [v2:172.21.15.50:3300/0,v1:172.21.15.50:6789/0] -- mon_getmap magic: 0 v1 -- 0x7f2c7c19c660 con 0x7f2c7c07ad40
2023-08-11T13:11:12.384 INFO:teuthology.orchestra.run.smithi050.stdout:/usr/bin/ceph: stderr
2023-08-11T13:11:04.461+0000 7f2c809d3700 1 --2- >> [v2:172.21.15.50:3300/0,v1:172.21.15.50:6789/0] conn(0x7f2c7c07ad40 0x7f2c7c19c120 unknown :-1 s=BANNER_CONNECTING pgs=0 cs=0 l=1 rev1=0 crypto rx=0 tx=0 comp rx=0 tx=0)._handle_peer_banner_payload supported=3 required=0
2023-08-11T13:11:12.384 INFO:teuthology.orchestra.run.smithi050.stdout:/usr/bin/ceph: stderr
2023-08-11T13:11:04.461+0000 7f2c809d3700 1 --2- >> [v2:172.21.15.50:3300/0,v1:172.21.15.50:6789/0] conn(0x7f2c7c07ad40 0x7f2c7c19c120 unknown :-1 s=HELLO_CONNECTING pgs=0 cs=0 l=1 rev1=1 crypto rx=0 tx=0 comp rx=0 tx=0).handle_hello peer v2:172.21.15.50:3300/0 says I am v2:172.21.15.50:36654/0 (socket says 172.21.15.50:36654)
2023-08-11T13:11:12.384 INFO:teuthology.orchestra.run.smithi050.stdout:/usr/bin/ceph: stderr
2023-08-11T13:11:04.461+0000 7f2c809d3700 1 -- 172.21.15.50:0/3393989335 learned_addr learned my addr 172.21.15.50:0/3393989335 (peer_addr_for_me v2:172.21.15.50:0/0)
2023-08-11T13:11:12.385 INFO:teuthology.orchestra.run.smithi050.stdout:/usr/bin/ceph: stderr
2023-08-11T13:11:04.461+0000 7f2c809d3700 1 -- 172.21.15.50:0/3393989335 --> [v2:172.21.15.50:3300/0,v1:172.21.15.50:6789/0] -- mon_subscribe({config=0+,monmap=0+}) v3 -- 0x7f2c70009550 con 0x7f2c7c07ad40
2023-08-11T13:11:12.385 INFO:teuthology.orchestra.run.smithi050.stdout:/usr/bin/ceph: stderr
2023-08-11T13:11:04.461+0000 7f2c809d3700 1 --2- 172.21.15.50:0/3393989335 >> [v2:172.21.15.50:3300/0,v1:172.21.15.50:6789/0] conn(0x7f2c7c07ad40 0x7f2c7c19c120 secure :-1 s=READY pgs=27 cs=0 l=1 rev1=1 crypto rx=0x7f2c70006af0 tx=0x7f2c70011ad0 comp rx=0 tx=0).ready entity=mon.0 client_cookie=0 server_cookie=0 in_seq=0 out_seq=0
2023-08-11T13:11:12.385 INFO:teuthology.orchestra.run.smithi050.stdout:/usr/bin/ceph: stderr
2023-08-11T13:11:04.462+0000 7f2c79ffb700 1 -- 172.21.15.50:0/3393989335 <== mon.0 v2:172.21.15.50:3300/0 1 ==== mon_map magic: 0 v1 ==== 205+0+0 (secure 0 0 0) 0x7f2c70003a40 con 0x7f2c7c07ad40
2023-08-11T13:11:12.385 INFO:teuthology.orchestra.run.smithi050.stdout:/usr/bin/ceph: stderr
2023-08-11T13:11:04.462+0000 7f2c82c37700 1 -- 172.21.15.50:0/3393989335 --> [v2:172.21.15.50:3300/0,v1:172.21.15.50:6789/0] -- mon_subscribe({mgrmap=0+}) v3 -- 0x7f2c7c19c860 con 0x7f2c7c07ad40
2023-08-11T13:11:12.385 INFO:teuthology.orchestra.run.smithi050.stdout:/usr/bin/ceph: stderr
2023-08-11T13:11:04.462+0000 7f2c79ffb700 1 -- 172.21.15.50:0/3393989335 <== mon.0 v2:172.21.15.50:3300/0 2 ==== config(26 keys) v1 ==== 1074+0+0 (secure 0 0 0) 0x7f2c70003ba0 con 0x7f2c7c07ad40
2023-08-11T13:11:12.385 INFO:teuthology.orchestra.run.smithi050.stdout:/usr/bin/ceph: stderr
2023-08-11T13:11:04.462+0000 7f2c79ffb700 1 -- 172.21.15.50:0/3393989335 <== mon.0 v2:172.21.15.50:3300/0 3 ==== mon_map magic: 0 v1 ==== 205+0+0 (secure 0 0 0) 0x7f2c7001a6e0 con 0x7f2c7c07ad40
2023-08-11T13:11:12.385 INFO:teuthology.orchestra.run.smithi050.stdout:/usr/bin/ceph: stderr
2023-08-11T13:11:04.462+0000 7f2c82c37700 1 -- 172.21.15.50:0/3393989335 --> [v2:172.21.15.50:3300/0,v1:172.21.15.50:6789/0] -- mon_subscribe({osdmap=0}) v3 -- 0x7f2c7c19cc80 con 0x7f2c7c07ad40
2023-08-11T13:11:12.385 INFO:teuthology.orchestra.run.smithi050.stdout:/usr/bin/ceph: stderr
2023-08-11T13:11:04.463+0000 7f2c79ffb700 1 -- 172.21.15.50:0/3393989335 <== mon.0 v2:172.21.15.50:3300/0 4 ==== mgrmap(e 5) v1 ==== 45135+0+0 (secure 0 0 0) 0x7f2c70024430 con 0x7f2c7c07ad40
2023-08-11T13:11:12.386 INFO:teuthology.orchestra.run.smithi050.stdout:/usr/bin/ceph: stderr
2023-08-11T13:11:04.463+0000 7f2c79ffb700 1 --2- 172.21.15.50:0/3393989335 >> [v2:172.21.15.50:6800/1450688942,v1:172.21.15.50:6801/1450688942] conn(0x7f2c6c038160 0x7f2c6c03a620 unknown :-1 s=NONE pgs=0 cs=0 l=1 rev1=0 crypto rx=0 tx=0 comp rx=0 tx=0).connect
2023-08-11T13:11:12.386 INFO:teuthology.orchestra.run.smithi050.stdout:/usr/bin/ceph: stderr
2023-08-11T13:11:04.463+0000 7f2c79ffb700 1 -- 172.21.15.50:0/3393989335 --> [v2:172.21.15.50:6800/1450688942,v1:172.21.15.50:6801/1450688942] -- command(tid 0: {"prefix": "get_command_descriptions"}) v1 -- 0x7f2c6c03ad30 con 0x7f2c6c038160
2023-08-11T13:11:12.386 INFO:teuthology.orchestra.run.smithi050.stdout:/usr/bin/ceph: stderr
2023-08-11T13:11:04.464+0000 7f2c79ffb700 1 -- 172.21.15.50:0/3393989335 <== mon.0 v2:172.21.15.50:3300/0 5 ==== osd_map(1..1 src has 1..1) v4 ==== 725+0+0 (secure 0 0 0) 0x7f2c7004bf60 con 0x7f2c7c07ad40
2023-08-11T13:11:12.386 INFO:teuthology.orchestra.run.smithi050.stdout:/usr/bin/ceph: stderr
2023-08-11T13:11:04.464+0000 7f2c7bfff700 1 -- 172.21.15.50:0/3393989335 >> [v2:172.21.15.50:6800/1450688942,v1:172.21.15.50:6801/1450688942] conn(0x7f2c6c038160 msgr2=0x7f2c6c03a620 unknown :-1 s=STATE_CONNECTING_RE l=1).process reconnect failed to v2:172.21.15.50:6800/1450688942
2023-08-11T13:11:12.386 INFO:teuthology.orchestra.run.smithi050.stdout:/usr/bin/ceph: stderr
2023-08-11T13:11:04.464+0000 7f2c7bfff700 1 --2- 172.21.15.50:0/3393989335 >> [v2:172.21.15.50:6800/1450688942,v1:172.21.15.50:6801/1450688942] conn(0x7f2c6c038160 0x7f2c6c03a620 unknown :-1 s=START_CONNECT pgs=0 cs=0 l=1 rev1=0 crypto rx=0 tx=0 comp rx=0 tx=0)._fault waiting 0.200000
2023-08-11T13:11:12.386 INFO:teuthology.orchestra.run.smithi050.stdout:/usr/bin/ceph: stderr
2023-08-11T13:11:04.665+0000 7f2c7bfff700 1 -- 172.21.15.50:0/3393989335 >> [v2:172.21.15.50:6800/1450688942,v1:172.21.15.50:6801/1450688942] conn(0x7f2c6c038160 msgr2=0x7f2c6c03a620 unknown :-1 s=STATE_CONNECTING_RE l=1).process reconnect failed to v2:172.21.15.50:6800/1450688942
2023-08-11T13:11:12.386 INFO:teuthology.orchestra.run.smithi050.stdout:/usr/bin/ceph: stderr
2023-08-11T13:11:04.665+0000 7f2c7bfff700 1 --2- 172.21.15.50:0/3393989335 >> [v2:172.21.15.50:6800/1450688942,v1:172.21.15.50:6801/1450688942] conn(0x7f2c6c038160 0x7f2c6c03a620 unknown :-1 s=START_CONNECT pgs=0 cs=0 l=1 rev1=0 crypto rx=0 tx=0 comp rx=0 tx=0)._fault waiting 0.400000
2023-08-11T13:11:12.387 INFO:teuthology.orchestra.run.smithi050.stdout:/usr/bin/ceph: stderr
2023-08-11T13:11:05.066+0000 7f2c7bfff700 1 -- 172.21.15.50:0/3393989335 >> [v2:172.21.15.50:6800/1450688942,v1:172.21.15.50:6801/1450688942] conn(0x7f2c6c038160 msgr2=0x7f2c6c03a620 unknown :-1 s=STATE_CONNECTING_RE l=1).process reconnect failed to v2:172.21.15.50:6800/1450688942
2023-08-11T13:11:12.387 INFO:teuthology.orchestra.run.smithi050.stdout:/usr/bin/ceph: stderr
2023-08-11T13:11:05.066+0000 7f2c7bfff700 1 --2- 172.21.15.50:0/3393989335 >> [v2:172.21.15.50:6800/1450688942,v1:172.21.15.50:6801/1450688942] conn(0x7f2c6c038160 0x7f2c6c03a620 unknown :-1 s=START_CONNECT pgs=0 cs=0 l=1 rev1=0 crypto rx=0 tx=0 comp rx=0 tx=0)._fault waiting 0.800000
2023-08-11T13:11:12.387 INFO:teuthology.orchestra.run.smithi050.stdout:/usr/bin/ceph: stderr
2023-08-11T13:11:05.867+0000 7f2c7bfff700 1 -- 172.21.15.50:0/3393989335 >> [v2:172.21.15.50:6800/1450688942,v1:172.21.15.50:6801/1450688942] conn(0x7f2c6c038160 msgr2=0x7f2c6c03a620 unknown :-1 s=STATE_CONNECTING_RE l=1).process reconnect failed to v2:172.21.15.50:6800/1450688942
2023-08-11T13:11:12.387 INFO:teuthology.orchestra.run.smithi050.stdout:/usr/bin/ceph: stderr
