2023-08-11T13:11:22.914 INFO:teuthology.orchestra.run.smithi050.stdout:/usr/bin/ceph: stderr
2023-08-11T13:11:22.231+0000 7fa1d724a700 1 -- 172.21.15.50:0/1190549375 >> [v2:172.21.15.50:3300/0,v1:172.21.15.50:6789/0] conn(0x7fa1d007ad60 msgr2=0x7fa1d00791c0 secure :-1 s=STATE_CONNECTION_ESTABLISHED l=1).mark_down
2023-08-11T13:11:22.914 INFO:teuthology.orchestra.run.smithi050.stdout:/usr/bin/ceph: stderr
2023-08-11T13:11:22.231+0000 7fa1d724a700 1 --2- 172.21.15.50:0/1190549375 >> [v2:172.21.15.50:3300/0,v1:172.21.15.50:6789/0] conn(0x7fa1d007ad60 0x7fa1d00791c0 secure :-1 s=READY pgs=45 cs=0 l=1 rev1=1 crypto rx=0x7fa1c40098a0 tx=0x7fa1c4009bb0 comp rx=0 tx=0).stop
2023-08-11T13:11:22.914 INFO:teuthology.orchestra.run.smithi050.stdout:/usr/bin/ceph: stderr
2023-08-11T13:11:22.231+0000 7fa1d724a700 1 -- 172.21.15.50:0/1190549375 shutdown_connections
2023-08-11T13:11:22.914 INFO:teuthology.orchestra.run.smithi050.stdout:/usr/bin/ceph: stderr
2023-08-11T13:11:22.231+0000 7fa1d724a700 1 --2- 172.21.15.50:0/1190549375 >> [v2:172.21.15.50:3300/0,v1:172.21.15.50:6789/0] conn(0x7fa1d007ad60 0x7fa1d00791c0 unknown :-1 s=CLOSED pgs=45 cs=0 l=1 rev1=1 crypto rx=0 tx=0 comp rx=0 tx=0).stop
2023-08-11T13:11:22.914 INFO:teuthology.orchestra.run.smithi050.stdout:/usr/bin/ceph: stderr
2023-08-11T13:11:22.231+0000 7fa1d724a700 1 -- 172.21.15.50:0/1190549375 >> 172.21.15.50:0/1190549375 conn(0x7fa1d0101810 msgr2=0x7fa1d0103c30 unknown :-1 s=STATE_NONE l=0).mark_down
2023-08-11T13:11:22.914 INFO:teuthology.orchestra.run.smithi050.stdout:/usr/bin/ceph: stderr
2023-08-11T13:11:22.231+0000 7fa1d724a700 1 -- 172.21.15.50:0/1190549375 shutdown_connections
2023-08-11T13:11:22.914 INFO:teuthology.orchestra.run.smithi050.stdout:/usr/bin/ceph: stderr
2023-08-11T13:11:22.231+0000 7fa1d724a700 1 -- 172.21.15.50:0/1190549375 wait complete.
2023-08-11T13:11:22.915 INFO:teuthology.orchestra.run.smithi050.stdout:/usr/bin/ceph: stderr
2023-08-11T13:11:22.232+0000 7fa1d724a700 1 Processor -- start
2023-08-11T13:11:22.915 INFO:teuthology.orchestra.run.smithi050.stdout:/usr/bin/ceph: stderr
2023-08-11T13:11:22.232+0000 7fa1d724a700 1 -- start start
2023-08-11T13:11:22.915 INFO:teuthology.orchestra.run.smithi050.stdout:/usr/bin/ceph: stderr
2023-08-11T13:11:22.233+0000 7fa1d724a700 1 --2- >> [v2:172.21.15.50:3300/0,v1:172.21.15.50:6789/0] conn(0x7fa1d007ad60 0x7fa1d019c100 unknown :-1 s=NONE pgs=0 cs=0 l=1 rev1=0 crypto rx=0 tx=0 comp rx=0 tx=0).connect
2023-08-11T13:11:22.915 INFO:teuthology.orchestra.run.smithi050.stdout:/usr/bin/ceph: stderr
2023-08-11T13:11:22.233+0000 7fa1d724a700 1 -- --> [v2:172.21.15.50:3300/0,v1:172.21.15.50:6789/0] -- mon_getmap magic: 0 v1 -- 0x7fa1d019c640 con 0x7fa1d007ad60
2023-08-11T13:11:22.915 INFO:teuthology.orchestra.run.smithi050.stdout:/usr/bin/ceph: stderr
2023-08-11T13:11:22.233+0000 7fa1d4fe6700 1 --2- >> [v2:172.21.15.50:3300/0,v1:172.21.15.50:6789/0] conn(0x7fa1d007ad60 0x7fa1d019c100 unknown :-1 s=BANNER_CONNECTING pgs=0 cs=0 l=1 rev1=0 crypto rx=0 tx=0 comp rx=0 tx=0)._handle_peer_banner_payload supported=3 required=0
2023-08-11T13:11:22.916 INFO:teuthology.orchestra.run.smithi050.stdout:/usr/bin/ceph: stderr
2023-08-11T13:11:22.233+0000 7fa1d4fe6700 1 --2- >> [v2:172.21.15.50:3300/0,v1:172.21.15.50:6789/0] conn(0x7fa1d007ad60 0x7fa1d019c100 unknown :-1 s=HELLO_CONNECTING pgs=0 cs=0 l=1 rev1=1 crypto rx=0 tx=0 comp rx=0 tx=0).handle_hello peer v2:172.21.15.50:3300/0 says I am v2:172.21.15.50:47180/0 (socket says 172.21.15.50:47180)
2023-08-11T13:11:22.916 INFO:teuthology.orchestra.run.smithi050.stdout:/usr/bin/ceph: stderr
2023-08-11T13:11:22.233+0000 7fa1d4fe6700 1 -- 172.21.15.50:0/3285472203 learned_addr learned my addr 172.21.15.50:0/3285472203 (peer_addr_for_me v2:172.21.15.50:0/0)
2023-08-11T13:11:22.916 INFO:teuthology.orchestra.run.smithi050.stdout:/usr/bin/ceph: stderr
2023-08-11T13:11:22.233+0000 7fa1d4fe6700 1 -- 172.21.15.50:0/3285472203 --> [v2:172.21.15.50:3300/0,v1:172.21.15.50:6789/0] -- mon_subscribe({config=0+,monmap=0+}) v3 -- 0x7fa1c4009550 con 0x7fa1d007ad60
2023-08-11T13:11:22.916 INFO:teuthology.orchestra.run.smithi050.stdout:/usr/bin/ceph: stderr
2023-08-11T13:11:22.234+0000 7fa1d4fe6700 1 --2- 172.21.15.50:0/3285472203 >> [v2:172.21.15.50:3300/0,v1:172.21.15.50:6789/0] conn(0x7fa1d007ad60 0x7fa1d019c100 secure :-1 s=READY pgs=46 cs=0 l=1 rev1=1 crypto rx=0x7fa1c4009fb0 tx=0x7fa1c4011ad0 comp rx=0 tx=0).ready entity=mon.0 client_cookie=0 server_cookie=0 in_seq=0 out_seq=0
2023-08-11T13:11:22.916 INFO:teuthology.orchestra.run.smithi050.stdout:/usr/bin/ceph: stderr
2023-08-11T13:11:22.234+0000 7fa1cdffb700 1 -- 172.21.15.50:0/3285472203 <== mon.0 v2:172.21.15.50:3300/0 1 ==== mon_map magic: 0 v1 ==== 205+0+0 (secure 0 0 0) 0x7fa1c4003930 con 0x7fa1d007ad60
2023-08-11T13:11:22.916 INFO:teuthology.orchestra.run.smithi050.stdout:/usr/bin/ceph: stderr
2023-08-11T13:11:22.234+0000 7fa1cdffb700 1 -- 172.21.15.50:0/3285472203 <== mon.0 v2:172.21.15.50:3300/0 2 ==== config(26 keys) v1 ==== 1074+0+0 (secure 0 0 0) 0x7fa1c4003a90 con 0x7fa1d007ad60
2023-08-11T13:11:22.916 INFO:teuthology.orchestra.run.smithi050.stdout:/usr/bin/ceph: stderr
2023-08-11T13:11:22.234+0000 7fa1cdffb700 1 -- 172.21.15.50:0/3285472203 <== mon.0 v2:172.21.15.50:3300/0 3 ==== mon_map magic: 0 v1 ==== 205+0+0 (secure 0 0 0) 0x7fa1c4019610 con 0x7fa1d007ad60
2023-08-11T13:11:22.917 INFO:teuthology.orchestra.run.smithi050.stdout:/usr/bin/ceph: stderr
2023-08-11T13:11:22.234+0000 7fa1d724a700 1 -- 172.21.15.50:0/3285472203 --> [v2:172.21.15.50:3300/0,v1:172.21.15.50:6789/0] -- mon_subscribe({mgrmap=0+}) v3 -- 0x7fa1d019c840 con 0x7fa1d007ad60
2023-08-11T13:11:22.917 INFO:teuthology.orchestra.run.smithi050.stdout:/usr/bin/ceph: stderr
2023-08-11T13:11:22.234+0000 7fa1d724a700 1 -- 172.21.15.50:0/3285472203 --> [v2:172.21.15.50:3300/0,v1:172.21.15.50:6789/0] -- mon_subscribe({osdmap=0}) v3 -- 0x7fa1d019cc60 con 0x7fa1d007ad60
2023-08-11T13:11:22.917 INFO:teuthology.orchestra.run.smithi050.stdout:/usr/bin/ceph: stderr
2023-08-11T13:11:22.235+0000 7fa1cdffb700 1 -- 172.21.15.50:0/3285472203 <== mon.0 v2:172.21.15.50:3300/0 4 ==== mgrmap(e 8) v1 ==== 45135+0+0 (secure 0 0 0) 0x7fa1c401a9d0 con 0x7fa1d007ad60
2023-08-11T13:11:22.917 INFO:teuthology.orchestra.run.smithi050.stdout:/usr/bin/ceph: stderr
2023-08-11T13:11:22.235+0000 7fa1d724a700 1 -- 172.21.15.50:0/3285472203 --> [v2:172.21.15.50:3300/0,v1:172.21.15.50:6789/0] -- mon_command({"prefix": "get_command_descriptions"} v 0) v1 -- 0x7fa1d0061f50 con 0x7fa1d007ad60
2023-08-11T13:11:22.917 INFO:teuthology.orchestra.run.smithi050.stdout:/usr/bin/ceph: stderr
2023-08-11T13:11:22.236+0000 7fa1cdffb700 1 --2- 172.21.15.50:0/3285472203 >> [v2:172.21.15.50:6800/3061174366,v1:172.21.15.50:6801/3061174366] conn(0x7fa1c0038110 0x7fa1c003a5d0 unknown :-1 s=NONE pgs=0 cs=0 l=1 rev1=0 crypto rx=0 tx=0 comp rx=0 tx=0).connect
2023-08-11T13:11:22.917 INFO:teuthology.orchestra.run.smithi050.stdout:/usr/bin/ceph: stderr
2023-08-11T13:11:22.236+0000 7fa1cdffb700 1 -- 172.21.15.50:0/3285472203 <== mon.0 v2:172.21.15.50:3300/0 5 ==== osd_map(2..2 src has 1..2) v4 ==== 940+0+0 (secure 0 0 0) 0x7fa1c404c120 con 0x7fa1d007ad60
2023-08-11T13:11:22.918 INFO:teuthology.orchestra.run.smithi050.stdout:/usr/bin/ceph: stderr
2023-08-11T13:11:22.236+0000 7fa1cffff700 1 --2- 172.21.15.50:0/3285472203 >> [v2:172.21.15.50:6800/3061174366,v1:172.21.15.50:6801/3061174366] conn(0x7fa1c0038110 0x7fa1c003a5d0 unknown :-1 s=BANNER_CONNECTING pgs=0 cs=0 l=1 rev1=0 crypto rx=0 tx=0 comp rx=0 tx=0)._handle_peer_banner_payload supported=3 required=0
2023-08-11T13:11:22.918 INFO:teuthology.orchestra.run.smithi050.stdout:/usr/bin/ceph: stderr
2023-08-11T13:11:22.236+0000 7fa1cffff700 1 --2- 172.21.15.50:0/3285472203 >> [v2:172.21.15.50:6800/3061174366,v1:172.21.15.50:6801/3061174366] conn(0x7fa1c0038110 0x7fa1c003a5d0 secure :-1 s=READY pgs=12 cs=0 l=1 rev1=1 crypto rx=0x7fa1bc006fd0 tx=0x7fa1bc006e40 comp rx=0 tx=0).ready entity=mgr.14118 client_cookie=0 server_cookie=0 in_seq=0 out_seq=0
2023-08-11T13:11:22.918 INFO:teuthology.orchestra.run.smithi050.stdout:/usr/bin/ceph: stderr
2023-08-11T13:11:22.240+0000 7fa1cdffb700 1 -- 172.21.15.50:0/3285472203 <== mon.0 v2:172.21.15.50:3300/0 6 ==== mon_command_ack([{"prefix": "get_command_descriptions"}]=0 v0) v1 ==== 72+0+179220 (secure 0 0 0) 0x7fa1c4018760 con 0x7fa1d007ad60
2023-08-11T13:11:22.918 INFO:teuthology.orchestra.run.smithi050.stdout:/usr/bin/ceph: stderr
2023-08-11T13:11:22.463+0000 7fa1d724a700 1 -- 172.21.15.50:0/3285472203 --> [v2:172.21.15.50:6800/3061174366,v1:172.21.15.50:6801/3061174366] -- mgr_command(tid 0: {"prefix": "orch apply", "service_type": "mon", "unmanaged": true, "target": ["mon-mgr", ""]}) v1 -- 0x7fa1d0103ae0 con 0x7fa1c0038110
2023-08-11T13:11:22.918 INFO:teuthology.orchestra.run.smithi050.stdout:/usr/bin/ceph: stderr
2023-08-11T13:11:22.468+0000 7fa1cdffb700 1 -- 172.21.15.50:0/3285472203 <== mgr.14118 v2:172.21.15.50:6800/3061174366 1 ==== mgr_command_reply(tid 0: 0 ) v1 ==== 8+0+24 (secure 0 0 0) 0x7fa1d0103ae0 con 0x7fa1c0038110
2023-08-11T13:11:22.919 INFO:teuthology.orchestra.run.smithi050.stdout:/usr/bin/ceph: stderr
2023-08-11T13:11:22.471+0000 7fa1d724a700 1 -- 172.21.15.50:0/3285472203 >> [v2:172.21.15.50:6800/3061174366,v1:172.21.15.50:6801/3061174366] conn(0x7fa1c0038110 msgr2=0x7fa1c003a5d0 secure :-1 s=STATE_CONNECTION_ESTABLISHED l=1).mark_down
2023-08-11T13:11:22.919 INFO:teuthology.orchestra.run.smithi050.stdout:/usr/bin/ceph: stderr
2023-08-11T13:11:22.471+0000 7fa1d724a700 1 --2- 172.21.15.50:0/3285472203 >> [v2:172.21.15.50:6800/3061174366,v1:172.21.15.50:6801/3061174366] conn(0x7fa1c0038110 0x7fa1c003a5d0 secure :-1 s=READY pgs=12 cs=0 l=1 rev1=1 crypto rx=0x7fa1bc006fd0 tx=0x7fa1bc006e40 comp rx=0 tx=0).stop
2023-08-11T13:11:22.920 INFO:teuthology.orchestra.run.smithi050.stdout:/usr/bin/ceph: stderr
2023-08-11T13:11:22.471+0000 7fa1d724a700 1 -- 172.21.15.50:0/3285472203 >> [v2:172.21.15.50:3300/0,v1:172.21.15.50:6789/0] conn(0x7fa1d007ad60 msgr2=0x7fa1d019c100 secure :-1 s=STATE_CONNECTION_ESTABLISHED l=1).mark_down
2023-08-11T13:11:22.920 INFO:teuthology.orchestra.run.smithi050.stdout:/usr/bin/ceph: stderr
2023-08-11T13:11:22.471+0000 7fa1d724a700 1 --2- 172.21.15.50:0/3285472203 >> [v2:172.21.15.50:3300/0,v1:172.21.15.50:6789/0] conn(0x7fa1d007ad60 0x7fa1d019c100 secure :-1 s=READY pgs=46 cs=0 l=1 rev1=1 crypto rx=0x7fa1c4009fb0 tx=0x7fa1c4011ad0 comp rx=0 tx=0).stop
2023-08-11T13:11:22.920 INFO:teuthology.orchestra.run.smithi050.stdout:/usr/bin/ceph: stderr
2023-08-11T13:11:22.471+0000 7fa1d724a700 1 -- 172.21.15.50:0/3285472203 shutdown_connections
2023-08-11T13:11:22.920 INFO:teuthology.orchestra.run.smithi050.stdout:/usr/bin/ceph: stderr
2023-08-11T13:11:22.471+0000 7fa1d724a700 1 --2- 172.21.15.50:0/3285472203 >> [v2:172.21.15.50:6800/3061174366,v1:172.21.15.50:6801/3061174366] conn(0x7fa1c0038110 0x7fa1c003a5d0 unknown :-1 s=CLOSED pgs=12 cs=0 l=1 rev1=1 crypto rx=0 tx=0 comp rx=0 tx=0).stop
2023-08-11T13:11:22.921 INFO:teuthology.orchestra.run.smithi050.stdout:/usr/bin/ceph: stderr
2023-08-11T13:11:22.471+0000 7fa1d724a700 1 --2- 172.21.15.50:0/3285472203 >> [v2:172.21.15.50:3300/0,v1:172.21.15.50:6789/0] conn(0x7fa1d007ad60 0x7fa1d019c100 unknown :-1 s=CLOSED pgs=46 cs=0 l=1 rev1=1 crypto rx=0 tx=0 comp rx=0 tx=0).stop
2023-08-11T13:11:22.921 INFO:teuthology.orchestra.run.smithi050.stdout:/usr/bin/ceph: stderr
2023-08-11T13:11:22.471+0000 7fa1d724a700 1 -- 172.21.15.50:0/3285472203 >> 172.21.15.50:0/3285472203 conn(0x7fa1d0101810 msgr2=0x7fa1d0102ec0 unknown :-1 s=STATE_NONE l=0).mark_down
2023-08-11T13:11:22.921 INFO:teuthology.orchestra.run.smithi050.stdout:/usr/bin/ceph: stderr
2023-08-11T13:11:22.471+0000 7fa1d724a700 1 -- 172.21.15.50:0/3285472203 shutdown_connections
2023-08-11T13:11:22.921 INFO:teuthology.orchestra.run.smithi050.stdout:/usr/bin/ceph: stderr
2023-08-11T13:11:22.471+0000 7fa1d724a700 1 -- 172.21.15.50:0/3285472203 wait complete.
2023-08-11T13:11:22.921 INFO:teuthology.orchestra.run.smithi050.stdout:Deploying unmanaged mgr service...
2023-08-11T13:11:23.599 INFO:journalctl@ceph.mon.a.smithi050.stdout:Aug 11 13:11:23 smithi050 ceph-mon[97091]: from='client.14140 -' entity='client.admin' cmd=[{"prefix": "orch apply", "service_type": "mon", "unmanaged": true, "target": ["mon-mgr", ""]}]: dispatch
2023-08-11T13:11:23.600 INFO:journalctl@ceph.mon.a.smithi050.stdout:Aug 11 13:11:23 smithi050 ceph-mon[97091]: Saving service mon spec with placement count:5
2023-08-11T13:11:23.600 INFO:journalctl@ceph.mon.a.smithi050.stdout:Aug 11 13:11:23 smithi050 ceph-mon[97091]: from='mgr.14118 172.21.15.50:0/777547378' entity='mgr.x'
2023-08-11T13:11:24.347 INFO:teuthology.orchestra.run.smithi050.stdout:/usr/bin/ceph: stdout Scheduled mgr update...
2023-08-11T13:11:24.347 INFO:teuthology.orchestra.run.smithi050.stdout:/usr/bin/ceph: stderr
2023-08-11T13:11:23.570+0000 7f0bfd9fa700 1 Processor -- start
2023-08-11T13:11:24.348 INFO:teuthology.orchestra.run.smithi050.stdout:/usr/bin/ceph: stderr
2023-08-11T13:11:23.571+0000 7f0bfd9fa700 1 -- start start
2023-08-11T13:11:24.348 INFO:teuthology.orchestra.run.smithi050.stdout:/usr/bin/ceph: stderr
2023-08-11T13:11:23.571+0000 7f0bfd9fa700 1 --2- >> [v2:172.21.15.50:3300/0,v1:172.21.15.50:6789/0] conn(0x7f0bf807ad60 0x7f0bf80791c0 unknown :-1 s=NONE pgs=0 cs=0 l=0 rev1=0 crypto rx=0 tx=0 comp rx=0 tx=0).connect
2023-08-11T13:11:24.348 INFO:teuthology.orchestra.run.smithi050.stdout:/usr/bin/ceph: stderr
2023-08-11T13:11:23.571+0000 7f0bfd9fa700 1 -- --> [v2:172.21.15.50:3300/0,v1:172.21.15.50:6789/0] -- mon_getmap magic: 0 v1 -- 0x7f0bf8079790 con 0x7f0bf807ad60
2023-08-11T13:11:24.348 INFO:teuthology.orchestra.run.smithi050.stdout:/usr/bin/ceph: stderr
2023-08-11T13:11:23.571+0000 7f0bf6ffd700 1 --2- >> [v2:172.21.15.50:3300/0,v1:172.21.15.50:6789/0] conn(0x7f0bf807ad60 0x7f0bf80791c0 unknown :-1 s=BANNER_CONNECTING pgs=0 cs=0 l=0 rev1=0 crypto rx=0 tx=0 comp rx=0 tx=0)._handle_peer_banner_payload supported=3 required=0
2023-08-11T13:11:24.351 INFO:teuthology.orchestra.run.smithi050.stdout:/usr/bin/ceph: stderr
2023-08-11T13:11:23.571+0000 7f0bf6ffd700 1 --2- >> [v2:172.21.15.50:3300/0,v1:172.21.15.50:6789/0] conn(0x7f0bf807ad60 0x7f0bf80791c0 unknown :-1 s=HELLO_CONNECTING pgs=0 cs=0 l=0 rev1=1 crypto rx=0 tx=0 comp rx=0 tx=0).handle_hello peer v2:172.21.15.50:3300/0 says I am v2:172.21.15.50:59626/0 (socket says 172.21.15.50:59626)
2023-08-11T13:11:24.352 INFO:teuthology.orchestra.run.smithi050.stdout:/usr/bin/ceph: stderr
2023-08-11T13:11:23.571+0000 7f0bf6ffd700 1 -- 172.21.15.50:0/1598984936 learned_addr learned my addr 172.21.15.50:0/1598984936 (peer_addr_for_me v2:172.21.15.50:0/0)
2023-08-11T13:11:24.352 INFO:teuthology.orchestra.run.smithi050.stdout:/usr/bin/ceph: stderr
2023-08-11T13:11:23.572+0000 7f0bf6ffd700 1 -- 172.21.15.50:0/1598984936 --> [v2:172.21.15.50:3300/0,v1:172.21.15.50:6789/0] -- mon_subscribe({config=0+,monmap=0+}) v3 -- 0x7f0bf80798d0 con 0x7f0bf807ad60
2023-08-11T13:11:24.352 INFO:teuthology.orchestra.run.smithi050.stdout:/usr/bin/ceph: stderr
2023-08-11T13:11:23.572+0000 7f0bf6ffd700 1 --2- 172.21.15.50:0/1598984936 >> [v2:172.21.15.50:3300/0,v1:172.21.15.50:6789/0] conn(0x7f0bf807ad60 0x7f0bf80791c0 secure :-1 s=READY pgs=47 cs=0 l=1 rev1=1 crypto rx=0x7f0be80098a0 tx=0x7f0be8009bb0 comp rx=0 tx=0).ready entity=mon.0 client_cookie=b4a2dd768e6a6e3b server_cookie=0 in_seq=0 out_seq=0
2023-08-11T13:11:24.352 INFO:teuthology.orchestra.run.smithi050.stdout:/usr/bin/ceph: stderr
2023-08-11T13:11:23.572+0000 7f0bf5ffb700 1 -- 172.21.15.50:0/1598984936 <== mon.0 v2:172.21.15.50:3300/0 1 ==== mon_map magic: 0 v1 ==== 205+0+0 (secure 0 0 0) 0x7f0be8004160 con 0x7f0bf807ad60
2023-08-11T13:11:24.352 INFO:teuthology.orchestra.run.smithi050.stdout:/usr/bin/ceph: stderr
2023-08-11T13:11:23.572+0000 7f0bf5ffb700 1 -- 172.21.15.50:0/1598984936 <== mon.0 v2:172.21.15.50:3300/0 2 ==== config(26 keys) v1 ==== 1074+0+0 (secure 0 0 0) 0x7f0be80042c0 con 0x7f0bf807ad60
2023-08-11T13:11:24.352 INFO:teuthology.orchestra.run.smithi050.stdout:/usr/bin/ceph: stderr
2023-08-11T13:11:23.572+0000 7f0bf5ffb700 1 -- 172.21.15.50:0/1598984936 <== mon.0 v2:172.21.15.50:3300/0 3 ==== mon_map magic: 0 v1 ==== 205+0+0 (secure 0 0 0) 0x7f0be8011a00 con 0x7f0bf807ad60
2023-08-11T13:11:24.353 INFO:teuthology.orchestra.run.smithi050.stdout:/usr/bin/ceph: stderr
2023-08-11T13:11:23.573+0000 7f0bfd9fa700 1 -- 172.21.15.50:0/1598984936 >> [v2:172.21.15.50:3300/0,v1:172.21.15.50:6789/0] conn(0x7f0bf807ad60 msgr2=0x7f0bf80791c0 secure :-1 s=STATE_CONNECTION_ESTABLISHED l=1).mark_down
2023-08-11T13:11:24.353 INFO:teuthology.orchestra.run.smithi050.stdout:/usr/bin/ceph: stderr
2023-08-11T13:11:23.573+0000 7f0bfd9fa700 1 --2- 172.21.15.50:0/1598984936 >> [v2:172.21.15.50:3300/0,v1:172.21.15.50:6789/0] conn(0x7f0bf807ad60 0x7f0bf80791c0 secure :-1 s=READY pgs=47 cs=0 l=1 rev1=1 crypto rx=0x7f0be80098a0 tx=0x7f0be8009bb0 comp rx=0 tx=0).stop
2023-08-11T13:11:24.353 INFO:teuthology.orchestra.run.smithi050.stdout:/usr/bin/ceph: stderr
2023-08-11T13:11:23.573+0000 7f0bfd9fa700 1 -- 172.21.15.50:0/1598984936 shutdown_connections
2023-08-11T13:11:24.353 INFO:teuthology.orchestra.run.smithi050.stdout:/usr/bin/ceph: stderr
2023-08-11T13:11:23.573+0000 7f0bfd9fa700 1 --2- 172.21.15.50:0/1598984936 >> [v2:172.21.15.50:3300/0,v1:172.21.15.50:6789/0] conn(0x7f0bf807ad60 0x7f0bf80791c0 unknown :-1 s=CLOSED pgs=47 cs=0 l=1 rev1=1 crypto rx=0 tx=0 comp rx=0 tx=0).stop
2023-08-11T13:11:24.353 INFO:teuthology.orchestra.run.smithi050.stdout:/usr/bin/ceph: stderr
2023-08-11T13:11:23.573+0000 7f0bfd9fa700 1 -- 172.21.15.50:0/1598984936 >> 172.21.15.50:0/1598984936 conn(0x7f0bf8101810 msgr2=0x7f0bf8103c30 unknown :-1 s=STATE_NONE l=0).mark_down
2023-08-11T13:11:24.353 INFO:teuthology.orchestra.run.smithi050.stdout:/usr/bin/ceph: stderr
2023-08-11T13:11:23.573+0000 7f0bfd9fa700 1 -- 172.21.15.50:0/1598984936 shutdown_connections
2023-08-11T13:11:24.353 INFO:teuthology.orchestra.run.smithi050.stdout:/usr/bin/ceph: stderr
2023-08-11T13:11:23.573+0000 7f0bfd9fa700 1 -- 172.21.15.50:0/1598984936 wait complete.
2023-08-11T13:11:24.354 INFO:teuthology.orchestra.run.smithi050.stdout:/usr/bin/ceph: stderr
2023-08-11T13:11:23.574+0000 7f0bfd9fa700 1 Processor -- start
2023-08-11T13:11:24.354 INFO:teuthology.orchestra.run.smithi050.stdout:/usr/bin/ceph: stderr
2023-08-11T13:11:23.574+0000 7f0bfd9fa700 1 -- start start
2023-08-11T13:11:24.354 INFO:teuthology.orchestra.run.smithi050.stdout:/usr/bin/ceph: stderr
2023-08-11T13:11:23.574+0000 7f0bfd9fa700 1 --2- >> [v2:172.21.15.50:3300/0,v1:172.21.15.50:6789/0] conn(0x7f0bf807ad60 0x7f0bf819c100 unknown :-1 s=NONE pgs=0 cs=0 l=1 rev1=0 crypto rx=0 tx=0 comp rx=0 tx=0).connect
2023-08-11T13:11:24.354 INFO:teuthology.orchestra.run.smithi050.stdout:/usr/bin/ceph: stderr
2023-08-11T13:11:23.575+0000 7f0bfd9fa700 1 -- --> [v2:172.21.15.50:3300/0,v1:172.21.15.50:6789/0] -- mon_getmap magic: 0 v1 -- 0x7f0bf819c640 con 0x7f0bf807ad60
2023-08-11T13:11:24.354 INFO:teuthology.orchestra.run.smithi050.stdout:/usr/bin/ceph: stderr
2023-08-11T13:11:23.575+0000 7f0bf6ffd700 1 --2- >> [v2:172.21.15.50:3300/0,v1:172.21.15.50:6789/0] conn(0x7f0bf807ad60 0x7f0bf819c100 unknown :-1 s=BANNER_CONNECTING pgs=0 cs=0 l=1 rev1=0 crypto rx=0 tx=0 comp rx=0 tx=0)._handle_peer_banner_payload supported=3 required=0
2023-08-11T13:11:24.354 INFO:teuthology.orchestra.run.smithi050.stdout:/usr/bin/ceph: stderr
2023-08-11T13:11:23.575+0000 7f0bf6ffd700 1 --2- >> [v2:172.21.15.50:3300/0,v1:172.21.15.50:6789/0] conn(0x7f0bf807ad60 0x7f0bf819c100 unknown :-1 s=HELLO_CONNECTING pgs=0 cs=0 l=1 rev1=1 crypto rx=0 tx=0 comp rx=0 tx=0).handle_hello peer v2:172.21.15.50:3300/0 says I am v2:172.21.15.50:59630/0 (socket says 172.21.15.50:59630)
2023-08-11T13:11:24.354 INFO:teuthology.orchestra.run.smithi050.stdout:/usr/bin/ceph: stderr
2023-08-11T13:11:23.575+0000 7f0bf6ffd700 1 -- 172.21.15.50:0/2614889163 learned_addr learned my addr 172.21.15.50:0/2614889163 (peer_addr_for_me v2:172.21.15.50:0/0)
2023-08-11T13:11:24.354 INFO:teuthology.orchestra.run.smithi050.stdout:/usr/bin/ceph: stderr
2023-08-11T13:11:23.575+0000 7f0bf6ffd700 1 -- 172.21.15.50:0/2614889163 --> [v2:172.21.15.50:3300/0,v1:172.21.15.50:6789/0] -- mon_subscribe({config=0+,monmap=0+}) v3 -- 0x7f0be8009550 con 0x7f0bf807ad60
2023-08-11T13:11:24.355 INFO:teuthology.orchestra.run.smithi050.stdout:/usr/bin/ceph: stderr
2023-08-11T13:11:23.575+0000 7f0bf6ffd700 1 --2- 172.21.15.50:0/2614889163 >> [v2:172.21.15.50:3300/0,v1:172.21.15.50:6789/0] conn(0x7f0bf807ad60 0x7f0bf819c100 secure :-1 s=READY pgs=48 cs=0 l=1 rev1=1 crypto rx=0x7f0be8009fb0 tx=0x7f0be8011ad0 comp rx=0 tx=0).ready entity=mon.0 client_cookie=0 server_cookie=0 in_seq=0 out_seq=0
2023-08-11T13:11:24.355 INFO:teuthology.orchestra.run.smithi050.stdout:/usr/bin/ceph: stderr
2023-08-11T13:11:23.576+0000 7f0bfc9f8700 1 -- 172.21.15.50:0/2614889163 <== mon.0 v2:172.21.15.50:3300/0 1 ==== mon_map magic: 0 v1 ==== 205+0+0 (secure 0 0 0) 0x7f0be8003930 con 0x7f0bf807ad60
2023-08-11T13:11:24.355 INFO:teuthology.orchestra.run.smithi050.stdout:/usr/bin/ceph: stderr
2023-08-11T13:11:23.576+0000 7f0bfc9f8700 1 -- 172.21.15.50:0/2614889163 <== mon.0 v2:172.21.15.50:3300/0 2 ==== config(26 keys) v1 ==== 1074+0+0 (secure 0 0 0) 0x7f0be8003a90 con 0x7f0bf807ad60
2023-08-11T13:11:24.355 INFO:teuthology.orchestra.run.smithi050.stdout:/usr/bin/ceph: stderr
2023-08-11T13:11:23.576+0000 7f0bfd9fa700 1 -- 172.21.15.50:0/2614889163 --> [v2:172.21.15.50:3300/0,v1:172.21.15.50:6789/0] -- mon_subscribe({mgrmap=0+}) v3 -- 0x7f0bf819c840 con 0x7f0bf807ad60
2023-08-11T13:11:24.355 INFO:teuthology.orchestra.run.smithi050.stdout:/usr/bin/ceph: stderr
2023-08-11T13:11:23.576+0000 7f0bfc9f8700 1 -- 172.21.15.50:0/2614889163 <== mon.0 v2:172.21.15.50:3300/0 3 ==== mon_map magic: 0 v1 ==== 205+0+0 (secure 0 0 0) 0x7f0be8019610 con 0x7f0bf807ad60
2023-08-11T13:11:24.355 INFO:teuthology.orchestra.run.smithi050.stdout:/usr/bin/ceph: stderr
2023-08-11T13:11:23.576+0000 7f0bfd9fa700 1 -- 172.21.15.50:0/2614889163 --> [v2:172.21.15.50:3300/0,v1:172.21.15.50:6789/0] -- mon_subscribe({osdmap=0}) v3 -- 0x7f0bf819cc60 con 0x7f0bf807ad60
2023-08-11T13:11:24.355 INFO:teuthology.orchestra.run.smithi050.stdout:/usr/bin/ceph: stderr
2023-08-11T13:11:23.577+0000 7f0bfc9f8700 1 -- 172.21.15.50:0/2614889163 <== mon.0 v2:172.21.15.50:3300/0 4 ==== mgrmap(e 8) v1 ==== 45135+0+0 (secure 0 0 0) 0x7f0be801a9d0 con 0x7f0bf807ad60
2023-08-11T13:11:24.355 INFO:teuthology.orchestra.run.smithi050.stdout:/usr/bin/ceph: stderr
2023-08-11T13:11:23.577+0000 7f0bfd9fa700 1 -- 172.21.15.50:0/2614889163 --> [v2:172.21.15.50:3300/0,v1:172.21.15.50:6789/0] -- mon_command({"prefix": "get_command_descriptions"} v 0) v1 -- 0x7f0bf8061f50 con 0x7f0bf807ad60
2023-08-11T13:11:24.356 INFO:teuthology.orchestra.run.smithi050.stdout:/usr/bin/ceph: stderr
2023-08-11T13:11:23.577+0000 7f0bfc9f8700 1 --2- 172.21.15.50:0/2614889163 >> [v2:172.21.15.50:6800/3061174366,v1:172.21.15.50:6801/3061174366] conn(0x7f0be0038110 0x7f0be003a5d0 unknown :-1 s=NONE pgs=0 cs=0 l=1 rev1=0 crypto rx=0 tx=0 comp rx=0 tx=0).connect
2023-08-11T13:11:24.356 INFO:teuthology.orchestra.run.smithi050.stdout:/usr/bin/ceph: stderr
2023-08-11T13:11:23.577+0000 7f0bfc9f8700 1 -- 172.21.15.50:0/2614889163 <== mon.0 v2:172.21.15.50:3300/0 5 ==== osd_map(2..2 src has 1..2) v4 ==== 940+0+0 (secure 0 0 0) 0x7f0be804c160 con 0x7f0bf807ad60
2023-08-11T13:11:24.356 INFO:teuthology.orchestra.run.smithi050.stdout:/usr/bin/ceph: stderr
2023-08-11T13:11:23.578+0000 7f0bf67fc700 1 --2- 172.21.15.50:0/2614889163 >> [v2:172.21.15.50:6800/3061174366,v1:172.21.15.50:6801/3061174366] conn(0x7f0be0038110 0x7f0be003a5d0 unknown :-1 s=BANNER_CONNECTING pgs=0 cs=0 l=1 rev1=0 crypto rx=0 tx=0 comp rx=0 tx=0)._handle_peer_banner_payload supported=3 required=0
2023-08-11T13:11:24.356 INFO:teuthology.orchestra.run.smithi050.stdout:/usr/bin/ceph: stderr
2023-08-11T13:11:23.578+0000 7f0bf67fc700 1 --2- 172.21.15.50:0/2614889163 >> [v2:172.21.15.50:6800/3061174366,v1:172.21.15.50:6801/3061174366] conn(0x7f0be0038110 0x7f0be003a5d0 secure :-1 s=READY pgs=13 cs=0 l=1 rev1=1 crypto rx=0x7f0bec006fd0 tx=0x7f0bec006e40 comp rx=0 tx=0).ready entity=mgr.14118 client_cookie=0 server_cookie=0 in_seq=0 out_seq=0
2023-08-11T13:11:24.356 INFO:teuthology.orchestra.run.smithi050.stdout:/usr/bin/ceph: stderr
2023-08-11T13:11:23.583+0000 7f0bfc9f8700 1 -- 172.21.15.50:0/2614889163 <== mon.0 v2:172.21.15.50:3300/0 6 ==== mon_command_ack([{"prefix": "get_command_descriptions"}]=0 v0) v1 ==== 72+0+179220 (secure 0 0 0) 0x7f0be8003c00 con 0x7f0bf807ad60
2023-08-11T13:11:24.356 INFO:teuthology.orchestra.run.smithi050.stdout:/usr/bin/ceph: stderr
2023-08-11T13:11:23.803+0000 7f0bfd9fa700 1 -- 172.21.15.50:0/2614889163 --> [v2:172.21.15.50:6800/3061174366,v1:172.21.15.50:6801/3061174366] -- mgr_command(tid 0: {"prefix": "orch apply", "service_type": "mgr", "unmanaged": true, "target": ["mon-mgr", ""]}) v1 -- 0x7f0bf8103ae0 con 0x7f0be0038110
2023-08-11T13:11:24.356 INFO:teuthology.orchestra.run.smithi050.stdout:/usr/bin/ceph: stderr
2023-08-11T13:11:23.808+0000 7f0bfc9f8700 1 -- 172.21.15.50:0/2614889163 <== mgr.14118 v2:172.21.15.50:6800/3061174366 1 ==== mgr_command_reply(tid 0: 0 ) v1 ==== 8+0+24 (secure 0 0 0) 0x7f0bf8103ae0 con 0x7f0be0038110
2023-08-11T13:11:24.357 INFO:teuthology.orchestra.run.smithi050.stdout:/usr/bin/ceph: stderr
2023-08-11T13:11:23.810+0000 7f0bfd9fa700 1 -- 172.21.15.50:0/2614889163 >> [v2:172.21.15.50:6800/3061174366,v1:172.21.15.50:6801/3061174366] conn(0x7f0be0038110 msgr2=0x7f0be003a5d0 secure :-1 s=STATE_CONNECTION_ESTABLISHED l=1).mark_down
2023-08-11T13:11:24.357 INFO:teuthology.orchestra.run.smithi050.stdout:/usr/bin/ceph: stderr
2023-08-11T13:11:23.810+0000 7f0bfd9fa700 1 --2- 172.21.15.50:0/2614889163 >> [v2:172.21.15.50:6800/3061174366,v1:172.21.15.50:6801/3061174366] conn(0x7f0be0038110 0x7f0be003a5d0 secure :-1 s=READY pgs=13 cs=0 l=1 rev1=1 crypto rx=0x7f0bec006fd0 tx=0x7f0bec006e40 comp rx=0 tx=0).stop
2023-08-11T13:11:24.357 INFO:teuthology.orchestra.run.smithi050.stdout:/usr/bin/ceph: stderr
2023-08-11T13:11:23.810+0000 7f0bfd9fa700 1 -- 172.21.15.50:0/2614889163 >> [v2:172.21.15.50:3300/0,v1:172.21.15.50:6789/0] conn(0x7f0bf807ad60 msgr2=0x7f0bf819c100 secure :-1 s=STATE_CONNECTION_ESTABLISHED l=1).mark_down
2023-08-11T13:11:24.357 INFO:teuthology.orchestra.run.smithi050.stdout:/usr/bin/ceph: stderr
2023-08-11T13:11:23.810+0000 7f0bfd9fa700 1 --2- 172.21.15.50:0/2614889163 >> [v2:172.21.15.50:3300/0,v1:172.21.15.50:6789/0] conn(0x7f0bf807ad60 0x7f0bf819c100 secure :-1 s=READY pgs=48 cs=0 l=1 rev1=1 crypto rx=0x7f0be8009fb0 tx=0x7f0be8011ad0 comp rx=0 tx=0).stop
2023-08-11T13:11:24.357 INFO:teuthology.orchestra.run.smithi050.stdout:/usr/bin/ceph: stderr
2023-08-11T13:11:23.811+0000 7f0bfd9fa700 1 -- 172.21.15.50:0/2614889163 shutdown_connections
2023-08-11T13:11:24.357 INFO:teuthology.orchestra.run.smithi050.stdout:/usr/bin/ceph: stderr
2023-08-11T13:11:23.811+0000 7f0bfd9fa700 1 --2- 172.21.15.50:0/2614889163 >> [v2:172.21.15.50:6800/3061174366,v1:172.21.15.50:6801/3061174366] conn(0x7f0be0038110 0x7f0be003a5d0 unknown :-1 s=CLOSED pgs=13 cs=0 l=1 rev1=1 crypto rx=0 tx=0 comp rx=0 tx=0).stop
2023-08-11T13:11:24.357 INFO:teuthology.orchestra.run.smithi050.stdout:/usr/bin/ceph: stderr
2023-08-11T13:11:23.811+0000 7f0bfd9fa700 1 --2- 172.21.15.50:0/2614889163 >> [v2:172.21.15.50:3300/0,v1:172.21.15.50:6789/0] conn(0x7f0bf807ad60 0x7f0bf819c100 unknown :-1 s=CLOSED pgs=48 cs=0 l=1 rev1=1 crypto rx=0 tx=0 comp rx=0 tx=0).stop
2023-08-11T13:11:24.357 INFO:teuthology.orchestra.run.smithi050.stdout:/usr/bin/ceph: stderr
2023-08-11T13:11:23.811+0000 7f0bfd9fa700 1 -- 172.21.15.50:0/2614889163 >> 172.21.15.50:0/2614889163 conn(0x7f0bf8101810 msgr2=0x7f0bf8102ec0 unknown :-1 s=STATE_NONE l=0).mark_down
2023-08-11T13:11:24.358 INFO:teuthology.orchestra.run.smithi050.stdout:/usr/bin/ceph: stderr
2023-08-11T13:11:23.811+0000 7f0bfd9fa700 1 -- 172.21.15.50:0/2614889163 shutdown_connections
2023-08-11T13:11:24.358 INFO:teuthology.orchestra.run.smithi050.stdout:/usr/bin/ceph: stderr
2023-08-11T13:11:23.811+0000 7f0bfd9fa700 1 -- 172.21.15.50:0/2614889163 wait complete.
2023-08-11T13:11:24.951 INFO:journalctl@ceph.mon.a.smithi050.stdout:Aug 11 13:11:24 smithi050 ceph-mon[97091]: from='client.14142 -' entity='client.admin' cmd=[{"prefix": "orch apply", "service_type": "mgr", "unmanaged": true, "target": ["mon-mgr", ""]}]: dispatch
2023-08-11T13:11:24.952 INFO:journalctl@ceph.mon.a.smithi050.stdout:Aug 11 13:11:24 smithi050 ceph-mon[97091]: Saving service mgr spec with placement count:2
2023-08-11T13:11:24.952 INFO:journalctl@ceph.mon.a.smithi050.stdout:Aug 11 13:11:24 smithi050 ceph-mon[97091]: from='mgr.14118 172.21.15.50:0/777547378' entity='mgr.x'
2023-08-11T13:11:24.952 INFO:journalctl@ceph.mon.a.smithi050.stdout:Aug 11 13:11:24 smithi050 ceph-mon[97091]: from='mgr.14118 172.21.15.50:0/777547378' entity='mgr.x'
2023-08-11T13:11:24.952 INFO:journalctl@ceph.mon.a.smithi050.stdout:Aug 11 13:11:24 smithi050 ceph-mon[97091]: from='mgr.14118 172.21.15.50:0/777547378' entity='mgr.x'
2023-08-11T13:11:25.632 INFO:teuthology.orchestra.run.smithi050.stdout:/usr/bin/ceph: stderr
2023-08-11T13:11:24.874+0000 7fb764a9e700 1 Processor -- start
2023-08-11T13:11:25.633 INFO:teuthology.orchestra.run.smithi050.stdout:/usr/bin/ceph: stderr
2023-08-11T13:11:24.875+0000 7fb764a9e700 1 -- start start
2023-08-11T13:11:25.633 INFO:teuthology.orchestra.run.smithi050.stdout:/usr/bin/ceph: stderr
2023-08-11T13:11:24.875+0000 7fb764a9e700 1 --2- >> [v2:172.21.15.50:3300/0,v1:172.21.15.50:6789/0] conn(0x7fb76007ad40 0x7fb7600791a0 unknown :-1 s=NONE pgs=0 cs=0 l=0 rev1=0 crypto rx=0 tx=0 comp rx=0 tx=0).connect
2023-08-11T13:11:25.633 INFO:teuthology.orchestra.run.smithi050.stdout:/usr/bin/ceph: stderr
2023-08-11T13:11:24.875+0000 7fb764a9e700 1 -- --> [v2:172.21.15.50:3300/0,v1:172.21.15.50:6789/0] -- mon_getmap magic: 0 v1 -- 0x7fb760079770 con 0x7fb76007ad40
2023-08-11T13:11:25.633 INFO:teuthology.orchestra.run.smithi050.stdout:/usr/bin/ceph: stderr
2023-08-11T13:11:24.875+0000 7fb75e59c700 1 --2- >> [v2:172.21.15.50:3300/0,v1:172.21.15.50:6789/0] conn(0x7fb76007ad40 0x7fb7600791a0 unknown :-1 s=BANNER_CONNECTING pgs=0 cs=0 l=0 rev1=0 crypto rx=0 tx=0 comp rx=0 tx=0)._handle_peer_banner_payload supported=3 required=0
2023-08-11T13:11:25.633 INFO:teuthology.orchestra.run.smithi050.stdout:/usr/bin/ceph: stderr
2023-08-11T13:11:24.875+0000 7fb75e59c700 1 --2- >> [v2:172.21.15.50:3300/0,v1:172.21.15.50:6789/0] conn(0x7fb76007ad40 0x7fb7600791a0 unknown :-1 s=HELLO_CONNECTING pgs=0 cs=0 l=0 rev1=1 crypto rx=0 tx=0 comp rx=0 tx=0).handle_hello peer v2:172.21.15.50:3300/0 says I am v2:172.21.15.50:59638/0 (socket says 172.21.15.50:59638)
2023-08-11T13:11:25.633 INFO:teuthology.orchestra.run.smithi050.stdout:/usr/bin/ceph: stderr
2023-08-11T13:11:24.875+0000 7fb75e59c700 1 -- 172.21.15.50:0/279101936 learned_addr learned my addr 172.21.15.50:0/279101936 (peer_addr_for_me v2:172.21.15.50:0/0)
2023-08-11T13:11:25.634 INFO:teuthology.orchestra.run.smithi050.stdout:/usr/bin/ceph: stderr
2023-08-11T13:11:24.876+0000 7fb75e59c700 1 -- 172.21.15.50:0/279101936 --> [v2:172.21.15.50:3300/0,v1:172.21.15.50:6789/0] -- mon_subscribe({config=0+,monmap=0+}) v3 -- 0x7fb7600798b0 con 0x7fb76007ad40
2023-08-11T13:11:25.634 INFO:teuthology.orchestra.run.smithi050.stdout:/usr/bin/ceph: stderr
2023-08-11T13:11:24.876+0000 7fb75e59c700 1 --2- 172.21.15.50:0/279101936 >> [v2:172.21.15.50:3300/0,v1:172.21.15.50:6789/0] conn(0x7fb76007ad40 0x7fb7600791a0 secure :-1 s=READY pgs=49 cs=0 l=1 rev1=1 crypto rx=0x7fb7500098a0 tx=0x7fb750009bb0 comp rx=0 tx=0).ready entity=mon.0 client_cookie=785bd6bec97193ea server_cookie=0 in_seq=0 out_seq=0
2023-08-11T13:11:25.634 INFO:teuthology.orchestra.run.smithi050.stdout:/usr/bin/ceph: stderr
2023-08-11T13:11:24.876+0000 7fb75d59a700 1 -- 172.21.15.50:0/279101936 <== mon.0 v2:172.21.15.50:3300/0 1 ==== mon_map magic: 0 v1 ==== 205+0+0 (secure 0 0 0) 0x7fb750004160 con 0x7fb76007ad40
2023-08-11T13:11:25.634 INFO:teuthology.orchestra.run.smithi050.stdout:/usr/bin/ceph: stderr
2023-08-11T13:11:24.876+0000 7fb75d59a700 1 -- 172.21.15.50:0/279101936 <== mon.0 v2:172.21.15.50:3300/0 2 ==== config(26 keys) v1 ==== 1105+0+0 (secure 0 0 0) 0x7fb7500042c0 con 0x7fb76007ad40
2023-08-11T13:11:25.634 INFO:teuthology.orchestra.run.smithi050.stdout:/usr/bin/ceph: stderr
2023-08-11T13:11:24.876+0000 7fb75d59a700 1 -- 172.21.15.50:0/279101936 <== mon.0 v2:172.21.15.50:3300/0 3 ==== mon_map magic: 0 v1 ==== 205+0+0 (secure 0 0 0) 0x7fb7500119b0 con 0x7fb76007ad40
2023-08-11T13:11:25.634 INFO:teuthology.orchestra.run.smithi050.stdout:/usr/bin/ceph: stderr
2023-08-11T13:11:24.877+0000 7fb764a9e700 1 -- 172.21.15.50:0/279101936 >> [v2:172.21.15.50:3300/0,v1:172.21.15.50:6789/0] conn(0x7fb76007ad40 msgr2=0x7fb7600791a0 secure :-1 s=STATE_CONNECTION_ESTABLISHED l=1).mark_down
2023-08-11T13:11:25.635 INFO:teuthology.orchestra.run.smithi050.stdout:/usr/bin/ceph: stderr
2023-08-11T13:11:24.877+0000 7fb764a9e700 1 --2- 172.21.15.50:0/279101936 >> [v2:172.21.15.50:3300/0,v1:172.21.15.50:6789/0] conn(0x7fb76007ad40 0x7fb7600791a0 secure :-1 s=READY pgs=49 cs=0 l=1 rev1=1 crypto rx=0x7fb7500098a0 tx=0x7fb750009bb0 comp rx=0 tx=0).stop
2023-08-11T13:11:25.635 INFO:teuthology.orchestra.run.smithi050.stdout:/usr/bin/ceph: stderr
2023-08-11T13:11:24.877+0000 7fb764a9e700 1 -- 172.21.15.50:0/279101936 shutdown_connections
2023-08-11T13:11:25.635 INFO:teuthology.orchestra.run.smithi050.stdout:/usr/bin/ceph: stderr
2023-08-11T13:11:24.877+0000 7fb764a9e700 1 --2- 172.21.15.50:0/279101936 >> [v2:172.21.15.50:3300/0,v1:172.21.15.50:6789/0] conn(0x7fb76007ad40 0x7fb7600791a0 unknown :-1 s=CLOSED pgs=49 cs=0 l=1 rev1=1 crypto rx=0 tx=0 comp rx=0 tx=0).stop
2023-08-11T13:11:25.635 INFO:teuthology.orchestra.run.smithi050.stdout:/usr/bin/ceph: stderr
2023-08-11T13:11:24.877+0000 7fb764a9e700 1 -- 172.21.15.50:0/279101936 >> 172.21.15.50:0/279101936 conn(0x7fb760101810 msgr2=0x7fb760103c30 unknown :-1 s=STATE_NONE l=0).mark_down
2023-08-11T13:11:25.635 INFO:teuthology.orchestra.run.smithi050.stdout:/usr/bin/ceph: stderr
2023-08-11T13:11:24.877+0000 7fb764a9e700 1 -- 172.21.15.50:0/279101936 shutdown_connections
2023-08-11T13:11:25.635 INFO:teuthology.orchestra.run.smithi050.stdout:/usr/bin/ceph: stderr
2023-08-11T13:11:24.877+0000 7fb764a9e700 1 -- 172.21.15.50:0/279101936 wait complete.
2023-08-11T13:11:25.635 INFO:teuthology.orchestra.run.smithi050.stdout:/usr/bin/ceph: stderr
2023-08-11T13:11:24.878+0000 7fb764a9e700 1 Processor -- start
2023-08-11T13:11:25.636 INFO:teuthology.orchestra.run.smithi050.stdout:/usr/bin/ceph: stderr
2023-08-11T13:11:24.878+0000 7fb764a9e700 1 -- start start
2023-08-11T13:11:25.636 INFO:teuthology.orchestra.run.smithi050.stdout:/usr/bin/ceph: stderr
2023-08-11T13:11:24.879+0000 7fb764a9e700 1 --2- >> [v2:172.21.15.50:3300/0,v1:172.21.15.50:6789/0] conn(0x7fb76007ad40 0x7fb76019c170 unknown :-1 s=NONE pgs=0 cs=0 l=1 rev1=0 crypto rx=0 tx=0 comp rx=0 tx=0).connect
2023-08-11T13:11:25.636 INFO:teuthology.orchestra.run.smithi050.stdout:/usr/bin/ceph: stderr
2023-08-11T13:11:24.879+0000 7fb764a9e700 1 -- --> [v2:172.21.15.50:3300/0,v1:172.21.15.50:6789/0] -- mon_getmap magic: 0 v1 -- 0x7fb76019c6b0 con 0x7fb76007ad40
2023-08-11T13:11:25.636 INFO:teuthology.orchestra.run.smithi050.stdout:/usr/bin/ceph: stderr
2023-08-11T13:11:24.879+0000 7fb75e59c700 1 --2- >> [v2:172.21.15.50:3300/0,v1:172.21.15.50:6789/0] conn(0x7fb76007ad40 0x7fb76019c170 unknown :-1 s=BANNER_CONNECTING pgs=0 cs=0 l=1 rev1=0 crypto rx=0 tx=0 comp rx=0 tx=0)._handle_peer_banner_payload supported=3 required=0
2023-08-11T13:11:25.636 INFO:teuthology.orchestra.run.smithi050.stdout:/usr/bin/ceph: stderr
2023-08-11T13:11:24.879+0000 7fb75e59c700 1 --2- >> [v2:172.21.15.50:3300/0,v1:172.21.15.50:6789/0] conn(0x7fb76007ad40 0x7fb76019c170 unknown :-1 s=HELLO_CONNECTING pgs=0 cs=0 l=1 rev1=1 crypto rx=0 tx=0 comp rx=0 tx=0).handle_hello peer v2:172.21.15.50:3300/0 says I am v2:172.21.15.50:59644/0 (socket says 172.21.15.50:59644)
2023-08-11T13:11:25.636 INFO:teuthology.orchestra.run.smithi050.stdout:/usr/bin/ceph: stderr
2023-08-11T13:11:24.879+0000 7fb75e59c700 1 -- 172.21.15.50:0/1547228307 learned_addr learned my addr 172.21.15.50:0/1547228307 (peer_addr_for_me v2:172.21.15.50:0/0)
2023-08-11T13:11:25.637 INFO:teuthology.orchestra.run.smithi050.stdout:/usr/bin/ceph: stderr
2023-08-11T13:11:24.879+0000 7fb75e59c700 1 -- 172.21.15.50:0/1547228307 --> [v2:172.21.15.50:3300/0,v1:172.21.15.50:6789/0] -- mon_subscribe({config=0+,monmap=0+}) v3 -- 0x7fb750009550 con 0x7fb76007ad40
2023-08-11T13:11:25.637 INFO:teuthology.orchestra.run.smithi050.stdout:/usr/bin/ceph: stderr
2023-08-11T13:11:24.880+0000 7fb75e59c700 1 --2- 172.21.15.50:0/1547228307 >> [v2:172.21.15.50:3300/0,v1:172.21.15.50:6789/0] conn(0x7fb76007ad40 0x7fb76019c170 secure :-1 s=READY pgs=50 cs=0 l=1 rev1=1 crypto rx=0x7fb750011980 tx=0x7fb750011a60 comp rx=0 tx=0).ready entity=mon.0 client_cookie=0 server_cookie=0 in_seq=0 out_seq=0
2023-08-11T13:11:25.637 INFO:teuthology.orchestra.run.smithi050.stdout:/usr/bin/ceph: stderr
2023-08-11T13:11:24.880+0000 7fb74f7fe700 1 -- 172.21.15.50:0/1547228307 <== mon.0 v2:172.21.15.50:3300/0 1 ==== mon_map magic: 0 v1 ==== 205+0+0 (secure 0 0 0) 0x7fb750003a60 con 0x7fb76007ad40
2023-08-11T13:11:25.637 INFO:teuthology.orchestra.run.smithi050.stdout:/usr/bin/ceph: stderr
2023-08-11T13:11:24.880+0000 7fb74f7fe700 1 -- 172.21.15.50:0/1547228307 <== mon.0 v2:172.21.15.50:3300/0 2 ==== config(26 keys) v1 ==== 1105+0+0 (secure 0 0 0) 0x7fb750003bc0 con 0x7fb76007ad40
2023-08-11T13:11:25.637 INFO:teuthology.orchestra.run.smithi050.stdout:/usr/bin/ceph: stderr
2023-08-11T13:11:24.880+0000 7fb74f7fe700 1 -- 172.21.15.50:0/1547228307 <== mon.0 v2:172.21.15.50:3300/0 3 ==== mon_map magic: 0 v1 ==== 205+0+0 (secure 0 0 0) 0x7fb75001a670 con 0x7fb76007ad40
2023-08-11T13:11:25.637 INFO:teuthology.orchestra.run.smithi050.stdout:/usr/bin/ceph: stderr
2023-08-11T13:11:24.880+0000 7fb764a9e700 1 -- 172.21.15.50:0/1547228307 --> [v2:172.21.15.50:3300/0,v1:172.21.15.50:6789/0] -- mon_subscribe({mgrmap=0+}) v3 -- 0x7fb76019c8b0 con 0x7fb76007ad40
2023-08-11T13:11:25.637 INFO:teuthology.orchestra.run.smithi050.stdout:/usr/bin/ceph: stderr
2023-08-11T13:11:24.880+0000 7fb764a9e700 1 -- 172.21.15.50:0/1547228307 --> [v2:172.21.15.50:3300/0,v1:172.21.15.50:6789/0] -- mon_subscribe({osdmap=0}) v3 -- 0x7fb76019ccd0 con 0x7fb76007ad40
2023-08-11T13:11:25.638 INFO:teuthology.orchestra.run.smithi050.stdout:/usr/bin/ceph: stderr
2023-08-11T13:11:24.881+0000 7fb764a9e700 1 -- 172.21.15.50:0/1547228307 --> [v2:172.21.15.50:3300/0,v1:172.21.15.50:6789/0] -- mon_command({"prefix": "get_command_descriptions"} v 0) v1 -- 0x7fb760061f50 con 0x7fb76007ad40
2023-08-11T13:11:25.638 INFO:teuthology.orchestra.run.smithi050.stdout:/usr/bin/ceph: stderr
2023-08-11T13:11:24.881+0000 7fb74f7fe700 1 -- 172.21.15.50:0/1547228307 <== mon.0 v2:172.21.15.50:3300/0 4 ==== mgrmap(e 8) v1 ==== 45135+0+0 (secure 0 0 0) 0x7fb750024a00 con 0x7fb76007ad40
2023-08-11T13:11:25.638 INFO:teuthology.orchestra.run.smithi050.stdout:/usr/bin/ceph: stderr
2023-08-11T13:11:24.882+0000 7fb74f7fe700 1 --2- 172.21.15.50:0/1547228307 >> [v2:172.21.15.50:6800/3061174366,v1:172.21.15.50:6801/3061174366] conn(0x7fb748038110 0x7fb74803a5d0 unknown :-1 s=NONE pgs=0 cs=0 l=1 rev1=0 crypto rx=0 tx=0 comp rx=0 tx=0).connect
2023-08-11T13:11:25.638 INFO:teuthology.orchestra.run.smithi050.stdout:/usr/bin/ceph: stderr
2023-08-11T13:11:24.882+0000 7fb74f7fe700 1 -- 172.21.15.50:0/1547228307 <== mon.0 v2:172.21.15.50:3300/0 5 ==== osd_map(2..2 src has 1..2) v4 ==== 940+0+0 (secure 0 0 0) 0x7fb75004c0e0 con 0x7fb76007ad40
2023-08-11T13:11:25.638 INFO:teuthology.orchestra.run.smithi050.stdout:/usr/bin/ceph: stderr
2023-08-11T13:11:24.882+0000 7fb75dd9b700 1 --2- 172.21.15.50:0/1547228307 >> [v2:172.21.15.50:6800/3061174366,v1:172.21.15.50:6801/3061174366] conn(0x7fb748038110 0x7fb74803a5d0 unknown :-1 s=BANNER_CONNECTING pgs=0 cs=0 l=1 rev1=0 crypto rx=0 tx=0 comp rx=0 tx=0)._handle_peer_banner_payload supported=3 required=0
2023-08-11T13:11:25.638 INFO:teuthology.orchestra.run.smithi050.stdout:/usr/bin/ceph: stderr
2023-08-11T13:11:24.883+0000 7fb75dd9b700 1 --2- 172.21.15.50:0/1547228307 >> [v2:172.21.15.50:6800/3061174366,v1:172.21.15.50:6801/3061174366] conn(0x7fb748038110 0x7fb74803a5d0 secure :-1 s=READY pgs=14 cs=0 l=1 rev1=1 crypto rx=0x7fb754006fd0 tx=0x7fb754006e40 comp rx=0 tx=0).ready entity=mgr.14118 client_cookie=0 server_cookie=0 in_seq=0 out_seq=0
2023-08-11T13:11:25.638 INFO:teuthology.orchestra.run.smithi050.stdout:/usr/bin/ceph: stderr
2023-08-11T13:11:24.887+0000 7fb74f7fe700 1 -- 172.21.15.50:0/1547228307 <== mon.0 v2:172.21.15.50:3300/0 6 ==== mon_command_ack([{"prefix": "get_command_descriptions"}]=0 v0) v1 ==== 72+0+179220 (secure 0 0 0) 0x7fb750018b80 con 0x7fb76007ad40
2023-08-11T13:11:25.639 INFO:teuthology.orchestra.run.smithi050.stdout:/usr/bin/ceph: stderr
2023-08-11T13:11:25.103+0000 7fb764a9e700 1 -- 172.21.15.50:0/1547228307 --> [v2:172.21.15.50:3300/0,v1:172.21.15.50:6789/0] -- mon_command([{prefix=config set, name=mgr/cephadm/container_init}] v 0) v1 -- 0x7fb76010c650 con 0x7fb76007ad40
2023-08-11T13:11:25.639 INFO:teuthology.orchestra.run.smithi050.stdout:/usr/bin/ceph: stderr
2023-08-11T13:11:25.106+0000 7fb74f7fe700 1 -- 172.21.15.50:0/1547228307 <== mon.0 v2:172.21.15.50:3300/0 7 ==== mon_command_ack([{prefix=config set, name=mgr/cephadm/container_init}]=0 v7)=0 v7) v1 ==== 142+0+0 (secure 0 0 0) 0x7fb750018350 con 0x7fb76007ad40
2023-08-11T13:11:25.639 INFO:teuthology.orchestra.run.smithi050.stdout:/usr/bin/ceph: stderr
2023-08-11T13:11:25.109+0000 7fb764a9e700 1 -- 172.21.15.50:0/1547228307 >> [v2:172.21.15.50:6800/3061174366,v1:172.21.15.50:6801/3061174366] conn(0x7fb748038110 msgr2=0x7fb74803a5d0 secure :-1 s=STATE_CONNECTION_ESTABLISHED l=1).mark_down
2023-08-11T13:11:25.639 INFO:teuthology.orchestra.run.smithi050.stdout:/usr/bin/ceph: stderr
2023-08-11T13:11:25.109+0000 7fb764a9e700 1 --2- 172.21.15.50:0/1547228307 >> [v2:172.21.15.50:6800/3061174366,v1:172.21.15.50:6801/3061174366] conn(0x7fb748038110 0x7fb74803a5d0 secure :-1 s=READY pgs=14 cs=0 l=1 rev1=1 crypto rx=0x7fb754006fd0 tx=0x7fb754006e40 comp rx=0 tx=0).stop
2023-08-11T13:11:25.639 INFO:teuthology.orchestra.run.smithi050.stdout:/usr/bin/ceph: stderr
2023-08-11T13:11:25.109+0000 7fb764a9e700 1 -- 172.21.15.50:0/1547228307 >> [v2:172.21.15.50:3300/0,v1:172.21.15.50:6789/0] conn(0x7fb76007ad40 msgr2=0x7fb76019c170 secure :-1 s=STATE_CONNECTION_ESTABLISHED l=1).mark_down
2023-08-11T13:11:25.639 INFO:teuthology.orchestra.run.smithi050.stdout:/usr/bin/ceph: stderr
2023-08-11T13:11:25.109+0000 7fb764a9e700 1 --2- 172.21.15.50:0/1547228307 >> [v2:172.21.15.50:3300/0,v1:172.21.15.50:6789/0] conn(0x7fb76007ad40 0x7fb76019c170 secure :-1 s=READY pgs=50 cs=0 l=1 rev1=1 crypto rx=0x7fb750011980 tx=0x7fb750011a60 comp rx=0 tx=0).stop
2023-08-11T13:11:25.640 INFO:teuthology.orchestra.run.smithi050.stdout:/usr/bin/ceph: stderr
2023-08-11T13:11:25.110+0000 7fb764a9e700 1 -- 172.21.15.50:0/1547228307 shutdown_connections
2023-08-11T13:11:25.640 INFO:teuthology.orchestra.run.smithi050.stdout:/usr/bin/ceph: stderr
2023-08-11T13:11:25.110+0000 7fb764a9e700 1 --2- 172.21.15.50:0/1547228307 >> [v2:172.21.15.50:6800/3061174366,v1:172.21.15.50:6801/3061174366] conn(0x7fb748038110 0x7fb74803a5d0 unknown :-1 s=CLOSED pgs=14 cs=0 l=1 rev1=1 crypto rx=0 tx=0 comp rx=0 tx=0).stop
2023-08-11T13:11:25.640 INFO:teuthology.orchestra.run.smithi050.stdout:/usr/bin/ceph: stderr
2023-08-11T13:11:25.110+0000 7fb764a9e700 1 --2- 172.21.15.50:0/1547228307 >> [v2:172.21.15.50:3300/0,v1:172.21.15.50:6789/0] conn(0x7fb76007ad40 0x7fb76019c170 unknown :-1 s=CLOSED pgs=50 cs=0 l=1 rev1=1 crypto rx=0 tx=0 comp rx=0 tx=0).stop
2023-08-11T13:11:25.640 INFO:teuthology.orchestra.run.smithi050.stdout:/usr/bin/ceph: stderr
2023-08-11T13:11:25.110+0000 7fb764a9e700 1 -- 172.21.15.50:0/1547228307 >> 172.21.15.50:0/1547228307 conn(0x7fb760101810 msgr2=0x7fb760102f00 unknown :-1 s=STATE_NONE l=0).mark_down
2023-08-11T13:11:25.640 INFO:teuthology.orchestra.run.smithi050.stdout:/usr/bin/ceph: stderr
2023-08-11T13:11:25.110+0000 7fb764a9e700 1 -- 172.21.15.50:0/1547228307 shutdown_connections
2023-08-11T13:11:25.640 INFO:teuthology.orchestra.run.smithi050.stdout:/usr/bin/ceph: stderr
2023-08-11T13:11:25.110+0000 7fb764a9e700 1 -- 172.21.15.50:0/1547228307 wait complete.
2023-08-11T13:11:26.201 INFO:journalctl@ceph.mon.a.smithi050.stdout:Aug 11 13:11:26 smithi050 ceph-mon[97091]: from='client.? 172.21.15.50:0/1547228307' entity='client.admin'
2023-08-11T13:11:27.117 INFO:teuthology.orchestra.run.smithi050.stdout:/usr/bin/ceph: stderr
2023-08-11T13:11:26.229+0000 7f6be01ed700 1 Processor -- start
2023-08-11T13:11:27.117 INFO:teuthology.orchestra.run.smithi050.stdout:/usr/bin/ceph: stderr
2023-08-11T13:11:26.229+0000 7f6be01ed700 1 -- start start
2023-08-11T13:11:27.117 INFO:teuthology.orchestra.run.smithi050.stdout:/usr/bin/ceph: stderr
2023-08-11T13:11:26.230+0000 7f6be01ed700 1 --2- >> [v2:172.21.15.50:3300/0,v1:172.21.15.50:6789/0] conn(0x7f6bd807ad60 0x7f6bd80791c0 unknown :-1 s=NONE pgs=0 cs=0 l=0 rev1=0 crypto rx=0 tx=0 comp rx=0 tx=0).connect
2023-08-11T13:11:27.117 INFO:teuthology.orchestra.run.smithi050.stdout:/usr/bin/ceph: stderr
2023-08-11T13:11:26.230+0000 7f6be01ed700 1 -- --> [v2:172.21.15.50:3300/0,v1:172.21.15.50:6789/0] -- mon_getmap magic: 0 v1 -- 0x7f6bd8079790 con 0x7f6bd807ad60
2023-08-11T13:11:27.118 INFO:teuthology.orchestra.run.smithi050.stdout:/usr/bin/ceph: stderr
2023-08-11T13:11:26.230+0000 7f6bddf89700 1 --2- >> [v2:172.21.15.50:3300/0,v1:172.21.15.50:6789/0] conn(0x7f6bd807ad60 0x7f6bd80791c0 unknown :-1 s=BANNER_CONNECTING pgs=0 cs=0 l=0 rev1=0 crypto rx=0 tx=0 comp rx=0 tx=0)._handle_peer_banner_payload supported=3 required=0
2023-08-11T13:11:27.118 INFO:teuthology.orchestra.run.smithi050.stdout:/usr/bin/ceph: stderr
2023-08-11T13:11:26.230+0000 7f6bddf89700 1 --2- >> [v2:172.21.15.50:3300/0,v1:172.21.15.50:6789/0] conn(0x7f6bd807ad60 0x7f6bd80791c0 unknown :-1 s=HELLO_CONNECTING pgs=0 cs=0 l=0 rev1=1 crypto rx=0 tx=0 comp rx=0 tx=0).handle_hello peer v2:172.21.15.50:3300/0 says I am v2:172.21.15.50:59658/0 (socket says 172.21.15.50:59658)
2023-08-11T13:11:27.118 INFO:teuthology.orchestra.run.smithi050.stdout:/usr/bin/ceph: stderr
2023-08-11T13:11:26.230+0000 7f6bddf89700 1 -- 172.21.15.50:0/2214644199 learned_addr learned my addr 172.21.15.50:0/2214644199 (peer_addr_for_me v2:172.21.15.50:0/0)
2023-08-11T13:11:27.118 INFO:teuthology.orchestra.run.smithi050.stdout:/usr/bin/ceph: stderr
2023-08-11T13:11:26.231+0000 7f6bddf89700 1 -- 172.21.15.50:0/2214644199 --> [v2:172.21.15.50:3300/0,v1:172.21.15.50:6789/0] -- mon_subscribe({config=0+,monmap=0+}) v3 -- 0x7f6bd80798d0 con 0x7f6bd807ad60
2023-08-11T13:11:27.118 INFO:teuthology.orchestra.run.smithi050.stdout:/usr/bin/ceph: stderr
2023-08-11T13:11:26.231+0000 7f6bddf89700 1 --2- 172.21.15.50:0/2214644199 >> [v2:172.21.15.50:3300/0,v1:172.21.15.50:6789/0] conn(0x7f6bd807ad60 0x7f6bd80791c0 secure :-1 s=READY pgs=51 cs=0 l=1 rev1=1 crypto rx=0x7f6bd40098a0 tx=0x7f6bd4009bb0 comp rx=0 tx=0).ready entity=mon.0 client_cookie=97f792181d54ea5c server_cookie=0 in_seq=0 out_seq=0
2023-08-11T13:11:27.118 INFO:teuthology.orchestra.run.smithi050.stdout:/usr/bin/ceph: stderr
2023-08-11T13:11:26.231+0000 7f6bdcf87700 1 -- 172.21.15.50:0/2214644199 <== mon.0 v2:172.21.15.50:3300/0 1 ==== mon_map magic: 0 v1 ==== 205+0+0 (secure 0 0 0) 0x7f6bd4004160 con 0x7f6bd807ad60
2023-08-11T13:11:27.118 INFO:teuthology.orchestra.run.smithi050.stdout:/usr/bin/ceph: stderr
2023-08-11T13:11:26.231+0000 7f6bdcf87700 1 -- 172.21.15.50:0/2214644199 <== mon.0 v2:172.21.15.50:3300/0 2 ==== config(26 keys) v1 ==== 1105+0+0 (secure 0 0 0) 0x7f6bd40042c0 con 0x7f6bd807ad60
2023-08-11T13:11:27.119 INFO:teuthology.orchestra.run.smithi050.stdout:/usr/bin/ceph: stderr
2023-08-11T13:11:26.231+0000 7f6bdcf87700 1 -- 172.21.15.50:0/2214644199 <== mon.0 v2:172.21.15.50:3300/0 3 ==== mon_map magic: 0 v1 ==== 205+0+0 (secure 0 0 0) 0x7f6bd40119b0 con 0x7f6bd807ad60
2023-08-11T13:11:27.119 INFO:teuthology.orchestra.run.smithi050.stdout:/usr/bin/ceph: stderr
2023-08-11T13:11:26.232+0000 7f6be01ed700 1 -- 172.21.15.50:0/2214644199 >> [v2:172.21.15.50:3300/0,v1:172.21.15.50:6789/0] conn(0x7f6bd807ad60 msgr2=0x7f6bd80791c0 secure :-1 s=STATE_CONNECTION_ESTABLISHED l=1).mark_down
2023-08-11T13:11:27.119 INFO:teuthology.orchestra.run.smithi050.stdout:/usr/bin/ceph: stderr
2023-08-11T13:11:26.232+0000 7f6be01ed700 1 --2- 172.21.15.50:0/2214644199 >> [v2:172.21.15.50:3300/0,v1:172.21.15.50:6789/0] conn(0x7f6bd807ad60 0x7f6bd80791c0 secure :-1 s=READY pgs=51 cs=0 l=1 rev1=1 crypto rx=0x7f6bd40098a0 tx=0x7f6bd4009bb0 comp rx=0 tx=0).stop
2023-08-11T13:11:27.119 INFO:teuthology.orchestra.run.smithi050.stdout:/usr/bin/ceph: stderr
2023-08-11T13:11:26.232+0000 7f6be01ed700 1 -- 172.21.15.50:0/2214644199 shutdown_connections
2023-08-11T13:11:27.119 INFO:teuthology.orchestra.run.smithi050.stdout:/usr/bin/ceph: stderr
2023-08-11T13:11:26.232+0000 7f6be01ed700 1 --2- 172.21.15.50:0/2214644199 >> [v2:172.21.15.50:3300/0,v1:172.21.15.50:6789/0] conn(0x7f6bd807ad60 0x7f6bd80791c0 unknown :-1 s=CLOSED pgs=51 cs=0 l=1 rev1=1 crypto rx=0 tx=0 comp rx=0 tx=0).stop
2023-08-11T13:11:27.119 INFO:teuthology.orchestra.run.smithi050.stdout:/usr/bin/ceph: stderr
2023-08-11T13:11:26.232+0000 7f6be01ed700 1 -- 172.21.15.50:0/2214644199 >> 172.21.15.50:0/2214644199 conn(0x7f6bd8101810 msgr2=0x7f6bd8103c30 unknown :-1 s=STATE_NONE l=0).mark_down
2023-08-11T13:11:27.119 INFO:teuthology.orchestra.run.smithi050.stdout:/usr/bin/ceph: stderr
