2023-08-11T13:13:16.109+0000 7f8ada7fc700 1 -- 172.21.15.8:0/1758263868 <== mon.0 v2:172.21.15.8:3300/0 6 ==== mon_command_ack([{"prefix": "get_command_descriptions"}]=0 v0) v1 ==== 72+0+179220 (secure 0 0 0) 0x7f8ae0018bd0 con 0x7f8ae4106130
2023-08-11T13:13:16.832 INFO:teuthology.orchestra.run.smithi008.stdout:/usr/bin/ceph: stderr
2023-08-11T13:13:16.395+0000 7f8aeb821700 1 -- 172.21.15.8:0/1758263868 --> [v2:172.21.15.8:3300/0,v1:172.21.15.8:6789/0] -- mon_command({"prefix": "status", "format": "json-pretty"} v 0) v1 -- 0x7f8ae410a560 con 0x7f8ae4106130
2023-08-11T13:13:16.832 INFO:teuthology.orchestra.run.smithi008.stdout:/usr/bin/ceph: stderr
2023-08-11T13:13:16.396+0000 7f8ada7fc700 1 -- 172.21.15.8:0/1758263868 <== mon.0 v2:172.21.15.8:3300/0 7 ==== mon_command_ack([{"prefix": "status", "format": "json-pretty"}]=0 v0) v1 ==== 79+0+1238 (secure 0 0 0) 0x7f8ae00187c0 con 0x7f8ae4106130
2023-08-11T13:13:16.832 INFO:teuthology.orchestra.run.smithi008.stdout:/usr/bin/ceph: stderr
2023-08-11T13:13:16.398+0000 7f8aeb821700 1 -- 172.21.15.8:0/1758263868 >> [v2:172.21.15.8:6800/2934270233,v1:172.21.15.8:6801/2934270233] conn(0x7f8ad0038110 msgr2=0x7f8ad003a5d0 secure :-1 s=STATE_CONNECTION_ESTABLISHED l=1).mark_down
2023-08-11T13:13:16.833 INFO:teuthology.orchestra.run.smithi008.stdout:/usr/bin/ceph: stderr
2023-08-11T13:13:16.398+0000 7f8aeb821700 1 --2- 172.21.15.8:0/1758263868 >> [v2:172.21.15.8:6800/2934270233,v1:172.21.15.8:6801/2934270233] conn(0x7f8ad0038110 0x7f8ad003a5d0 secure :-1 s=READY pgs=6 cs=0 l=1 rev1=1 crypto rx=0x7f8ad4006fd0 tx=0x7f8ad4006e40 comp rx=0 tx=0).stop
2023-08-11T13:13:16.833 INFO:teuthology.orchestra.run.smithi008.stdout:/usr/bin/ceph: stderr
2023-08-11T13:13:16.398+0000 7f8aeb821700 1 -- 172.21.15.8:0/1758263868 >> [v2:172.21.15.8:3300/0,v1:172.21.15.8:6789/0] conn(0x7f8ae4106130 msgr2=0x7f8ae419bfe0 secure :-1 s=STATE_CONNECTION_ESTABLISHED l=1).mark_down
2023-08-11T13:13:16.833 INFO:teuthology.orchestra.run.smithi008.stdout:/usr/bin/ceph: stderr
2023-08-11T13:13:16.398+0000 7f8aeb821700 1 --2- 172.21.15.8:0/1758263868 >> [v2:172.21.15.8:3300/0,v1:172.21.15.8:6789/0] conn(0x7f8ae4106130 0x7f8ae419bfe0 secure :-1 s=READY pgs=15 cs=0 l=1 rev1=1 crypto rx=0x7f8ae0006af0 tx=0x7f8ae0011ad0 comp rx=0 tx=0).stop
2023-08-11T13:13:16.833 INFO:teuthology.orchestra.run.smithi008.stdout:/usr/bin/ceph: stderr
2023-08-11T13:13:16.398+0000 7f8aeb821700 1 -- 172.21.15.8:0/1758263868 shutdown_connections
2023-08-11T13:13:16.833 INFO:teuthology.orchestra.run.smithi008.stdout:/usr/bin/ceph: stderr
2023-08-11T13:13:16.398+0000 7f8aeb821700 1 --2- 172.21.15.8:0/1758263868 >> [v2:172.21.15.8:6800/2934270233,v1:172.21.15.8:6801/2934270233] conn(0x7f8ad0038110 0x7f8ad003a5d0 unknown :-1 s=CLOSED pgs=6 cs=0 l=1 rev1=1 crypto rx=0 tx=0 comp rx=0 tx=0).stop
2023-08-11T13:13:16.834 INFO:teuthology.orchestra.run.smithi008.stdout:/usr/bin/ceph: stderr
2023-08-11T13:13:16.398+0000 7f8aeb821700 1 --2- 172.21.15.8:0/1758263868 >> [v2:172.21.15.8:3300/0,v1:172.21.15.8:6789/0] conn(0x7f8ae4106130 0x7f8ae419bfe0 unknown :-1 s=CLOSED pgs=15 cs=0 l=1 rev1=1 crypto rx=0 tx=0 comp rx=0 tx=0).stop
2023-08-11T13:13:16.834 INFO:teuthology.orchestra.run.smithi008.stdout:/usr/bin/ceph: stderr
2023-08-11T13:13:16.398+0000 7f8aeb821700 1 -- 172.21.15.8:0/1758263868 >> 172.21.15.8:0/1758263868 conn(0x7f8ae41016f0 msgr2=0x7f8ae4102490 unknown :-1 s=STATE_NONE l=0).mark_down
2023-08-11T13:13:16.834 INFO:teuthology.orchestra.run.smithi008.stdout:/usr/bin/ceph: stderr
2023-08-11T13:13:16.399+0000 7f8aeb821700 1 -- 172.21.15.8:0/1758263868 shutdown_connections
2023-08-11T13:13:16.834 INFO:teuthology.orchestra.run.smithi008.stdout:/usr/bin/ceph: stderr
2023-08-11T13:13:16.399+0000 7f8aeb821700 1 -- 172.21.15.8:0/1758263868 wait complete.
2023-08-11T13:13:16.834 INFO:teuthology.orchestra.run.smithi008.stdout:mgr is available
2023-08-11T13:13:17.094 INFO:journalctl@ceph.mon.a.smithi008.stdout:Aug 11 13:13:16 smithi008 ceph-mon[97114]: mgrmap e4: x(active, since 2s)
2023-08-11T13:13:17.094 INFO:journalctl@ceph.mon.a.smithi008.stdout:Aug 11 13:13:16 smithi008 ceph-mon[97114]: from='client.? 172.21.15.8:0/1758263868' entity='client.admin' cmd=[{"prefix": "status", "format": "json-pretty"}]: dispatch
2023-08-11T13:13:18.001 INFO:teuthology.orchestra.run.smithi008.stdout:/usr/bin/ceph: stdout
2023-08-11T13:13:18.002 INFO:teuthology.orchestra.run.smithi008.stdout:/usr/bin/ceph: stdout [global]
2023-08-11T13:13:18.002 INFO:teuthology.orchestra.run.smithi008.stdout:/usr/bin/ceph: stdout fsid = ab9a6b4c-3848-11ee-9b37-001a4aab830c
2023-08-11T13:13:18.002 INFO:teuthology.orchestra.run.smithi008.stdout:/usr/bin/ceph: stdout mon_osd_allow_pg_remap = true
2023-08-11T13:13:18.002 INFO:teuthology.orchestra.run.smithi008.stdout:/usr/bin/ceph: stdout mon_osd_allow_primary_affinity = true
2023-08-11T13:13:18.002 INFO:teuthology.orchestra.run.smithi008.stdout:/usr/bin/ceph: stdout mon_warn_on_no_sortbitwise = false
2023-08-11T13:13:18.002 INFO:teuthology.orchestra.run.smithi008.stdout:/usr/bin/ceph: stdout osd_crush_chooseleaf_type = 0
2023-08-11T13:13:18.002 INFO:teuthology.orchestra.run.smithi008.stdout:/usr/bin/ceph: stdout
2023-08-11T13:13:18.003 INFO:teuthology.orchestra.run.smithi008.stdout:/usr/bin/ceph: stdout [mgr]
2023-08-11T13:13:18.003 INFO:teuthology.orchestra.run.smithi008.stdout:/usr/bin/ceph: stdout mgr/telemetry/nag = false
2023-08-11T13:13:18.003 INFO:teuthology.orchestra.run.smithi008.stdout:/usr/bin/ceph: stdout
2023-08-11T13:13:18.003 INFO:teuthology.orchestra.run.smithi008.stdout:/usr/bin/ceph: stdout [osd]
2023-08-11T13:13:18.003 INFO:teuthology.orchestra.run.smithi008.stdout:/usr/bin/ceph: stdout mon_osd_backfillfull_ratio = 0.85
2023-08-11T13:13:18.004 INFO:teuthology.orchestra.run.smithi008.stdout:/usr/bin/ceph: stdout mon_osd_full_ratio = 0.9
2023-08-11T13:13:18.004 INFO:teuthology.orchestra.run.smithi008.stdout:/usr/bin/ceph: stdout mon_osd_nearfull_ratio = 0.8
2023-08-11T13:13:18.004 INFO:teuthology.orchestra.run.smithi008.stdout:/usr/bin/ceph: stdout osd_map_max_advance = 10
2023-08-11T13:13:18.004 INFO:teuthology.orchestra.run.smithi008.stdout:/usr/bin/ceph: stdout osd_sloppy_crc = true
2023-08-11T13:13:18.004 INFO:teuthology.orchestra.run.smithi008.stdout:/usr/bin/ceph: stderr
2023-08-11T13:13:17.327+0000 7f67013f3700 1 Processor -- start
2023-08-11T13:13:18.004 INFO:teuthology.orchestra.run.smithi008.stdout:/usr/bin/ceph: stderr
2023-08-11T13:13:17.328+0000 7f67013f3700 1 -- start start
2023-08-11T13:13:18.004 INFO:teuthology.orchestra.run.smithi008.stdout:/usr/bin/ceph: stderr
2023-08-11T13:13:17.328+0000 7f67013f3700 1 --2- >> [v2:172.21.15.8:3300/0,v1:172.21.15.8:6789/0] conn(0x7f66fc07bdf0 0x7f66fc07a250 unknown :-1 s=NONE pgs=0 cs=0 l=0 rev1=0 crypto rx=0 tx=0 comp rx=0 tx=0).connect
2023-08-11T13:13:18.005 INFO:teuthology.orchestra.run.smithi008.stdout:/usr/bin/ceph: stderr
2023-08-11T13:13:17.328+0000 7f67013f3700 1 -- --> [v2:172.21.15.8:3300/0,v1:172.21.15.8:6789/0] -- mon_getmap magic: 0 v1 -- 0x7f66fc07a820 con 0x7f66fc07bdf0
2023-08-11T13:13:18.005 INFO:teuthology.orchestra.run.smithi008.stdout:/usr/bin/ceph: stderr
2023-08-11T13:13:17.328+0000 7f66faffd700 1 --2- >> [v2:172.21.15.8:3300/0,v1:172.21.15.8:6789/0] conn(0x7f66fc07bdf0 0x7f66fc07a250 unknown :-1 s=BANNER_CONNECTING pgs=0 cs=0 l=0 rev1=0 crypto rx=0 tx=0 comp rx=0 tx=0)._handle_peer_banner_payload supported=3 required=0
2023-08-11T13:13:18.005 INFO:teuthology.orchestra.run.smithi008.stdout:/usr/bin/ceph: stderr
2023-08-11T13:13:17.328+0000 7f66faffd700 1 --2- >> [v2:172.21.15.8:3300/0,v1:172.21.15.8:6789/0] conn(0x7f66fc07bdf0 0x7f66fc07a250 unknown :-1 s=HELLO_CONNECTING pgs=0 cs=0 l=0 rev1=1 crypto rx=0 tx=0 comp rx=0 tx=0).handle_hello peer v2:172.21.15.8:3300/0 says I am v2:172.21.15.8:52868/0 (socket says 172.21.15.8:52868)
2023-08-11T13:13:18.005 INFO:teuthology.orchestra.run.smithi008.stdout:/usr/bin/ceph: stderr
2023-08-11T13:13:17.328+0000 7f66faffd700 1 -- 172.21.15.8:0/855465343 learned_addr learned my addr 172.21.15.8:0/855465343 (peer_addr_for_me v2:172.21.15.8:0/0)
2023-08-11T13:13:18.005 INFO:teuthology.orchestra.run.smithi008.stdout:/usr/bin/ceph: stderr
2023-08-11T13:13:17.329+0000 7f66faffd700 1 -- 172.21.15.8:0/855465343 --> [v2:172.21.15.8:3300/0,v1:172.21.15.8:6789/0] -- mon_subscribe({config=0+,monmap=0+}) v3 -- 0x7f66fc07a960 con 0x7f66fc07bdf0
2023-08-11T13:13:18.005 INFO:teuthology.orchestra.run.smithi008.stdout:/usr/bin/ceph: stderr
2023-08-11T13:13:17.329+0000 7f66faffd700 1 --2- 172.21.15.8:0/855465343 >> [v2:172.21.15.8:3300/0,v1:172.21.15.8:6789/0] conn(0x7f66fc07bdf0 0x7f66fc07a250 secure :-1 s=READY pgs=16 cs=0 l=1 rev1=1 crypto rx=0x7f66ec0098a0 tx=0x7f66ec009bb0 comp rx=0 tx=0).ready entity=mon.0 client_cookie=5b6d16183fd850f6 server_cookie=0 in_seq=0 out_seq=0
2023-08-11T13:13:18.006 INFO:teuthology.orchestra.run.smithi008.stdout:/usr/bin/ceph: stderr
2023-08-11T13:13:17.329+0000 7f66f9ffb700 1 -- 172.21.15.8:0/855465343 <== mon.0 v2:172.21.15.8:3300/0 1 ==== mon_map magic: 0 v1 ==== 205+0+0 (secure 0 0 0) 0x7f66ec004160 con 0x7f66fc07bdf0
2023-08-11T13:13:18.006 INFO:teuthology.orchestra.run.smithi008.stdout:/usr/bin/ceph: stderr
2023-08-11T13:13:17.329+0000 7f66f9ffb700 1 -- 172.21.15.8:0/855465343 <== mon.0 v2:172.21.15.8:3300/0 2 ==== config(26 keys) v1 ==== 1074+0+0 (secure 0 0 0) 0x7f66ec0042c0 con 0x7f66fc07bdf0
2023-08-11T13:13:18.006 INFO:teuthology.orchestra.run.smithi008.stdout:/usr/bin/ceph: stderr
2023-08-11T13:13:17.329+0000 7f66f9ffb700 1 -- 172.21.15.8:0/855465343 <== mon.0 v2:172.21.15.8:3300/0 3 ==== mon_map magic: 0 v1 ==== 205+0+0 (secure 0 0 0) 0x7f66ec011a00 con 0x7f66fc07bdf0
2023-08-11T13:13:18.006 INFO:teuthology.orchestra.run.smithi008.stdout:/usr/bin/ceph: stderr
2023-08-11T13:13:17.330+0000 7f67013f3700 1 -- 172.21.15.8:0/855465343 >> [v2:172.21.15.8:3300/0,v1:172.21.15.8:6789/0] conn(0x7f66fc07bdf0 msgr2=0x7f66fc07a250 secure :-1 s=STATE_CONNECTION_ESTABLISHED l=1).mark_down
2023-08-11T13:13:18.006 INFO:teuthology.orchestra.run.smithi008.stdout:/usr/bin/ceph: stderr
2023-08-11T13:13:17.330+0000 7f67013f3700 1 --2- 172.21.15.8:0/855465343 >> [v2:172.21.15.8:3300/0,v1:172.21.15.8:6789/0] conn(0x7f66fc07bdf0 0x7f66fc07a250 secure :-1 s=READY pgs=16 cs=0 l=1 rev1=1 crypto rx=0x7f66ec0098a0 tx=0x7f66ec009bb0 comp rx=0 tx=0).stop
2023-08-11T13:13:18.006 INFO:teuthology.orchestra.run.smithi008.stdout:/usr/bin/ceph: stderr
2023-08-11T13:13:17.330+0000 7f67013f3700 1 -- 172.21.15.8:0/855465343 shutdown_connections
2023-08-11T13:13:18.006 INFO:teuthology.orchestra.run.smithi008.stdout:/usr/bin/ceph: stderr
2023-08-11T13:13:17.330+0000 7f67013f3700 1 --2- 172.21.15.8:0/855465343 >> [v2:172.21.15.8:3300/0,v1:172.21.15.8:6789/0] conn(0x7f66fc07bdf0 0x7f66fc07a250 unknown :-1 s=CLOSED pgs=16 cs=0 l=1 rev1=1 crypto rx=0 tx=0 comp rx=0 tx=0).stop
2023-08-11T13:13:18.007 INFO:teuthology.orchestra.run.smithi008.stdout:/usr/bin/ceph: stderr
2023-08-11T13:13:17.330+0000 7f67013f3700 1 -- 172.21.15.8:0/855465343 >> 172.21.15.8:0/855465343 conn(0x7f66fc101750 msgr2=0x7f66fc103b90 unknown :-1 s=STATE_NONE l=0).mark_down
2023-08-11T13:13:18.007 INFO:teuthology.orchestra.run.smithi008.stdout:/usr/bin/ceph: stderr
2023-08-11T13:13:17.330+0000 7f67013f3700 1 -- 172.21.15.8:0/855465343 shutdown_connections
2023-08-11T13:13:18.007 INFO:teuthology.orchestra.run.smithi008.stdout:/usr/bin/ceph: stderr
2023-08-11T13:13:17.330+0000 7f67013f3700 1 -- 172.21.15.8:0/855465343 wait complete.
2023-08-11T13:13:18.007 INFO:teuthology.orchestra.run.smithi008.stdout:/usr/bin/ceph: stderr
2023-08-11T13:13:17.331+0000 7f67013f3700 1 Processor -- start
2023-08-11T13:13:18.007 INFO:teuthology.orchestra.run.smithi008.stdout:/usr/bin/ceph: stderr
2023-08-11T13:13:17.331+0000 7f67013f3700 1 -- start start
2023-08-11T13:13:18.008 INFO:teuthology.orchestra.run.smithi008.stdout:/usr/bin/ceph: stderr
2023-08-11T13:13:17.331+0000 7f67013f3700 1 --2- >> [v2:172.21.15.8:3300/0,v1:172.21.15.8:6789/0] conn(0x7f66fc07bdf0 0x7f66fc19c060 unknown :-1 s=NONE pgs=0 cs=0 l=1 rev1=0 crypto rx=0 tx=0 comp rx=0 tx=0).connect
2023-08-11T13:13:18.008 INFO:teuthology.orchestra.run.smithi008.stdout:/usr/bin/ceph: stderr
2023-08-11T13:13:17.331+0000 7f67013f3700 1 -- --> [v2:172.21.15.8:3300/0,v1:172.21.15.8:6789/0] -- mon_getmap magic: 0 v1 -- 0x7f66fc19c5a0 con 0x7f66fc07bdf0
2023-08-11T13:13:18.008 INFO:teuthology.orchestra.run.smithi008.stdout:/usr/bin/ceph: stderr
2023-08-11T13:13:17.332+0000 7f66faffd700 1 --2- >> [v2:172.21.15.8:3300/0,v1:172.21.15.8:6789/0] conn(0x7f66fc07bdf0 0x7f66fc19c060 unknown :-1 s=BANNER_CONNECTING pgs=0 cs=0 l=1 rev1=0 crypto rx=0 tx=0 comp rx=0 tx=0)._handle_peer_banner_payload supported=3 required=0
2023-08-11T13:13:18.008 INFO:teuthology.orchestra.run.smithi008.stdout:/usr/bin/ceph: stderr
2023-08-11T13:13:17.332+0000 7f66faffd700 1 --2- >> [v2:172.21.15.8:3300/0,v1:172.21.15.8:6789/0] conn(0x7f66fc07bdf0 0x7f66fc19c060 unknown :-1 s=HELLO_CONNECTING pgs=0 cs=0 l=1 rev1=1 crypto rx=0 tx=0 comp rx=0 tx=0).handle_hello peer v2:172.21.15.8:3300/0 says I am v2:172.21.15.8:52874/0 (socket says 172.21.15.8:52874)
2023-08-11T13:13:18.008 INFO:teuthology.orchestra.run.smithi008.stdout:/usr/bin/ceph: stderr
2023-08-11T13:13:17.332+0000 7f66faffd700 1 -- 172.21.15.8:0/2939033865 learned_addr learned my addr 172.21.15.8:0/2939033865 (peer_addr_for_me v2:172.21.15.8:0/0)
2023-08-11T13:13:18.008 INFO:teuthology.orchestra.run.smithi008.stdout:/usr/bin/ceph: stderr
2023-08-11T13:13:17.332+0000 7f66faffd700 1 -- 172.21.15.8:0/2939033865 --> [v2:172.21.15.8:3300/0,v1:172.21.15.8:6789/0] -- mon_subscribe({config=0+,monmap=0+}) v3 -- 0x7f66ec009550 con 0x7f66fc07bdf0
2023-08-11T13:13:18.009 INFO:teuthology.orchestra.run.smithi008.stdout:/usr/bin/ceph: stderr
2023-08-11T13:13:17.332+0000 7f66faffd700 1 --2- 172.21.15.8:0/2939033865 >> [v2:172.21.15.8:3300/0,v1:172.21.15.8:6789/0] conn(0x7f66fc07bdf0 0x7f66fc19c060 secure :-1 s=READY pgs=17 cs=0 l=1 rev1=1 crypto rx=0x7f66ec006af0 tx=0x7f66ec011ad0 comp rx=0 tx=0).ready entity=mon.0 client_cookie=0 server_cookie=0 in_seq=0 out_seq=0
2023-08-11T13:13:18.009 INFO:teuthology.orchestra.run.smithi008.stdout:/usr/bin/ceph: stderr
2023-08-11T13:13:17.332+0000 7f66e3fff700 1 -- 172.21.15.8:0/2939033865 <== mon.0 v2:172.21.15.8:3300/0 1 ==== mon_map magic: 0 v1 ==== 205+0+0 (secure 0 0 0) 0x7f66ec003a40 con 0x7f66fc07bdf0
2023-08-11T13:13:18.009 INFO:teuthology.orchestra.run.smithi008.stdout:/usr/bin/ceph: stderr
2023-08-11T13:13:17.332+0000 7f66e3fff700 1 -- 172.21.15.8:0/2939033865 <== mon.0 v2:172.21.15.8:3300/0 2 ==== config(26 keys) v1 ==== 1074+0+0 (secure 0 0 0) 0x7f66ec003ba0 con 0x7f66fc07bdf0
2023-08-11T13:13:18.009 INFO:teuthology.orchestra.run.smithi008.stdout:/usr/bin/ceph: stderr
2023-08-11T13:13:17.332+0000 7f66e3fff700 1 -- 172.21.15.8:0/2939033865 <== mon.0 v2:172.21.15.8:3300/0 3 ==== mon_map magic: 0 v1 ==== 205+0+0 (secure 0 0 0) 0x7f66ec01a6e0 con 0x7f66fc07bdf0
2023-08-11T13:13:18.009 INFO:teuthology.orchestra.run.smithi008.stdout:/usr/bin/ceph: stderr
2023-08-11T13:13:17.332+0000 7f67013f3700 1 -- 172.21.15.8:0/2939033865 --> [v2:172.21.15.8:3300/0,v1:172.21.15.8:6789/0] -- mon_subscribe({mgrmap=0+}) v3 -- 0x7f66fc19c7a0 con 0x7f66fc07bdf0
2023-08-11T13:13:18.009 INFO:teuthology.orchestra.run.smithi008.stdout:/usr/bin/ceph: stderr
2023-08-11T13:13:17.333+0000 7f67013f3700 1 -- 172.21.15.8:0/2939033865 --> [v2:172.21.15.8:3300/0,v1:172.21.15.8:6789/0] -- mon_subscribe({osdmap=0}) v3 -- 0x7f66fc19cbc0 con 0x7f66fc07bdf0
2023-08-11T13:13:18.010 INFO:teuthology.orchestra.run.smithi008.stdout:/usr/bin/ceph: stderr
2023-08-11T13:13:17.334+0000 7f66e3fff700 1 -- 172.21.15.8:0/2939033865 <== mon.0 v2:172.21.15.8:3300/0 4 ==== mgrmap(e 4) v1 ==== 45124+0+0 (secure 0 0 0) 0x7f66ec024a60 con 0x7f66fc07bdf0
2023-08-11T13:13:18.010 INFO:teuthology.orchestra.run.smithi008.stdout:/usr/bin/ceph: stderr
2023-08-11T13:13:17.334+0000 7f67013f3700 1 -- 172.21.15.8:0/2939033865 --> [v2:172.21.15.8:3300/0,v1:172.21.15.8:6789/0] -- mon_command({"prefix": "get_command_descriptions"} v 0) v1 -- 0x7f66fc10c560 con 0x7f66fc07bdf0
2023-08-11T13:13:18.010 INFO:teuthology.orchestra.run.smithi008.stdout:/usr/bin/ceph: stderr
2023-08-11T13:13:17.334+0000 7f66e3fff700 1 --2- 172.21.15.8:0/2939033865 >> [v2:172.21.15.8:6800/2934270233,v1:172.21.15.8:6801/2934270233] conn(0x7f66e4038110 0x7f66e403a5d0 unknown :-1 s=NONE pgs=0 cs=0 l=1 rev1=0 crypto rx=0 tx=0 comp rx=0 tx=0).connect
2023-08-11T13:13:18.010 INFO:teuthology.orchestra.run.smithi008.stdout:/usr/bin/ceph: stderr
2023-08-11T13:13:17.334+0000 7f66e3fff700 1 -- 172.21.15.8:0/2939033865 <== mon.0 v2:172.21.15.8:3300/0 5 ==== osd_map(1..1 src has 1..1) v4 ==== 725+0+0 (secure 0 0 0) 0x7f66ec04bed0 con 0x7f66fc07bdf0
2023-08-11T13:13:18.010 INFO:teuthology.orchestra.run.smithi008.stdout:/usr/bin/ceph: stderr
2023-08-11T13:13:17.334+0000 7f66fa7fc700 1 --2- 172.21.15.8:0/2939033865 >> [v2:172.21.15.8:6800/2934270233,v1:172.21.15.8:6801/2934270233] conn(0x7f66e4038110 0x7f66e403a5d0 unknown :-1 s=BANNER_CONNECTING pgs=0 cs=0 l=1 rev1=0 crypto rx=0 tx=0 comp rx=0 tx=0)._handle_peer_banner_payload supported=3 required=0
2023-08-11T13:13:18.010 INFO:teuthology.orchestra.run.smithi008.stdout:/usr/bin/ceph: stderr
2023-08-11T13:13:17.335+0000 7f66fa7fc700 1 --2- 172.21.15.8:0/2939033865 >> [v2:172.21.15.8:6800/2934270233,v1:172.21.15.8:6801/2934270233] conn(0x7f66e4038110 0x7f66e403a5d0 secure :-1 s=READY pgs=7 cs=0 l=1 rev1=1 crypto rx=0x7f66f0006fd0 tx=0x7f66f0006e40 comp rx=0 tx=0).ready entity=mgr.14100 client_cookie=0 server_cookie=0 in_seq=0 out_seq=0
2023-08-11T13:13:18.010 INFO:teuthology.orchestra.run.smithi008.stdout:/usr/bin/ceph: stderr
2023-08-11T13:13:17.339+0000 7f66e3fff700 1 -- 172.21.15.8:0/2939033865 <== mon.0 v2:172.21.15.8:3300/0 6 ==== mon_command_ack([{"prefix": "get_command_descriptions"}]=0 v0) v1 ==== 72+0+179220 (secure 0 0 0) 0x7f66ec024430 con 0x7f66fc07bdf0
2023-08-11T13:13:18.011 INFO:teuthology.orchestra.run.smithi008.stdout:/usr/bin/ceph: stderr
2023-08-11T13:13:17.547+0000 7f67013f3700 1 -- 172.21.15.8:0/2939033865 --> [v2:172.21.15.8:3300/0,v1:172.21.15.8:6789/0] -- mon_command({"prefix": "config assimilate-conf"} v 0) v1 -- 0x7f66fc19f600 con 0x7f66fc07bdf0
2023-08-11T13:13:18.011 INFO:teuthology.orchestra.run.smithi008.stdout:/usr/bin/ceph: stderr
2023-08-11T13:13:17.548+0000 7f66e3fff700 1 -- 172.21.15.8:0/2939033865 <== mon.0 v2:172.21.15.8:3300/0 7 ==== mon_command_ack([{"prefix": "config assimilate-conf"}]=0 v3) v1 ==== 70+0+373 (secure 0 0 0) 0x7f66ec018350 con 0x7f66fc07bdf0
2023-08-11T13:13:18.011 INFO:teuthology.orchestra.run.smithi008.stdout:/usr/bin/ceph: stderr
2023-08-11T13:13:17.551+0000 7f67013f3700 1 -- 172.21.15.8:0/2939033865 >> [v2:172.21.15.8:6800/2934270233,v1:172.21.15.8:6801/2934270233] conn(0x7f66e4038110 msgr2=0x7f66e403a5d0 secure :-1 s=STATE_CONNECTION_ESTABLISHED l=1).mark_down
2023-08-11T13:13:18.011 INFO:teuthology.orchestra.run.smithi008.stdout:/usr/bin/ceph: stderr
2023-08-11T13:13:17.551+0000 7f67013f3700 1 --2- 172.21.15.8:0/2939033865 >> [v2:172.21.15.8:6800/2934270233,v1:172.21.15.8:6801/2934270233] conn(0x7f66e4038110 0x7f66e403a5d0 secure :-1 s=READY pgs=7 cs=0 l=1 rev1=1 crypto rx=0x7f66f0006fd0 tx=0x7f66f0006e40 comp rx=0 tx=0).stop
2023-08-11T13:13:18.011 INFO:teuthology.orchestra.run.smithi008.stdout:/usr/bin/ceph: stderr
2023-08-11T13:13:17.551+0000 7f67013f3700 1 -- 172.21.15.8:0/2939033865 >> [v2:172.21.15.8:3300/0,v1:172.21.15.8:6789/0] conn(0x7f66fc07bdf0 msgr2=0x7f66fc19c060 secure :-1 s=STATE_CONNECTION_ESTABLISHED l=1).mark_down
2023-08-11T13:13:18.011 INFO:teuthology.orchestra.run.smithi008.stdout:/usr/bin/ceph: stderr
2023-08-11T13:13:17.551+0000 7f67013f3700 1 --2- 172.21.15.8:0/2939033865 >> [v2:172.21.15.8:3300/0,v1:172.21.15.8:6789/0] conn(0x7f66fc07bdf0 0x7f66fc19c060 secure :-1 s=READY pgs=17 cs=0 l=1 rev1=1 crypto rx=0x7f66ec006af0 tx=0x7f66ec011ad0 comp rx=0 tx=0).stop
2023-08-11T13:13:18.011 INFO:teuthology.orchestra.run.smithi008.stdout:/usr/bin/ceph: stderr
2023-08-11T13:13:17.551+0000 7f67013f3700 1 -- 172.21.15.8:0/2939033865 shutdown_connections
2023-08-11T13:13:18.012 INFO:teuthology.orchestra.run.smithi008.stdout:/usr/bin/ceph: stderr
2023-08-11T13:13:17.551+0000 7f67013f3700 1 --2- 172.21.15.8:0/2939033865 >> [v2:172.21.15.8:6800/2934270233,v1:172.21.15.8:6801/2934270233] conn(0x7f66e4038110 0x7f66e403a5d0 unknown :-1 s=CLOSED pgs=7 cs=0 l=1 rev1=1 crypto rx=0 tx=0 comp rx=0 tx=0).stop
2023-08-11T13:13:18.012 INFO:teuthology.orchestra.run.smithi008.stdout:/usr/bin/ceph: stderr
2023-08-11T13:13:17.551+0000 7f67013f3700 1 --2- 172.21.15.8:0/2939033865 >> [v2:172.21.15.8:3300/0,v1:172.21.15.8:6789/0] conn(0x7f66fc07bdf0 0x7f66fc19c060 unknown :-1 s=CLOSED pgs=17 cs=0 l=1 rev1=1 crypto rx=0 tx=0 comp rx=0 tx=0).stop
2023-08-11T13:13:18.012 INFO:teuthology.orchestra.run.smithi008.stdout:/usr/bin/ceph: stderr
2023-08-11T13:13:17.551+0000 7f67013f3700 1 -- 172.21.15.8:0/2939033865 >> 172.21.15.8:0/2939033865 conn(0x7f66fc101750 msgr2=0x7f66fc102e50 unknown :-1 s=STATE_NONE l=0).mark_down
2023-08-11T13:13:18.012 INFO:teuthology.orchestra.run.smithi008.stdout:/usr/bin/ceph: stderr
2023-08-11T13:13:17.551+0000 7f67013f3700 1 -- 172.21.15.8:0/2939033865 shutdown_connections
2023-08-11T13:13:18.012 INFO:teuthology.orchestra.run.smithi008.stdout:/usr/bin/ceph: stderr
2023-08-11T13:13:17.551+0000 7f67013f3700 1 -- 172.21.15.8:0/2939033865 wait complete.
2023-08-11T13:13:18.012 INFO:teuthology.orchestra.run.smithi008.stdout:Enabling cephadm module...
2023-08-11T13:13:18.187 INFO:journalctl@ceph.mon.a.smithi008.stdout:Aug 11 13:13:17 smithi008 ceph-mon[97114]: from='client.? 172.21.15.8:0/2939033865' entity='client.admin' cmd=[{"prefix": "config assimilate-conf"}]: dispatch
2023-08-11T13:13:19.183 INFO:journalctl@ceph.mon.a.smithi008.stdout:Aug 11 13:13:18 smithi008 ceph-mon[97114]: from='client.? 172.21.15.8:0/2441155315' entity='client.admin' cmd=[{"prefix": "mgr module enable", "module": "cephadm"}]: dispatch
2023-08-11T13:13:19.184 INFO:journalctl@ceph.mgr.x.smithi008.stdout:Aug 11 13:13:19 smithi008 ceph-ab9a6b4c-3848-11ee-9b37-001a4aab830c-mgr-x[97362]: ignoring --setuser ceph since I am not root
2023-08-11T13:13:19.184 INFO:journalctl@ceph.mgr.x.smithi008.stdout:Aug 11 13:13:19 smithi008 ceph-ab9a6b4c-3848-11ee-9b37-001a4aab830c-mgr-x[97362]: ignoring --setgroup ceph since I am not root
2023-08-11T13:13:19.184 INFO:journalctl@ceph.mgr.x.smithi008.stdout:Aug 11 13:13:19 smithi008 ceph-ab9a6b4c-3848-11ee-9b37-001a4aab830c-mgr-x[97362]:
2023-08-11T13:13:19.181+0000 7f9a1c554200 -1 mgr[py] Module devicehealth has missing NOTIFY_TYPES member
2023-08-11T13:13:19.385 INFO:teuthology.orchestra.run.smithi008.stdout:/usr/bin/ceph: stderr
2023-08-11T13:13:18.546+0000 7ff96ef9f700 1 Processor -- start
2023-08-11T13:13:19.385 INFO:teuthology.orchestra.run.smithi008.stdout:/usr/bin/ceph: stderr
2023-08-11T13:13:18.546+0000 7ff96ef9f700 1 -- start start
2023-08-11T13:13:19.385 INFO:teuthology.orchestra.run.smithi008.stdout:/usr/bin/ceph: stderr
2023-08-11T13:13:18.547+0000 7ff96ef9f700 1 --2- >> [v2:172.21.15.8:3300/0,v1:172.21.15.8:6789/0] conn(0x7ff9681061b0 0x7ff9681065d0 unknown :-1 s=NONE pgs=0 cs=0 l=0 rev1=0 crypto rx=0 tx=0 comp rx=0 tx=0).connect
2023-08-11T13:13:19.386 INFO:teuthology.orchestra.run.smithi008.stdout:/usr/bin/ceph: stderr
2023-08-11T13:13:18.547+0000 7ff96ef9f700 1 -- --> [v2:172.21.15.8:3300/0,v1:172.21.15.8:6789/0] -- mon_getmap magic: 0 v1 -- 0x7ff968106ba0 con 0x7ff9681061b0
2023-08-11T13:13:19.386 INFO:teuthology.orchestra.run.smithi008.stdout:/usr/bin/ceph: stderr
2023-08-11T13:13:18.547+0000 7ff96cd3b700 1 --2- >> [v2:172.21.15.8:3300/0,v1:172.21.15.8:6789/0] conn(0x7ff9681061b0 0x7ff9681065d0 unknown :-1 s=BANNER_CONNECTING pgs=0 cs=0 l=0 rev1=0 crypto rx=0 tx=0 comp rx=0 tx=0)._handle_peer_banner_payload supported=3 required=0
2023-08-11T13:13:19.386 INFO:teuthology.orchestra.run.smithi008.stdout:/usr/bin/ceph: stderr
2023-08-11T13:13:18.547+0000 7ff96cd3b700 1 --2- >> [v2:172.21.15.8:3300/0,v1:172.21.15.8:6789/0] conn(0x7ff9681061b0 0x7ff9681065d0 unknown :-1 s=HELLO_CONNECTING pgs=0 cs=0 l=0 rev1=1 crypto rx=0 tx=0 comp rx=0 tx=0).handle_hello peer v2:172.21.15.8:3300/0 says I am v2:172.21.15.8:52888/0 (socket says 172.21.15.8:52888)
2023-08-11T13:13:19.386 INFO:teuthology.orchestra.run.smithi008.stdout:/usr/bin/ceph: stderr
2023-08-11T13:13:18.547+0000 7ff96cd3b700 1 -- 172.21.15.8:0/3649444302 learned_addr learned my addr 172.21.15.8:0/3649444302 (peer_addr_for_me v2:172.21.15.8:0/0)
2023-08-11T13:13:19.386 INFO:teuthology.orchestra.run.smithi008.stdout:/usr/bin/ceph: stderr
2023-08-11T13:13:18.547+0000 7ff96cd3b700 1 -- 172.21.15.8:0/3649444302 --> [v2:172.21.15.8:3300/0,v1:172.21.15.8:6789/0] -- mon_subscribe({config=0+,monmap=0+}) v3 -- 0x7ff9681073b0 con 0x7ff9681061b0
2023-08-11T13:13:19.386 INFO:teuthology.orchestra.run.smithi008.stdout:/usr/bin/ceph: stderr
2023-08-11T13:13:18.548+0000 7ff96cd3b700 1 --2- 172.21.15.8:0/3649444302 >> [v2:172.21.15.8:3300/0,v1:172.21.15.8:6789/0] conn(0x7ff9681061b0 0x7ff9681065d0 secure :-1 s=READY pgs=18 cs=0 l=1 rev1=1 crypto rx=0x7ff95c0098a0 tx=0x7ff95c009bb0 comp rx=0 tx=0).ready entity=mon.0 client_cookie=4ac4c4c5cd9344e1 server_cookie=0 in_seq=0 out_seq=0
2023-08-11T13:13:19.386 INFO:teuthology.orchestra.run.smithi008.stdout:/usr/bin/ceph: stderr
2023-08-11T13:13:18.548+0000 7ff9677fe700 1 -- 172.21.15.8:0/3649444302 <== mon.0 v2:172.21.15.8:3300/0 1 ==== mon_map magic: 0 v1 ==== 205+0+0 (secure 0 0 0) 0x7ff95c004160 con 0x7ff9681061b0
2023-08-11T13:13:19.386 INFO:teuthology.orchestra.run.smithi008.stdout:/usr/bin/ceph: stderr
2023-08-11T13:13:18.548+0000 7ff9677fe700 1 -- 172.21.15.8:0/3649444302 <== mon.0 v2:172.21.15.8:3300/0 2 ==== config(26 keys) v1 ==== 1074+0+0 (secure 0 0 0) 0x7ff95c0042c0 con 0x7ff9681061b0
2023-08-11T13:13:19.387 INFO:teuthology.orchestra.run.smithi008.stdout:/usr/bin/ceph: stderr
2023-08-11T13:13:18.548+0000 7ff9677fe700 1 -- 172.21.15.8:0/3649444302 <== mon.0 v2:172.21.15.8:3300/0 3 ==== mon_map magic: 0 v1 ==== 205+0+0 (secure 0 0 0) 0x7ff95c011a00 con 0x7ff9681061b0
2023-08-11T13:13:19.387 INFO:teuthology.orchestra.run.smithi008.stdout:/usr/bin/ceph: stderr
2023-08-11T13:13:18.548+0000 7ff96ef9f700 1 -- 172.21.15.8:0/3649444302 >> [v2:172.21.15.8:3300/0,v1:172.21.15.8:6789/0] conn(0x7ff9681061b0 msgr2=0x7ff9681065d0 secure :-1 s=STATE_CONNECTION_ESTABLISHED l=1).mark_down
2023-08-11T13:13:19.387 INFO:teuthology.orchestra.run.smithi008.stdout:/usr/bin/ceph: stderr
2023-08-11T13:13:18.548+0000 7ff96ef9f700 1 --2- 172.21.15.8:0/3649444302 >> [v2:172.21.15.8:3300/0,v1:172.21.15.8:6789/0] conn(0x7ff9681061b0 0x7ff9681065d0 secure :-1 s=READY pgs=18 cs=0 l=1 rev1=1 crypto rx=0x7ff95c0098a0 tx=0x7ff95c009bb0 comp rx=0 tx=0).stop
2023-08-11T13:13:19.387 INFO:teuthology.orchestra.run.smithi008.stdout:/usr/bin/ceph: stderr
2023-08-11T13:13:18.549+0000 7ff96ef9f700 1 -- 172.21.15.8:0/3649444302 shutdown_connections
2023-08-11T13:13:19.387 INFO:teuthology.orchestra.run.smithi008.stdout:/usr/bin/ceph: stderr
2023-08-11T13:13:18.549+0000 7ff96ef9f700 1 --2- 172.21.15.8:0/3649444302 >> [v2:172.21.15.8:3300/0,v1:172.21.15.8:6789/0] conn(0x7ff9681061b0 0x7ff9681065d0 unknown :-1 s=CLOSED pgs=18 cs=0 l=1 rev1=1 crypto rx=0 tx=0 comp rx=0 tx=0).stop
2023-08-11T13:13:19.387 INFO:teuthology.orchestra.run.smithi008.stdout:/usr/bin/ceph: stderr
2023-08-11T13:13:18.549+0000 7ff96ef9f700 1 -- 172.21.15.8:0/3649444302 >> 172.21.15.8:0/3649444302 conn(0x7ff968101750 msgr2=0x7ff968103b90 unknown :-1 s=STATE_NONE l=0).mark_down
2023-08-11T13:13:19.387 INFO:teuthology.orchestra.run.smithi008.stdout:/usr/bin/ceph: stderr
2023-08-11T13:13:18.549+0000 7ff96ef9f700 1 -- 172.21.15.8:0/3649444302 shutdown_connections
2023-08-11T13:13:19.388 INFO:teuthology.orchestra.run.smithi008.stdout:/usr/bin/ceph: stderr
2023-08-11T13:13:18.549+0000 7ff96ef9f700 1 -- 172.21.15.8:0/3649444302 wait complete.
2023-08-11T13:13:19.388 INFO:teuthology.orchestra.run.smithi008.stdout:/usr/bin/ceph: stderr
2023-08-11T13:13:18.550+0000 7ff96ef9f700 1 Processor -- start
2023-08-11T13:13:19.388 INFO:teuthology.orchestra.run.smithi008.stdout:/usr/bin/ceph: stderr
2023-08-11T13:13:18.550+0000 7ff96ef9f700 1 -- start start
2023-08-11T13:13:19.388 INFO:teuthology.orchestra.run.smithi008.stdout:/usr/bin/ceph: stderr
2023-08-11T13:13:18.550+0000 7ff96ef9f700 1 --2- >> [v2:172.21.15.8:3300/0,v1:172.21.15.8:6789/0] conn(0x7ff9681061b0 0x7ff96807bbe0 unknown :-1 s=NONE pgs=0 cs=0 l=1 rev1=0 crypto rx=0 tx=0 comp rx=0 tx=0).connect
2023-08-11T13:13:19.388 INFO:teuthology.orchestra.run.smithi008.stdout:/usr/bin/ceph: stderr
2023-08-11T13:13:18.550+0000 7ff96ef9f700 1 -- --> [v2:172.21.15.8:3300/0,v1:172.21.15.8:6789/0] -- mon_getmap magic: 0 v1 -- 0x7ff96807c120 con 0x7ff9681061b0
2023-08-11T13:13:19.388 INFO:teuthology.orchestra.run.smithi008.stdout:/usr/bin/ceph: stderr
2023-08-11T13:13:18.551+0000 7ff96cd3b700 1 --2- >> [v2:172.21.15.8:3300/0,v1:172.21.15.8:6789/0] conn(0x7ff9681061b0 0x7ff96807bbe0 unknown :-1 s=BANNER_CONNECTING pgs=0 cs=0 l=1 rev1=0 crypto rx=0 tx=0 comp rx=0 tx=0)._handle_peer_banner_payload supported=3 required=0
2023-08-11T13:13:19.388 INFO:teuthology.orchestra.run.smithi008.stdout:/usr/bin/ceph: stderr
2023-08-11T13:13:18.551+0000 7ff96cd3b700 1 --2- >> [v2:172.21.15.8:3300/0,v1:172.21.15.8:6789/0] conn(0x7ff9681061b0 0x7ff96807bbe0 unknown :-1 s=HELLO_CONNECTING pgs=0 cs=0 l=1 rev1=1 crypto rx=0 tx=0 comp rx=0 tx=0).handle_hello peer v2:172.21.15.8:3300/0 says I am v2:172.21.15.8:52904/0 (socket says 172.21.15.8:52904)
2023-08-11T13:13:19.389 INFO:teuthology.orchestra.run.smithi008.stdout:/usr/bin/ceph: stderr
2023-08-11T13:13:18.551+0000 7ff96cd3b700 1 -- 172.21.15.8:0/2441155315 learned_addr learned my addr 172.21.15.8:0/2441155315 (peer_addr_for_me v2:172.21.15.8:0/0)
2023-08-11T13:13:19.389 INFO:teuthology.orchestra.run.smithi008.stdout:/usr/bin/ceph: stderr
2023-08-11T13:13:18.551+0000 7ff96cd3b700 1 -- 172.21.15.8:0/2441155315 --> [v2:172.21.15.8:3300/0,v1:172.21.15.8:6789/0] -- mon_subscribe({config=0+,monmap=0+}) v3 -- 0x7ff95c009550 con 0x7ff9681061b0
2023-08-11T13:13:19.389 INFO:teuthology.orchestra.run.smithi008.stdout:/usr/bin/ceph: stderr
2023-08-11T13:13:18.551+0000 7ff96cd3b700 1 --2- 172.21.15.8:0/2441155315 >> [v2:172.21.15.8:3300/0,v1:172.21.15.8:6789/0] conn(0x7ff9681061b0 0x7ff96807bbe0 secure :-1 s=READY pgs=19 cs=0 l=1 rev1=1 crypto rx=0x7ff95c009fb0 tx=0x7ff95c011ad0 comp rx=0 tx=0).ready entity=mon.0 client_cookie=0 server_cookie=0 in_seq=0 out_seq=0
2023-08-11T13:13:19.389 INFO:teuthology.orchestra.run.smithi008.stdout:/usr/bin/ceph: stderr
2023-08-11T13:13:18.551+0000 7ff965ffb700 1 -- 172.21.15.8:0/2441155315 <== mon.0 v2:172.21.15.8:3300/0 1 ==== mon_map magic: 0 v1 ==== 205+0+0 (secure 0 0 0) 0x7ff95c003930 con 0x7ff9681061b0
2023-08-11T13:13:19.389 INFO:teuthology.orchestra.run.smithi008.stdout:/usr/bin/ceph: stderr
2023-08-11T13:13:18.551+0000 7ff965ffb700 1 -- 172.21.15.8:0/2441155315 <== mon.0 v2:172.21.15.8:3300/0 2 ==== config(26 keys) v1 ==== 1074+0+0 (secure 0 0 0) 0x7ff95c003a90 con 0x7ff9681061b0
2023-08-11T13:13:19.389 INFO:teuthology.orchestra.run.smithi008.stdout:/usr/bin/ceph: stderr
2023-08-11T13:13:18.551+0000 7ff965ffb700 1 -- 172.21.15.8:0/2441155315 <== mon.0 v2:172.21.15.8:3300/0 3 ==== mon_map magic: 0 v1 ==== 205+0+0 (secure 0 0 0) 0x7ff95c0195e0 con 0x7ff9681061b0
2023-08-11T13:13:19.389 INFO:teuthology.orchestra.run.smithi008.stdout:/usr/bin/ceph: stderr
2023-08-11T13:13:18.551+0000 7ff96ef9f700 1 -- 172.21.15.8:0/2441155315 --> [v2:172.21.15.8:3300/0,v1:172.21.15.8:6789/0] -- mon_subscribe({mgrmap=0+}) v3 -- 0x7ff96807a230 con 0x7ff9681061b0
2023-08-11T13:13:19.389 INFO:teuthology.orchestra.run.smithi008.stdout:/usr/bin/ceph: stderr
2023-08-11T13:13:18.552+0000 7ff96ef9f700 1 -- 172.21.15.8:0/2441155315 --> [v2:172.21.15.8:3300/0,v1:172.21.15.8:6789/0] -- mon_subscribe({osdmap=0}) v3 -- 0x7ff96807a650 con 0x7ff9681061b0
2023-08-11T13:13:19.390 INFO:teuthology.orchestra.run.smithi008.stdout:/usr/bin/ceph: stderr
2023-08-11T13:13:18.553+0000 7ff96ef9f700 1 -- 172.21.15.8:0/2441155315 --> [v2:172.21.15.8:3300/0,v1:172.21.15.8:6789/0] -- mon_command({"prefix": "get_command_descriptions"} v 0) v1 -- 0x7ff968061f50 con 0x7ff9681061b0
2023-08-11T13:13:19.390 INFO:teuthology.orchestra.run.smithi008.stdout:/usr/bin/ceph: stderr
2023-08-11T13:13:18.553+0000 7ff965ffb700 1 -- 172.21.15.8:0/2441155315 <== mon.0 v2:172.21.15.8:3300/0 4 ==== mgrmap(e 4) v1 ==== 45124+0+0 (secure 0 0 0) 0x7ff95c01a9d0 con 0x7ff9681061b0
2023-08-11T13:13:19.390 INFO:teuthology.orchestra.run.smithi008.stdout:/usr/bin/ceph: stderr
2023-08-11T13:13:18.553+0000 7ff965ffb700 1 --2- 172.21.15.8:0/2441155315 >> [v2:172.21.15.8:6800/2934270233,v1:172.21.15.8:6801/2934270233] conn(0x7ff9580380c0 0x7ff95803a580 unknown :-1 s=NONE pgs=0 cs=0 l=1 rev1=0 crypto rx=0 tx=0 comp rx=0 tx=0).connect
2023-08-11T13:13:19.390 INFO:teuthology.orchestra.run.smithi008.stdout:/usr/bin/ceph: stderr
2023-08-11T13:13:18.553+0000 7ff965ffb700 1 -- 172.21.15.8:0/2441155315 <== mon.0 v2:172.21.15.8:3300/0 5 ==== osd_map(1..1 src has 1..1) v4 ==== 725+0+0 (secure 0 0 0) 0x7ff95c04bcb0 con 0x7ff9681061b0
2023-08-11T13:13:19.390 INFO:teuthology.orchestra.run.smithi008.stdout:/usr/bin/ceph: stderr
2023-08-11T13:13:18.553+0000 7ff967fff700 1 --2- 172.21.15.8:0/2441155315 >> [v2:172.21.15.8:6800/2934270233,v1:172.21.15.8:6801/2934270233] conn(0x7ff9580380c0 0x7ff95803a580 unknown :-1 s=BANNER_CONNECTING pgs=0 cs=0 l=1 rev1=0 crypto rx=0 tx=0 comp rx=0 tx=0)._handle_peer_banner_payload supported=3 required=0
2023-08-11T13:13:19.390 INFO:teuthology.orchestra.run.smithi008.stdout:/usr/bin/ceph: stderr
2023-08-11T13:13:18.554+0000 7ff967fff700 1 --2- 172.21.15.8:0/2441155315 >> [v2:172.21.15.8:6800/2934270233,v1:172.21.15.8:6801/2934270233] conn(0x7ff9580380c0 0x7ff95803a580 secure :-1 s=READY pgs=8 cs=0 l=1 rev1=1 crypto rx=0x7ff954006fd0 tx=0x7ff954006e40 comp rx=0 tx=0).ready entity=mgr.14100 client_cookie=0 server_cookie=0 in_seq=0 out_seq=0
2023-08-11T13:13:19.390 INFO:teuthology.orchestra.run.smithi008.stdout:/usr/bin/ceph: stderr
2023-08-11T13:13:18.558+0000 7ff965ffb700 1 -- 172.21.15.8:0/2441155315 <== mon.0 v2:172.21.15.8:3300/0 6 ==== mon_command_ack([{"prefix": "get_command_descriptions"}]=0 v0) v1 ==== 72+0+179220 (secure 0 0 0) 0x7ff95c003c00 con 0x7ff9681061b0
2023-08-11T13:13:19.391 INFO:teuthology.orchestra.run.smithi008.stdout:/usr/bin/ceph: stderr
2023-08-11T13:13:18.823+0000 7ff96ef9f700 1 -- 172.21.15.8:0/2441155315 --> [v2:172.21.15.8:3300/0,v1:172.21.15.8:6789/0] -- mon_command({"prefix": "mgr module enable", "module": "cephadm"} v 0) v1 -- 0x7ff96810a5e0 con 0x7ff9681061b0
2023-08-11T13:13:19.391 INFO:teuthology.orchestra.run.smithi008.stdout:/usr/bin/ceph: stderr
2023-08-11T13:13:18.913+0000 7ff965ffb700 1 -- 172.21.15.8:0/2441155315 <== mon.0 v2:172.21.15.8:3300/0 7 ==== mgrmap(e 5) v1 ==== 45135+0+0 (secure 0 0 0) 0x7ff95c020240 con 0x7ff9681061b0
2023-08-11T13:13:19.391 INFO:teuthology.orchestra.run.smithi008.stdout:/usr/bin/ceph: stderr
2023-08-11T13:13:18.915+0000 7ff965ffb700 1 -- 172.21.15.8:0/2441155315 <== mon.0 v2:172.21.15.8:3300/0 8 ==== mon_command_ack([{"prefix": "mgr module enable", "module": "cephadm"}]=0 v5) v1 ==== 86+0+0 (secure 0 0 0) 0x7ff95c018bb0 con 0x7ff9681061b0
2023-08-11T13:13:19.391 INFO:teuthology.orchestra.run.smithi008.stdout:/usr/bin/ceph: stderr
2023-08-11T13:13:18.918+0000 7ff96ef9f700 1 -- 172.21.15.8:0/2441155315 >> [v2:172.21.15.8:6800/2934270233,v1:172.21.15.8:6801/2934270233] conn(0x7ff9580380c0 msgr2=0x7ff95803a580 secure :-1 s=STATE_CONNECTION_ESTABLISHED l=1).mark_down
2023-08-11T13:13:19.391 INFO:teuthology.orchestra.run.smithi008.stdout:/usr/bin/ceph: stderr
2023-08-11T13:13:18.918+0000 7ff96ef9f700 1 --2- 172.21.15.8:0/2441155315 >> [v2:172.21.15.8:6800/2934270233,v1:172.21.15.8:6801/2934270233] conn(0x7ff9580380c0 0x7ff95803a580 secure :-1 s=READY pgs=8 cs=0 l=1 rev1=1 crypto rx=0x7ff954006fd0 tx=0x7ff954006e40 comp rx=0 tx=0).stop
2023-08-11T13:13:19.391 INFO:teuthology.orchestra.run.smithi008.stdout:/usr/bin/ceph: stderr
2023-08-11T13:13:18.918+0000 7ff96ef9f700 1 -- 172.21.15.8:0/2441155315 >> [v2:172.21.15.8:3300/0,v1:172.21.15.8:6789/0] conn(0x7ff9681061b0 msgr2=0x7ff96807bbe0 secure :-1 s=STATE_CONNECTION_ESTABLISHED l=1).mark_down
2023-08-11T13:13:19.391 INFO:teuthology.orchestra.run.smithi008.stdout:/usr/bin/ceph: stderr
2023-08-11T13:13:18.918+0000 7ff96ef9f700 1 --2- 172.21.15.8:0/2441155315 >> [v2:172.21.15.8:3300/0,v1:172.21.15.8:6789/0] conn(0x7ff9681061b0 0x7ff96807bbe0 secure :-1 s=READY pgs=19 cs=0 l=1 rev1=1 crypto rx=0x7ff95c009fb0 tx=0x7ff95c011ad0 comp rx=0 tx=0).stop
2023-08-11T13:13:19.391 INFO:teuthology.orchestra.run.smithi008.stdout:/usr/bin/ceph: stderr
2023-08-11T13:13:18.918+0000 7ff96ef9f700 1 -- 172.21.15.8:0/2441155315 shutdown_connections
2023-08-11T13:13:19.392 INFO:teuthology.orchestra.run.smithi008.stdout:/usr/bin/ceph: stderr
2023-08-11T13:13:18.918+0000 7ff96ef9f700 1 --2- 172.21.15.8:0/2441155315 >> [v2:172.21.15.8:6800/2934270233,v1:172.21.15.8:6801/2934270233] conn(0x7ff9580380c0 0x7ff95803a580 unknown :-1 s=CLOSED pgs=8 cs=0 l=1 rev1=1 crypto rx=0 tx=0 comp rx=0 tx=0).stop
2023-08-11T13:13:19.392 INFO:teuthology.orchestra.run.smithi008.stdout:/usr/bin/ceph: stderr
2023-08-11T13:13:18.918+0000 7ff96ef9f700 1 --2- 172.21.15.8:0/2441155315 >> [v2:172.21.15.8:3300/0,v1:172.21.15.8:6789/0] conn(0x7ff9681061b0 0x7ff96807bbe0 unknown :-1 s=CLOSED pgs=19 cs=0 l=1 rev1=1 crypto rx=0 tx=0 comp rx=0 tx=0).stop
2023-08-11T13:13:19.392 INFO:teuthology.orchestra.run.smithi008.stdout:/usr/bin/ceph: stderr
2023-08-11T13:13:18.918+0000 7ff96ef9f700 1 -- 172.21.15.8:0/2441155315 >> 172.21.15.8:0/2441155315 conn(0x7ff968101750 msgr2=0x7ff968102e20 unknown :-1 s=STATE_NONE l=0).mark_down
2023-08-11T13:13:19.392 INFO:teuthology.orchestra.run.smithi008.stdout:/usr/bin/ceph: stderr
2023-08-11T13:13:18.918+0000 7ff96ef9f700 1 -- 172.21.15.8:0/2441155315 shutdown_connections
2023-08-11T13:13:19.392 INFO:teuthology.orchestra.run.smithi008.stdout:/usr/bin/ceph: stderr
2023-08-11T13:13:18.918+0000 7ff96ef9f700 1 -- 172.21.15.8:0/2441155315 wait complete.
2023-08-11T13:13:19.437 INFO:journalctl@ceph.mgr.x.smithi008.stdout:Aug 11 13:13:19 smithi008 ceph-ab9a6b4c-3848-11ee-9b37-001a4aab830c-mgr-x[97362]:
2023-08-11T13:13:19.291+0000 7f9a1c554200 -1 mgr[py] Module osd_support has missing NOTIFY_TYPES member
2023-08-11T13:13:19.438 INFO:journalctl@ceph.mgr.x.smithi008.stdout:Aug 11 13:13:19 smithi008 ceph-ab9a6b4c-3848-11ee-9b37-001a4aab830c-mgr-x[97362]:
2023-08-11T13:13:19.418+0000 7f9a1c554200 -1 mgr[py] Module snap_schedule has missing NOTIFY_TYPES member
2023-08-11T13:13:19.914 INFO:journalctl@ceph.mgr.x.smithi008.stdout:Aug 11 13:13:19 smithi008 ceph-ab9a6b4c-3848-11ee-9b37-001a4aab830c-mgr-x[97362]:
2023-08-11T13:13:19.547+0000 7f9a1c554200 -1 mgr[py] Module zabbix has missing NOTIFY_TYPES member
2023-08-11T13:13:19.915 INFO:journalctl@ceph.mgr.x.smithi008.stdout:Aug 11 13:13:19 smithi008 ceph-ab9a6b4c-3848-11ee-9b37-001a4aab830c-mgr-x[97362]:
2023-08-11T13:13:19.795+0000 7f9a1c554200 -1 mgr[py] Module crash has missing NOTIFY_TYPES member
2023-08-11T13:13:20.187 INFO:journalctl@ceph.mon.a.smithi008.stdout:Aug 11 13:13:19 smithi008 ceph-mon[97114]: from='client.? 172.21.15.8:0/2441155315' entity='client.admin' cmd='[{"prefix": "mgr module enable", "module": "cephadm"}]': finished
2023-08-11T13:13:20.188 INFO:journalctl@ceph.mon.a.smithi008.stdout:Aug 11 13:13:19 smithi008 ceph-mon[97114]: mgrmap e5: x(active, since 5s)
2023-08-11T13:13:20.569 INFO:journalctl@ceph.mgr.x.smithi008.stdout:Aug 11 13:13:20 smithi008 ceph-ab9a6b4c-3848-11ee-9b37-001a4aab830c-mgr-x[97362]:
2023-08-11T13:13:20.273+0000 7f9a1c554200 -1 mgr[py] Module prometheus has missing NOTIFY_TYPES member
2023-08-11T13:13:20.569 INFO:journalctl@ceph.mgr.x.smithi008.stdout:Aug 11 13:13:20 smithi008 ceph-ab9a6b4c-3848-11ee-9b37-001a4aab830c-mgr-x[97362]:
2023-08-11T13:13:20.445+0000 7f9a1c554200 -1 mgr[py] Module status has missing NOTIFY_TYPES member
2023-08-11T13:13:20.675 INFO:teuthology.orchestra.run.smithi008.stdout:/usr/bin/ceph: stdout {
2023-08-11T13:13:20.675 INFO:teuthology.orchestra.run.smithi008.stdout:/usr/bin/ceph: stdout "epoch": 5,
2023-08-11T13:13:20.675 INFO:teuthology.orchestra.run.smithi008.stdout:/usr/bin/ceph: stdout "available": true,
2023-08-11T13:13:20.675 INFO:teuthology.orchestra.run.smithi008.stdout:/usr/bin/ceph: stdout "active_name": "x",
2023-08-11T13:13:20.676 INFO:teuthology.orchestra.run.smithi008.stdout:/usr/bin/ceph: stdout "num_standby": 0
2023-08-11T13:13:20.676 INFO:teuthology.orchestra.run.smithi008.stdout:/usr/bin/ceph: stdout }
2023-08-11T13:13:20.676 INFO:teuthology.orchestra.run.smithi008.stdout:/usr/bin/ceph: stderr
2023-08-11T13:13:19.911+0000 7ff5bad5a700 1 Processor -- start
2023-08-11T13:13:20.676 INFO:teuthology.orchestra.run.smithi008.stdout:/usr/bin/ceph: stderr
2023-08-11T13:13:19.912+0000 7ff5bad5a700 1 -- start start
2023-08-11T13:13:20.676 INFO:teuthology.orchestra.run.smithi008.stdout:/usr/bin/ceph: stderr
2023-08-11T13:13:19.912+0000 7ff5bad5a700 1 --2- >> [v2:172.21.15.8:3300/0,v1:172.21.15.8:6789/0] conn(0x7ff5b41061b0 0x7ff5b41065d0 unknown :-1 s=NONE pgs=0 cs=0 l=0 rev1=0 crypto rx=0 tx=0 comp rx=0 tx=0).connect
2023-08-11T13:13:20.676 INFO:teuthology.orchestra.run.smithi008.stdout:/usr/bin/ceph: stderr
2023-08-11T13:13:19.912+0000 7ff5bad5a700 1 -- --> [v2:172.21.15.8:3300/0,v1:172.21.15.8:6789/0] -- mon_getmap magic: 0 v1 -- 0x7ff5b4106ba0 con 0x7ff5b41061b0
2023-08-11T13:13:20.676 INFO:teuthology.orchestra.run.smithi008.stdout:/usr/bin/ceph: stderr
2023-08-11T13:13:19.913+0000 7ff5b8af6700 1 --2- >> [v2:172.21.15.8:3300/0,v1:172.21.15.8:6789/0] conn(0x7ff5b41061b0 0x7ff5b41065d0 unknown :-1 s=BANNER_CONNECTING pgs=0 cs=0 l=0 rev1=0 crypto rx=0 tx=0 comp rx=0 tx=0)._handle_peer_banner_payload supported=3 required=0
2023-08-11T13:13:20.677 INFO:teuthology.orchestra.run.smithi008.stdout:/usr/bin/ceph: stderr
2023-08-11T13:13:19.913+0000 7ff5b8af6700 1 --2- >> [v2:172.21.15.8:3300/0,v1:172.21.15.8:6789/0] conn(0x7ff5b41061b0 0x7ff5b41065d0 unknown :-1 s=HELLO_CONNECTING pgs=0 cs=0 l=0 rev1=1 crypto rx=0 tx=0 comp rx=0 tx=0).handle_hello peer v2:172.21.15.8:3300/0 says I am v2:172.21.15.8:38086/0 (socket says 172.21.15.8:38086)
2023-08-11T13:13:20.677 INFO:teuthology.orchestra.run.smithi008.stdout:/usr/bin/ceph: stderr
2023-08-11T13:13:19.913+0000 7ff5b8af6700 1 -- 172.21.15.8:0/793418848 learned_addr learned my addr 172.21.15.8:0/793418848 (peer_addr_for_me v2:172.21.15.8:0/0)
2023-08-11T13:13:20.677 INFO:teuthology.orchestra.run.smithi008.stdout:/usr/bin/ceph: stderr
2023-08-11T13:13:19.913+0000 7ff5b8af6700 1 -- 172.21.15.8:0/793418848 --> [v2:172.21.15.8:3300/0,v1:172.21.15.8:6789/0] -- mon_subscribe({config=0+,monmap=0+}) v3 -- 0x7ff5b41073b0 con 0x7ff5b41061b0
2023-08-11T13:13:20.677 INFO:teuthology.orchestra.run.smithi008.stdout:/usr/bin/ceph: stderr
2023-08-11T13:13:19.914+0000 7ff5b8af6700 1 --2- 172.21.15.8:0/793418848 >> [v2:172.21.15.8:3300/0,v1:172.21.15.8:6789/0] conn(0x7ff5b41061b0 0x7ff5b41065d0 secure :-1 s=READY pgs=22 cs=0 l=1 rev1=1 crypto rx=0x7ff5a80098a0 tx=0x7ff5a8009bb0 comp rx=0 tx=0).ready entity=mon.0 client_cookie=204c4782dea517a6 server_cookie=0 in_seq=0 out_seq=0
2023-08-11T13:13:20.677 INFO:teuthology.orchestra.run.smithi008.stdout:/usr/bin/ceph: stderr
2023-08-11T13:13:19.915+0000 7ff5b37fe700 1 -- 172.21.15.8:0/793418848 <== mon.0 v2:172.21.15.8:3300/0 1 ==== mon_map magic: 0 v1 ==== 205+0+0 (secure 0 0 0) 0x7ff5a8004160 con 0x7ff5b41061b0
2023-08-11T13:13:20.677 INFO:teuthology.orchestra.run.smithi008.stdout:/usr/bin/ceph: stderr
2023-08-11T13:13:19.915+0000 7ff5b37fe700 1 -- 172.21.15.8:0/793418848 <== mon.0 v2:172.21.15.8:3300/0 2 ==== config(26 keys) v1 ==== 1074+0+0 (secure 0 0 0) 0x7ff5a80042c0 con 0x7ff5b41061b0
2023-08-11T13:13:20.677 INFO:teuthology.orchestra.run.smithi008.stdout:/usr/bin/ceph: stderr
2023-08-11T13:13:19.915+0000 7ff5b37fe700 1 -- 172.21.15.8:0/793418848 <== mon.0 v2:172.21.15.8:3300/0 3 ==== mon_map magic: 0 v1 ==== 205+0+0 (secure 0 0 0) 0x7ff5a8011a00 con 0x7ff5b41061b0
2023-08-11T13:13:20.678 INFO:teuthology.orchestra.run.smithi008.stdout:/usr/bin/ceph: stderr
2023-08-11T13:13:19.915+0000 7ff5bad5a700 1 -- 172.21.15.8:0/793418848 >> [v2:172.21.15.8:3300/0,v1:172.21.15.8:6789/0] conn(0x7ff5b41061b0 msgr2=0x7ff5b41065d0 secure :-1 s=STATE_CONNECTION_ESTABLISHED l=1).mark_down
2023-08-11T13:13:20.678 INFO:teuthology.orchestra.run.smithi008.stdout:/usr/bin/ceph: stderr
2023-08-11T13:13:19.915+0000 7ff5bad5a700 1 --2- 172.21.15.8:0/793418848 >> [v2:172.21.15.8:3300/0,v1:172.21.15.8:6789/0] conn(0x7ff5b41061b0 0x7ff5b41065d0 secure :-1 s=READY pgs=22 cs=0 l=1 rev1=1 crypto rx=0x7ff5a80098a0 tx=0x7ff5a8009bb0 comp rx=0 tx=0).stop
2023-08-11T13:13:20.678 INFO:teuthology.orchestra.run.smithi008.stdout:/usr/bin/ceph: stderr
2023-08-11T13:13:19.916+0000 7ff5bad5a700 1 -- 172.21.15.8:0/793418848 shutdown_connections
2023-08-11T13:13:20.678 INFO:teuthology.orchestra.run.smithi008.stdout:/usr/bin/ceph: stderr
2023-08-11T13:13:19.916+0000 7ff5bad5a700 1 --2- 172.21.15.8:0/793418848 >> [v2:172.21.15.8:3300/0,v1:172.21.15.8:6789/0] conn(0x7ff5b41061b0 0x7ff5b41065d0 unknown :-1 s=CLOSED pgs=22 cs=0 l=1 rev1=1 crypto rx=0 tx=0 comp rx=0 tx=0).stop
2023-08-11T13:13:20.678 INFO:teuthology.orchestra.run.smithi008.stdout:/usr/bin/ceph: stderr
2023-08-11T13:13:19.916+0000 7ff5bad5a700 1 -- 172.21.15.8:0/793418848 >> 172.21.15.8:0/793418848 conn(0x7ff5b4101750 msgr2=0x7ff5b4103b90 unknown :-1 s=STATE_NONE l=0).mark_down
2023-08-11T13:13:20.678 INFO:teuthology.orchestra.run.smithi008.stdout:/usr/bin/ceph: stderr
2023-08-11T13:13:19.916+0000 7ff5bad5a700 1 -- 172.21.15.8:0/793418848 shutdown_connections
2023-08-11T13:13:20.678 INFO:teuthology.orchestra.run.smithi008.stdout:/usr/bin/ceph: stderr
2023-08-11T13:13:19.916+0000 7ff5bad5a700 1 -- 172.21.15.8:0/793418848 wait complete.
2023-08-11T13:13:20.679 INFO:teuthology.orchestra.run.smithi008.stdout:/usr/bin/ceph: stderr
2023-08-11T13:13:19.917+0000 7ff5bad5a700 1 Processor -- start
2023-08-11T13:13:20.679 INFO:teuthology.orchestra.run.smithi008.stdout:/usr/bin/ceph: stderr
2023-08-11T13:13:19.917+0000 7ff5bad5a700 1 -- start start
2023-08-11T13:13:20.679 INFO:teuthology.orchestra.run.smithi008.stdout:/usr/bin/ceph: stderr
2023-08-11T13:13:19.917+0000 7ff5bad5a700 1 --2- >> [v2:172.21.15.8:3300/0,v1:172.21.15.8:6789/0] conn(0x7ff5b41061b0 0x7ff5b4199eb0 unknown :-1 s=NONE pgs=0 cs=0 l=1 rev1=0 crypto rx=0 tx=0 comp rx=0 tx=0).connect
2023-08-11T13:13:20.679 INFO:teuthology.orchestra.run.smithi008.stdout:/usr/bin/ceph: stderr
2023-08-11T13:13:19.917+0000 7ff5bad5a700 1 -- --> [v2:172.21.15.8:3300/0,v1:172.21.15.8:6789/0] -- mon_getmap magic: 0 v1 -- 0x7ff5b419a3f0 con 0x7ff5b41061b0
2023-08-11T13:13:20.679 INFO:teuthology.orchestra.run.smithi008.stdout:/usr/bin/ceph: stderr
2023-08-11T13:13:19.918+0000 7ff5b8af6700 1 --2- >> [v2:172.21.15.8:3300/0,v1:172.21.15.8:6789/0] conn(0x7ff5b41061b0 0x7ff5b4199eb0 unknown :-1 s=BANNER_CONNECTING pgs=0 cs=0 l=1 rev1=0 crypto rx=0 tx=0 comp rx=0 tx=0)._handle_peer_banner_payload supported=3 required=0
2023-08-11T13:13:20.679 INFO:teuthology.orchestra.run.smithi008.stdout:/usr/bin/ceph: stderr
2023-08-11T13:13:19.918+0000 7ff5b8af6700 1 --2- >> [v2:172.21.15.8:3300/0,v1:172.21.15.8:6789/0] conn(0x7ff5b41061b0 0x7ff5b4199eb0 unknown :-1 s=HELLO_CONNECTING pgs=0 cs=0 l=1 rev1=1 crypto rx=0 tx=0 comp rx=0 tx=0).handle_hello peer v2:172.21.15.8:3300/0 says I am v2:172.21.15.8:38096/0 (socket says 172.21.15.8:38096)
2023-08-11T13:13:20.679 INFO:teuthology.orchestra.run.smithi008.stdout:/usr/bin/ceph: stderr
2023-08-11T13:13:19.918+0000 7ff5b8af6700 1 -- 172.21.15.8:0/3747402276 learned_addr learned my addr 172.21.15.8:0/3747402276 (peer_addr_for_me v2:172.21.15.8:0/0)
2023-08-11T13:13:20.680 INFO:teuthology.orchestra.run.smithi008.stdout:/usr/bin/ceph: stderr
2023-08-11T13:13:19.918+0000 7ff5b8af6700 1 -- 172.21.15.8:0/3747402276 --> [v2:172.21.15.8:3300/0,v1:172.21.15.8:6789/0] -- mon_subscribe({config=0+,monmap=0+}) v3 -- 0x7ff5a8009550 con 0x7ff5b41061b0
2023-08-11T13:13:20.680 INFO:teuthology.orchestra.run.smithi008.stdout:/usr/bin/ceph: stderr
2023-08-11T13:13:19.918+0000 7ff5b8af6700 1 --2- 172.21.15.8:0/3747402276 >> [v2:172.21.15.8:3300/0,v1:172.21.15.8:6789/0] conn(0x7ff5b41061b0 0x7ff5b4199eb0 secure :-1 s=READY pgs=23 cs=0 l=1 rev1=1 crypto rx=0x7ff5a8006af0 tx=0x7ff5a8011ad0 comp rx=0 tx=0).ready entity=mon.0 client_cookie=0 server_cookie=0 in_seq=0 out_seq=0
2023-08-11T13:13:20.680 INFO:teuthology.orchestra.run.smithi008.stdout:/usr/bin/ceph: stderr
2023-08-11T13:13:19.918+0000 7ff5b1ffb700 1 -- 172.21.15.8:0/3747402276 <== mon.0 v2:172.21.15.8:3300/0 1 ==== mon_map magic: 0 v1 ==== 205+0+0 (secure 0 0 0) 0x7ff5a8003a40 con 0x7ff5b41061b0
2023-08-11T13:13:20.680 INFO:teuthology.orchestra.run.smithi008.stdout:/usr/bin/ceph: stderr
2023-08-11T13:13:19.918+0000 7ff5b1ffb700 1 -- 172.21.15.8:0/3747402276 <== mon.0 v2:172.21.15.8:3300/0 2 ==== config(26 keys) v1 ==== 1074+0+0 (secure 0 0 0) 0x7ff5a8003ba0 con 0x7ff5b41061b0
2023-08-11T13:13:20.680 INFO:teuthology.orchestra.run.smithi008.stdout:/usr/bin/ceph: stderr
2023-08-11T13:13:19.918+0000 7ff5bad5a700 1 -- 172.21.15.8:0/3747402276 --> [v2:172.21.15.8:3300/0,v1:172.21.15.8:6789/0] -- mon_subscribe({mgrmap=0+}) v3 -- 0x7ff5b419a5f0 con 0x7ff5b41061b0
2023-08-11T13:13:20.680 INFO:teuthology.orchestra.run.smithi008.stdout:/usr/bin/ceph: stderr
2023-08-11T13:13:19.919+0000 7ff5b1ffb700 1 -- 172.21.15.8:0/3747402276 <== mon.0 v2:172.21.15.8:3300/0 3 ==== mon_map magic: 0 v1 ==== 205+0+0 (secure 0 0 0) 0x7ff5a801a700 con 0x7ff5b41061b0
