2023-08-11T13:42:36.515+0000 7fbb3d14d700 1 -- 172.21.15.90:0/2681215223 --> [v2:172.21.15.90:3300/0,v1:172.21.15.90:6789/0] -- mon_subscribe({mgrmap=0+}) v3 -- 0x7fbb38104c10 con 0x7fbb38106c60
2023-08-11T13:42:37.178 INFO:teuthology.orchestra.run.smithi090.stdout:/usr/bin/ceph: stderr
2023-08-11T13:42:36.515+0000 7fbb3d14d700 1 -- 172.21.15.90:0/2681215223 --> [v2:172.21.15.90:3300/0,v1:172.21.15.90:6789/0] -- mon_subscribe({osdmap=0}) v3 -- 0x7fbb38105030 con 0x7fbb38106c60
2023-08-11T13:42:37.179 INFO:teuthology.orchestra.run.smithi090.stdout:/usr/bin/ceph: stderr
2023-08-11T13:42:36.517+0000 7fbb3d14d700 1 -- 172.21.15.90:0/2681215223 --> [v2:172.21.15.90:3300/0,v1:172.21.15.90:6789/0] -- mon_command({"prefix": "get_command_descriptions"} v 0) v1 -- 0x7fbb3810a390 con 0x7fbb38106c60
2023-08-11T13:42:37.179 INFO:teuthology.orchestra.run.smithi090.stdout:/usr/bin/ceph: stderr
2023-08-11T13:42:36.517+0000 7fbb1ffff700 1 -- 172.21.15.90:0/2681215223 <== mon.0 v2:172.21.15.90:3300/0 4 ==== mgrmap(e 8) v1 ==== 45135+0+0 (secure 0 0 0) 0x7fbb2801abb0 con 0x7fbb38106c60
2023-08-11T13:42:37.179 INFO:teuthology.orchestra.run.smithi090.stdout:/usr/bin/ceph: stderr
2023-08-11T13:42:36.517+0000 7fbb1ffff700 1 --2- 172.21.15.90:0/2681215223 >> [v2:172.21.15.90:6800/1113536018,v1:172.21.15.90:6801/1113536018] conn(0x7fbb20038110 0x7fbb2003a5d0 unknown :-1 s=NONE pgs=0 cs=0 l=1 rev1=0 crypto rx=0 tx=0 comp rx=0 tx=0).connect
2023-08-11T13:42:37.179 INFO:teuthology.orchestra.run.smithi090.stdout:/usr/bin/ceph: stderr
2023-08-11T13:42:36.517+0000 7fbb1ffff700 1 -- 172.21.15.90:0/2681215223 <== mon.0 v2:172.21.15.90:3300/0 5 ==== osd_map(2..2 src has 1..2) v4 ==== 940+0+0 (secure 0 0 0) 0x7fbb2804c1c0 con 0x7fbb38106c60
2023-08-11T13:42:37.179 INFO:teuthology.orchestra.run.smithi090.stdout:/usr/bin/ceph: stderr
2023-08-11T13:42:36.517+0000 7fbb3659c700 1 --2- 172.21.15.90:0/2681215223 >> [v2:172.21.15.90:6800/1113536018,v1:172.21.15.90:6801/1113536018] conn(0x7fbb20038110 0x7fbb2003a5d0 unknown :-1 s=BANNER_CONNECTING pgs=0 cs=0 l=1 rev1=0 crypto rx=0 tx=0 comp rx=0 tx=0)._handle_peer_banner_payload supported=3 required=0
2023-08-11T13:42:37.179 INFO:teuthology.orchestra.run.smithi090.stdout:/usr/bin/ceph: stderr
2023-08-11T13:42:36.518+0000 7fbb3659c700 1 --2- 172.21.15.90:0/2681215223 >> [v2:172.21.15.90:6800/1113536018,v1:172.21.15.90:6801/1113536018] conn(0x7fbb20038110 0x7fbb2003a5d0 secure :-1 s=READY pgs=10 cs=0 l=1 rev1=1 crypto rx=0x7fbb2c006fd0 tx=0x7fbb2c006e40 comp rx=0 tx=0).ready entity=mgr.14116 client_cookie=0 server_cookie=0 in_seq=0 out_seq=0
2023-08-11T13:42:37.179 INFO:teuthology.orchestra.run.smithi090.stdout:/usr/bin/ceph: stderr
2023-08-11T13:42:36.522+0000 7fbb1ffff700 1 -- 172.21.15.90:0/2681215223 <== mon.0 v2:172.21.15.90:3300/0 6 ==== mon_command_ack([{"prefix": "get_command_descriptions"}]=0 v0) v1 ==== 72+0+179220 (secure 0 0 0) 0x7fbb2801a430 con 0x7fbb38106c60
2023-08-11T13:42:37.180 INFO:teuthology.orchestra.run.smithi090.stdout:/usr/bin/ceph: stderr
2023-08-11T13:42:36.723+0000 7fbb3d14d700 1 -- 172.21.15.90:0/2681215223 --> [v2:172.21.15.90:6800/1113536018,v1:172.21.15.90:6801/1113536018] -- mgr_command(tid 0: {"prefix": "cephadm get-pub-key", "target": ["mon-mgr", ""]}) v1 -- 0x7fbb381057a0 con 0x7fbb20038110
2023-08-11T13:42:37.180 INFO:teuthology.orchestra.run.smithi090.stdout:/usr/bin/ceph: stderr
2023-08-11T13:42:36.724+0000 7fbb1ffff700 1 -- 172.21.15.90:0/2681215223 <== mgr.14116 v2:172.21.15.90:6800/1113536018 1 ==== mgr_command_reply(tid 0: 0 ) v1 ==== 8+0+595 (secure 0 0 0) 0x7fbb381057a0 con 0x7fbb20038110
2023-08-11T13:42:37.180 INFO:teuthology.orchestra.run.smithi090.stdout:/usr/bin/ceph: stderr
2023-08-11T13:42:36.726+0000 7fbb3d14d700 1 -- 172.21.15.90:0/2681215223 >> [v2:172.21.15.90:6800/1113536018,v1:172.21.15.90:6801/1113536018] conn(0x7fbb20038110 msgr2=0x7fbb2003a5d0 secure :-1 s=STATE_CONNECTION_ESTABLISHED l=1).mark_down
2023-08-11T13:42:37.180 INFO:teuthology.orchestra.run.smithi090.stdout:/usr/bin/ceph: stderr
2023-08-11T13:42:36.726+0000 7fbb3d14d700 1 --2- 172.21.15.90:0/2681215223 >> [v2:172.21.15.90:6800/1113536018,v1:172.21.15.90:6801/1113536018] conn(0x7fbb20038110 0x7fbb2003a5d0 secure :-1 s=READY pgs=10 cs=0 l=1 rev1=1 crypto rx=0x7fbb2c006fd0 tx=0x7fbb2c006e40 comp rx=0 tx=0).stop
2023-08-11T13:42:37.180 INFO:teuthology.orchestra.run.smithi090.stdout:/usr/bin/ceph: stderr
2023-08-11T13:42:36.726+0000 7fbb3d14d700 1 -- 172.21.15.90:0/2681215223 >> [v2:172.21.15.90:3300/0,v1:172.21.15.90:6789/0] conn(0x7fbb38106c60 msgr2=0x7fbb381065c0 secure :-1 s=STATE_CONNECTION_ESTABLISHED l=1).mark_down
2023-08-11T13:42:37.180 INFO:teuthology.orchestra.run.smithi090.stdout:/usr/bin/ceph: stderr
2023-08-11T13:42:36.726+0000 7fbb3d14d700 1 --2- 172.21.15.90:0/2681215223 >> [v2:172.21.15.90:3300/0,v1:172.21.15.90:6789/0] conn(0x7fbb38106c60 0x7fbb381065c0 secure :-1 s=READY pgs=40 cs=0 l=1 rev1=1 crypto rx=0x7fbb28009130 tx=0x7fbb28011ad0 comp rx=0 tx=0).stop
2023-08-11T13:42:37.180 INFO:teuthology.orchestra.run.smithi090.stdout:/usr/bin/ceph: stderr
2023-08-11T13:42:36.726+0000 7fbb3d14d700 1 -- 172.21.15.90:0/2681215223 shutdown_connections
2023-08-11T13:42:37.181 INFO:teuthology.orchestra.run.smithi090.stdout:/usr/bin/ceph: stderr
2023-08-11T13:42:36.726+0000 7fbb3d14d700 1 --2- 172.21.15.90:0/2681215223 >> [v2:172.21.15.90:6800/1113536018,v1:172.21.15.90:6801/1113536018] conn(0x7fbb20038110 0x7fbb2003a5d0 unknown :-1 s=CLOSED pgs=10 cs=0 l=1 rev1=1 crypto rx=0 tx=0 comp rx=0 tx=0).stop
2023-08-11T13:42:37.181 INFO:teuthology.orchestra.run.smithi090.stdout:/usr/bin/ceph: stderr
2023-08-11T13:42:36.726+0000 7fbb3d14d700 1 --2- 172.21.15.90:0/2681215223 >> [v2:172.21.15.90:3300/0,v1:172.21.15.90:6789/0] conn(0x7fbb38106c60 0x7fbb381065c0 unknown :-1 s=CLOSED pgs=40 cs=0 l=1 rev1=1 crypto rx=0 tx=0 comp rx=0 tx=0).stop
2023-08-11T13:42:37.181 INFO:teuthology.orchestra.run.smithi090.stdout:/usr/bin/ceph: stderr
2023-08-11T13:42:36.726+0000 7fbb3d14d700 1 -- 172.21.15.90:0/2681215223 >> 172.21.15.90:0/2681215223 conn(0x7fbb381006b0 msgr2=0x7fbb38101450 unknown :-1 s=STATE_NONE l=0).mark_down
2023-08-11T13:42:37.181 INFO:teuthology.orchestra.run.smithi090.stdout:/usr/bin/ceph: stderr
2023-08-11T13:42:36.727+0000 7fbb3d14d700 1 -- 172.21.15.90:0/2681215223 shutdown_connections
2023-08-11T13:42:37.181 INFO:teuthology.orchestra.run.smithi090.stdout:/usr/bin/ceph: stderr
2023-08-11T13:42:36.727+0000 7fbb3d14d700 1 -- 172.21.15.90:0/2681215223 wait complete.
2023-08-11T13:42:37.181 INFO:teuthology.orchestra.run.smithi090.stdout:Wrote public SSH key to /home/ubuntu/cephtest/ceph.pub
2023-08-11T13:42:37.181 INFO:teuthology.orchestra.run.smithi090.stdout:Adding key to root@localhost authorized_keys...
2023-08-11T13:42:37.182 INFO:teuthology.orchestra.run.smithi090.stdout:Adding host smithi090...
2023-08-11T13:42:38.011 INFO:journalctl@ceph.mon.a.smithi090.stdout:Aug 11 13:42:37 smithi090 ceph-mon[97131]: from='client.14134 -' entity='client.admin' cmd=[{"prefix": "cephadm get-pub-key", "target": ["mon-mgr", ""]}]: dispatch
2023-08-11T13:42:38.877 INFO:journalctl@ceph.mon.a.smithi090.stdout:Aug 11 13:42:38 smithi090 ceph-mon[97131]: from='client.14136 -' entity='client.admin' cmd=[{"prefix": "orch host add", "hostname": "smithi090", "addr": "172.21.15.90", "target": ["mon-mgr", ""]}]: dispatch
2023-08-11T13:42:40.876 INFO:journalctl@ceph.mon.a.smithi090.stdout:Aug 11 13:42:40 smithi090 ceph-mon[97131]: Deploying cephadm binary to smithi090
2023-08-11T13:42:41.457 INFO:teuthology.orchestra.run.smithi090.stdout:/usr/bin/ceph: stdout Added host 'smithi090' with addr '172.21.15.90'
2023-08-11T13:42:41.458 INFO:teuthology.orchestra.run.smithi090.stdout:/usr/bin/ceph: stderr
2023-08-11T13:42:37.704+0000 7f434c2c1700 1 Processor -- start
2023-08-11T13:42:41.458 INFO:teuthology.orchestra.run.smithi090.stdout:/usr/bin/ceph: stderr
2023-08-11T13:42:37.705+0000 7f434c2c1700 1 -- start start
2023-08-11T13:42:41.458 INFO:teuthology.orchestra.run.smithi090.stdout:/usr/bin/ceph: stderr
2023-08-11T13:42:37.705+0000 7f434c2c1700 1 --2- >> [v2:172.21.15.90:3300/0,v1:172.21.15.90:6789/0] conn(0x7f434407bee0 0x7f434407a340 unknown :-1 s=NONE pgs=0 cs=0 l=0 rev1=0 crypto rx=0 tx=0 comp rx=0 tx=0).connect
2023-08-11T13:42:41.458 INFO:teuthology.orchestra.run.smithi090.stdout:/usr/bin/ceph: stderr
2023-08-11T13:42:37.705+0000 7f434c2c1700 1 -- --> [v2:172.21.15.90:3300/0,v1:172.21.15.90:6789/0] -- mon_getmap magic: 0 v1 -- 0x7f434407a910 con 0x7f434407bee0
2023-08-11T13:42:41.458 INFO:teuthology.orchestra.run.smithi090.stdout:/usr/bin/ceph: stderr
2023-08-11T13:42:37.705+0000 7f434a05d700 1 --2- >> [v2:172.21.15.90:3300/0,v1:172.21.15.90:6789/0] conn(0x7f434407bee0 0x7f434407a340 unknown :-1 s=BANNER_CONNECTING pgs=0 cs=0 l=0 rev1=0 crypto rx=0 tx=0 comp rx=0 tx=0)._handle_peer_banner_payload supported=3 required=0
2023-08-11T13:42:41.459 INFO:teuthology.orchestra.run.smithi090.stdout:/usr/bin/ceph: stderr
2023-08-11T13:42:37.705+0000 7f434a05d700 1 --2- >> [v2:172.21.15.90:3300/0,v1:172.21.15.90:6789/0] conn(0x7f434407bee0 0x7f434407a340 unknown :-1 s=HELLO_CONNECTING pgs=0 cs=0 l=0 rev1=1 crypto rx=0 tx=0 comp rx=0 tx=0).handle_hello peer v2:172.21.15.90:3300/0 says I am v2:172.21.15.90:47556/0 (socket says 172.21.15.90:47556)
2023-08-11T13:42:41.459 INFO:teuthology.orchestra.run.smithi090.stdout:/usr/bin/ceph: stderr
2023-08-11T13:42:37.705+0000 7f434a05d700 1 -- 172.21.15.90:0/3827166360 learned_addr learned my addr 172.21.15.90:0/3827166360 (peer_addr_for_me v2:172.21.15.90:0/0)
2023-08-11T13:42:41.459 INFO:teuthology.orchestra.run.smithi090.stdout:/usr/bin/ceph: stderr
2023-08-11T13:42:37.705+0000 7f434a05d700 1 -- 172.21.15.90:0/3827166360 --> [v2:172.21.15.90:3300/0,v1:172.21.15.90:6789/0] -- mon_subscribe({config=0+,monmap=0+}) v3 -- 0x7f434407aa50 con 0x7f434407bee0
2023-08-11T13:42:41.459 INFO:teuthology.orchestra.run.smithi090.stdout:/usr/bin/ceph: stderr
2023-08-11T13:42:37.706+0000 7f434a05d700 1 --2- 172.21.15.90:0/3827166360 >> [v2:172.21.15.90:3300/0,v1:172.21.15.90:6789/0] conn(0x7f434407bee0 0x7f434407a340 secure :-1 s=READY pgs=41 cs=0 l=1 rev1=1 crypto rx=0x7f43400098a0 tx=0x7f4340009bb0 comp rx=0 tx=0).ready entity=mon.0 client_cookie=c2da047ce35459d8 server_cookie=0 in_seq=0 out_seq=0
2023-08-11T13:42:41.459 INFO:teuthology.orchestra.run.smithi090.stdout:/usr/bin/ceph: stderr
2023-08-11T13:42:37.706+0000 7f434905b700 1 -- 172.21.15.90:0/3827166360 <== mon.0 v2:172.21.15.90:3300/0 1 ==== mon_map magic: 0 v1 ==== 205+0+0 (secure 0 0 0) 0x7f4340004160 con 0x7f434407bee0
2023-08-11T13:42:41.459 INFO:teuthology.orchestra.run.smithi090.stdout:/usr/bin/ceph: stderr
2023-08-11T13:42:37.706+0000 7f434905b700 1 -- 172.21.15.90:0/3827166360 <== mon.0 v2:172.21.15.90:3300/0 2 ==== config(26 keys) v1 ==== 1074+0+0 (secure 0 0 0) 0x7f43400042c0 con 0x7f434407bee0
2023-08-11T13:42:41.459 INFO:teuthology.orchestra.run.smithi090.stdout:/usr/bin/ceph: stderr
2023-08-11T13:42:37.706+0000 7f434905b700 1 -- 172.21.15.90:0/3827166360 <== mon.0 v2:172.21.15.90:3300/0 3 ==== mon_map magic: 0 v1 ==== 205+0+0 (secure 0 0 0) 0x7f4340011a00 con 0x7f434407bee0
2023-08-11T13:42:41.460 INFO:teuthology.orchestra.run.smithi090.stdout:/usr/bin/ceph: stderr
2023-08-11T13:42:37.706+0000 7f434c2c1700 1 -- 172.21.15.90:0/3827166360 >> [v2:172.21.15.90:3300/0,v1:172.21.15.90:6789/0] conn(0x7f434407bee0 msgr2=0x7f434407a340 secure :-1 s=STATE_CONNECTION_ESTABLISHED l=1).mark_down
2023-08-11T13:42:41.460 INFO:teuthology.orchestra.run.smithi090.stdout:/usr/bin/ceph: stderr
2023-08-11T13:42:37.706+0000 7f434c2c1700 1 --2- 172.21.15.90:0/3827166360 >> [v2:172.21.15.90:3300/0,v1:172.21.15.90:6789/0] conn(0x7f434407bee0 0x7f434407a340 secure :-1 s=READY pgs=41 cs=0 l=1 rev1=1 crypto rx=0x7f43400098a0 tx=0x7f4340009bb0 comp rx=0 tx=0).stop
2023-08-11T13:42:41.460 INFO:teuthology.orchestra.run.smithi090.stdout:/usr/bin/ceph: stderr
2023-08-11T13:42:37.707+0000 7f434c2c1700 1 -- 172.21.15.90:0/3827166360 shutdown_connections
2023-08-11T13:42:41.460 INFO:teuthology.orchestra.run.smithi090.stdout:/usr/bin/ceph: stderr
2023-08-11T13:42:37.707+0000 7f434c2c1700 1 --2- 172.21.15.90:0/3827166360 >> [v2:172.21.15.90:3300/0,v1:172.21.15.90:6789/0] conn(0x7f434407bee0 0x7f434407a340 unknown :-1 s=CLOSED pgs=41 cs=0 l=1 rev1=1 crypto rx=0 tx=0 comp rx=0 tx=0).stop
2023-08-11T13:42:41.460 INFO:teuthology.orchestra.run.smithi090.stdout:/usr/bin/ceph: stderr
2023-08-11T13:42:37.707+0000 7f434c2c1700 1 -- 172.21.15.90:0/3827166360 >> 172.21.15.90:0/3827166360 conn(0x7f43441017e0 msgr2=0x7f4344103c00 unknown :-1 s=STATE_NONE l=0).mark_down
2023-08-11T13:42:41.460 INFO:teuthology.orchestra.run.smithi090.stdout:/usr/bin/ceph: stderr
2023-08-11T13:42:37.707+0000 7f434c2c1700 1 -- 172.21.15.90:0/3827166360 shutdown_connections
2023-08-11T13:42:41.460 INFO:teuthology.orchestra.run.smithi090.stdout:/usr/bin/ceph: stderr
2023-08-11T13:42:37.707+0000 7f434c2c1700 1 -- 172.21.15.90:0/3827166360 wait complete.
2023-08-11T13:42:41.460 INFO:teuthology.orchestra.run.smithi090.stdout:/usr/bin/ceph: stderr
2023-08-11T13:42:37.708+0000 7f434c2c1700 1 Processor -- start
2023-08-11T13:42:41.461 INFO:teuthology.orchestra.run.smithi090.stdout:/usr/bin/ceph: stderr
2023-08-11T13:42:37.708+0000 7f434c2c1700 1 -- start start
2023-08-11T13:42:41.461 INFO:teuthology.orchestra.run.smithi090.stdout:/usr/bin/ceph: stderr
2023-08-11T13:42:37.708+0000 7f434c2c1700 1 --2- >> [v2:172.21.15.90:3300/0,v1:172.21.15.90:6789/0] conn(0x7f434407bee0 0x7f434419c0b0 unknown :-1 s=NONE pgs=0 cs=0 l=1 rev1=0 crypto rx=0 tx=0 comp rx=0 tx=0).connect
2023-08-11T13:42:41.461 INFO:teuthology.orchestra.run.smithi090.stdout:/usr/bin/ceph: stderr
2023-08-11T13:42:37.708+0000 7f434c2c1700 1 -- --> [v2:172.21.15.90:3300/0,v1:172.21.15.90:6789/0] -- mon_getmap magic: 0 v1 -- 0x7f434419c5f0 con 0x7f434407bee0
2023-08-11T13:42:41.461 INFO:teuthology.orchestra.run.smithi090.stdout:/usr/bin/ceph: stderr
2023-08-11T13:42:37.708+0000 7f434a05d700 1 --2- >> [v2:172.21.15.90:3300/0,v1:172.21.15.90:6789/0] conn(0x7f434407bee0 0x7f434419c0b0 unknown :-1 s=BANNER_CONNECTING pgs=0 cs=0 l=1 rev1=0 crypto rx=0 tx=0 comp rx=0 tx=0)._handle_peer_banner_payload supported=3 required=0
2023-08-11T13:42:41.463 INFO:teuthology.orchestra.run.smithi090.stdout:/usr/bin/ceph: stderr
2023-08-11T13:42:37.708+0000 7f434a05d700 1 --2- >> [v2:172.21.15.90:3300/0,v1:172.21.15.90:6789/0] conn(0x7f434407bee0 0x7f434419c0b0 unknown :-1 s=HELLO_CONNECTING pgs=0 cs=0 l=1 rev1=1 crypto rx=0 tx=0 comp rx=0 tx=0).handle_hello peer v2:172.21.15.90:3300/0 says I am v2:172.21.15.90:47570/0 (socket says 172.21.15.90:47570)
2023-08-11T13:42:41.464 INFO:teuthology.orchestra.run.smithi090.stdout:/usr/bin/ceph: stderr
2023-08-11T13:42:37.708+0000 7f434a05d700 1 -- 172.21.15.90:0/542358320 learned_addr learned my addr 172.21.15.90:0/542358320 (peer_addr_for_me v2:172.21.15.90:0/0)
2023-08-11T13:42:41.464 INFO:teuthology.orchestra.run.smithi090.stdout:/usr/bin/ceph: stderr
2023-08-11T13:42:37.709+0000 7f434a05d700 1 -- 172.21.15.90:0/542358320 --> [v2:172.21.15.90:3300/0,v1:172.21.15.90:6789/0] -- mon_subscribe({config=0+,monmap=0+}) v3 -- 0x7f4340009550 con 0x7f434407bee0
2023-08-11T13:42:41.464 INFO:teuthology.orchestra.run.smithi090.stdout:/usr/bin/ceph: stderr
2023-08-11T13:42:37.709+0000 7f434a05d700 1 --2- 172.21.15.90:0/542358320 >> [v2:172.21.15.90:3300/0,v1:172.21.15.90:6789/0] conn(0x7f434407bee0 0x7f434419c0b0 secure :-1 s=READY pgs=42 cs=0 l=1 rev1=1 crypto rx=0x7f4340009130 tx=0x7f4340011ad0 comp rx=0 tx=0).ready entity=mon.0 client_cookie=0 server_cookie=0 in_seq=0 out_seq=0
2023-08-11T13:42:41.465 INFO:teuthology.orchestra.run.smithi090.stdout:/usr/bin/ceph: stderr
2023-08-11T13:42:37.709+0000 7f433b7fe700 1 -- 172.21.15.90:0/542358320 <== mon.0 v2:172.21.15.90:3300/0 1 ==== mon_map magic: 0 v1 ==== 205+0+0 (secure 0 0 0) 0x7f4340003ab0 con 0x7f434407bee0
2023-08-11T13:42:41.465 INFO:teuthology.orchestra.run.smithi090.stdout:/usr/bin/ceph: stderr
2023-08-11T13:42:37.709+0000 7f433b7fe700 1 -- 172.21.15.90:0/542358320 <== mon.0 v2:172.21.15.90:3300/0 2 ==== config(26 keys) v1 ==== 1074+0+0 (secure 0 0 0) 0x7f4340003c10 con 0x7f434407bee0
2023-08-11T13:42:41.465 INFO:teuthology.orchestra.run.smithi090.stdout:/usr/bin/ceph: stderr
2023-08-11T13:42:37.709+0000 7f433b7fe700 1 -- 172.21.15.90:0/542358320 <== mon.0 v2:172.21.15.90:3300/0 3 ==== mon_map magic: 0 v1 ==== 205+0+0 (secure 0 0 0) 0x7f43400247d0 con 0x7f434407bee0
2023-08-11T13:42:41.465 INFO:teuthology.orchestra.run.smithi090.stdout:/usr/bin/ceph: stderr
2023-08-11T13:42:37.709+0000 7f434c2c1700 1 -- 172.21.15.90:0/542358320 --> [v2:172.21.15.90:3300/0,v1:172.21.15.90:6789/0] -- mon_subscribe({mgrmap=0+}) v3 -- 0x7f434419c7f0 con 0x7f434407bee0
2023-08-11T13:42:41.465 INFO:teuthology.orchestra.run.smithi090.stdout:/usr/bin/ceph: stderr
2023-08-11T13:42:37.709+0000 7f434c2c1700 1 -- 172.21.15.90:0/542358320 --> [v2:172.21.15.90:3300/0,v1:172.21.15.90:6789/0] -- mon_subscribe({osdmap=0}) v3 -- 0x7f434419cc10 con 0x7f434407bee0
2023-08-11T13:42:41.465 INFO:teuthology.orchestra.run.smithi090.stdout:/usr/bin/ceph: stderr
2023-08-11T13:42:37.710+0000 7f434c2c1700 1 -- 172.21.15.90:0/542358320 --> [v2:172.21.15.90:3300/0,v1:172.21.15.90:6789/0] -- mon_command({"prefix": "get_command_descriptions"} v 0) v1 -- 0x7f434410c5b0 con 0x7f434407bee0
2023-08-11T13:42:41.465 INFO:teuthology.orchestra.run.smithi090.stdout:/usr/bin/ceph: stderr
2023-08-11T13:42:37.710+0000 7f433b7fe700 1 -- 172.21.15.90:0/542358320 <== mon.0 v2:172.21.15.90:3300/0 4 ==== mgrmap(e 8) v1 ==== 45135+0+0 (secure 0 0 0) 0x7f434001abb0 con 0x7f434407bee0
2023-08-11T13:42:41.466 INFO:teuthology.orchestra.run.smithi090.stdout:/usr/bin/ceph: stderr
2023-08-11T13:42:37.711+0000 7f433b7fe700 1 --2- 172.21.15.90:0/542358320 >> [v2:172.21.15.90:6800/1113536018,v1:172.21.15.90:6801/1113536018] conn(0x7f4330038160 0x7f433003a620 unknown :-1 s=NONE pgs=0 cs=0 l=1 rev1=0 crypto rx=0 tx=0 comp rx=0 tx=0).connect
2023-08-11T13:42:41.466 INFO:teuthology.orchestra.run.smithi090.stdout:/usr/bin/ceph: stderr
2023-08-11T13:42:37.711+0000 7f433b7fe700 1 -- 172.21.15.90:0/542358320 <== mon.0 v2:172.21.15.90:3300/0 5 ==== osd_map(2..2 src has 1..2) v4 ==== 940+0+0 (secure 0 0 0) 0x7f434004c110 con 0x7f434407bee0
2023-08-11T13:42:41.466 INFO:teuthology.orchestra.run.smithi090.stdout:/usr/bin/ceph: stderr
2023-08-11T13:42:37.711+0000 7f434985c700 1 --2- 172.21.15.90:0/542358320 >> [v2:172.21.15.90:6800/1113536018,v1:172.21.15.90:6801/1113536018] conn(0x7f4330038160 0x7f433003a620 unknown :-1 s=BANNER_CONNECTING pgs=0 cs=0 l=1 rev1=0 crypto rx=0 tx=0 comp rx=0 tx=0)._handle_peer_banner_payload supported=3 required=0
2023-08-11T13:42:41.466 INFO:teuthology.orchestra.run.smithi090.stdout:/usr/bin/ceph: stderr
2023-08-11T13:42:37.712+0000 7f434985c700 1 --2- 172.21.15.90:0/542358320 >> [v2:172.21.15.90:6800/1113536018,v1:172.21.15.90:6801/1113536018] conn(0x7f4330038160 0x7f433003a620 secure :-1 s=READY pgs=11 cs=0 l=1 rev1=1 crypto rx=0x7f433400ad30 tx=0x7f43340093f0 comp rx=0 tx=0).ready entity=mgr.14116 client_cookie=0 server_cookie=0 in_seq=0 out_seq=0
2023-08-11T13:42:41.466 INFO:teuthology.orchestra.run.smithi090.stdout:/usr/bin/ceph: stderr
2023-08-11T13:42:37.716+0000 7f433b7fe700 1 -- 172.21.15.90:0/542358320 <== mon.0 v2:172.21.15.90:3300/0 6 ==== mon_command_ack([{"prefix": "get_command_descriptions"}]=0 v0) v1 ==== 72+0+179220 (secure 0 0 0) 0x7f4340018530 con 0x7f434407bee0
2023-08-11T13:42:41.466 INFO:teuthology.orchestra.run.smithi090.stdout:/usr/bin/ceph: stderr
2023-08-11T13:42:37.916+0000 7f434c2c1700 1 -- 172.21.15.90:0/542358320 --> [v2:172.21.15.90:6800/1113536018,v1:172.21.15.90:6801/1113536018] -- mgr_command(tid 0: {"prefix": "orch host add", "hostname": "smithi090", "addr": "172.21.15.90", "target": ["mon-mgr", ""]}) v1 -- 0x7f434419f650 con 0x7f4330038160
2023-08-11T13:42:41.466 INFO:teuthology.orchestra.run.smithi090.stdout:/usr/bin/ceph: stderr
2023-08-11T13:42:41.086+0000 7f433b7fe700 1 -- 172.21.15.90:0/542358320 <== mgr.14116 v2:172.21.15.90:6800/1113536018 1 ==== mgr_command_reply(tid 0: 0 ) v1 ==== 8+0+48 (secure 0 0 0) 0x7f434419f650 con 0x7f4330038160
2023-08-11T13:42:41.467 INFO:teuthology.orchestra.run.smithi090.stdout:/usr/bin/ceph: stderr
2023-08-11T13:42:41.089+0000 7f434c2c1700 1 -- 172.21.15.90:0/542358320 >> [v2:172.21.15.90:6800/1113536018,v1:172.21.15.90:6801/1113536018] conn(0x7f4330038160 msgr2=0x7f433003a620 secure :-1 s=STATE_CONNECTION_ESTABLISHED l=1).mark_down
2023-08-11T13:42:41.467 INFO:teuthology.orchestra.run.smithi090.stdout:/usr/bin/ceph: stderr
2023-08-11T13:42:41.089+0000 7f434c2c1700 1 --2- 172.21.15.90:0/542358320 >> [v2:172.21.15.90:6800/1113536018,v1:172.21.15.90:6801/1113536018] conn(0x7f4330038160 0x7f433003a620 secure :-1 s=READY pgs=11 cs=0 l=1 rev1=1 crypto rx=0x7f433400ad30 tx=0x7f43340093f0 comp rx=0 tx=0).stop
2023-08-11T13:42:41.467 INFO:teuthology.orchestra.run.smithi090.stdout:/usr/bin/ceph: stderr
2023-08-11T13:42:41.089+0000 7f434c2c1700 1 -- 172.21.15.90:0/542358320 >> [v2:172.21.15.90:3300/0,v1:172.21.15.90:6789/0] conn(0x7f434407bee0 msgr2=0x7f434419c0b0 secure :-1 s=STATE_CONNECTION_ESTABLISHED l=1).mark_down
2023-08-11T13:42:41.467 INFO:teuthology.orchestra.run.smithi090.stdout:/usr/bin/ceph: stderr
2023-08-11T13:42:41.089+0000 7f434c2c1700 1 --2- 172.21.15.90:0/542358320 >> [v2:172.21.15.90:3300/0,v1:172.21.15.90:6789/0] conn(0x7f434407bee0 0x7f434419c0b0 secure :-1 s=READY pgs=42 cs=0 l=1 rev1=1 crypto rx=0x7f4340009130 tx=0x7f4340011ad0 comp rx=0 tx=0).stop
2023-08-11T13:42:41.467 INFO:teuthology.orchestra.run.smithi090.stdout:/usr/bin/ceph: stderr
2023-08-11T13:42:41.089+0000 7f434c2c1700 1 -- 172.21.15.90:0/542358320 shutdown_connections
2023-08-11T13:42:41.467 INFO:teuthology.orchestra.run.smithi090.stdout:/usr/bin/ceph: stderr
2023-08-11T13:42:41.089+0000 7f434c2c1700 1 --2- 172.21.15.90:0/542358320 >> [v2:172.21.15.90:6800/1113536018,v1:172.21.15.90:6801/1113536018] conn(0x7f4330038160 0x7f433003a620 unknown :-1 s=CLOSED pgs=11 cs=0 l=1 rev1=1 crypto rx=0 tx=0 comp rx=0 tx=0).stop
2023-08-11T13:42:41.467 INFO:teuthology.orchestra.run.smithi090.stdout:/usr/bin/ceph: stderr
2023-08-11T13:42:41.089+0000 7f434c2c1700 1 --2- 172.21.15.90:0/542358320 >> [v2:172.21.15.90:3300/0,v1:172.21.15.90:6789/0] conn(0x7f434407bee0 0x7f434419c0b0 unknown :-1 s=CLOSED pgs=42 cs=0 l=1 rev1=1 crypto rx=0 tx=0 comp rx=0 tx=0).stop
2023-08-11T13:42:41.468 INFO:teuthology.orchestra.run.smithi090.stdout:/usr/bin/ceph: stderr
2023-08-11T13:42:41.089+0000 7f434c2c1700 1 -- 172.21.15.90:0/542358320 >> 172.21.15.90:0/542358320 conn(0x7f43441017e0 msgr2=0x7f4344102e40 unknown :-1 s=STATE_NONE l=0).mark_down
2023-08-11T13:42:41.468 INFO:teuthology.orchestra.run.smithi090.stdout:/usr/bin/ceph: stderr
2023-08-11T13:42:41.089+0000 7f434c2c1700 1 -- 172.21.15.90:0/542358320 shutdown_connections
2023-08-11T13:42:41.468 INFO:teuthology.orchestra.run.smithi090.stdout:/usr/bin/ceph: stderr
2023-08-11T13:42:41.089+0000 7f434c2c1700 1 -- 172.21.15.90:0/542358320 wait complete.
2023-08-11T13:42:41.468 INFO:teuthology.orchestra.run.smithi090.stdout:Deploying unmanaged mon service...
2023-08-11T13:42:42.366 INFO:journalctl@ceph.mon.a.smithi090.stdout:Aug 11 13:42:42 smithi090 ceph-mon[97131]: from='mgr.14116 172.21.15.90:0/4255253422' entity='mgr.x'
2023-08-11T13:42:42.366 INFO:journalctl@ceph.mon.a.smithi090.stdout:Aug 11 13:42:42 smithi090 ceph-mon[97131]: Added host smithi090
2023-08-11T13:42:42.366 INFO:journalctl@ceph.mon.a.smithi090.stdout:Aug 11 13:42:42 smithi090 ceph-mon[97131]: from='mgr.14116 172.21.15.90:0/4255253422' entity='mgr.x' cmd=[{"prefix": "config dump", "format": "json"}]: dispatch
2023-08-11T13:42:42.709 INFO:teuthology.orchestra.run.smithi090.stdout:/usr/bin/ceph: stdout Scheduled mon update...
2023-08-11T13:42:42.710 INFO:teuthology.orchestra.run.smithi090.stdout:/usr/bin/ceph: stderr
2023-08-11T13:42:41.975+0000 7fa045819700 1 Processor -- start
2023-08-11T13:42:42.710 INFO:teuthology.orchestra.run.smithi090.stdout:/usr/bin/ceph: stderr
2023-08-11T13:42:41.976+0000 7fa045819700 1 -- start start
2023-08-11T13:42:42.710 INFO:teuthology.orchestra.run.smithi090.stdout:/usr/bin/ceph: stderr
2023-08-11T13:42:41.976+0000 7fa045819700 1 --2- >> [v2:172.21.15.90:3300/0,v1:172.21.15.90:6789/0] conn(0x7fa04007bec0 0x7fa04007a320 unknown :-1 s=NONE pgs=0 cs=0 l=0 rev1=0 crypto rx=0 tx=0 comp rx=0 tx=0).connect
2023-08-11T13:42:42.710 INFO:teuthology.orchestra.run.smithi090.stdout:/usr/bin/ceph: stderr
2023-08-11T13:42:41.976+0000 7fa045819700 1 -- --> [v2:172.21.15.90:3300/0,v1:172.21.15.90:6789/0] -- mon_getmap magic: 0 v1 -- 0x7fa04007a8f0 con 0x7fa04007bec0
2023-08-11T13:42:42.710 INFO:teuthology.orchestra.run.smithi090.stdout:/usr/bin/ceph: stderr
2023-08-11T13:42:41.976+0000 7fa03effd700 1 --2- >> [v2:172.21.15.90:3300/0,v1:172.21.15.90:6789/0] conn(0x7fa04007bec0 0x7fa04007a320 unknown :-1 s=BANNER_CONNECTING pgs=0 cs=0 l=0 rev1=0 crypto rx=0 tx=0 comp rx=0 tx=0)._handle_peer_banner_payload supported=3 required=0
2023-08-11T13:42:42.710 INFO:teuthology.orchestra.run.smithi090.stdout:/usr/bin/ceph: stderr
2023-08-11T13:42:41.976+0000 7fa03effd700 1 --2- >> [v2:172.21.15.90:3300/0,v1:172.21.15.90:6789/0] conn(0x7fa04007bec0 0x7fa04007a320 unknown :-1 s=HELLO_CONNECTING pgs=0 cs=0 l=0 rev1=1 crypto rx=0 tx=0 comp rx=0 tx=0).handle_hello peer v2:172.21.15.90:3300/0 says I am v2:172.21.15.90:45178/0 (socket says 172.21.15.90:45178)
2023-08-11T13:42:42.710 INFO:teuthology.orchestra.run.smithi090.stdout:/usr/bin/ceph: stderr
2023-08-11T13:42:41.976+0000 7fa03effd700 1 -- 172.21.15.90:0/613006387 learned_addr learned my addr 172.21.15.90:0/613006387 (peer_addr_for_me v2:172.21.15.90:0/0)
2023-08-11T13:42:42.711 INFO:teuthology.orchestra.run.smithi090.stdout:/usr/bin/ceph: stderr
2023-08-11T13:42:41.977+0000 7fa03effd700 1 -- 172.21.15.90:0/613006387 --> [v2:172.21.15.90:3300/0,v1:172.21.15.90:6789/0] -- mon_subscribe({config=0+,monmap=0+}) v3 -- 0x7fa04007aa30 con 0x7fa04007bec0
2023-08-11T13:42:42.711 INFO:teuthology.orchestra.run.smithi090.stdout:/usr/bin/ceph: stderr
2023-08-11T13:42:41.977+0000 7fa03effd700 1 --2- 172.21.15.90:0/613006387 >> [v2:172.21.15.90:3300/0,v1:172.21.15.90:6789/0] conn(0x7fa04007bec0 0x7fa04007a320 secure :-1 s=READY pgs=43 cs=0 l=1 rev1=1 crypto rx=0x7fa0300098a0 tx=0x7fa030009bb0 comp rx=0 tx=0).ready entity=mon.0 client_cookie=81c853bb06c335b9 server_cookie=0 in_seq=0 out_seq=0
2023-08-11T13:42:42.711 INFO:teuthology.orchestra.run.smithi090.stdout:/usr/bin/ceph: stderr
2023-08-11T13:42:41.977+0000 7fa03dffb700 1 -- 172.21.15.90:0/613006387 <== mon.0 v2:172.21.15.90:3300/0 1 ==== mon_map magic: 0 v1 ==== 205+0+0 (secure 0 0 0) 0x7fa030004160 con 0x7fa04007bec0
2023-08-11T13:42:42.711 INFO:teuthology.orchestra.run.smithi090.stdout:/usr/bin/ceph: stderr
2023-08-11T13:42:41.977+0000 7fa03dffb700 1 -- 172.21.15.90:0/613006387 <== mon.0 v2:172.21.15.90:3300/0 2 ==== config(26 keys) v1 ==== 1074+0+0 (secure 0 0 0) 0x7fa0300042c0 con 0x7fa04007bec0
2023-08-11T13:42:42.711 INFO:teuthology.orchestra.run.smithi090.stdout:/usr/bin/ceph: stderr
2023-08-11T13:42:41.977+0000 7fa03dffb700 1 -- 172.21.15.90:0/613006387 <== mon.0 v2:172.21.15.90:3300/0 3 ==== mon_map magic: 0 v1 ==== 205+0+0 (secure 0 0 0) 0x7fa030011a00 con 0x7fa04007bec0
2023-08-11T13:42:42.711 INFO:teuthology.orchestra.run.smithi090.stdout:/usr/bin/ceph: stderr
2023-08-11T13:42:41.978+0000 7fa045819700 1 -- 172.21.15.90:0/613006387 >> [v2:172.21.15.90:3300/0,v1:172.21.15.90:6789/0] conn(0x7fa04007bec0 msgr2=0x7fa04007a320 secure :-1 s=STATE_CONNECTION_ESTABLISHED l=1).mark_down
2023-08-11T13:42:42.711 INFO:teuthology.orchestra.run.smithi090.stdout:/usr/bin/ceph: stderr
2023-08-11T13:42:41.978+0000 7fa045819700 1 --2- 172.21.15.90:0/613006387 >> [v2:172.21.15.90:3300/0,v1:172.21.15.90:6789/0] conn(0x7fa04007bec0 0x7fa04007a320 secure :-1 s=READY pgs=43 cs=0 l=1 rev1=1 crypto rx=0x7fa0300098a0 tx=0x7fa030009bb0 comp rx=0 tx=0).stop
2023-08-11T13:42:42.712 INFO:teuthology.orchestra.run.smithi090.stdout:/usr/bin/ceph: stderr
2023-08-11T13:42:41.978+0000 7fa045819700 1 -- 172.21.15.90:0/613006387 shutdown_connections
2023-08-11T13:42:42.712 INFO:teuthology.orchestra.run.smithi090.stdout:/usr/bin/ceph: stderr
2023-08-11T13:42:41.978+0000 7fa045819700 1 --2- 172.21.15.90:0/613006387 >> [v2:172.21.15.90:3300/0,v1:172.21.15.90:6789/0] conn(0x7fa04007bec0 0x7fa04007a320 unknown :-1 s=CLOSED pgs=43 cs=0 l=1 rev1=1 crypto rx=0 tx=0 comp rx=0 tx=0).stop
2023-08-11T13:42:42.712 INFO:teuthology.orchestra.run.smithi090.stdout:/usr/bin/ceph: stderr
2023-08-11T13:42:41.978+0000 7fa045819700 1 -- 172.21.15.90:0/613006387 >> 172.21.15.90:0/613006387 conn(0x7fa0401017e0 msgr2=0x7fa040103c00 unknown :-1 s=STATE_NONE l=0).mark_down
2023-08-11T13:42:42.712 INFO:teuthology.orchestra.run.smithi090.stdout:/usr/bin/ceph: stderr
2023-08-11T13:42:41.978+0000 7fa045819700 1 -- 172.21.15.90:0/613006387 shutdown_connections
2023-08-11T13:42:42.712 INFO:teuthology.orchestra.run.smithi090.stdout:/usr/bin/ceph: stderr
2023-08-11T13:42:41.978+0000 7fa045819700 1 -- 172.21.15.90:0/613006387 wait complete.
2023-08-11T13:42:42.712 INFO:teuthology.orchestra.run.smithi090.stdout:/usr/bin/ceph: stderr
2023-08-11T13:42:41.979+0000 7fa045819700 1 Processor -- start
2023-08-11T13:42:42.712 INFO:teuthology.orchestra.run.smithi090.stdout:/usr/bin/ceph: stderr
2023-08-11T13:42:41.979+0000 7fa045819700 1 -- start start
2023-08-11T13:42:42.713 INFO:teuthology.orchestra.run.smithi090.stdout:/usr/bin/ceph: stderr
2023-08-11T13:42:41.979+0000 7fa045819700 1 --2- >> [v2:172.21.15.90:3300/0,v1:172.21.15.90:6789/0] conn(0x7fa04007bec0 0x7fa04019c100 unknown :-1 s=NONE pgs=0 cs=0 l=1 rev1=0 crypto rx=0 tx=0 comp rx=0 tx=0).connect
2023-08-11T13:42:42.713 INFO:teuthology.orchestra.run.smithi090.stdout:/usr/bin/ceph: stderr
2023-08-11T13:42:41.979+0000 7fa045819700 1 -- --> [v2:172.21.15.90:3300/0,v1:172.21.15.90:6789/0] -- mon_getmap magic: 0 v1 -- 0x7fa04019c640 con 0x7fa04007bec0
2023-08-11T13:42:42.713 INFO:teuthology.orchestra.run.smithi090.stdout:/usr/bin/ceph: stderr
2023-08-11T13:42:41.980+0000 7fa03effd700 1 --2- >> [v2:172.21.15.90:3300/0,v1:172.21.15.90:6789/0] conn(0x7fa04007bec0 0x7fa04019c100 unknown :-1 s=BANNER_CONNECTING pgs=0 cs=0 l=1 rev1=0 crypto rx=0 tx=0 comp rx=0 tx=0)._handle_peer_banner_payload supported=3 required=0
2023-08-11T13:42:42.713 INFO:teuthology.orchestra.run.smithi090.stdout:/usr/bin/ceph: stderr
2023-08-11T13:42:41.980+0000 7fa03effd700 1 --2- >> [v2:172.21.15.90:3300/0,v1:172.21.15.90:6789/0] conn(0x7fa04007bec0 0x7fa04019c100 unknown :-1 s=HELLO_CONNECTING pgs=0 cs=0 l=1 rev1=1 crypto rx=0 tx=0 comp rx=0 tx=0).handle_hello peer v2:172.21.15.90:3300/0 says I am v2:172.21.15.90:45194/0 (socket says 172.21.15.90:45194)
2023-08-11T13:42:42.713 INFO:teuthology.orchestra.run.smithi090.stdout:/usr/bin/ceph: stderr
2023-08-11T13:42:41.980+0000 7fa03effd700 1 -- 172.21.15.90:0/3819775597 learned_addr learned my addr 172.21.15.90:0/3819775597 (peer_addr_for_me v2:172.21.15.90:0/0)
2023-08-11T13:42:42.713 INFO:teuthology.orchestra.run.smithi090.stdout:/usr/bin/ceph: stderr
2023-08-11T13:42:41.980+0000 7fa03effd700 1 -- 172.21.15.90:0/3819775597 --> [v2:172.21.15.90:3300/0,v1:172.21.15.90:6789/0] -- mon_subscribe({config=0+,monmap=0+}) v3 -- 0x7fa030009550 con 0x7fa04007bec0
2023-08-11T13:42:42.713 INFO:teuthology.orchestra.run.smithi090.stdout:/usr/bin/ceph: stderr
2023-08-11T13:42:41.980+0000 7fa03effd700 1 --2- 172.21.15.90:0/3819775597 >> [v2:172.21.15.90:3300/0,v1:172.21.15.90:6789/0] conn(0x7fa04007bec0 0x7fa04019c100 secure :-1 s=READY pgs=44 cs=0 l=1 rev1=1 crypto rx=0x7fa030009130 tx=0x7fa030011ad0 comp rx=0 tx=0).ready entity=mon.0 client_cookie=0 server_cookie=0 in_seq=0 out_seq=0
2023-08-11T13:42:42.714 INFO:teuthology.orchestra.run.smithi090.stdout:/usr/bin/ceph: stderr
2023-08-11T13:42:41.980+0000 7fa044817700 1 -- 172.21.15.90:0/3819775597 <== mon.0 v2:172.21.15.90:3300/0 1 ==== mon_map magic: 0 v1 ==== 205+0+0 (secure 0 0 0) 0x7fa030003ab0 con 0x7fa04007bec0
2023-08-11T13:42:42.714 INFO:teuthology.orchestra.run.smithi090.stdout:/usr/bin/ceph: stderr
2023-08-11T13:42:41.980+0000 7fa044817700 1 -- 172.21.15.90:0/3819775597 <== mon.0 v2:172.21.15.90:3300/0 2 ==== config(26 keys) v1 ==== 1074+0+0 (secure 0 0 0) 0x7fa030003c10 con 0x7fa04007bec0
2023-08-11T13:42:42.714 INFO:teuthology.orchestra.run.smithi090.stdout:/usr/bin/ceph: stderr
2023-08-11T13:42:41.980+0000 7fa044817700 1 -- 172.21.15.90:0/3819775597 <== mon.0 v2:172.21.15.90:3300/0 3 ==== mon_map magic: 0 v1 ==== 205+0+0 (secure 0 0 0) 0x7fa0300247d0 con 0x7fa04007bec0
2023-08-11T13:42:42.714 INFO:teuthology.orchestra.run.smithi090.stdout:/usr/bin/ceph: stderr
2023-08-11T13:42:41.980+0000 7fa045819700 1 -- 172.21.15.90:0/3819775597 --> [v2:172.21.15.90:3300/0,v1:172.21.15.90:6789/0] -- mon_subscribe({mgrmap=0+}) v3 -- 0x7fa04019c840 con 0x7fa04007bec0
2023-08-11T13:42:42.714 INFO:teuthology.orchestra.run.smithi090.stdout:/usr/bin/ceph: stderr
2023-08-11T13:42:41.981+0000 7fa045819700 1 -- 172.21.15.90:0/3819775597 --> [v2:172.21.15.90:3300/0,v1:172.21.15.90:6789/0] -- mon_subscribe({osdmap=0}) v3 -- 0x7fa04019cc60 con 0x7fa04007bec0
2023-08-11T13:42:42.715 INFO:teuthology.orchestra.run.smithi090.stdout:/usr/bin/ceph: stderr
2023-08-11T13:42:41.982+0000 7fa044817700 1 -- 172.21.15.90:0/3819775597 <== mon.0 v2:172.21.15.90:3300/0 4 ==== mgrmap(e 8) v1 ==== 45135+0+0 (secure 0 0 0) 0x7fa03001abb0 con 0x7fa04007bec0
2023-08-11T13:42:42.715 INFO:teuthology.orchestra.run.smithi090.stdout:/usr/bin/ceph: stderr
2023-08-11T13:42:41.982+0000 7fa045819700 1 -- 172.21.15.90:0/3819775597 --> [v2:172.21.15.90:3300/0,v1:172.21.15.90:6789/0] -- mon_command({"prefix": "get_command_descriptions"} v 0) v1 -- 0x7fa040061f50 con 0x7fa04007bec0
2023-08-11T13:42:42.715 INFO:teuthology.orchestra.run.smithi090.stdout:/usr/bin/ceph: stderr
2023-08-11T13:42:41.982+0000 7fa044817700 1 --2- 172.21.15.90:0/3819775597 >> [v2:172.21.15.90:6800/1113536018,v1:172.21.15.90:6801/1113536018] conn(0x7fa028038160 0x7fa02803a620 unknown :-1 s=NONE pgs=0 cs=0 l=1 rev1=0 crypto rx=0 tx=0 comp rx=0 tx=0).connect
2023-08-11T13:42:42.715 INFO:teuthology.orchestra.run.smithi090.stdout:/usr/bin/ceph: stderr
2023-08-11T13:42:41.982+0000 7fa044817700 1 -- 172.21.15.90:0/3819775597 <== mon.0 v2:172.21.15.90:3300/0 5 ==== osd_map(2..2 src has 1..2) v4 ==== 940+0+0 (secure 0 0 0) 0x7fa03004c0b0 con 0x7fa04007bec0
2023-08-11T13:42:42.715 INFO:teuthology.orchestra.run.smithi090.stdout:/usr/bin/ceph: stderr
2023-08-11T13:42:41.982+0000 7fa03e7fc700 1 --2- 172.21.15.90:0/3819775597 >> [v2:172.21.15.90:6800/1113536018,v1:172.21.15.90:6801/1113536018] conn(0x7fa028038160 0x7fa02803a620 unknown :-1 s=BANNER_CONNECTING pgs=0 cs=0 l=1 rev1=0 crypto rx=0 tx=0 comp rx=0 tx=0)._handle_peer_banner_payload supported=3 required=0
2023-08-11T13:42:42.715 INFO:teuthology.orchestra.run.smithi090.stdout:/usr/bin/ceph: stderr
2023-08-11T13:42:41.983+0000 7fa03e7fc700 1 --2- 172.21.15.90:0/3819775597 >> [v2:172.21.15.90:6800/1113536018,v1:172.21.15.90:6801/1113536018] conn(0x7fa028038160 0x7fa02803a620 secure :-1 s=READY pgs=12 cs=0 l=1 rev1=1 crypto rx=0x7fa03400ad30 tx=0x7fa0340093f0 comp rx=0 tx=0).ready entity=mgr.14116 client_cookie=0 server_cookie=0 in_seq=0 out_seq=0
2023-08-11T13:42:42.716 INFO:teuthology.orchestra.run.smithi090.stdout:/usr/bin/ceph: stderr
2023-08-11T13:42:41.987+0000 7fa044817700 1 -- 172.21.15.90:0/3819775597 <== mon.0 v2:172.21.15.90:3300/0 6 ==== mon_command_ack([{"prefix": "get_command_descriptions"}]=0 v0) v1 ==== 72+0+179220 (secure 0 0 0) 0x7fa03007ec30 con 0x7fa04007bec0
2023-08-11T13:42:42.716 INFO:teuthology.orchestra.run.smithi090.stdout:/usr/bin/ceph: stderr
2023-08-11T13:42:42.206+0000 7fa045819700 1 -- 172.21.15.90:0/3819775597 --> [v2:172.21.15.90:6800/1113536018,v1:172.21.15.90:6801/1113536018] -- mgr_command(tid 0: {"prefix": "orch apply", "service_type": "mon", "unmanaged": true, "target": ["mon-mgr", ""]}) v1 -- 0x7fa040103ae0 con 0x7fa028038160
2023-08-11T13:42:42.716 INFO:teuthology.orchestra.run.smithi090.stdout:/usr/bin/ceph: stderr
2023-08-11T13:42:42.214+0000 7fa044817700 1 -- 172.21.15.90:0/3819775597 <== mgr.14116 v2:172.21.15.90:6800/1113536018 1 ==== mgr_command_reply(tid 0: 0 ) v1 ==== 8+0+24 (secure 0 0 0) 0x7fa040103ae0 con 0x7fa028038160
2023-08-11T13:42:42.716 INFO:teuthology.orchestra.run.smithi090.stdout:/usr/bin/ceph: stderr
2023-08-11T13:42:42.217+0000 7fa045819700 1 -- 172.21.15.90:0/3819775597 >> [v2:172.21.15.90:6800/1113536018,v1:172.21.15.90:6801/1113536018] conn(0x7fa028038160 msgr2=0x7fa02803a620 secure :-1 s=STATE_CONNECTION_ESTABLISHED l=1).mark_down
2023-08-11T13:42:42.716 INFO:teuthology.orchestra.run.smithi090.stdout:/usr/bin/ceph: stderr
2023-08-11T13:42:42.217+0000 7fa045819700 1 --2- 172.21.15.90:0/3819775597 >> [v2:172.21.15.90:6800/1113536018,v1:172.21.15.90:6801/1113536018] conn(0x7fa028038160 0x7fa02803a620 secure :-1 s=READY pgs=12 cs=0 l=1 rev1=1 crypto rx=0x7fa03400ad30 tx=0x7fa0340093f0 comp rx=0 tx=0).stop
2023-08-11T13:42:42.717 INFO:teuthology.orchestra.run.smithi090.stdout:/usr/bin/ceph: stderr
2023-08-11T13:42:42.217+0000 7fa045819700 1 -- 172.21.15.90:0/3819775597 >> [v2:172.21.15.90:3300/0,v1:172.21.15.90:6789/0] conn(0x7fa04007bec0 msgr2=0x7fa04019c100 secure :-1 s=STATE_CONNECTION_ESTABLISHED l=1).mark_down
2023-08-11T13:42:42.717 INFO:teuthology.orchestra.run.smithi090.stdout:/usr/bin/ceph: stderr
2023-08-11T13:42:42.217+0000 7fa045819700 1 --2- 172.21.15.90:0/3819775597 >> [v2:172.21.15.90:3300/0,v1:172.21.15.90:6789/0] conn(0x7fa04007bec0 0x7fa04019c100 secure :-1 s=READY pgs=44 cs=0 l=1 rev1=1 crypto rx=0x7fa030009130 tx=0x7fa030011ad0 comp rx=0 tx=0).stop
2023-08-11T13:42:42.718 INFO:teuthology.orchestra.run.smithi090.stdout:/usr/bin/ceph: stderr
2023-08-11T13:42:42.217+0000 7fa045819700 1 -- 172.21.15.90:0/3819775597 shutdown_connections
2023-08-11T13:42:42.718 INFO:teuthology.orchestra.run.smithi090.stdout:/usr/bin/ceph: stderr
2023-08-11T13:42:42.217+0000 7fa045819700 1 --2- 172.21.15.90:0/3819775597 >> [v2:172.21.15.90:6800/1113536018,v1:172.21.15.90:6801/1113536018] conn(0x7fa028038160 0x7fa02803a620 unknown :-1 s=CLOSED pgs=12 cs=0 l=1 rev1=1 crypto rx=0 tx=0 comp rx=0 tx=0).stop
2023-08-11T13:42:42.718 INFO:teuthology.orchestra.run.smithi090.stdout:/usr/bin/ceph: stderr
2023-08-11T13:42:42.217+0000 7fa045819700 1 --2- 172.21.15.90:0/3819775597 >> [v2:172.21.15.90:3300/0,v1:172.21.15.90:6789/0] conn(0x7fa04007bec0 0x7fa04019c100 unknown :-1 s=CLOSED pgs=44 cs=0 l=1 rev1=1 crypto rx=0 tx=0 comp rx=0 tx=0).stop
2023-08-11T13:42:42.718 INFO:teuthology.orchestra.run.smithi090.stdout:/usr/bin/ceph: stderr
2023-08-11T13:42:42.217+0000 7fa045819700 1 -- 172.21.15.90:0/3819775597 >> 172.21.15.90:0/3819775597 conn(0x7fa0401017e0 msgr2=0x7fa040102ec0 unknown :-1 s=STATE_NONE l=0).mark_down
2023-08-11T13:42:42.718 INFO:teuthology.orchestra.run.smithi090.stdout:/usr/bin/ceph: stderr
2023-08-11T13:42:42.217+0000 7fa045819700 1 -- 172.21.15.90:0/3819775597 shutdown_connections
2023-08-11T13:42:42.719 INFO:teuthology.orchestra.run.smithi090.stdout:/usr/bin/ceph: stderr
2023-08-11T13:42:42.217+0000 7fa045819700 1 -- 172.21.15.90:0/3819775597 wait complete.
2023-08-11T13:42:42.719 INFO:teuthology.orchestra.run.smithi090.stdout:Deploying unmanaged mgr service...
2023-08-11T13:42:43.366 INFO:journalctl@ceph.mon.a.smithi090.stdout:Aug 11 13:42:43 smithi090 ceph-mon[97131]: from='client.14138 -' entity='client.admin' cmd=[{"prefix": "orch apply", "service_type": "mon", "unmanaged": true, "target": ["mon-mgr", ""]}]: dispatch
2023-08-11T13:42:43.366 INFO:journalctl@ceph.mon.a.smithi090.stdout:Aug 11 13:42:43 smithi090 ceph-mon[97131]: Saving service mon spec with placement count:5
2023-08-11T13:42:43.366 INFO:journalctl@ceph.mon.a.smithi090.stdout:Aug 11 13:42:43 smithi090 ceph-mon[97131]: from='mgr.14116 172.21.15.90:0/4255253422' entity='mgr.x'
2023-08-11T13:42:44.241 INFO:teuthology.orchestra.run.smithi090.stdout:/usr/bin/ceph: stdout Scheduled mgr update...
2023-08-11T13:42:44.241 INFO:teuthology.orchestra.run.smithi090.stdout:/usr/bin/ceph: stderr
2023-08-11T13:42:43.574+0000 7f2889546700 1 Processor -- start
2023-08-11T13:42:44.242 INFO:teuthology.orchestra.run.smithi090.stdout:/usr/bin/ceph: stderr
2023-08-11T13:42:43.574+0000 7f2889546700 1 -- start start
2023-08-11T13:42:44.242 INFO:teuthology.orchestra.run.smithi090.stdout:/usr/bin/ceph: stderr
2023-08-11T13:42:43.575+0000 7f2889546700 1 --2- >> [v2:172.21.15.90:3300/0,v1:172.21.15.90:6789/0] conn(0x7f2884106200 0x7f2884106620 unknown :-1 s=NONE pgs=0 cs=0 l=0 rev1=0 crypto rx=0 tx=0 comp rx=0 tx=0).connect
2023-08-11T13:42:44.242 INFO:teuthology.orchestra.run.smithi090.stdout:/usr/bin/ceph: stderr
2023-08-11T13:42:43.575+0000 7f2889546700 1 -- --> [v2:172.21.15.90:3300/0,v1:172.21.15.90:6789/0] -- mon_getmap magic: 0 v1 -- 0x7f2884106bf0 con 0x7f2884106200
2023-08-11T13:42:44.243 INFO:teuthology.orchestra.run.smithi090.stdout:/usr/bin/ceph: stderr
2023-08-11T13:42:43.575+0000 7f2882ffd700 1 --2- >> [v2:172.21.15.90:3300/0,v1:172.21.15.90:6789/0] conn(0x7f2884106200 0x7f2884106620 unknown :-1 s=BANNER_CONNECTING pgs=0 cs=0 l=0 rev1=0 crypto rx=0 tx=0 comp rx=0 tx=0)._handle_peer_banner_payload supported=3 required=0
2023-08-11T13:42:44.243 INFO:teuthology.orchestra.run.smithi090.stdout:/usr/bin/ceph: stderr
2023-08-11T13:42:43.575+0000 7f2882ffd700 1 --2- >> [v2:172.21.15.90:3300/0,v1:172.21.15.90:6789/0] conn(0x7f2884106200 0x7f2884106620 unknown :-1 s=HELLO_CONNECTING pgs=0 cs=0 l=0 rev1=1 crypto rx=0 tx=0 comp rx=0 tx=0).handle_hello peer v2:172.21.15.90:3300/0 says I am v2:172.21.15.90:45200/0 (socket says 172.21.15.90:45200)
2023-08-11T13:42:44.243 INFO:teuthology.orchestra.run.smithi090.stdout:/usr/bin/ceph: stderr
2023-08-11T13:42:43.575+0000 7f2882ffd700 1 -- 172.21.15.90:0/1725799455 learned_addr learned my addr 172.21.15.90:0/1725799455 (peer_addr_for_me v2:172.21.15.90:0/0)
2023-08-11T13:42:44.243 INFO:teuthology.orchestra.run.smithi090.stdout:/usr/bin/ceph: stderr
2023-08-11T13:42:43.575+0000 7f2882ffd700 1 -- 172.21.15.90:0/1725799455 --> [v2:172.21.15.90:3300/0,v1:172.21.15.90:6789/0] -- mon_subscribe({config=0+,monmap=0+}) v3 -- 0x7f2884107400 con 0x7f2884106200
2023-08-11T13:42:44.244 INFO:teuthology.orchestra.run.smithi090.stdout:/usr/bin/ceph: stderr
2023-08-11T13:42:43.576+0000 7f2882ffd700 1 --2- 172.21.15.90:0/1725799455 >> [v2:172.21.15.90:3300/0,v1:172.21.15.90:6789/0] conn(0x7f2884106200 0x7f2884106620 secure :-1 s=READY pgs=45 cs=0 l=1 rev1=1 crypto rx=0x7f28740098a0 tx=0x7f2874009bb0 comp rx=0 tx=0).ready entity=mon.0 client_cookie=83af58084abddcee server_cookie=0 in_seq=0 out_seq=0
2023-08-11T13:42:44.244 INFO:teuthology.orchestra.run.smithi090.stdout:/usr/bin/ceph: stderr
2023-08-11T13:42:43.576+0000 7f2881ffb700 1 -- 172.21.15.90:0/1725799455 <== mon.0 v2:172.21.15.90:3300/0 1 ==== mon_map magic: 0 v1 ==== 205+0+0 (secure 0 0 0) 0x7f2874004160 con 0x7f2884106200
2023-08-11T13:42:44.244 INFO:teuthology.orchestra.run.smithi090.stdout:/usr/bin/ceph: stderr
2023-08-11T13:42:43.576+0000 7f2881ffb700 1 -- 172.21.15.90:0/1725799455 <== mon.0 v2:172.21.15.90:3300/0 2 ==== config(26 keys) v1 ==== 1074+0+0 (secure 0 0 0) 0x7f28740042c0 con 0x7f2884106200
2023-08-11T13:42:44.244 INFO:teuthology.orchestra.run.smithi090.stdout:/usr/bin/ceph: stderr
2023-08-11T13:42:43.576+0000 7f2881ffb700 1 -- 172.21.15.90:0/1725799455 <== mon.0 v2:172.21.15.90:3300/0 3 ==== mon_map magic: 0 v1 ==== 205+0+0 (secure 0 0 0) 0x7f2874011a00 con 0x7f2884106200
2023-08-11T13:42:44.245 INFO:teuthology.orchestra.run.smithi090.stdout:/usr/bin/ceph: stderr
2023-08-11T13:42:43.577+0000 7f2889546700 1 -- 172.21.15.90:0/1725799455 >> [v2:172.21.15.90:3300/0,v1:172.21.15.90:6789/0] conn(0x7f2884106200 msgr2=0x7f2884106620 secure :-1 s=STATE_CONNECTION_ESTABLISHED l=1).mark_down
2023-08-11T13:42:44.245 INFO:teuthology.orchestra.run.smithi090.stdout:/usr/bin/ceph: stderr
2023-08-11T13:42:43.577+0000 7f2889546700 1 --2- 172.21.15.90:0/1725799455 >> [v2:172.21.15.90:3300/0,v1:172.21.15.90:6789/0] conn(0x7f2884106200 0x7f2884106620 secure :-1 s=READY pgs=45 cs=0 l=1 rev1=1 crypto rx=0x7f28740098a0 tx=0x7f2874009bb0 comp rx=0 tx=0).stop
2023-08-11T13:42:44.245 INFO:teuthology.orchestra.run.smithi090.stdout:/usr/bin/ceph: stderr
2023-08-11T13:42:43.577+0000 7f2889546700 1 -- 172.21.15.90:0/1725799455 shutdown_connections
2023-08-11T13:42:44.245 INFO:teuthology.orchestra.run.smithi090.stdout:/usr/bin/ceph: stderr
2023-08-11T13:42:43.577+0000 7f2889546700 1 --2- 172.21.15.90:0/1725799455 >> [v2:172.21.15.90:3300/0,v1:172.21.15.90:6789/0] conn(0x7f2884106200 0x7f2884106620 unknown :-1 s=CLOSED pgs=45 cs=0 l=1 rev1=1 crypto rx=0 tx=0 comp rx=0 tx=0).stop
2023-08-11T13:42:44.246 INFO:teuthology.orchestra.run.smithi090.stdout:/usr/bin/ceph: stderr
2023-08-11T13:42:43.577+0000 7f2889546700 1 -- 172.21.15.90:0/1725799455 >> 172.21.15.90:0/1725799455 conn(0x7f28841017e0 msgr2=0x7f2884103c00 unknown :-1 s=STATE_NONE l=0).mark_down
2023-08-11T13:42:44.246 INFO:teuthology.orchestra.run.smithi090.stdout:/usr/bin/ceph: stderr
2023-08-11T13:42:43.577+0000 7f2889546700 1 -- 172.21.15.90:0/1725799455 shutdown_connections
2023-08-11T13:42:44.246 INFO:teuthology.orchestra.run.smithi090.stdout:/usr/bin/ceph: stderr
2023-08-11T13:42:43.577+0000 7f2889546700 1 -- 172.21.15.90:0/1725799455 wait complete.
2023-08-11T13:42:44.246 INFO:teuthology.orchestra.run.smithi090.stdout:/usr/bin/ceph: stderr
2023-08-11T13:42:43.578+0000 7f2889546700 1 Processor -- start
2023-08-11T13:42:44.247 INFO:teuthology.orchestra.run.smithi090.stdout:/usr/bin/ceph: stderr
2023-08-11T13:42:43.578+0000 7f2889546700 1 -- start start
2023-08-11T13:42:44.247 INFO:teuthology.orchestra.run.smithi090.stdout:/usr/bin/ceph: stderr
2023-08-11T13:42:43.579+0000 7f2889546700 1 --2- >> [v2:172.21.15.90:3300/0,v1:172.21.15.90:6789/0] conn(0x7f2884106200 0x7f288407bc70 unknown :-1 s=NONE pgs=0 cs=0 l=1 rev1=0 crypto rx=0 tx=0 comp rx=0 tx=0).connect
2023-08-11T13:42:44.247 INFO:teuthology.orchestra.run.smithi090.stdout:/usr/bin/ceph: stderr
2023-08-11T13:42:43.579+0000 7f2889546700 1 -- --> [v2:172.21.15.90:3300/0,v1:172.21.15.90:6789/0] -- mon_getmap magic: 0 v1 -- 0x7f288407c1b0 con 0x7f2884106200
2023-08-11T13:42:44.248 INFO:teuthology.orchestra.run.smithi090.stdout:/usr/bin/ceph: stderr
2023-08-11T13:42:43.579+0000 7f2882ffd700 1 --2- >> [v2:172.21.15.90:3300/0,v1:172.21.15.90:6789/0] conn(0x7f2884106200 0x7f288407bc70 unknown :-1 s=BANNER_CONNECTING pgs=0 cs=0 l=1 rev1=0 crypto rx=0 tx=0 comp rx=0 tx=0)._handle_peer_banner_payload supported=3 required=0
2023-08-11T13:42:44.248 INFO:teuthology.orchestra.run.smithi090.stdout:/usr/bin/ceph: stderr
2023-08-11T13:42:43.579+0000 7f2882ffd700 1 --2- >> [v2:172.21.15.90:3300/0,v1:172.21.15.90:6789/0] conn(0x7f2884106200 0x7f288407bc70 unknown :-1 s=HELLO_CONNECTING pgs=0 cs=0 l=1 rev1=1 crypto rx=0 tx=0 comp rx=0 tx=0).handle_hello peer v2:172.21.15.90:3300/0 says I am v2:172.21.15.90:45208/0 (socket says 172.21.15.90:45208)
2023-08-11T13:42:44.248 INFO:teuthology.orchestra.run.smithi090.stdout:/usr/bin/ceph: stderr
2023-08-11T13:42:43.579+0000 7f2882ffd700 1 -- 172.21.15.90:0/4235850900 learned_addr learned my addr 172.21.15.90:0/4235850900 (peer_addr_for_me v2:172.21.15.90:0/0)
2023-08-11T13:42:44.248 INFO:teuthology.orchestra.run.smithi090.stdout:/usr/bin/ceph: stderr
2023-08-11T13:42:43.579+0000 7f2882ffd700 1 -- 172.21.15.90:0/4235850900 --> [v2:172.21.15.90:3300/0,v1:172.21.15.90:6789/0] -- mon_subscribe({config=0+,monmap=0+}) v3 -- 0x7f2874009550 con 0x7f2884106200
2023-08-11T13:42:44.249 INFO:teuthology.orchestra.run.smithi090.stdout:/usr/bin/ceph: stderr
2023-08-11T13:42:43.579+0000 7f2882ffd700 1 --2- 172.21.15.90:0/4235850900 >> [v2:172.21.15.90:3300/0,v1:172.21.15.90:6789/0] conn(0x7f2884106200 0x7f288407bc70 secure :-1 s=READY pgs=46 cs=0 l=1 rev1=1 crypto rx=0x7f2874009130 tx=0x7f2874011ad0 comp rx=0 tx=0).ready entity=mon.0 client_cookie=0 server_cookie=0 in_seq=0 out_seq=0
2023-08-11T13:42:44.249 INFO:teuthology.orchestra.run.smithi090.stdout:/usr/bin/ceph: stderr
2023-08-11T13:42:43.580+0000 7f286bfff700 1 -- 172.21.15.90:0/4235850900 <== mon.0 v2:172.21.15.90:3300/0 1 ==== mon_map magic: 0 v1 ==== 205+0+0 (secure 0 0 0) 0x7f2874003ab0 con 0x7f2884106200
2023-08-11T13:42:44.249 INFO:teuthology.orchestra.run.smithi090.stdout:/usr/bin/ceph: stderr
2023-08-11T13:42:43.580+0000 7f286bfff700 1 -- 172.21.15.90:0/4235850900 <== mon.0 v2:172.21.15.90:3300/0 2 ==== config(26 keys) v1 ==== 1074+0+0 (secure 0 0 0) 0x7f2874003c10 con 0x7f2884106200
2023-08-11T13:42:44.249 INFO:teuthology.orchestra.run.smithi090.stdout:/usr/bin/ceph: stderr
2023-08-11T13:42:43.580+0000 7f286bfff700 1 -- 172.21.15.90:0/4235850900 <== mon.0 v2:172.21.15.90:3300/0 3 ==== mon_map magic: 0 v1 ==== 205+0+0 (secure 0 0 0) 0x7f28740247d0 con 0x7f2884106200
2023-08-11T13:42:44.250 INFO:teuthology.orchestra.run.smithi090.stdout:/usr/bin/ceph: stderr
2023-08-11T13:42:43.580+0000 7f2889546700 1 -- 172.21.15.90:0/4235850900 --> [v2:172.21.15.90:3300/0,v1:172.21.15.90:6789/0] -- mon_subscribe({mgrmap=0+}) v3 -- 0x7f288407a2c0 con 0x7f2884106200
2023-08-11T13:42:44.250 INFO:teuthology.orchestra.run.smithi090.stdout:/usr/bin/ceph: stderr
2023-08-11T13:42:43.580+0000 7f2889546700 1 -- 172.21.15.90:0/4235850900 --> [v2:172.21.15.90:3300/0,v1:172.21.15.90:6789/0] -- mon_subscribe({osdmap=0}) v3 -- 0x7f288407a6e0 con 0x7f2884106200
2023-08-11T13:42:44.250 INFO:teuthology.orchestra.run.smithi090.stdout:/usr/bin/ceph: stderr
2023-08-11T13:42:43.581+0000 7f2889546700 1 -- 172.21.15.90:0/4235850900 --> [v2:172.21.15.90:3300/0,v1:172.21.15.90:6789/0] -- mon_command({"prefix": "get_command_descriptions"} v 0) v1 -- 0x7f2884061f50 con 0x7f2884106200
