2023-08-11T13:54:28.728+0000 7fd029c8f700 1 --2- 172.21.15.3:0/1014422724 >> [v2:172.21.15.3:6800/586553398,v1:172.21.15.3:6801/586553398] conn(0x7fd010038110 0x7fd01003a5d0 unknown :-1 s=START_CONNECT pgs=0 cs=0 l=1 rev1=0 crypto rx=0 tx=0 comp rx=0 tx=0)._fault waiting 0.800000
2023-08-11T13:54:36.108 INFO:teuthology.orchestra.run.smithi003.stdout:/usr/bin/ceph: stderr
2023-08-11T13:54:29.529+0000 7fd029c8f700 1 -- 172.21.15.3:0/1014422724 >> [v2:172.21.15.3:6800/586553398,v1:172.21.15.3:6801/586553398] conn(0x7fd010038110 msgr2=0x7fd01003a5d0 unknown :-1 s=STATE_CONNECTING_RE l=1).process reconnect failed to v2:172.21.15.3:6800/586553398
2023-08-11T13:54:36.109 INFO:teuthology.orchestra.run.smithi003.stdout:/usr/bin/ceph: stderr
2023-08-11T13:54:29.529+0000 7fd029c8f700 1 --2- 172.21.15.3:0/1014422724 >> [v2:172.21.15.3:6800/586553398,v1:172.21.15.3:6801/586553398] conn(0x7fd010038110 0x7fd01003a5d0 unknown :-1 s=START_CONNECT pgs=0 cs=0 l=1 rev1=0 crypto rx=0 tx=0 comp rx=0 tx=0)._fault waiting 1.600000
2023-08-11T13:54:36.109 INFO:teuthology.orchestra.run.smithi003.stdout:/usr/bin/ceph: stderr
2023-08-11T13:54:31.130+0000 7fd029c8f700 1 -- 172.21.15.3:0/1014422724 >> [v2:172.21.15.3:6800/586553398,v1:172.21.15.3:6801/586553398] conn(0x7fd010038110 msgr2=0x7fd01003a5d0 unknown :-1 s=STATE_CONNECTING_RE l=1).process reconnect failed to v2:172.21.15.3:6800/586553398
2023-08-11T13:54:36.109 INFO:teuthology.orchestra.run.smithi003.stdout:/usr/bin/ceph: stderr
2023-08-11T13:54:31.131+0000 7fd029c8f700 1 --2- 172.21.15.3:0/1014422724 >> [v2:172.21.15.3:6800/586553398,v1:172.21.15.3:6801/586553398] conn(0x7fd010038110 0x7fd01003a5d0 unknown :-1 s=START_CONNECT pgs=0 cs=0 l=1 rev1=0 crypto rx=0 tx=0 comp rx=0 tx=0)._fault waiting 3.200000
2023-08-11T13:54:36.109 INFO:teuthology.orchestra.run.smithi003.stdout:/usr/bin/ceph: stderr
2023-08-11T13:54:34.334+0000 7fd029c8f700 1 -- 172.21.15.3:0/1014422724 >> [v2:172.21.15.3:6800/586553398,v1:172.21.15.3:6801/586553398] conn(0x7fd010038110 msgr2=0x7fd01003a5d0 unknown :-1 s=STATE_CONNECTING_RE l=1).process reconnect failed to v2:172.21.15.3:6800/586553398
2023-08-11T13:54:36.109 INFO:teuthology.orchestra.run.smithi003.stdout:/usr/bin/ceph: stderr
2023-08-11T13:54:34.334+0000 7fd029c8f700 1 --2- 172.21.15.3:0/1014422724 >> [v2:172.21.15.3:6800/586553398,v1:172.21.15.3:6801/586553398] conn(0x7fd010038110 0x7fd01003a5d0 unknown :-1 s=START_CONNECT pgs=0 cs=0 l=1 rev1=0 crypto rx=0 tx=0 comp rx=0 tx=0)._fault waiting 6.400000
2023-08-11T13:54:36.109 INFO:teuthology.orchestra.run.smithi003.stdout:/usr/bin/ceph: stderr
2023-08-11T13:54:34.605+0000 7fd01b7fe700 1 -- 172.21.15.3:0/1014422724 <== mon.0 v2:172.21.15.3:3300/0 6 ==== mgrmap(e 6) v1 ==== 44902+0+0 (secure 0 0 0) 0x7fd02002d910 con 0x7fd02407bee0
2023-08-11T13:54:36.109 INFO:teuthology.orchestra.run.smithi003.stdout:/usr/bin/ceph: stderr
2023-08-11T13:54:34.605+0000 7fd01b7fe700 1 -- 172.21.15.3:0/1014422724 >> [v2:172.21.15.3:6800/586553398,v1:172.21.15.3:6801/586553398] conn(0x7fd010038110 msgr2=0x7fd01003a5d0 unknown :-1 s=STATE_CONNECTING l=1).mark_down
2023-08-11T13:54:36.109 INFO:teuthology.orchestra.run.smithi003.stdout:/usr/bin/ceph: stderr
2023-08-11T13:54:34.605+0000 7fd01b7fe700 1 --2- 172.21.15.3:0/1014422724 >> [v2:172.21.15.3:6800/586553398,v1:172.21.15.3:6801/586553398] conn(0x7fd010038110 0x7fd01003a5d0 unknown :-1 s=START_CONNECT pgs=0 cs=0 l=1 rev1=0 crypto rx=0 tx=0 comp rx=0 tx=0).stop
2023-08-11T13:54:36.110 INFO:teuthology.orchestra.run.smithi003.stdout:/usr/bin/ceph: stderr
2023-08-11T13:54:35.607+0000 7fd01b7fe700 1 -- 172.21.15.3:0/1014422724 <== mon.0 v2:172.21.15.3:3300/0 7 ==== mgrmap(e 7) v1 ==== 45029+0+0 (secure 0 0 0) 0x7fd02004d9a0 con 0x7fd02407bee0
2023-08-11T13:54:36.110 INFO:teuthology.orchestra.run.smithi003.stdout:/usr/bin/ceph: stderr
2023-08-11T13:54:35.607+0000 7fd01b7fe700 1 --2- 172.21.15.3:0/1014422724 >> [v2:172.21.15.3:6800/1168721553,v1:172.21.15.3:6801/1168721553] conn(0x7fd01003bb50 0x7fd01003df40 unknown :-1 s=NONE pgs=0 cs=0 l=1 rev1=0 crypto rx=0 tx=0 comp rx=0 tx=0).connect
2023-08-11T13:54:36.110 INFO:teuthology.orchestra.run.smithi003.stdout:/usr/bin/ceph: stderr
2023-08-11T13:54:35.607+0000 7fd01b7fe700 1 -- 172.21.15.3:0/1014422724 --> [v2:172.21.15.3:6800/1168721553,v1:172.21.15.3:6801/1168721553] -- command(tid 0: {"prefix": "get_command_descriptions"}) v1 -- 0x7fd01003ace0 con 0x7fd01003bb50
2023-08-11T13:54:36.110 INFO:teuthology.orchestra.run.smithi003.stdout:/usr/bin/ceph: stderr
2023-08-11T13:54:35.608+0000 7fd029c8f700 1 --2- 172.21.15.3:0/1014422724 >> [v2:172.21.15.3:6800/1168721553,v1:172.21.15.3:6801/1168721553] conn(0x7fd01003bb50 0x7fd01003df40 unknown :-1 s=BANNER_CONNECTING pgs=0 cs=0 l=1 rev1=0 crypto rx=0 tx=0 comp rx=0 tx=0)._handle_peer_banner_payload supported=3 required=0
2023-08-11T13:54:36.110 INFO:teuthology.orchestra.run.smithi003.stdout:/usr/bin/ceph: stderr
2023-08-11T13:54:35.609+0000 7fd029c8f700 1 --2- 172.21.15.3:0/1014422724 >> [v2:172.21.15.3:6800/1168721553,v1:172.21.15.3:6801/1168721553] conn(0x7fd01003bb50 0x7fd01003df40 secure :-1 s=READY pgs=4 cs=0 l=1 rev1=1 crypto rx=0x7fd014003a10 tx=0x7fd0140092b0 comp rx=0 tx=0).ready entity=mgr.14118 client_cookie=0 server_cookie=0 in_seq=0 out_seq=0
2023-08-11T13:54:36.110 INFO:teuthology.orchestra.run.smithi003.stdout:/usr/bin/ceph: stderr
2023-08-11T13:54:35.610+0000 7fd01b7fe700 1 -- 172.21.15.3:0/1014422724 <== mgr.14118 v2:172.21.15.3:6800/1168721553 1 ==== command_reply(tid 0: 0 ) v1 ==== 8+0+6910 (secure 0 0 0) 0x7fd01003ace0 con 0x7fd01003bb50
2023-08-11T13:54:36.110 INFO:teuthology.orchestra.run.smithi003.stdout:/usr/bin/ceph: stderr
2023-08-11T13:54:35.617+0000 7fd02c6f4700 1 -- 172.21.15.3:0/1014422724 --> [v2:172.21.15.3:6800/1168721553,v1:172.21.15.3:6801/1168721553] -- command(tid 1: {"prefix": "mgr_status"}) v1 -- 0x7fd02419d3a0 con 0x7fd01003bb50
2023-08-11T13:54:36.111 INFO:teuthology.orchestra.run.smithi003.stdout:/usr/bin/ceph: stderr
2023-08-11T13:54:35.617+0000 7fd01b7fe700 1 -- 172.21.15.3:0/1014422724 <== mgr.14118 v2:172.21.15.3:6800/1168721553 2 ==== command_reply(tid 1: 0 ) v1 ==== 8+0+51 (secure 0 0 0) 0x7fd02419d3a0 con 0x7fd01003bb50
2023-08-11T13:54:36.111 INFO:teuthology.orchestra.run.smithi003.stdout:/usr/bin/ceph: stderr
2023-08-11T13:54:35.618+0000 7fd02c6f4700 1 -- 172.21.15.3:0/1014422724 >> [v2:172.21.15.3:6800/1168721553,v1:172.21.15.3:6801/1168721553] conn(0x7fd01003bb50 msgr2=0x7fd01003df40 secure :-1 s=STATE_CONNECTION_ESTABLISHED l=1).mark_down
2023-08-11T13:54:36.111 INFO:teuthology.orchestra.run.smithi003.stdout:/usr/bin/ceph: stderr
2023-08-11T13:54:35.618+0000 7fd02c6f4700 1 --2- 172.21.15.3:0/1014422724 >> [v2:172.21.15.3:6800/1168721553,v1:172.21.15.3:6801/1168721553] conn(0x7fd01003bb50 0x7fd01003df40 secure :-1 s=READY pgs=4 cs=0 l=1 rev1=1 crypto rx=0x7fd014003a10 tx=0x7fd0140092b0 comp rx=0 tx=0).stop
2023-08-11T13:54:36.111 INFO:teuthology.orchestra.run.smithi003.stdout:/usr/bin/ceph: stderr
2023-08-11T13:54:35.618+0000 7fd02c6f4700 1 -- 172.21.15.3:0/1014422724 >> [v2:172.21.15.3:3300/0,v1:172.21.15.3:6789/0] conn(0x7fd02407bee0 msgr2=0x7fd02419c060 secure :-1 s=STATE_CONNECTION_ESTABLISHED l=1).mark_down
2023-08-11T13:54:36.111 INFO:teuthology.orchestra.run.smithi003.stdout:/usr/bin/ceph: stderr
2023-08-11T13:54:35.618+0000 7fd02c6f4700 1 --2- 172.21.15.3:0/1014422724 >> [v2:172.21.15.3:3300/0,v1:172.21.15.3:6789/0] conn(0x7fd02407bee0 0x7fd02419c060 secure :-1 s=READY pgs=27 cs=0 l=1 rev1=1 crypto rx=0x7fd020009fb0 tx=0x7fd020011ad0 comp rx=0 tx=0).stop
2023-08-11T13:54:36.111 INFO:teuthology.orchestra.run.smithi003.stdout:/usr/bin/ceph: stderr
2023-08-11T13:54:35.618+0000 7fd02c6f4700 1 -- 172.21.15.3:0/1014422724 shutdown_connections
2023-08-11T13:54:36.111 INFO:teuthology.orchestra.run.smithi003.stdout:/usr/bin/ceph: stderr
2023-08-11T13:54:35.618+0000 7fd02c6f4700 1 --2- 172.21.15.3:0/1014422724 >> [v2:172.21.15.3:6800/1168721553,v1:172.21.15.3:6801/1168721553] conn(0x7fd01003bb50 0x7fd01003df40 unknown :-1 s=CLOSED pgs=4 cs=0 l=1 rev1=1 crypto rx=0 tx=0 comp rx=0 tx=0).stop
2023-08-11T13:54:36.111 INFO:teuthology.orchestra.run.smithi003.stdout:/usr/bin/ceph: stderr
2023-08-11T13:54:35.618+0000 7fd02c6f4700 1 --2- 172.21.15.3:0/1014422724 >> [v2:172.21.15.3:3300/0,v1:172.21.15.3:6789/0] conn(0x7fd02407bee0 0x7fd02419c060 unknown :-1 s=CLOSED pgs=27 cs=0 l=1 rev1=1 crypto rx=0 tx=0 comp rx=0 tx=0).stop
2023-08-11T13:54:36.112 INFO:teuthology.orchestra.run.smithi003.stdout:/usr/bin/ceph: stderr
2023-08-11T13:54:35.618+0000 7fd02c6f4700 1 --2- 172.21.15.3:0/1014422724 >> [v2:172.21.15.3:6800/586553398,v1:172.21.15.3:6801/586553398] conn(0x7fd010038110 0x7fd01003a5d0 unknown :-1 s=CLOSED pgs=0 cs=0 l=1 rev1=0 crypto rx=0 tx=0 comp rx=0 tx=0).stop
2023-08-11T13:54:36.112 INFO:teuthology.orchestra.run.smithi003.stdout:/usr/bin/ceph: stderr
2023-08-11T13:54:35.618+0000 7fd02c6f4700 1 -- 172.21.15.3:0/1014422724 >> 172.21.15.3:0/1014422724 conn(0x7fd0241016b0 msgr2=0x7fd024102de0 unknown :-1 s=STATE_NONE l=0).mark_down
2023-08-11T13:54:36.112 INFO:teuthology.orchestra.run.smithi003.stdout:/usr/bin/ceph: stderr
2023-08-11T13:54:35.618+0000 7fd02c6f4700 1 -- 172.21.15.3:0/1014422724 shutdown_connections
2023-08-11T13:54:36.112 INFO:teuthology.orchestra.run.smithi003.stdout:/usr/bin/ceph: stderr
2023-08-11T13:54:35.618+0000 7fd02c6f4700 1 -- 172.21.15.3:0/1014422724 wait complete.
2023-08-11T13:54:36.112 INFO:teuthology.orchestra.run.smithi003.stdout:mgr epoch 5 is available
2023-08-11T13:54:36.112 INFO:teuthology.orchestra.run.smithi003.stdout:Setting orchestrator backend to cephadm...
2023-08-11T13:54:37.032 INFO:journalctl@ceph.mon.a.smithi003.stdout:Aug 11 13:54:36 smithi003 ceph-mon[97195]: [11/Aug/2023:13:54:35] ENGINE Bus STARTING
2023-08-11T13:54:37.032 INFO:journalctl@ceph.mon.a.smithi003.stdout:Aug 11 13:54:36 smithi003 ceph-mon[97195]: [11/Aug/2023:13:54:35] ENGINE Serving on http://172.21.15.3:8765
2023-08-11T13:54:37.033 INFO:journalctl@ceph.mon.a.smithi003.stdout:Aug 11 13:54:36 smithi003 ceph-mon[97195]: [11/Aug/2023:13:54:35] ENGINE Serving on https://172.21.15.3:7150
2023-08-11T13:54:37.033 INFO:journalctl@ceph.mon.a.smithi003.stdout:Aug 11 13:54:36 smithi003 ceph-mon[97195]: [11/Aug/2023:13:54:35] ENGINE Bus STARTED
2023-08-11T13:54:37.033 INFO:journalctl@ceph.mon.a.smithi003.stdout:Aug 11 13:54:36 smithi003 ceph-mon[97195]: from='client.14122 -' entity='client.admin' cmd=[{"prefix": "get_command_descriptions"}]: dispatch
2023-08-11T13:54:37.033 INFO:journalctl@ceph.mon.a.smithi003.stdout:Aug 11 13:54:36 smithi003 ceph-mon[97195]: from='client.14122 -' entity='client.admin' cmd=[{"prefix": "mgr_status"}]: dispatch
2023-08-11T13:54:37.281 INFO:teuthology.orchestra.run.smithi003.stdout:/usr/bin/ceph: stderr
2023-08-11T13:54:36.617+0000 7fd36ebb9700 1 Processor -- start
2023-08-11T13:54:37.282 INFO:teuthology.orchestra.run.smithi003.stdout:/usr/bin/ceph: stderr
2023-08-11T13:54:36.617+0000 7fd36ebb9700 1 -- start start
2023-08-11T13:54:37.282 INFO:teuthology.orchestra.run.smithi003.stdout:/usr/bin/ceph: stderr
2023-08-11T13:54:36.617+0000 7fd36ebb9700 1 --2- >> [v2:172.21.15.3:3300/0,v1:172.21.15.3:6789/0] conn(0x7fd3681060d0 0x7fd3681064f0 unknown :-1 s=NONE pgs=0 cs=0 l=0 rev1=0 crypto rx=0 tx=0 comp rx=0 tx=0).connect
2023-08-11T13:54:37.282 INFO:teuthology.orchestra.run.smithi003.stdout:/usr/bin/ceph: stderr
2023-08-11T13:54:36.617+0000 7fd36ebb9700 1 -- --> [v2:172.21.15.3:3300/0,v1:172.21.15.3:6789/0] -- mon_getmap magic: 0 v1 -- 0x7fd368106ac0 con 0x7fd3681060d0
2023-08-11T13:54:37.282 INFO:teuthology.orchestra.run.smithi003.stdout:/usr/bin/ceph: stderr
2023-08-11T13:54:36.618+0000 7fd36c955700 1 --2- >> [v2:172.21.15.3:3300/0,v1:172.21.15.3:6789/0] conn(0x7fd3681060d0 0x7fd3681064f0 unknown :-1 s=BANNER_CONNECTING pgs=0 cs=0 l=0 rev1=0 crypto rx=0 tx=0 comp rx=0 tx=0)._handle_peer_banner_payload supported=3 required=0
2023-08-11T13:54:37.282 INFO:teuthology.orchestra.run.smithi003.stdout:/usr/bin/ceph: stderr
2023-08-11T13:54:36.618+0000 7fd36c955700 1 --2- >> [v2:172.21.15.3:3300/0,v1:172.21.15.3:6789/0] conn(0x7fd3681060d0 0x7fd3681064f0 unknown :-1 s=HELLO_CONNECTING pgs=0 cs=0 l=0 rev1=1 crypto rx=0 tx=0 comp rx=0 tx=0).handle_hello peer v2:172.21.15.3:3300/0 says I am v2:172.21.15.3:48492/0 (socket says 172.21.15.3:48492)
2023-08-11T13:54:37.283 INFO:teuthology.orchestra.run.smithi003.stdout:/usr/bin/ceph: stderr
2023-08-11T13:54:36.618+0000 7fd36c955700 1 -- 172.21.15.3:0/2057877183 learned_addr learned my addr 172.21.15.3:0/2057877183 (peer_addr_for_me v2:172.21.15.3:0/0)
2023-08-11T13:54:37.283 INFO:teuthology.orchestra.run.smithi003.stdout:/usr/bin/ceph: stderr
2023-08-11T13:54:36.618+0000 7fd36c955700 1 -- 172.21.15.3:0/2057877183 --> [v2:172.21.15.3:3300/0,v1:172.21.15.3:6789/0] -- mon_subscribe({config=0+,monmap=0+}) v3 -- 0x7fd3681072d0 con 0x7fd3681060d0
2023-08-11T13:54:37.283 INFO:teuthology.orchestra.run.smithi003.stdout:/usr/bin/ceph: stderr
2023-08-11T13:54:36.618+0000 7fd36c955700 1 --2- 172.21.15.3:0/2057877183 >> [v2:172.21.15.3:3300/0,v1:172.21.15.3:6789/0] conn(0x7fd3681060d0 0x7fd3681064f0 secure :-1 s=READY pgs=35 cs=0 l=1 rev1=1 crypto rx=0x7fd35c0098a0 tx=0x7fd35c009bb0 comp rx=0 tx=0).ready entity=mon.0 client_cookie=9ae07bb4a433cbbb server_cookie=0 in_seq=0 out_seq=0
2023-08-11T13:54:37.283 INFO:teuthology.orchestra.run.smithi003.stdout:/usr/bin/ceph: stderr
2023-08-11T13:54:36.619+0000 7fd3677fe700 1 -- 172.21.15.3:0/2057877183 <== mon.0 v2:172.21.15.3:3300/0 1 ==== mon_map magic: 0 v1 ==== 205+0+0 (secure 0 0 0) 0x7fd35c004160 con 0x7fd3681060d0
2023-08-11T13:54:37.283 INFO:teuthology.orchestra.run.smithi003.stdout:/usr/bin/ceph: stderr
2023-08-11T13:54:36.619+0000 7fd3677fe700 1 -- 172.21.15.3:0/2057877183 <== mon.0 v2:172.21.15.3:3300/0 2 ==== config(26 keys) v1 ==== 1074+0+0 (secure 0 0 0) 0x7fd35c0042c0 con 0x7fd3681060d0
2023-08-11T13:54:37.283 INFO:teuthology.orchestra.run.smithi003.stdout:/usr/bin/ceph: stderr
2023-08-11T13:54:36.619+0000 7fd3677fe700 1 -- 172.21.15.3:0/2057877183 <== mon.0 v2:172.21.15.3:3300/0 3 ==== mon_map magic: 0 v1 ==== 205+0+0 (secure 0 0 0) 0x7fd35c011a00 con 0x7fd3681060d0
2023-08-11T13:54:37.283 INFO:teuthology.orchestra.run.smithi003.stdout:/usr/bin/ceph: stderr
2023-08-11T13:54:36.619+0000 7fd36ebb9700 1 -- 172.21.15.3:0/2057877183 >> [v2:172.21.15.3:3300/0,v1:172.21.15.3:6789/0] conn(0x7fd3681060d0 msgr2=0x7fd3681064f0 secure :-1 s=STATE_CONNECTION_ESTABLISHED l=1).mark_down
2023-08-11T13:54:37.283 INFO:teuthology.orchestra.run.smithi003.stdout:/usr/bin/ceph: stderr
2023-08-11T13:54:36.619+0000 7fd36ebb9700 1 --2- 172.21.15.3:0/2057877183 >> [v2:172.21.15.3:3300/0,v1:172.21.15.3:6789/0] conn(0x7fd3681060d0 0x7fd3681064f0 secure :-1 s=READY pgs=35 cs=0 l=1 rev1=1 crypto rx=0x7fd35c0098a0 tx=0x7fd35c009bb0 comp rx=0 tx=0).stop
2023-08-11T13:54:37.284 INFO:teuthology.orchestra.run.smithi003.stdout:/usr/bin/ceph: stderr
2023-08-11T13:54:36.619+0000 7fd36ebb9700 1 -- 172.21.15.3:0/2057877183 shutdown_connections
2023-08-11T13:54:37.284 INFO:teuthology.orchestra.run.smithi003.stdout:/usr/bin/ceph: stderr
2023-08-11T13:54:36.619+0000 7fd36ebb9700 1 --2- 172.21.15.3:0/2057877183 >> [v2:172.21.15.3:3300/0,v1:172.21.15.3:6789/0] conn(0x7fd3681060d0 0x7fd3681064f0 unknown :-1 s=CLOSED pgs=35 cs=0 l=1 rev1=1 crypto rx=0 tx=0 comp rx=0 tx=0).stop
2023-08-11T13:54:37.284 INFO:teuthology.orchestra.run.smithi003.stdout:/usr/bin/ceph: stderr
2023-08-11T13:54:36.619+0000 7fd36ebb9700 1 -- 172.21.15.3:0/2057877183 >> 172.21.15.3:0/2057877183 conn(0x7fd3681016b0 msgr2=0x7fd368103ad0 unknown :-1 s=STATE_NONE l=0).mark_down
2023-08-11T13:54:37.285 INFO:teuthology.orchestra.run.smithi003.stdout:/usr/bin/ceph: stderr
2023-08-11T13:54:36.619+0000 7fd36ebb9700 1 -- 172.21.15.3:0/2057877183 shutdown_connections
2023-08-11T13:54:37.285 INFO:teuthology.orchestra.run.smithi003.stdout:/usr/bin/ceph: stderr
2023-08-11T13:54:36.619+0000 7fd36ebb9700 1 -- 172.21.15.3:0/2057877183 wait complete.
2023-08-11T13:54:37.285 INFO:teuthology.orchestra.run.smithi003.stdout:/usr/bin/ceph: stderr
2023-08-11T13:54:36.620+0000 7fd36ebb9700 1 Processor -- start
2023-08-11T13:54:37.285 INFO:teuthology.orchestra.run.smithi003.stdout:/usr/bin/ceph: stderr
2023-08-11T13:54:36.621+0000 7fd36ebb9700 1 -- start start
2023-08-11T13:54:37.285 INFO:teuthology.orchestra.run.smithi003.stdout:/usr/bin/ceph: stderr
2023-08-11T13:54:36.621+0000 7fd36ebb9700 1 --2- >> [v2:172.21.15.3:3300/0,v1:172.21.15.3:6789/0] conn(0x7fd3681060d0 0x7fd368199e30 unknown :-1 s=NONE pgs=0 cs=0 l=1 rev1=0 crypto rx=0 tx=0 comp rx=0 tx=0).connect
2023-08-11T13:54:37.285 INFO:teuthology.orchestra.run.smithi003.stdout:/usr/bin/ceph: stderr
2023-08-11T13:54:36.621+0000 7fd36ebb9700 1 -- --> [v2:172.21.15.3:3300/0,v1:172.21.15.3:6789/0] -- mon_getmap magic: 0 v1 -- 0x7fd36819a370 con 0x7fd3681060d0
2023-08-11T13:54:37.286 INFO:teuthology.orchestra.run.smithi003.stdout:/usr/bin/ceph: stderr
2023-08-11T13:54:36.621+0000 7fd36c955700 1 --2- >> [v2:172.21.15.3:3300/0,v1:172.21.15.3:6789/0] conn(0x7fd3681060d0 0x7fd368199e30 unknown :-1 s=BANNER_CONNECTING pgs=0 cs=0 l=1 rev1=0 crypto rx=0 tx=0 comp rx=0 tx=0)._handle_peer_banner_payload supported=3 required=0
2023-08-11T13:54:37.286 INFO:teuthology.orchestra.run.smithi003.stdout:/usr/bin/ceph: stderr
2023-08-11T13:54:36.621+0000 7fd36c955700 1 --2- >> [v2:172.21.15.3:3300/0,v1:172.21.15.3:6789/0] conn(0x7fd3681060d0 0x7fd368199e30 unknown :-1 s=HELLO_CONNECTING pgs=0 cs=0 l=1 rev1=1 crypto rx=0 tx=0 comp rx=0 tx=0).handle_hello peer v2:172.21.15.3:3300/0 says I am v2:172.21.15.3:48506/0 (socket says 172.21.15.3:48506)
2023-08-11T13:54:37.286 INFO:teuthology.orchestra.run.smithi003.stdout:/usr/bin/ceph: stderr
2023-08-11T13:54:36.621+0000 7fd36c955700 1 -- 172.21.15.3:0/3504062795 learned_addr learned my addr 172.21.15.3:0/3504062795 (peer_addr_for_me v2:172.21.15.3:0/0)
2023-08-11T13:54:37.286 INFO:teuthology.orchestra.run.smithi003.stdout:/usr/bin/ceph: stderr
2023-08-11T13:54:36.621+0000 7fd36c955700 1 -- 172.21.15.3:0/3504062795 --> [v2:172.21.15.3:3300/0,v1:172.21.15.3:6789/0] -- mon_subscribe({config=0+,monmap=0+}) v3 -- 0x7fd35c009550 con 0x7fd3681060d0
2023-08-11T13:54:37.286 INFO:teuthology.orchestra.run.smithi003.stdout:/usr/bin/ceph: stderr
2023-08-11T13:54:36.622+0000 7fd36c955700 1 --2- 172.21.15.3:0/3504062795 >> [v2:172.21.15.3:3300/0,v1:172.21.15.3:6789/0] conn(0x7fd3681060d0 0x7fd368199e30 secure :-1 s=READY pgs=36 cs=0 l=1 rev1=1 crypto rx=0x7fd35c009130 tx=0x7fd35c011ad0 comp rx=0 tx=0).ready entity=mon.0 client_cookie=0 server_cookie=0 in_seq=0 out_seq=0
2023-08-11T13:54:37.288 INFO:teuthology.orchestra.run.smithi003.stdout:/usr/bin/ceph: stderr
2023-08-11T13:54:36.622+0000 7fd365ffb700 1 -- 172.21.15.3:0/3504062795 <== mon.0 v2:172.21.15.3:3300/0 1 ==== mon_map magic: 0 v1 ==== 205+0+0 (secure 0 0 0) 0x7fd35c003ab0 con 0x7fd3681060d0
2023-08-11T13:54:37.288 INFO:teuthology.orchestra.run.smithi003.stdout:/usr/bin/ceph: stderr
2023-08-11T13:54:36.622+0000 7fd365ffb700 1 -- 172.21.15.3:0/3504062795 <== mon.0 v2:172.21.15.3:3300/0 2 ==== config(26 keys) v1 ==== 1074+0+0 (secure 0 0 0) 0x7fd35c003c10 con 0x7fd3681060d0
2023-08-11T13:54:37.289 INFO:teuthology.orchestra.run.smithi003.stdout:/usr/bin/ceph: stderr
2023-08-11T13:54:36.622+0000 7fd36ebb9700 1 -- 172.21.15.3:0/3504062795 --> [v2:172.21.15.3:3300/0,v1:172.21.15.3:6789/0] -- mon_subscribe({mgrmap=0+}) v3 -- 0x7fd36819a570 con 0x7fd3681060d0
2023-08-11T13:54:37.289 INFO:teuthology.orchestra.run.smithi003.stdout:/usr/bin/ceph: stderr
2023-08-11T13:54:36.622+0000 7fd365ffb700 1 -- 172.21.15.3:0/3504062795 <== mon.0 v2:172.21.15.3:3300/0 3 ==== mon_map magic: 0 v1 ==== 205+0+0 (secure 0 0 0) 0x7fd35c0247d0 con 0x7fd3681060d0
2023-08-11T13:54:37.289 INFO:teuthology.orchestra.run.smithi003.stdout:/usr/bin/ceph: stderr
2023-08-11T13:54:36.622+0000 7fd36ebb9700 1 -- 172.21.15.3:0/3504062795 --> [v2:172.21.15.3:3300/0,v1:172.21.15.3:6789/0] -- mon_subscribe({osdmap=0}) v3 -- 0x7fd36819a990 con 0x7fd3681060d0
2023-08-11T13:54:37.289 INFO:teuthology.orchestra.run.smithi003.stdout:/usr/bin/ceph: stderr
2023-08-11T13:54:36.623+0000 7fd365ffb700 1 -- 172.21.15.3:0/3504062795 <== mon.0 v2:172.21.15.3:3300/0 4 ==== mgrmap(e 7) v1 ==== 45029+0+0 (secure 0 0 0) 0x7fd35c01a430 con 0x7fd3681060d0
2023-08-11T13:54:37.290 INFO:teuthology.orchestra.run.smithi003.stdout:/usr/bin/ceph: stderr
2023-08-11T13:54:36.623+0000 7fd36ebb9700 1 -- 172.21.15.3:0/3504062795 --> [v2:172.21.15.3:3300/0,v1:172.21.15.3:6789/0] -- mon_command({"prefix": "get_command_descriptions"} v 0) v1 -- 0x7fd368061f50 con 0x7fd3681060d0
2023-08-11T13:54:37.290 INFO:teuthology.orchestra.run.smithi003.stdout:/usr/bin/ceph: stderr
2023-08-11T13:54:36.624+0000 7fd365ffb700 1 --2- 172.21.15.3:0/3504062795 >> [v2:172.21.15.3:6800/1168721553,v1:172.21.15.3:6801/1168721553] conn(0x7fd358038030 0x7fd35803a4f0 unknown :-1 s=NONE pgs=0 cs=0 l=1 rev1=0 crypto rx=0 tx=0 comp rx=0 tx=0).connect
2023-08-11T13:54:37.290 INFO:teuthology.orchestra.run.smithi003.stdout:/usr/bin/ceph: stderr
2023-08-11T13:54:36.624+0000 7fd365ffb700 1 -- 172.21.15.3:0/3504062795 <== mon.0 v2:172.21.15.3:3300/0 5 ==== osd_map(2..2 src has 1..2) v4 ==== 940+0+0 (secure 0 0 0) 0x7fd35c04bec0 con 0x7fd3681060d0
2023-08-11T13:54:37.290 INFO:teuthology.orchestra.run.smithi003.stdout:/usr/bin/ceph: stderr
2023-08-11T13:54:36.624+0000 7fd367fff700 1 --2- 172.21.15.3:0/3504062795 >> [v2:172.21.15.3:6800/1168721553,v1:172.21.15.3:6801/1168721553] conn(0x7fd358038030 0x7fd35803a4f0 unknown :-1 s=BANNER_CONNECTING pgs=0 cs=0 l=1 rev1=0 crypto rx=0 tx=0 comp rx=0 tx=0)._handle_peer_banner_payload supported=3 required=0
2023-08-11T13:54:37.290 INFO:teuthology.orchestra.run.smithi003.stdout:/usr/bin/ceph: stderr
2023-08-11T13:54:36.625+0000 7fd367fff700 1 --2- 172.21.15.3:0/3504062795 >> [v2:172.21.15.3:6800/1168721553,v1:172.21.15.3:6801/1168721553] conn(0x7fd358038030 0x7fd35803a4f0 secure :-1 s=READY pgs=7 cs=0 l=1 rev1=1 crypto rx=0x7fd354006fd0 tx=0x7fd354006e40 comp rx=0 tx=0).ready entity=mgr.14118 client_cookie=0 server_cookie=0 in_seq=0 out_seq=0
2023-08-11T13:54:37.290 INFO:teuthology.orchestra.run.smithi003.stdout:/usr/bin/ceph: stderr
2023-08-11T13:54:36.629+0000 7fd365ffb700 1 -- 172.21.15.3:0/3504062795 <== mon.0 v2:172.21.15.3:3300/0 6 ==== mon_command_ack([{"prefix": "get_command_descriptions"}]=0 v0) v1 ==== 72+0+179220 (secure 0 0 0) 0x7fd35c018b40 con 0x7fd3681060d0
2023-08-11T13:54:37.290 INFO:teuthology.orchestra.run.smithi003.stdout:/usr/bin/ceph: stderr
2023-08-11T13:54:36.661+0000 7fd365ffb700 1 -- 172.21.15.3:0/3504062795 <== mon.0 v2:172.21.15.3:3300/0 7 ==== mgrmap(e 8) v1 ==== 45135+0+0 (secure 0 0 0) 0x7fd35c050070 con 0x7fd3681060d0
2023-08-11T13:54:37.290 INFO:teuthology.orchestra.run.smithi003.stdout:/usr/bin/ceph: stderr
2023-08-11T13:54:36.858+0000 7fd36ebb9700 1 -- 172.21.15.3:0/3504062795 --> [v2:172.21.15.3:6800/1168721553,v1:172.21.15.3:6801/1168721553] -- mgr_command(tid 0: {"prefix": "orch set backend", "module_name": "cephadm", "target": ["mon-mgr", ""]}) v1 -- 0x7fd368103a10 con 0x7fd358038030
2023-08-11T13:54:37.291 INFO:teuthology.orchestra.run.smithi003.stdout:/usr/bin/ceph: stderr
2023-08-11T13:54:36.864+0000 7fd365ffb700 1 -- 172.21.15.3:0/3504062795 <== mgr.14118 v2:172.21.15.3:6800/1168721553 1 ==== mgr_command_reply(tid 0: 0 ) v1 ==== 8+0+0 (secure 0 0 0) 0x7fd368103a10 con 0x7fd358038030
2023-08-11T13:54:37.291 INFO:teuthology.orchestra.run.smithi003.stdout:/usr/bin/ceph: stderr
2023-08-11T13:54:36.867+0000 7fd36ebb9700 1 -- 172.21.15.3:0/3504062795 >> [v2:172.21.15.3:6800/1168721553,v1:172.21.15.3:6801/1168721553] conn(0x7fd358038030 msgr2=0x7fd35803a4f0 secure :-1 s=STATE_CONNECTION_ESTABLISHED l=1).mark_down
2023-08-11T13:54:37.291 INFO:teuthology.orchestra.run.smithi003.stdout:/usr/bin/ceph: stderr
2023-08-11T13:54:36.867+0000 7fd36ebb9700 1 --2- 172.21.15.3:0/3504062795 >> [v2:172.21.15.3:6800/1168721553,v1:172.21.15.3:6801/1168721553] conn(0x7fd358038030 0x7fd35803a4f0 secure :-1 s=READY pgs=7 cs=0 l=1 rev1=1 crypto rx=0x7fd354006fd0 tx=0x7fd354006e40 comp rx=0 tx=0).stop
2023-08-11T13:54:37.291 INFO:teuthology.orchestra.run.smithi003.stdout:/usr/bin/ceph: stderr
2023-08-11T13:54:36.867+0000 7fd36ebb9700 1 -- 172.21.15.3:0/3504062795 >> [v2:172.21.15.3:3300/0,v1:172.21.15.3:6789/0] conn(0x7fd3681060d0 msgr2=0x7fd368199e30 secure :-1 s=STATE_CONNECTION_ESTABLISHED l=1).mark_down
2023-08-11T13:54:37.291 INFO:teuthology.orchestra.run.smithi003.stdout:/usr/bin/ceph: stderr
2023-08-11T13:54:36.867+0000 7fd36ebb9700 1 --2- 172.21.15.3:0/3504062795 >> [v2:172.21.15.3:3300/0,v1:172.21.15.3:6789/0] conn(0x7fd3681060d0 0x7fd368199e30 secure :-1 s=READY pgs=36 cs=0 l=1 rev1=1 crypto rx=0x7fd35c009130 tx=0x7fd35c011ad0 comp rx=0 tx=0).stop
2023-08-11T13:54:37.292 INFO:teuthology.orchestra.run.smithi003.stdout:/usr/bin/ceph: stderr
2023-08-11T13:54:36.867+0000 7fd36ebb9700 1 -- 172.21.15.3:0/3504062795 shutdown_connections
2023-08-11T13:54:37.292 INFO:teuthology.orchestra.run.smithi003.stdout:/usr/bin/ceph: stderr
2023-08-11T13:54:36.867+0000 7fd36ebb9700 1 --2- 172.21.15.3:0/3504062795 >> [v2:172.21.15.3:6800/1168721553,v1:172.21.15.3:6801/1168721553] conn(0x7fd358038030 0x7fd35803a4f0 unknown :-1 s=CLOSED pgs=7 cs=0 l=1 rev1=1 crypto rx=0 tx=0 comp rx=0 tx=0).stop
2023-08-11T13:54:37.292 INFO:teuthology.orchestra.run.smithi003.stdout:/usr/bin/ceph: stderr
2023-08-11T13:54:36.867+0000 7fd36ebb9700 1 --2- 172.21.15.3:0/3504062795 >> [v2:172.21.15.3:3300/0,v1:172.21.15.3:6789/0] conn(0x7fd3681060d0 0x7fd368199e30 unknown :-1 s=CLOSED pgs=36 cs=0 l=1 rev1=1 crypto rx=0 tx=0 comp rx=0 tx=0).stop
2023-08-11T13:54:37.292 INFO:teuthology.orchestra.run.smithi003.stdout:/usr/bin/ceph: stderr
2023-08-11T13:54:36.867+0000 7fd36ebb9700 1 -- 172.21.15.3:0/3504062795 >> 172.21.15.3:0/3504062795 conn(0x7fd3681016b0 msgr2=0x7fd368102df0 unknown :-1 s=STATE_NONE l=0).mark_down
2023-08-11T13:54:37.292 INFO:teuthology.orchestra.run.smithi003.stdout:/usr/bin/ceph: stderr
2023-08-11T13:54:36.867+0000 7fd36ebb9700 1 -- 172.21.15.3:0/3504062795 shutdown_connections
2023-08-11T13:54:37.292 INFO:teuthology.orchestra.run.smithi003.stdout:/usr/bin/ceph: stderr
2023-08-11T13:54:36.867+0000 7fd36ebb9700 1 -- 172.21.15.3:0/3504062795 wait complete.
2023-08-11T13:54:38.041 INFO:journalctl@ceph.mon.a.smithi003.stdout:Aug 11 13:54:37 smithi003 ceph-mon[97195]: mgrmap e8: x(active, since 2s)
2023-08-11T13:54:38.041 INFO:journalctl@ceph.mon.a.smithi003.stdout:Aug 11 13:54:37 smithi003 ceph-mon[97195]: from='client.14130 -' entity='client.admin' cmd=[{"prefix": "orch set backend", "module_name": "cephadm", "target": ["mon-mgr", ""]}]: dispatch
2023-08-11T13:54:38.041 INFO:journalctl@ceph.mon.a.smithi003.stdout:Aug 11 13:54:37 smithi003 ceph-mon[97195]: from='mgr.14118 172.21.15.3:0/2918504989' entity='mgr.x'
2023-08-11T13:54:38.042 INFO:journalctl@ceph.mon.a.smithi003.stdout:Aug 11 13:54:37 smithi003 ceph-mon[97195]: from='mgr.14118 172.21.15.3:0/2918504989' entity='mgr.x' cmd=[{"prefix": "config dump", "format": "json"}]: dispatch
2023-08-11T13:54:38.464 INFO:teuthology.orchestra.run.smithi003.stdout:/usr/bin/ceph: stdout value unchanged
2023-08-11T13:54:38.464 INFO:teuthology.orchestra.run.smithi003.stdout:/usr/bin/ceph: stderr
2023-08-11T13:54:37.831+0000 7f1b8bcdd700 1 Processor -- start
2023-08-11T13:54:38.464 INFO:teuthology.orchestra.run.smithi003.stdout:/usr/bin/ceph: stderr
2023-08-11T13:54:37.832+0000 7f1b8bcdd700 1 -- start start
2023-08-11T13:54:38.464 INFO:teuthology.orchestra.run.smithi003.stdout:/usr/bin/ceph: stderr
2023-08-11T13:54:37.832+0000 7f1b8bcdd700 1 --2- >> [v2:172.21.15.3:3300/0,v1:172.21.15.3:6789/0] conn(0x7f1b841060d0 0x7f1b841064f0 unknown :-1 s=NONE pgs=0 cs=0 l=0 rev1=0 crypto rx=0 tx=0 comp rx=0 tx=0).connect
2023-08-11T13:54:38.464 INFO:teuthology.orchestra.run.smithi003.stdout:/usr/bin/ceph: stderr
2023-08-11T13:54:37.832+0000 7f1b8bcdd700 1 -- --> [v2:172.21.15.3:3300/0,v1:172.21.15.3:6789/0] -- mon_getmap magic: 0 v1 -- 0x7f1b84106ac0 con 0x7f1b841060d0
2023-08-11T13:54:38.464 INFO:teuthology.orchestra.run.smithi003.stdout:/usr/bin/ceph: stderr
2023-08-11T13:54:37.832+0000 7f1b89a79700 1 --2- >> [v2:172.21.15.3:3300/0,v1:172.21.15.3:6789/0] conn(0x7f1b841060d0 0x7f1b841064f0 unknown :-1 s=BANNER_CONNECTING pgs=0 cs=0 l=0 rev1=0 crypto rx=0 tx=0 comp rx=0 tx=0)._handle_peer_banner_payload supported=3 required=0
2023-08-11T13:54:38.465 INFO:teuthology.orchestra.run.smithi003.stdout:/usr/bin/ceph: stderr
2023-08-11T13:54:37.832+0000 7f1b89a79700 1 --2- >> [v2:172.21.15.3:3300/0,v1:172.21.15.3:6789/0] conn(0x7f1b841060d0 0x7f1b841064f0 unknown :-1 s=HELLO_CONNECTING pgs=0 cs=0 l=0 rev1=1 crypto rx=0 tx=0 comp rx=0 tx=0).handle_hello peer v2:172.21.15.3:3300/0 says I am v2:172.21.15.3:48508/0 (socket says 172.21.15.3:48508)
2023-08-11T13:54:38.465 INFO:teuthology.orchestra.run.smithi003.stdout:/usr/bin/ceph: stderr
2023-08-11T13:54:37.832+0000 7f1b89a79700 1 -- 172.21.15.3:0/2451530291 learned_addr learned my addr 172.21.15.3:0/2451530291 (peer_addr_for_me v2:172.21.15.3:0/0)
2023-08-11T13:54:38.465 INFO:teuthology.orchestra.run.smithi003.stdout:/usr/bin/ceph: stderr
2023-08-11T13:54:37.833+0000 7f1b89a79700 1 -- 172.21.15.3:0/2451530291 --> [v2:172.21.15.3:3300/0,v1:172.21.15.3:6789/0] -- mon_subscribe({config=0+,monmap=0+}) v3 -- 0x7f1b841072d0 con 0x7f1b841060d0
2023-08-11T13:54:38.465 INFO:teuthology.orchestra.run.smithi003.stdout:/usr/bin/ceph: stderr
2023-08-11T13:54:37.833+0000 7f1b89a79700 1 --2- 172.21.15.3:0/2451530291 >> [v2:172.21.15.3:3300/0,v1:172.21.15.3:6789/0] conn(0x7f1b841060d0 0x7f1b841064f0 secure :-1 s=READY pgs=37 cs=0 l=1 rev1=1 crypto rx=0x7f1b800098a0 tx=0x7f1b80009bb0 comp rx=0 tx=0).ready entity=mon.0 client_cookie=fb3cf0194e7e47b7 server_cookie=0 in_seq=0 out_seq=0
2023-08-11T13:54:38.465 INFO:teuthology.orchestra.run.smithi003.stdout:/usr/bin/ceph: stderr
2023-08-11T13:54:37.833+0000 7f1b88a77700 1 -- 172.21.15.3:0/2451530291 <== mon.0 v2:172.21.15.3:3300/0 1 ==== mon_map magic: 0 v1 ==== 205+0+0 (secure 0 0 0) 0x7f1b80004160 con 0x7f1b841060d0
2023-08-11T13:54:38.465 INFO:teuthology.orchestra.run.smithi003.stdout:/usr/bin/ceph: stderr
2023-08-11T13:54:37.833+0000 7f1b88a77700 1 -- 172.21.15.3:0/2451530291 <== mon.0 v2:172.21.15.3:3300/0 2 ==== config(26 keys) v1 ==== 1074+0+0 (secure 0 0 0) 0x7f1b800042c0 con 0x7f1b841060d0
2023-08-11T13:54:38.465 INFO:teuthology.orchestra.run.smithi003.stdout:/usr/bin/ceph: stderr
2023-08-11T13:54:37.833+0000 7f1b88a77700 1 -- 172.21.15.3:0/2451530291 <== mon.0 v2:172.21.15.3:3300/0 3 ==== mon_map magic: 0 v1 ==== 205+0+0 (secure 0 0 0) 0x7f1b80011a00 con 0x7f1b841060d0
2023-08-11T13:54:38.466 INFO:teuthology.orchestra.run.smithi003.stdout:/usr/bin/ceph: stderr
2023-08-11T13:54:37.834+0000 7f1b8bcdd700 1 -- 172.21.15.3:0/2451530291 >> [v2:172.21.15.3:3300/0,v1:172.21.15.3:6789/0] conn(0x7f1b841060d0 msgr2=0x7f1b841064f0 secure :-1 s=STATE_CONNECTION_ESTABLISHED l=1).mark_down
2023-08-11T13:54:38.466 INFO:teuthology.orchestra.run.smithi003.stdout:/usr/bin/ceph: stderr
2023-08-11T13:54:37.834+0000 7f1b8bcdd700 1 --2- 172.21.15.3:0/2451530291 >> [v2:172.21.15.3:3300/0,v1:172.21.15.3:6789/0] conn(0x7f1b841060d0 0x7f1b841064f0 secure :-1 s=READY pgs=37 cs=0 l=1 rev1=1 crypto rx=0x7f1b800098a0 tx=0x7f1b80009bb0 comp rx=0 tx=0).stop
2023-08-11T13:54:38.466 INFO:teuthology.orchestra.run.smithi003.stdout:/usr/bin/ceph: stderr
2023-08-11T13:54:37.834+0000 7f1b8bcdd700 1 -- 172.21.15.3:0/2451530291 shutdown_connections
2023-08-11T13:54:38.466 INFO:teuthology.orchestra.run.smithi003.stdout:/usr/bin/ceph: stderr
2023-08-11T13:54:37.834+0000 7f1b8bcdd700 1 --2- 172.21.15.3:0/2451530291 >> [v2:172.21.15.3:3300/0,v1:172.21.15.3:6789/0] conn(0x7f1b841060d0 0x7f1b841064f0 unknown :-1 s=CLOSED pgs=37 cs=0 l=1 rev1=1 crypto rx=0 tx=0 comp rx=0 tx=0).stop
2023-08-11T13:54:38.466 INFO:teuthology.orchestra.run.smithi003.stdout:/usr/bin/ceph: stderr
2023-08-11T13:54:37.834+0000 7f1b8bcdd700 1 -- 172.21.15.3:0/2451530291 >> 172.21.15.3:0/2451530291 conn(0x7f1b841016b0 msgr2=0x7f1b84103ad0 unknown :-1 s=STATE_NONE l=0).mark_down
2023-08-11T13:54:38.466 INFO:teuthology.orchestra.run.smithi003.stdout:/usr/bin/ceph: stderr
2023-08-11T13:54:37.834+0000 7f1b8bcdd700 1 -- 172.21.15.3:0/2451530291 shutdown_connections
2023-08-11T13:54:38.466 INFO:teuthology.orchestra.run.smithi003.stdout:/usr/bin/ceph: stderr
2023-08-11T13:54:37.834+0000 7f1b8bcdd700 1 -- 172.21.15.3:0/2451530291 wait complete.
2023-08-11T13:54:38.466 INFO:teuthology.orchestra.run.smithi003.stdout:/usr/bin/ceph: stderr
2023-08-11T13:54:37.835+0000 7f1b8bcdd700 1 Processor -- start
2023-08-11T13:54:38.467 INFO:teuthology.orchestra.run.smithi003.stdout:/usr/bin/ceph: stderr
2023-08-11T13:54:37.835+0000 7f1b8bcdd700 1 -- start start
2023-08-11T13:54:38.467 INFO:teuthology.orchestra.run.smithi003.stdout:/usr/bin/ceph: stderr
2023-08-11T13:54:37.835+0000 7f1b8bcdd700 1 --2- >> [v2:172.21.15.3:3300/0,v1:172.21.15.3:6789/0] conn(0x7f1b841060d0 0x7f1b8419c030 unknown :-1 s=NONE pgs=0 cs=0 l=1 rev1=0 crypto rx=0 tx=0 comp rx=0 tx=0).connect
2023-08-11T13:54:38.467 INFO:teuthology.orchestra.run.smithi003.stdout:/usr/bin/ceph: stderr
2023-08-11T13:54:37.835+0000 7f1b8bcdd700 1 -- --> [v2:172.21.15.3:3300/0,v1:172.21.15.3:6789/0] -- mon_getmap magic: 0 v1 -- 0x7f1b8419c570 con 0x7f1b841060d0
2023-08-11T13:54:38.467 INFO:teuthology.orchestra.run.smithi003.stdout:/usr/bin/ceph: stderr
2023-08-11T13:54:37.835+0000 7f1b89a79700 1 --2- >> [v2:172.21.15.3:3300/0,v1:172.21.15.3:6789/0] conn(0x7f1b841060d0 0x7f1b8419c030 unknown :-1 s=BANNER_CONNECTING pgs=0 cs=0 l=1 rev1=0 crypto rx=0 tx=0 comp rx=0 tx=0)._handle_peer_banner_payload supported=3 required=0
2023-08-11T13:54:38.467 INFO:teuthology.orchestra.run.smithi003.stdout:/usr/bin/ceph: stderr
2023-08-11T13:54:37.836+0000 7f1b89a79700 1 --2- >> [v2:172.21.15.3:3300/0,v1:172.21.15.3:6789/0] conn(0x7f1b841060d0 0x7f1b8419c030 unknown :-1 s=HELLO_CONNECTING pgs=0 cs=0 l=1 rev1=1 crypto rx=0 tx=0 comp rx=0 tx=0).handle_hello peer v2:172.21.15.3:3300/0 says I am v2:172.21.15.3:48510/0 (socket says 172.21.15.3:48510)
2023-08-11T13:54:38.467 INFO:teuthology.orchestra.run.smithi003.stdout:/usr/bin/ceph: stderr
2023-08-11T13:54:37.836+0000 7f1b89a79700 1 -- 172.21.15.3:0/4060307300 learned_addr learned my addr 172.21.15.3:0/4060307300 (peer_addr_for_me v2:172.21.15.3:0/0)
2023-08-11T13:54:38.467 INFO:teuthology.orchestra.run.smithi003.stdout:/usr/bin/ceph: stderr
2023-08-11T13:54:37.836+0000 7f1b89a79700 1 -- 172.21.15.3:0/4060307300 --> [v2:172.21.15.3:3300/0,v1:172.21.15.3:6789/0] -- mon_subscribe({config=0+,monmap=0+}) v3 -- 0x7f1b80009550 con 0x7f1b841060d0
2023-08-11T13:54:38.467 INFO:teuthology.orchestra.run.smithi003.stdout:/usr/bin/ceph: stderr
2023-08-11T13:54:37.836+0000 7f1b89a79700 1 --2- 172.21.15.3:0/4060307300 >> [v2:172.21.15.3:3300/0,v1:172.21.15.3:6789/0] conn(0x7f1b841060d0 0x7f1b8419c030 secure :-1 s=READY pgs=38 cs=0 l=1 rev1=1 crypto rx=0x7f1b80009130 tx=0x7f1b80011ad0 comp rx=0 tx=0).ready entity=mon.0 client_cookie=0 server_cookie=0 in_seq=0 out_seq=0
2023-08-11T13:54:38.468 INFO:teuthology.orchestra.run.smithi003.stdout:/usr/bin/ceph: stderr
2023-08-11T13:54:37.836+0000 7f1b7affd700 1 -- 172.21.15.3:0/4060307300 <== mon.0 v2:172.21.15.3:3300/0 1 ==== mon_map magic: 0 v1 ==== 205+0+0 (secure 0 0 0) 0x7f1b80003ab0 con 0x7f1b841060d0
2023-08-11T13:54:38.468 INFO:teuthology.orchestra.run.smithi003.stdout:/usr/bin/ceph: stderr
2023-08-11T13:54:37.836+0000 7f1b7affd700 1 -- 172.21.15.3:0/4060307300 <== mon.0 v2:172.21.15.3:3300/0 2 ==== config(26 keys) v1 ==== 1074+0+0 (secure 0 0 0) 0x7f1b80003c10 con 0x7f1b841060d0
2023-08-11T13:54:38.468 INFO:teuthology.orchestra.run.smithi003.stdout:/usr/bin/ceph: stderr
2023-08-11T13:54:37.836+0000 7f1b7affd700 1 -- 172.21.15.3:0/4060307300 <== mon.0 v2:172.21.15.3:3300/0 3 ==== mon_map magic: 0 v1 ==== 205+0+0 (secure 0 0 0) 0x7f1b800247d0 con 0x7f1b841060d0
2023-08-11T13:54:38.468 INFO:teuthology.orchestra.run.smithi003.stdout:/usr/bin/ceph: stderr
2023-08-11T13:54:37.836+0000 7f1b8bcdd700 1 -- 172.21.15.3:0/4060307300 --> [v2:172.21.15.3:3300/0,v1:172.21.15.3:6789/0] -- mon_subscribe({mgrmap=0+}) v3 -- 0x7f1b8419c770 con 0x7f1b841060d0
2023-08-11T13:54:38.468 INFO:teuthology.orchestra.run.smithi003.stdout:/usr/bin/ceph: stderr
2023-08-11T13:54:37.837+0000 7f1b8bcdd700 1 -- 172.21.15.3:0/4060307300 --> [v2:172.21.15.3:3300/0,v1:172.21.15.3:6789/0] -- mon_subscribe({osdmap=0}) v3 -- 0x7f1b8419cb90 con 0x7f1b841060d0
2023-08-11T13:54:38.468 INFO:teuthology.orchestra.run.smithi003.stdout:/usr/bin/ceph: stderr
2023-08-11T13:54:37.837+0000 7f1b8bcdd700 1 -- 172.21.15.3:0/4060307300 --> [v2:172.21.15.3:3300/0,v1:172.21.15.3:6789/0] -- mon_command({"prefix": "get_command_descriptions"} v 0) v1 -- 0x7f1b84061f50 con 0x7f1b841060d0
2023-08-11T13:54:38.468 INFO:teuthology.orchestra.run.smithi003.stdout:/usr/bin/ceph: stderr
2023-08-11T13:54:37.838+0000 7f1b7affd700 1 -- 172.21.15.3:0/4060307300 <== mon.0 v2:172.21.15.3:3300/0 4 ==== mgrmap(e 8) v1 ==== 45135+0+0 (secure 0 0 0) 0x7f1b8001abb0 con 0x7f1b841060d0
2023-08-11T13:54:38.469 INFO:teuthology.orchestra.run.smithi003.stdout:/usr/bin/ceph: stderr
2023-08-11T13:54:37.839+0000 7f1b7affd700 1 --2- 172.21.15.3:0/4060307300 >> [v2:172.21.15.3:6800/1168721553,v1:172.21.15.3:6801/1168721553] conn(0x7f1b70038160 0x7f1b7003a620 unknown :-1 s=NONE pgs=0 cs=0 l=1 rev1=0 crypto rx=0 tx=0 comp rx=0 tx=0).connect
2023-08-11T13:54:38.469 INFO:teuthology.orchestra.run.smithi003.stdout:/usr/bin/ceph: stderr
2023-08-11T13:54:37.839+0000 7f1b7affd700 1 -- 172.21.15.3:0/4060307300 <== mon.0 v2:172.21.15.3:3300/0 5 ==== osd_map(2..2 src has 1..2) v4 ==== 940+0+0 (secure 0 0 0) 0x7f1b8004c3f0 con 0x7f1b841060d0
2023-08-11T13:54:38.469 INFO:teuthology.orchestra.run.smithi003.stdout:/usr/bin/ceph: stderr
2023-08-11T13:54:37.839+0000 7f1b89278700 1 --2- 172.21.15.3:0/4060307300 >> [v2:172.21.15.3:6800/1168721553,v1:172.21.15.3:6801/1168721553] conn(0x7f1b70038160 0x7f1b7003a620 unknown :-1 s=BANNER_CONNECTING pgs=0 cs=0 l=1 rev1=0 crypto rx=0 tx=0 comp rx=0 tx=0)._handle_peer_banner_payload supported=3 required=0
2023-08-11T13:54:38.469 INFO:teuthology.orchestra.run.smithi003.stdout:/usr/bin/ceph: stderr
2023-08-11T13:54:37.840+0000 7f1b89278700 1 --2- 172.21.15.3:0/4060307300 >> [v2:172.21.15.3:6800/1168721553,v1:172.21.15.3:6801/1168721553] conn(0x7f1b70038160 0x7f1b7003a620 secure :-1 s=READY pgs=8 cs=0 l=1 rev1=1 crypto rx=0x7f1b74006fd0 tx=0x7f1b74006e40 comp rx=0 tx=0).ready entity=mgr.14118 client_cookie=0 server_cookie=0 in_seq=0 out_seq=0
2023-08-11T13:54:38.469 INFO:teuthology.orchestra.run.smithi003.stdout:/usr/bin/ceph: stderr
2023-08-11T13:54:37.844+0000 7f1b7affd700 1 -- 172.21.15.3:0/4060307300 <== mon.0 v2:172.21.15.3:3300/0 6 ==== mon_command_ack([{"prefix": "get_command_descriptions"}]=0 v0) v1 ==== 72+0+179220 (secure 0 0 0) 0x7f1b80018760 con 0x7f1b841060d0
2023-08-11T13:54:38.469 INFO:teuthology.orchestra.run.smithi003.stdout:/usr/bin/ceph: stderr
2023-08-11T13:54:38.050+0000 7f1b8bcdd700 1 -- 172.21.15.3:0/4060307300 --> [v2:172.21.15.3:6800/1168721553,v1:172.21.15.3:6801/1168721553] -- mgr_command(tid 0: {"prefix": "cephadm set-user", "user": "root", "target": ["mon-mgr", ""]}) v1 -- 0x7f1b84103a10 con 0x7f1b70038160
2023-08-11T13:54:38.469 INFO:teuthology.orchestra.run.smithi003.stdout:/usr/bin/ceph: stderr
2023-08-11T13:54:38.051+0000 7f1b7affd700 1 -- 172.21.15.3:0/4060307300 <== mgr.14118 v2:172.21.15.3:6800/1168721553 1 ==== mgr_command_reply(tid 0: 0 ) v1 ==== 8+0+16 (secure 0 0 0) 0x7f1b84103a10 con 0x7f1b70038160
2023-08-11T13:54:38.469 INFO:teuthology.orchestra.run.smithi003.stdout:/usr/bin/ceph: stderr
2023-08-11T13:54:38.053+0000 7f1b8bcdd700 1 -- 172.21.15.3:0/4060307300 >> [v2:172.21.15.3:6800/1168721553,v1:172.21.15.3:6801/1168721553] conn(0x7f1b70038160 msgr2=0x7f1b7003a620 secure :-1 s=STATE_CONNECTION_ESTABLISHED l=1).mark_down
2023-08-11T13:54:38.470 INFO:teuthology.orchestra.run.smithi003.stdout:/usr/bin/ceph: stderr
2023-08-11T13:54:38.053+0000 7f1b8bcdd700 1 --2- 172.21.15.3:0/4060307300 >> [v2:172.21.15.3:6800/1168721553,v1:172.21.15.3:6801/1168721553] conn(0x7f1b70038160 0x7f1b7003a620 secure :-1 s=READY pgs=8 cs=0 l=1 rev1=1 crypto rx=0x7f1b74006fd0 tx=0x7f1b74006e40 comp rx=0 tx=0).stop
2023-08-11T13:54:38.470 INFO:teuthology.orchestra.run.smithi003.stdout:/usr/bin/ceph: stderr
2023-08-11T13:54:38.054+0000 7f1b8bcdd700 1 -- 172.21.15.3:0/4060307300 >> [v2:172.21.15.3:3300/0,v1:172.21.15.3:6789/0] conn(0x7f1b841060d0 msgr2=0x7f1b8419c030 secure :-1 s=STATE_CONNECTION_ESTABLISHED l=1).mark_down
2023-08-11T13:54:38.470 INFO:teuthology.orchestra.run.smithi003.stdout:/usr/bin/ceph: stderr
2023-08-11T13:54:38.054+0000 7f1b8bcdd700 1 --2- 172.21.15.3:0/4060307300 >> [v2:172.21.15.3:3300/0,v1:172.21.15.3:6789/0] conn(0x7f1b841060d0 0x7f1b8419c030 secure :-1 s=READY pgs=38 cs=0 l=1 rev1=1 crypto rx=0x7f1b80009130 tx=0x7f1b80011ad0 comp rx=0 tx=0).stop
2023-08-11T13:54:38.470 INFO:teuthology.orchestra.run.smithi003.stdout:/usr/bin/ceph: stderr
2023-08-11T13:54:38.054+0000 7f1b8bcdd700 1 -- 172.21.15.3:0/4060307300 shutdown_connections
2023-08-11T13:54:38.470 INFO:teuthology.orchestra.run.smithi003.stdout:/usr/bin/ceph: stderr
2023-08-11T13:54:38.054+0000 7f1b8bcdd700 1 --2- 172.21.15.3:0/4060307300 >> [v2:172.21.15.3:6800/1168721553,v1:172.21.15.3:6801/1168721553] conn(0x7f1b70038160 0x7f1b7003a620 unknown :-1 s=CLOSED pgs=8 cs=0 l=1 rev1=1 crypto rx=0 tx=0 comp rx=0 tx=0).stop
2023-08-11T13:54:38.470 INFO:teuthology.orchestra.run.smithi003.stdout:/usr/bin/ceph: stderr
2023-08-11T13:54:38.054+0000 7f1b8bcdd700 1 --2- 172.21.15.3:0/4060307300 >> [v2:172.21.15.3:3300/0,v1:172.21.15.3:6789/0] conn(0x7f1b841060d0 0x7f1b8419c030 unknown :-1 s=CLOSED pgs=38 cs=0 l=1 rev1=1 crypto rx=0 tx=0 comp rx=0 tx=0).stop
2023-08-11T13:54:38.470 INFO:teuthology.orchestra.run.smithi003.stdout:/usr/bin/ceph: stderr
2023-08-11T13:54:38.054+0000 7f1b8bcdd700 1 -- 172.21.15.3:0/4060307300 >> 172.21.15.3:0/4060307300 conn(0x7f1b841016b0 msgr2=0x7f1b84102db0 unknown :-1 s=STATE_NONE l=0).mark_down
2023-08-11T13:54:38.470 INFO:teuthology.orchestra.run.smithi003.stdout:/usr/bin/ceph: stderr
2023-08-11T13:54:38.054+0000 7f1b8bcdd700 1 -- 172.21.15.3:0/4060307300 shutdown_connections
2023-08-11T13:54:38.471 INFO:teuthology.orchestra.run.smithi003.stdout:/usr/bin/ceph: stderr
2023-08-11T13:54:38.054+0000 7f1b8bcdd700 1 -- 172.21.15.3:0/4060307300 wait complete.
2023-08-11T13:54:38.471 INFO:teuthology.orchestra.run.smithi003.stdout:Generating ssh key...
2023-08-11T13:54:39.041 INFO:journalctl@ceph.mon.a.smithi003.stdout:Aug 11 13:54:38 smithi003 ceph-mon[97195]: from='client.14132 -' entity='client.admin' cmd=[{"prefix": "cephadm set-user", "user": "root", "target": ["mon-mgr", ""]}]: dispatch
2023-08-11T13:54:40.041 INFO:journalctl@ceph.mgr.x.smithi003.stdout:Aug 11 13:54:39 smithi003 ceph-69ee59aa-384e-11ee-9b37-001a4aab830c-mgr-x[97441]: Generating public/private rsa key pair.
2023-08-11T13:54:40.041 INFO:journalctl@ceph.mgr.x.smithi003.stdout:Aug 11 13:54:39 smithi003 ceph-69ee59aa-384e-11ee-9b37-001a4aab830c-mgr-x[97441]: Your identification has been saved in /tmp/tmpzg083x8l/key.
2023-08-11T13:54:40.042 INFO:journalctl@ceph.mgr.x.smithi003.stdout:Aug 11 13:54:39 smithi003 ceph-69ee59aa-384e-11ee-9b37-001a4aab830c-mgr-x[97441]: Your public key has been saved in /tmp/tmpzg083x8l/key.pub.
2023-08-11T13:54:40.042 INFO:journalctl@ceph.mgr.x.smithi003.stdout:Aug 11 13:54:39 smithi003 ceph-69ee59aa-384e-11ee-9b37-001a4aab830c-mgr-x[97441]: The key fingerprint is:
2023-08-11T13:54:40.042 INFO:journalctl@ceph.mgr.x.smithi003.stdout:Aug 11 13:54:39 smithi003 ceph-69ee59aa-384e-11ee-9b37-001a4aab830c-mgr-x[97441]: SHA256:qOrR7OmdPKc/bERA6t2qtKAA6IE3TmFmbWIN5BUgr6Y ceph-69ee59aa-384e-11ee-9b37-001a4aab830c
2023-08-11T13:54:40.042 INFO:journalctl@ceph.mgr.x.smithi003.stdout:Aug 11 13:54:39 smithi003 ceph-69ee59aa-384e-11ee-9b37-001a4aab830c-mgr-x[97441]: The key's randomart image is:
2023-08-11T13:54:40.042 INFO:journalctl@ceph.mgr.x.smithi003.stdout:Aug 11 13:54:39 smithi003 ceph-69ee59aa-384e-11ee-9b37-001a4aab830c-mgr-x[97441]: +---[RSA 3072]----+
2023-08-11T13:54:40.042 INFO:journalctl@ceph.mgr.x.smithi003.stdout:Aug 11 13:54:39 smithi003 ceph-69ee59aa-384e-11ee-9b37-001a4aab830c-mgr-x[97441]: |..+.oo. |
2023-08-11T13:54:40.042 INFO:journalctl@ceph.mgr.x.smithi003.stdout:Aug 11 13:54:39 smithi003 ceph-69ee59aa-384e-11ee-9b37-001a4aab830c-mgr-x[97441]: | + = .. |
2023-08-11T13:54:40.043 INFO:journalctl@ceph.mgr.x.smithi003.stdout:Aug 11 13:54:39 smithi003 ceph-69ee59aa-384e-11ee-9b37-001a4aab830c-mgr-x[97441]: | X = . |
2023-08-11T13:54:40.043 INFO:journalctl@ceph.mgr.x.smithi003.stdout:Aug 11 13:54:39 smithi003 ceph-69ee59aa-384e-11ee-9b37-001a4aab830c-mgr-x[97441]: |o* = . o. |
2023-08-11T13:54:40.043 INFO:journalctl@ceph.mgr.x.smithi003.stdout:Aug 11 13:54:39 smithi003 ceph-69ee59aa-384e-11ee-9b37-001a4aab830c-mgr-x[97441]: |=o+ . o.S |
2023-08-11T13:54:40.043 INFO:journalctl@ceph.mgr.x.smithi003.stdout:Aug 11 13:54:39 smithi003 ceph-69ee59aa-384e-11ee-9b37-001a4aab830c-mgr-x[97441]: |=+.+ . .. |
2023-08-11T13:54:40.043 INFO:journalctl@ceph.mgr.x.smithi003.stdout:Aug 11 13:54:39 smithi003 ceph-69ee59aa-384e-11ee-9b37-001a4aab830c-mgr-x[97441]: |E.+ = .o |
2023-08-11T13:54:40.043 INFO:journalctl@ceph.mgr.x.smithi003.stdout:Aug 11 13:54:39 smithi003 ceph-69ee59aa-384e-11ee-9b37-001a4aab830c-mgr-x[97441]: |.. * *..= |
2023-08-11T13:54:40.043 INFO:journalctl@ceph.mgr.x.smithi003.stdout:Aug 11 13:54:39 smithi003 ceph-69ee59aa-384e-11ee-9b37-001a4aab830c-mgr-x[97441]: |..o.* =*.. |
2023-08-11T13:54:40.043 INFO:journalctl@ceph.mgr.x.smithi003.stdout:Aug 11 13:54:39 smithi003 ceph-69ee59aa-384e-11ee-9b37-001a4aab830c-mgr-x[97441]: +----[SHA256]-----+
2023-08-11T13:54:40.144 INFO:teuthology.orchestra.run.smithi003.stdout:/usr/bin/ceph: stderr
2023-08-11T13:54:38.980+0000 7f5dc5b7a700 1 Processor -- start
2023-08-11T13:54:40.144 INFO:teuthology.orchestra.run.smithi003.stdout:/usr/bin/ceph: stderr
2023-08-11T13:54:38.981+0000 7f5dc5b7a700 1 -- start start
2023-08-11T13:54:40.144 INFO:teuthology.orchestra.run.smithi003.stdout:/usr/bin/ceph: stderr
2023-08-11T13:54:38.981+0000 7f5dc5b7a700 1 --2- >> [v2:172.21.15.3:3300/0,v1:172.21.15.3:6789/0] conn(0x7f5dc01060d0 0x7f5dc01064f0 unknown :-1 s=NONE pgs=0 cs=0 l=0 rev1=0 crypto rx=0 tx=0 comp rx=0 tx=0).connect
2023-08-11T13:54:40.144 INFO:teuthology.orchestra.run.smithi003.stdout:/usr/bin/ceph: stderr
2023-08-11T13:54:38.981+0000 7f5dc5b7a700 1 -- --> [v2:172.21.15.3:3300/0,v1:172.21.15.3:6789/0] -- mon_getmap magic: 0 v1 -- 0x7f5dc0106ac0 con 0x7f5dc01060d0
2023-08-11T13:54:40.145 INFO:teuthology.orchestra.run.smithi003.stdout:/usr/bin/ceph: stderr
2023-08-11T13:54:38.981+0000 7f5dbf7fe700 1 --2- >> [v2:172.21.15.3:3300/0,v1:172.21.15.3:6789/0] conn(0x7f5dc01060d0 0x7f5dc01064f0 unknown :-1 s=BANNER_CONNECTING pgs=0 cs=0 l=0 rev1=0 crypto rx=0 tx=0 comp rx=0 tx=0)._handle_peer_banner_payload supported=3 required=0
2023-08-11T13:54:40.145 INFO:teuthology.orchestra.run.smithi003.stdout:/usr/bin/ceph: stderr
2023-08-11T13:54:38.981+0000 7f5dbf7fe700 1 --2- >> [v2:172.21.15.3:3300/0,v1:172.21.15.3:6789/0] conn(0x7f5dc01060d0 0x7f5dc01064f0 unknown :-1 s=HELLO_CONNECTING pgs=0 cs=0 l=0 rev1=1 crypto rx=0 tx=0 comp rx=0 tx=0).handle_hello peer v2:172.21.15.3:3300/0 says I am v2:172.21.15.3:48526/0 (socket says 172.21.15.3:48526)
2023-08-11T13:54:40.145 INFO:teuthology.orchestra.run.smithi003.stdout:/usr/bin/ceph: stderr
2023-08-11T13:54:38.981+0000 7f5dbf7fe700 1 -- 172.21.15.3:0/687156308 learned_addr learned my addr 172.21.15.3:0/687156308 (peer_addr_for_me v2:172.21.15.3:0/0)
2023-08-11T13:54:40.145 INFO:teuthology.orchestra.run.smithi003.stdout:/usr/bin/ceph: stderr
2023-08-11T13:54:38.982+0000 7f5dbf7fe700 1 -- 172.21.15.3:0/687156308 --> [v2:172.21.15.3:3300/0,v1:172.21.15.3:6789/0] -- mon_subscribe({config=0+,monmap=0+}) v3 -- 0x7f5dc01072d0 con 0x7f5dc01060d0
2023-08-11T13:54:40.145 INFO:teuthology.orchestra.run.smithi003.stdout:/usr/bin/ceph: stderr
2023-08-11T13:54:38.982+0000 7f5dbf7fe700 1 --2- 172.21.15.3:0/687156308 >> [v2:172.21.15.3:3300/0,v1:172.21.15.3:6789/0] conn(0x7f5dc01060d0 0x7f5dc01064f0 secure :-1 s=READY pgs=39 cs=0 l=1 rev1=1 crypto rx=0x7f5db00098a0 tx=0x7f5db0009bb0 comp rx=0 tx=0).ready entity=mon.0 client_cookie=bcc1ccdd3bdd5f56 server_cookie=0 in_seq=0 out_seq=0
2023-08-11T13:54:40.145 INFO:teuthology.orchestra.run.smithi003.stdout:/usr/bin/ceph: stderr
2023-08-11T13:54:38.982+0000 7f5dbe7fc700 1 -- 172.21.15.3:0/687156308 <== mon.0 v2:172.21.15.3:3300/0 1 ==== mon_map magic: 0 v1 ==== 205+0+0 (secure 0 0 0) 0x7f5db0004160 con 0x7f5dc01060d0
2023-08-11T13:54:40.145 INFO:teuthology.orchestra.run.smithi003.stdout:/usr/bin/ceph: stderr
2023-08-11T13:54:38.982+0000 7f5dbe7fc700 1 -- 172.21.15.3:0/687156308 <== mon.0 v2:172.21.15.3:3300/0 2 ==== config(26 keys) v1 ==== 1074+0+0 (secure 0 0 0) 0x7f5db00042c0 con 0x7f5dc01060d0
2023-08-11T13:54:40.146 INFO:teuthology.orchestra.run.smithi003.stdout:/usr/bin/ceph: stderr
2023-08-11T13:54:38.982+0000 7f5dbe7fc700 1 -- 172.21.15.3:0/687156308 <== mon.0 v2:172.21.15.3:3300/0 3 ==== mon_map magic: 0 v1 ==== 205+0+0 (secure 0 0 0) 0x7f5db0011a00 con 0x7f5dc01060d0
2023-08-11T13:54:40.146 INFO:teuthology.orchestra.run.smithi003.stdout:/usr/bin/ceph: stderr
2023-08-11T13:54:38.983+0000 7f5dc5b7a700 1 -- 172.21.15.3:0/687156308 >> [v2:172.21.15.3:3300/0,v1:172.21.15.3:6789/0] conn(0x7f5dc01060d0 msgr2=0x7f5dc01064f0 secure :-1 s=STATE_CONNECTION_ESTABLISHED l=1).mark_down
2023-08-11T13:54:40.146 INFO:teuthology.orchestra.run.smithi003.stdout:/usr/bin/ceph: stderr
