2023-08-11T14:16:23.632 INFO:journalctl@ceph.mon.a.smithi012.stdout:Aug 11 14:16:23 smithi012 ceph-mon[97189]: [11/Aug/2023:14:16:22] ENGINE Serving on https://172.21.15.12:7150
2023-08-11T14:16:23.632 INFO:journalctl@ceph.mon.a.smithi012.stdout:Aug 11 14:16:23 smithi012 ceph-mon[97189]: mgrmap e12: x(active, since 2s)
2023-08-11T14:16:23.842 INFO:teuthology.orchestra.run.smithi012.stdout:/usr/bin/ceph: stdout Self-signed certificate created
2023-08-11T14:16:23.846 INFO:teuthology.orchestra.run.smithi012.stdout:/usr/bin/ceph: stderr
2023-08-11T14:16:22.942+0000 7fdd361ca700 1 Processor -- start
2023-08-11T14:16:23.846 INFO:teuthology.orchestra.run.smithi012.stdout:/usr/bin/ceph: stderr
2023-08-11T14:16:22.942+0000 7fdd361ca700 1 -- start start
2023-08-11T14:16:23.846 INFO:teuthology.orchestra.run.smithi012.stdout:/usr/bin/ceph: stderr
2023-08-11T14:16:22.943+0000 7fdd361ca700 1 --2- >> [v2:172.21.15.12:3300/0,v1:172.21.15.12:6789/0] conn(0x7fdd3007bea0 0x7fdd3007a300 unknown :-1 s=NONE pgs=0 cs=0 l=0 rev1=0 crypto rx=0 tx=0 comp rx=0 tx=0).connect
2023-08-11T14:16:23.847 INFO:teuthology.orchestra.run.smithi012.stdout:/usr/bin/ceph: stderr
2023-08-11T14:16:22.943+0000 7fdd361ca700 1 -- --> [v2:172.21.15.12:3300/0,v1:172.21.15.12:6789/0] -- mon_getmap magic: 0 v1 -- 0x7fdd3007a8d0 con 0x7fdd3007bea0
2023-08-11T14:16:23.847 INFO:teuthology.orchestra.run.smithi012.stdout:/usr/bin/ceph: stderr
2023-08-11T14:16:22.943+0000 7fdd2f7fe700 1 --2- >> [v2:172.21.15.12:3300/0,v1:172.21.15.12:6789/0] conn(0x7fdd3007bea0 0x7fdd3007a300 unknown :-1 s=BANNER_CONNECTING pgs=0 cs=0 l=0 rev1=0 crypto rx=0 tx=0 comp rx=0 tx=0)._handle_peer_banner_payload supported=3 required=0
2023-08-11T14:16:23.847 INFO:teuthology.orchestra.run.smithi012.stdout:/usr/bin/ceph: stderr
2023-08-11T14:16:22.943+0000 7fdd2f7fe700 1 --2- >> [v2:172.21.15.12:3300/0,v1:172.21.15.12:6789/0] conn(0x7fdd3007bea0 0x7fdd3007a300 unknown :-1 s=HELLO_CONNECTING pgs=0 cs=0 l=0 rev1=1 crypto rx=0 tx=0 comp rx=0 tx=0).handle_hello peer v2:172.21.15.12:3300/0 says I am v2:172.21.15.12:39700/0 (socket says 172.21.15.12:39700)
2023-08-11T14:16:23.847 INFO:teuthology.orchestra.run.smithi012.stdout:/usr/bin/ceph: stderr
2023-08-11T14:16:22.943+0000 7fdd2f7fe700 1 -- 172.21.15.12:0/834886115 learned_addr learned my addr 172.21.15.12:0/834886115 (peer_addr_for_me v2:172.21.15.12:0/0)
2023-08-11T14:16:23.847 INFO:teuthology.orchestra.run.smithi012.stdout:/usr/bin/ceph: stderr
2023-08-11T14:16:22.944+0000 7fdd2f7fe700 1 -- 172.21.15.12:0/834886115 --> [v2:172.21.15.12:3300/0,v1:172.21.15.12:6789/0] -- mon_subscribe({config=0+,monmap=0+}) v3 -- 0x7fdd3007aa10 con 0x7fdd3007bea0
2023-08-11T14:16:23.847 INFO:teuthology.orchestra.run.smithi012.stdout:/usr/bin/ceph: stderr
2023-08-11T14:16:22.944+0000 7fdd2f7fe700 1 --2- 172.21.15.12:0/834886115 >> [v2:172.21.15.12:3300/0,v1:172.21.15.12:6789/0] conn(0x7fdd3007bea0 0x7fdd3007a300 secure :-1 s=READY pgs=70 cs=0 l=1 rev1=1 crypto rx=0x7fdd200098a0 tx=0x7fdd20009bb0 comp rx=0 tx=0).ready entity=mon.0 client_cookie=57d0d2cdbe3dba39 server_cookie=0 in_seq=0 out_seq=0
2023-08-11T14:16:23.847 INFO:teuthology.orchestra.run.smithi012.stdout:/usr/bin/ceph: stderr
2023-08-11T14:16:22.944+0000 7fdd2e7fc700 1 -- 172.21.15.12:0/834886115 <== mon.0 v2:172.21.15.12:3300/0 1 ==== mon_map magic: 0 v1 ==== 205+0+0 (secure 0 0 0) 0x7fdd20004160 con 0x7fdd3007bea0
2023-08-11T14:16:23.848 INFO:teuthology.orchestra.run.smithi012.stdout:/usr/bin/ceph: stderr
2023-08-11T14:16:22.944+0000 7fdd2e7fc700 1 -- 172.21.15.12:0/834886115 <== mon.0 v2:172.21.15.12:3300/0 2 ==== config(26 keys) v1 ==== 1105+0+0 (secure 0 0 0) 0x7fdd200042c0 con 0x7fdd3007bea0
2023-08-11T14:16:23.848 INFO:teuthology.orchestra.run.smithi012.stdout:/usr/bin/ceph: stderr
2023-08-11T14:16:22.944+0000 7fdd2e7fc700 1 -- 172.21.15.12:0/834886115 <== mon.0 v2:172.21.15.12:3300/0 3 ==== mon_map magic: 0 v1 ==== 205+0+0 (secure 0 0 0) 0x7fdd200119b0 con 0x7fdd3007bea0
2023-08-11T14:16:23.848 INFO:teuthology.orchestra.run.smithi012.stdout:/usr/bin/ceph: stderr
2023-08-11T14:16:22.945+0000 7fdd361ca700 1 -- 172.21.15.12:0/834886115 >> [v2:172.21.15.12:3300/0,v1:172.21.15.12:6789/0] conn(0x7fdd3007bea0 msgr2=0x7fdd3007a300 secure :-1 s=STATE_CONNECTION_ESTABLISHED l=1).mark_down
2023-08-11T14:16:23.848 INFO:teuthology.orchestra.run.smithi012.stdout:/usr/bin/ceph: stderr
2023-08-11T14:16:22.945+0000 7fdd361ca700 1 --2- 172.21.15.12:0/834886115 >> [v2:172.21.15.12:3300/0,v1:172.21.15.12:6789/0] conn(0x7fdd3007bea0 0x7fdd3007a300 secure :-1 s=READY pgs=70 cs=0 l=1 rev1=1 crypto rx=0x7fdd200098a0 tx=0x7fdd20009bb0 comp rx=0 tx=0).stop
2023-08-11T14:16:23.848 INFO:teuthology.orchestra.run.smithi012.stdout:/usr/bin/ceph: stderr
2023-08-11T14:16:22.945+0000 7fdd361ca700 1 -- 172.21.15.12:0/834886115 shutdown_connections
2023-08-11T14:16:23.848 INFO:teuthology.orchestra.run.smithi012.stdout:/usr/bin/ceph: stderr
2023-08-11T14:16:22.945+0000 7fdd361ca700 1 --2- 172.21.15.12:0/834886115 >> [v2:172.21.15.12:3300/0,v1:172.21.15.12:6789/0] conn(0x7fdd3007bea0 0x7fdd3007a300 unknown :-1 s=CLOSED pgs=70 cs=0 l=1 rev1=1 crypto rx=0 tx=0 comp rx=0 tx=0).stop
2023-08-11T14:16:23.848 INFO:teuthology.orchestra.run.smithi012.stdout:/usr/bin/ceph: stderr
2023-08-11T14:16:22.945+0000 7fdd361ca700 1 -- 172.21.15.12:0/834886115 >> 172.21.15.12:0/834886115 conn(0x7fdd30101670 msgr2=0x7fdd30103a90 unknown :-1 s=STATE_NONE l=0).mark_down
2023-08-11T14:16:23.849 INFO:teuthology.orchestra.run.smithi012.stdout:/usr/bin/ceph: stderr
2023-08-11T14:16:22.945+0000 7fdd361ca700 1 -- 172.21.15.12:0/834886115 shutdown_connections
2023-08-11T14:16:23.849 INFO:teuthology.orchestra.run.smithi012.stdout:/usr/bin/ceph: stderr
2023-08-11T14:16:22.945+0000 7fdd361ca700 1 -- 172.21.15.12:0/834886115 wait complete.
2023-08-11T14:16:23.849 INFO:teuthology.orchestra.run.smithi012.stdout:/usr/bin/ceph: stderr
2023-08-11T14:16:22.946+0000 7fdd361ca700 1 Processor -- start
2023-08-11T14:16:23.849 INFO:teuthology.orchestra.run.smithi012.stdout:/usr/bin/ceph: stderr
2023-08-11T14:16:22.946+0000 7fdd361ca700 1 -- start start
2023-08-11T14:16:23.849 INFO:teuthology.orchestra.run.smithi012.stdout:/usr/bin/ceph: stderr
2023-08-11T14:16:22.946+0000 7fdd361ca700 1 --2- >> [v2:172.21.15.12:3300/0,v1:172.21.15.12:6789/0] conn(0x7fdd3007bea0 0x7fdd3019bf70 unknown :-1 s=NONE pgs=0 cs=0 l=1 rev1=0 crypto rx=0 tx=0 comp rx=0 tx=0).connect
2023-08-11T14:16:23.849 INFO:teuthology.orchestra.run.smithi012.stdout:/usr/bin/ceph: stderr
2023-08-11T14:16:22.946+0000 7fdd361ca700 1 -- --> [v2:172.21.15.12:3300/0,v1:172.21.15.12:6789/0] -- mon_getmap magic: 0 v1 -- 0x7fdd3019c4b0 con 0x7fdd3007bea0
2023-08-11T14:16:23.849 INFO:teuthology.orchestra.run.smithi012.stdout:/usr/bin/ceph: stderr
2023-08-11T14:16:22.947+0000 7fdd2f7fe700 1 --2- >> [v2:172.21.15.12:3300/0,v1:172.21.15.12:6789/0] conn(0x7fdd3007bea0 0x7fdd3019bf70 unknown :-1 s=BANNER_CONNECTING pgs=0 cs=0 l=1 rev1=0 crypto rx=0 tx=0 comp rx=0 tx=0)._handle_peer_banner_payload supported=3 required=0
2023-08-11T14:16:23.849 INFO:teuthology.orchestra.run.smithi012.stdout:/usr/bin/ceph: stderr
2023-08-11T14:16:22.947+0000 7fdd2f7fe700 1 --2- >> [v2:172.21.15.12:3300/0,v1:172.21.15.12:6789/0] conn(0x7fdd3007bea0 0x7fdd3019bf70 unknown :-1 s=HELLO_CONNECTING pgs=0 cs=0 l=1 rev1=1 crypto rx=0 tx=0 comp rx=0 tx=0).handle_hello peer v2:172.21.15.12:3300/0 says I am v2:172.21.15.12:39710/0 (socket says 172.21.15.12:39710)
2023-08-11T14:16:23.850 INFO:teuthology.orchestra.run.smithi012.stdout:/usr/bin/ceph: stderr
2023-08-11T14:16:22.947+0000 7fdd2f7fe700 1 -- 172.21.15.12:0/354612346 learned_addr learned my addr 172.21.15.12:0/354612346 (peer_addr_for_me v2:172.21.15.12:0/0)
2023-08-11T14:16:23.850 INFO:teuthology.orchestra.run.smithi012.stdout:/usr/bin/ceph: stderr
2023-08-11T14:16:22.947+0000 7fdd2f7fe700 1 -- 172.21.15.12:0/354612346 --> [v2:172.21.15.12:3300/0,v1:172.21.15.12:6789/0] -- mon_subscribe({config=0+,monmap=0+}) v3 -- 0x7fdd20009550 con 0x7fdd3007bea0
2023-08-11T14:16:23.850 INFO:teuthology.orchestra.run.smithi012.stdout:/usr/bin/ceph: stderr
2023-08-11T14:16:22.947+0000 7fdd2f7fe700 1 --2- 172.21.15.12:0/354612346 >> [v2:172.21.15.12:3300/0,v1:172.21.15.12:6789/0] conn(0x7fdd3007bea0 0x7fdd3019bf70 secure :-1 s=READY pgs=71 cs=0 l=1 rev1=1 crypto rx=0x7fdd20011980 tx=0x7fdd20011a60 comp rx=0 tx=0).ready entity=mon.0 client_cookie=0 server_cookie=0 in_seq=0 out_seq=0
2023-08-11T14:16:23.850 INFO:teuthology.orchestra.run.smithi012.stdout:/usr/bin/ceph: stderr
2023-08-11T14:16:22.947+0000 7fdd2cff9700 1 -- 172.21.15.12:0/354612346 <== mon.0 v2:172.21.15.12:3300/0 1 ==== mon_map magic: 0 v1 ==== 205+0+0 (secure 0 0 0) 0x7fdd20003a60 con 0x7fdd3007bea0
2023-08-11T14:16:23.850 INFO:teuthology.orchestra.run.smithi012.stdout:/usr/bin/ceph: stderr
2023-08-11T14:16:22.948+0000 7fdd2cff9700 1 -- 172.21.15.12:0/354612346 <== mon.0 v2:172.21.15.12:3300/0 2 ==== config(26 keys) v1 ==== 1105+0+0 (secure 0 0 0) 0x7fdd20003bc0 con 0x7fdd3007bea0
2023-08-11T14:16:23.850 INFO:teuthology.orchestra.run.smithi012.stdout:/usr/bin/ceph: stderr
2023-08-11T14:16:22.948+0000 7fdd2cff9700 1 -- 172.21.15.12:0/354612346 <== mon.0 v2:172.21.15.12:3300/0 3 ==== mon_map magic: 0 v1 ==== 205+0+0 (secure 0 0 0) 0x7fdd2001a670 con 0x7fdd3007bea0
2023-08-11T14:16:23.850 INFO:teuthology.orchestra.run.smithi012.stdout:/usr/bin/ceph: stderr
2023-08-11T14:16:22.948+0000 7fdd361ca700 1 -- 172.21.15.12:0/354612346 --> [v2:172.21.15.12:3300/0,v1:172.21.15.12:6789/0] -- mon_subscribe({mgrmap=0+}) v3 -- 0x7fdd3019c6b0 con 0x7fdd3007bea0
2023-08-11T14:16:23.850 INFO:teuthology.orchestra.run.smithi012.stdout:/usr/bin/ceph: stderr
2023-08-11T14:16:22.948+0000 7fdd361ca700 1 -- 172.21.15.12:0/354612346 --> [v2:172.21.15.12:3300/0,v1:172.21.15.12:6789/0] -- mon_subscribe({osdmap=0}) v3 -- 0x7fdd3019cad0 con 0x7fdd3007bea0
2023-08-11T14:16:23.851 INFO:teuthology.orchestra.run.smithi012.stdout:/usr/bin/ceph: stderr
2023-08-11T14:16:22.949+0000 7fdd2cff9700 1 -- 172.21.15.12:0/354612346 <== mon.0 v2:172.21.15.12:3300/0 4 ==== mgrmap(e 12) v1 ==== 45148+0+0 (secure 0 0 0) 0x7fdd20024a00 con 0x7fdd3007bea0
2023-08-11T14:16:23.851 INFO:teuthology.orchestra.run.smithi012.stdout:/usr/bin/ceph: stderr
2023-08-11T14:16:22.949+0000 7fdd361ca700 1 -- 172.21.15.12:0/354612346 --> [v2:172.21.15.12:3300/0,v1:172.21.15.12:6789/0] -- mon_command({"prefix": "get_command_descriptions"} v 0) v1 -- 0x7fdd30061f50 con 0x7fdd3007bea0
2023-08-11T14:16:23.851 INFO:teuthology.orchestra.run.smithi012.stdout:/usr/bin/ceph: stderr
2023-08-11T14:16:22.949+0000 7fdd2cff9700 1 --2- 172.21.15.12:0/354612346 >> [v2:172.21.15.12:6800/1882584302,v1:172.21.15.12:6801/1882584302] conn(0x7fdd18038160 0x7fdd1803a620 unknown :-1 s=NONE pgs=0 cs=0 l=1 rev1=0 crypto rx=0 tx=0 comp rx=0 tx=0).connect
2023-08-11T14:16:23.851 INFO:teuthology.orchestra.run.smithi012.stdout:/usr/bin/ceph: stderr
2023-08-11T14:16:22.949+0000 7fdd2cff9700 1 -- 172.21.15.12:0/354612346 <== mon.0 v2:172.21.15.12:3300/0 5 ==== osd_map(3..3 src has 1..3) v4 ==== 1155+0+0 (secure 0 0 0) 0x7fdd2004c230 con 0x7fdd3007bea0
2023-08-11T14:16:23.851 INFO:teuthology.orchestra.run.smithi012.stdout:/usr/bin/ceph: stderr
2023-08-11T14:16:22.949+0000 7fdd2effd700 1 --2- 172.21.15.12:0/354612346 >> [v2:172.21.15.12:6800/1882584302,v1:172.21.15.12:6801/1882584302] conn(0x7fdd18038160 0x7fdd1803a620 unknown :-1 s=BANNER_CONNECTING pgs=0 cs=0 l=1 rev1=0 crypto rx=0 tx=0 comp rx=0 tx=0)._handle_peer_banner_payload supported=3 required=0
2023-08-11T14:16:23.851 INFO:teuthology.orchestra.run.smithi012.stdout:/usr/bin/ceph: stderr
2023-08-11T14:16:22.950+0000 7fdd2effd700 1 --2- 172.21.15.12:0/354612346 >> [v2:172.21.15.12:6800/1882584302,v1:172.21.15.12:6801/1882584302] conn(0x7fdd18038160 0x7fdd1803a620 secure :-1 s=READY pgs=7 cs=0 l=1 rev1=1 crypto rx=0x7fdd24006fd0 tx=0x7fdd24006e40 comp rx=0 tx=0).ready entity=mgr.14152 client_cookie=0 server_cookie=0 in_seq=0 out_seq=0
2023-08-11T14:16:23.851 INFO:teuthology.orchestra.run.smithi012.stdout:/usr/bin/ceph: stderr
2023-08-11T14:16:22.955+0000 7fdd2cff9700 1 -- 172.21.15.12:0/354612346 <== mon.0 v2:172.21.15.12:3300/0 6 ==== mon_command_ack([{"prefix": "get_command_descriptions"}]=0 v0) v1 ==== 72+0+179220 (secure 0 0 0) 0x7fdd20018b80 con 0x7fdd3007bea0
2023-08-11T14:16:23.852 INFO:teuthology.orchestra.run.smithi012.stdout:/usr/bin/ceph: stderr
2023-08-11T14:16:23.189+0000 7fdd361ca700 1 -- 172.21.15.12:0/354612346 --> [v2:172.21.15.12:6800/1882584302,v1:172.21.15.12:6801/1882584302] -- mgr_command(tid 0: {"prefix": "dashboard create-self-signed-cert", "target": ["mon-mgr", ""]}) v1 -- 0x7fdd30102b20 con 0x7fdd18038160
2023-08-11T14:16:23.852 INFO:teuthology.orchestra.run.smithi012.stdout:/usr/bin/ceph: stderr
2023-08-11T14:16:23.355+0000 7fdd2cff9700 1 -- 172.21.15.12:0/354612346 <== mgr.14152 v2:172.21.15.12:6800/1882584302 1 ==== mgr_command_reply(tid 0: 0 ) v1 ==== 8+0+32 (secure 0 0 0) 0x7fdd30102b20 con 0x7fdd18038160
2023-08-11T14:16:23.852 INFO:teuthology.orchestra.run.smithi012.stdout:/usr/bin/ceph: stderr
2023-08-11T14:16:23.357+0000 7fdd361ca700 1 -- 172.21.15.12:0/354612346 >> [v2:172.21.15.12:6800/1882584302,v1:172.21.15.12:6801/1882584302] conn(0x7fdd18038160 msgr2=0x7fdd1803a620 secure :-1 s=STATE_CONNECTION_ESTABLISHED l=1).mark_down
2023-08-11T14:16:23.852 INFO:teuthology.orchestra.run.smithi012.stdout:/usr/bin/ceph: stderr
2023-08-11T14:16:23.357+0000 7fdd361ca700 1 --2- 172.21.15.12:0/354612346 >> [v2:172.21.15.12:6800/1882584302,v1:172.21.15.12:6801/1882584302] conn(0x7fdd18038160 0x7fdd1803a620 secure :-1 s=READY pgs=7 cs=0 l=1 rev1=1 crypto rx=0x7fdd24006fd0 tx=0x7fdd24006e40 comp rx=0 tx=0).stop
2023-08-11T14:16:23.852 INFO:teuthology.orchestra.run.smithi012.stdout:/usr/bin/ceph: stderr
2023-08-11T14:16:23.357+0000 7fdd361ca700 1 -- 172.21.15.12:0/354612346 >> [v2:172.21.15.12:3300/0,v1:172.21.15.12:6789/0] conn(0x7fdd3007bea0 msgr2=0x7fdd3019bf70 secure :-1 s=STATE_CONNECTION_ESTABLISHED l=1).mark_down
2023-08-11T14:16:23.852 INFO:teuthology.orchestra.run.smithi012.stdout:/usr/bin/ceph: stderr
2023-08-11T14:16:23.357+0000 7fdd361ca700 1 --2- 172.21.15.12:0/354612346 >> [v2:172.21.15.12:3300/0,v1:172.21.15.12:6789/0] conn(0x7fdd3007bea0 0x7fdd3019bf70 secure :-1 s=READY pgs=71 cs=0 l=1 rev1=1 crypto rx=0x7fdd20011980 tx=0x7fdd20011a60 comp rx=0 tx=0).stop
2023-08-11T14:16:23.852 INFO:teuthology.orchestra.run.smithi012.stdout:/usr/bin/ceph: stderr
2023-08-11T14:16:23.358+0000 7fdd361ca700 1 -- 172.21.15.12:0/354612346 shutdown_connections
2023-08-11T14:16:23.852 INFO:teuthology.orchestra.run.smithi012.stdout:/usr/bin/ceph: stderr
2023-08-11T14:16:23.358+0000 7fdd361ca700 1 --2- 172.21.15.12:0/354612346 >> [v2:172.21.15.12:6800/1882584302,v1:172.21.15.12:6801/1882584302] conn(0x7fdd18038160 0x7fdd1803a620 unknown :-1 s=CLOSED pgs=7 cs=0 l=1 rev1=1 crypto rx=0 tx=0 comp rx=0 tx=0).stop
2023-08-11T14:16:23.853 INFO:teuthology.orchestra.run.smithi012.stdout:/usr/bin/ceph: stderr
2023-08-11T14:16:23.358+0000 7fdd361ca700 1 --2- 172.21.15.12:0/354612346 >> [v2:172.21.15.12:3300/0,v1:172.21.15.12:6789/0] conn(0x7fdd3007bea0 0x7fdd3019bf70 unknown :-1 s=CLOSED pgs=71 cs=0 l=1 rev1=1 crypto rx=0 tx=0 comp rx=0 tx=0).stop
2023-08-11T14:16:23.853 INFO:teuthology.orchestra.run.smithi012.stdout:/usr/bin/ceph: stderr
2023-08-11T14:16:23.358+0000 7fdd361ca700 1 -- 172.21.15.12:0/354612346 >> 172.21.15.12:0/354612346 conn(0x7fdd30101670 msgr2=0x7fdd30102410 unknown :-1 s=STATE_NONE l=0).mark_down
2023-08-11T14:16:23.853 INFO:teuthology.orchestra.run.smithi012.stdout:/usr/bin/ceph: stderr
2023-08-11T14:16:23.358+0000 7fdd361ca700 1 -- 172.21.15.12:0/354612346 shutdown_connections
2023-08-11T14:16:23.853 INFO:teuthology.orchestra.run.smithi012.stdout:/usr/bin/ceph: stderr
2023-08-11T14:16:23.358+0000 7fdd361ca700 1 -- 172.21.15.12:0/354612346 wait complete.
2023-08-11T14:16:23.853 INFO:teuthology.orchestra.run.smithi012.stdout:Creating initial admin user...
2023-08-11T14:16:24.071 INFO:journalctl@ceph.mon.a.smithi012.stdout:Aug 11 14:16:23 smithi012 ceph-mon[97189]: [11/Aug/2023:14:16:22] ENGINE Serving on http://172.21.15.12:8765
2023-08-11T14:16:24.071 INFO:journalctl@ceph.mon.a.smithi012.stdout:Aug 11 14:16:23 smithi012 ceph-mon[97189]: [11/Aug/2023:14:16:22] ENGINE Bus STARTED
2023-08-11T14:16:24.071 INFO:journalctl@ceph.mon.a.smithi012.stdout:Aug 11 14:16:23 smithi012 ceph-mon[97189]: from='mgr.14152 172.21.15.12:0/597107840' entity='mgr.x'
2023-08-11T14:16:24.072 INFO:journalctl@ceph.mon.a.smithi012.stdout:Aug 11 14:16:23 smithi012 ceph-mon[97189]: from='mgr.14152 172.21.15.12:0/597107840' entity='mgr.x'
2023-08-11T14:16:24.072 INFO:journalctl@ceph.mon.a.smithi012.stdout:Aug 11 14:16:23 smithi012 ceph-mon[97189]: from='mgr.14152 172.21.15.12:0/597107840' entity='mgr.x'
2023-08-11T14:16:24.966 INFO:journalctl@ceph.mon.a.smithi012.stdout:Aug 11 14:16:24 smithi012 ceph-mon[97189]: from='client.14164 -' entity='client.admin' cmd=[{"prefix": "dashboard create-self-signed-cert", "target": ["mon-mgr", ""]}]: dispatch
2023-08-11T14:16:24.966 INFO:journalctl@ceph.mon.a.smithi012.stdout:Aug 11 14:16:24 smithi012 ceph-mon[97189]: from='mgr.14152 172.21.15.12:0/597107840' entity='mgr.x'
2023-08-11T14:16:25.428 INFO:teuthology.orchestra.run.smithi012.stdout:/usr/bin/ceph: stdout {"username": "admin", "password": "$2b$12$MDGn5Lfx39/ch1XarNjqU.74VvigXgQYpoSOjNKJPMbYnWzEm0xQC", "roles": ["administrator"], "name": null, "email": null, "lastUpdate": 1691763384, "enabled": true, "pwdExpirationDate": null, "pwdUpdateRequired": true}
2023-08-11T14:16:25.428 INFO:teuthology.orchestra.run.smithi012.stdout:/usr/bin/ceph: stderr
2023-08-11T14:16:24.444+0000 7f9cf93b8700 1 Processor -- start
2023-08-11T14:16:25.428 INFO:teuthology.orchestra.run.smithi012.stdout:/usr/bin/ceph: stderr
2023-08-11T14:16:24.445+0000 7f9cf93b8700 1 -- start start
2023-08-11T14:16:25.428 INFO:teuthology.orchestra.run.smithi012.stdout:/usr/bin/ceph: stderr
2023-08-11T14:16:24.445+0000 7f9cf93b8700 1 --2- >> [v2:172.21.15.12:3300/0,v1:172.21.15.12:6789/0] conn(0x7f9cf407bea0 0x7f9cf407a300 unknown :-1 s=NONE pgs=0 cs=0 l=0 rev1=0 crypto rx=0 tx=0 comp rx=0 tx=0).connect
2023-08-11T14:16:25.428 INFO:teuthology.orchestra.run.smithi012.stdout:/usr/bin/ceph: stderr
2023-08-11T14:16:24.445+0000 7f9cf93b8700 1 -- --> [v2:172.21.15.12:3300/0,v1:172.21.15.12:6789/0] -- mon_getmap magic: 0 v1 -- 0x7f9cf407a8d0 con 0x7f9cf407bea0
2023-08-11T14:16:25.429 INFO:teuthology.orchestra.run.smithi012.stdout:/usr/bin/ceph: stderr
2023-08-11T14:16:24.445+0000 7f9cf2ffd700 1 --2- >> [v2:172.21.15.12:3300/0,v1:172.21.15.12:6789/0] conn(0x7f9cf407bea0 0x7f9cf407a300 unknown :-1 s=BANNER_CONNECTING pgs=0 cs=0 l=0 rev1=0 crypto rx=0 tx=0 comp rx=0 tx=0)._handle_peer_banner_payload supported=3 required=0
2023-08-11T14:16:25.429 INFO:teuthology.orchestra.run.smithi012.stdout:/usr/bin/ceph: stderr
2023-08-11T14:16:24.445+0000 7f9cf2ffd700 1 --2- >> [v2:172.21.15.12:3300/0,v1:172.21.15.12:6789/0] conn(0x7f9cf407bea0 0x7f9cf407a300 unknown :-1 s=HELLO_CONNECTING pgs=0 cs=0 l=0 rev1=1 crypto rx=0 tx=0 comp rx=0 tx=0).handle_hello peer v2:172.21.15.12:3300/0 says I am v2:172.21.15.12:39724/0 (socket says 172.21.15.12:39724)
2023-08-11T14:16:25.429 INFO:teuthology.orchestra.run.smithi012.stdout:/usr/bin/ceph: stderr
2023-08-11T14:16:24.445+0000 7f9cf2ffd700 1 -- 172.21.15.12:0/1329612940 learned_addr learned my addr 172.21.15.12:0/1329612940 (peer_addr_for_me v2:172.21.15.12:0/0)
2023-08-11T14:16:25.429 INFO:teuthology.orchestra.run.smithi012.stdout:/usr/bin/ceph: stderr
2023-08-11T14:16:24.446+0000 7f9cf2ffd700 1 -- 172.21.15.12:0/1329612940 --> [v2:172.21.15.12:3300/0,v1:172.21.15.12:6789/0] -- mon_subscribe({config=0+,monmap=0+}) v3 -- 0x7f9cf407aa10 con 0x7f9cf407bea0
2023-08-11T14:16:25.429 INFO:teuthology.orchestra.run.smithi012.stdout:/usr/bin/ceph: stderr
2023-08-11T14:16:24.446+0000 7f9cf2ffd700 1 --2- 172.21.15.12:0/1329612940 >> [v2:172.21.15.12:3300/0,v1:172.21.15.12:6789/0] conn(0x7f9cf407bea0 0x7f9cf407a300 secure :-1 s=READY pgs=72 cs=0 l=1 rev1=1 crypto rx=0x7f9ce40098a0 tx=0x7f9ce4009bb0 comp rx=0 tx=0).ready entity=mon.0 client_cookie=854fdc5e68b76 server_cookie=0 in_seq=0 out_seq=0
2023-08-11T14:16:25.429 INFO:teuthology.orchestra.run.smithi012.stdout:/usr/bin/ceph: stderr
2023-08-11T14:16:24.446+0000 7f9cf1ffb700 1 -- 172.21.15.12:0/1329612940 <== mon.0 v2:172.21.15.12:3300/0 1 ==== mon_map magic: 0 v1 ==== 205+0+0 (secure 0 0 0) 0x7f9ce4004160 con 0x7f9cf407bea0
2023-08-11T14:16:25.429 INFO:teuthology.orchestra.run.smithi012.stdout:/usr/bin/ceph: stderr
2023-08-11T14:16:24.446+0000 7f9cf1ffb700 1 -- 172.21.15.12:0/1329612940 <== mon.0 v2:172.21.15.12:3300/0 2 ==== config(26 keys) v1 ==== 1105+0+0 (secure 0 0 0) 0x7f9ce40042c0 con 0x7f9cf407bea0
2023-08-11T14:16:25.430 INFO:teuthology.orchestra.run.smithi012.stdout:/usr/bin/ceph: stderr
2023-08-11T14:16:24.446+0000 7f9cf1ffb700 1 -- 172.21.15.12:0/1329612940 <== mon.0 v2:172.21.15.12:3300/0 3 ==== mon_map magic: 0 v1 ==== 205+0+0 (secure 0 0 0) 0x7f9ce40119b0 con 0x7f9cf407bea0
2023-08-11T14:16:25.430 INFO:teuthology.orchestra.run.smithi012.stdout:/usr/bin/ceph: stderr
2023-08-11T14:16:24.447+0000 7f9cf93b8700 1 -- 172.21.15.12:0/1329612940 >> [v2:172.21.15.12:3300/0,v1:172.21.15.12:6789/0] conn(0x7f9cf407bea0 msgr2=0x7f9cf407a300 secure :-1 s=STATE_CONNECTION_ESTABLISHED l=1).mark_down
2023-08-11T14:16:25.430 INFO:teuthology.orchestra.run.smithi012.stdout:/usr/bin/ceph: stderr
2023-08-11T14:16:24.447+0000 7f9cf93b8700 1 --2- 172.21.15.12:0/1329612940 >> [v2:172.21.15.12:3300/0,v1:172.21.15.12:6789/0] conn(0x7f9cf407bea0 0x7f9cf407a300 secure :-1 s=READY pgs=72 cs=0 l=1 rev1=1 crypto rx=0x7f9ce40098a0 tx=0x7f9ce4009bb0 comp rx=0 tx=0).stop
2023-08-11T14:16:25.430 INFO:teuthology.orchestra.run.smithi012.stdout:/usr/bin/ceph: stderr
2023-08-11T14:16:24.447+0000 7f9cf93b8700 1 -- 172.21.15.12:0/1329612940 shutdown_connections
2023-08-11T14:16:25.430 INFO:teuthology.orchestra.run.smithi012.stdout:/usr/bin/ceph: stderr
2023-08-11T14:16:24.447+0000 7f9cf93b8700 1 --2- 172.21.15.12:0/1329612940 >> [v2:172.21.15.12:3300/0,v1:172.21.15.12:6789/0] conn(0x7f9cf407bea0 0x7f9cf407a300 unknown :-1 s=CLOSED pgs=72 cs=0 l=1 rev1=1 crypto rx=0 tx=0 comp rx=0 tx=0).stop
2023-08-11T14:16:25.430 INFO:teuthology.orchestra.run.smithi012.stdout:/usr/bin/ceph: stderr
2023-08-11T14:16:24.447+0000 7f9cf93b8700 1 -- 172.21.15.12:0/1329612940 >> 172.21.15.12:0/1329612940 conn(0x7f9cf4101670 msgr2=0x7f9cf4103a90 unknown :-1 s=STATE_NONE l=0).mark_down
2023-08-11T14:16:25.430 INFO:teuthology.orchestra.run.smithi012.stdout:/usr/bin/ceph: stderr
2023-08-11T14:16:24.447+0000 7f9cf93b8700 1 -- 172.21.15.12:0/1329612940 shutdown_connections
2023-08-11T14:16:25.430 INFO:teuthology.orchestra.run.smithi012.stdout:/usr/bin/ceph: stderr
2023-08-11T14:16:24.447+0000 7f9cf93b8700 1 -- 172.21.15.12:0/1329612940 wait complete.
2023-08-11T14:16:25.431 INFO:teuthology.orchestra.run.smithi012.stdout:/usr/bin/ceph: stderr
2023-08-11T14:16:24.448+0000 7f9cf93b8700 1 Processor -- start
2023-08-11T14:16:25.431 INFO:teuthology.orchestra.run.smithi012.stdout:/usr/bin/ceph: stderr
2023-08-11T14:16:24.448+0000 7f9cf93b8700 1 -- start start
2023-08-11T14:16:25.431 INFO:teuthology.orchestra.run.smithi012.stdout:/usr/bin/ceph: stderr
2023-08-11T14:16:24.449+0000 7f9cf93b8700 1 --2- >> [v2:172.21.15.12:3300/0,v1:172.21.15.12:6789/0] conn(0x7f9cf407bea0 0x7f9cf419bf90 unknown :-1 s=NONE pgs=0 cs=0 l=1 rev1=0 crypto rx=0 tx=0 comp rx=0 tx=0).connect
2023-08-11T14:16:25.431 INFO:teuthology.orchestra.run.smithi012.stdout:/usr/bin/ceph: stderr
2023-08-11T14:16:24.449+0000 7f9cf93b8700 1 -- --> [v2:172.21.15.12:3300/0,v1:172.21.15.12:6789/0] -- mon_getmap magic: 0 v1 -- 0x7f9cf419c4d0 con 0x7f9cf407bea0
2023-08-11T14:16:25.431 INFO:teuthology.orchestra.run.smithi012.stdout:/usr/bin/ceph: stderr
2023-08-11T14:16:24.449+0000 7f9cf2ffd700 1 --2- >> [v2:172.21.15.12:3300/0,v1:172.21.15.12:6789/0] conn(0x7f9cf407bea0 0x7f9cf419bf90 unknown :-1 s=BANNER_CONNECTING pgs=0 cs=0 l=1 rev1=0 crypto rx=0 tx=0 comp rx=0 tx=0)._handle_peer_banner_payload supported=3 required=0
2023-08-11T14:16:25.431 INFO:teuthology.orchestra.run.smithi012.stdout:/usr/bin/ceph: stderr
2023-08-11T14:16:24.449+0000 7f9cf2ffd700 1 --2- >> [v2:172.21.15.12:3300/0,v1:172.21.15.12:6789/0] conn(0x7f9cf407bea0 0x7f9cf419bf90 unknown :-1 s=HELLO_CONNECTING pgs=0 cs=0 l=1 rev1=1 crypto rx=0 tx=0 comp rx=0 tx=0).handle_hello peer v2:172.21.15.12:3300/0 says I am v2:172.21.15.12:39736/0 (socket says 172.21.15.12:39736)
2023-08-11T14:16:25.431 INFO:teuthology.orchestra.run.smithi012.stdout:/usr/bin/ceph: stderr
2023-08-11T14:16:24.449+0000 7f9cf2ffd700 1 -- 172.21.15.12:0/1361822740 learned_addr learned my addr 172.21.15.12:0/1361822740 (peer_addr_for_me v2:172.21.15.12:0/0)
2023-08-11T14:16:25.432 INFO:teuthology.orchestra.run.smithi012.stdout:/usr/bin/ceph: stderr
2023-08-11T14:16:24.449+0000 7f9cf2ffd700 1 -- 172.21.15.12:0/1361822740 --> [v2:172.21.15.12:3300/0,v1:172.21.15.12:6789/0] -- mon_subscribe({config=0+,monmap=0+}) v3 -- 0x7f9ce4009550 con 0x7f9cf407bea0
2023-08-11T14:16:25.432 INFO:teuthology.orchestra.run.smithi012.stdout:/usr/bin/ceph: stderr
2023-08-11T14:16:24.450+0000 7f9cf2ffd700 1 --2- 172.21.15.12:0/1361822740 >> [v2:172.21.15.12:3300/0,v1:172.21.15.12:6789/0] conn(0x7f9cf407bea0 0x7f9cf419bf90 secure :-1 s=READY pgs=73 cs=0 l=1 rev1=1 crypto rx=0x7f9ce4011980 tx=0x7f9ce4011a60 comp rx=0 tx=0).ready entity=mon.0 client_cookie=0 server_cookie=0 in_seq=0 out_seq=0
2023-08-11T14:16:25.432 INFO:teuthology.orchestra.run.smithi012.stdout:/usr/bin/ceph: stderr
2023-08-11T14:16:24.450+0000 7f9cdbfff700 1 -- 172.21.15.12:0/1361822740 <== mon.0 v2:172.21.15.12:3300/0 1 ==== mon_map magic: 0 v1 ==== 205+0+0 (secure 0 0 0) 0x7f9ce4003a60 con 0x7f9cf407bea0
2023-08-11T14:16:25.432 INFO:teuthology.orchestra.run.smithi012.stdout:/usr/bin/ceph: stderr
2023-08-11T14:16:24.450+0000 7f9cdbfff700 1 -- 172.21.15.12:0/1361822740 <== mon.0 v2:172.21.15.12:3300/0 2 ==== config(26 keys) v1 ==== 1105+0+0 (secure 0 0 0) 0x7f9ce4003bc0 con 0x7f9cf407bea0
2023-08-11T14:16:25.432 INFO:teuthology.orchestra.run.smithi012.stdout:/usr/bin/ceph: stderr
2023-08-11T14:16:24.450+0000 7f9cdbfff700 1 -- 172.21.15.12:0/1361822740 <== mon.0 v2:172.21.15.12:3300/0 3 ==== mon_map magic: 0 v1 ==== 205+0+0 (secure 0 0 0) 0x7f9ce401a670 con 0x7f9cf407bea0
2023-08-11T14:16:25.433 INFO:teuthology.orchestra.run.smithi012.stdout:/usr/bin/ceph: stderr
2023-08-11T14:16:24.450+0000 7f9cf93b8700 1 -- 172.21.15.12:0/1361822740 --> [v2:172.21.15.12:3300/0,v1:172.21.15.12:6789/0] -- mon_subscribe({mgrmap=0+}) v3 -- 0x7f9cf419c6d0 con 0x7f9cf407bea0
2023-08-11T14:16:25.433 INFO:teuthology.orchestra.run.smithi012.stdout:/usr/bin/ceph: stderr
2023-08-11T14:16:24.450+0000 7f9cf93b8700 1 -- 172.21.15.12:0/1361822740 --> [v2:172.21.15.12:3300/0,v1:172.21.15.12:6789/0] -- mon_subscribe({osdmap=0}) v3 -- 0x7f9cf419caf0 con 0x7f9cf407bea0
2023-08-11T14:16:25.433 INFO:teuthology.orchestra.run.smithi012.stdout:/usr/bin/ceph: stderr
2023-08-11T14:16:24.451+0000 7f9cdbfff700 1 -- 172.21.15.12:0/1361822740 <== mon.0 v2:172.21.15.12:3300/0 4 ==== mgrmap(e 12) v1 ==== 45148+0+0 (secure 0 0 0) 0x7f9ce4024440 con 0x7f9cf407bea0
2023-08-11T14:16:25.433 INFO:teuthology.orchestra.run.smithi012.stdout:/usr/bin/ceph: stderr
2023-08-11T14:16:24.451+0000 7f9cf93b8700 1 -- 172.21.15.12:0/1361822740 --> [v2:172.21.15.12:3300/0,v1:172.21.15.12:6789/0] -- mon_command({"prefix": "get_command_descriptions"} v 0) v1 -- 0x7f9cf4061f50 con 0x7f9cf407bea0
2023-08-11T14:16:25.433 INFO:teuthology.orchestra.run.smithi012.stdout:/usr/bin/ceph: stderr
2023-08-11T14:16:24.452+0000 7f9cdbfff700 1 --2- 172.21.15.12:0/1361822740 >> [v2:172.21.15.12:6800/1882584302,v1:172.21.15.12:6801/1882584302] conn(0x7f9cdc0381b0 0x7f9cdc03a670 unknown :-1 s=NONE pgs=0 cs=0 l=1 rev1=0 crypto rx=0 tx=0 comp rx=0 tx=0).connect
2023-08-11T14:16:25.433 INFO:teuthology.orchestra.run.smithi012.stdout:/usr/bin/ceph: stderr
2023-08-11T14:16:24.452+0000 7f9cdbfff700 1 -- 172.21.15.12:0/1361822740 <== mon.0 v2:172.21.15.12:3300/0 5 ==== osd_map(3..3 src has 1..3) v4 ==== 1155+0+0 (secure 0 0 0) 0x7f9ce404c1e0 con 0x7f9cf407bea0
2023-08-11T14:16:25.433 INFO:teuthology.orchestra.run.smithi012.stdout:/usr/bin/ceph: stderr
2023-08-11T14:16:24.452+0000 7f9cf27fc700 1 --2- 172.21.15.12:0/1361822740 >> [v2:172.21.15.12:6800/1882584302,v1:172.21.15.12:6801/1882584302] conn(0x7f9cdc0381b0 0x7f9cdc03a670 unknown :-1 s=BANNER_CONNECTING pgs=0 cs=0 l=1 rev1=0 crypto rx=0 tx=0 comp rx=0 tx=0)._handle_peer_banner_payload supported=3 required=0
2023-08-11T14:16:25.434 INFO:teuthology.orchestra.run.smithi012.stdout:/usr/bin/ceph: stderr
2023-08-11T14:16:24.453+0000 7f9cf27fc700 1 --2- 172.21.15.12:0/1361822740 >> [v2:172.21.15.12:6800/1882584302,v1:172.21.15.12:6801/1882584302] conn(0x7f9cdc0381b0 0x7f9cdc03a670 secure :-1 s=READY pgs=8 cs=0 l=1 rev1=1 crypto rx=0x7f9ce8006fd0 tx=0x7f9ce8006e40 comp rx=0 tx=0).ready entity=mgr.14152 client_cookie=0 server_cookie=0 in_seq=0 out_seq=0
2023-08-11T14:16:25.434 INFO:teuthology.orchestra.run.smithi012.stdout:/usr/bin/ceph: stderr
2023-08-11T14:16:24.457+0000 7f9cdbfff700 1 -- 172.21.15.12:0/1361822740 <== mon.0 v2:172.21.15.12:3300/0 6 ==== mon_command_ack([{"prefix": "get_command_descriptions"}]=0 v0) v1 ==== 72+0+179220 (secure 0 0 0) 0x7f9ce40189a0 con 0x7f9cf407bea0
2023-08-11T14:16:25.434 INFO:teuthology.orchestra.run.smithi012.stdout:/usr/bin/ceph: stderr
2023-08-11T14:16:24.688+0000 7f9cf93b8700 1 -- 172.21.15.12:0/1361822740 --> [v2:172.21.15.12:6800/1882584302,v1:172.21.15.12:6801/1882584302] -- mgr_command(tid 0: {"prefix": "dashboard ac-user-create", "username": "admin", "rolename": "administrator", "force_password": true, "pwd_update_required": true, "target": ["mon-mgr", ""]}) v1 -- 0x7f9cf4061d70 con 0x7f9cdc0381b0
2023-08-11T14:16:25.434 INFO:teuthology.orchestra.run.smithi012.stdout:/usr/bin/ceph: stderr
2023-08-11T14:16:24.938+0000 7f9cdbfff700 1 -- 172.21.15.12:0/1361822740 <== mgr.14152 v2:172.21.15.12:6800/1882584302 1 ==== mgr_command_reply(tid 0: 0 ) v1 ==== 8+0+252 (secure 0 0 0) 0x7f9cf4061d70 con 0x7f9cdc0381b0
2023-08-11T14:16:25.434 INFO:teuthology.orchestra.run.smithi012.stdout:/usr/bin/ceph: stderr
2023-08-11T14:16:24.941+0000 7f9cf93b8700 1 -- 172.21.15.12:0/1361822740 >> [v2:172.21.15.12:6800/1882584302,v1:172.21.15.12:6801/1882584302] conn(0x7f9cdc0381b0 msgr2=0x7f9cdc03a670 secure :-1 s=STATE_CONNECTION_ESTABLISHED l=1).mark_down
2023-08-11T14:16:25.434 INFO:teuthology.orchestra.run.smithi012.stdout:/usr/bin/ceph: stderr
2023-08-11T14:16:24.941+0000 7f9cf93b8700 1 --2- 172.21.15.12:0/1361822740 >> [v2:172.21.15.12:6800/1882584302,v1:172.21.15.12:6801/1882584302] conn(0x7f9cdc0381b0 0x7f9cdc03a670 secure :-1 s=READY pgs=8 cs=0 l=1 rev1=1 crypto rx=0x7f9ce8006fd0 tx=0x7f9ce8006e40 comp rx=0 tx=0).stop
2023-08-11T14:16:25.434 INFO:teuthology.orchestra.run.smithi012.stdout:/usr/bin/ceph: stderr
2023-08-11T14:16:24.941+0000 7f9cf93b8700 1 -- 172.21.15.12:0/1361822740 >> [v2:172.21.15.12:3300/0,v1:172.21.15.12:6789/0] conn(0x7f9cf407bea0 msgr2=0x7f9cf419bf90 secure :-1 s=STATE_CONNECTION_ESTABLISHED l=1).mark_down
2023-08-11T14:16:25.435 INFO:teuthology.orchestra.run.smithi012.stdout:/usr/bin/ceph: stderr
2023-08-11T14:16:24.941+0000 7f9cf93b8700 1 --2- 172.21.15.12:0/1361822740 >> [v2:172.21.15.12:3300/0,v1:172.21.15.12:6789/0] conn(0x7f9cf407bea0 0x7f9cf419bf90 secure :-1 s=READY pgs=73 cs=0 l=1 rev1=1 crypto rx=0x7f9ce4011980 tx=0x7f9ce4011a60 comp rx=0 tx=0).stop
2023-08-11T14:16:25.435 INFO:teuthology.orchestra.run.smithi012.stdout:/usr/bin/ceph: stderr
2023-08-11T14:16:24.941+0000 7f9cf93b8700 1 -- 172.21.15.12:0/1361822740 shutdown_connections
2023-08-11T14:16:25.435 INFO:teuthology.orchestra.run.smithi012.stdout:/usr/bin/ceph: stderr
2023-08-11T14:16:24.941+0000 7f9cf93b8700 1 --2- 172.21.15.12:0/1361822740 >> [v2:172.21.15.12:6800/1882584302,v1:172.21.15.12:6801/1882584302] conn(0x7f9cdc0381b0 0x7f9cdc03a670 unknown :-1 s=CLOSED pgs=8 cs=0 l=1 rev1=1 crypto rx=0 tx=0 comp rx=0 tx=0).stop
2023-08-11T14:16:25.435 INFO:teuthology.orchestra.run.smithi012.stdout:/usr/bin/ceph: stderr
2023-08-11T14:16:24.941+0000 7f9cf93b8700 1 --2- 172.21.15.12:0/1361822740 >> [v2:172.21.15.12:3300/0,v1:172.21.15.12:6789/0] conn(0x7f9cf407bea0 0x7f9cf419bf90 unknown :-1 s=CLOSED pgs=73 cs=0 l=1 rev1=1 crypto rx=0 tx=0 comp rx=0 tx=0).stop
2023-08-11T14:16:25.435 INFO:teuthology.orchestra.run.smithi012.stdout:/usr/bin/ceph: stderr
2023-08-11T14:16:24.941+0000 7f9cf93b8700 1 -- 172.21.15.12:0/1361822740 >> 172.21.15.12:0/1361822740 conn(0x7f9cf4101670 msgr2=0x7f9cf4102cc0 unknown :-1 s=STATE_NONE l=0).mark_down
2023-08-11T14:16:25.435 INFO:teuthology.orchestra.run.smithi012.stdout:/usr/bin/ceph: stderr
2023-08-11T14:16:24.941+0000 7f9cf93b8700 1 -- 172.21.15.12:0/1361822740 shutdown_connections
2023-08-11T14:16:25.435 INFO:teuthology.orchestra.run.smithi012.stdout:/usr/bin/ceph: stderr
2023-08-11T14:16:24.941+0000 7f9cf93b8700 1 -- 172.21.15.12:0/1361822740 wait complete.
2023-08-11T14:16:25.435 INFO:teuthology.orchestra.run.smithi012.stdout:Fetching dashboard port number...
2023-08-11T14:16:25.743 INFO:journalctl@ceph.mon.a.smithi012.stdout:Aug 11 14:16:25 smithi012 ceph-mon[97189]: from='client.14166 -' entity='client.admin' cmd=[{"prefix": "dashboard ac-user-create", "username": "admin", "rolename": "administrator", "force_password": true, "pwd_update_required": true, "target": ["mon-mgr", ""]}]: dispatch
2023-08-11T14:16:25.743 INFO:journalctl@ceph.mon.a.smithi012.stdout:Aug 11 14:16:25 smithi012 ceph-mon[97189]: from='mgr.14152 172.21.15.12:0/597107840' entity='mgr.x'
2023-08-11T14:16:27.010 INFO:teuthology.orchestra.run.smithi012.stdout:/usr/bin/ceph: stdout 8443
2023-08-11T14:16:27.011 INFO:teuthology.orchestra.run.smithi012.stdout:/usr/bin/ceph: stderr
2023-08-11T14:16:26.033+0000 7fcdc834e700 1 Processor -- start
2023-08-11T14:16:27.011 INFO:teuthology.orchestra.run.smithi012.stdout:/usr/bin/ceph: stderr
2023-08-11T14:16:26.034+0000 7fcdc834e700 1 -- start start
2023-08-11T14:16:27.011 INFO:teuthology.orchestra.run.smithi012.stdout:/usr/bin/ceph: stderr
2023-08-11T14:16:26.034+0000 7fcdc834e700 1 --2- >> [v2:172.21.15.12:3300/0,v1:172.21.15.12:6789/0] conn(0x7fcdc007bec0 0x7fcdc007a320 unknown :-1 s=NONE pgs=0 cs=0 l=0 rev1=0 crypto rx=0 tx=0 comp rx=0 tx=0).connect
2023-08-11T14:16:27.011 INFO:teuthology.orchestra.run.smithi012.stdout:/usr/bin/ceph: stderr
2023-08-11T14:16:26.034+0000 7fcdc834e700 1 -- --> [v2:172.21.15.12:3300/0,v1:172.21.15.12:6789/0] -- mon_getmap magic: 0 v1 -- 0x7fcdc007a8f0 con 0x7fcdc007bec0
2023-08-11T14:16:27.011 INFO:teuthology.orchestra.run.smithi012.stdout:/usr/bin/ceph: stderr
2023-08-11T14:16:26.034+0000 7fcdc60ea700 1 --2- >> [v2:172.21.15.12:3300/0,v1:172.21.15.12:6789/0] conn(0x7fcdc007bec0 0x7fcdc007a320 unknown :-1 s=BANNER_CONNECTING pgs=0 cs=0 l=0 rev1=0 crypto rx=0 tx=0 comp rx=0 tx=0)._handle_peer_banner_payload supported=3 required=0
2023-08-11T14:16:27.012 INFO:teuthology.orchestra.run.smithi012.stdout:/usr/bin/ceph: stderr
2023-08-11T14:16:26.034+0000 7fcdc60ea700 1 --2- >> [v2:172.21.15.12:3300/0,v1:172.21.15.12:6789/0] conn(0x7fcdc007bec0 0x7fcdc007a320 unknown :-1 s=HELLO_CONNECTING pgs=0 cs=0 l=0 rev1=1 crypto rx=0 tx=0 comp rx=0 tx=0).handle_hello peer v2:172.21.15.12:3300/0 says I am v2:172.21.15.12:39738/0 (socket says 172.21.15.12:39738)
2023-08-11T14:16:27.012 INFO:teuthology.orchestra.run.smithi012.stdout:/usr/bin/ceph: stderr
2023-08-11T14:16:26.034+0000 7fcdc60ea700 1 -- 172.21.15.12:0/2523541194 learned_addr learned my addr 172.21.15.12:0/2523541194 (peer_addr_for_me v2:172.21.15.12:0/0)
2023-08-11T14:16:27.012 INFO:teuthology.orchestra.run.smithi012.stdout:/usr/bin/ceph: stderr
2023-08-11T14:16:26.035+0000 7fcdc60ea700 1 -- 172.21.15.12:0/2523541194 --> [v2:172.21.15.12:3300/0,v1:172.21.15.12:6789/0] -- mon_subscribe({config=0+,monmap=0+}) v3 -- 0x7fcdc007aa30 con 0x7fcdc007bec0
2023-08-11T14:16:27.012 INFO:teuthology.orchestra.run.smithi012.stdout:/usr/bin/ceph: stderr
2023-08-11T14:16:26.035+0000 7fcdc60ea700 1 --2- 172.21.15.12:0/2523541194 >> [v2:172.21.15.12:3300/0,v1:172.21.15.12:6789/0] conn(0x7fcdc007bec0 0x7fcdc007a320 secure :-1 s=READY pgs=74 cs=0 l=1 rev1=1 crypto rx=0x7fcdbc0098a0 tx=0x7fcdbc009bb0 comp rx=0 tx=0).ready entity=mon.0 client_cookie=4a33b5b0e8ed6ae0 server_cookie=0 in_seq=0 out_seq=0
2023-08-11T14:16:27.012 INFO:teuthology.orchestra.run.smithi012.stdout:/usr/bin/ceph: stderr
2023-08-11T14:16:26.035+0000 7fcdc50e8700 1 -- 172.21.15.12:0/2523541194 <== mon.0 v2:172.21.15.12:3300/0 1 ==== mon_map magic: 0 v1 ==== 205+0+0 (secure 0 0 0) 0x7fcdbc004160 con 0x7fcdc007bec0
2023-08-11T14:16:27.012 INFO:teuthology.orchestra.run.smithi012.stdout:/usr/bin/ceph: stderr
2023-08-11T14:16:26.035+0000 7fcdc50e8700 1 -- 172.21.15.12:0/2523541194 <== mon.0 v2:172.21.15.12:3300/0 2 ==== config(26 keys) v1 ==== 1105+0+0 (secure 0 0 0) 0x7fcdbc0042c0 con 0x7fcdc007bec0
2023-08-11T14:16:27.012 INFO:teuthology.orchestra.run.smithi012.stdout:/usr/bin/ceph: stderr
2023-08-11T14:16:26.035+0000 7fcdc50e8700 1 -- 172.21.15.12:0/2523541194 <== mon.0 v2:172.21.15.12:3300/0 3 ==== mon_map magic: 0 v1 ==== 205+0+0 (secure 0 0 0) 0x7fcdbc0119b0 con 0x7fcdc007bec0
2023-08-11T14:16:27.013 INFO:teuthology.orchestra.run.smithi012.stdout:/usr/bin/ceph: stderr
2023-08-11T14:16:26.036+0000 7fcdc834e700 1 -- 172.21.15.12:0/2523541194 >> [v2:172.21.15.12:3300/0,v1:172.21.15.12:6789/0] conn(0x7fcdc007bec0 msgr2=0x7fcdc007a320 secure :-1 s=STATE_CONNECTION_ESTABLISHED l=1).mark_down
2023-08-11T14:16:27.013 INFO:teuthology.orchestra.run.smithi012.stdout:/usr/bin/ceph: stderr
2023-08-11T14:16:26.036+0000 7fcdc834e700 1 --2- 172.21.15.12:0/2523541194 >> [v2:172.21.15.12:3300/0,v1:172.21.15.12:6789/0] conn(0x7fcdc007bec0 0x7fcdc007a320 secure :-1 s=READY pgs=74 cs=0 l=1 rev1=1 crypto rx=0x7fcdbc0098a0 tx=0x7fcdbc009bb0 comp rx=0 tx=0).stop
2023-08-11T14:16:27.013 INFO:teuthology.orchestra.run.smithi012.stdout:/usr/bin/ceph: stderr
2023-08-11T14:16:26.036+0000 7fcdc834e700 1 -- 172.21.15.12:0/2523541194 shutdown_connections
2023-08-11T14:16:27.013 INFO:teuthology.orchestra.run.smithi012.stdout:/usr/bin/ceph: stderr
2023-08-11T14:16:26.036+0000 7fcdc834e700 1 --2- 172.21.15.12:0/2523541194 >> [v2:172.21.15.12:3300/0,v1:172.21.15.12:6789/0] conn(0x7fcdc007bec0 0x7fcdc007a320 unknown :-1 s=CLOSED pgs=74 cs=0 l=1 rev1=1 crypto rx=0 tx=0 comp rx=0 tx=0).stop
2023-08-11T14:16:27.014 INFO:teuthology.orchestra.run.smithi012.stdout:/usr/bin/ceph: stderr
2023-08-11T14:16:26.036+0000 7fcdc834e700 1 -- 172.21.15.12:0/2523541194 >> 172.21.15.12:0/2523541194 conn(0x7fcdc0101670 msgr2=0x7fcdc0103a90 unknown :-1 s=STATE_NONE l=0).mark_down
2023-08-11T14:16:27.014 INFO:teuthology.orchestra.run.smithi012.stdout:/usr/bin/ceph: stderr
2023-08-11T14:16:26.036+0000 7fcdc834e700 1 -- 172.21.15.12:0/2523541194 shutdown_connections
2023-08-11T14:16:27.014 INFO:teuthology.orchestra.run.smithi012.stdout:/usr/bin/ceph: stderr
2023-08-11T14:16:26.036+0000 7fcdc834e700 1 -- 172.21.15.12:0/2523541194 wait complete.
2023-08-11T14:16:27.014 INFO:teuthology.orchestra.run.smithi012.stdout:/usr/bin/ceph: stderr
2023-08-11T14:16:26.037+0000 7fcdc834e700 1 Processor -- start
2023-08-11T14:16:27.014 INFO:teuthology.orchestra.run.smithi012.stdout:/usr/bin/ceph: stderr
2023-08-11T14:16:26.037+0000 7fcdc834e700 1 -- start start
2023-08-11T14:16:27.014 INFO:teuthology.orchestra.run.smithi012.stdout:/usr/bin/ceph: stderr
2023-08-11T14:16:26.037+0000 7fcdc834e700 1 --2- >> [v2:172.21.15.12:3300/0,v1:172.21.15.12:6789/0] conn(0x7fcdc007bec0 0x7fcdc019c000 unknown :-1 s=NONE pgs=0 cs=0 l=1 rev1=0 crypto rx=0 tx=0 comp rx=0 tx=0).connect
2023-08-11T14:16:27.015 INFO:teuthology.orchestra.run.smithi012.stdout:/usr/bin/ceph: stderr
2023-08-11T14:16:26.037+0000 7fcdc834e700 1 -- --> [v2:172.21.15.12:3300/0,v1:172.21.15.12:6789/0] -- mon_getmap magic: 0 v1 -- 0x7fcdc019c540 con 0x7fcdc007bec0
2023-08-11T14:16:27.015 INFO:teuthology.orchestra.run.smithi012.stdout:/usr/bin/ceph: stderr
2023-08-11T14:16:26.037+0000 7fcdc60ea700 1 --2- >> [v2:172.21.15.12:3300/0,v1:172.21.15.12:6789/0] conn(0x7fcdc007bec0 0x7fcdc019c000 unknown :-1 s=BANNER_CONNECTING pgs=0 cs=0 l=1 rev1=0 crypto rx=0 tx=0 comp rx=0 tx=0)._handle_peer_banner_payload supported=3 required=0
2023-08-11T14:16:27.015 INFO:teuthology.orchestra.run.smithi012.stdout:/usr/bin/ceph: stderr
2023-08-11T14:16:26.038+0000 7fcdc60ea700 1 --2- >> [v2:172.21.15.12:3300/0,v1:172.21.15.12:6789/0] conn(0x7fcdc007bec0 0x7fcdc019c000 unknown :-1 s=HELLO_CONNECTING pgs=0 cs=0 l=1 rev1=1 crypto rx=0 tx=0 comp rx=0 tx=0).handle_hello peer v2:172.21.15.12:3300/0 says I am v2:172.21.15.12:39744/0 (socket says 172.21.15.12:39744)
2023-08-11T14:16:27.015 INFO:teuthology.orchestra.run.smithi012.stdout:/usr/bin/ceph: stderr
2023-08-11T14:16:26.038+0000 7fcdc60ea700 1 -- 172.21.15.12:0/3598262604 learned_addr learned my addr 172.21.15.12:0/3598262604 (peer_addr_for_me v2:172.21.15.12:0/0)
2023-08-11T14:16:27.015 INFO:teuthology.orchestra.run.smithi012.stdout:/usr/bin/ceph: stderr
2023-08-11T14:16:26.038+0000 7fcdc60ea700 1 -- 172.21.15.12:0/3598262604 --> [v2:172.21.15.12:3300/0,v1:172.21.15.12:6789/0] -- mon_subscribe({config=0+,monmap=0+}) v3 -- 0x7fcdbc009550 con 0x7fcdc007bec0
2023-08-11T14:16:27.015 INFO:teuthology.orchestra.run.smithi012.stdout:/usr/bin/ceph: stderr
2023-08-11T14:16:26.038+0000 7fcdc60ea700 1 --2- 172.21.15.12:0/3598262604 >> [v2:172.21.15.12:3300/0,v1:172.21.15.12:6789/0] conn(0x7fcdc007bec0 0x7fcdc019c000 secure :-1 s=READY pgs=75 cs=0 l=1 rev1=1 crypto rx=0x7fcdbc000c00 tx=0x7fcdbc011a30 comp rx=0 tx=0).ready entity=mon.0 client_cookie=0 server_cookie=0 in_seq=0 out_seq=0
2023-08-11T14:16:27.015 INFO:teuthology.orchestra.run.smithi012.stdout:/usr/bin/ceph: stderr
2023-08-11T14:16:26.038+0000 7fcdb77fe700 1 -- 172.21.15.12:0/3598262604 <== mon.0 v2:172.21.15.12:3300/0 1 ==== mon_map magic: 0 v1 ==== 205+0+0 (secure 0 0 0) 0x7fcdbc0039f0 con 0x7fcdc007bec0
2023-08-11T14:16:27.016 INFO:teuthology.orchestra.run.smithi012.stdout:/usr/bin/ceph: stderr
2023-08-11T14:16:26.038+0000 7fcdb77fe700 1 -- 172.21.15.12:0/3598262604 <== mon.0 v2:172.21.15.12:3300/0 2 ==== config(26 keys) v1 ==== 1105+0+0 (secure 0 0 0) 0x7fcdbc003b50 con 0x7fcdc007bec0
2023-08-11T14:16:27.016 INFO:teuthology.orchestra.run.smithi012.stdout:/usr/bin/ceph: stderr
2023-08-11T14:16:26.038+0000 7fcdb77fe700 1 -- 172.21.15.12:0/3598262604 <== mon.0 v2:172.21.15.12:3300/0 3 ==== mon_map magic: 0 v1 ==== 205+0+0 (secure 0 0 0) 0x7fcdbc01a780 con 0x7fcdc007bec0
2023-08-11T14:16:27.016 INFO:teuthology.orchestra.run.smithi012.stdout:/usr/bin/ceph: stderr
2023-08-11T14:16:26.038+0000 7fcdc834e700 1 -- 172.21.15.12:0/3598262604 --> [v2:172.21.15.12:3300/0,v1:172.21.15.12:6789/0] -- mon_subscribe({mgrmap=0+}) v3 -- 0x7fcdc019c740 con 0x7fcdc007bec0
2023-08-11T14:16:27.016 INFO:teuthology.orchestra.run.smithi012.stdout:/usr/bin/ceph: stderr
2023-08-11T14:16:26.038+0000 7fcdc834e700 1 -- 172.21.15.12:0/3598262604 --> [v2:172.21.15.12:3300/0,v1:172.21.15.12:6789/0] -- mon_subscribe({osdmap=0}) v3 -- 0x7fcdc019cb60 con 0x7fcdc007bec0
2023-08-11T14:16:27.016 INFO:teuthology.orchestra.run.smithi012.stdout:/usr/bin/ceph: stderr
2023-08-11T14:16:26.039+0000 7fcdc834e700 1 -- 172.21.15.12:0/3598262604 --> [v2:172.21.15.12:3300/0,v1:172.21.15.12:6789/0] -- mon_command({"prefix": "get_command_descriptions"} v 0) v1 -- 0x7fcdc010c4b0 con 0x7fcdc007bec0
2023-08-11T14:16:27.016 INFO:teuthology.orchestra.run.smithi012.stdout:/usr/bin/ceph: stderr
2023-08-11T14:16:26.039+0000 7fcdb77fe700 1 -- 172.21.15.12:0/3598262604 <== mon.0 v2:172.21.15.12:3300/0 4 ==== mgrmap(e 12) v1 ==== 45148+0+0 (secure 0 0 0) 0x7fcdbc024440 con 0x7fcdc007bec0
2023-08-11T14:16:27.017 INFO:teuthology.orchestra.run.smithi012.stdout:/usr/bin/ceph: stderr
2023-08-11T14:16:26.040+0000 7fcdb77fe700 1 --2- 172.21.15.12:0/3598262604 >> [v2:172.21.15.12:6800/1882584302,v1:172.21.15.12:6801/1882584302] conn(0x7fcdac0381b0 0x7fcdac03a670 unknown :-1 s=NONE pgs=0 cs=0 l=1 rev1=0 crypto rx=0 tx=0 comp rx=0 tx=0).connect
2023-08-11T14:16:27.017 INFO:teuthology.orchestra.run.smithi012.stdout:/usr/bin/ceph: stderr
2023-08-11T14:16:26.040+0000 7fcdb77fe700 1 -- 172.21.15.12:0/3598262604 <== mon.0 v2:172.21.15.12:3300/0 5 ==== osd_map(3..3 src has 1..3) v4 ==== 1155+0+0 (secure 0 0 0) 0x7fcdbc04c1a0 con 0x7fcdc007bec0
2023-08-11T14:16:27.017 INFO:teuthology.orchestra.run.smithi012.stdout:/usr/bin/ceph: stderr
2023-08-11T14:16:26.040+0000 7fcdc58e9700 1 --2- 172.21.15.12:0/3598262604 >> [v2:172.21.15.12:6800/1882584302,v1:172.21.15.12:6801/1882584302] conn(0x7fcdac0381b0 0x7fcdac03a670 unknown :-1 s=BANNER_CONNECTING pgs=0 cs=0 l=1 rev1=0 crypto rx=0 tx=0 comp rx=0 tx=0)._handle_peer_banner_payload supported=3 required=0
2023-08-11T14:16:27.017 INFO:teuthology.orchestra.run.smithi012.stdout:/usr/bin/ceph: stderr
2023-08-11T14:16:26.041+0000 7fcdc58e9700 1 --2- 172.21.15.12:0/3598262604 >> [v2:172.21.15.12:6800/1882584302,v1:172.21.15.12:6801/1882584302] conn(0x7fcdac0381b0 0x7fcdac03a670 secure :-1 s=READY pgs=9 cs=0 l=1 rev1=1 crypto rx=0x7fcdb0006fd0 tx=0x7fcdb0006e40 comp rx=0 tx=0).ready entity=mgr.14152 client_cookie=0 server_cookie=0 in_seq=0 out_seq=0
2023-08-11T14:16:27.017 INFO:teuthology.orchestra.run.smithi012.stdout:/usr/bin/ceph: stderr
2023-08-11T14:16:26.045+0000 7fcdb77fe700 1 -- 172.21.15.12:0/3598262604 <== mon.0 v2:172.21.15.12:3300/0 6 ==== mon_command_ack([{"prefix": "get_command_descriptions"}]=0 v0) v1 ==== 72+0+179220 (secure 0 0 0) 0x7fcdbc018db0 con 0x7fcdc007bec0
2023-08-11T14:16:27.017 INFO:teuthology.orchestra.run.smithi012.stdout:/usr/bin/ceph: stderr
2023-08-11T14:16:26.277+0000 7fcdc834e700 1 -- 172.21.15.12:0/3598262604 --> [v2:172.21.15.12:3300/0,v1:172.21.15.12:6789/0] -- mon_command({"prefix": "config get", "who": "mgr", "key": "mgr/dashboard/ssl_server_port"} v 0) v1 -- 0x7fcdc010c6c0 con 0x7fcdc007bec0
2023-08-11T14:16:27.017 INFO:teuthology.orchestra.run.smithi012.stdout:/usr/bin/ceph: stderr
2023-08-11T14:16:26.277+0000 7fcdb77fe700 1 -- 172.21.15.12:0/3598262604 <== mon.0 v2:172.21.15.12:3300/0 7 ==== mon_command_ack([{"prefix": "config get", "who": "mgr", "key": "mgr/dashboard/ssl_server_port"}]=0 v8) v1 ==== 112+0+5 (secure 0 0 0) 0x7fcdbc018350 con 0x7fcdc007bec0
2023-08-11T14:16:27.018 INFO:teuthology.orchestra.run.smithi012.stdout:/usr/bin/ceph: stderr
2023-08-11T14:16:26.277+0000 7fcdc834e700 1 -- 172.21.15.12:0/3598262604 >> [v2:172.21.15.12:6800/1882584302,v1:172.21.15.12:6801/1882584302] conn(0x7fcdac0381b0 msgr2=0x7fcdac03a670 secure :-1 s=STATE_CONNECTION_ESTABLISHED l=1).mark_down
2023-08-11T14:16:27.018 INFO:teuthology.orchestra.run.smithi012.stdout:/usr/bin/ceph: stderr
2023-08-11T14:16:26.277+0000 7fcdc834e700 1 --2- 172.21.15.12:0/3598262604 >> [v2:172.21.15.12:6800/1882584302,v1:172.21.15.12:6801/1882584302] conn(0x7fcdac0381b0 0x7fcdac03a670 secure :-1 s=READY pgs=9 cs=0 l=1 rev1=1 crypto rx=0x7fcdb0006fd0 tx=0x7fcdb0006e40 comp rx=0 tx=0).stop
2023-08-11T14:16:27.018 INFO:teuthology.orchestra.run.smithi012.stdout:/usr/bin/ceph: stderr
2023-08-11T14:16:26.277+0000 7fcdc834e700 1 -- 172.21.15.12:0/3598262604 >> [v2:172.21.15.12:3300/0,v1:172.21.15.12:6789/0] conn(0x7fcdc007bec0 msgr2=0x7fcdc019c000 secure :-1 s=STATE_CONNECTION_ESTABLISHED l=1).mark_down
2023-08-11T14:16:27.018 INFO:teuthology.orchestra.run.smithi012.stdout:/usr/bin/ceph: stderr
2023-08-11T14:16:26.277+0000 7fcdc834e700 1 --2- 172.21.15.12:0/3598262604 >> [v2:172.21.15.12:3300/0,v1:172.21.15.12:6789/0] conn(0x7fcdc007bec0 0x7fcdc019c000 secure :-1 s=READY pgs=75 cs=0 l=1 rev1=1 crypto rx=0x7fcdbc000c00 tx=0x7fcdbc011a30 comp rx=0 tx=0).stop
2023-08-11T14:16:27.018 INFO:teuthology.orchestra.run.smithi012.stdout:/usr/bin/ceph: stderr
2023-08-11T14:16:26.277+0000 7fcdc834e700 1 -- 172.21.15.12:0/3598262604 shutdown_connections
2023-08-11T14:16:27.018 INFO:teuthology.orchestra.run.smithi012.stdout:/usr/bin/ceph: stderr
2023-08-11T14:16:26.277+0000 7fcdc834e700 1 --2- 172.21.15.12:0/3598262604 >> [v2:172.21.15.12:6800/1882584302,v1:172.21.15.12:6801/1882584302] conn(0x7fcdac0381b0 0x7fcdac03a670 unknown :-1 s=CLOSED pgs=9 cs=0 l=1 rev1=1 crypto rx=0 tx=0 comp rx=0 tx=0).stop
2023-08-11T14:16:27.018 INFO:teuthology.orchestra.run.smithi012.stdout:/usr/bin/ceph: stderr
2023-08-11T14:16:26.277+0000 7fcdc834e700 1 --2- 172.21.15.12:0/3598262604 >> [v2:172.21.15.12:3300/0,v1:172.21.15.12:6789/0] conn(0x7fcdc007bec0 0x7fcdc019c000 unknown :-1 s=CLOSED pgs=75 cs=0 l=1 rev1=1 crypto rx=0 tx=0 comp rx=0 tx=0).stop
2023-08-11T14:16:27.019 INFO:teuthology.orchestra.run.smithi012.stdout:/usr/bin/ceph: stderr
2023-08-11T14:16:26.277+0000 7fcdc834e700 1 -- 172.21.15.12:0/3598262604 >> 172.21.15.12:0/3598262604 conn(0x7fcdc0101670 msgr2=0x7fcdc0102d80 unknown :-1 s=STATE_NONE l=0).mark_down
2023-08-11T14:16:27.019 INFO:teuthology.orchestra.run.smithi012.stdout:/usr/bin/ceph: stderr
2023-08-11T14:16:26.277+0000 7fcdc834e700 1 -- 172.21.15.12:0/3598262604 shutdown_connections
2023-08-11T14:16:27.019 INFO:teuthology.orchestra.run.smithi012.stdout:/usr/bin/ceph: stderr
2023-08-11T14:16:26.277+0000 7fcdc834e700 1 -- 172.21.15.12:0/3598262604 wait complete.
2023-08-11T14:16:27.029 INFO:teuthology.orchestra.run.smithi012.stdout:Non-zero exit code 1 from systemctl is-enabled firewalld.service
2023-08-11T14:16:27.029 INFO:teuthology.orchestra.run.smithi012.stdout:systemctl: stdout disabled
2023-08-11T14:16:27.045 INFO:teuthology.orchestra.run.smithi012.stdout:Non-zero exit code 3 from systemctl is-active firewalld.service
2023-08-11T14:16:27.045 INFO:teuthology.orchestra.run.smithi012.stdout:systemctl: stdout inactive
2023-08-11T14:16:27.046 INFO:teuthology.orchestra.run.smithi012.stdout:firewalld.service is not enabled
