2023-08-11T14:22:50.982 INFO:teuthology.orchestra.run.smithi049.stderr:/usr/bin/ceph:
2023-08-11T14:22:50.979+0000 7f77499b3700 1 -- 172.21.15.49:0/1688871039 --> [v2:172.21.15.49:3300/0,v1:172.21.15.49:6789/0] -- mon_subscribe({osdmap=0}) v3 -- 0x7f774410e870 con 0x7f7744073c90
2023-08-11T14:22:50.982 INFO:teuthology.orchestra.run.smithi049.stderr:/usr/bin/ceph:
2023-08-11T14:22:50.980+0000 7f772b7fe700 1 -- 172.21.15.49:0/1688871039 <== mon.0 v2:172.21.15.49:3300/0 4 ==== mgrmap(e 4) v1 ==== 38504+0+0 (secure 0 0 0) 0x7f773402a070 con 0x7f7744073c90
2023-08-11T14:22:50.983 INFO:teuthology.orchestra.run.smithi049.stderr:/usr/bin/ceph:
2023-08-11T14:22:50.980+0000 7f772b7fe700 1 --2- 172.21.15.49:0/1688871039 >> [v2:172.21.15.49:6800/2141026980,v1:172.21.15.49:6801/2141026980] conn(0x7f772c032380 0x7f772c034840 unknown :-1 s=NONE pgs=0 cs=0 l=1 rev1=0 rx=0 tx=0).connect
2023-08-11T14:22:50.983 INFO:teuthology.orchestra.run.smithi049.stderr:/usr/bin/ceph:
2023-08-11T14:22:50.980+0000 7f772b7fe700 1 -- 172.21.15.49:0/1688871039 <== mon.0 v2:172.21.15.49:3300/0 5 ==== osd_map(1..1 src has 1..1) v4 ==== 721+0+0 (secure 0 0 0) 0x7f7734044360 con 0x7f7744073c90
2023-08-11T14:22:50.983 INFO:teuthology.orchestra.run.smithi049.stderr:/usr/bin/ceph:
2023-08-11T14:22:50.980+0000 7f77499b3700 1 -- 172.21.15.49:0/1688871039 --> [v2:172.21.15.49:3300/0,v1:172.21.15.49:6789/0] -- mon_command({"prefix": "get_command_descriptions"} v 0) v1 -- 0x7f7744046a10 con 0x7f7744073c90
2023-08-11T14:22:50.983 INFO:teuthology.orchestra.run.smithi049.stderr:/usr/bin/ceph:
2023-08-11T14:22:50.981+0000 7f77427fc700 1 --2- 172.21.15.49:0/1688871039 >> [v2:172.21.15.49:6800/2141026980,v1:172.21.15.49:6801/2141026980] conn(0x7f772c032380 0x7f772c034840 unknown :-1 s=BANNER_CONNECTING pgs=0 cs=0 l=1 rev1=0 rx=0 tx=0)._handle_peer_banner_payload supported=1 required=0
2023-08-11T14:22:50.984 INFO:teuthology.orchestra.run.smithi049.stderr:/usr/bin/ceph:
2023-08-11T14:22:50.981+0000 7f77427fc700 1 --2- 172.21.15.49:0/1688871039 >> [v2:172.21.15.49:6800/2141026980,v1:172.21.15.49:6801/2141026980] conn(0x7f772c032380 0x7f772c034840 secure :-1 s=READY pgs=5 cs=0 l=1 rev1=1 rx=0x7f7738009780 tx=0x7f7738006cc0).ready entity=mgr.14100 client_cookie=0 server_cookie=0 in_seq=0 out_seq=0
2023-08-11T14:22:50.987 INFO:teuthology.orchestra.run.smithi049.stderr:/usr/bin/ceph:
2023-08-11T14:22:50.986+0000 7f772b7fe700 1 -- 172.21.15.49:0/1688871039 <== mon.0 v2:172.21.15.49:3300/0 6 ==== mon_command_ack([{"prefix": "get_command_descriptions"}]=0 v0) v1 ==== 72+0+163129 (secure 0 0 0) 0x7f773401e080 con 0x7f7744073c90
2023-08-11T14:22:51.076 INFO:journalctl@ceph.mon.smithi049.smithi049.stdout:Aug 11 14:22:50 smithi049 ceph-6c6b35f0-3852-11ee-9b37-001a4aab830c-mon-smithi049[105838]: cluster
2023-08-11T14:22:49.928924+0000 mon.smithi049 (mon.0) 24 : cluster [DBG] mgrmap e4: smithi049.kjdigh(active, since 2s)
2023-08-11T14:22:51.241 INFO:teuthology.orchestra.run.smithi049.stderr:/usr/bin/ceph:
2023-08-11T14:22:51.232+0000 7f77499b3700 1 -- 172.21.15.49:0/1688871039 --> [v2:172.21.15.49:3300/0,v1:172.21.15.49:6789/0] -- mon_command({"prefix": "status", "format": "json-pretty"} v 0) v1 -- 0x7f774410fd20 con 0x7f7744073c90
2023-08-11T14:22:51.241 INFO:teuthology.orchestra.run.smithi049.stderr:/usr/bin/ceph:
2023-08-11T14:22:51.233+0000 7f772b7fe700 1 -- 172.21.15.49:0/1688871039 <== mon.0 v2:172.21.15.49:3300/0 7 ==== mon_command_ack([{"prefix": "status", "format": "json-pretty"}]=0 v0) v1 ==== 79+0+1249 (secure 0 0 0) 0x7f7734019390 con 0x7f7744073c90
2023-08-11T14:22:51.241 INFO:teuthology.orchestra.run.smithi049.stderr:/usr/bin/ceph:
2023-08-11T14:22:51.242 INFO:teuthology.orchestra.run.smithi049.stderr:/usr/bin/ceph: {
2023-08-11T14:22:51.242 INFO:teuthology.orchestra.run.smithi049.stderr:/usr/bin/ceph: "fsid": "6c6b35f0-3852-11ee-9b37-001a4aab830c",
2023-08-11T14:22:51.242 INFO:teuthology.orchestra.run.smithi049.stderr:/usr/bin/ceph: "health": {
2023-08-11T14:22:51.242 INFO:teuthology.orchestra.run.smithi049.stderr:/usr/bin/ceph: "status": "HEALTH_OK",
2023-08-11T14:22:51.242 INFO:teuthology.orchestra.run.smithi049.stderr:/usr/bin/ceph: "checks": {},
2023-08-11T14:22:51.243 INFO:teuthology.orchestra.run.smithi049.stderr:/usr/bin/ceph: "mutes": []
2023-08-11T14:22:51.243 INFO:teuthology.orchestra.run.smithi049.stderr:/usr/bin/ceph: },
2023-08-11T14:22:51.243 INFO:teuthology.orchestra.run.smithi049.stderr:/usr/bin/ceph: "election_epoch": 5,
2023-08-11T14:22:51.243 INFO:teuthology.orchestra.run.smithi049.stderr:/usr/bin/ceph: "quorum": [
2023-08-11T14:22:51.243 INFO:teuthology.orchestra.run.smithi049.stderr:/usr/bin/ceph: 0
2023-08-11T14:22:51.243 INFO:teuthology.orchestra.run.smithi049.stderr:/usr/bin/ceph: ],
2023-08-11T14:22:51.243 INFO:teuthology.orchestra.run.smithi049.stderr:/usr/bin/ceph: "quorum_names": [
2023-08-11T14:22:51.244 INFO:teuthology.orchestra.run.smithi049.stderr:/usr/bin/ceph: "smithi049"
2023-08-11T14:22:51.244 INFO:teuthology.orchestra.run.smithi049.stderr:/usr/bin/ceph: ],
2023-08-11T14:22:51.244 INFO:teuthology.orchestra.run.smithi049.stderr:/usr/bin/ceph: "quorum_age": 13,
2023-08-11T14:22:51.244 INFO:teuthology.orchestra.run.smithi049.stderr:/usr/bin/ceph: "monmap": {
2023-08-11T14:22:51.244 INFO:teuthology.orchestra.run.smithi049.stderr:/usr/bin/ceph: "epoch": 1,
2023-08-11T14:22:51.244 INFO:teuthology.orchestra.run.smithi049.stderr:/usr/bin/ceph: "min_mon_release_name": "pacific",
2023-08-11T14:22:51.244 INFO:teuthology.orchestra.run.smithi049.stderr:/usr/bin/ceph: "num_mons": 1
2023-08-11T14:22:51.245 INFO:teuthology.orchestra.run.smithi049.stderr:/usr/bin/ceph: },
2023-08-11T14:22:51.245 INFO:teuthology.orchestra.run.smithi049.stderr:/usr/bin/ceph: "osdmap": {
2023-08-11T14:22:51.245 INFO:teuthology.orchestra.run.smithi049.stderr:/usr/bin/ceph: "epoch": 1,
2023-08-11T14:22:51.245 INFO:teuthology.orchestra.run.smithi049.stderr:/usr/bin/ceph: "num_osds": 0,
2023-08-11T14:22:51.245 INFO:teuthology.orchestra.run.smithi049.stderr:/usr/bin/ceph: "num_up_osds": 0,
2023-08-11T14:22:51.245 INFO:teuthology.orchestra.run.smithi049.stderr:/usr/bin/ceph: "osd_up_since": 0,
2023-08-11T14:22:51.246 INFO:teuthology.orchestra.run.smithi049.stderr:/usr/bin/ceph: "num_in_osds": 0,
2023-08-11T14:22:51.246 INFO:teuthology.orchestra.run.smithi049.stderr:/usr/bin/ceph: "osd_in_since": 0,
2023-08-11T14:22:51.246 INFO:teuthology.orchestra.run.smithi049.stderr:/usr/bin/ceph: "num_remapped_pgs": 0
2023-08-11T14:22:51.246 INFO:teuthology.orchestra.run.smithi049.stderr:/usr/bin/ceph: },
2023-08-11T14:22:51.246 INFO:teuthology.orchestra.run.smithi049.stderr:/usr/bin/ceph: "pgmap": {
2023-08-11T14:22:51.246 INFO:teuthology.orchestra.run.smithi049.stderr:/usr/bin/ceph: "pgs_by_state": [],
2023-08-11T14:22:51.246 INFO:teuthology.orchestra.run.smithi049.stderr:/usr/bin/ceph: "num_pgs": 0,
2023-08-11T14:22:51.246 INFO:teuthology.orchestra.run.smithi049.stderr:/usr/bin/ceph: "num_pools": 0,
2023-08-11T14:22:51.247 INFO:teuthology.orchestra.run.smithi049.stderr:/usr/bin/ceph: "num_objects": 0,
2023-08-11T14:22:51.247 INFO:teuthology.orchestra.run.smithi049.stderr:/usr/bin/ceph: "data_bytes": 0,
2023-08-11T14:22:51.247 INFO:teuthology.orchestra.run.smithi049.stderr:/usr/bin/ceph: "bytes_used": 0,
2023-08-11T14:22:51.247 INFO:teuthology.orchestra.run.smithi049.stderr:/usr/bin/ceph: "bytes_avail": 0,
2023-08-11T14:22:51.247 INFO:teuthology.orchestra.run.smithi049.stderr:/usr/bin/ceph: "bytes_total": 0
2023-08-11T14:22:51.247 INFO:teuthology.orchestra.run.smithi049.stderr:/usr/bin/ceph: },
2023-08-11T14:22:51.247 INFO:teuthology.orchestra.run.smithi049.stderr:/usr/bin/ceph: "fsmap": {
2023-08-11T14:22:51.247 INFO:teuthology.orchestra.run.smithi049.stderr:/usr/bin/ceph: "epoch": 1,
2023-08-11T14:22:51.248 INFO:teuthology.orchestra.run.smithi049.stderr:/usr/bin/ceph: "by_rank": [],
2023-08-11T14:22:51.248 INFO:teuthology.orchestra.run.smithi049.stderr:/usr/bin/ceph: "up:standby": 0
2023-08-11T14:22:51.248 INFO:teuthology.orchestra.run.smithi049.stderr:/usr/bin/ceph: },
2023-08-11T14:22:51.248 INFO:teuthology.orchestra.run.smithi049.stderr:/usr/bin/ceph: "mgrmap": {
2023-08-11T14:22:51.248 INFO:teuthology.orchestra.run.smithi049.stderr:/usr/bin/ceph: "available": true,
2023-08-11T14:22:51.248 INFO:teuthology.orchestra.run.smithi049.stderr:/usr/bin/ceph: "num_standbys": 0,
2023-08-11T14:22:51.249 INFO:teuthology.orchestra.run.smithi049.stderr:/usr/bin/ceph: "modules": [
2023-08-11T14:22:51.249 INFO:teuthology.orchestra.run.smithi049.stderr:/usr/bin/ceph: "iostat",
2023-08-11T14:22:51.249 INFO:teuthology.orchestra.run.smithi049.stderr:/usr/bin/ceph: "nfs",
2023-08-11T14:22:51.249 INFO:teuthology.orchestra.run.smithi049.stderr:/usr/bin/ceph: "restful"
2023-08-11T14:22:51.249 INFO:teuthology.orchestra.run.smithi049.stderr:/usr/bin/ceph: ],
2023-08-11T14:22:51.249 INFO:teuthology.orchestra.run.smithi049.stderr:/usr/bin/ceph: "services": {}
2023-08-11T14:22:51.249 INFO:teuthology.orchestra.run.smithi049.stderr:/usr/bin/ceph: },
2023-08-11T14:22:51.250 INFO:teuthology.orchestra.run.smithi049.stderr:/usr/bin/ceph: "servicemap": {
2023-08-11T14:22:51.250 INFO:teuthology.orchestra.run.smithi049.stderr:/usr/bin/ceph: "epoch": 1,
2023-08-11T14:22:51.250 INFO:teuthology.orchestra.run.smithi049.stderr:/usr/bin/ceph: "modified": "2023-08-11T14:22:33.836367+0000",
2023-08-11T14:22:51.250 INFO:teuthology.orchestra.run.smithi049.stderr:/usr/bin/ceph: "services": {}
2023-08-11T14:22:51.250 INFO:teuthology.orchestra.run.smithi049.stderr:/usr/bin/ceph: },
2023-08-11T14:22:51.250 INFO:teuthology.orchestra.run.smithi049.stderr:/usr/bin/ceph: "progress_events": {}
2023-08-11T14:22:51.251 INFO:teuthology.orchestra.run.smithi049.stderr:/usr/bin/ceph: }
2023-08-11T14:22:51.251 INFO:teuthology.orchestra.run.smithi049.stderr:/usr/bin/ceph:
2023-08-11T14:22:51.236+0000 7f77499b3700 1 -- 172.21.15.49:0/1688871039 >> [v2:172.21.15.49:6800/2141026980,v1:172.21.15.49:6801/2141026980] conn(0x7f772c032380 msgr2=0x7f772c034840 secure :-1 s=STATE_CONNECTION_ESTABLISHED l=1).mark_down
2023-08-11T14:22:51.251 INFO:teuthology.orchestra.run.smithi049.stderr:/usr/bin/ceph:
2023-08-11T14:22:51.236+0000 7f77499b3700 1 --2- 172.21.15.49:0/1688871039 >> [v2:172.21.15.49:6800/2141026980,v1:172.21.15.49:6801/2141026980] conn(0x7f772c032380 0x7f772c034840 secure :-1 s=READY pgs=5 cs=0 l=1 rev1=1 rx=0x7f7738009780 tx=0x7f7738006cc0).stop
2023-08-11T14:22:51.252 INFO:teuthology.orchestra.run.smithi049.stderr:/usr/bin/ceph:
2023-08-11T14:22:51.236+0000 7f77499b3700 1 -- 172.21.15.49:0/1688871039 >> [v2:172.21.15.49:3300/0,v1:172.21.15.49:6789/0] conn(0x7f7744073c90 msgr2=0x7f774410dd70 secure :-1 s=STATE_CONNECTION_ESTABLISHED l=1).mark_down
2023-08-11T14:22:51.252 INFO:teuthology.orchestra.run.smithi049.stderr:/usr/bin/ceph:
2023-08-11T14:22:51.236+0000 7f77499b3700 1 --2- 172.21.15.49:0/1688871039 >> [v2:172.21.15.49:3300/0,v1:172.21.15.49:6789/0] conn(0x7f7744073c90 0x7f774410dd70 secure :-1 s=READY pgs=17 cs=0 l=1 rev1=1 rx=0x7f7734011870 tx=0x7f77340090f0).stop
2023-08-11T14:22:51.252 INFO:teuthology.orchestra.run.smithi049.stderr:/usr/bin/ceph:
2023-08-11T14:22:51.237+0000 7f77499b3700 1 -- 172.21.15.49:0/1688871039 shutdown_connections
2023-08-11T14:22:51.252 INFO:teuthology.orchestra.run.smithi049.stderr:/usr/bin/ceph:
2023-08-11T14:22:51.237+0000 7f77499b3700 1 --2- 172.21.15.49:0/1688871039 >> [v2:172.21.15.49:6800/2141026980,v1:172.21.15.49:6801/2141026980] conn(0x7f772c032380 0x7f772c034840 unknown :-1 s=CLOSED pgs=5 cs=0 l=1 rev1=1 rx=0 tx=0).stop
2023-08-11T14:22:51.252 INFO:teuthology.orchestra.run.smithi049.stderr:/usr/bin/ceph:
2023-08-11T14:22:51.237+0000 7f77499b3700 1 --2- 172.21.15.49:0/1688871039 >> [v2:172.21.15.49:3300/0,v1:172.21.15.49:6789/0] conn(0x7f7744073c90 0x7f774410dd70 unknown :-1 s=CLOSED pgs=17 cs=0 l=1 rev1=1 rx=0 tx=0).stop
2023-08-11T14:22:51.252 INFO:teuthology.orchestra.run.smithi049.stderr:/usr/bin/ceph:
2023-08-11T14:22:51.237+0000 7f77499b3700 1 -- 172.21.15.49:0/1688871039 >> 172.21.15.49:0/1688871039 conn(0x7f77440f8580 msgr2=0x7f77440fa050 unknown :-1 s=STATE_NONE l=0).mark_down
2023-08-11T14:22:51.253 INFO:teuthology.orchestra.run.smithi049.stderr:/usr/bin/ceph:
2023-08-11T14:22:51.237+0000 7f77499b3700 1 -- 172.21.15.49:0/1688871039 shutdown_connections
2023-08-11T14:22:51.253 INFO:teuthology.orchestra.run.smithi049.stderr:/usr/bin/ceph:
2023-08-11T14:22:51.237+0000 7f77499b3700 1 -- 172.21.15.49:0/1688871039 wait complete.
2023-08-11T14:22:51.586 INFO:teuthology.orchestra.run.smithi049.stderr:mgr is available
2023-08-11T14:22:52.326 INFO:journalctl@ceph.mon.smithi049.smithi049.stdout:Aug 11 14:22:51 smithi049 ceph-6c6b35f0-3852-11ee-9b37-001a4aab830c-mon-smithi049[105838]: audit
2023-08-11T14:22:51.233711+0000 mon.smithi049 (mon.0) 25 : audit [DBG] from='client.? 172.21.15.49:0/1688871039' entity='client.admin' cmd=[{"prefix": "status", "format": "json-pretty"}]: dispatch
2023-08-11T14:22:56.648 INFO:teuthology.orchestra.run.smithi049.stderr:/usr/bin/ceph:
2023-08-11T14:22:56.646+0000 7f517b0f1700 1 Processor -- start
2023-08-11T14:22:56.648 INFO:teuthology.orchestra.run.smithi049.stderr:/usr/bin/ceph:
2023-08-11T14:22:56.646+0000 7f517b0f1700 1 -- start start
2023-08-11T14:22:56.648 INFO:teuthology.orchestra.run.smithi049.stderr:/usr/bin/ceph:
2023-08-11T14:22:56.647+0000 7f517b0f1700 1 --2- >> [v2:172.21.15.49:3300/0,v1:172.21.15.49:6789/0] conn(0x7f51740fd230 0x7f51740fd650 unknown :-1 s=NONE pgs=0 cs=0 l=0 rev1=0 rx=0 tx=0).connect
2023-08-11T14:22:56.649 INFO:teuthology.orchestra.run.smithi049.stderr:/usr/bin/ceph:
2023-08-11T14:22:56.647+0000 7f517b0f1700 1 -- --> [v2:172.21.15.49:3300/0,v1:172.21.15.49:6789/0] -- mon_getmap magic: 0 v1 -- 0x7f51740fdb40 con 0x7f51740fd230
2023-08-11T14:22:56.650 INFO:teuthology.orchestra.run.smithi049.stderr:/usr/bin/ceph:
2023-08-11T14:22:56.647+0000 7f5178e8d700 1 --2- >> [v2:172.21.15.49:3300/0,v1:172.21.15.49:6789/0] conn(0x7f51740fd230 0x7f51740fd650 unknown :-1 s=BANNER_CONNECTING pgs=0 cs=0 l=0 rev1=0 rx=0 tx=0)._handle_peer_banner_payload supported=1 required=0
2023-08-11T14:22:56.650 INFO:teuthology.orchestra.run.smithi049.stderr:/usr/bin/ceph:
2023-08-11T14:22:56.647+0000 7f5178e8d700 1 --2- >> [v2:172.21.15.49:3300/0,v1:172.21.15.49:6789/0] conn(0x7f51740fd230 0x7f51740fd650 unknown :-1 s=HELLO_CONNECTING pgs=0 cs=0 l=0 rev1=1 rx=0 tx=0).handle_hello peer v2:172.21.15.49:3300/0 says I am v2:172.21.15.49:41780/0 (socket says 172.21.15.49:41780)
2023-08-11T14:22:56.650 INFO:teuthology.orchestra.run.smithi049.stderr:/usr/bin/ceph:
2023-08-11T14:22:56.647+0000 7f5178e8d700 1 -- 172.21.15.49:0/1974908419 learned_addr learned my addr 172.21.15.49:0/1974908419 (peer_addr_for_me v2:172.21.15.49:0/0)
2023-08-11T14:22:56.650 INFO:teuthology.orchestra.run.smithi049.stderr:/usr/bin/ceph:
2023-08-11T14:22:56.648+0000 7f5178e8d700 1 -- 172.21.15.49:0/1974908419 --> [v2:172.21.15.49:3300/0,v1:172.21.15.49:6789/0] -- mon_subscribe({config=0+,monmap=0+}) v3 -- 0x7f51740fdc80 con 0x7f51740fd230
2023-08-11T14:22:56.650 INFO:teuthology.orchestra.run.smithi049.stderr:/usr/bin/ceph:
2023-08-11T14:22:56.648+0000 7f5178e8d700 1 --2- 172.21.15.49:0/1974908419 >> [v2:172.21.15.49:3300/0,v1:172.21.15.49:6789/0] conn(0x7f51740fd230 0x7f51740fd650 secure :-1 s=READY pgs=18 cs=0 l=1 rev1=1 rx=0x7f5168009730 tx=0x7f51680090f0).ready entity=mon.0 client_cookie=8a460211cb4f70e server_cookie=0 in_seq=0 out_seq=0
2023-08-11T14:22:56.650 INFO:teuthology.orchestra.run.smithi049.stderr:/usr/bin/ceph:
2023-08-11T14:22:56.648+0000 7f51737fe700 1 -- 172.21.15.49:0/1974908419 <== mon.0 v2:172.21.15.49:3300/0 1 ==== mon_map magic: 0 v1 ==== 229+0+0 (secure 0 0 0) 0x7f516800b6e0 con 0x7f51740fd230
2023-08-11T14:22:56.651 INFO:teuthology.orchestra.run.smithi049.stderr:/usr/bin/ceph:
2023-08-11T14:22:56.648+0000 7f51737fe700 1 -- 172.21.15.49:0/1974908419 <== mon.0 v2:172.21.15.49:3300/0 2 ==== config(25 keys) v1 ==== 982+0+0 (secure 0 0 0) 0x7f516800bc90 con 0x7f51740fd230
2023-08-11T14:22:56.651 INFO:teuthology.orchestra.run.smithi049.stderr:/usr/bin/ceph:
2023-08-11T14:22:56.648+0000 7f51737fe700 1 -- 172.21.15.49:0/1974908419 <== mon.0 v2:172.21.15.49:3300/0 3 ==== mon_map magic: 0 v1 ==== 229+0+0 (secure 0 0 0) 0x7f5168011c70 con 0x7f51740fd230
2023-08-11T14:22:56.651 INFO:teuthology.orchestra.run.smithi049.stderr:/usr/bin/ceph:
2023-08-11T14:22:56.649+0000 7f517b0f1700 1 -- 172.21.15.49:0/1974908419 >> [v2:172.21.15.49:3300/0,v1:172.21.15.49:6789/0] conn(0x7f51740fd230 msgr2=0x7f51740fd650 secure :-1 s=STATE_CONNECTION_ESTABLISHED l=1).mark_down
2023-08-11T14:22:56.651 INFO:teuthology.orchestra.run.smithi049.stderr:/usr/bin/ceph:
2023-08-11T14:22:56.649+0000 7f517b0f1700 1 --2- 172.21.15.49:0/1974908419 >> [v2:172.21.15.49:3300/0,v1:172.21.15.49:6789/0] conn(0x7f51740fd230 0x7f51740fd650 secure :-1 s=READY pgs=18 cs=0 l=1 rev1=1 rx=0x7f5168009730 tx=0x7f51680090f0).stop
2023-08-11T14:22:56.653 INFO:teuthology.orchestra.run.smithi049.stderr:/usr/bin/ceph:
2023-08-11T14:22:56.649+0000 7f517b0f1700 1 -- 172.21.15.49:0/1974908419 shutdown_connections
2023-08-11T14:22:56.653 INFO:teuthology.orchestra.run.smithi049.stderr:/usr/bin/ceph:
2023-08-11T14:22:56.649+0000 7f517b0f1700 1 --2- 172.21.15.49:0/1974908419 >> [v2:172.21.15.49:3300/0,v1:172.21.15.49:6789/0] conn(0x7f51740fd230 0x7f51740fd650 unknown :-1 s=CLOSED pgs=18 cs=0 l=1 rev1=1 rx=0 tx=0).stop
2023-08-11T14:22:56.653 INFO:teuthology.orchestra.run.smithi049.stderr:/usr/bin/ceph:
2023-08-11T14:22:56.649+0000 7f517b0f1700 1 -- 172.21.15.49:0/1974908419 >> 172.21.15.49:0/1974908419 conn(0x7f51740f7380 msgr2=0x7f51740f97a0 unknown :-1 s=STATE_NONE l=0).mark_down
2023-08-11T14:22:56.654 INFO:teuthology.orchestra.run.smithi049.stderr:/usr/bin/ceph:
2023-08-11T14:22:56.649+0000 7f517b0f1700 1 -- 172.21.15.49:0/1974908419 shutdown_connections
2023-08-11T14:22:56.654 INFO:teuthology.orchestra.run.smithi049.stderr:/usr/bin/ceph:
2023-08-11T14:22:56.649+0000 7f517b0f1700 1 -- 172.21.15.49:0/1974908419 wait complete.
2023-08-11T14:22:56.654 INFO:teuthology.orchestra.run.smithi049.stderr:/usr/bin/ceph:
2023-08-11T14:22:56.650+0000 7f517b0f1700 1 Processor -- start
2023-08-11T14:22:56.654 INFO:teuthology.orchestra.run.smithi049.stderr:/usr/bin/ceph:
2023-08-11T14:22:56.650+0000 7f517b0f1700 1 -- start start
2023-08-11T14:22:56.654 INFO:teuthology.orchestra.run.smithi049.stderr:/usr/bin/ceph:
2023-08-11T14:22:56.651+0000 7f517b0f1700 1 --2- >> [v2:172.21.15.49:3300/0,v1:172.21.15.49:6789/0] conn(0x7f51740fd230 0x7f5174109930 unknown :-1 s=NONE pgs=0 cs=0 l=1 rev1=0 rx=0 tx=0).connect
2023-08-11T14:22:56.654 INFO:teuthology.orchestra.run.smithi049.stderr:/usr/bin/ceph:
2023-08-11T14:22:56.651+0000 7f517b0f1700 1 -- --> [v2:172.21.15.49:3300/0,v1:172.21.15.49:6789/0] -- mon_getmap magic: 0 v1 -- 0x7f5174109e20 con 0x7f51740fd230
2023-08-11T14:22:56.655 INFO:teuthology.orchestra.run.smithi049.stderr:/usr/bin/ceph:
2023-08-11T14:22:56.651+0000 7f5178e8d700 1 --2- >> [v2:172.21.15.49:3300/0,v1:172.21.15.49:6789/0] conn(0x7f51740fd230 0x7f5174109930 unknown :-1 s=BANNER_CONNECTING pgs=0 cs=0 l=1 rev1=0 rx=0 tx=0)._handle_peer_banner_payload supported=1 required=0
2023-08-11T14:22:56.655 INFO:teuthology.orchestra.run.smithi049.stderr:/usr/bin/ceph:
2023-08-11T14:22:56.651+0000 7f5178e8d700 1 --2- >> [v2:172.21.15.49:3300/0,v1:172.21.15.49:6789/0] conn(0x7f51740fd230 0x7f5174109930 unknown :-1 s=HELLO_CONNECTING pgs=0 cs=0 l=1 rev1=1 rx=0 tx=0).handle_hello peer v2:172.21.15.49:3300/0 says I am v2:172.21.15.49:41792/0 (socket says 172.21.15.49:41792)
2023-08-11T14:22:56.655 INFO:teuthology.orchestra.run.smithi049.stderr:/usr/bin/ceph:
2023-08-11T14:22:56.651+0000 7f5178e8d700 1 -- 172.21.15.49:0/2306233047 learned_addr learned my addr 172.21.15.49:0/2306233047 (peer_addr_for_me v2:172.21.15.49:0/0)
2023-08-11T14:22:56.655 INFO:teuthology.orchestra.run.smithi049.stderr:/usr/bin/ceph:
2023-08-11T14:22:56.651+0000 7f5178e8d700 1 -- 172.21.15.49:0/2306233047 --> [v2:172.21.15.49:3300/0,v1:172.21.15.49:6789/0] -- mon_subscribe({config=0+,monmap=0+}) v3 -- 0x7f5168009370 con 0x7f51740fd230
2023-08-11T14:22:56.655 INFO:teuthology.orchestra.run.smithi049.stderr:/usr/bin/ceph:
2023-08-11T14:22:56.651+0000 7f5178e8d700 1 --2- 172.21.15.49:0/2306233047 >> [v2:172.21.15.49:3300/0,v1:172.21.15.49:6789/0] conn(0x7f51740fd230 0x7f5174109930 secure :-1 s=READY pgs=19 cs=0 l=1 rev1=1 rx=0x7f5168009340 tx=0x7f51680090f0).ready entity=mon.0 client_cookie=0 server_cookie=0 in_seq=0 out_seq=0
2023-08-11T14:22:56.655 INFO:teuthology.orchestra.run.smithi049.stderr:/usr/bin/ceph:
2023-08-11T14:22:56.652+0000 7f51717fa700 1 -- 172.21.15.49:0/2306233047 <== mon.0 v2:172.21.15.49:3300/0 1 ==== mon_map magic: 0 v1 ==== 229+0+0 (secure 0 0 0) 0x7f516800bab0 con 0x7f51740fd230
2023-08-11T14:22:56.655 INFO:teuthology.orchestra.run.smithi049.stderr:/usr/bin/ceph:
2023-08-11T14:22:56.652+0000 7f51717fa700 1 -- 172.21.15.49:0/2306233047 <== mon.0 v2:172.21.15.49:3300/0 2 ==== config(25 keys) v1 ==== 982+0+0 (secure 0 0 0) 0x7f5168011c30 con 0x7f51740fd230
2023-08-11T14:22:56.656 INFO:teuthology.orchestra.run.smithi049.stderr:/usr/bin/ceph:
2023-08-11T14:22:56.652+0000 7f517b0f1700 1 -- 172.21.15.49:0/2306233047 --> [v2:172.21.15.49:3300/0,v1:172.21.15.49:6789/0] -- mon_subscribe({mgrmap=0+}) v3 -- 0x7f517410a020 con 0x7f51740fd230
2023-08-11T14:22:56.656 INFO:teuthology.orchestra.run.smithi049.stderr:/usr/bin/ceph:
2023-08-11T14:22:56.652+0000 7f51717fa700 1 -- 172.21.15.49:0/2306233047 <== mon.0 v2:172.21.15.49:3300/0 3 ==== mon_map magic: 0 v1 ==== 229+0+0 (secure 0 0 0) 0x7f516801ac70 con 0x7f51740fd230
2023-08-11T14:22:56.656 INFO:teuthology.orchestra.run.smithi049.stderr:/usr/bin/ceph:
2023-08-11T14:22:56.652+0000 7f517b0f1700 1 -- 172.21.15.49:0/2306233047 --> [v2:172.21.15.49:3300/0,v1:172.21.15.49:6789/0] -- mon_subscribe({osdmap=0}) v3 -- 0x7f517410a430 con 0x7f51740fd230
2023-08-11T14:22:56.657 INFO:teuthology.orchestra.run.smithi049.stderr:/usr/bin/ceph:
2023-08-11T14:22:56.653+0000 7f51717fa700 1 -- 172.21.15.49:0/2306233047 <== mon.0 v2:172.21.15.49:3300/0 4 ==== mgrmap(e 4) v1 ==== 38504+0+0 (secure 0 0 0) 0x7f516802a070 con 0x7f51740fd230
2023-08-11T14:22:56.657 INFO:teuthology.orchestra.run.smithi049.stderr:/usr/bin/ceph:
2023-08-11T14:22:56.653+0000 7f517b0f1700 1 -- 172.21.15.49:0/2306233047 --> [v2:172.21.15.49:3300/0,v1:172.21.15.49:6789/0] -- mon_command({"prefix": "get_command_descriptions"} v 0) v1 -- 0x7f5174046a10 con 0x7f51740fd230
2023-08-11T14:22:56.657 INFO:teuthology.orchestra.run.smithi049.stderr:/usr/bin/ceph:
2023-08-11T14:22:56.653+0000 7f51717fa700 1 --2- 172.21.15.49:0/2306233047 >> [v2:172.21.15.49:6800/2141026980,v1:172.21.15.49:6801/2141026980] conn(0x7f5164034620 0x7f5164036ae0 unknown :-1 s=NONE pgs=0 cs=0 l=1 rev1=0 rx=0 tx=0).connect
2023-08-11T14:22:56.657 INFO:teuthology.orchestra.run.smithi049.stderr:/usr/bin/ceph:
2023-08-11T14:22:56.653+0000 7f51717fa700 1 -- 172.21.15.49:0/2306233047 <== mon.0 v2:172.21.15.49:3300/0 5 ==== osd_map(1..1 src has 1..1) v4 ==== 721+0+0 (secure 0 0 0) 0x7f5168044550 con 0x7f51740fd230
2023-08-11T14:22:56.658 INFO:teuthology.orchestra.run.smithi049.stderr:/usr/bin/ceph:
2023-08-11T14:22:56.654+0000 7f5173fff700 1 --2- 172.21.15.49:0/2306233047 >> [v2:172.21.15.49:6800/2141026980,v1:172.21.15.49:6801/2141026980] conn(0x7f5164034620 0x7f5164036ae0 unknown :-1 s=BANNER_CONNECTING pgs=0 cs=0 l=1 rev1=0 rx=0 tx=0)._handle_peer_banner_payload supported=1 required=0
2023-08-11T14:22:56.658 INFO:teuthology.orchestra.run.smithi049.stderr:/usr/bin/ceph:
2023-08-11T14:22:56.654+0000 7f5173fff700 1 --2- 172.21.15.49:0/2306233047 >> [v2:172.21.15.49:6800/2141026980,v1:172.21.15.49:6801/2141026980] conn(0x7f5164034620 0x7f5164036ae0 secure :-1 s=READY pgs=6 cs=0 l=1 rev1=1 rx=0x7f5160009780 tx=0x7f5160006cc0).ready entity=mgr.14100 client_cookie=0 server_cookie=0 in_seq=0 out_seq=0
2023-08-11T14:22:56.659 INFO:teuthology.orchestra.run.smithi049.stderr:/usr/bin/ceph:
2023-08-11T14:22:56.659+0000 7f51717fa700 1 -- 172.21.15.49:0/2306233047 <== mon.0 v2:172.21.15.49:3300/0 6 ==== mon_command_ack([{"prefix": "get_command_descriptions"}]=0 v0) v1 ==== 72+0+163129 (secure 0 0 0) 0x7f5168023400 con 0x7f51740fd230
2023-08-11T14:22:56.838 INFO:teuthology.orchestra.run.smithi049.stderr:/usr/bin/ceph:
2023-08-11T14:22:56.837+0000 7f517b0f1700 1 -- 172.21.15.49:0/2306233047 --> [v2:172.21.15.49:3300/0,v1:172.21.15.49:6789/0] -- mon_command({"prefix": "config assimilate-conf"} v 0) v1 -- 0x7f51740fc3b0 con 0x7f51740fd230
2023-08-11T14:22:56.840 INFO:teuthology.orchestra.run.smithi049.stderr:/usr/bin/ceph:
2023-08-11T14:22:56.838+0000 7f51717fa700 1 -- 172.21.15.49:0/2306233047 <== mon.0 v2:172.21.15.49:3300/0 7 ==== mon_command_ack([{"prefix": "config assimilate-conf"}]=0 v3) v1 ==== 70+0+398 (secure 0 0 0) 0x7f516801edd0 con 0x7f51740fd230
2023-08-11T14:22:56.841 INFO:teuthology.orchestra.run.smithi049.stderr:/usr/bin/ceph:
2023-08-11T14:22:56.841 INFO:teuthology.orchestra.run.smithi049.stderr:/usr/bin/ceph: [global]
2023-08-11T14:22:56.841 INFO:teuthology.orchestra.run.smithi049.stderr:/usr/bin/ceph: fsid = 6c6b35f0-3852-11ee-9b37-001a4aab830c
2023-08-11T14:22:56.841 INFO:teuthology.orchestra.run.smithi049.stderr:/usr/bin/ceph: log_to_journald = false
2023-08-11T14:22:56.841 INFO:teuthology.orchestra.run.smithi049.stderr:/usr/bin/ceph: mon_osd_allow_pg_remap = true
2023-08-11T14:22:56.841 INFO:teuthology.orchestra.run.smithi049.stderr:/usr/bin/ceph: mon_osd_allow_primary_affinity = true
2023-08-11T14:22:56.841 INFO:teuthology.orchestra.run.smithi049.stderr:/usr/bin/ceph: mon_warn_on_no_sortbitwise = false
2023-08-11T14:22:56.842 INFO:teuthology.orchestra.run.smithi049.stderr:/usr/bin/ceph: osd_crush_chooseleaf_type = 0
2023-08-11T14:22:56.842 INFO:teuthology.orchestra.run.smithi049.stderr:/usr/bin/ceph:
2023-08-11T14:22:56.842 INFO:teuthology.orchestra.run.smithi049.stderr:/usr/bin/ceph: [mgr]
2023-08-11T14:22:56.842 INFO:teuthology.orchestra.run.smithi049.stderr:/usr/bin/ceph: mgr/telemetry/nag = false
2023-08-11T14:22:56.842 INFO:teuthology.orchestra.run.smithi049.stderr:/usr/bin/ceph:
2023-08-11T14:22:56.842 INFO:teuthology.orchestra.run.smithi049.stderr:/usr/bin/ceph: [osd]
2023-08-11T14:22:56.842 INFO:teuthology.orchestra.run.smithi049.stderr:/usr/bin/ceph: mon_osd_backfillfull_ratio = 0.85
2023-08-11T14:22:56.842 INFO:teuthology.orchestra.run.smithi049.stderr:/usr/bin/ceph: mon_osd_full_ratio = 0.9
2023-08-11T14:22:56.843 INFO:teuthology.orchestra.run.smithi049.stderr:/usr/bin/ceph: mon_osd_nearfull_ratio = 0.8
2023-08-11T14:22:56.843 INFO:teuthology.orchestra.run.smithi049.stderr:/usr/bin/ceph: osd_map_max_advance = 10
2023-08-11T14:22:56.843 INFO:teuthology.orchestra.run.smithi049.stderr:/usr/bin/ceph: osd_sloppy_crc = true
2023-08-11T14:22:56.844 INFO:teuthology.orchestra.run.smithi049.stderr:/usr/bin/ceph:
2023-08-11T14:22:56.841+0000 7f517b0f1700 1 -- 172.21.15.49:0/2306233047 >> [v2:172.21.15.49:6800/2141026980,v1:172.21.15.49:6801/2141026980] conn(0x7f5164034620 msgr2=0x7f5164036ae0 secure :-1 s=STATE_CONNECTION_ESTABLISHED l=1).mark_down
2023-08-11T14:22:56.844 INFO:teuthology.orchestra.run.smithi049.stderr:/usr/bin/ceph:
2023-08-11T14:22:56.841+0000 7f517b0f1700 1 --2- 172.21.15.49:0/2306233047 >> [v2:172.21.15.49:6800/2141026980,v1:172.21.15.49:6801/2141026980] conn(0x7f5164034620 0x7f5164036ae0 secure :-1 s=READY pgs=6 cs=0 l=1 rev1=1 rx=0x7f5160009780 tx=0x7f5160006cc0).stop
2023-08-11T14:22:56.844 INFO:teuthology.orchestra.run.smithi049.stderr:/usr/bin/ceph:
2023-08-11T14:22:56.841+0000 7f517b0f1700 1 -- 172.21.15.49:0/2306233047 >> [v2:172.21.15.49:3300/0,v1:172.21.15.49:6789/0] conn(0x7f51740fd230 msgr2=0x7f5174109930 secure :-1 s=STATE_CONNECTION_ESTABLISHED l=1).mark_down
2023-08-11T14:22:56.844 INFO:teuthology.orchestra.run.smithi049.stderr:/usr/bin/ceph:
2023-08-11T14:22:56.841+0000 7f517b0f1700 1 --2- 172.21.15.49:0/2306233047 >> [v2:172.21.15.49:3300/0,v1:172.21.15.49:6789/0] conn(0x7f51740fd230 0x7f5174109930 secure :-1 s=READY pgs=19 cs=0 l=1 rev1=1 rx=0x7f5168009340 tx=0x7f51680090f0).stop
2023-08-11T14:22:56.844 INFO:teuthology.orchestra.run.smithi049.stderr:/usr/bin/ceph:
2023-08-11T14:22:56.841+0000 7f517b0f1700 1 -- 172.21.15.49:0/2306233047 shutdown_connections
2023-08-11T14:22:56.845 INFO:teuthology.orchestra.run.smithi049.stderr:/usr/bin/ceph:
2023-08-11T14:22:56.841+0000 7f517b0f1700 1 --2- 172.21.15.49:0/2306233047 >> [v2:172.21.15.49:6800/2141026980,v1:172.21.15.49:6801/2141026980] conn(0x7f5164034620 0x7f5164036ae0 unknown :-1 s=CLOSED pgs=6 cs=0 l=1 rev1=1 rx=0 tx=0).stop
2023-08-11T14:22:56.845 INFO:teuthology.orchestra.run.smithi049.stderr:/usr/bin/ceph:
2023-08-11T14:22:56.841+0000 7f517b0f1700 1 --2- 172.21.15.49:0/2306233047 >> [v2:172.21.15.49:3300/0,v1:172.21.15.49:6789/0] conn(0x7f51740fd230 0x7f5174109930 unknown :-1 s=CLOSED pgs=19 cs=0 l=1 rev1=1 rx=0 tx=0).stop
2023-08-11T14:22:56.845 INFO:teuthology.orchestra.run.smithi049.stderr:/usr/bin/ceph:
2023-08-11T14:22:56.841+0000 7f517b0f1700 1 -- 172.21.15.49:0/2306233047 >> 172.21.15.49:0/2306233047 conn(0x7f51740f7380 msgr2=0x7f5174100910 unknown :-1 s=STATE_NONE l=0).mark_down
2023-08-11T14:22:56.845 INFO:teuthology.orchestra.run.smithi049.stderr:/usr/bin/ceph:
2023-08-11T14:22:56.841+0000 7f517b0f1700 1 -- 172.21.15.49:0/2306233047 shutdown_connections
2023-08-11T14:22:56.845 INFO:teuthology.orchestra.run.smithi049.stderr:/usr/bin/ceph:
2023-08-11T14:22:56.841+0000 7f517b0f1700 1 -- 172.21.15.49:0/2306233047 wait complete.
2023-08-11T14:22:57.162 INFO:teuthology.orchestra.run.smithi049.stderr:Enabling cephadm module...
2023-08-11T14:22:57.162 INFO:journalctl@ceph.mon.smithi049.smithi049.stdout:Aug 11 14:22:56 smithi049 ceph-6c6b35f0-3852-11ee-9b37-001a4aab830c-mon-smithi049[105838]: audit
2023-08-11T14:22:56.838776+0000 mon.smithi049 (mon.0) 26 : audit [INF] from='client.? 172.21.15.49:0/2306233047' entity='client.admin' cmd=[{"prefix": "config assimilate-conf"}]: dispatch
2023-08-11T14:22:57.588 INFO:teuthology.orchestra.run.smithi049.stderr:/usr/bin/ceph:
2023-08-11T14:22:57.547+0000 7fe91b129700 1 Processor -- start
2023-08-11T14:22:57.588 INFO:teuthology.orchestra.run.smithi049.stderr:/usr/bin/ceph:
2023-08-11T14:22:57.547+0000 7fe91b129700 1 -- start start
2023-08-11T14:22:57.588 INFO:teuthology.orchestra.run.smithi049.stderr:/usr/bin/ceph:
2023-08-11T14:22:57.547+0000 7fe91b129700 1 --2- >> [v2:172.21.15.49:3300/0,v1:172.21.15.49:6789/0] conn(0x7fe9140fd8d0 0x7fe9140ffcc0 unknown :-1 s=NONE pgs=0 cs=0 l=0 rev1=0 rx=0 tx=0).connect
2023-08-11T14:22:57.589 INFO:teuthology.orchestra.run.smithi049.stderr:/usr/bin/ceph:
2023-08-11T14:22:57.547+0000 7fe91b129700 1 -- --> [v2:172.21.15.49:3300/0,v1:172.21.15.49:6789/0] -- mon_getmap magic: 0 v1 -- 0x7fe914071ca0 con 0x7fe9140fd8d0
2023-08-11T14:22:57.589 INFO:teuthology.orchestra.run.smithi049.stderr:/usr/bin/ceph:
2023-08-11T14:22:57.548+0000 7fe918ec5700 1 --2- >> [v2:172.21.15.49:3300/0,v1:172.21.15.49:6789/0] conn(0x7fe9140fd8d0 0x7fe9140ffcc0 unknown :-1 s=BANNER_CONNECTING pgs=0 cs=0 l=0 rev1=0 rx=0 tx=0)._handle_peer_banner_payload supported=1 required=0
2023-08-11T14:22:57.589 INFO:teuthology.orchestra.run.smithi049.stderr:/usr/bin/ceph:
2023-08-11T14:22:57.548+0000 7fe918ec5700 1 --2- >> [v2:172.21.15.49:3300/0,v1:172.21.15.49:6789/0] conn(0x7fe9140fd8d0 0x7fe9140ffcc0 unknown :-1 s=HELLO_CONNECTING pgs=0 cs=0 l=0 rev1=1 rx=0 tx=0).handle_hello peer v2:172.21.15.49:3300/0 says I am v2:172.21.15.49:41794/0 (socket says 172.21.15.49:41794)
2023-08-11T14:22:57.589 INFO:teuthology.orchestra.run.smithi049.stderr:/usr/bin/ceph:
2023-08-11T14:22:57.548+0000 7fe918ec5700 1 -- 172.21.15.49:0/3469149616 learned_addr learned my addr 172.21.15.49:0/3469149616 (peer_addr_for_me v2:172.21.15.49:0/0)
2023-08-11T14:22:57.589 INFO:teuthology.orchestra.run.smithi049.stderr:/usr/bin/ceph:
2023-08-11T14:22:57.548+0000 7fe918ec5700 1 -- 172.21.15.49:0/3469149616 --> [v2:172.21.15.49:3300/0,v1:172.21.15.49:6789/0] -- mon_subscribe({config=0+,monmap=0+}) v3 -- 0x7fe914071de0 con 0x7fe9140fd8d0
2023-08-11T14:22:57.589 INFO:teuthology.orchestra.run.smithi049.stderr:/usr/bin/ceph:
2023-08-11T14:22:57.548+0000 7fe918ec5700 1 --2- 172.21.15.49:0/3469149616 >> [v2:172.21.15.49:3300/0,v1:172.21.15.49:6789/0] conn(0x7fe9140fd8d0 0x7fe9140ffcc0 secure :-1 s=READY pgs=20 cs=0 l=1 rev1=1 rx=0x7fe908009730 tx=0x7fe9080090f0).ready entity=mon.0 client_cookie=b0215e3d7ce17822 server_cookie=0 in_seq=0 out_seq=0
2023-08-11T14:22:57.589 INFO:teuthology.orchestra.run.smithi049.stderr:/usr/bin/ceph:
2023-08-11T14:22:57.549+0000 7fe9137fe700 1 -- 172.21.15.49:0/3469149616 <== mon.0 v2:172.21.15.49:3300/0 1 ==== mon_map magic: 0 v1 ==== 229+0+0 (secure 0 0 0) 0x7fe90800b6e0 con 0x7fe9140fd8d0
2023-08-11T14:22:57.590 INFO:teuthology.orchestra.run.smithi049.stderr:/usr/bin/ceph:
2023-08-11T14:22:57.549+0000 7fe9137fe700 1 -- 172.21.15.49:0/3469149616 <== mon.0 v2:172.21.15.49:3300/0 2 ==== config(25 keys) v1 ==== 982+0+0 (secure 0 0 0) 0x7fe90800bc90 con 0x7fe9140fd8d0
2023-08-11T14:22:57.590 INFO:teuthology.orchestra.run.smithi049.stderr:/usr/bin/ceph:
2023-08-11T14:22:57.549+0000 7fe9137fe700 1 -- 172.21.15.49:0/3469149616 <== mon.0 v2:172.21.15.49:3300/0 3 ==== mon_map magic: 0 v1 ==== 229+0+0 (secure 0 0 0) 0x7fe908011c70 con 0x7fe9140fd8d0
2023-08-11T14:22:57.590 INFO:teuthology.orchestra.run.smithi049.stderr:/usr/bin/ceph:
2023-08-11T14:22:57.549+0000 7fe91b129700 1 -- 172.21.15.49:0/3469149616 >> [v2:172.21.15.49:3300/0,v1:172.21.15.49:6789/0] conn(0x7fe9140fd8d0 msgr2=0x7fe9140ffcc0 secure :-1 s=STATE_CONNECTION_ESTABLISHED l=1).mark_down
2023-08-11T14:22:57.590 INFO:teuthology.orchestra.run.smithi049.stderr:/usr/bin/ceph:
2023-08-11T14:22:57.549+0000 7fe91b129700 1 --2- 172.21.15.49:0/3469149616 >> [v2:172.21.15.49:3300/0,v1:172.21.15.49:6789/0] conn(0x7fe9140fd8d0 0x7fe9140ffcc0 secure :-1 s=READY pgs=20 cs=0 l=1 rev1=1 rx=0x7fe908009730 tx=0x7fe9080090f0).stop
2023-08-11T14:22:57.590 INFO:teuthology.orchestra.run.smithi049.stderr:/usr/bin/ceph:
2023-08-11T14:22:57.549+0000 7fe91b129700 1 -- 172.21.15.49:0/3469149616 shutdown_connections
2023-08-11T14:22:57.590 INFO:teuthology.orchestra.run.smithi049.stderr:/usr/bin/ceph:
2023-08-11T14:22:57.549+0000 7fe91b129700 1 --2- 172.21.15.49:0/3469149616 >> [v2:172.21.15.49:3300/0,v1:172.21.15.49:6789/0] conn(0x7fe9140fd8d0 0x7fe9140ffcc0 unknown :-1 s=CLOSED pgs=20 cs=0 l=1 rev1=1 rx=0 tx=0).stop
2023-08-11T14:22:57.590 INFO:teuthology.orchestra.run.smithi049.stderr:/usr/bin/ceph:
2023-08-11T14:22:57.549+0000 7fe91b129700 1 -- 172.21.15.49:0/3469149616 >> 172.21.15.49:0/3469149616 conn(0x7fe9140f7380 msgr2=0x7fe9140f97a0 unknown :-1 s=STATE_NONE l=0).mark_down
2023-08-11T14:22:57.591 INFO:teuthology.orchestra.run.smithi049.stderr:/usr/bin/ceph:
2023-08-11T14:22:57.549+0000 7fe91b129700 1 -- 172.21.15.49:0/3469149616 shutdown_connections
2023-08-11T14:22:57.591 INFO:teuthology.orchestra.run.smithi049.stderr:/usr/bin/ceph:
2023-08-11T14:22:57.549+0000 7fe91b129700 1 -- 172.21.15.49:0/3469149616 wait complete.
2023-08-11T14:22:57.591 INFO:teuthology.orchestra.run.smithi049.stderr:/usr/bin/ceph:
2023-08-11T14:22:57.550+0000 7fe91b129700 1 Processor -- start
2023-08-11T14:22:57.591 INFO:teuthology.orchestra.run.smithi049.stderr:/usr/bin/ceph:
2023-08-11T14:22:57.550+0000 7fe91b129700 1 -- start start
2023-08-11T14:22:57.591 INFO:teuthology.orchestra.run.smithi049.stderr:/usr/bin/ceph:
2023-08-11T14:22:57.551+0000 7fe91b129700 1 --2- >> [v2:172.21.15.49:3300/0,v1:172.21.15.49:6789/0] conn(0x7fe9140fd8d0 0x7fe91410bb60 unknown :-1 s=NONE pgs=0 cs=0 l=1 rev1=0 rx=0 tx=0).connect
2023-08-11T14:22:57.591 INFO:teuthology.orchestra.run.smithi049.stderr:/usr/bin/ceph:
2023-08-11T14:22:57.551+0000 7fe91b129700 1 -- --> [v2:172.21.15.49:3300/0,v1:172.21.15.49:6789/0] -- mon_getmap magic: 0 v1 -- 0x7fe91410c050 con 0x7fe9140fd8d0
2023-08-11T14:22:57.591 INFO:teuthology.orchestra.run.smithi049.stderr:/usr/bin/ceph:
2023-08-11T14:22:57.551+0000 7fe918ec5700 1 --2- >> [v2:172.21.15.49:3300/0,v1:172.21.15.49:6789/0] conn(0x7fe9140fd8d0 0x7fe91410bb60 unknown :-1 s=BANNER_CONNECTING pgs=0 cs=0 l=1 rev1=0 rx=0 tx=0)._handle_peer_banner_payload supported=1 required=0
2023-08-11T14:22:57.592 INFO:teuthology.orchestra.run.smithi049.stderr:/usr/bin/ceph:
2023-08-11T14:22:57.551+0000 7fe918ec5700 1 --2- >> [v2:172.21.15.49:3300/0,v1:172.21.15.49:6789/0] conn(0x7fe9140fd8d0 0x7fe91410bb60 unknown :-1 s=HELLO_CONNECTING pgs=0 cs=0 l=1 rev1=1 rx=0 tx=0).handle_hello peer v2:172.21.15.49:3300/0 says I am v2:172.21.15.49:41802/0 (socket says 172.21.15.49:41802)
2023-08-11T14:22:57.592 INFO:teuthology.orchestra.run.smithi049.stderr:/usr/bin/ceph:
2023-08-11T14:22:57.551+0000 7fe918ec5700 1 -- 172.21.15.49:0/158140341 learned_addr learned my addr 172.21.15.49:0/158140341 (peer_addr_for_me v2:172.21.15.49:0/0)
2023-08-11T14:22:57.592 INFO:teuthology.orchestra.run.smithi049.stderr:/usr/bin/ceph:
2023-08-11T14:22:57.551+0000 7fe918ec5700 1 -- 172.21.15.49:0/158140341 --> [v2:172.21.15.49:3300/0,v1:172.21.15.49:6789/0] -- mon_subscribe({config=0+,monmap=0+}) v3 -- 0x7fe908009370 con 0x7fe9140fd8d0
2023-08-11T14:22:57.592 INFO:teuthology.orchestra.run.smithi049.stderr:/usr/bin/ceph:
2023-08-11T14:22:57.551+0000 7fe918ec5700 1 --2- 172.21.15.49:0/158140341 >> [v2:172.21.15.49:3300/0,v1:172.21.15.49:6789/0] conn(0x7fe9140fd8d0 0x7fe91410bb60 secure :-1 s=READY pgs=21 cs=0 l=1 rev1=1 rx=0x7fe908009330 tx=0x7fe9080090f0).ready entity=mon.0 client_cookie=0 server_cookie=0 in_seq=0 out_seq=0
2023-08-11T14:22:57.592 INFO:teuthology.orchestra.run.smithi049.stderr:/usr/bin/ceph:
2023-08-11T14:22:57.551+0000 7fe9117fa700 1 -- 172.21.15.49:0/158140341 <== mon.0 v2:172.21.15.49:3300/0 1 ==== mon_map magic: 0 v1 ==== 229+0+0 (secure 0 0 0) 0x7fe90801a610 con 0x7fe9140fd8d0
2023-08-11T14:22:57.592 INFO:teuthology.orchestra.run.smithi049.stderr:/usr/bin/ceph:
2023-08-11T14:22:57.552+0000 7fe9117fa700 1 -- 172.21.15.49:0/158140341 <== mon.0 v2:172.21.15.49:3300/0 2 ==== config(25 keys) v1 ==== 982+0+0 (secure 0 0 0) 0x7fe90801abc0 con 0x7fe9140fd8d0
2023-08-11T14:22:57.592 INFO:teuthology.orchestra.run.smithi049.stderr:/usr/bin/ceph:
2023-08-11T14:22:57.552+0000 7fe9117fa700 1 -- 172.21.15.49:0/158140341 <== mon.0 v2:172.21.15.49:3300/0 3 ==== mon_map magic: 0 v1 ==== 229+0+0 (secure 0 0 0) 0x7fe908022ac0 con 0x7fe9140fd8d0
2023-08-11T14:22:57.592 INFO:teuthology.orchestra.run.smithi049.stderr:/usr/bin/ceph:
2023-08-11T14:22:57.552+0000 7fe91b129700 1 -- 172.21.15.49:0/158140341 --> [v2:172.21.15.49:3300/0,v1:172.21.15.49:6789/0] -- mon_subscribe({mgrmap=0+}) v3 -- 0x7fe91410c250 con 0x7fe9140fd8d0
2023-08-11T14:22:57.593 INFO:teuthology.orchestra.run.smithi049.stderr:/usr/bin/ceph:
2023-08-11T14:22:57.552+0000 7fe91b129700 1 -- 172.21.15.49:0/158140341 --> [v2:172.21.15.49:3300/0,v1:172.21.15.49:6789/0] -- mon_subscribe({osdmap=0}) v3 -- 0x7fe91410c660 con 0x7fe9140fd8d0
2023-08-11T14:22:57.593 INFO:teuthology.orchestra.run.smithi049.stderr:/usr/bin/ceph:
2023-08-11T14:22:57.553+0000 7fe9117fa700 1 -- 172.21.15.49:0/158140341 <== mon.0 v2:172.21.15.49:3300/0 4 ==== mgrmap(e 4) v1 ==== 38504+0+0 (secure 0 0 0) 0x7fe90802a070 con 0x7fe9140fd8d0
2023-08-11T14:22:57.593 INFO:teuthology.orchestra.run.smithi049.stderr:/usr/bin/ceph:
2023-08-11T14:22:57.553+0000 7fe91b129700 1 -- 172.21.15.49:0/158140341 --> [v2:172.21.15.49:3300/0,v1:172.21.15.49:6789/0] -- mon_command({"prefix": "get_command_descriptions"} v 0) v1 -- 0x7fe91405a050 con 0x7fe9140fd8d0
2023-08-11T14:22:57.593 INFO:teuthology.orchestra.run.smithi049.stderr:/usr/bin/ceph:
2023-08-11T14:22:57.553+0000 7fe9117fa700 1 --2- 172.21.15.49:0/158140341 >> [v2:172.21.15.49:6800/2141026980,v1:172.21.15.49:6801/2141026980] conn(0x7fe9040323e0 0x7fe9040348a0 unknown :-1 s=NONE pgs=0 cs=0 l=1 rev1=0 rx=0 tx=0).connect
2023-08-11T14:22:57.593 INFO:teuthology.orchestra.run.smithi049.stderr:/usr/bin/ceph:
2023-08-11T14:22:57.553+0000 7fe9117fa700 1 -- 172.21.15.49:0/158140341 <== mon.0 v2:172.21.15.49:3300/0 5 ==== osd_map(1..1 src has 1..1) v4 ==== 721+0+0 (secure 0 0 0) 0x7fe908044280 con 0x7fe9140fd8d0
2023-08-11T14:22:57.593 INFO:teuthology.orchestra.run.smithi049.stderr:/usr/bin/ceph:
2023-08-11T14:22:57.553+0000 7fe913fff700 1 --2- 172.21.15.49:0/158140341 >> [v2:172.21.15.49:6800/2141026980,v1:172.21.15.49:6801/2141026980] conn(0x7fe9040323e0 0x7fe9040348a0 unknown :-1 s=BANNER_CONNECTING pgs=0 cs=0 l=1 rev1=0 rx=0 tx=0)._handle_peer_banner_payload supported=1 required=0
2023-08-11T14:22:57.593 INFO:teuthology.orchestra.run.smithi049.stderr:/usr/bin/ceph:
2023-08-11T14:22:57.554+0000 7fe913fff700 1 --2- 172.21.15.49:0/158140341 >> [v2:172.21.15.49:6800/2141026980,v1:172.21.15.49:6801/2141026980] conn(0x7fe9040323e0 0x7fe9040348a0 secure :-1 s=READY pgs=7 cs=0 l=1 rev1=1 rx=0x7fe900009780 tx=0x7fe900006cc0).ready entity=mgr.14100 client_cookie=0 server_cookie=0 in_seq=0 out_seq=0
2023-08-11T14:22:57.594 INFO:teuthology.orchestra.run.smithi049.stderr:/usr/bin/ceph:
2023-08-11T14:22:57.558+0000 7fe9117fa700 1 -- 172.21.15.49:0/158140341 <== mon.0 v2:172.21.15.49:3300/0 6 ==== mon_command_ack([{"prefix": "get_command_descriptions"}]=0 v0) v1 ==== 72+0+163129 (secure 0 0 0) 0x7fe908021cf0 con 0x7fe9140fd8d0
2023-08-11T14:22:57.785 INFO:teuthology.orchestra.run.smithi049.stderr:/usr/bin/ceph:
2023-08-11T14:22:57.783+0000 7fe91b129700 1 -- 172.21.15.49:0/158140341 --> [v2:172.21.15.49:3300/0,v1:172.21.15.49:6789/0] -- mon_command({"prefix": "mgr module enable", "module": "cephadm"} v 0) v1 -- 0x7fe9141059f0 con 0x7fe9140fd8d0
2023-08-11T14:22:58.630 INFO:teuthology.orchestra.run.smithi049.stderr:/usr/bin/ceph:
2023-08-11T14:22:58.629+0000 7fe9117fa700 1 -- 172.21.15.49:0/158140341 <== mon.0 v2:172.21.15.49:3300/0 7 ==== mgrmap(e 5) v1 ==== 38515+0+0 (secure 0 0 0) 0x7fe908020030 con 0x7fe9140fd8d0
2023-08-11T14:22:58.631 INFO:teuthology.orchestra.run.smithi049.stderr:/usr/bin/ceph:
2023-08-11T14:22:58.630+0000 7fe9117fa700 1 -- 172.21.15.49:0/158140341 <== mon.0 v2:172.21.15.49:3300/0 8 ==== mon_command_ack([{"prefix": "mgr module enable", "module": "cephadm"}]=0 v5) v1 ==== 86+0+0 (secure 0 0 0) 0x7fe90802bb40 con 0x7fe9140fd8d0
2023-08-11T14:22:58.634 INFO:teuthology.orchestra.run.smithi049.stderr:/usr/bin/ceph:
2023-08-11T14:22:58.633+0000 7fe91b129700 1 -- 172.21.15.49:0/158140341 >> [v2:172.21.15.49:6800/2141026980,v1:172.21.15.49:6801/2141026980] conn(0x7fe9040323e0 msgr2=0x7fe9040348a0 secure :-1 s=STATE_CONNECTION_ESTABLISHED l=1).mark_down
2023-08-11T14:22:58.635 INFO:teuthology.orchestra.run.smithi049.stderr:/usr/bin/ceph:
2023-08-11T14:22:58.633+0000 7fe91b129700 1 --2- 172.21.15.49:0/158140341 >> [v2:172.21.15.49:6800/2141026980,v1:172.21.15.49:6801/2141026980] conn(0x7fe9040323e0 0x7fe9040348a0 secure :-1 s=READY pgs=7 cs=0 l=1 rev1=1 rx=0x7fe900009780 tx=0x7fe900006cc0).stop
2023-08-11T14:22:58.635 INFO:teuthology.orchestra.run.smithi049.stderr:/usr/bin/ceph:
2023-08-11T14:22:58.633+0000 7fe91b129700 1 -- 172.21.15.49:0/158140341 >> [v2:172.21.15.49:3300/0,v1:172.21.15.49:6789/0] conn(0x7fe9140fd8d0 msgr2=0x7fe91410bb60 secure :-1 s=STATE_CONNECTION_ESTABLISHED l=1).mark_down
2023-08-11T14:22:58.635 INFO:teuthology.orchestra.run.smithi049.stderr:/usr/bin/ceph:
2023-08-11T14:22:58.633+0000 7fe91b129700 1 --2- 172.21.15.49:0/158140341 >> [v2:172.21.15.49:3300/0,v1:172.21.15.49:6789/0] conn(0x7fe9140fd8d0 0x7fe91410bb60 secure :-1 s=READY pgs=21 cs=0 l=1 rev1=1 rx=0x7fe908009330 tx=0x7fe9080090f0).stop
2023-08-11T14:22:58.636 INFO:teuthology.orchestra.run.smithi049.stderr:/usr/bin/ceph:
2023-08-11T14:22:58.633+0000 7fe91b129700 1 -- 172.21.15.49:0/158140341 shutdown_connections
2023-08-11T14:22:58.636 INFO:teuthology.orchestra.run.smithi049.stderr:/usr/bin/ceph:
2023-08-11T14:22:58.633+0000 7fe91b129700 1 --2- 172.21.15.49:0/158140341 >> [v2:172.21.15.49:6800/2141026980,v1:172.21.15.49:6801/2141026980] conn(0x7fe9040323e0 0x7fe9040348a0 unknown :-1 s=CLOSED pgs=7 cs=0 l=1 rev1=1 rx=0 tx=0).stop
2023-08-11T14:22:58.636 INFO:teuthology.orchestra.run.smithi049.stderr:/usr/bin/ceph:
2023-08-11T14:22:58.633+0000 7fe91b129700 1 --2- 172.21.15.49:0/158140341 >> [v2:172.21.15.49:3300/0,v1:172.21.15.49:6789/0] conn(0x7fe9140fd8d0 0x7fe91410bb60 unknown :-1 s=CLOSED pgs=21 cs=0 l=1 rev1=1 rx=0 tx=0).stop
2023-08-11T14:22:58.636 INFO:teuthology.orchestra.run.smithi049.stderr:/usr/bin/ceph:
2023-08-11T14:22:58.633+0000 7fe91b129700 1 -- 172.21.15.49:0/158140341 >> 172.21.15.49:0/158140341 conn(0x7fe9140f7380 msgr2=0x7fe9140f8e80 unknown :-1 s=STATE_NONE l=0).mark_down
2023-08-11T14:22:58.636 INFO:teuthology.orchestra.run.smithi049.stderr:/usr/bin/ceph:
2023-08-11T14:22:58.634+0000 7fe91b129700 1 -- 172.21.15.49:0/158140341 shutdown_connections
2023-08-11T14:22:58.637 INFO:teuthology.orchestra.run.smithi049.stderr:/usr/bin/ceph:
2023-08-11T14:22:58.634+0000 7fe91b129700 1 -- 172.21.15.49:0/158140341 wait complete.
2023-08-11T14:22:58.894 INFO:journalctl@ceph.mon.smithi049.smithi049.stdout:Aug 11 14:22:58 smithi049 ceph-6c6b35f0-3852-11ee-9b37-001a4aab830c-mon-smithi049[105838]: audit
2023-08-11T14:22:57.784816+0000 mon.smithi049 (mon.0) 27 : audit [INF] from='client.? 172.21.15.49:0/158140341' entity='client.admin' cmd=[{"prefix": "mgr module enable", "module": "cephadm"}]: dispatch
2023-08-11T14:22:59.469 INFO:teuthology.orchestra.run.smithi049.stderr:/usr/bin/ceph:
2023-08-11T14:22:59.467+0000 7f208a9d0700 1 Processor -- start
2023-08-11T14:22:59.469 INFO:teuthology.orchestra.run.smithi049.stderr:/usr/bin/ceph:
2023-08-11T14:22:59.467+0000 7f208a9d0700 1 -- start start
2023-08-11T14:22:59.469 INFO:teuthology.orchestra.run.smithi049.stderr:/usr/bin/ceph:
2023-08-11T14:22:59.467+0000 7f208a9d0700 1 --2- >> [v2:172.21.15.49:3300/0,v1:172.21.15.49:6789/0] conn(0x7f20840fd230 0x7f20840fd650 unknown :-1 s=NONE pgs=0 cs=0 l=0 rev1=0 rx=0 tx=0).connect
2023-08-11T14:22:59.469 INFO:teuthology.orchestra.run.smithi049.stderr:/usr/bin/ceph:
2023-08-11T14:22:59.467+0000 7f208a9d0700 1 -- --> [v2:172.21.15.49:3300/0,v1:172.21.15.49:6789/0] -- mon_getmap magic: 0 v1 -- 0x7f20840fdb40 con 0x7f20840fd230
2023-08-11T14:22:59.470 INFO:teuthology.orchestra.run.smithi049.stderr:/usr/bin/ceph:
2023-08-11T14:22:59.467+0000 7f2083fff700 1 --2- >> [v2:172.21.15.49:3300/0,v1:172.21.15.49:6789/0] conn(0x7f20840fd230 0x7f20840fd650 unknown :-1 s=BANNER_CONNECTING pgs=0 cs=0 l=0 rev1=0 rx=0 tx=0)._handle_peer_banner_payload supported=1 required=0
2023-08-11T14:22:59.471 INFO:teuthology.orchestra.run.smithi049.stderr:/usr/bin/ceph:
2023-08-11T14:22:59.468+0000 7f2083fff700 1 --2- >> [v2:172.21.15.49:3300/0,v1:172.21.15.49:6789/0] conn(0x7f20840fd230 0x7f20840fd650 unknown :-1 s=HELLO_CONNECTING pgs=0 cs=0 l=0 rev1=1 rx=0 tx=0).handle_hello peer v2:172.21.15.49:3300/0 says I am v2:172.21.15.49:41822/0 (socket says 172.21.15.49:41822)
2023-08-11T14:22:59.471 INFO:teuthology.orchestra.run.smithi049.stderr:/usr/bin/ceph:
2023-08-11T14:22:59.468+0000 7f2083fff700 1 -- 172.21.15.49:0/882801904 learned_addr learned my addr 172.21.15.49:0/882801904 (peer_addr_for_me v2:172.21.15.49:0/0)
2023-08-11T14:22:59.471 INFO:teuthology.orchestra.run.smithi049.stderr:/usr/bin/ceph:
2023-08-11T14:22:59.468+0000 7f2083fff700 1 -- 172.21.15.49:0/882801904 --> [v2:172.21.15.49:3300/0,v1:172.21.15.49:6789/0] -- mon_subscribe({config=0+,monmap=0+}) v3 -- 0x7f20840fdc80 con 0x7f20840fd230
2023-08-11T14:22:59.472 INFO:teuthology.orchestra.run.smithi049.stderr:/usr/bin/ceph:
2023-08-11T14:22:59.468+0000 7f2083fff700 1 --2- 172.21.15.49:0/882801904 >> [v2:172.21.15.49:3300/0,v1:172.21.15.49:6789/0] conn(0x7f20840fd230 0x7f20840fd650 secure :-1 s=READY pgs=24 cs=0 l=1 rev1=1 rx=0x7f207400b9d0 tx=0x7f207400b3b0).ready entity=mon.0 client_cookie=c0c4e8c6fc0c3319 server_cookie=0 in_seq=0 out_seq=0
2023-08-11T14:22:59.472 INFO:teuthology.orchestra.run.smithi049.stderr:/usr/bin/ceph:
2023-08-11T14:22:59.468+0000 7f2082ffd700 1 -- 172.21.15.49:0/882801904 <== mon.0 v2:172.21.15.49:3300/0 1 ==== mon_map magic: 0 v1 ==== 229+0+0 (secure 0 0 0) 0x7f207400dbd0 con 0x7f20840fd230
2023-08-11T14:22:59.472 INFO:teuthology.orchestra.run.smithi049.stderr:/usr/bin/ceph:
2023-08-11T14:22:59.469+0000 7f2082ffd700 1 -- 172.21.15.49:0/882801904 <== mon.0 v2:172.21.15.49:3300/0 2 ==== config(25 keys) v1 ==== 982+0+0 (secure 0 0 0) 0x7f207400dd30 con 0x7f20840fd230
2023-08-11T14:22:59.472 INFO:teuthology.orchestra.run.smithi049.stderr:/usr/bin/ceph:
2023-08-11T14:22:59.469+0000 7f2082ffd700 1 -- 172.21.15.49:0/882801904 <== mon.0 v2:172.21.15.49:3300/0 3 ==== mon_map magic: 0 v1 ==== 229+0+0 (secure 0 0 0) 0x7f207400f620 con 0x7f20840fd230
2023-08-11T14:22:59.472 INFO:teuthology.orchestra.run.smithi049.stderr:/usr/bin/ceph:
2023-08-11T14:22:59.469+0000 7f208a9d0700 1 -- 172.21.15.49:0/882801904 >> [v2:172.21.15.49:3300/0,v1:172.21.15.49:6789/0] conn(0x7f20840fd230 msgr2=0x7f20840fd650 secure :-1 s=STATE_CONNECTION_ESTABLISHED l=1).mark_down
2023-08-11T14:22:59.472 INFO:teuthology.orchestra.run.smithi049.stderr:/usr/bin/ceph:
2023-08-11T14:22:59.469+0000 7f208a9d0700 1 --2- 172.21.15.49:0/882801904 >> [v2:172.21.15.49:3300/0,v1:172.21.15.49:6789/0] conn(0x7f20840fd230 0x7f20840fd650 secure :-1 s=READY pgs=24 cs=0 l=1 rev1=1 rx=0x7f207400b9d0 tx=0x7f207400b3b0).stop
2023-08-11T14:22:59.472 INFO:teuthology.orchestra.run.smithi049.stderr:/usr/bin/ceph:
2023-08-11T14:22:59.469+0000 7f208a9d0700 1 -- 172.21.15.49:0/882801904 shutdown_connections
2023-08-11T14:22:59.473 INFO:teuthology.orchestra.run.smithi049.stderr:/usr/bin/ceph:
2023-08-11T14:22:59.469+0000 7f208a9d0700 1 --2- 172.21.15.49:0/882801904 >> [v2:172.21.15.49:3300/0,v1:172.21.15.49:6789/0] conn(0x7f20840fd230 0x7f20840fd650 unknown :-1 s=CLOSED pgs=24 cs=0 l=1 rev1=1 rx=0 tx=0).stop
2023-08-11T14:22:59.473 INFO:teuthology.orchestra.run.smithi049.stderr:/usr/bin/ceph:
