2023-08-11T14:23:21.413+0000 7f8089a69700 1 --2- >> [v2:172.21.15.49:3300/0,v1:172.21.15.49:6789/0] conn(0x7f80840fd230 0x7f80840fd650 unknown :-1 s=HELLO_CONNECTING pgs=0 cs=0 l=0 rev1=1 rx=0 tx=0).handle_hello peer v2:172.21.15.49:3300/0 says I am v2:172.21.15.49:49286/0 (socket says 172.21.15.49:49286)
2023-08-11T14:23:21.417 INFO:teuthology.orchestra.run.smithi049.stderr:/usr/bin/ceph:
2023-08-11T14:23:21.413+0000 7f8089a69700 1 -- 172.21.15.49:0/1128107924 learned_addr learned my addr 172.21.15.49:0/1128107924 (peer_addr_for_me v2:172.21.15.49:0/0)
2023-08-11T14:23:21.417 INFO:teuthology.orchestra.run.smithi049.stderr:/usr/bin/ceph:
2023-08-11T14:23:21.413+0000 7f8089a69700 1 -- 172.21.15.49:0/1128107924 --> [v2:172.21.15.49:3300/0,v1:172.21.15.49:6789/0] -- mon_subscribe({config=0+,monmap=0+}) v3 -- 0x7f80840fdc80 con 0x7f80840fd230
2023-08-11T14:23:21.417 INFO:teuthology.orchestra.run.smithi049.stderr:/usr/bin/ceph:
2023-08-11T14:23:21.413+0000 7f8089a69700 1 --2- 172.21.15.49:0/1128107924 >> [v2:172.21.15.49:3300/0,v1:172.21.15.49:6789/0] conn(0x7f80840fd230 0x7f80840fd650 secure :-1 s=READY pgs=59 cs=0 l=1 rev1=1 rx=0x7f8080009730 tx=0x7f80800090f0).ready entity=mon.0 client_cookie=e807cb770f64412 server_cookie=0 in_seq=0 out_seq=0
2023-08-11T14:23:21.417 INFO:teuthology.orchestra.run.smithi049.stderr:/usr/bin/ceph:
2023-08-11T14:23:21.413+0000 7f8088a67700 1 -- 172.21.15.49:0/1128107924 <== mon.0 v2:172.21.15.49:3300/0 1 ==== mon_map magic: 0 v1 ==== 229+0+0 (secure 0 0 0) 0x7f808000b6e0 con 0x7f80840fd230
2023-08-11T14:23:21.417 INFO:teuthology.orchestra.run.smithi049.stderr:/usr/bin/ceph:
2023-08-11T14:23:21.413+0000 7f8088a67700 1 -- 172.21.15.49:0/1128107924 <== mon.0 v2:172.21.15.49:3300/0 2 ==== config(25 keys) v1 ==== 1046+0+0 (secure 0 0 0) 0x7f808000bcd0 con 0x7f80840fd230
2023-08-11T14:23:21.417 INFO:teuthology.orchestra.run.smithi049.stderr:/usr/bin/ceph:
2023-08-11T14:23:21.413+0000 7f8088a67700 1 -- 172.21.15.49:0/1128107924 <== mon.0 v2:172.21.15.49:3300/0 3 ==== mon_map magic: 0 v1 ==== 229+0+0 (secure 0 0 0) 0x7f8080011cb0 con 0x7f80840fd230
2023-08-11T14:23:21.418 INFO:teuthology.orchestra.run.smithi049.stderr:/usr/bin/ceph:
2023-08-11T14:23:21.414+0000 7f808bccd700 1 -- 172.21.15.49:0/1128107924 >> [v2:172.21.15.49:3300/0,v1:172.21.15.49:6789/0] conn(0x7f80840fd230 msgr2=0x7f80840fd650 secure :-1 s=STATE_CONNECTION_ESTABLISHED l=1).mark_down
2023-08-11T14:23:21.418 INFO:teuthology.orchestra.run.smithi049.stderr:/usr/bin/ceph:
2023-08-11T14:23:21.414+0000 7f808bccd700 1 --2- 172.21.15.49:0/1128107924 >> [v2:172.21.15.49:3300/0,v1:172.21.15.49:6789/0] conn(0x7f80840fd230 0x7f80840fd650 secure :-1 s=READY pgs=59 cs=0 l=1 rev1=1 rx=0x7f8080009730 tx=0x7f80800090f0).stop
2023-08-11T14:23:21.418 INFO:teuthology.orchestra.run.smithi049.stderr:/usr/bin/ceph:
2023-08-11T14:23:21.414+0000 7f808bccd700 1 -- 172.21.15.49:0/1128107924 shutdown_connections
2023-08-11T14:23:21.418 INFO:teuthology.orchestra.run.smithi049.stderr:/usr/bin/ceph:
2023-08-11T14:23:21.414+0000 7f808bccd700 1 --2- 172.21.15.49:0/1128107924 >> [v2:172.21.15.49:3300/0,v1:172.21.15.49:6789/0] conn(0x7f80840fd230 0x7f80840fd650 unknown :-1 s=CLOSED pgs=59 cs=0 l=1 rev1=1 rx=0 tx=0).stop
2023-08-11T14:23:21.418 INFO:teuthology.orchestra.run.smithi049.stderr:/usr/bin/ceph:
2023-08-11T14:23:21.414+0000 7f808bccd700 1 -- 172.21.15.49:0/1128107924 >> 172.21.15.49:0/1128107924 conn(0x7f80840f7380 msgr2=0x7f80840f97a0 unknown :-1 s=STATE_NONE l=0).mark_down
2023-08-11T14:23:21.418 INFO:teuthology.orchestra.run.smithi049.stderr:/usr/bin/ceph:
2023-08-11T14:23:21.414+0000 7f808bccd700 1 -- 172.21.15.49:0/1128107924 shutdown_connections
2023-08-11T14:23:21.418 INFO:teuthology.orchestra.run.smithi049.stderr:/usr/bin/ceph:
2023-08-11T14:23:21.414+0000 7f808bccd700 1 -- 172.21.15.49:0/1128107924 wait complete.
2023-08-11T14:23:21.420 INFO:teuthology.orchestra.run.smithi049.stderr:/usr/bin/ceph:
2023-08-11T14:23:21.415+0000 7f808bccd700 1 Processor -- start
2023-08-11T14:23:21.420 INFO:teuthology.orchestra.run.smithi049.stderr:/usr/bin/ceph:
2023-08-11T14:23:21.416+0000 7f808bccd700 1 -- start start
2023-08-11T14:23:21.420 INFO:teuthology.orchestra.run.smithi049.stderr:/usr/bin/ceph:
2023-08-11T14:23:21.416+0000 7f808bccd700 1 --2- >> [v2:172.21.15.49:3300/0,v1:172.21.15.49:6789/0] conn(0x7f80840fd230 0x7f808410ddc0 unknown :-1 s=NONE pgs=0 cs=0 l=1 rev1=0 rx=0 tx=0).connect
2023-08-11T14:23:21.420 INFO:teuthology.orchestra.run.smithi049.stderr:/usr/bin/ceph:
2023-08-11T14:23:21.416+0000 7f808bccd700 1 -- --> [v2:172.21.15.49:3300/0,v1:172.21.15.49:6789/0] -- mon_getmap magic: 0 v1 -- 0x7f808410e2b0 con 0x7f80840fd230
2023-08-11T14:23:21.420 INFO:teuthology.orchestra.run.smithi049.stderr:/usr/bin/ceph:
2023-08-11T14:23:21.416+0000 7f8089a69700 1 --2- >> [v2:172.21.15.49:3300/0,v1:172.21.15.49:6789/0] conn(0x7f80840fd230 0x7f808410ddc0 unknown :-1 s=BANNER_CONNECTING pgs=0 cs=0 l=1 rev1=0 rx=0 tx=0)._handle_peer_banner_payload supported=1 required=0
2023-08-11T14:23:21.420 INFO:teuthology.orchestra.run.smithi049.stderr:/usr/bin/ceph:
2023-08-11T14:23:21.416+0000 7f8089a69700 1 --2- >> [v2:172.21.15.49:3300/0,v1:172.21.15.49:6789/0] conn(0x7f80840fd230 0x7f808410ddc0 unknown :-1 s=HELLO_CONNECTING pgs=0 cs=0 l=1 rev1=1 rx=0 tx=0).handle_hello peer v2:172.21.15.49:3300/0 says I am v2:172.21.15.49:49298/0 (socket says 172.21.15.49:49298)
2023-08-11T14:23:21.420 INFO:teuthology.orchestra.run.smithi049.stderr:/usr/bin/ceph:
2023-08-11T14:23:21.416+0000 7f8089a69700 1 -- 172.21.15.49:0/1779698803 learned_addr learned my addr 172.21.15.49:0/1779698803 (peer_addr_for_me v2:172.21.15.49:0/0)
2023-08-11T14:23:21.421 INFO:teuthology.orchestra.run.smithi049.stderr:/usr/bin/ceph:
2023-08-11T14:23:21.417+0000 7f8089a69700 1 -- 172.21.15.49:0/1779698803 --> [v2:172.21.15.49:3300/0,v1:172.21.15.49:6789/0] -- mon_subscribe({config=0+,monmap=0+}) v3 -- 0x7f8080009370 con 0x7f80840fd230
2023-08-11T14:23:21.421 INFO:teuthology.orchestra.run.smithi049.stderr:/usr/bin/ceph:
2023-08-11T14:23:21.417+0000 7f8089a69700 1 --2- 172.21.15.49:0/1779698803 >> [v2:172.21.15.49:3300/0,v1:172.21.15.49:6789/0] conn(0x7f80840fd230 0x7f808410ddc0 secure :-1 s=READY pgs=60 cs=0 l=1 rev1=1 rx=0x7f8080006b00 tx=0x7f80800090f0).ready entity=mon.0 client_cookie=0 server_cookie=0 in_seq=0 out_seq=0
2023-08-11T14:23:21.421 INFO:teuthology.orchestra.run.smithi049.stderr:/usr/bin/ceph:
2023-08-11T14:23:21.417+0000 7f807a7fc700 1 -- 172.21.15.49:0/1779698803 <== mon.0 v2:172.21.15.49:3300/0 1 ==== mon_map magic: 0 v1 ==== 229+0+0 (secure 0 0 0) 0x7f808001a640 con 0x7f80840fd230
2023-08-11T14:23:21.421 INFO:teuthology.orchestra.run.smithi049.stderr:/usr/bin/ceph:
2023-08-11T14:23:21.417+0000 7f807a7fc700 1 -- 172.21.15.49:0/1779698803 <== mon.0 v2:172.21.15.49:3300/0 2 ==== config(25 keys) v1 ==== 1046+0+0 (secure 0 0 0) 0x7f808001ac30 con 0x7f80840fd230
2023-08-11T14:23:21.421 INFO:teuthology.orchestra.run.smithi049.stderr:/usr/bin/ceph:
2023-08-11T14:23:21.417+0000 7f807a7fc700 1 -- 172.21.15.49:0/1779698803 <== mon.0 v2:172.21.15.49:3300/0 3 ==== mon_map magic: 0 v1 ==== 229+0+0 (secure 0 0 0) 0x7f8080023cb0 con 0x7f80840fd230
2023-08-11T14:23:21.421 INFO:teuthology.orchestra.run.smithi049.stderr:/usr/bin/ceph:
2023-08-11T14:23:21.417+0000 7f808bccd700 1 -- 172.21.15.49:0/1779698803 --> [v2:172.21.15.49:3300/0,v1:172.21.15.49:6789/0] -- mon_subscribe({mgrmap=0+}) v3 -- 0x7f808410e4b0 con 0x7f80840fd230
2023-08-11T14:23:21.421 INFO:teuthology.orchestra.run.smithi049.stderr:/usr/bin/ceph:
2023-08-11T14:23:21.417+0000 7f808bccd700 1 -- 172.21.15.49:0/1779698803 --> [v2:172.21.15.49:3300/0,v1:172.21.15.49:6789/0] -- mon_subscribe({osdmap=0}) v3 -- 0x7f808410e8c0 con 0x7f80840fd230
2023-08-11T14:23:21.422 INFO:teuthology.orchestra.run.smithi049.stderr:/usr/bin/ceph:
2023-08-11T14:23:21.418+0000 7f807a7fc700 1 -- 172.21.15.49:0/1779698803 <== mon.0 v2:172.21.15.49:3300/0 4 ==== mgrmap(e 8) v1 ==== 38515+0+0 (secure 0 0 0) 0x7f808000f070 con 0x7f80840fd230
2023-08-11T14:23:21.422 INFO:teuthology.orchestra.run.smithi049.stderr:/usr/bin/ceph:
2023-08-11T14:23:21.419+0000 7f808bccd700 1 -- 172.21.15.49:0/1779698803 --> [v2:172.21.15.49:3300/0,v1:172.21.15.49:6789/0] -- mon_command({"prefix": "get_command_descriptions"} v 0) v1 -- 0x7f808405a050 con 0x7f80840fd230
2023-08-11T14:23:21.422 INFO:teuthology.orchestra.run.smithi049.stderr:/usr/bin/ceph:
2023-08-11T14:23:21.419+0000 7f807a7fc700 1 --2- 172.21.15.49:0/1779698803 >> [v2:172.21.15.49:6800/1599627733,v1:172.21.15.49:6801/1599627733] conn(0x7f8070032420 0x7f80700348e0 unknown :-1 s=NONE pgs=0 cs=0 l=1 rev1=0 rx=0 tx=0).connect
2023-08-11T14:23:21.423 INFO:teuthology.orchestra.run.smithi049.stderr:/usr/bin/ceph:
2023-08-11T14:23:21.419+0000 7f807a7fc700 1 -- 172.21.15.49:0/1779698803 <== mon.0 v2:172.21.15.49:3300/0 5 ==== osd_map(2..2 src has 1..2) v4 ==== 893+0+0 (secure 0 0 0) 0x7f8080044430 con 0x7f80840fd230
2023-08-11T14:23:21.423 INFO:teuthology.orchestra.run.smithi049.stderr:/usr/bin/ceph:
2023-08-11T14:23:21.419+0000 7f8089268700 1 --2- 172.21.15.49:0/1779698803 >> [v2:172.21.15.49:6800/1599627733,v1:172.21.15.49:6801/1599627733] conn(0x7f8070032420 0x7f80700348e0 unknown :-1 s=BANNER_CONNECTING pgs=0 cs=0 l=1 rev1=0 rx=0 tx=0)._handle_peer_banner_payload supported=1 required=0
2023-08-11T14:23:21.423 INFO:teuthology.orchestra.run.smithi049.stderr:/usr/bin/ceph:
2023-08-11T14:23:21.420+0000 7f8089268700 1 --2- 172.21.15.49:0/1779698803 >> [v2:172.21.15.49:6800/1599627733,v1:172.21.15.49:6801/1599627733] conn(0x7f8070032420 0x7f80700348e0 secure :-1 s=READY pgs=19 cs=0 l=1 rev1=1 rx=0x7f8074009780 tx=0x7f8074006cc0).ready entity=mgr.14118 client_cookie=0 server_cookie=0 in_seq=0 out_seq=0
2023-08-11T14:23:21.425 INFO:teuthology.orchestra.run.smithi049.stderr:/usr/bin/ceph:
2023-08-11T14:23:21.424+0000 7f807a7fc700 1 -- 172.21.15.49:0/1779698803 <== mon.0 v2:172.21.15.49:3300/0 6 ==== mon_command_ack([{"prefix": "get_command_descriptions"}]=0 v0) v1 ==== 72+0+163129 (secure 0 0 0) 0x7f8080019570 con 0x7f80840fd230
2023-08-11T14:23:21.607 INFO:teuthology.orchestra.run.smithi049.stderr:/usr/bin/ceph:
2023-08-11T14:23:21.605+0000 7f808bccd700 1 -- 172.21.15.49:0/1779698803 --> [v2:172.21.15.49:3300/0,v1:172.21.15.49:6789/0] -- mon_command([{prefix=config set, name=mgr/dashboard/ssl_server_port}] v 0) v1 -- 0x7f8084046a10 con 0x7f80840fd230
2023-08-11T14:23:21.610 INFO:teuthology.orchestra.run.smithi049.stderr:/usr/bin/ceph:
2023-08-11T14:23:21.608+0000 7f807a7fc700 1 -- 172.21.15.49:0/1779698803 <== mon.0 v2:172.21.15.49:3300/0 7 ==== mon_command_ack([{prefix=config set, name=mgr/dashboard/ssl_server_port}]=0 v8)=0 v8) v1 ==== 130+0+0 (secure 0 0 0) 0x7f808001e020 con 0x7f80840fd230
2023-08-11T14:23:21.613 INFO:teuthology.orchestra.run.smithi049.stderr:/usr/bin/ceph:
2023-08-11T14:23:21.611+0000 7f808bccd700 1 -- 172.21.15.49:0/1779698803 >> [v2:172.21.15.49:6800/1599627733,v1:172.21.15.49:6801/1599627733] conn(0x7f8070032420 msgr2=0x7f80700348e0 secure :-1 s=STATE_CONNECTION_ESTABLISHED l=1).mark_down
2023-08-11T14:23:21.614 INFO:teuthology.orchestra.run.smithi049.stderr:/usr/bin/ceph:
2023-08-11T14:23:21.611+0000 7f808bccd700 1 --2- 172.21.15.49:0/1779698803 >> [v2:172.21.15.49:6800/1599627733,v1:172.21.15.49:6801/1599627733] conn(0x7f8070032420 0x7f80700348e0 secure :-1 s=READY pgs=19 cs=0 l=1 rev1=1 rx=0x7f8074009780 tx=0x7f8074006cc0).stop
2023-08-11T14:23:21.614 INFO:teuthology.orchestra.run.smithi049.stderr:/usr/bin/ceph:
2023-08-11T14:23:21.611+0000 7f808bccd700 1 -- 172.21.15.49:0/1779698803 >> [v2:172.21.15.49:3300/0,v1:172.21.15.49:6789/0] conn(0x7f80840fd230 msgr2=0x7f808410ddc0 secure :-1 s=STATE_CONNECTION_ESTABLISHED l=1).mark_down
2023-08-11T14:23:21.614 INFO:teuthology.orchestra.run.smithi049.stderr:/usr/bin/ceph:
2023-08-11T14:23:21.611+0000 7f808bccd700 1 --2- 172.21.15.49:0/1779698803 >> [v2:172.21.15.49:3300/0,v1:172.21.15.49:6789/0] conn(0x7f80840fd230 0x7f808410ddc0 secure :-1 s=READY pgs=60 cs=0 l=1 rev1=1 rx=0x7f8080006b00 tx=0x7f80800090f0).stop
2023-08-11T14:23:21.614 INFO:teuthology.orchestra.run.smithi049.stderr:/usr/bin/ceph:
2023-08-11T14:23:21.611+0000 7f808bccd700 1 -- 172.21.15.49:0/1779698803 shutdown_connections
2023-08-11T14:23:21.614 INFO:teuthology.orchestra.run.smithi049.stderr:/usr/bin/ceph:
2023-08-11T14:23:21.611+0000 7f808bccd700 1 --2- 172.21.15.49:0/1779698803 >> [v2:172.21.15.49:6800/1599627733,v1:172.21.15.49:6801/1599627733] conn(0x7f8070032420 0x7f80700348e0 unknown :-1 s=CLOSED pgs=19 cs=0 l=1 rev1=1 rx=0 tx=0).stop
2023-08-11T14:23:21.615 INFO:teuthology.orchestra.run.smithi049.stderr:/usr/bin/ceph:
2023-08-11T14:23:21.611+0000 7f808bccd700 1 --2- 172.21.15.49:0/1779698803 >> [v2:172.21.15.49:3300/0,v1:172.21.15.49:6789/0] conn(0x7f80840fd230 0x7f808410ddc0 unknown :-1 s=CLOSED pgs=60 cs=0 l=1 rev1=1 rx=0 tx=0).stop
2023-08-11T14:23:21.615 INFO:teuthology.orchestra.run.smithi049.stderr:/usr/bin/ceph:
2023-08-11T14:23:21.611+0000 7f808bccd700 1 -- 172.21.15.49:0/1779698803 >> 172.21.15.49:0/1779698803 conn(0x7f80840f7380 msgr2=0x7f8084100910 unknown :-1 s=STATE_NONE l=0).mark_down
2023-08-11T14:23:21.615 INFO:teuthology.orchestra.run.smithi049.stderr:/usr/bin/ceph:
2023-08-11T14:23:21.611+0000 7f808bccd700 1 -- 172.21.15.49:0/1779698803 shutdown_connections
2023-08-11T14:23:21.615 INFO:teuthology.orchestra.run.smithi049.stderr:/usr/bin/ceph:
2023-08-11T14:23:21.611+0000 7f808bccd700 1 -- 172.21.15.49:0/1779698803 wait complete.
2023-08-11T14:23:21.933 INFO:teuthology.orchestra.run.smithi049.stderr:Enabling the dashboard module...
2023-08-11T14:23:21.934 INFO:journalctl@ceph.mon.smithi049.smithi049.stdout:Aug 11 14:23:21 smithi049 ceph-6c6b35f0-3852-11ee-9b37-001a4aab830c-mon-smithi049[105838]: audit
2023-08-11T14:23:19.773201+0000 mgr.smithi049.kjdigh (mgr.14118) 23 : audit [DBG] from='client.14150 -' entity='client.admin' cmd=[{"prefix": "orch apply", "service_type": "alertmanager", "target": ["mon-mgr", ""]}]: dispatch
2023-08-11T14:23:21.934 INFO:journalctl@ceph.mon.smithi049.smithi049.stdout:Aug 11 14:23:21 smithi049 ceph-6c6b35f0-3852-11ee-9b37-001a4aab830c-mon-smithi049[105838]: cephadm
2023-08-11T14:23:19.774066+0000 mgr.smithi049.kjdigh (mgr.14118) 24 : cephadm [INF] Saving service alertmanager spec with placement count:1
2023-08-11T14:23:21.934 INFO:journalctl@ceph.mon.smithi049.smithi049.stdout:Aug 11 14:23:21 smithi049 ceph-6c6b35f0-3852-11ee-9b37-001a4aab830c-mon-smithi049[105838]: audit
2023-08-11T14:23:20.710648+0000 mon.smithi049 (mon.0) 66 : audit [INF] from='client.? 172.21.15.49:0/2417706745' entity='client.admin'
2023-08-11T14:23:21.934 INFO:journalctl@ceph.mon.smithi049.smithi049.stdout:Aug 11 14:23:21 smithi049 ceph-6c6b35f0-3852-11ee-9b37-001a4aab830c-mon-smithi049[105838]: audit
2023-08-11T14:23:21.609909+0000 mon.smithi049 (mon.0) 67 : audit [INF] from='client.? 172.21.15.49:0/1779698803' entity='client.admin'
2023-08-11T14:23:22.329 INFO:teuthology.orchestra.run.smithi049.stderr:/usr/bin/ceph:
2023-08-11T14:23:22.326+0000 7ff52fc6d700 1 Processor -- start
2023-08-11T14:23:22.329 INFO:teuthology.orchestra.run.smithi049.stderr:/usr/bin/ceph:
2023-08-11T14:23:22.327+0000 7ff52fc6d700 1 -- start start
2023-08-11T14:23:22.330 INFO:teuthology.orchestra.run.smithi049.stderr:/usr/bin/ceph:
2023-08-11T14:23:22.327+0000 7ff52fc6d700 1 --2- >> [v2:172.21.15.49:3300/0,v1:172.21.15.49:6789/0] conn(0x7ff5280fd230 0x7ff5280fd650 unknown :-1 s=NONE pgs=0 cs=0 l=0 rev1=0 rx=0 tx=0).connect
2023-08-11T14:23:22.331 INFO:teuthology.orchestra.run.smithi049.stderr:/usr/bin/ceph:
2023-08-11T14:23:22.327+0000 7ff52fc6d700 1 -- --> [v2:172.21.15.49:3300/0,v1:172.21.15.49:6789/0] -- mon_getmap magic: 0 v1 -- 0x7ff5280fdb40 con 0x7ff5280fd230
2023-08-11T14:23:22.331 INFO:teuthology.orchestra.run.smithi049.stderr:/usr/bin/ceph:
2023-08-11T14:23:22.327+0000 7ff52da09700 1 --2- >> [v2:172.21.15.49:3300/0,v1:172.21.15.49:6789/0] conn(0x7ff5280fd230 0x7ff5280fd650 unknown :-1 s=BANNER_CONNECTING pgs=0 cs=0 l=0 rev1=0 rx=0 tx=0)._handle_peer_banner_payload supported=1 required=0
2023-08-11T14:23:22.331 INFO:teuthology.orchestra.run.smithi049.stderr:/usr/bin/ceph:
2023-08-11T14:23:22.328+0000 7ff52da09700 1 --2- >> [v2:172.21.15.49:3300/0,v1:172.21.15.49:6789/0] conn(0x7ff5280fd230 0x7ff5280fd650 unknown :-1 s=HELLO_CONNECTING pgs=0 cs=0 l=0 rev1=1 rx=0 tx=0).handle_hello peer v2:172.21.15.49:3300/0 says I am v2:172.21.15.49:57384/0 (socket says 172.21.15.49:57384)
2023-08-11T14:23:22.331 INFO:teuthology.orchestra.run.smithi049.stderr:/usr/bin/ceph:
2023-08-11T14:23:22.328+0000 7ff52da09700 1 -- 172.21.15.49:0/3282606709 learned_addr learned my addr 172.21.15.49:0/3282606709 (peer_addr_for_me v2:172.21.15.49:0/0)
2023-08-11T14:23:22.332 INFO:teuthology.orchestra.run.smithi049.stderr:/usr/bin/ceph:
2023-08-11T14:23:22.328+0000 7ff52da09700 1 -- 172.21.15.49:0/3282606709 --> [v2:172.21.15.49:3300/0,v1:172.21.15.49:6789/0] -- mon_subscribe({config=0+,monmap=0+}) v3 -- 0x7ff5280fdc80 con 0x7ff5280fd230
2023-08-11T14:23:22.332 INFO:teuthology.orchestra.run.smithi049.stderr:/usr/bin/ceph:
2023-08-11T14:23:22.328+0000 7ff52da09700 1 --2- 172.21.15.49:0/3282606709 >> [v2:172.21.15.49:3300/0,v1:172.21.15.49:6789/0] conn(0x7ff5280fd230 0x7ff5280fd650 secure :-1 s=READY pgs=61 cs=0 l=1 rev1=1 rx=0x7ff524009730 tx=0x7ff5240090f0).ready entity=mon.0 client_cookie=3e8eec67b84a5188 server_cookie=0 in_seq=0 out_seq=0
2023-08-11T14:23:22.332 INFO:teuthology.orchestra.run.smithi049.stderr:/usr/bin/ceph:
2023-08-11T14:23:22.328+0000 7ff52ca07700 1 -- 172.21.15.49:0/3282606709 <== mon.0 v2:172.21.15.49:3300/0 1 ==== mon_map magic: 0 v1 ==== 229+0+0 (secure 0 0 0) 0x7ff52400b6e0 con 0x7ff5280fd230
2023-08-11T14:23:22.332 INFO:teuthology.orchestra.run.smithi049.stderr:/usr/bin/ceph:
2023-08-11T14:23:22.328+0000 7ff52ca07700 1 -- 172.21.15.49:0/3282606709 <== mon.0 v2:172.21.15.49:3300/0 2 ==== config(25 keys) v1 ==== 1046+0+0 (secure 0 0 0) 0x7ff52400bcd0 con 0x7ff5280fd230
2023-08-11T14:23:22.332 INFO:teuthology.orchestra.run.smithi049.stderr:/usr/bin/ceph:
2023-08-11T14:23:22.329+0000 7ff52ca07700 1 -- 172.21.15.49:0/3282606709 <== mon.0 v2:172.21.15.49:3300/0 3 ==== mon_map magic: 0 v1 ==== 229+0+0 (secure 0 0 0) 0x7ff524011cb0 con 0x7ff5280fd230
2023-08-11T14:23:22.332 INFO:teuthology.orchestra.run.smithi049.stderr:/usr/bin/ceph:
2023-08-11T14:23:22.329+0000 7ff52fc6d700 1 -- 172.21.15.49:0/3282606709 >> [v2:172.21.15.49:3300/0,v1:172.21.15.49:6789/0] conn(0x7ff5280fd230 msgr2=0x7ff5280fd650 secure :-1 s=STATE_CONNECTION_ESTABLISHED l=1).mark_down
2023-08-11T14:23:22.332 INFO:teuthology.orchestra.run.smithi049.stderr:/usr/bin/ceph:
2023-08-11T14:23:22.329+0000 7ff52fc6d700 1 --2- 172.21.15.49:0/3282606709 >> [v2:172.21.15.49:3300/0,v1:172.21.15.49:6789/0] conn(0x7ff5280fd230 0x7ff5280fd650 secure :-1 s=READY pgs=61 cs=0 l=1 rev1=1 rx=0x7ff524009730 tx=0x7ff5240090f0).stop
2023-08-11T14:23:22.333 INFO:teuthology.orchestra.run.smithi049.stderr:/usr/bin/ceph:
2023-08-11T14:23:22.329+0000 7ff52fc6d700 1 -- 172.21.15.49:0/3282606709 shutdown_connections
2023-08-11T14:23:22.333 INFO:teuthology.orchestra.run.smithi049.stderr:/usr/bin/ceph:
2023-08-11T14:23:22.329+0000 7ff52fc6d700 1 --2- 172.21.15.49:0/3282606709 >> [v2:172.21.15.49:3300/0,v1:172.21.15.49:6789/0] conn(0x7ff5280fd230 0x7ff5280fd650 unknown :-1 s=CLOSED pgs=61 cs=0 l=1 rev1=1 rx=0 tx=0).stop
2023-08-11T14:23:22.333 INFO:teuthology.orchestra.run.smithi049.stderr:/usr/bin/ceph:
2023-08-11T14:23:22.329+0000 7ff52fc6d700 1 -- 172.21.15.49:0/3282606709 >> 172.21.15.49:0/3282606709 conn(0x7ff5280f7380 msgr2=0x7ff5280f97a0 unknown :-1 s=STATE_NONE l=0).mark_down
2023-08-11T14:23:22.334 INFO:teuthology.orchestra.run.smithi049.stderr:/usr/bin/ceph:
2023-08-11T14:23:22.329+0000 7ff52fc6d700 1 -- 172.21.15.49:0/3282606709 shutdown_connections
2023-08-11T14:23:22.334 INFO:teuthology.orchestra.run.smithi049.stderr:/usr/bin/ceph:
2023-08-11T14:23:22.329+0000 7ff52fc6d700 1 -- 172.21.15.49:0/3282606709 wait complete.
2023-08-11T14:23:22.334 INFO:teuthology.orchestra.run.smithi049.stderr:/usr/bin/ceph:
2023-08-11T14:23:22.330+0000 7ff52fc6d700 1 Processor -- start
2023-08-11T14:23:22.335 INFO:teuthology.orchestra.run.smithi049.stderr:/usr/bin/ceph:
2023-08-11T14:23:22.330+0000 7ff52fc6d700 1 -- start start
2023-08-11T14:23:22.335 INFO:teuthology.orchestra.run.smithi049.stderr:/usr/bin/ceph:
2023-08-11T14:23:22.331+0000 7ff52fc6d700 1 --2- >> [v2:172.21.15.49:3300/0,v1:172.21.15.49:6789/0] conn(0x7ff5280fd230 0x7ff528101f80 unknown :-1 s=NONE pgs=0 cs=0 l=1 rev1=0 rx=0 tx=0).connect
2023-08-11T14:23:22.335 INFO:teuthology.orchestra.run.smithi049.stderr:/usr/bin/ceph:
2023-08-11T14:23:22.331+0000 7ff52fc6d700 1 -- --> [v2:172.21.15.49:3300/0,v1:172.21.15.49:6789/0] -- mon_getmap magic: 0 v1 -- 0x7ff528100400 con 0x7ff5280fd230
2023-08-11T14:23:22.335 INFO:teuthology.orchestra.run.smithi049.stderr:/usr/bin/ceph:
2023-08-11T14:23:22.331+0000 7ff52da09700 1 --2- >> [v2:172.21.15.49:3300/0,v1:172.21.15.49:6789/0] conn(0x7ff5280fd230 0x7ff528101f80 unknown :-1 s=BANNER_CONNECTING pgs=0 cs=0 l=1 rev1=0 rx=0 tx=0)._handle_peer_banner_payload supported=1 required=0
2023-08-11T14:23:22.335 INFO:teuthology.orchestra.run.smithi049.stderr:/usr/bin/ceph:
2023-08-11T14:23:22.331+0000 7ff52da09700 1 --2- >> [v2:172.21.15.49:3300/0,v1:172.21.15.49:6789/0] conn(0x7ff5280fd230 0x7ff528101f80 unknown :-1 s=HELLO_CONNECTING pgs=0 cs=0 l=1 rev1=1 rx=0 tx=0).handle_hello peer v2:172.21.15.49:3300/0 says I am v2:172.21.15.49:57386/0 (socket says 172.21.15.49:57386)
2023-08-11T14:23:22.335 INFO:teuthology.orchestra.run.smithi049.stderr:/usr/bin/ceph:
2023-08-11T14:23:22.331+0000 7ff52da09700 1 -- 172.21.15.49:0/3038792809 learned_addr learned my addr 172.21.15.49:0/3038792809 (peer_addr_for_me v2:172.21.15.49:0/0)
2023-08-11T14:23:22.335 INFO:teuthology.orchestra.run.smithi049.stderr:/usr/bin/ceph:
2023-08-11T14:23:22.331+0000 7ff52da09700 1 -- 172.21.15.49:0/3038792809 --> [v2:172.21.15.49:3300/0,v1:172.21.15.49:6789/0] -- mon_subscribe({config=0+,monmap=0+}) v3 -- 0x7ff524009370 con 0x7ff5280fd230
2023-08-11T14:23:22.336 INFO:teuthology.orchestra.run.smithi049.stderr:/usr/bin/ceph:
2023-08-11T14:23:22.332+0000 7ff52da09700 1 --2- 172.21.15.49:0/3038792809 >> [v2:172.21.15.49:3300/0,v1:172.21.15.49:6789/0] conn(0x7ff5280fd230 0x7ff528101f80 secure :-1 s=READY pgs=62 cs=0 l=1 rev1=1 rx=0x7ff524006b00 tx=0x7ff5240090f0).ready entity=mon.0 client_cookie=0 server_cookie=0 in_seq=0 out_seq=0
2023-08-11T14:23:22.336 INFO:teuthology.orchestra.run.smithi049.stderr:/usr/bin/ceph:
2023-08-11T14:23:22.332+0000 7ff51e7fc700 1 -- 172.21.15.49:0/3038792809 <== mon.0 v2:172.21.15.49:3300/0 1 ==== mon_map magic: 0 v1 ==== 229+0+0 (secure 0 0 0) 0x7ff52401a640 con 0x7ff5280fd230
2023-08-11T14:23:22.336 INFO:teuthology.orchestra.run.smithi049.stderr:/usr/bin/ceph:
2023-08-11T14:23:22.332+0000 7ff52fc6d700 1 -- 172.21.15.49:0/3038792809 --> [v2:172.21.15.49:3300/0,v1:172.21.15.49:6789/0] -- mon_subscribe({mgrmap=0+}) v3 -- 0x7ff5281005a0 con 0x7ff5280fd230
2023-08-11T14:23:22.336 INFO:teuthology.orchestra.run.smithi049.stderr:/usr/bin/ceph:
2023-08-11T14:23:22.332+0000 7ff51e7fc700 1 -- 172.21.15.49:0/3038792809 <== mon.0 v2:172.21.15.49:3300/0 2 ==== config(25 keys) v1 ==== 1046+0+0 (secure 0 0 0) 0x7ff52401ac30 con 0x7ff5280fd230
2023-08-11T14:23:22.336 INFO:teuthology.orchestra.run.smithi049.stderr:/usr/bin/ceph:
2023-08-11T14:23:22.332+0000 7ff51e7fc700 1 -- 172.21.15.49:0/3038792809 <== mon.0 v2:172.21.15.49:3300/0 3 ==== mon_map magic: 0 v1 ==== 229+0+0 (secure 0 0 0) 0x7ff524023cb0 con 0x7ff5280fd230
2023-08-11T14:23:22.336 INFO:teuthology.orchestra.run.smithi049.stderr:/usr/bin/ceph:
2023-08-11T14:23:22.332+0000 7ff52fc6d700 1 -- 172.21.15.49:0/3038792809 --> [v2:172.21.15.49:3300/0,v1:172.21.15.49:6789/0] -- mon_subscribe({osdmap=0}) v3 -- 0x7ff5281009b0 con 0x7ff5280fd230
2023-08-11T14:23:22.337 INFO:teuthology.orchestra.run.smithi049.stderr:/usr/bin/ceph:
2023-08-11T14:23:22.333+0000 7ff51e7fc700 1 -- 172.21.15.49:0/3038792809 <== mon.0 v2:172.21.15.49:3300/0 4 ==== mgrmap(e 8) v1 ==== 38515+0+0 (secure 0 0 0) 0x7ff52400f070 con 0x7ff5280fd230
2023-08-11T14:23:22.337 INFO:teuthology.orchestra.run.smithi049.stderr:/usr/bin/ceph:
2023-08-11T14:23:22.333+0000 7ff52fc6d700 1 -- 172.21.15.49:0/3038792809 --> [v2:172.21.15.49:3300/0,v1:172.21.15.49:6789/0] -- mon_command({"prefix": "get_command_descriptions"} v 0) v1 -- 0x7ff52805a050 con 0x7ff5280fd230
2023-08-11T14:23:22.337 INFO:teuthology.orchestra.run.smithi049.stderr:/usr/bin/ceph:
2023-08-11T14:23:22.333+0000 7ff51e7fc700 1 --2- 172.21.15.49:0/3038792809 >> [v2:172.21.15.49:6800/1599627733,v1:172.21.15.49:6801/1599627733] conn(0x7ff514032430 0x7ff5140348f0 unknown :-1 s=NONE pgs=0 cs=0 l=1 rev1=0 rx=0 tx=0).connect
2023-08-11T14:23:22.337 INFO:teuthology.orchestra.run.smithi049.stderr:/usr/bin/ceph:
2023-08-11T14:23:22.333+0000 7ff51e7fc700 1 -- 172.21.15.49:0/3038792809 <== mon.0 v2:172.21.15.49:3300/0 5 ==== osd_map(2..2 src has 1..2) v4 ==== 893+0+0 (secure 0 0 0) 0x7ff524044420 con 0x7ff5280fd230
2023-08-11T14:23:22.338 INFO:teuthology.orchestra.run.smithi049.stderr:/usr/bin/ceph:
2023-08-11T14:23:22.334+0000 7ff52d208700 1 --2- 172.21.15.49:0/3038792809 >> [v2:172.21.15.49:6800/1599627733,v1:172.21.15.49:6801/1599627733] conn(0x7ff514032430 0x7ff5140348f0 unknown :-1 s=BANNER_CONNECTING pgs=0 cs=0 l=1 rev1=0 rx=0 tx=0)._handle_peer_banner_payload supported=1 required=0
2023-08-11T14:23:22.338 INFO:teuthology.orchestra.run.smithi049.stderr:/usr/bin/ceph:
2023-08-11T14:23:22.334+0000 7ff52d208700 1 --2- 172.21.15.49:0/3038792809 >> [v2:172.21.15.49:6800/1599627733,v1:172.21.15.49:6801/1599627733] conn(0x7ff514032430 0x7ff5140348f0 secure :-1 s=READY pgs=20 cs=0 l=1 rev1=1 rx=0x7ff518009780 tx=0x7ff518006cc0).ready entity=mgr.14118 client_cookie=0 server_cookie=0 in_seq=0 out_seq=0
2023-08-11T14:23:22.340 INFO:teuthology.orchestra.run.smithi049.stderr:/usr/bin/ceph:
2023-08-11T14:23:22.338+0000 7ff51e7fc700 1 -- 172.21.15.49:0/3038792809 <== mon.0 v2:172.21.15.49:3300/0 6 ==== mon_command_ack([{"prefix": "get_command_descriptions"}]=0 v0) v1 ==== 72+0+163129 (secure 0 0 0) 0x7ff524019570 con 0x7ff5280fd230
2023-08-11T14:23:22.566 INFO:teuthology.orchestra.run.smithi049.stderr:/usr/bin/ceph:
2023-08-11T14:23:22.564+0000 7ff52fc6d700 1 -- 172.21.15.49:0/3038792809 --> [v2:172.21.15.49:3300/0,v1:172.21.15.49:6789/0] -- mon_command({"prefix": "mgr module enable", "module": "dashboard"} v 0) v1 -- 0x7ff528046a10 con 0x7ff5280fd230
2023-08-11T14:23:22.714 INFO:teuthology.orchestra.run.smithi049.stderr:/usr/bin/ceph:
2023-08-11T14:23:22.711+0000 7ff51e7fc700 1 -- 172.21.15.49:0/3038792809 <== mon.0 v2:172.21.15.49:3300/0 7 ==== mgrmap(e 9) v1 ==== 38528+0+0 (secure 0 0 0) 0x7ff524023510 con 0x7ff5280fd230
2023-08-11T14:23:22.715 INFO:teuthology.orchestra.run.smithi049.stderr:/usr/bin/ceph:
2023-08-11T14:23:22.713+0000 7ff51e7fc700 1 -- 172.21.15.49:0/3038792809 <== mon.0 v2:172.21.15.49:3300/0 8 ==== mon_command_ack([{"prefix": "mgr module enable", "module": "dashboard"}]=0 v9) v1 ==== 88+0+0 (secure 0 0 0) 0x7ff52402b9a0 con 0x7ff5280fd230
2023-08-11T14:23:22.718 INFO:teuthology.orchestra.run.smithi049.stderr:/usr/bin/ceph:
2023-08-11T14:23:22.715+0000 7ff52fc6d700 1 -- 172.21.15.49:0/3038792809 >> [v2:172.21.15.49:6800/1599627733,v1:172.21.15.49:6801/1599627733] conn(0x7ff514032430 msgr2=0x7ff5140348f0 secure :-1 s=STATE_CONNECTION_ESTABLISHED l=1).mark_down
2023-08-11T14:23:22.718 INFO:teuthology.orchestra.run.smithi049.stderr:/usr/bin/ceph:
2023-08-11T14:23:22.715+0000 7ff52fc6d700 1 --2- 172.21.15.49:0/3038792809 >> [v2:172.21.15.49:6800/1599627733,v1:172.21.15.49:6801/1599627733] conn(0x7ff514032430 0x7ff5140348f0 secure :-1 s=READY pgs=20 cs=0 l=1 rev1=1 rx=0x7ff518009780 tx=0x7ff518006cc0).stop
2023-08-11T14:23:22.718 INFO:teuthology.orchestra.run.smithi049.stderr:/usr/bin/ceph:
2023-08-11T14:23:22.715+0000 7ff52fc6d700 1 -- 172.21.15.49:0/3038792809 >> [v2:172.21.15.49:3300/0,v1:172.21.15.49:6789/0] conn(0x7ff5280fd230 msgr2=0x7ff528101f80 secure :-1 s=STATE_CONNECTION_ESTABLISHED l=1).mark_down
2023-08-11T14:23:22.719 INFO:teuthology.orchestra.run.smithi049.stderr:/usr/bin/ceph:
2023-08-11T14:23:22.715+0000 7ff52fc6d700 1 --2- 172.21.15.49:0/3038792809 >> [v2:172.21.15.49:3300/0,v1:172.21.15.49:6789/0] conn(0x7ff5280fd230 0x7ff528101f80 secure :-1 s=READY pgs=62 cs=0 l=1 rev1=1 rx=0x7ff524006b00 tx=0x7ff5240090f0).stop
2023-08-11T14:23:22.719 INFO:teuthology.orchestra.run.smithi049.stderr:/usr/bin/ceph:
2023-08-11T14:23:22.715+0000 7ff52fc6d700 1 -- 172.21.15.49:0/3038792809 shutdown_connections
2023-08-11T14:23:22.719 INFO:teuthology.orchestra.run.smithi049.stderr:/usr/bin/ceph:
2023-08-11T14:23:22.715+0000 7ff52fc6d700 1 --2- 172.21.15.49:0/3038792809 >> [v2:172.21.15.49:6800/1599627733,v1:172.21.15.49:6801/1599627733] conn(0x7ff514032430 0x7ff5140348f0 unknown :-1 s=CLOSED pgs=20 cs=0 l=1 rev1=1 rx=0 tx=0).stop
2023-08-11T14:23:22.719 INFO:teuthology.orchestra.run.smithi049.stderr:/usr/bin/ceph:
2023-08-11T14:23:22.715+0000 7ff52fc6d700 1 --2- 172.21.15.49:0/3038792809 >> [v2:172.21.15.49:3300/0,v1:172.21.15.49:6789/0] conn(0x7ff5280fd230 0x7ff528101f80 unknown :-1 s=CLOSED pgs=62 cs=0 l=1 rev1=1 rx=0 tx=0).stop
2023-08-11T14:23:22.719 INFO:teuthology.orchestra.run.smithi049.stderr:/usr/bin/ceph:
2023-08-11T14:23:22.715+0000 7ff52fc6d700 1 -- 172.21.15.49:0/3038792809 >> 172.21.15.49:0/3038792809 conn(0x7ff5280f7380 msgr2=0x7ff5280717c0 unknown :-1 s=STATE_NONE l=0).mark_down
2023-08-11T14:23:22.719 INFO:teuthology.orchestra.run.smithi049.stderr:/usr/bin/ceph:
2023-08-11T14:23:22.716+0000 7ff52fc6d700 1 -- 172.21.15.49:0/3038792809 shutdown_connections
2023-08-11T14:23:22.720 INFO:teuthology.orchestra.run.smithi049.stderr:/usr/bin/ceph:
2023-08-11T14:23:22.716+0000 7ff52fc6d700 1 -- 172.21.15.49:0/3038792809 wait complete.
2023-08-11T14:23:22.971 INFO:journalctl@ceph.mon.smithi049.smithi049.stdout:Aug 11 14:23:22 smithi049 ceph-6c6b35f0-3852-11ee-9b37-001a4aab830c-mon-smithi049[105838]: audit
2023-08-11T14:23:22.565935+0000 mon.smithi049 (mon.0) 68 : audit [INF] from='client.? 172.21.15.49:0/3038792809' entity='client.admin' cmd=[{"prefix": "mgr module enable", "module": "dashboard"}]: dispatch
2023-08-11T14:23:23.496 INFO:teuthology.orchestra.run.smithi049.stderr:/usr/bin/ceph:
2023-08-11T14:23:23.494+0000 7f73d22ce700 1 Processor -- start
2023-08-11T14:23:23.497 INFO:teuthology.orchestra.run.smithi049.stderr:/usr/bin/ceph:
2023-08-11T14:23:23.494+0000 7f73d22ce700 1 -- start start
2023-08-11T14:23:23.497 INFO:teuthology.orchestra.run.smithi049.stderr:/usr/bin/ceph:
2023-08-11T14:23:23.495+0000 7f73d22ce700 1 --2- >> [v2:172.21.15.49:3300/0,v1:172.21.15.49:6789/0] conn(0x7f73cc0fd230 0x7f73cc0fd650 unknown :-1 s=NONE pgs=0 cs=0 l=0 rev1=0 rx=0 tx=0).connect
2023-08-11T14:23:23.497 INFO:teuthology.orchestra.run.smithi049.stderr:/usr/bin/ceph:
2023-08-11T14:23:23.495+0000 7f73d22ce700 1 -- --> [v2:172.21.15.49:3300/0,v1:172.21.15.49:6789/0] -- mon_getmap magic: 0 v1 -- 0x7f73cc0fdb40 con 0x7f73cc0fd230
2023-08-11T14:23:23.498 INFO:teuthology.orchestra.run.smithi049.stderr:/usr/bin/ceph:
2023-08-11T14:23:23.495+0000 7f73cbfff700 1 --2- >> [v2:172.21.15.49:3300/0,v1:172.21.15.49:6789/0] conn(0x7f73cc0fd230 0x7f73cc0fd650 unknown :-1 s=BANNER_CONNECTING pgs=0 cs=0 l=0 rev1=0 rx=0 tx=0)._handle_peer_banner_payload supported=1 required=0
2023-08-11T14:23:23.498 INFO:teuthology.orchestra.run.smithi049.stderr:/usr/bin/ceph:
2023-08-11T14:23:23.495+0000 7f73cbfff700 1 --2- >> [v2:172.21.15.49:3300/0,v1:172.21.15.49:6789/0] conn(0x7f73cc0fd230 0x7f73cc0fd650 unknown :-1 s=HELLO_CONNECTING pgs=0 cs=0 l=0 rev1=1 rx=0 tx=0).handle_hello peer v2:172.21.15.49:3300/0 says I am v2:172.21.15.49:57428/0 (socket says 172.21.15.49:57428)
2023-08-11T14:23:23.498 INFO:teuthology.orchestra.run.smithi049.stderr:/usr/bin/ceph:
2023-08-11T14:23:23.495+0000 7f73cbfff700 1 -- 172.21.15.49:0/2370206560 learned_addr learned my addr 172.21.15.49:0/2370206560 (peer_addr_for_me v2:172.21.15.49:0/0)
2023-08-11T14:23:23.498 INFO:teuthology.orchestra.run.smithi049.stderr:/usr/bin/ceph:
2023-08-11T14:23:23.496+0000 7f73cbfff700 1 -- 172.21.15.49:0/2370206560 --> [v2:172.21.15.49:3300/0,v1:172.21.15.49:6789/0] -- mon_subscribe({config=0+,monmap=0+}) v3 -- 0x7f73cc0fdc80 con 0x7f73cc0fd230
2023-08-11T14:23:23.498 INFO:teuthology.orchestra.run.smithi049.stderr:/usr/bin/ceph:
2023-08-11T14:23:23.496+0000 7f73cbfff700 1 --2- 172.21.15.49:0/2370206560 >> [v2:172.21.15.49:3300/0,v1:172.21.15.49:6789/0] conn(0x7f73cc0fd230 0x7f73cc0fd650 secure :-1 s=READY pgs=65 cs=0 l=1 rev1=1 rx=0x7f73bc009730 tx=0x7f73bc0090f0).ready entity=mon.0 client_cookie=43157fc7649b0fee server_cookie=0 in_seq=0 out_seq=0
2023-08-11T14:23:23.499 INFO:teuthology.orchestra.run.smithi049.stderr:/usr/bin/ceph:
2023-08-11T14:23:23.496+0000 7f73caffd700 1 -- 172.21.15.49:0/2370206560 <== mon.0 v2:172.21.15.49:3300/0 1 ==== mon_map magic: 0 v1 ==== 229+0+0 (secure 0 0 0) 0x7f73bc00b6e0 con 0x7f73cc0fd230
2023-08-11T14:23:23.499 INFO:teuthology.orchestra.run.smithi049.stderr:/usr/bin/ceph:
2023-08-11T14:23:23.496+0000 7f73caffd700 1 -- 172.21.15.49:0/2370206560 <== mon.0 v2:172.21.15.49:3300/0 2 ==== config(25 keys) v1 ==== 1046+0+0 (secure 0 0 0) 0x7f73bc00bcd0 con 0x7f73cc0fd230
2023-08-11T14:23:23.500 INFO:teuthology.orchestra.run.smithi049.stderr:/usr/bin/ceph:
2023-08-11T14:23:23.496+0000 7f73caffd700 1 -- 172.21.15.49:0/2370206560 <== mon.0 v2:172.21.15.49:3300/0 3 ==== mon_map magic: 0 v1 ==== 229+0+0 (secure 0 0 0) 0x7f73bc011cb0 con 0x7f73cc0fd230
2023-08-11T14:23:23.500 INFO:teuthology.orchestra.run.smithi049.stderr:/usr/bin/ceph:
2023-08-11T14:23:23.497+0000 7f73d22ce700 1 -- 172.21.15.49:0/2370206560 >> [v2:172.21.15.49:3300/0,v1:172.21.15.49:6789/0] conn(0x7f73cc0fd230 msgr2=0x7f73cc0fd650 secure :-1 s=STATE_CONNECTION_ESTABLISHED l=1).mark_down
2023-08-11T14:23:23.500 INFO:teuthology.orchestra.run.smithi049.stderr:/usr/bin/ceph:
2023-08-11T14:23:23.497+0000 7f73d22ce700 1 --2- 172.21.15.49:0/2370206560 >> [v2:172.21.15.49:3300/0,v1:172.21.15.49:6789/0] conn(0x7f73cc0fd230 0x7f73cc0fd650 secure :-1 s=READY pgs=65 cs=0 l=1 rev1=1 rx=0x7f73bc009730 tx=0x7f73bc0090f0).stop
2023-08-11T14:23:23.500 INFO:teuthology.orchestra.run.smithi049.stderr:/usr/bin/ceph:
2023-08-11T14:23:23.497+0000 7f73d22ce700 1 -- 172.21.15.49:0/2370206560 shutdown_connections
2023-08-11T14:23:23.500 INFO:teuthology.orchestra.run.smithi049.stderr:/usr/bin/ceph:
2023-08-11T14:23:23.497+0000 7f73d22ce700 1 --2- 172.21.15.49:0/2370206560 >> [v2:172.21.15.49:3300/0,v1:172.21.15.49:6789/0] conn(0x7f73cc0fd230 0x7f73cc0fd650 unknown :-1 s=CLOSED pgs=65 cs=0 l=1 rev1=1 rx=0 tx=0).stop
2023-08-11T14:23:23.500 INFO:teuthology.orchestra.run.smithi049.stderr:/usr/bin/ceph:
2023-08-11T14:23:23.497+0000 7f73d22ce700 1 -- 172.21.15.49:0/2370206560 >> 172.21.15.49:0/2370206560 conn(0x7f73cc0f7380 msgr2=0x7f73cc0f97a0 unknown :-1 s=STATE_NONE l=0).mark_down
2023-08-11T14:23:23.501 INFO:teuthology.orchestra.run.smithi049.stderr:/usr/bin/ceph:
2023-08-11T14:23:23.497+0000 7f73d22ce700 1 -- 172.21.15.49:0/2370206560 shutdown_connections
2023-08-11T14:23:23.501 INFO:teuthology.orchestra.run.smithi049.stderr:/usr/bin/ceph:
2023-08-11T14:23:23.497+0000 7f73d22ce700 1 -- 172.21.15.49:0/2370206560 wait complete.
2023-08-11T14:23:23.502 INFO:teuthology.orchestra.run.smithi049.stderr:/usr/bin/ceph:
2023-08-11T14:23:23.498+0000 7f73d22ce700 1 Processor -- start
2023-08-11T14:23:23.502 INFO:teuthology.orchestra.run.smithi049.stderr:/usr/bin/ceph:
2023-08-11T14:23:23.498+0000 7f73d22ce700 1 -- start start
2023-08-11T14:23:23.502 INFO:teuthology.orchestra.run.smithi049.stderr:/usr/bin/ceph:
2023-08-11T14:23:23.499+0000 7f73d22ce700 1 --2- >> [v2:172.21.15.49:3300/0,v1:172.21.15.49:6789/0] conn(0x7f73cc0fd230 0x7f73cc10bb70 unknown :-1 s=NONE pgs=0 cs=0 l=1 rev1=0 rx=0 tx=0).connect
2023-08-11T14:23:23.502 INFO:teuthology.orchestra.run.smithi049.stderr:/usr/bin/ceph:
2023-08-11T14:23:23.499+0000 7f73d22ce700 1 -- --> [v2:172.21.15.49:3300/0,v1:172.21.15.49:6789/0] -- mon_getmap magic: 0 v1 -- 0x7f73cc10c060 con 0x7f73cc0fd230
2023-08-11T14:23:23.502 INFO:teuthology.orchestra.run.smithi049.stderr:/usr/bin/ceph:
2023-08-11T14:23:23.499+0000 7f73cbfff700 1 --2- >> [v2:172.21.15.49:3300/0,v1:172.21.15.49:6789/0] conn(0x7f73cc0fd230 0x7f73cc10bb70 unknown :-1 s=BANNER_CONNECTING pgs=0 cs=0 l=1 rev1=0 rx=0 tx=0)._handle_peer_banner_payload supported=1 required=0
2023-08-11T14:23:23.503 INFO:teuthology.orchestra.run.smithi049.stderr:/usr/bin/ceph:
2023-08-11T14:23:23.499+0000 7f73cbfff700 1 --2- >> [v2:172.21.15.49:3300/0,v1:172.21.15.49:6789/0] conn(0x7f73cc0fd230 0x7f73cc10bb70 unknown :-1 s=HELLO_CONNECTING pgs=0 cs=0 l=1 rev1=1 rx=0 tx=0).handle_hello peer v2:172.21.15.49:3300/0 says I am v2:172.21.15.49:57434/0 (socket says 172.21.15.49:57434)
2023-08-11T14:23:23.503 INFO:teuthology.orchestra.run.smithi049.stderr:/usr/bin/ceph:
2023-08-11T14:23:23.499+0000 7f73cbfff700 1 -- 172.21.15.49:0/2417900829 learned_addr learned my addr 172.21.15.49:0/2417900829 (peer_addr_for_me v2:172.21.15.49:0/0)
2023-08-11T14:23:23.503 INFO:teuthology.orchestra.run.smithi049.stderr:/usr/bin/ceph:
2023-08-11T14:23:23.499+0000 7f73cbfff700 1 -- 172.21.15.49:0/2417900829 --> [v2:172.21.15.49:3300/0,v1:172.21.15.49:6789/0] -- mon_subscribe({config=0+,monmap=0+}) v3 -- 0x7f73bc009370 con 0x7f73cc0fd230
2023-08-11T14:23:23.503 INFO:teuthology.orchestra.run.smithi049.stderr:/usr/bin/ceph:
2023-08-11T14:23:23.500+0000 7f73cbfff700 1 --2- 172.21.15.49:0/2417900829 >> [v2:172.21.15.49:3300/0,v1:172.21.15.49:6789/0] conn(0x7f73cc0fd230 0x7f73cc10bb70 secure :-1 s=READY pgs=66 cs=0 l=1 rev1=1 rx=0x7f73bc006b00 tx=0x7f73bc0090f0).ready entity=mon.0 client_cookie=0 server_cookie=0 in_seq=0 out_seq=0
2023-08-11T14:23:23.503 INFO:teuthology.orchestra.run.smithi049.stderr:/usr/bin/ceph:
2023-08-11T14:23:23.500+0000 7f73c8ff9700 1 -- 172.21.15.49:0/2417900829 <== mon.0 v2:172.21.15.49:3300/0 1 ==== mon_map magic: 0 v1 ==== 229+0+0 (secure 0 0 0) 0x7f73bc01a640 con 0x7f73cc0fd230
2023-08-11T14:23:23.503 INFO:teuthology.orchestra.run.smithi049.stderr:/usr/bin/ceph:
2023-08-11T14:23:23.500+0000 7f73c8ff9700 1 -- 172.21.15.49:0/2417900829 <== mon.0 v2:172.21.15.49:3300/0 2 ==== config(25 keys) v1 ==== 1046+0+0 (secure 0 0 0) 0x7f73bc01ac30 con 0x7f73cc0fd230
2023-08-11T14:23:23.503 INFO:teuthology.orchestra.run.smithi049.stderr:/usr/bin/ceph:
2023-08-11T14:23:23.500+0000 7f73d22ce700 1 -- 172.21.15.49:0/2417900829 --> [v2:172.21.15.49:3300/0,v1:172.21.15.49:6789/0] -- mon_subscribe({mgrmap=0+}) v3 -- 0x7f73cc10c260 con 0x7f73cc0fd230
2023-08-11T14:23:23.504 INFO:teuthology.orchestra.run.smithi049.stderr:/usr/bin/ceph:
2023-08-11T14:23:23.500+0000 7f73c8ff9700 1 -- 172.21.15.49:0/2417900829 <== mon.0 v2:172.21.15.49:3300/0 3 ==== mon_map magic: 0 v1 ==== 229+0+0 (secure 0 0 0) 0x7f73bc023cb0 con 0x7f73cc0fd230
2023-08-11T14:23:23.504 INFO:teuthology.orchestra.run.smithi049.stderr:/usr/bin/ceph:
2023-08-11T14:23:23.501+0000 7f73d22ce700 1 -- 172.21.15.49:0/2417900829 --> [v2:172.21.15.49:3300/0,v1:172.21.15.49:6789/0] -- mon_subscribe({osdmap=0}) v3 -- 0x7f73cc10c670 con 0x7f73cc0fd230
2023-08-11T14:23:23.504 INFO:teuthology.orchestra.run.smithi049.stderr:/usr/bin/ceph:
2023-08-11T14:23:23.502+0000 7f73d22ce700 1 -- 172.21.15.49:0/2417900829 --> [v2:172.21.15.49:3300/0,v1:172.21.15.49:6789/0] -- mon_command({"prefix": "get_command_descriptions"} v 0) v1 -- 0x7f73cc046a10 con 0x7f73cc0fd230
2023-08-11T14:23:23.504 INFO:teuthology.orchestra.run.smithi049.stderr:/usr/bin/ceph:
2023-08-11T14:23:23.502+0000 7f73c8ff9700 1 -- 172.21.15.49:0/2417900829 <== mon.0 v2:172.21.15.49:3300/0 4 ==== mgrmap(e 9) v1 ==== 38528+0+0 (secure 0 0 0) 0x7f73bc00f070 con 0x7f73cc0fd230
2023-08-11T14:23:23.505 INFO:teuthology.orchestra.run.smithi049.stderr:/usr/bin/ceph:
2023-08-11T14:23:23.503+0000 7f73c8ff9700 1 --2- 172.21.15.49:0/2417900829 >> [v2:172.21.15.49:6800/1599627733,v1:172.21.15.49:6801/1599627733] conn(0x7f73b4032480 0x7f73b4034940 unknown :-1 s=NONE pgs=0 cs=0 l=1 rev1=0 rx=0 tx=0).connect
2023-08-11T14:23:23.505 INFO:teuthology.orchestra.run.smithi049.stderr:/usr/bin/ceph:
2023-08-11T14:23:23.503+0000 7f73c8ff9700 1 -- 172.21.15.49:0/2417900829 <== mon.0 v2:172.21.15.49:3300/0 5 ==== osd_map(2..2 src has 1..2) v4 ==== 893+0+0 (secure 0 0 0) 0x7f73bc0445b0 con 0x7f73cc0fd230
2023-08-11T14:23:23.505 INFO:teuthology.orchestra.run.smithi049.stderr:/usr/bin/ceph:
2023-08-11T14:23:23.503+0000 7f73cb7fe700 1 -- 172.21.15.49:0/2417900829 >> [v2:172.21.15.49:6800/1599627733,v1:172.21.15.49:6801/1599627733] conn(0x7f73b4032480 msgr2=0x7f73b4034940 unknown :-1 s=STATE_CONNECTING_RE l=1).process reconnect failed to v2:172.21.15.49:6800/1599627733
2023-08-11T14:23:23.505 INFO:teuthology.orchestra.run.smithi049.stderr:/usr/bin/ceph:
2023-08-11T14:23:23.503+0000 7f73cb7fe700 1 --2- 172.21.15.49:0/2417900829 >> [v2:172.21.15.49:6800/1599627733,v1:172.21.15.49:6801/1599627733] conn(0x7f73b4032480 0x7f73b4034940 unknown :-1 s=START_CONNECT pgs=0 cs=0 l=1 rev1=0 rx=0 tx=0)._fault waiting 0.200000
2023-08-11T14:23:23.510 INFO:teuthology.orchestra.run.smithi049.stderr:/usr/bin/ceph:
2023-08-11T14:23:23.508+0000 7f73c8ff9700 1 -- 172.21.15.49:0/2417900829 <== mon.0 v2:172.21.15.49:3300/0 6 ==== mon_command_ack([{"prefix": "get_command_descriptions"}]=0 v0) v1 ==== 72+0+163129 (secure 0 0 0) 0x7f73bc019570 con 0x7f73cc0fd230
2023-08-11T14:23:23.706 INFO:teuthology.orchestra.run.smithi049.stderr:/usr/bin/ceph:
2023-08-11T14:23:23.704+0000 7f73cb7fe700 1 -- 172.21.15.49:0/2417900829 >> [v2:172.21.15.49:6800/1599627733,v1:172.21.15.49:6801/1599627733] conn(0x7f73b4032480 msgr2=0x7f73b4034940 unknown :-1 s=STATE_CONNECTING_RE l=1).process reconnect failed to v2:172.21.15.49:6800/1599627733
2023-08-11T14:23:23.706 INFO:teuthology.orchestra.run.smithi049.stderr:/usr/bin/ceph:
2023-08-11T14:23:23.704+0000 7f73cb7fe700 1 --2- 172.21.15.49:0/2417900829 >> [v2:172.21.15.49:6800/1599627733,v1:172.21.15.49:6801/1599627733] conn(0x7f73b4032480 0x7f73b4034940 unknown :-1 s=START_CONNECT pgs=0 cs=0 l=1 rev1=0 rx=0 tx=0)._fault waiting 0.400000
2023-08-11T14:23:23.741 INFO:teuthology.orchestra.run.smithi049.stderr:/usr/bin/ceph:
2023-08-11T14:23:23.738+0000 7f73d22ce700 1 -- 172.21.15.49:0/2417900829 --> [v2:172.21.15.49:3300/0,v1:172.21.15.49:6789/0] -- mon_command({"prefix": "mgr stat"} v 0) v1 -- 0x7f73cc105aa0 con 0x7f73cc0fd230
2023-08-11T14:23:23.741 INFO:teuthology.orchestra.run.smithi049.stderr:/usr/bin/ceph:
2023-08-11T14:23:23.738+0000 7f73c8ff9700 1 -- 172.21.15.49:0/2417900829 <== mon.0 v2:172.21.15.49:3300/0 7 ==== mon_command_ack([{"prefix": "mgr stat"}]=0 v9) v1 ==== 56+0+103 (secure 0 0 0) 0x7f73bc01e070 con 0x7f73cc0fd230
2023-08-11T14:23:23.741 INFO:teuthology.orchestra.run.smithi049.stderr:/usr/bin/ceph: {
2023-08-11T14:23:23.742 INFO:teuthology.orchestra.run.smithi049.stderr:/usr/bin/ceph: "epoch": 9,
2023-08-11T14:23:23.742 INFO:teuthology.orchestra.run.smithi049.stderr:/usr/bin/ceph: "available": true,
2023-08-11T14:23:23.742 INFO:teuthology.orchestra.run.smithi049.stderr:/usr/bin/ceph: "active_name": "smithi049.kjdigh",
2023-08-11T14:23:23.742 INFO:teuthology.orchestra.run.smithi049.stderr:/usr/bin/ceph: "num_standby": 0
2023-08-11T14:23:23.742 INFO:teuthology.orchestra.run.smithi049.stderr:/usr/bin/ceph: }
2023-08-11T14:23:23.744 INFO:teuthology.orchestra.run.smithi049.stderr:/usr/bin/ceph:
2023-08-11T14:23:23.742+0000 7f73d22ce700 1 -- 172.21.15.49:0/2417900829 >> [v2:172.21.15.49:6800/1599627733,v1:172.21.15.49:6801/1599627733] conn(0x7f73b4032480 msgr2=0x7f73b4034940 unknown :-1 s=STATE_CONNECTING l=1).mark_down
2023-08-11T14:23:23.744 INFO:teuthology.orchestra.run.smithi049.stderr:/usr/bin/ceph:
2023-08-11T14:23:23.742+0000 7f73d22ce700 1 --2- 172.21.15.49:0/2417900829 >> [v2:172.21.15.49:6800/1599627733,v1:172.21.15.49:6801/1599627733] conn(0x7f73b4032480 0x7f73b4034940 unknown :-1 s=START_CONNECT pgs=0 cs=0 l=1 rev1=0 rx=0 tx=0).stop
2023-08-11T14:23:23.744 INFO:teuthology.orchestra.run.smithi049.stderr:/usr/bin/ceph:
2023-08-11T14:23:23.742+0000 7f73d22ce700 1 -- 172.21.15.49:0/2417900829 >> [v2:172.21.15.49:3300/0,v1:172.21.15.49:6789/0] conn(0x7f73cc0fd230 msgr2=0x7f73cc10bb70 secure :-1 s=STATE_CONNECTION_ESTABLISHED l=1).mark_down
2023-08-11T14:23:23.745 INFO:teuthology.orchestra.run.smithi049.stderr:/usr/bin/ceph:
2023-08-11T14:23:23.742+0000 7f73d22ce700 1 --2- 172.21.15.49:0/2417900829 >> [v2:172.21.15.49:3300/0,v1:172.21.15.49:6789/0] conn(0x7f73cc0fd230 0x7f73cc10bb70 secure :-1 s=READY pgs=66 cs=0 l=1 rev1=1 rx=0x7f73bc006b00 tx=0x7f73bc0090f0).stop
2023-08-11T14:23:23.745 INFO:teuthology.orchestra.run.smithi049.stderr:/usr/bin/ceph:
2023-08-11T14:23:23.742+0000 7f73d22ce700 1 -- 172.21.15.49:0/2417900829 shutdown_connections
2023-08-11T14:23:23.745 INFO:teuthology.orchestra.run.smithi049.stderr:/usr/bin/ceph:
2023-08-11T14:23:23.742+0000 7f73d22ce700 1 --2- 172.21.15.49:0/2417900829 >> [v2:172.21.15.49:6800/1599627733,v1:172.21.15.49:6801/1599627733] conn(0x7f73b4032480 0x7f73b4034940 unknown :-1 s=CLOSED pgs=0 cs=0 l=1 rev1=0 rx=0 tx=0).stop
2023-08-11T14:23:23.746 INFO:teuthology.orchestra.run.smithi049.stderr:/usr/bin/ceph:
2023-08-11T14:23:23.742+0000 7f73d22ce700 1 --2- 172.21.15.49:0/2417900829 >> [v2:172.21.15.49:3300/0,v1:172.21.15.49:6789/0] conn(0x7f73cc0fd230 0x7f73cc10bb70 unknown :-1 s=CLOSED pgs=66 cs=0 l=1 rev1=1 rx=0 tx=0).stop
2023-08-11T14:23:23.746 INFO:teuthology.orchestra.run.smithi049.stderr:/usr/bin/ceph:
2023-08-11T14:23:23.742+0000 7f73d22ce700 1 -- 172.21.15.49:0/2417900829 >> 172.21.15.49:0/2417900829 conn(0x7f73cc0f7380 msgr2=0x7f73cc071780 unknown :-1 s=STATE_NONE l=0).mark_down
2023-08-11T14:23:23.746 INFO:teuthology.orchestra.run.smithi049.stderr:/usr/bin/ceph:
2023-08-11T14:23:23.742+0000 7f73d22ce700 1 -- 172.21.15.49:0/2417900829 shutdown_connections
2023-08-11T14:23:23.747 INFO:teuthology.orchestra.run.smithi049.stderr:/usr/bin/ceph:
2023-08-11T14:23:23.742+0000 7f73d22ce700 1 -- 172.21.15.49:0/2417900829 wait complete.
2023-08-11T14:23:23.891 INFO:journalctl@ceph.mon.smithi049.smithi049.stdout:Aug 11 14:23:23 smithi049 ceph-6c6b35f0-3852-11ee-9b37-001a4aab830c-mon-smithi049[105838]: audit
2023-08-11T14:23:22.714265+0000 mon.smithi049 (mon.0) 69 : audit [INF] from='client.? 172.21.15.49:0/3038792809' entity='client.admin' cmd='[{"prefix": "mgr module enable", "module": "dashboard"}]': finished
2023-08-11T14:23:23.892 INFO:journalctl@ceph.mon.smithi049.smithi049.stdout:Aug 11 14:23:23 smithi049 ceph-6c6b35f0-3852-11ee-9b37-001a4aab830c-mon-smithi049[105838]: cluster
2023-08-11T14:23:22.714336+0000 mon.smithi049 (mon.0) 70 : cluster [DBG] mgrmap e9: smithi049.kjdigh(active, since 16s)
2023-08-11T14:23:24.031 INFO:teuthology.orchestra.run.smithi049.stderr:Waiting for the mgr to restart...
2023-08-11T14:23:24.031 INFO:teuthology.orchestra.run.smithi049.stderr:Waiting for mgr epoch 9...
2023-08-11T14:23:24.429 INFO:teuthology.orchestra.run.smithi049.stderr:/usr/bin/ceph:
2023-08-11T14:23:24.428+0000 7f848baf0700 1 Processor -- start
2023-08-11T14:23:24.430 INFO:teuthology.orchestra.run.smithi049.stderr:/usr/bin/ceph:
2023-08-11T14:23:24.428+0000 7f848baf0700 1 -- start start
2023-08-11T14:23:24.430 INFO:teuthology.orchestra.run.smithi049.stderr:/usr/bin/ceph:
2023-08-11T14:23:24.428+0000 7f848baf0700 1 --2- >> [v2:172.21.15.49:3300/0,v1:172.21.15.49:6789/0] conn(0x7f8484100540 0x7f8484100960 unknown :-1 s=NONE pgs=0 cs=0 l=0 rev1=0 rx=0 tx=0).connect
2023-08-11T14:23:24.431 INFO:teuthology.orchestra.run.smithi049.stderr:/usr/bin/ceph:
2023-08-11T14:23:24.428+0000 7f848baf0700 1 -- --> [v2:172.21.15.49:3300/0,v1:172.21.15.49:6789/0] -- mon_getmap magic: 0 v1 -- 0x7f8484100e50 con 0x7f8484100540
2023-08-11T14:23:24.431 INFO:teuthology.orchestra.run.smithi049.stderr:/usr/bin/ceph:
2023-08-11T14:23:24.429+0000 7f848988c700 1 --2- >> [v2:172.21.15.49:3300/0,v1:172.21.15.49:6789/0] conn(0x7f8484100540 0x7f8484100960 unknown :-1 s=BANNER_CONNECTING pgs=0 cs=0 l=0 rev1=0 rx=0 tx=0)._handle_peer_banner_payload supported=1 required=0
2023-08-11T14:23:24.432 INFO:teuthology.orchestra.run.smithi049.stderr:/usr/bin/ceph:
2023-08-11T14:23:24.429+0000 7f848988c700 1 --2- >> [v2:172.21.15.49:3300/0,v1:172.21.15.49:6789/0] conn(0x7f8484100540 0x7f8484100960 unknown :-1 s=HELLO_CONNECTING pgs=0 cs=0 l=0 rev1=1 rx=0 tx=0).handle_hello peer v2:172.21.15.49:3300/0 says I am v2:172.21.15.49:57448/0 (socket says 172.21.15.49:57448)
2023-08-11T14:23:24.432 INFO:teuthology.orchestra.run.smithi049.stderr:/usr/bin/ceph:
2023-08-11T14:23:24.429+0000 7f848988c700 1 -- 172.21.15.49:0/4202595069 learned_addr learned my addr 172.21.15.49:0/4202595069 (peer_addr_for_me v2:172.21.15.49:0/0)
2023-08-11T14:23:24.432 INFO:teuthology.orchestra.run.smithi049.stderr:/usr/bin/ceph:
2023-08-11T14:23:24.429+0000 7f848988c700 1 -- 172.21.15.49:0/4202595069 --> [v2:172.21.15.49:3300/0,v1:172.21.15.49:6789/0] -- mon_subscribe({config=0+,monmap=0+}) v3 -- 0x7f8484100f90 con 0x7f8484100540
2023-08-11T14:23:24.433 INFO:teuthology.orchestra.run.smithi049.stderr:/usr/bin/ceph:
2023-08-11T14:23:24.429+0000 7f848988c700 1 --2- 172.21.15.49:0/4202595069 >> [v2:172.21.15.49:3300/0,v1:172.21.15.49:6789/0] conn(0x7f8484100540 0x7f8484100960 secure :-1 s=READY pgs=67 cs=0 l=1 rev1=1 rx=0x7f8480009730 tx=0x7f84800090f0).ready entity=mon.0 client_cookie=877d2432b3b4a49e server_cookie=0 in_seq=0 out_seq=0
2023-08-11T14:23:24.433 INFO:teuthology.orchestra.run.smithi049.stderr:/usr/bin/ceph:
2023-08-11T14:23:24.430+0000 7f848888a700 1 -- 172.21.15.49:0/4202595069 <== mon.0 v2:172.21.15.49:3300/0 1 ==== mon_map magic: 0 v1 ==== 229+0+0 (secure 0 0 0) 0x7f848000b6e0 con 0x7f8484100540
