2023-08-11T14:41:56.300 INFO:teuthology.orchestra.run.smithi069.stdout:/usr/bin/ceph: stdout Added host 'smithi069' with addr '172.21.15.69'
2023-08-11T14:41:56.300 INFO:teuthology.orchestra.run.smithi069.stdout:/usr/bin/ceph: stderr
2023-08-11T14:41:52.458+0000 7fe2069ae700 1 Processor -- start
2023-08-11T14:41:56.300 INFO:teuthology.orchestra.run.smithi069.stdout:/usr/bin/ceph: stderr
2023-08-11T14:41:52.458+0000 7fe2069ae700 1 -- start start
2023-08-11T14:41:56.301 INFO:teuthology.orchestra.run.smithi069.stdout:/usr/bin/ceph: stderr
2023-08-11T14:41:52.459+0000 7fe2069ae700 1 --2- >> [v2:172.21.15.69:3300/0,v1:172.21.15.69:6789/0] conn(0x7fe200105fd0 0x7fe2001063f0 unknown :-1 s=NONE pgs=0 cs=0 l=0 rev1=0 crypto rx=0 tx=0 comp rx=0 tx=0).connect
2023-08-11T14:41:56.301 INFO:teuthology.orchestra.run.smithi069.stdout:/usr/bin/ceph: stderr
2023-08-11T14:41:52.459+0000 7fe2069ae700 1 -- --> [v2:172.21.15.69:3300/0,v1:172.21.15.69:6789/0] -- mon_getmap magic: 0 v1 -- 0x7fe2001069c0 con 0x7fe200105fd0
2023-08-11T14:41:56.301 INFO:teuthology.orchestra.run.smithi069.stdout:/usr/bin/ceph: stderr
2023-08-11T14:41:52.459+0000 7fe1fffff700 1 --2- >> [v2:172.21.15.69:3300/0,v1:172.21.15.69:6789/0] conn(0x7fe200105fd0 0x7fe2001063f0 unknown :-1 s=BANNER_CONNECTING pgs=0 cs=0 l=0 rev1=0 crypto rx=0 tx=0 comp rx=0 tx=0)._handle_peer_banner_payload supported=3 required=0
2023-08-11T14:41:56.301 INFO:teuthology.orchestra.run.smithi069.stdout:/usr/bin/ceph: stderr
2023-08-11T14:41:52.459+0000 7fe1fffff700 1 --2- >> [v2:172.21.15.69:3300/0,v1:172.21.15.69:6789/0] conn(0x7fe200105fd0 0x7fe2001063f0 unknown :-1 s=HELLO_CONNECTING pgs=0 cs=0 l=0 rev1=1 crypto rx=0 tx=0 comp rx=0 tx=0).handle_hello peer v2:172.21.15.69:3300/0 says I am v2:172.21.15.69:42056/0 (socket says 172.21.15.69:42056)
2023-08-11T14:41:56.301 INFO:teuthology.orchestra.run.smithi069.stdout:/usr/bin/ceph: stderr
2023-08-11T14:41:52.459+0000 7fe1fffff700 1 -- 172.21.15.69:0/2671399057 learned_addr learned my addr 172.21.15.69:0/2671399057 (peer_addr_for_me v2:172.21.15.69:0/0)
2023-08-11T14:41:56.301 INFO:teuthology.orchestra.run.smithi069.stdout:/usr/bin/ceph: stderr
2023-08-11T14:41:52.459+0000 7fe1fffff700 1 -- 172.21.15.69:0/2671399057 --> [v2:172.21.15.69:3300/0,v1:172.21.15.69:6789/0] -- mon_subscribe({config=0+,monmap=0+}) v3 -- 0x7fe2001071d0 con 0x7fe200105fd0
2023-08-11T14:41:56.301 INFO:teuthology.orchestra.run.smithi069.stdout:/usr/bin/ceph: stderr
2023-08-11T14:41:52.460+0000 7fe1fffff700 1 --2- 172.21.15.69:0/2671399057 >> [v2:172.21.15.69:3300/0,v1:172.21.15.69:6789/0] conn(0x7fe200105fd0 0x7fe2001063f0 secure :-1 s=READY pgs=45 cs=0 l=1 rev1=1 crypto rx=0x7fe1f00098a0 tx=0x7fe1f0009bb0 comp rx=0 tx=0).ready entity=mon.0 client_cookie=5535c79d26b26862 server_cookie=0 in_seq=0 out_seq=0
2023-08-11T14:41:56.302 INFO:teuthology.orchestra.run.smithi069.stdout:/usr/bin/ceph: stderr
2023-08-11T14:41:52.460+0000 7fe1feffd700 1 -- 172.21.15.69:0/2671399057 <== mon.0 v2:172.21.15.69:3300/0 1 ==== mon_map magic: 0 v1 ==== 205+0+0 (secure 0 0 0) 0x7fe1f0004160 con 0x7fe200105fd0
2023-08-11T14:41:56.302 INFO:teuthology.orchestra.run.smithi069.stdout:/usr/bin/ceph: stderr
2023-08-11T14:41:52.460+0000 7fe1feffd700 1 -- 172.21.15.69:0/2671399057 <== mon.0 v2:172.21.15.69:3300/0 2 ==== config(26 keys) v1 ==== 1074+0+0 (secure 0 0 0) 0x7fe1f00042c0 con 0x7fe200105fd0
2023-08-11T14:41:56.302 INFO:teuthology.orchestra.run.smithi069.stdout:/usr/bin/ceph: stderr
2023-08-11T14:41:52.460+0000 7fe1feffd700 1 -- 172.21.15.69:0/2671399057 <== mon.0 v2:172.21.15.69:3300/0 3 ==== mon_map magic: 0 v1 ==== 205+0+0 (secure 0 0 0) 0x7fe1f0011a00 con 0x7fe200105fd0
2023-08-11T14:41:56.302 INFO:teuthology.orchestra.run.smithi069.stdout:/usr/bin/ceph: stderr
2023-08-11T14:41:52.460+0000 7fe2069ae700 1 -- 172.21.15.69:0/2671399057 >> [v2:172.21.15.69:3300/0,v1:172.21.15.69:6789/0] conn(0x7fe200105fd0 msgr2=0x7fe2001063f0 secure :-1 s=STATE_CONNECTION_ESTABLISHED l=1).mark_down
2023-08-11T14:41:56.302 INFO:teuthology.orchestra.run.smithi069.stdout:/usr/bin/ceph: stderr
2023-08-11T14:41:52.460+0000 7fe2069ae700 1 --2- 172.21.15.69:0/2671399057 >> [v2:172.21.15.69:3300/0,v1:172.21.15.69:6789/0] conn(0x7fe200105fd0 0x7fe2001063f0 secure :-1 s=READY pgs=45 cs=0 l=1 rev1=1 crypto rx=0x7fe1f00098a0 tx=0x7fe1f0009bb0 comp rx=0 tx=0).stop
2023-08-11T14:41:56.302 INFO:teuthology.orchestra.run.smithi069.stdout:/usr/bin/ceph: stderr
2023-08-11T14:41:52.461+0000 7fe2069ae700 1 -- 172.21.15.69:0/2671399057 shutdown_connections
2023-08-11T14:41:56.302 INFO:teuthology.orchestra.run.smithi069.stdout:/usr/bin/ceph: stderr
2023-08-11T14:41:52.461+0000 7fe2069ae700 1 --2- 172.21.15.69:0/2671399057 >> [v2:172.21.15.69:3300/0,v1:172.21.15.69:6789/0] conn(0x7fe200105fd0 0x7fe2001063f0 unknown :-1 s=CLOSED pgs=45 cs=0 l=1 rev1=1 crypto rx=0 tx=0 comp rx=0 tx=0).stop
2023-08-11T14:41:56.303 INFO:teuthology.orchestra.run.smithi069.stdout:/usr/bin/ceph: stderr
2023-08-11T14:41:52.461+0000 7fe2069ae700 1 -- 172.21.15.69:0/2671399057 >> 172.21.15.69:0/2671399057 conn(0x7fe2001015d0 msgr2=0x7fe2001039f0 unknown :-1 s=STATE_NONE l=0).mark_down
2023-08-11T14:41:56.303 INFO:teuthology.orchestra.run.smithi069.stdout:/usr/bin/ceph: stderr
2023-08-11T14:41:52.461+0000 7fe2069ae700 1 -- 172.21.15.69:0/2671399057 shutdown_connections
2023-08-11T14:41:56.303 INFO:teuthology.orchestra.run.smithi069.stdout:/usr/bin/ceph: stderr
2023-08-11T14:41:52.461+0000 7fe2069ae700 1 -- 172.21.15.69:0/2671399057 wait complete.
2023-08-11T14:41:56.303 INFO:teuthology.orchestra.run.smithi069.stdout:/usr/bin/ceph: stderr
2023-08-11T14:41:52.462+0000 7fe2069ae700 1 Processor -- start
2023-08-11T14:41:56.303 INFO:teuthology.orchestra.run.smithi069.stdout:/usr/bin/ceph: stderr
2023-08-11T14:41:52.462+0000 7fe2069ae700 1 -- start start
2023-08-11T14:41:56.303 INFO:teuthology.orchestra.run.smithi069.stdout:/usr/bin/ceph: stderr
2023-08-11T14:41:52.462+0000 7fe2069ae700 1 --2- >> [v2:172.21.15.69:3300/0,v1:172.21.15.69:6789/0] conn(0x7fe200105fd0 0x7fe20019be50 unknown :-1 s=NONE pgs=0 cs=0 l=1 rev1=0 crypto rx=0 tx=0 comp rx=0 tx=0).connect
2023-08-11T14:41:56.303 INFO:teuthology.orchestra.run.smithi069.stdout:/usr/bin/ceph: stderr
2023-08-11T14:41:52.462+0000 7fe2069ae700 1 -- --> [v2:172.21.15.69:3300/0,v1:172.21.15.69:6789/0] -- mon_getmap magic: 0 v1 -- 0x7fe20019c390 con 0x7fe200105fd0
2023-08-11T14:41:56.303 INFO:teuthology.orchestra.run.smithi069.stdout:/usr/bin/ceph: stderr
2023-08-11T14:41:52.462+0000 7fe1fffff700 1 --2- >> [v2:172.21.15.69:3300/0,v1:172.21.15.69:6789/0] conn(0x7fe200105fd0 0x7fe20019be50 unknown :-1 s=BANNER_CONNECTING pgs=0 cs=0 l=1 rev1=0 crypto rx=0 tx=0 comp rx=0 tx=0)._handle_peer_banner_payload supported=3 required=0
2023-08-11T14:41:56.304 INFO:teuthology.orchestra.run.smithi069.stdout:/usr/bin/ceph: stderr
2023-08-11T14:41:52.462+0000 7fe1fffff700 1 --2- >> [v2:172.21.15.69:3300/0,v1:172.21.15.69:6789/0] conn(0x7fe200105fd0 0x7fe20019be50 unknown :-1 s=HELLO_CONNECTING pgs=0 cs=0 l=1 rev1=1 crypto rx=0 tx=0 comp rx=0 tx=0).handle_hello peer v2:172.21.15.69:3300/0 says I am v2:172.21.15.69:42060/0 (socket says 172.21.15.69:42060)
2023-08-11T14:41:56.304 INFO:teuthology.orchestra.run.smithi069.stdout:/usr/bin/ceph: stderr
2023-08-11T14:41:52.462+0000 7fe1fffff700 1 -- 172.21.15.69:0/2429126905 learned_addr learned my addr 172.21.15.69:0/2429126905 (peer_addr_for_me v2:172.21.15.69:0/0)
2023-08-11T14:41:56.304 INFO:teuthology.orchestra.run.smithi069.stdout:/usr/bin/ceph: stderr
2023-08-11T14:41:52.463+0000 7fe1fffff700 1 -- 172.21.15.69:0/2429126905 --> [v2:172.21.15.69:3300/0,v1:172.21.15.69:6789/0] -- mon_subscribe({config=0+,monmap=0+}) v3 -- 0x7fe1f0009550 con 0x7fe200105fd0
2023-08-11T14:41:56.305 INFO:teuthology.orchestra.run.smithi069.stdout:/usr/bin/ceph: stderr
2023-08-11T14:41:52.463+0000 7fe1fffff700 1 --2- 172.21.15.69:0/2429126905 >> [v2:172.21.15.69:3300/0,v1:172.21.15.69:6789/0] conn(0x7fe200105fd0 0x7fe20019be50 secure :-1 s=READY pgs=46 cs=0 l=1 rev1=1 crypto rx=0x7fe1f0006af0 tx=0x7fe1f0011ad0 comp rx=0 tx=0).ready entity=mon.0 client_cookie=0 server_cookie=0 in_seq=0 out_seq=0
2023-08-11T14:41:56.305 INFO:teuthology.orchestra.run.smithi069.stdout:/usr/bin/ceph: stderr
2023-08-11T14:41:52.463+0000 7fe1fd7fa700 1 -- 172.21.15.69:0/2429126905 <== mon.0 v2:172.21.15.69:3300/0 1 ==== mon_map magic: 0 v1 ==== 205+0+0 (secure 0 0 0) 0x7fe1f0003a40 con 0x7fe200105fd0
2023-08-11T14:41:56.305 INFO:teuthology.orchestra.run.smithi069.stdout:/usr/bin/ceph: stderr
2023-08-11T14:41:52.463+0000 7fe1fd7fa700 1 -- 172.21.15.69:0/2429126905 <== mon.0 v2:172.21.15.69:3300/0 2 ==== config(26 keys) v1 ==== 1074+0+0 (secure 0 0 0) 0x7fe1f0003ba0 con 0x7fe200105fd0
2023-08-11T14:41:56.305 INFO:teuthology.orchestra.run.smithi069.stdout:/usr/bin/ceph: stderr
2023-08-11T14:41:52.463+0000 7fe2069ae700 1 -- 172.21.15.69:0/2429126905 --> [v2:172.21.15.69:3300/0,v1:172.21.15.69:6789/0] -- mon_subscribe({mgrmap=0+}) v3 -- 0x7fe20019c590 con 0x7fe200105fd0
2023-08-11T14:41:56.305 INFO:teuthology.orchestra.run.smithi069.stdout:/usr/bin/ceph: stderr
2023-08-11T14:41:52.463+0000 7fe1fd7fa700 1 -- 172.21.15.69:0/2429126905 <== mon.0 v2:172.21.15.69:3300/0 3 ==== mon_map magic: 0 v1 ==== 205+0+0 (secure 0 0 0) 0x7fe1f001a700 con 0x7fe200105fd0
2023-08-11T14:41:56.305 INFO:teuthology.orchestra.run.smithi069.stdout:/usr/bin/ceph: stderr
2023-08-11T14:41:52.463+0000 7fe2069ae700 1 -- 172.21.15.69:0/2429126905 --> [v2:172.21.15.69:3300/0,v1:172.21.15.69:6789/0] -- mon_subscribe({osdmap=0}) v3 -- 0x7fe20019c9b0 con 0x7fe200105fd0
2023-08-11T14:41:56.305 INFO:teuthology.orchestra.run.smithi069.stdout:/usr/bin/ceph: stderr
2023-08-11T14:41:52.464+0000 7fe1fd7fa700 1 -- 172.21.15.69:0/2429126905 <== mon.0 v2:172.21.15.69:3300/0 4 ==== mgrmap(e 8) v1 ==== 45135+0+0 (secure 0 0 0) 0x7fe1f0024ad0 con 0x7fe200105fd0
2023-08-11T14:41:56.305 INFO:teuthology.orchestra.run.smithi069.stdout:/usr/bin/ceph: stderr
2023-08-11T14:41:52.464+0000 7fe2069ae700 1 -- 172.21.15.69:0/2429126905 --> [v2:172.21.15.69:3300/0,v1:172.21.15.69:6789/0] -- mon_command({"prefix": "get_command_descriptions"} v 0) v1 -- 0x7fe200061f50 con 0x7fe200105fd0
2023-08-11T14:41:56.306 INFO:teuthology.orchestra.run.smithi069.stdout:/usr/bin/ceph: stderr
2023-08-11T14:41:52.465+0000 7fe1fd7fa700 1 --2- 172.21.15.69:0/2429126905 >> [v2:172.21.15.69:6800/3883455384,v1:172.21.15.69:6801/3883455384] conn(0x7fe1e8038160 0x7fe1e803a620 unknown :-1 s=NONE pgs=0 cs=0 l=1 rev1=0 crypto rx=0 tx=0 comp rx=0 tx=0).connect
2023-08-11T14:41:56.306 INFO:teuthology.orchestra.run.smithi069.stdout:/usr/bin/ceph: stderr
2023-08-11T14:41:52.465+0000 7fe1fd7fa700 1 -- 172.21.15.69:0/2429126905 <== mon.0 v2:172.21.15.69:3300/0 5 ==== osd_map(2..2 src has 1..2) v4 ==== 940+0+0 (secure 0 0 0) 0x7fe1f004bfd0 con 0x7fe200105fd0
2023-08-11T14:41:56.306 INFO:teuthology.orchestra.run.smithi069.stdout:/usr/bin/ceph: stderr
2023-08-11T14:41:52.465+0000 7fe1ff7fe700 1 --2- 172.21.15.69:0/2429126905 >> [v2:172.21.15.69:6800/3883455384,v1:172.21.15.69:6801/3883455384] conn(0x7fe1e8038160 0x7fe1e803a620 unknown :-1 s=BANNER_CONNECTING pgs=0 cs=0 l=1 rev1=0 crypto rx=0 tx=0 comp rx=0 tx=0)._handle_peer_banner_payload supported=3 required=0
2023-08-11T14:41:56.306 INFO:teuthology.orchestra.run.smithi069.stdout:/usr/bin/ceph: stderr
2023-08-11T14:41:52.466+0000 7fe1ff7fe700 1 --2- 172.21.15.69:0/2429126905 >> [v2:172.21.15.69:6800/3883455384,v1:172.21.15.69:6801/3883455384] conn(0x7fe1e8038160 0x7fe1e803a620 secure :-1 s=READY pgs=11 cs=0 l=1 rev1=1 crypto rx=0x7fe1f4006fd0 tx=0x7fe1f4006e40 comp rx=0 tx=0).ready entity=mgr.14120 client_cookie=0 server_cookie=0 in_seq=0 out_seq=0
2023-08-11T14:41:56.306 INFO:teuthology.orchestra.run.smithi069.stdout:/usr/bin/ceph: stderr
2023-08-11T14:41:52.470+0000 7fe1fd7fa700 1 -- 172.21.15.69:0/2429126905 <== mon.0 v2:172.21.15.69:3300/0 6 ==== mon_command_ack([{"prefix": "get_command_descriptions"}]=0 v0) v1 ==== 72+0+179220 (secure 0 0 0) 0x7fe1f0018b80 con 0x7fe200105fd0
2023-08-11T14:41:56.307 INFO:teuthology.orchestra.run.smithi069.stdout:/usr/bin/ceph: stderr
2023-08-11T14:41:52.671+0000 7fe2069ae700 1 -- 172.21.15.69:0/2429126905 --> [v2:172.21.15.69:6800/3883455384,v1:172.21.15.69:6801/3883455384] -- mgr_command(tid 0: {"prefix": "orch host add", "hostname": "smithi069", "addr": "172.21.15.69", "target": ["mon-mgr", ""]}) v1 -- 0x7fe200102a90 con 0x7fe1e8038160
2023-08-11T14:41:56.307 INFO:teuthology.orchestra.run.smithi069.stdout:/usr/bin/ceph: stderr
2023-08-11T14:41:55.845+0000 7fe1fd7fa700 1 -- 172.21.15.69:0/2429126905 <== mgr.14120 v2:172.21.15.69:6800/3883455384 1 ==== mgr_command_reply(tid 0: 0 ) v1 ==== 8+0+48 (secure 0 0 0) 0x7fe200102a90 con 0x7fe1e8038160
2023-08-11T14:41:56.307 INFO:teuthology.orchestra.run.smithi069.stdout:/usr/bin/ceph: stderr
2023-08-11T14:41:55.848+0000 7fe2069ae700 1 -- 172.21.15.69:0/2429126905 >> [v2:172.21.15.69:6800/3883455384,v1:172.21.15.69:6801/3883455384] conn(0x7fe1e8038160 msgr2=0x7fe1e803a620 secure :-1 s=STATE_CONNECTION_ESTABLISHED l=1).mark_down
2023-08-11T14:41:56.308 INFO:teuthology.orchestra.run.smithi069.stdout:/usr/bin/ceph: stderr
2023-08-11T14:41:55.848+0000 7fe2069ae700 1 --2- 172.21.15.69:0/2429126905 >> [v2:172.21.15.69:6800/3883455384,v1:172.21.15.69:6801/3883455384] conn(0x7fe1e8038160 0x7fe1e803a620 secure :-1 s=READY pgs=11 cs=0 l=1 rev1=1 crypto rx=0x7fe1f4006fd0 tx=0x7fe1f4006e40 comp rx=0 tx=0).stop
2023-08-11T14:41:56.308 INFO:teuthology.orchestra.run.smithi069.stdout:/usr/bin/ceph: stderr
2023-08-11T14:41:55.848+0000 7fe2069ae700 1 -- 172.21.15.69:0/2429126905 >> [v2:172.21.15.69:3300/0,v1:172.21.15.69:6789/0] conn(0x7fe200105fd0 msgr2=0x7fe20019be50 secure :-1 s=STATE_CONNECTION_ESTABLISHED l=1).mark_down
2023-08-11T14:41:56.308 INFO:teuthology.orchestra.run.smithi069.stdout:/usr/bin/ceph: stderr
2023-08-11T14:41:55.848+0000 7fe2069ae700 1 --2- 172.21.15.69:0/2429126905 >> [v2:172.21.15.69:3300/0,v1:172.21.15.69:6789/0] conn(0x7fe200105fd0 0x7fe20019be50 secure :-1 s=READY pgs=46 cs=0 l=1 rev1=1 crypto rx=0x7fe1f0006af0 tx=0x7fe1f0011ad0 comp rx=0 tx=0).stop
2023-08-11T14:41:56.308 INFO:teuthology.orchestra.run.smithi069.stdout:/usr/bin/ceph: stderr
2023-08-11T14:41:55.848+0000 7fe2069ae700 1 -- 172.21.15.69:0/2429126905 shutdown_connections
2023-08-11T14:41:56.309 INFO:teuthology.orchestra.run.smithi069.stdout:/usr/bin/ceph: stderr
2023-08-11T14:41:55.848+0000 7fe2069ae700 1 --2- 172.21.15.69:0/2429126905 >> [v2:172.21.15.69:6800/3883455384,v1:172.21.15.69:6801/3883455384] conn(0x7fe1e8038160 0x7fe1e803a620 unknown :-1 s=CLOSED pgs=11 cs=0 l=1 rev1=1 crypto rx=0 tx=0 comp rx=0 tx=0).stop
2023-08-11T14:41:56.309 INFO:teuthology.orchestra.run.smithi069.stdout:/usr/bin/ceph: stderr
2023-08-11T14:41:55.848+0000 7fe2069ae700 1 --2- 172.21.15.69:0/2429126905 >> [v2:172.21.15.69:3300/0,v1:172.21.15.69:6789/0] conn(0x7fe200105fd0 0x7fe20019be50 unknown :-1 s=CLOSED pgs=46 cs=0 l=1 rev1=1 crypto rx=0 tx=0 comp rx=0 tx=0).stop
2023-08-11T14:41:56.309 INFO:teuthology.orchestra.run.smithi069.stdout:/usr/bin/ceph: stderr
2023-08-11T14:41:55.848+0000 7fe2069ae700 1 -- 172.21.15.69:0/2429126905 >> 172.21.15.69:0/2429126905 conn(0x7fe2001015d0 msgr2=0x7fe200102380 unknown :-1 s=STATE_NONE l=0).mark_down
2023-08-11T14:41:56.309 INFO:teuthology.orchestra.run.smithi069.stdout:/usr/bin/ceph: stderr
2023-08-11T14:41:55.848+0000 7fe2069ae700 1 -- 172.21.15.69:0/2429126905 shutdown_connections
2023-08-11T14:41:56.309 INFO:teuthology.orchestra.run.smithi069.stdout:/usr/bin/ceph: stderr
2023-08-11T14:41:55.848+0000 7fe2069ae700 1 -- 172.21.15.69:0/2429126905 wait complete.
2023-08-11T14:41:56.310 INFO:teuthology.orchestra.run.smithi069.stdout:Deploying unmanaged mon service...
2023-08-11T14:41:57.121 INFO:journalctl@ceph.mon.a.smithi069.stdout:Aug 11 14:41:56 smithi069 ceph-mon[128037]: from='mgr.14120 172.21.15.69:0/2711823848' entity='mgr.x'
2023-08-11T14:41:57.121 INFO:journalctl@ceph.mon.a.smithi069.stdout:Aug 11 14:41:56 smithi069 ceph-mon[128037]: Added host smithi069
2023-08-11T14:41:57.122 INFO:journalctl@ceph.mon.a.smithi069.stdout:Aug 11 14:41:56 smithi069 ceph-mon[128037]: from='mgr.14120 172.21.15.69:0/2711823848' entity='mgr.x' cmd=[{"prefix": "config dump", "format": "json"}]: dispatch
2023-08-11T14:41:57.779 INFO:teuthology.orchestra.run.smithi069.stdout:/usr/bin/ceph: stdout Scheduled mon update...
2023-08-11T14:41:57.780 INFO:teuthology.orchestra.run.smithi069.stdout:/usr/bin/ceph: stderr
2023-08-11T14:41:56.862+0000 7f975359e700 1 Processor -- start
2023-08-11T14:41:57.780 INFO:teuthology.orchestra.run.smithi069.stdout:/usr/bin/ceph: stderr
2023-08-11T14:41:56.862+0000 7f975359e700 1 -- start start
2023-08-11T14:41:57.780 INFO:teuthology.orchestra.run.smithi069.stdout:/usr/bin/ceph: stderr
2023-08-11T14:41:56.863+0000 7f975359e700 1 --2- >> [v2:172.21.15.69:3300/0,v1:172.21.15.69:6789/0] conn(0x7f975407bee0 0x7f975407a340 unknown :-1 s=NONE pgs=0 cs=0 l=0 rev1=0 crypto rx=0 tx=0 comp rx=0 tx=0).connect
2023-08-11T14:41:57.780 INFO:teuthology.orchestra.run.smithi069.stdout:/usr/bin/ceph: stderr
2023-08-11T14:41:56.863+0000 7f975359e700 1 -- --> [v2:172.21.15.69:3300/0,v1:172.21.15.69:6789/0] -- mon_getmap magic: 0 v1 -- 0x7f975407a910 con 0x7f975407bee0
2023-08-11T14:41:57.780 INFO:teuthology.orchestra.run.smithi069.stdout:/usr/bin/ceph: stderr
2023-08-11T14:41:56.863+0000 7f975259c700 1 --2- >> [v2:172.21.15.69:3300/0,v1:172.21.15.69:6789/0] conn(0x7f975407bee0 0x7f975407a340 unknown :-1 s=BANNER_CONNECTING pgs=0 cs=0 l=0 rev1=0 crypto rx=0 tx=0 comp rx=0 tx=0)._handle_peer_banner_payload supported=3 required=0
2023-08-11T14:41:57.781 INFO:teuthology.orchestra.run.smithi069.stdout:/usr/bin/ceph: stderr
2023-08-11T14:41:56.863+0000 7f975259c700 1 --2- >> [v2:172.21.15.69:3300/0,v1:172.21.15.69:6789/0] conn(0x7f975407bee0 0x7f975407a340 unknown :-1 s=HELLO_CONNECTING pgs=0 cs=0 l=0 rev1=1 crypto rx=0 tx=0 comp rx=0 tx=0).handle_hello peer v2:172.21.15.69:3300/0 says I am v2:172.21.15.69:33210/0 (socket says 172.21.15.69:33210)
2023-08-11T14:41:57.781 INFO:teuthology.orchestra.run.smithi069.stdout:/usr/bin/ceph: stderr
2023-08-11T14:41:56.863+0000 7f975259c700 1 -- 172.21.15.69:0/1985212017 learned_addr learned my addr 172.21.15.69:0/1985212017 (peer_addr_for_me v2:172.21.15.69:0/0)
2023-08-11T14:41:57.781 INFO:teuthology.orchestra.run.smithi069.stdout:/usr/bin/ceph: stderr
2023-08-11T14:41:56.863+0000 7f975259c700 1 -- 172.21.15.69:0/1985212017 --> [v2:172.21.15.69:3300/0,v1:172.21.15.69:6789/0] -- mon_subscribe({config=0+,monmap=0+}) v3 -- 0x7f975407aa50 con 0x7f975407bee0
2023-08-11T14:41:57.781 INFO:teuthology.orchestra.run.smithi069.stdout:/usr/bin/ceph: stderr
2023-08-11T14:41:56.864+0000 7f975259c700 1 --2- 172.21.15.69:0/1985212017 >> [v2:172.21.15.69:3300/0,v1:172.21.15.69:6789/0] conn(0x7f975407bee0 0x7f975407a340 secure :-1 s=READY pgs=47 cs=0 l=1 rev1=1 crypto rx=0x7f97440098a0 tx=0x7f9744009bb0 comp rx=0 tx=0).ready entity=mon.0 client_cookie=6eba105438256e1a server_cookie=0 in_seq=0 out_seq=0
2023-08-11T14:41:57.781 INFO:teuthology.orchestra.run.smithi069.stdout:/usr/bin/ceph: stderr
2023-08-11T14:41:56.864+0000 7f975159a700 1 -- 172.21.15.69:0/1985212017 <== mon.0 v2:172.21.15.69:3300/0 1 ==== mon_map magic: 0 v1 ==== 205+0+0 (secure 0 0 0) 0x7f9744004160 con 0x7f975407bee0
2023-08-11T14:41:57.781 INFO:teuthology.orchestra.run.smithi069.stdout:/usr/bin/ceph: stderr
2023-08-11T14:41:56.864+0000 7f975159a700 1 -- 172.21.15.69:0/1985212017 <== mon.0 v2:172.21.15.69:3300/0 2 ==== config(26 keys) v1 ==== 1074+0+0 (secure 0 0 0) 0x7f97440042c0 con 0x7f975407bee0
2023-08-11T14:41:57.781 INFO:teuthology.orchestra.run.smithi069.stdout:/usr/bin/ceph: stderr
2023-08-11T14:41:56.864+0000 7f975159a700 1 -- 172.21.15.69:0/1985212017 <== mon.0 v2:172.21.15.69:3300/0 3 ==== mon_map magic: 0 v1 ==== 205+0+0 (secure 0 0 0) 0x7f9744011a00 con 0x7f975407bee0
2023-08-11T14:41:57.782 INFO:teuthology.orchestra.run.smithi069.stdout:/usr/bin/ceph: stderr
2023-08-11T14:41:56.864+0000 7f975359e700 1 -- 172.21.15.69:0/1985212017 >> [v2:172.21.15.69:3300/0,v1:172.21.15.69:6789/0] conn(0x7f975407bee0 msgr2=0x7f975407a340 secure :-1 s=STATE_CONNECTION_ESTABLISHED l=1).mark_down
2023-08-11T14:41:57.782 INFO:teuthology.orchestra.run.smithi069.stdout:/usr/bin/ceph: stderr
2023-08-11T14:41:56.864+0000 7f975359e700 1 --2- 172.21.15.69:0/1985212017 >> [v2:172.21.15.69:3300/0,v1:172.21.15.69:6789/0] conn(0x7f975407bee0 0x7f975407a340 secure :-1 s=READY pgs=47 cs=0 l=1 rev1=1 crypto rx=0x7f97440098a0 tx=0x7f9744009bb0 comp rx=0 tx=0).stop
2023-08-11T14:41:57.782 INFO:teuthology.orchestra.run.smithi069.stdout:/usr/bin/ceph: stderr
2023-08-11T14:41:56.865+0000 7f975359e700 1 -- 172.21.15.69:0/1985212017 shutdown_connections
2023-08-11T14:41:57.782 INFO:teuthology.orchestra.run.smithi069.stdout:/usr/bin/ceph: stderr
2023-08-11T14:41:56.865+0000 7f975359e700 1 --2- 172.21.15.69:0/1985212017 >> [v2:172.21.15.69:3300/0,v1:172.21.15.69:6789/0] conn(0x7f975407bee0 0x7f975407a340 unknown :-1 s=CLOSED pgs=47 cs=0 l=1 rev1=1 crypto rx=0 tx=0 comp rx=0 tx=0).stop
2023-08-11T14:41:57.782 INFO:teuthology.orchestra.run.smithi069.stdout:/usr/bin/ceph: stderr
2023-08-11T14:41:56.865+0000 7f975359e700 1 -- 172.21.15.69:0/1985212017 >> 172.21.15.69:0/1985212017 conn(0x7f97541013f0 msgr2=0x7f9754103810 unknown :-1 s=STATE_NONE l=0).mark_down
2023-08-11T14:41:57.782 INFO:teuthology.orchestra.run.smithi069.stdout:/usr/bin/ceph: stderr
2023-08-11T14:41:56.865+0000 7f975359e700 1 -- 172.21.15.69:0/1985212017 shutdown_connections
2023-08-11T14:41:57.782 INFO:teuthology.orchestra.run.smithi069.stdout:/usr/bin/ceph: stderr
2023-08-11T14:41:56.865+0000 7f975359e700 1 -- 172.21.15.69:0/1985212017 wait complete.
2023-08-11T14:41:57.782 INFO:teuthology.orchestra.run.smithi069.stdout:/usr/bin/ceph: stderr
2023-08-11T14:41:56.866+0000 7f975359e700 1 Processor -- start
2023-08-11T14:41:57.783 INFO:teuthology.orchestra.run.smithi069.stdout:/usr/bin/ceph: stderr
2023-08-11T14:41:56.866+0000 7f975359e700 1 -- start start
2023-08-11T14:41:57.783 INFO:teuthology.orchestra.run.smithi069.stdout:/usr/bin/ceph: stderr
2023-08-11T14:41:56.866+0000 7f975359e700 1 --2- >> [v2:172.21.15.69:3300/0,v1:172.21.15.69:6789/0] conn(0x7f975407bee0 0x7f975419bd30 unknown :-1 s=NONE pgs=0 cs=0 l=1 rev1=0 crypto rx=0 tx=0 comp rx=0 tx=0).connect
2023-08-11T14:41:57.783 INFO:teuthology.orchestra.run.smithi069.stdout:/usr/bin/ceph: stderr
2023-08-11T14:41:56.866+0000 7f975359e700 1 -- --> [v2:172.21.15.69:3300/0,v1:172.21.15.69:6789/0] -- mon_getmap magic: 0 v1 -- 0x7f975419c270 con 0x7f975407bee0
2023-08-11T14:41:57.783 INFO:teuthology.orchestra.run.smithi069.stdout:/usr/bin/ceph: stderr
2023-08-11T14:41:56.866+0000 7f975259c700 1 --2- >> [v2:172.21.15.69:3300/0,v1:172.21.15.69:6789/0] conn(0x7f975407bee0 0x7f975419bd30 unknown :-1 s=BANNER_CONNECTING pgs=0 cs=0 l=1 rev1=0 crypto rx=0 tx=0 comp rx=0 tx=0)._handle_peer_banner_payload supported=3 required=0
2023-08-11T14:41:57.783 INFO:teuthology.orchestra.run.smithi069.stdout:/usr/bin/ceph: stderr
2023-08-11T14:41:56.866+0000 7f975259c700 1 --2- >> [v2:172.21.15.69:3300/0,v1:172.21.15.69:6789/0] conn(0x7f975407bee0 0x7f975419bd30 unknown :-1 s=HELLO_CONNECTING pgs=0 cs=0 l=1 rev1=1 crypto rx=0 tx=0 comp rx=0 tx=0).handle_hello peer v2:172.21.15.69:3300/0 says I am v2:172.21.15.69:33214/0 (socket says 172.21.15.69:33214)
2023-08-11T14:41:57.783 INFO:teuthology.orchestra.run.smithi069.stdout:/usr/bin/ceph: stderr
2023-08-11T14:41:56.866+0000 7f975259c700 1 -- 172.21.15.69:0/2618912445 learned_addr learned my addr 172.21.15.69:0/2618912445 (peer_addr_for_me v2:172.21.15.69:0/0)
2023-08-11T14:41:57.783 INFO:teuthology.orchestra.run.smithi069.stdout:/usr/bin/ceph: stderr
2023-08-11T14:41:56.867+0000 7f975259c700 1 -- 172.21.15.69:0/2618912445 --> [v2:172.21.15.69:3300/0,v1:172.21.15.69:6789/0] -- mon_subscribe({config=0+,monmap=0+}) v3 -- 0x7f9744009550 con 0x7f975407bee0
2023-08-11T14:41:57.784 INFO:teuthology.orchestra.run.smithi069.stdout:/usr/bin/ceph: stderr
2023-08-11T14:41:56.867+0000 7f975259c700 1 --2- 172.21.15.69:0/2618912445 >> [v2:172.21.15.69:3300/0,v1:172.21.15.69:6789/0] conn(0x7f975407bee0 0x7f975419bd30 secure :-1 s=READY pgs=48 cs=0 l=1 rev1=1 crypto rx=0x7f9744006af0 tx=0x7f9744011ad0 comp rx=0 tx=0).ready entity=mon.0 client_cookie=0 server_cookie=0 in_seq=0 out_seq=0
2023-08-11T14:41:57.784 INFO:teuthology.orchestra.run.smithi069.stdout:/usr/bin/ceph: stderr
2023-08-11T14:41:56.867+0000 7f97437fe700 1 -- 172.21.15.69:0/2618912445 <== mon.0 v2:172.21.15.69:3300/0 1 ==== mon_map magic: 0 v1 ==== 205+0+0 (secure 0 0 0) 0x7f9744003a40 con 0x7f975407bee0
2023-08-11T14:41:57.784 INFO:teuthology.orchestra.run.smithi069.stdout:/usr/bin/ceph: stderr
2023-08-11T14:41:56.867+0000 7f97437fe700 1 -- 172.21.15.69:0/2618912445 <== mon.0 v2:172.21.15.69:3300/0 2 ==== config(26 keys) v1 ==== 1074+0+0 (secure 0 0 0) 0x7f9744003ba0 con 0x7f975407bee0
2023-08-11T14:41:57.784 INFO:teuthology.orchestra.run.smithi069.stdout:/usr/bin/ceph: stderr
2023-08-11T14:41:56.867+0000 7f97437fe700 1 -- 172.21.15.69:0/2618912445 <== mon.0 v2:172.21.15.69:3300/0 3 ==== mon_map magic: 0 v1 ==== 205+0+0 (secure 0 0 0) 0x7f974401a700 con 0x7f975407bee0
2023-08-11T14:41:57.784 INFO:teuthology.orchestra.run.smithi069.stdout:/usr/bin/ceph: stderr
2023-08-11T14:41:56.867+0000 7f975359e700 1 -- 172.21.15.69:0/2618912445 --> [v2:172.21.15.69:3300/0,v1:172.21.15.69:6789/0] -- mon_subscribe({mgrmap=0+}) v3 -- 0x7f975419c470 con 0x7f975407bee0
2023-08-11T14:41:57.784 INFO:teuthology.orchestra.run.smithi069.stdout:/usr/bin/ceph: stderr
2023-08-11T14:41:56.867+0000 7f975359e700 1 -- 172.21.15.69:0/2618912445 --> [v2:172.21.15.69:3300/0,v1:172.21.15.69:6789/0] -- mon_subscribe({osdmap=0}) v3 -- 0x7f975419c890 con 0x7f975407bee0
2023-08-11T14:41:57.784 INFO:teuthology.orchestra.run.smithi069.stdout:/usr/bin/ceph: stderr
2023-08-11T14:41:56.868+0000 7f97437fe700 1 -- 172.21.15.69:0/2618912445 <== mon.0 v2:172.21.15.69:3300/0 4 ==== mgrmap(e 8) v1 ==== 45135+0+0 (secure 0 0 0) 0x7f9744024ad0 con 0x7f975407bee0
2023-08-11T14:41:57.784 INFO:teuthology.orchestra.run.smithi069.stdout:/usr/bin/ceph: stderr
2023-08-11T14:41:56.868+0000 7f975359e700 1 -- 172.21.15.69:0/2618912445 --> [v2:172.21.15.69:3300/0,v1:172.21.15.69:6789/0] -- mon_command({"prefix": "get_command_descriptions"} v 0) v1 -- 0x7f975410c1e0 con 0x7f975407bee0
2023-08-11T14:41:57.785 INFO:teuthology.orchestra.run.smithi069.stdout:/usr/bin/ceph: stderr
2023-08-11T14:41:56.869+0000 7f97437fe700 1 --2- 172.21.15.69:0/2618912445 >> [v2:172.21.15.69:6800/3883455384,v1:172.21.15.69:6801/3883455384] conn(0x7f973c038160 0x7f973c03a620 unknown :-1 s=NONE pgs=0 cs=0 l=1 rev1=0 crypto rx=0 tx=0 comp rx=0 tx=0).connect
2023-08-11T14:41:57.785 INFO:teuthology.orchestra.run.smithi069.stdout:/usr/bin/ceph: stderr
2023-08-11T14:41:56.869+0000 7f97437fe700 1 -- 172.21.15.69:0/2618912445 <== mon.0 v2:172.21.15.69:3300/0 5 ==== osd_map(2..2 src has 1..2) v4 ==== 940+0+0 (secure 0 0 0) 0x7f974404bfd0 con 0x7f975407bee0
2023-08-11T14:41:57.785 INFO:teuthology.orchestra.run.smithi069.stdout:/usr/bin/ceph: stderr
2023-08-11T14:41:56.869+0000 7f9751d9b700 1 --2- 172.21.15.69:0/2618912445 >> [v2:172.21.15.69:6800/3883455384,v1:172.21.15.69:6801/3883455384] conn(0x7f973c038160 0x7f973c03a620 unknown :-1 s=BANNER_CONNECTING pgs=0 cs=0 l=1 rev1=0 crypto rx=0 tx=0 comp rx=0 tx=0)._handle_peer_banner_payload supported=3 required=0
2023-08-11T14:41:57.785 INFO:teuthology.orchestra.run.smithi069.stdout:/usr/bin/ceph: stderr
2023-08-11T14:41:56.870+0000 7f9751d9b700 1 --2- 172.21.15.69:0/2618912445 >> [v2:172.21.15.69:6800/3883455384,v1:172.21.15.69:6801/3883455384] conn(0x7f973c038160 0x7f973c03a620 secure :-1 s=READY pgs=12 cs=0 l=1 rev1=1 crypto rx=0x7f9748006fd0 tx=0x7f9748006e40 comp rx=0 tx=0).ready entity=mgr.14120 client_cookie=0 server_cookie=0 in_seq=0 out_seq=0
2023-08-11T14:41:57.785 INFO:teuthology.orchestra.run.smithi069.stdout:/usr/bin/ceph: stderr
2023-08-11T14:41:56.874+0000 7f97437fe700 1 -- 172.21.15.69:0/2618912445 <== mon.0 v2:172.21.15.69:3300/0 6 ==== mon_command_ack([{"prefix": "get_command_descriptions"}]=0 v0) v1 ==== 72+0+179220 (secure 0 0 0) 0x7f9744024430 con 0x7f975407bee0
2023-08-11T14:41:57.785 INFO:teuthology.orchestra.run.smithi069.stdout:/usr/bin/ceph: stderr
2023-08-11T14:41:57.088+0000 7f975359e700 1 -- 172.21.15.69:0/2618912445 --> [v2:172.21.15.69:6800/3883455384,v1:172.21.15.69:6801/3883455384] -- mgr_command(tid 0: {"prefix": "orch apply", "service_type": "mon", "unmanaged": true, "target": ["mon-mgr", ""]}) v1 -- 0x7f975419f2d0 con 0x7f973c038160
2023-08-11T14:41:57.785 INFO:teuthology.orchestra.run.smithi069.stdout:/usr/bin/ceph: stderr
2023-08-11T14:41:57.096+0000 7f97437fe700 1 -- 172.21.15.69:0/2618912445 <== mgr.14120 v2:172.21.15.69:6800/3883455384 1 ==== mgr_command_reply(tid 0: 0 ) v1 ==== 8+0+24 (secure 0 0 0) 0x7f975419f2d0 con 0x7f973c038160
2023-08-11T14:41:57.786 INFO:teuthology.orchestra.run.smithi069.stdout:/usr/bin/ceph: stderr
2023-08-11T14:41:57.098+0000 7f975359e700 1 -- 172.21.15.69:0/2618912445 >> [v2:172.21.15.69:6800/3883455384,v1:172.21.15.69:6801/3883455384] conn(0x7f973c038160 msgr2=0x7f973c03a620 secure :-1 s=STATE_CONNECTION_ESTABLISHED l=1).mark_down
2023-08-11T14:41:57.786 INFO:teuthology.orchestra.run.smithi069.stdout:/usr/bin/ceph: stderr
2023-08-11T14:41:57.098+0000 7f975359e700 1 --2- 172.21.15.69:0/2618912445 >> [v2:172.21.15.69:6800/3883455384,v1:172.21.15.69:6801/3883455384] conn(0x7f973c038160 0x7f973c03a620 secure :-1 s=READY pgs=12 cs=0 l=1 rev1=1 crypto rx=0x7f9748006fd0 tx=0x7f9748006e40 comp rx=0 tx=0).stop
2023-08-11T14:41:57.786 INFO:teuthology.orchestra.run.smithi069.stdout:/usr/bin/ceph: stderr
2023-08-11T14:41:57.098+0000 7f975359e700 1 -- 172.21.15.69:0/2618912445 >> [v2:172.21.15.69:3300/0,v1:172.21.15.69:6789/0] conn(0x7f975407bee0 msgr2=0x7f975419bd30 secure :-1 s=STATE_CONNECTION_ESTABLISHED l=1).mark_down
2023-08-11T14:41:57.786 INFO:teuthology.orchestra.run.smithi069.stdout:/usr/bin/ceph: stderr
2023-08-11T14:41:57.098+0000 7f975359e700 1 --2- 172.21.15.69:0/2618912445 >> [v2:172.21.15.69:3300/0,v1:172.21.15.69:6789/0] conn(0x7f975407bee0 0x7f975419bd30 secure :-1 s=READY pgs=48 cs=0 l=1 rev1=1 crypto rx=0x7f9744006af0 tx=0x7f9744011ad0 comp rx=0 tx=0).stop
2023-08-11T14:41:57.786 INFO:teuthology.orchestra.run.smithi069.stdout:/usr/bin/ceph: stderr
2023-08-11T14:41:57.098+0000 7f975359e700 1 -- 172.21.15.69:0/2618912445 shutdown_connections
2023-08-11T14:41:57.786 INFO:teuthology.orchestra.run.smithi069.stdout:/usr/bin/ceph: stderr
2023-08-11T14:41:57.098+0000 7f975359e700 1 --2- 172.21.15.69:0/2618912445 >> [v2:172.21.15.69:6800/3883455384,v1:172.21.15.69:6801/3883455384] conn(0x7f973c038160 0x7f973c03a620 unknown :-1 s=CLOSED pgs=12 cs=0 l=1 rev1=1 crypto rx=0 tx=0 comp rx=0 tx=0).stop
2023-08-11T14:41:57.786 INFO:teuthology.orchestra.run.smithi069.stdout:/usr/bin/ceph: stderr
2023-08-11T14:41:57.098+0000 7f975359e700 1 --2- 172.21.15.69:0/2618912445 >> [v2:172.21.15.69:3300/0,v1:172.21.15.69:6789/0] conn(0x7f975407bee0 0x7f975419bd30 unknown :-1 s=CLOSED pgs=48 cs=0 l=1 rev1=1 crypto rx=0 tx=0 comp rx=0 tx=0).stop
2023-08-11T14:41:57.786 INFO:teuthology.orchestra.run.smithi069.stdout:/usr/bin/ceph: stderr
2023-08-11T14:41:57.098+0000 7f975359e700 1 -- 172.21.15.69:0/2618912445 >> 172.21.15.69:0/2618912445 conn(0x7f97541013f0 msgr2=0x7f9754102aa0 unknown :-1 s=STATE_NONE l=0).mark_down
2023-08-11T14:41:57.787 INFO:teuthology.orchestra.run.smithi069.stdout:/usr/bin/ceph: stderr
2023-08-11T14:41:57.098+0000 7f975359e700 1 -- 172.21.15.69:0/2618912445 shutdown_connections
2023-08-11T14:41:57.787 INFO:teuthology.orchestra.run.smithi069.stdout:/usr/bin/ceph: stderr
2023-08-11T14:41:57.098+0000 7f975359e700 1 -- 172.21.15.69:0/2618912445 wait complete.
2023-08-11T14:41:57.787 INFO:teuthology.orchestra.run.smithi069.stdout:Deploying unmanaged mgr service...
2023-08-11T14:41:58.351 INFO:journalctl@ceph.mon.a.smithi069.stdout:Aug 11 14:41:58 smithi069 ceph-mon[128037]: from='client.14142 -' entity='client.admin' cmd=[{"prefix": "orch apply", "service_type": "mon", "unmanaged": true, "target": ["mon-mgr", ""]}]: dispatch
2023-08-11T14:41:58.352 INFO:journalctl@ceph.mon.a.smithi069.stdout:Aug 11 14:41:58 smithi069 ceph-mon[128037]: Saving service mon spec with placement count:5
2023-08-11T14:41:58.352 INFO:journalctl@ceph.mon.a.smithi069.stdout:Aug 11 14:41:58 smithi069 ceph-mon[128037]: from='mgr.14120 172.21.15.69:0/2711823848' entity='mgr.x'
2023-08-11T14:41:59.359 INFO:teuthology.orchestra.run.smithi069.stdout:/usr/bin/ceph: stdout Scheduled mgr update...
2023-08-11T14:41:59.359 INFO:teuthology.orchestra.run.smithi069.stdout:/usr/bin/ceph: stderr
2023-08-11T14:41:58.637+0000 7f92d0680700 1 Processor -- start
2023-08-11T14:41:59.359 INFO:teuthology.orchestra.run.smithi069.stdout:/usr/bin/ceph: stderr
2023-08-11T14:41:58.638+0000 7f92d0680700 1 -- start start
2023-08-11T14:41:59.359 INFO:teuthology.orchestra.run.smithi069.stdout:/usr/bin/ceph: stderr
2023-08-11T14:41:58.638+0000 7f92d0680700 1 --2- >> [v2:172.21.15.69:3300/0,v1:172.21.15.69:6789/0] conn(0x7f92c807bea0 0x7f92c807a300 unknown :-1 s=NONE pgs=0 cs=0 l=0 rev1=0 crypto rx=0 tx=0 comp rx=0 tx=0).connect
2023-08-11T14:41:59.359 INFO:teuthology.orchestra.run.smithi069.stdout:/usr/bin/ceph: stderr
2023-08-11T14:41:58.638+0000 7f92d0680700 1 -- --> [v2:172.21.15.69:3300/0,v1:172.21.15.69:6789/0] -- mon_getmap magic: 0 v1 -- 0x7f92c807a8d0 con 0x7f92c807bea0
2023-08-11T14:41:59.362 INFO:teuthology.orchestra.run.smithi069.stdout:/usr/bin/ceph: stderr
2023-08-11T14:41:58.638+0000 7f92ce41c700 1 --2- >> [v2:172.21.15.69:3300/0,v1:172.21.15.69:6789/0] conn(0x7f92c807bea0 0x7f92c807a300 unknown :-1 s=BANNER_CONNECTING pgs=0 cs=0 l=0 rev1=0 crypto rx=0 tx=0 comp rx=0 tx=0)._handle_peer_banner_payload supported=3 required=0
2023-08-11T14:41:59.363 INFO:teuthology.orchestra.run.smithi069.stdout:/usr/bin/ceph: stderr
2023-08-11T14:41:58.638+0000 7f92ce41c700 1 --2- >> [v2:172.21.15.69:3300/0,v1:172.21.15.69:6789/0] conn(0x7f92c807bea0 0x7f92c807a300 unknown :-1 s=HELLO_CONNECTING pgs=0 cs=0 l=0 rev1=1 crypto rx=0 tx=0 comp rx=0 tx=0).handle_hello peer v2:172.21.15.69:3300/0 says I am v2:172.21.15.69:33218/0 (socket says 172.21.15.69:33218)
2023-08-11T14:41:59.363 INFO:teuthology.orchestra.run.smithi069.stdout:/usr/bin/ceph: stderr
2023-08-11T14:41:58.638+0000 7f92ce41c700 1 -- 172.21.15.69:0/152787456 learned_addr learned my addr 172.21.15.69:0/152787456 (peer_addr_for_me v2:172.21.15.69:0/0)
2023-08-11T14:41:59.363 INFO:teuthology.orchestra.run.smithi069.stdout:/usr/bin/ceph: stderr
2023-08-11T14:41:58.639+0000 7f92ce41c700 1 -- 172.21.15.69:0/152787456 --> [v2:172.21.15.69:3300/0,v1:172.21.15.69:6789/0] -- mon_subscribe({config=0+,monmap=0+}) v3 -- 0x7f92c807aa10 con 0x7f92c807bea0
2023-08-11T14:41:59.363 INFO:teuthology.orchestra.run.smithi069.stdout:/usr/bin/ceph: stderr
2023-08-11T14:41:58.639+0000 7f92ce41c700 1 --2- 172.21.15.69:0/152787456 >> [v2:172.21.15.69:3300/0,v1:172.21.15.69:6789/0] conn(0x7f92c807bea0 0x7f92c807a300 secure :-1 s=READY pgs=49 cs=0 l=1 rev1=1 crypto rx=0x7f92c40098a0 tx=0x7f92c4009bb0 comp rx=0 tx=0).ready entity=mon.0 client_cookie=89894bb90371e719 server_cookie=0 in_seq=0 out_seq=0
2023-08-11T14:41:59.363 INFO:teuthology.orchestra.run.smithi069.stdout:/usr/bin/ceph: stderr
2023-08-11T14:41:58.639+0000 7f92cd41a700 1 -- 172.21.15.69:0/152787456 <== mon.0 v2:172.21.15.69:3300/0 1 ==== mon_map magic: 0 v1 ==== 205+0+0 (secure 0 0 0) 0x7f92c4004160 con 0x7f92c807bea0
2023-08-11T14:41:59.363 INFO:teuthology.orchestra.run.smithi069.stdout:/usr/bin/ceph: stderr
2023-08-11T14:41:58.639+0000 7f92cd41a700 1 -- 172.21.15.69:0/152787456 <== mon.0 v2:172.21.15.69:3300/0 2 ==== config(26 keys) v1 ==== 1105+0+0 (secure 0 0 0) 0x7f92c40042c0 con 0x7f92c807bea0
2023-08-11T14:41:59.363 INFO:teuthology.orchestra.run.smithi069.stdout:/usr/bin/ceph: stderr
2023-08-11T14:41:58.639+0000 7f92cd41a700 1 -- 172.21.15.69:0/152787456 <== mon.0 v2:172.21.15.69:3300/0 3 ==== mon_map magic: 0 v1 ==== 205+0+0 (secure 0 0 0) 0x7f92c40119b0 con 0x7f92c807bea0
2023-08-11T14:41:59.364 INFO:teuthology.orchestra.run.smithi069.stdout:/usr/bin/ceph: stderr
2023-08-11T14:41:58.640+0000 7f92d0680700 1 -- 172.21.15.69:0/152787456 >> [v2:172.21.15.69:3300/0,v1:172.21.15.69:6789/0] conn(0x7f92c807bea0 msgr2=0x7f92c807a300 secure :-1 s=STATE_CONNECTION_ESTABLISHED l=1).mark_down
2023-08-11T14:41:59.364 INFO:teuthology.orchestra.run.smithi069.stdout:/usr/bin/ceph: stderr
2023-08-11T14:41:58.640+0000 7f92d0680700 1 --2- 172.21.15.69:0/152787456 >> [v2:172.21.15.69:3300/0,v1:172.21.15.69:6789/0] conn(0x7f92c807bea0 0x7f92c807a300 secure :-1 s=READY pgs=49 cs=0 l=1 rev1=1 crypto rx=0x7f92c40098a0 tx=0x7f92c4009bb0 comp rx=0 tx=0).stop
2023-08-11T14:41:59.364 INFO:teuthology.orchestra.run.smithi069.stdout:/usr/bin/ceph: stderr
2023-08-11T14:41:58.640+0000 7f92d0680700 1 -- 172.21.15.69:0/152787456 shutdown_connections
2023-08-11T14:41:59.364 INFO:teuthology.orchestra.run.smithi069.stdout:/usr/bin/ceph: stderr
2023-08-11T14:41:58.640+0000 7f92d0680700 1 --2- 172.21.15.69:0/152787456 >> [v2:172.21.15.69:3300/0,v1:172.21.15.69:6789/0] conn(0x7f92c807bea0 0x7f92c807a300 unknown :-1 s=CLOSED pgs=49 cs=0 l=1 rev1=1 crypto rx=0 tx=0 comp rx=0 tx=0).stop
2023-08-11T14:41:59.364 INFO:teuthology.orchestra.run.smithi069.stdout:/usr/bin/ceph: stderr
2023-08-11T14:41:58.640+0000 7f92d0680700 1 -- 172.21.15.69:0/152787456 >> 172.21.15.69:0/152787456 conn(0x7f92c81015d0 msgr2=0x7f92c81039f0 unknown :-1 s=STATE_NONE l=0).mark_down
2023-08-11T14:41:59.364 INFO:teuthology.orchestra.run.smithi069.stdout:/usr/bin/ceph: stderr
2023-08-11T14:41:58.640+0000 7f92d0680700 1 -- 172.21.15.69:0/152787456 shutdown_connections
2023-08-11T14:41:59.365 INFO:teuthology.orchestra.run.smithi069.stdout:/usr/bin/ceph: stderr
2023-08-11T14:41:58.640+0000 7f92d0680700 1 -- 172.21.15.69:0/152787456 wait complete.
2023-08-11T14:41:59.365 INFO:teuthology.orchestra.run.smithi069.stdout:/usr/bin/ceph: stderr
2023-08-11T14:41:58.641+0000 7f92d0680700 1 Processor -- start
2023-08-11T14:41:59.365 INFO:teuthology.orchestra.run.smithi069.stdout:/usr/bin/ceph: stderr
2023-08-11T14:41:58.641+0000 7f92d0680700 1 -- start start
2023-08-11T14:41:59.365 INFO:teuthology.orchestra.run.smithi069.stdout:/usr/bin/ceph: stderr
2023-08-11T14:41:58.641+0000 7f92d0680700 1 --2- >> [v2:172.21.15.69:3300/0,v1:172.21.15.69:6789/0] conn(0x7f92c807bea0 0x7f92c819be80 unknown :-1 s=NONE pgs=0 cs=0 l=1 rev1=0 crypto rx=0 tx=0 comp rx=0 tx=0).connect
2023-08-11T14:41:59.365 INFO:teuthology.orchestra.run.smithi069.stdout:/usr/bin/ceph: stderr
2023-08-11T14:41:58.641+0000 7f92d0680700 1 -- --> [v2:172.21.15.69:3300/0,v1:172.21.15.69:6789/0] -- mon_getmap magic: 0 v1 -- 0x7f92c819c3c0 con 0x7f92c807bea0
2023-08-11T14:41:59.365 INFO:teuthology.orchestra.run.smithi069.stdout:/usr/bin/ceph: stderr
2023-08-11T14:41:58.642+0000 7f92ce41c700 1 --2- >> [v2:172.21.15.69:3300/0,v1:172.21.15.69:6789/0] conn(0x7f92c807bea0 0x7f92c819be80 unknown :-1 s=BANNER_CONNECTING pgs=0 cs=0 l=1 rev1=0 crypto rx=0 tx=0 comp rx=0 tx=0)._handle_peer_banner_payload supported=3 required=0
2023-08-11T14:41:59.365 INFO:teuthology.orchestra.run.smithi069.stdout:/usr/bin/ceph: stderr
2023-08-11T14:41:58.642+0000 7f92ce41c700 1 --2- >> [v2:172.21.15.69:3300/0,v1:172.21.15.69:6789/0] conn(0x7f92c807bea0 0x7f92c819be80 unknown :-1 s=HELLO_CONNECTING pgs=0 cs=0 l=1 rev1=1 crypto rx=0 tx=0 comp rx=0 tx=0).handle_hello peer v2:172.21.15.69:3300/0 says I am v2:172.21.15.69:33224/0 (socket says 172.21.15.69:33224)
2023-08-11T14:41:59.365 INFO:teuthology.orchestra.run.smithi069.stdout:/usr/bin/ceph: stderr
2023-08-11T14:41:58.642+0000 7f92ce41c700 1 -- 172.21.15.69:0/106189253 learned_addr learned my addr 172.21.15.69:0/106189253 (peer_addr_for_me v2:172.21.15.69:0/0)
2023-08-11T14:41:59.366 INFO:teuthology.orchestra.run.smithi069.stdout:/usr/bin/ceph: stderr
2023-08-11T14:41:58.642+0000 7f92ce41c700 1 -- 172.21.15.69:0/106189253 --> [v2:172.21.15.69:3300/0,v1:172.21.15.69:6789/0] -- mon_subscribe({config=0+,monmap=0+}) v3 -- 0x7f92c4009550 con 0x7f92c807bea0
2023-08-11T14:41:59.366 INFO:teuthology.orchestra.run.smithi069.stdout:/usr/bin/ceph: stderr
2023-08-11T14:41:58.642+0000 7f92ce41c700 1 --2- 172.21.15.69:0/106189253 >> [v2:172.21.15.69:3300/0,v1:172.21.15.69:6789/0] conn(0x7f92c807bea0 0x7f92c819be80 secure :-1 s=READY pgs=50 cs=0 l=1 rev1=1 crypto rx=0x7f92c4011980 tx=0x7f92c4011a60 comp rx=0 tx=0).ready entity=mon.0 client_cookie=0 server_cookie=0 in_seq=0 out_seq=0
2023-08-11T14:41:59.366 INFO:teuthology.orchestra.run.smithi069.stdout:/usr/bin/ceph: stderr
2023-08-11T14:41:58.642+0000 7f92bf7fe700 1 -- 172.21.15.69:0/106189253 <== mon.0 v2:172.21.15.69:3300/0 1 ==== mon_map magic: 0 v1 ==== 205+0+0 (secure 0 0 0) 0x7f92c4003a60 con 0x7f92c807bea0
2023-08-11T14:41:59.366 INFO:teuthology.orchestra.run.smithi069.stdout:/usr/bin/ceph: stderr
2023-08-11T14:41:58.642+0000 7f92d0680700 1 -- 172.21.15.69:0/106189253 --> [v2:172.21.15.69:3300/0,v1:172.21.15.69:6789/0] -- mon_subscribe({mgrmap=0+}) v3 -- 0x7f92c819c5c0 con 0x7f92c807bea0
2023-08-11T14:41:59.366 INFO:teuthology.orchestra.run.smithi069.stdout:/usr/bin/ceph: stderr
2023-08-11T14:41:58.642+0000 7f92bf7fe700 1 -- 172.21.15.69:0/106189253 <== mon.0 v2:172.21.15.69:3300/0 2 ==== config(26 keys) v1 ==== 1105+0+0 (secure 0 0 0) 0x7f92c4003bc0 con 0x7f92c807bea0
2023-08-11T14:41:59.366 INFO:teuthology.orchestra.run.smithi069.stdout:/usr/bin/ceph: stderr
2023-08-11T14:41:58.642+0000 7f92bf7fe700 1 -- 172.21.15.69:0/106189253 <== mon.0 v2:172.21.15.69:3300/0 3 ==== mon_map magic: 0 v1 ==== 205+0+0 (secure 0 0 0) 0x7f92c401a670 con 0x7f92c807bea0
2023-08-11T14:41:59.366 INFO:teuthology.orchestra.run.smithi069.stdout:/usr/bin/ceph: stderr
2023-08-11T14:41:58.643+0000 7f92d0680700 1 -- 172.21.15.69:0/106189253 --> [v2:172.21.15.69:3300/0,v1:172.21.15.69:6789/0] -- mon_subscribe({osdmap=0}) v3 -- 0x7f92c819c9e0 con 0x7f92c807bea0
2023-08-11T14:41:59.366 INFO:teuthology.orchestra.run.smithi069.stdout:/usr/bin/ceph: stderr
2023-08-11T14:41:58.644+0000 7f92bf7fe700 1 -- 172.21.15.69:0/106189253 <== mon.0 v2:172.21.15.69:3300/0 4 ==== mgrmap(e 8) v1 ==== 45135+0+0 (secure 0 0 0) 0x7f92c4024440 con 0x7f92c807bea0
2023-08-11T14:41:59.367 INFO:teuthology.orchestra.run.smithi069.stdout:/usr/bin/ceph: stderr
2023-08-11T14:41:58.644+0000 7f92d0680700 1 -- 172.21.15.69:0/106189253 --> [v2:172.21.15.69:3300/0,v1:172.21.15.69:6789/0] -- mon_command({"prefix": "get_command_descriptions"} v 0) v1 -- 0x7f92c8061f50 con 0x7f92c807bea0
2023-08-11T14:41:59.367 INFO:teuthology.orchestra.run.smithi069.stdout:/usr/bin/ceph: stderr
2023-08-11T14:41:58.644+0000 7f92bf7fe700 1 --2- 172.21.15.69:0/106189253 >> [v2:172.21.15.69:6800/3883455384,v1:172.21.15.69:6801/3883455384] conn(0x7f92b4038110 0x7f92b403a5d0 unknown :-1 s=NONE pgs=0 cs=0 l=1 rev1=0 crypto rx=0 tx=0 comp rx=0 tx=0).connect
2023-08-11T14:41:59.367 INFO:teuthology.orchestra.run.smithi069.stdout:/usr/bin/ceph: stderr
2023-08-11T14:41:58.644+0000 7f92bf7fe700 1 -- 172.21.15.69:0/106189253 <== mon.0 v2:172.21.15.69:3300/0 5 ==== osd_map(2..2 src has 1..2) v4 ==== 940+0+0 (secure 0 0 0) 0x7f92c404c120 con 0x7f92c807bea0
2023-08-11T14:41:59.367 INFO:teuthology.orchestra.run.smithi069.stdout:/usr/bin/ceph: stderr
2023-08-11T14:41:58.644+0000 7f92cdc1b700 1 --2- 172.21.15.69:0/106189253 >> [v2:172.21.15.69:6800/3883455384,v1:172.21.15.69:6801/3883455384] conn(0x7f92b4038110 0x7f92b403a5d0 unknown :-1 s=BANNER_CONNECTING pgs=0 cs=0 l=1 rev1=0 crypto rx=0 tx=0 comp rx=0 tx=0)._handle_peer_banner_payload supported=3 required=0
2023-08-11T14:41:59.367 INFO:teuthology.orchestra.run.smithi069.stdout:/usr/bin/ceph: stderr
2023-08-11T14:41:58.645+0000 7f92cdc1b700 1 --2- 172.21.15.69:0/106189253 >> [v2:172.21.15.69:6800/3883455384,v1:172.21.15.69:6801/3883455384] conn(0x7f92b4038110 0x7f92b403a5d0 secure :-1 s=READY pgs=13 cs=0 l=1 rev1=1 crypto rx=0x7f92b8006fd0 tx=0x7f92b8006e40 comp rx=0 tx=0).ready entity=mgr.14120 client_cookie=0 server_cookie=0 in_seq=0 out_seq=0
2023-08-11T14:41:59.367 INFO:teuthology.orchestra.run.smithi069.stdout:/usr/bin/ceph: stderr
2023-08-11T14:41:58.649+0000 7f92bf7fe700 1 -- 172.21.15.69:0/106189253 <== mon.0 v2:172.21.15.69:3300/0 6 ==== mon_command_ack([{"prefix": "get_command_descriptions"}]=0 v0) v1 ==== 72+0+179220 (secure 0 0 0) 0x7f92c407ec30 con 0x7f92c807bea0
2023-08-11T14:41:59.367 INFO:teuthology.orchestra.run.smithi069.stdout:/usr/bin/ceph: stderr
2023-08-11T14:41:58.911+0000 7f92d0680700 1 -- 172.21.15.69:0/106189253 --> [v2:172.21.15.69:6800/3883455384,v1:172.21.15.69:6801/3883455384] -- mgr_command(tid 0: {"prefix": "orch apply", "service_type": "mgr", "unmanaged": true, "target": ["mon-mgr", ""]}) v1 -- 0x7f92c8102a80 con 0x7f92b4038110
2023-08-11T14:41:59.368 INFO:teuthology.orchestra.run.smithi069.stdout:/usr/bin/ceph: stderr
2023-08-11T14:41:58.916+0000 7f92bf7fe700 1 -- 172.21.15.69:0/106189253 <== mgr.14120 v2:172.21.15.69:6800/3883455384 1 ==== mgr_command_reply(tid 0: 0 ) v1 ==== 8+0+24 (secure 0 0 0) 0x7f92c8102a80 con 0x7f92b4038110
2023-08-11T14:41:59.369 INFO:teuthology.orchestra.run.smithi069.stdout:/usr/bin/ceph: stderr
2023-08-11T14:41:58.918+0000 7f92d0680700 1 -- 172.21.15.69:0/106189253 >> [v2:172.21.15.69:6800/3883455384,v1:172.21.15.69:6801/3883455384] conn(0x7f92b4038110 msgr2=0x7f92b403a5d0 secure :-1 s=STATE_CONNECTION_ESTABLISHED l=1).mark_down
2023-08-11T14:41:59.369 INFO:teuthology.orchestra.run.smithi069.stdout:/usr/bin/ceph: stderr
2023-08-11T14:41:58.918+0000 7f92d0680700 1 --2- 172.21.15.69:0/106189253 >> [v2:172.21.15.69:6800/3883455384,v1:172.21.15.69:6801/3883455384] conn(0x7f92b4038110 0x7f92b403a5d0 secure :-1 s=READY pgs=13 cs=0 l=1 rev1=1 crypto rx=0x7f92b8006fd0 tx=0x7f92b8006e40 comp rx=0 tx=0).stop
2023-08-11T14:41:59.369 INFO:teuthology.orchestra.run.smithi069.stdout:/usr/bin/ceph: stderr
2023-08-11T14:41:58.918+0000 7f92d0680700 1 -- 172.21.15.69:0/106189253 >> [v2:172.21.15.69:3300/0,v1:172.21.15.69:6789/0] conn(0x7f92c807bea0 msgr2=0x7f92c819be80 secure :-1 s=STATE_CONNECTION_ESTABLISHED l=1).mark_down
2023-08-11T14:41:59.369 INFO:teuthology.orchestra.run.smithi069.stdout:/usr/bin/ceph: stderr
2023-08-11T14:41:58.918+0000 7f92d0680700 1 --2- 172.21.15.69:0/106189253 >> [v2:172.21.15.69:3300/0,v1:172.21.15.69:6789/0] conn(0x7f92c807bea0 0x7f92c819be80 secure :-1 s=READY pgs=50 cs=0 l=1 rev1=1 crypto rx=0x7f92c4011980 tx=0x7f92c4011a60 comp rx=0 tx=0).stop
2023-08-11T14:41:59.369 INFO:teuthology.orchestra.run.smithi069.stdout:/usr/bin/ceph: stderr
2023-08-11T14:41:58.918+0000 7f92d0680700 1 -- 172.21.15.69:0/106189253 shutdown_connections
2023-08-11T14:41:59.369 INFO:teuthology.orchestra.run.smithi069.stdout:/usr/bin/ceph: stderr
2023-08-11T14:41:58.918+0000 7f92d0680700 1 --2- 172.21.15.69:0/106189253 >> [v2:172.21.15.69:6800/3883455384,v1:172.21.15.69:6801/3883455384] conn(0x7f92b4038110 0x7f92b403a5d0 unknown :-1 s=CLOSED pgs=13 cs=0 l=1 rev1=1 crypto rx=0 tx=0 comp rx=0 tx=0).stop
2023-08-11T14:41:59.369 INFO:teuthology.orchestra.run.smithi069.stdout:/usr/bin/ceph: stderr
2023-08-11T14:41:58.918+0000 7f92d0680700 1 --2- 172.21.15.69:0/106189253 >> [v2:172.21.15.69:3300/0,v1:172.21.15.69:6789/0] conn(0x7f92c807bea0 0x7f92c819be80 unknown :-1 s=CLOSED pgs=50 cs=0 l=1 rev1=1 crypto rx=0 tx=0 comp rx=0 tx=0).stop
2023-08-11T14:41:59.370 INFO:teuthology.orchestra.run.smithi069.stdout:/usr/bin/ceph: stderr
2023-08-11T14:41:58.918+0000 7f92d0680700 1 -- 172.21.15.69:0/106189253 >> 172.21.15.69:0/106189253 conn(0x7f92c81015d0 msgr2=0x7f92c8102370 unknown :-1 s=STATE_NONE l=0).mark_down
2023-08-11T14:41:59.370 INFO:teuthology.orchestra.run.smithi069.stdout:/usr/bin/ceph: stderr
2023-08-11T14:41:58.919+0000 7f92d0680700 1 -- 172.21.15.69:0/106189253 shutdown_connections
2023-08-11T14:41:59.370 INFO:teuthology.orchestra.run.smithi069.stdout:/usr/bin/ceph: stderr
2023-08-11T14:41:58.919+0000 7f92d0680700 1 -- 172.21.15.69:0/106189253 wait complete.
2023-08-11T14:41:59.651 INFO:journalctl@ceph.mon.a.smithi069.stdout:Aug 11 14:41:59 smithi069 ceph-mon[128037]: from='mgr.14120 172.21.15.69:0/2711823848' entity='mgr.x'
2023-08-11T14:41:59.651 INFO:journalctl@ceph.mon.a.smithi069.stdout:Aug 11 14:41:59 smithi069 ceph-mon[128037]: from='client.14144 -' entity='client.admin' cmd=[{"prefix": "orch apply", "service_type": "mgr", "unmanaged": true, "target": ["mon-mgr", ""]}]: dispatch
2023-08-11T14:41:59.652 INFO:journalctl@ceph.mon.a.smithi069.stdout:Aug 11 14:41:59 smithi069 ceph-mon[128037]: Saving service mgr spec with placement count:2
2023-08-11T14:41:59.652 INFO:journalctl@ceph.mon.a.smithi069.stdout:Aug 11 14:41:59 smithi069 ceph-mon[128037]: from='mgr.14120 172.21.15.69:0/2711823848' entity='mgr.x'
2023-08-11T14:41:59.652 INFO:journalctl@ceph.mon.a.smithi069.stdout:Aug 11 14:41:59 smithi069 ceph-mon[128037]: from='mgr.14120 172.21.15.69:0/2711823848' entity='mgr.x'
2023-08-11T14:42:00.543 INFO:teuthology.orchestra.run.smithi069.stdout:/usr/bin/ceph: stderr
2023-08-11T14:41:59.885+0000 7f4ef922e700 1 Processor -- start
2023-08-11T14:42:00.543 INFO:teuthology.orchestra.run.smithi069.stdout:/usr/bin/ceph: stderr
2023-08-11T14:41:59.885+0000 7f4ef922e700 1 -- start start
2023-08-11T14:42:00.543 INFO:teuthology.orchestra.run.smithi069.stdout:/usr/bin/ceph: stderr
2023-08-11T14:41:59.885+0000 7f4ef922e700 1 --2- >> [v2:172.21.15.69:3300/0,v1:172.21.15.69:6789/0] conn(0x7f4ef407bea0 0x7f4ef407a300 unknown :-1 s=NONE pgs=0 cs=0 l=0 rev1=0 crypto rx=0 tx=0 comp rx=0 tx=0).connect
2023-08-11T14:42:00.543 INFO:teuthology.orchestra.run.smithi069.stdout:/usr/bin/ceph: stderr
