2023-08-11T15:37:33.340+0000 7fdb1153e700 1 --2- 172.21.15.32:0/1671584247 >> [v2:172.21.15.32:3300/0,v1:172.21.15.32:6789/0] conn(0x7fdb0c07bea0 0x7fdb0c19c030 secure :-1 s=READY pgs=40 cs=0 l=1 rev1=1 crypto rx=0x7fdb08009130 tx=0x7fdb08011ad0 comp rx=0 tx=0).ready entity=mon.0 client_cookie=0 server_cookie=0 in_seq=0 out_seq=0
2023-08-11T15:37:34.014 INFO:teuthology.orchestra.run.smithi032.stdout:/usr/bin/ceph: stderr
2023-08-11T15:37:33.340+0000 7fdb027fc700 1 -- 172.21.15.32:0/1671584247 <== mon.0 v2:172.21.15.32:3300/0 1 ==== mon_map magic: 0 v1 ==== 205+0+0 (secure 0 0 0) 0x7fdb08003ab0 con 0x7fdb0c07bea0
2023-08-11T15:37:34.014 INFO:teuthology.orchestra.run.smithi032.stdout:/usr/bin/ceph: stderr
2023-08-11T15:37:33.340+0000 7fdb027fc700 1 -- 172.21.15.32:0/1671584247 <== mon.0 v2:172.21.15.32:3300/0 2 ==== config(26 keys) v1 ==== 1074+0+0 (secure 0 0 0) 0x7fdb08003c10 con 0x7fdb0c07bea0
2023-08-11T15:37:34.014 INFO:teuthology.orchestra.run.smithi032.stdout:/usr/bin/ceph: stderr
2023-08-11T15:37:33.340+0000 7fdb027fc700 1 -- 172.21.15.32:0/1671584247 <== mon.0 v2:172.21.15.32:3300/0 3 ==== mon_map magic: 0 v1 ==== 205+0+0 (secure 0 0 0) 0x7fdb080247d0 con 0x7fdb0c07bea0
2023-08-11T15:37:34.014 INFO:teuthology.orchestra.run.smithi032.stdout:/usr/bin/ceph: stderr
2023-08-11T15:37:33.340+0000 7fdb137a2700 1 -- 172.21.15.32:0/1671584247 --> [v2:172.21.15.32:3300/0,v1:172.21.15.32:6789/0] -- mon_subscribe({mgrmap=0+}) v3 -- 0x7fdb0c19c770 con 0x7fdb0c07bea0
2023-08-11T15:37:34.014 INFO:teuthology.orchestra.run.smithi032.stdout:/usr/bin/ceph: stderr
2023-08-11T15:37:33.341+0000 7fdb137a2700 1 -- 172.21.15.32:0/1671584247 --> [v2:172.21.15.32:3300/0,v1:172.21.15.32:6789/0] -- mon_subscribe({osdmap=0}) v3 -- 0x7fdb0c19cb90 con 0x7fdb0c07bea0
2023-08-11T15:37:34.014 INFO:teuthology.orchestra.run.smithi032.stdout:/usr/bin/ceph: stderr
2023-08-11T15:37:33.342+0000 7fdb027fc700 1 -- 172.21.15.32:0/1671584247 <== mon.0 v2:172.21.15.32:3300/0 4 ==== mgrmap(e 8) v1 ==== 45135+0+0 (secure 0 0 0) 0x7fdb0801a430 con 0x7fdb0c07bea0
2023-08-11T15:37:34.014 INFO:teuthology.orchestra.run.smithi032.stdout:/usr/bin/ceph: stderr
2023-08-11T15:37:33.342+0000 7fdb137a2700 1 -- 172.21.15.32:0/1671584247 --> [v2:172.21.15.32:3300/0,v1:172.21.15.32:6789/0] -- mon_command({"prefix": "get_command_descriptions"} v 0) v1 -- 0x7fdb0c196050 con 0x7fdb0c07bea0
2023-08-11T15:37:34.014 INFO:teuthology.orchestra.run.smithi032.stdout:/usr/bin/ceph: stderr
2023-08-11T15:37:33.342+0000 7fdb027fc700 1 --2- 172.21.15.32:0/1671584247 >> [v2:172.21.15.32:6800/4253467068,v1:172.21.15.32:6801/4253467068] conn(0x7fdaf8038160 0x7fdaf803a620 unknown :-1 s=NONE pgs=0 cs=0 l=1 rev1=0 crypto rx=0 tx=0 comp rx=0 tx=0).connect
2023-08-11T15:37:34.015 INFO:teuthology.orchestra.run.smithi032.stdout:/usr/bin/ceph: stderr
2023-08-11T15:37:33.342+0000 7fdb027fc700 1 -- 172.21.15.32:0/1671584247 <== mon.0 v2:172.21.15.32:3300/0 5 ==== osd_map(2..2 src has 1..2) v4 ==== 940+0+0 (secure 0 0 0) 0x7fdb0804c120 con 0x7fdb0c07bea0
2023-08-11T15:37:34.015 INFO:teuthology.orchestra.run.smithi032.stdout:/usr/bin/ceph: stderr
2023-08-11T15:37:33.342+0000 7fdb10d3d700 1 --2- 172.21.15.32:0/1671584247 >> [v2:172.21.15.32:6800/4253467068,v1:172.21.15.32:6801/4253467068] conn(0x7fdaf8038160 0x7fdaf803a620 unknown :-1 s=BANNER_CONNECTING pgs=0 cs=0 l=1 rev1=0 crypto rx=0 tx=0 comp rx=0 tx=0)._handle_peer_banner_payload supported=3 required=0
2023-08-11T15:37:34.015 INFO:teuthology.orchestra.run.smithi032.stdout:/usr/bin/ceph: stderr
2023-08-11T15:37:33.343+0000 7fdb10d3d700 1 --2- 172.21.15.32:0/1671584247 >> [v2:172.21.15.32:6800/4253467068,v1:172.21.15.32:6801/4253467068] conn(0x7fdaf8038160 0x7fdaf803a620 secure :-1 s=READY pgs=10 cs=0 l=1 rev1=1 crypto rx=0x7fdafc006fd0 tx=0x7fdafc006e40 comp rx=0 tx=0).ready entity=mgr.14116 client_cookie=0 server_cookie=0 in_seq=0 out_seq=0
2023-08-11T15:37:34.015 INFO:teuthology.orchestra.run.smithi032.stdout:/usr/bin/ceph: stderr
2023-08-11T15:37:33.348+0000 7fdb027fc700 1 -- 172.21.15.32:0/1671584247 <== mon.0 v2:172.21.15.32:3300/0 6 ==== mon_command_ack([{"prefix": "get_command_descriptions"}]=0 v0) v1 ==== 72+0+179220 (secure 0 0 0) 0x7fdb08018b40 con 0x7fdb0c07bea0
2023-08-11T15:37:34.015 INFO:teuthology.orchestra.run.smithi032.stdout:/usr/bin/ceph: stderr
2023-08-11T15:37:33.560+0000 7fdb137a2700 1 -- 172.21.15.32:0/1671584247 --> [v2:172.21.15.32:6800/4253467068,v1:172.21.15.32:6801/4253467068] -- mgr_command(tid 0: {"prefix": "cephadm get-pub-key", "target": ["mon-mgr", ""]}) v1 -- 0x7fdb0c02cd20 con 0x7fdaf8038160
2023-08-11T15:37:34.015 INFO:teuthology.orchestra.run.smithi032.stdout:/usr/bin/ceph: stderr
2023-08-11T15:37:33.561+0000 7fdb027fc700 1 -- 172.21.15.32:0/1671584247 <== mgr.14116 v2:172.21.15.32:6800/4253467068 1 ==== mgr_command_reply(tid 0: 0 ) v1 ==== 8+0+595 (secure 0 0 0) 0x7fdb0c02cd20 con 0x7fdaf8038160
2023-08-11T15:37:34.015 INFO:teuthology.orchestra.run.smithi032.stdout:/usr/bin/ceph: stderr
2023-08-11T15:37:33.564+0000 7fdb137a2700 1 -- 172.21.15.32:0/1671584247 >> [v2:172.21.15.32:6800/4253467068,v1:172.21.15.32:6801/4253467068] conn(0x7fdaf8038160 msgr2=0x7fdaf803a620 secure :-1 s=STATE_CONNECTION_ESTABLISHED l=1).mark_down
2023-08-11T15:37:34.016 INFO:teuthology.orchestra.run.smithi032.stdout:/usr/bin/ceph: stderr
2023-08-11T15:37:33.564+0000 7fdb137a2700 1 --2- 172.21.15.32:0/1671584247 >> [v2:172.21.15.32:6800/4253467068,v1:172.21.15.32:6801/4253467068] conn(0x7fdaf8038160 0x7fdaf803a620 secure :-1 s=READY pgs=10 cs=0 l=1 rev1=1 crypto rx=0x7fdafc006fd0 tx=0x7fdafc006e40 comp rx=0 tx=0).stop
2023-08-11T15:37:34.016 INFO:teuthology.orchestra.run.smithi032.stdout:/usr/bin/ceph: stderr
2023-08-11T15:37:33.564+0000 7fdb137a2700 1 -- 172.21.15.32:0/1671584247 >> [v2:172.21.15.32:3300/0,v1:172.21.15.32:6789/0] conn(0x7fdb0c07bea0 msgr2=0x7fdb0c19c030 secure :-1 s=STATE_CONNECTION_ESTABLISHED l=1).mark_down
2023-08-11T15:37:34.016 INFO:teuthology.orchestra.run.smithi032.stdout:/usr/bin/ceph: stderr
2023-08-11T15:37:33.564+0000 7fdb137a2700 1 --2- 172.21.15.32:0/1671584247 >> [v2:172.21.15.32:3300/0,v1:172.21.15.32:6789/0] conn(0x7fdb0c07bea0 0x7fdb0c19c030 secure :-1 s=READY pgs=40 cs=0 l=1 rev1=1 crypto rx=0x7fdb08009130 tx=0x7fdb08011ad0 comp rx=0 tx=0).stop
2023-08-11T15:37:34.016 INFO:teuthology.orchestra.run.smithi032.stdout:/usr/bin/ceph: stderr
2023-08-11T15:37:33.564+0000 7fdb137a2700 1 -- 172.21.15.32:0/1671584247 shutdown_connections
2023-08-11T15:37:34.016 INFO:teuthology.orchestra.run.smithi032.stdout:/usr/bin/ceph: stderr
2023-08-11T15:37:33.564+0000 7fdb137a2700 1 --2- 172.21.15.32:0/1671584247 >> [v2:172.21.15.32:6800/4253467068,v1:172.21.15.32:6801/4253467068] conn(0x7fdaf8038160 0x7fdaf803a620 unknown :-1 s=CLOSED pgs=10 cs=0 l=1 rev1=1 crypto rx=0 tx=0 comp rx=0 tx=0).stop
2023-08-11T15:37:34.016 INFO:teuthology.orchestra.run.smithi032.stdout:/usr/bin/ceph: stderr
2023-08-11T15:37:33.564+0000 7fdb137a2700 1 --2- 172.21.15.32:0/1671584247 >> [v2:172.21.15.32:3300/0,v1:172.21.15.32:6789/0] conn(0x7fdb0c07bea0 0x7fdb0c19c030 unknown :-1 s=CLOSED pgs=40 cs=0 l=1 rev1=1 crypto rx=0 tx=0 comp rx=0 tx=0).stop
2023-08-11T15:37:34.016 INFO:teuthology.orchestra.run.smithi032.stdout:/usr/bin/ceph: stderr
2023-08-11T15:37:33.564+0000 7fdb137a2700 1 -- 172.21.15.32:0/1671584247 >> 172.21.15.32:0/1671584247 conn(0x7fdb0c101610 msgr2=0x7fdb0c1039f0 unknown :-1 s=STATE_NONE l=0).mark_down
2023-08-11T15:37:34.017 INFO:teuthology.orchestra.run.smithi032.stdout:/usr/bin/ceph: stderr
2023-08-11T15:37:33.564+0000 7fdb137a2700 1 -- 172.21.15.32:0/1671584247 shutdown_connections
2023-08-11T15:37:34.017 INFO:teuthology.orchestra.run.smithi032.stdout:/usr/bin/ceph: stderr
2023-08-11T15:37:33.564+0000 7fdb137a2700 1 -- 172.21.15.32:0/1671584247 wait complete.
2023-08-11T15:37:34.017 INFO:teuthology.orchestra.run.smithi032.stdout:Wrote public SSH key to /home/ubuntu/cephtest/ceph.pub
2023-08-11T15:37:34.017 INFO:teuthology.orchestra.run.smithi032.stdout:Adding key to root@localhost authorized_keys...
2023-08-11T15:37:34.017 INFO:teuthology.orchestra.run.smithi032.stdout:Adding host smithi032...
2023-08-11T15:37:34.553 INFO:journalctl@ceph.mon.a.smithi032.stdout:Aug 11 15:37:34 smithi032 ceph-mon[97103]: from='client.14134 -' entity='client.admin' cmd=[{"prefix": "cephadm get-pub-key", "target": ["mon-mgr", ""]}]: dispatch
2023-08-11T15:37:35.803 INFO:journalctl@ceph.mon.a.smithi032.stdout:Aug 11 15:37:35 smithi032 ceph-mon[97103]: from='client.14136 -' entity='client.admin' cmd=[{"prefix": "orch host add", "hostname": "smithi032", "addr": "172.21.15.32", "target": ["mon-mgr", ""]}]: dispatch
2023-08-11T15:37:37.053 INFO:journalctl@ceph.mon.a.smithi032.stdout:Aug 11 15:37:36 smithi032 ceph-mon[97103]: Deploying cephadm binary to smithi032
2023-08-11T15:37:38.493 INFO:teuthology.orchestra.run.smithi032.stdout:/usr/bin/ceph: stdout Added host 'smithi032' with addr '172.21.15.32'
2023-08-11T15:37:38.493 INFO:teuthology.orchestra.run.smithi032.stdout:/usr/bin/ceph: stderr
2023-08-11T15:37:34.546+0000 7f5baae10700 1 Processor -- start
2023-08-11T15:37:38.493 INFO:teuthology.orchestra.run.smithi032.stdout:/usr/bin/ceph: stderr
2023-08-11T15:37:34.546+0000 7f5baae10700 1 -- start start
2023-08-11T15:37:38.493 INFO:teuthology.orchestra.run.smithi032.stdout:/usr/bin/ceph: stderr
2023-08-11T15:37:34.546+0000 7f5baae10700 1 --2- >> [v2:172.21.15.32:3300/0,v1:172.21.15.32:6789/0] conn(0x7f5ba407bec0 0x7f5ba407a320 unknown :-1 s=NONE pgs=0 cs=0 l=0 rev1=0 crypto rx=0 tx=0 comp rx=0 tx=0).connect
2023-08-11T15:37:38.494 INFO:teuthology.orchestra.run.smithi032.stdout:/usr/bin/ceph: stderr
2023-08-11T15:37:34.546+0000 7f5baae10700 1 -- --> [v2:172.21.15.32:3300/0,v1:172.21.15.32:6789/0] -- mon_getmap magic: 0 v1 -- 0x7f5ba407a8f0 con 0x7f5ba407bec0
2023-08-11T15:37:38.494 INFO:teuthology.orchestra.run.smithi032.stdout:/usr/bin/ceph: stderr
2023-08-11T15:37:34.547+0000 7f5ba8bac700 1 --2- >> [v2:172.21.15.32:3300/0,v1:172.21.15.32:6789/0] conn(0x7f5ba407bec0 0x7f5ba407a320 unknown :-1 s=BANNER_CONNECTING pgs=0 cs=0 l=0 rev1=0 crypto rx=0 tx=0 comp rx=0 tx=0)._handle_peer_banner_payload supported=3 required=0
2023-08-11T15:37:38.494 INFO:teuthology.orchestra.run.smithi032.stdout:/usr/bin/ceph: stderr
2023-08-11T15:37:34.547+0000 7f5ba8bac700 1 --2- >> [v2:172.21.15.32:3300/0,v1:172.21.15.32:6789/0] conn(0x7f5ba407bec0 0x7f5ba407a320 unknown :-1 s=HELLO_CONNECTING pgs=0 cs=0 l=0 rev1=1 crypto rx=0 tx=0 comp rx=0 tx=0).handle_hello peer v2:172.21.15.32:3300/0 says I am v2:172.21.15.32:48466/0 (socket says 172.21.15.32:48466)
2023-08-11T15:37:38.494 INFO:teuthology.orchestra.run.smithi032.stdout:/usr/bin/ceph: stderr
2023-08-11T15:37:34.547+0000 7f5ba8bac700 1 -- 172.21.15.32:0/738017561 learned_addr learned my addr 172.21.15.32:0/738017561 (peer_addr_for_me v2:172.21.15.32:0/0)
2023-08-11T15:37:38.494 INFO:teuthology.orchestra.run.smithi032.stdout:/usr/bin/ceph: stderr
2023-08-11T15:37:34.547+0000 7f5ba8bac700 1 -- 172.21.15.32:0/738017561 --> [v2:172.21.15.32:3300/0,v1:172.21.15.32:6789/0] -- mon_subscribe({config=0+,monmap=0+}) v3 -- 0x7f5ba407aa30 con 0x7f5ba407bec0
2023-08-11T15:37:38.494 INFO:teuthology.orchestra.run.smithi032.stdout:/usr/bin/ceph: stderr
2023-08-11T15:37:34.547+0000 7f5ba8bac700 1 --2- 172.21.15.32:0/738017561 >> [v2:172.21.15.32:3300/0,v1:172.21.15.32:6789/0] conn(0x7f5ba407bec0 0x7f5ba407a320 secure :-1 s=READY pgs=41 cs=0 l=1 rev1=1 crypto rx=0x7f5b980098a0 tx=0x7f5b98009bb0 comp rx=0 tx=0).ready entity=mon.0 client_cookie=57417133b5d9b522 server_cookie=0 in_seq=0 out_seq=0
2023-08-11T15:37:38.494 INFO:teuthology.orchestra.run.smithi032.stdout:/usr/bin/ceph: stderr
2023-08-11T15:37:34.547+0000 7f5ba37fe700 1 -- 172.21.15.32:0/738017561 <== mon.0 v2:172.21.15.32:3300/0 1 ==== mon_map magic: 0 v1 ==== 205+0+0 (secure 0 0 0) 0x7f5b98004160 con 0x7f5ba407bec0
2023-08-11T15:37:38.495 INFO:teuthology.orchestra.run.smithi032.stdout:/usr/bin/ceph: stderr
2023-08-11T15:37:34.547+0000 7f5ba37fe700 1 -- 172.21.15.32:0/738017561 <== mon.0 v2:172.21.15.32:3300/0 2 ==== config(26 keys) v1 ==== 1074+0+0 (secure 0 0 0) 0x7f5b980042c0 con 0x7f5ba407bec0
2023-08-11T15:37:38.495 INFO:teuthology.orchestra.run.smithi032.stdout:/usr/bin/ceph: stderr
2023-08-11T15:37:34.547+0000 7f5ba37fe700 1 -- 172.21.15.32:0/738017561 <== mon.0 v2:172.21.15.32:3300/0 3 ==== mon_map magic: 0 v1 ==== 205+0+0 (secure 0 0 0) 0x7f5b98011a00 con 0x7f5ba407bec0
2023-08-11T15:37:38.495 INFO:teuthology.orchestra.run.smithi032.stdout:/usr/bin/ceph: stderr
2023-08-11T15:37:34.548+0000 7f5baae10700 1 -- 172.21.15.32:0/738017561 >> [v2:172.21.15.32:3300/0,v1:172.21.15.32:6789/0] conn(0x7f5ba407bec0 msgr2=0x7f5ba407a320 secure :-1 s=STATE_CONNECTION_ESTABLISHED l=1).mark_down
2023-08-11T15:37:38.495 INFO:teuthology.orchestra.run.smithi032.stdout:/usr/bin/ceph: stderr
2023-08-11T15:37:34.548+0000 7f5baae10700 1 --2- 172.21.15.32:0/738017561 >> [v2:172.21.15.32:3300/0,v1:172.21.15.32:6789/0] conn(0x7f5ba407bec0 0x7f5ba407a320 secure :-1 s=READY pgs=41 cs=0 l=1 rev1=1 crypto rx=0x7f5b980098a0 tx=0x7f5b98009bb0 comp rx=0 tx=0).stop
2023-08-11T15:37:38.495 INFO:teuthology.orchestra.run.smithi032.stdout:/usr/bin/ceph: stderr
2023-08-11T15:37:34.548+0000 7f5baae10700 1 -- 172.21.15.32:0/738017561 shutdown_connections
2023-08-11T15:37:38.495 INFO:teuthology.orchestra.run.smithi032.stdout:/usr/bin/ceph: stderr
2023-08-11T15:37:34.548+0000 7f5baae10700 1 --2- 172.21.15.32:0/738017561 >> [v2:172.21.15.32:3300/0,v1:172.21.15.32:6789/0] conn(0x7f5ba407bec0 0x7f5ba407a320 unknown :-1 s=CLOSED pgs=41 cs=0 l=1 rev1=1 crypto rx=0 tx=0 comp rx=0 tx=0).stop
2023-08-11T15:37:38.495 INFO:teuthology.orchestra.run.smithi032.stdout:/usr/bin/ceph: stderr
2023-08-11T15:37:34.548+0000 7f5baae10700 1 -- 172.21.15.32:0/738017561 >> 172.21.15.32:0/738017561 conn(0x7f5ba4101610 msgr2=0x7f5ba4103a50 unknown :-1 s=STATE_NONE l=0).mark_down
2023-08-11T15:37:38.496 INFO:teuthology.orchestra.run.smithi032.stdout:/usr/bin/ceph: stderr
2023-08-11T15:37:34.548+0000 7f5baae10700 1 -- 172.21.15.32:0/738017561 shutdown_connections
2023-08-11T15:37:38.498 INFO:teuthology.orchestra.run.smithi032.stdout:/usr/bin/ceph: stderr
2023-08-11T15:37:34.548+0000 7f5baae10700 1 -- 172.21.15.32:0/738017561 wait complete.
2023-08-11T15:37:38.498 INFO:teuthology.orchestra.run.smithi032.stdout:/usr/bin/ceph: stderr
2023-08-11T15:37:34.549+0000 7f5baae10700 1 Processor -- start
2023-08-11T15:37:38.499 INFO:teuthology.orchestra.run.smithi032.stdout:/usr/bin/ceph: stderr
2023-08-11T15:37:34.550+0000 7f5baae10700 1 -- start start
2023-08-11T15:37:38.499 INFO:teuthology.orchestra.run.smithi032.stdout:/usr/bin/ceph: stderr
2023-08-11T15:37:34.550+0000 7f5baae10700 1 --2- >> [v2:172.21.15.32:3300/0,v1:172.21.15.32:6789/0] conn(0x7f5ba407bec0 0x7f5ba419c000 unknown :-1 s=NONE pgs=0 cs=0 l=1 rev1=0 crypto rx=0 tx=0 comp rx=0 tx=0).connect
2023-08-11T15:37:38.499 INFO:teuthology.orchestra.run.smithi032.stdout:/usr/bin/ceph: stderr
2023-08-11T15:37:34.550+0000 7f5baae10700 1 -- --> [v2:172.21.15.32:3300/0,v1:172.21.15.32:6789/0] -- mon_getmap magic: 0 v1 -- 0x7f5ba419c540 con 0x7f5ba407bec0
2023-08-11T15:37:38.499 INFO:teuthology.orchestra.run.smithi032.stdout:/usr/bin/ceph: stderr
2023-08-11T15:37:34.550+0000 7f5ba8bac700 1 --2- >> [v2:172.21.15.32:3300/0,v1:172.21.15.32:6789/0] conn(0x7f5ba407bec0 0x7f5ba419c000 unknown :-1 s=BANNER_CONNECTING pgs=0 cs=0 l=1 rev1=0 crypto rx=0 tx=0 comp rx=0 tx=0)._handle_peer_banner_payload supported=3 required=0
2023-08-11T15:37:38.499 INFO:teuthology.orchestra.run.smithi032.stdout:/usr/bin/ceph: stderr
2023-08-11T15:37:34.550+0000 7f5ba8bac700 1 --2- >> [v2:172.21.15.32:3300/0,v1:172.21.15.32:6789/0] conn(0x7f5ba407bec0 0x7f5ba419c000 unknown :-1 s=HELLO_CONNECTING pgs=0 cs=0 l=1 rev1=1 crypto rx=0 tx=0 comp rx=0 tx=0).handle_hello peer v2:172.21.15.32:3300/0 says I am v2:172.21.15.32:48482/0 (socket says 172.21.15.32:48482)
2023-08-11T15:37:38.499 INFO:teuthology.orchestra.run.smithi032.stdout:/usr/bin/ceph: stderr
2023-08-11T15:37:34.550+0000 7f5ba8bac700 1 -- 172.21.15.32:0/353367771 learned_addr learned my addr 172.21.15.32:0/353367771 (peer_addr_for_me v2:172.21.15.32:0/0)
2023-08-11T15:37:38.499 INFO:teuthology.orchestra.run.smithi032.stdout:/usr/bin/ceph: stderr
2023-08-11T15:37:34.550+0000 7f5ba8bac700 1 -- 172.21.15.32:0/353367771 --> [v2:172.21.15.32:3300/0,v1:172.21.15.32:6789/0] -- mon_subscribe({config=0+,monmap=0+}) v3 -- 0x7f5b98009550 con 0x7f5ba407bec0
2023-08-11T15:37:38.500 INFO:teuthology.orchestra.run.smithi032.stdout:/usr/bin/ceph: stderr
2023-08-11T15:37:34.551+0000 7f5ba8bac700 1 --2- 172.21.15.32:0/353367771 >> [v2:172.21.15.32:3300/0,v1:172.21.15.32:6789/0] conn(0x7f5ba407bec0 0x7f5ba419c000 secure :-1 s=READY pgs=42 cs=0 l=1 rev1=1 crypto rx=0x7f5b98009fb0 tx=0x7f5b98011ad0 comp rx=0 tx=0).ready entity=mon.0 client_cookie=0 server_cookie=0 in_seq=0 out_seq=0
2023-08-11T15:37:38.500 INFO:teuthology.orchestra.run.smithi032.stdout:/usr/bin/ceph: stderr
2023-08-11T15:37:34.551+0000 7f5ba1ffb700 1 -- 172.21.15.32:0/353367771 <== mon.0 v2:172.21.15.32:3300/0 1 ==== mon_map magic: 0 v1 ==== 205+0+0 (secure 0 0 0) 0x7f5b98003a40 con 0x7f5ba407bec0
2023-08-11T15:37:38.500 INFO:teuthology.orchestra.run.smithi032.stdout:/usr/bin/ceph: stderr
2023-08-11T15:37:34.551+0000 7f5ba1ffb700 1 -- 172.21.15.32:0/353367771 <== mon.0 v2:172.21.15.32:3300/0 2 ==== config(26 keys) v1 ==== 1074+0+0 (secure 0 0 0) 0x7f5b98003ba0 con 0x7f5ba407bec0
2023-08-11T15:37:38.500 INFO:teuthology.orchestra.run.smithi032.stdout:/usr/bin/ceph: stderr
2023-08-11T15:37:34.551+0000 7f5ba1ffb700 1 -- 172.21.15.32:0/353367771 <== mon.0 v2:172.21.15.32:3300/0 3 ==== mon_map magic: 0 v1 ==== 205+0+0 (secure 0 0 0) 0x7f5b9801a750 con 0x7f5ba407bec0
2023-08-11T15:37:38.500 INFO:teuthology.orchestra.run.smithi032.stdout:/usr/bin/ceph: stderr
2023-08-11T15:37:34.551+0000 7f5baae10700 1 -- 172.21.15.32:0/353367771 --> [v2:172.21.15.32:3300/0,v1:172.21.15.32:6789/0] -- mon_subscribe({mgrmap=0+}) v3 -- 0x7f5ba419c740 con 0x7f5ba407bec0
2023-08-11T15:37:38.500 INFO:teuthology.orchestra.run.smithi032.stdout:/usr/bin/ceph: stderr
2023-08-11T15:37:34.551+0000 7f5baae10700 1 -- 172.21.15.32:0/353367771 --> [v2:172.21.15.32:3300/0,v1:172.21.15.32:6789/0] -- mon_subscribe({osdmap=0}) v3 -- 0x7f5ba419cb60 con 0x7f5ba407bec0
2023-08-11T15:37:38.500 INFO:teuthology.orchestra.run.smithi032.stdout:/usr/bin/ceph: stderr
2023-08-11T15:37:34.552+0000 7f5ba1ffb700 1 -- 172.21.15.32:0/353367771 <== mon.0 v2:172.21.15.32:3300/0 4 ==== mgrmap(e 8) v1 ==== 45135+0+0 (secure 0 0 0) 0x7f5b98024b60 con 0x7f5ba407bec0
2023-08-11T15:37:38.501 INFO:teuthology.orchestra.run.smithi032.stdout:/usr/bin/ceph: stderr
2023-08-11T15:37:34.552+0000 7f5baae10700 1 -- 172.21.15.32:0/353367771 --> [v2:172.21.15.32:3300/0,v1:172.21.15.32:6789/0] -- mon_command({"prefix": "get_command_descriptions"} v 0) v1 -- 0x7f5ba4196050 con 0x7f5ba407bec0
2023-08-11T15:37:38.501 INFO:teuthology.orchestra.run.smithi032.stdout:/usr/bin/ceph: stderr
2023-08-11T15:37:34.553+0000 7f5ba1ffb700 1 --2- 172.21.15.32:0/353367771 >> [v2:172.21.15.32:6800/4253467068,v1:172.21.15.32:6801/4253467068] conn(0x7f5b94038160 0x7f5b9403a620 unknown :-1 s=NONE pgs=0 cs=0 l=1 rev1=0 crypto rx=0 tx=0 comp rx=0 tx=0).connect
2023-08-11T15:37:38.501 INFO:teuthology.orchestra.run.smithi032.stdout:/usr/bin/ceph: stderr
2023-08-11T15:37:34.553+0000 7f5ba1ffb700 1 -- 172.21.15.32:0/353367771 <== mon.0 v2:172.21.15.32:3300/0 5 ==== osd_map(2..2 src has 1..2) v4 ==== 940+0+0 (secure 0 0 0) 0x7f5b9804bfc0 con 0x7f5ba407bec0
2023-08-11T15:37:38.501 INFO:teuthology.orchestra.run.smithi032.stdout:/usr/bin/ceph: stderr
2023-08-11T15:37:34.553+0000 7f5ba3fff700 1 --2- 172.21.15.32:0/353367771 >> [v2:172.21.15.32:6800/4253467068,v1:172.21.15.32:6801/4253467068] conn(0x7f5b94038160 0x7f5b9403a620 unknown :-1 s=BANNER_CONNECTING pgs=0 cs=0 l=1 rev1=0 crypto rx=0 tx=0 comp rx=0 tx=0)._handle_peer_banner_payload supported=3 required=0
2023-08-11T15:37:38.501 INFO:teuthology.orchestra.run.smithi032.stdout:/usr/bin/ceph: stderr
2023-08-11T15:37:34.553+0000 7f5ba3fff700 1 --2- 172.21.15.32:0/353367771 >> [v2:172.21.15.32:6800/4253467068,v1:172.21.15.32:6801/4253467068] conn(0x7f5b94038160 0x7f5b9403a620 secure :-1 s=READY pgs=11 cs=0 l=1 rev1=1 crypto rx=0x7f5b90006fd0 tx=0x7f5b90006e40 comp rx=0 tx=0).ready entity=mgr.14116 client_cookie=0 server_cookie=0 in_seq=0 out_seq=0
2023-08-11T15:37:38.501 INFO:teuthology.orchestra.run.smithi032.stdout:/usr/bin/ceph: stderr
2023-08-11T15:37:34.558+0000 7f5ba1ffb700 1 -- 172.21.15.32:0/353367771 <== mon.0 v2:172.21.15.32:3300/0 6 ==== mon_command_ack([{"prefix": "get_command_descriptions"}]=0 v0) v1 ==== 72+0+179220 (secure 0 0 0) 0x7f5b98024430 con 0x7f5ba407bec0
2023-08-11T15:37:38.502 INFO:teuthology.orchestra.run.smithi032.stdout:/usr/bin/ceph: stderr
2023-08-11T15:37:34.770+0000 7f5baae10700 1 -- 172.21.15.32:0/353367771 --> [v2:172.21.15.32:6800/4253467068,v1:172.21.15.32:6801/4253467068] -- mgr_command(tid 0: {"prefix": "orch host add", "hostname": "smithi032", "addr": "172.21.15.32", "target": ["mon-mgr", ""]}) v1 -- 0x7f5ba402cd20 con 0x7f5b94038160
2023-08-11T15:37:38.502 INFO:teuthology.orchestra.run.smithi032.stdout:/usr/bin/ceph: stderr
2023-08-11T15:37:38.043+0000 7f5ba1ffb700 1 -- 172.21.15.32:0/353367771 <== mgr.14116 v2:172.21.15.32:6800/4253467068 1 ==== mgr_command_reply(tid 0: 0 ) v1 ==== 8+0+48 (secure 0 0 0) 0x7f5ba402cd20 con 0x7f5b94038160
2023-08-11T15:37:38.502 INFO:teuthology.orchestra.run.smithi032.stdout:/usr/bin/ceph: stderr
2023-08-11T15:37:38.046+0000 7f5baae10700 1 -- 172.21.15.32:0/353367771 >> [v2:172.21.15.32:6800/4253467068,v1:172.21.15.32:6801/4253467068] conn(0x7f5b94038160 msgr2=0x7f5b9403a620 secure :-1 s=STATE_CONNECTION_ESTABLISHED l=1).mark_down
2023-08-11T15:37:38.502 INFO:teuthology.orchestra.run.smithi032.stdout:/usr/bin/ceph: stderr
2023-08-11T15:37:38.046+0000 7f5baae10700 1 --2- 172.21.15.32:0/353367771 >> [v2:172.21.15.32:6800/4253467068,v1:172.21.15.32:6801/4253467068] conn(0x7f5b94038160 0x7f5b9403a620 secure :-1 s=READY pgs=11 cs=0 l=1 rev1=1 crypto rx=0x7f5b90006fd0 tx=0x7f5b90006e40 comp rx=0 tx=0).stop
2023-08-11T15:37:38.502 INFO:teuthology.orchestra.run.smithi032.stdout:/usr/bin/ceph: stderr
2023-08-11T15:37:38.046+0000 7f5baae10700 1 -- 172.21.15.32:0/353367771 >> [v2:172.21.15.32:3300/0,v1:172.21.15.32:6789/0] conn(0x7f5ba407bec0 msgr2=0x7f5ba419c000 secure :-1 s=STATE_CONNECTION_ESTABLISHED l=1).mark_down
2023-08-11T15:37:38.502 INFO:teuthology.orchestra.run.smithi032.stdout:/usr/bin/ceph: stderr
2023-08-11T15:37:38.046+0000 7f5baae10700 1 --2- 172.21.15.32:0/353367771 >> [v2:172.21.15.32:3300/0,v1:172.21.15.32:6789/0] conn(0x7f5ba407bec0 0x7f5ba419c000 secure :-1 s=READY pgs=42 cs=0 l=1 rev1=1 crypto rx=0x7f5b98009fb0 tx=0x7f5b98011ad0 comp rx=0 tx=0).stop
2023-08-11T15:37:38.502 INFO:teuthology.orchestra.run.smithi032.stdout:/usr/bin/ceph: stderr
2023-08-11T15:37:38.046+0000 7f5baae10700 1 -- 172.21.15.32:0/353367771 shutdown_connections
2023-08-11T15:37:38.502 INFO:teuthology.orchestra.run.smithi032.stdout:/usr/bin/ceph: stderr
2023-08-11T15:37:38.046+0000 7f5baae10700 1 --2- 172.21.15.32:0/353367771 >> [v2:172.21.15.32:6800/4253467068,v1:172.21.15.32:6801/4253467068] conn(0x7f5b94038160 0x7f5b9403a620 unknown :-1 s=CLOSED pgs=11 cs=0 l=1 rev1=1 crypto rx=0 tx=0 comp rx=0 tx=0).stop
2023-08-11T15:37:38.503 INFO:teuthology.orchestra.run.smithi032.stdout:/usr/bin/ceph: stderr
2023-08-11T15:37:38.046+0000 7f5baae10700 1 --2- 172.21.15.32:0/353367771 >> [v2:172.21.15.32:3300/0,v1:172.21.15.32:6789/0] conn(0x7f5ba407bec0 0x7f5ba419c000 unknown :-1 s=CLOSED pgs=42 cs=0 l=1 rev1=1 crypto rx=0 tx=0 comp rx=0 tx=0).stop
2023-08-11T15:37:38.503 INFO:teuthology.orchestra.run.smithi032.stdout:/usr/bin/ceph: stderr
2023-08-11T15:37:38.046+0000 7f5baae10700 1 -- 172.21.15.32:0/353367771 >> 172.21.15.32:0/353367771 conn(0x7f5ba4101610 msgr2=0x7f5ba4102d50 unknown :-1 s=STATE_NONE l=0).mark_down
2023-08-11T15:37:38.503 INFO:teuthology.orchestra.run.smithi032.stdout:/usr/bin/ceph: stderr
2023-08-11T15:37:38.047+0000 7f5baae10700 1 -- 172.21.15.32:0/353367771 shutdown_connections
2023-08-11T15:37:38.503 INFO:teuthology.orchestra.run.smithi032.stdout:/usr/bin/ceph: stderr
2023-08-11T15:37:38.047+0000 7f5baae10700 1 -- 172.21.15.32:0/353367771 wait complete.
2023-08-11T15:37:38.503 INFO:teuthology.orchestra.run.smithi032.stdout:Deploying unmanaged mon service...
2023-08-11T15:37:39.303 INFO:journalctl@ceph.mon.a.smithi032.stdout:Aug 11 15:37:39 smithi032 ceph-mon[97103]: from='mgr.14116 172.21.15.32:0/650097128' entity='mgr.x'
2023-08-11T15:37:39.303 INFO:journalctl@ceph.mon.a.smithi032.stdout:Aug 11 15:37:39 smithi032 ceph-mon[97103]: Added host smithi032
2023-08-11T15:37:39.303 INFO:journalctl@ceph.mon.a.smithi032.stdout:Aug 11 15:37:39 smithi032 ceph-mon[97103]: from='mgr.14116 172.21.15.32:0/650097128' entity='mgr.x' cmd=[{"prefix": "config dump", "format": "json"}]: dispatch
2023-08-11T15:37:39.695 INFO:teuthology.orchestra.run.smithi032.stdout:/usr/bin/ceph: stdout Scheduled mon update...
2023-08-11T15:37:39.696 INFO:teuthology.orchestra.run.smithi032.stdout:/usr/bin/ceph: stderr
2023-08-11T15:37:39.040+0000 7f3ec41dd700 1 Processor -- start
2023-08-11T15:37:39.696 INFO:teuthology.orchestra.run.smithi032.stdout:/usr/bin/ceph: stderr
2023-08-11T15:37:39.041+0000 7f3ec41dd700 1 -- start start
2023-08-11T15:37:39.696 INFO:teuthology.orchestra.run.smithi032.stdout:/usr/bin/ceph: stderr
2023-08-11T15:37:39.041+0000 7f3ec41dd700 1 --2- >> [v2:172.21.15.32:3300/0,v1:172.21.15.32:6789/0] conn(0x7f3ebc104f70 0x7f3ebc105390 unknown :-1 s=NONE pgs=0 cs=0 l=0 rev1=0 crypto rx=0 tx=0 comp rx=0 tx=0).connect
2023-08-11T15:37:39.697 INFO:teuthology.orchestra.run.smithi032.stdout:/usr/bin/ceph: stderr
2023-08-11T15:37:39.041+0000 7f3ec41dd700 1 -- --> [v2:172.21.15.32:3300/0,v1:172.21.15.32:6789/0] -- mon_getmap magic: 0 v1 -- 0x7f3ebc105960 con 0x7f3ebc104f70
2023-08-11T15:37:39.697 INFO:teuthology.orchestra.run.smithi032.stdout:/usr/bin/ceph: stderr
2023-08-11T15:37:39.042+0000 7f3ec1f79700 1 --2- >> [v2:172.21.15.32:3300/0,v1:172.21.15.32:6789/0] conn(0x7f3ebc104f70 0x7f3ebc105390 unknown :-1 s=BANNER_CONNECTING pgs=0 cs=0 l=0 rev1=0 crypto rx=0 tx=0 comp rx=0 tx=0)._handle_peer_banner_payload supported=3 required=0
2023-08-11T15:37:39.697 INFO:teuthology.orchestra.run.smithi032.stdout:/usr/bin/ceph: stderr
2023-08-11T15:37:39.042+0000 7f3ec1f79700 1 --2- >> [v2:172.21.15.32:3300/0,v1:172.21.15.32:6789/0] conn(0x7f3ebc104f70 0x7f3ebc105390 unknown :-1 s=HELLO_CONNECTING pgs=0 cs=0 l=0 rev1=1 crypto rx=0 tx=0 comp rx=0 tx=0).handle_hello peer v2:172.21.15.32:3300/0 says I am v2:172.21.15.32:48484/0 (socket says 172.21.15.32:48484)
2023-08-11T15:37:39.697 INFO:teuthology.orchestra.run.smithi032.stdout:/usr/bin/ceph: stderr
2023-08-11T15:37:39.042+0000 7f3ec1f79700 1 -- 172.21.15.32:0/677543006 learned_addr learned my addr 172.21.15.32:0/677543006 (peer_addr_for_me v2:172.21.15.32:0/0)
2023-08-11T15:37:39.697 INFO:teuthology.orchestra.run.smithi032.stdout:/usr/bin/ceph: stderr
2023-08-11T15:37:39.042+0000 7f3ec1f79700 1 -- 172.21.15.32:0/677543006 --> [v2:172.21.15.32:3300/0,v1:172.21.15.32:6789/0] -- mon_subscribe({config=0+,monmap=0+}) v3 -- 0x7f3ebc106170 con 0x7f3ebc104f70
2023-08-11T15:37:39.697 INFO:teuthology.orchestra.run.smithi032.stdout:/usr/bin/ceph: stderr
2023-08-11T15:37:39.042+0000 7f3ec1f79700 1 --2- 172.21.15.32:0/677543006 >> [v2:172.21.15.32:3300/0,v1:172.21.15.32:6789/0] conn(0x7f3ebc104f70 0x7f3ebc105390 secure :-1 s=READY pgs=43 cs=0 l=1 rev1=1 crypto rx=0x7f3eb800bb40 tx=0x7f3eb800be50 comp rx=0 tx=0).ready entity=mon.0 client_cookie=7b59106d3b288eec server_cookie=0 in_seq=0 out_seq=0
2023-08-11T15:37:39.697 INFO:teuthology.orchestra.run.smithi032.stdout:/usr/bin/ceph: stderr
2023-08-11T15:37:39.046+0000 7f3ec0f77700 1 -- 172.21.15.32:0/677543006 <== mon.0 v2:172.21.15.32:3300/0 1 ==== mon_map magic: 0 v1 ==== 205+0+0 (secure 0 0 0) 0x7f3eb800dbe0 con 0x7f3ebc104f70
2023-08-11T15:37:39.698 INFO:teuthology.orchestra.run.smithi032.stdout:/usr/bin/ceph: stderr
2023-08-11T15:37:39.046+0000 7f3ec0f77700 1 -- 172.21.15.32:0/677543006 <== mon.0 v2:172.21.15.32:3300/0 2 ==== config(26 keys) v1 ==== 1074+0+0 (secure 0 0 0) 0x7f3eb80044d0 con 0x7f3ebc104f70
2023-08-11T15:37:39.698 INFO:teuthology.orchestra.run.smithi032.stdout:/usr/bin/ceph: stderr
2023-08-11T15:37:39.046+0000 7f3ec0f77700 1 -- 172.21.15.32:0/677543006 <== mon.0 v2:172.21.15.32:3300/0 3 ==== mon_map magic: 0 v1 ==== 205+0+0 (secure 0 0 0) 0x7f3eb8010470 con 0x7f3ebc104f70
2023-08-11T15:37:39.698 INFO:teuthology.orchestra.run.smithi032.stdout:/usr/bin/ceph: stderr
2023-08-11T15:37:39.046+0000 7f3ec41dd700 1 -- 172.21.15.32:0/677543006 >> [v2:172.21.15.32:3300/0,v1:172.21.15.32:6789/0] conn(0x7f3ebc104f70 msgr2=0x7f3ebc105390 secure :-1 s=STATE_CONNECTION_ESTABLISHED l=1).mark_down
2023-08-11T15:37:39.698 INFO:teuthology.orchestra.run.smithi032.stdout:/usr/bin/ceph: stderr
2023-08-11T15:37:39.046+0000 7f3ec41dd700 1 --2- 172.21.15.32:0/677543006 >> [v2:172.21.15.32:3300/0,v1:172.21.15.32:6789/0] conn(0x7f3ebc104f70 0x7f3ebc105390 secure :-1 s=READY pgs=43 cs=0 l=1 rev1=1 crypto rx=0x7f3eb800bb40 tx=0x7f3eb800be50 comp rx=0 tx=0).stop
2023-08-11T15:37:39.698 INFO:teuthology.orchestra.run.smithi032.stdout:/usr/bin/ceph: stderr
2023-08-11T15:37:39.046+0000 7f3ec41dd700 1 -- 172.21.15.32:0/677543006 shutdown_connections
2023-08-11T15:37:39.698 INFO:teuthology.orchestra.run.smithi032.stdout:/usr/bin/ceph: stderr
2023-08-11T15:37:39.046+0000 7f3ec41dd700 1 --2- 172.21.15.32:0/677543006 >> [v2:172.21.15.32:3300/0,v1:172.21.15.32:6789/0] conn(0x7f3ebc104f70 0x7f3ebc105390 unknown :-1 s=CLOSED pgs=43 cs=0 l=1 rev1=1 crypto rx=0 tx=0 comp rx=0 tx=0).stop
2023-08-11T15:37:39.698 INFO:teuthology.orchestra.run.smithi032.stdout:/usr/bin/ceph: stderr
2023-08-11T15:37:39.046+0000 7f3ec41dd700 1 -- 172.21.15.32:0/677543006 >> 172.21.15.32:0/677543006 conn(0x7f3ebc100510 msgr2=0x7f3ebc102950 unknown :-1 s=STATE_NONE l=0).mark_down
2023-08-11T15:37:39.698 INFO:teuthology.orchestra.run.smithi032.stdout:/usr/bin/ceph: stderr
2023-08-11T15:37:39.046+0000 7f3ec41dd700 1 -- 172.21.15.32:0/677543006 shutdown_connections
2023-08-11T15:37:39.699 INFO:teuthology.orchestra.run.smithi032.stdout:/usr/bin/ceph: stderr
2023-08-11T15:37:39.047+0000 7f3ec41dd700 1 -- 172.21.15.32:0/677543006 wait complete.
2023-08-11T15:37:39.699 INFO:teuthology.orchestra.run.smithi032.stdout:/usr/bin/ceph: stderr
2023-08-11T15:37:39.048+0000 7f3ec41dd700 1 Processor -- start
2023-08-11T15:37:39.699 INFO:teuthology.orchestra.run.smithi032.stdout:/usr/bin/ceph: stderr
2023-08-11T15:37:39.048+0000 7f3ec41dd700 1 -- start start
2023-08-11T15:37:39.699 INFO:teuthology.orchestra.run.smithi032.stdout:/usr/bin/ceph: stderr
2023-08-11T15:37:39.048+0000 7f3ec41dd700 1 --2- >> [v2:172.21.15.32:3300/0,v1:172.21.15.32:6789/0] conn(0x7f3ebc104f70 0x7f3ebc19c030 unknown :-1 s=NONE pgs=0 cs=0 l=1 rev1=0 crypto rx=0 tx=0 comp rx=0 tx=0).connect
2023-08-11T15:37:39.699 INFO:teuthology.orchestra.run.smithi032.stdout:/usr/bin/ceph: stderr
2023-08-11T15:37:39.048+0000 7f3ec41dd700 1 -- --> [v2:172.21.15.32:3300/0,v1:172.21.15.32:6789/0] -- mon_getmap magic: 0 v1 -- 0x7f3ebc19c570 con 0x7f3ebc104f70
2023-08-11T15:37:39.699 INFO:teuthology.orchestra.run.smithi032.stdout:/usr/bin/ceph: stderr
2023-08-11T15:37:39.048+0000 7f3ec1f79700 1 --2- >> [v2:172.21.15.32:3300/0,v1:172.21.15.32:6789/0] conn(0x7f3ebc104f70 0x7f3ebc19c030 unknown :-1 s=BANNER_CONNECTING pgs=0 cs=0 l=1 rev1=0 crypto rx=0 tx=0 comp rx=0 tx=0)._handle_peer_banner_payload supported=3 required=0
2023-08-11T15:37:39.699 INFO:teuthology.orchestra.run.smithi032.stdout:/usr/bin/ceph: stderr
2023-08-11T15:37:39.048+0000 7f3ec1f79700 1 --2- >> [v2:172.21.15.32:3300/0,v1:172.21.15.32:6789/0] conn(0x7f3ebc104f70 0x7f3ebc19c030 unknown :-1 s=HELLO_CONNECTING pgs=0 cs=0 l=1 rev1=1 crypto rx=0 tx=0 comp rx=0 tx=0).handle_hello peer v2:172.21.15.32:3300/0 says I am v2:172.21.15.32:48498/0 (socket says 172.21.15.32:48498)
2023-08-11T15:37:39.700 INFO:teuthology.orchestra.run.smithi032.stdout:/usr/bin/ceph: stderr
2023-08-11T15:37:39.048+0000 7f3ec1f79700 1 -- 172.21.15.32:0/2591764572 learned_addr learned my addr 172.21.15.32:0/2591764572 (peer_addr_for_me v2:172.21.15.32:0/0)
2023-08-11T15:37:39.700 INFO:teuthology.orchestra.run.smithi032.stdout:/usr/bin/ceph: stderr
2023-08-11T15:37:39.049+0000 7f3ec1f79700 1 -- 172.21.15.32:0/2591764572 --> [v2:172.21.15.32:3300/0,v1:172.21.15.32:6789/0] -- mon_subscribe({config=0+,monmap=0+}) v3 -- 0x7f3eb800b7f0 con 0x7f3ebc104f70
2023-08-11T15:37:39.700 INFO:teuthology.orchestra.run.smithi032.stdout:/usr/bin/ceph: stderr
2023-08-11T15:37:39.049+0000 7f3ec1f79700 1 --2- 172.21.15.32:0/2591764572 >> [v2:172.21.15.32:3300/0,v1:172.21.15.32:6789/0] conn(0x7f3ebc104f70 0x7f3ebc19c030 secure :-1 s=READY pgs=44 cs=0 l=1 rev1=1 crypto rx=0x7f3eb800d650 tx=0x7f3eb8003df0 comp rx=0 tx=0).ready entity=mon.0 client_cookie=0 server_cookie=0 in_seq=0 out_seq=0
2023-08-11T15:37:39.700 INFO:teuthology.orchestra.run.smithi032.stdout:/usr/bin/ceph: stderr
2023-08-11T15:37:39.049+0000 7f3eb2ffd700 1 -- 172.21.15.32:0/2591764572 <== mon.0 v2:172.21.15.32:3300/0 1 ==== mon_map magic: 0 v1 ==== 205+0+0 (secure 0 0 0) 0x7f3eb80042e0 con 0x7f3ebc104f70
2023-08-11T15:37:39.700 INFO:teuthology.orchestra.run.smithi032.stdout:/usr/bin/ceph: stderr
2023-08-11T15:37:39.049+0000 7f3eb2ffd700 1 -- 172.21.15.32:0/2591764572 <== mon.0 v2:172.21.15.32:3300/0 2 ==== config(26 keys) v1 ==== 1074+0+0 (secure 0 0 0) 0x7f3eb8010bd0 con 0x7f3ebc104f70
2023-08-11T15:37:39.700 INFO:teuthology.orchestra.run.smithi032.stdout:/usr/bin/ceph: stderr
2023-08-11T15:37:39.049+0000 7f3eb2ffd700 1 -- 172.21.15.32:0/2591764572 <== mon.0 v2:172.21.15.32:3300/0 3 ==== mon_map magic: 0 v1 ==== 205+0+0 (secure 0 0 0) 0x7f3eb8019c30 con 0x7f3ebc104f70
2023-08-11T15:37:39.700 INFO:teuthology.orchestra.run.smithi032.stdout:/usr/bin/ceph: stderr
2023-08-11T15:37:39.049+0000 7f3ec41dd700 1 -- 172.21.15.32:0/2591764572 --> [v2:172.21.15.32:3300/0,v1:172.21.15.32:6789/0] -- mon_subscribe({mgrmap=0+}) v3 -- 0x7f3ebc19c770 con 0x7f3ebc104f70
2023-08-11T15:37:39.700 INFO:teuthology.orchestra.run.smithi032.stdout:/usr/bin/ceph: stderr
2023-08-11T15:37:39.049+0000 7f3ec41dd700 1 -- 172.21.15.32:0/2591764572 --> [v2:172.21.15.32:3300/0,v1:172.21.15.32:6789/0] -- mon_subscribe({osdmap=0}) v3 -- 0x7f3ebc19cb30 con 0x7f3ebc104f70
2023-08-11T15:37:39.701 INFO:teuthology.orchestra.run.smithi032.stdout:/usr/bin/ceph: stderr
2023-08-11T15:37:39.051+0000 7f3eb2ffd700 1 -- 172.21.15.32:0/2591764572 <== mon.0 v2:172.21.15.32:3300/0 4 ==== mgrmap(e 8) v1 ==== 45135+0+0 (secure 0 0 0) 0x7f3eb8010730 con 0x7f3ebc104f70
2023-08-11T15:37:39.701 INFO:teuthology.orchestra.run.smithi032.stdout:/usr/bin/ceph: stderr
2023-08-11T15:37:39.051+0000 7f3ec41dd700 1 -- 172.21.15.32:0/2591764572 --> [v2:172.21.15.32:3300/0,v1:172.21.15.32:6789/0] -- mon_command({"prefix": "get_command_descriptions"} v 0) v1 -- 0x7f3ebc195c10 con 0x7f3ebc104f70
2023-08-11T15:37:39.701 INFO:teuthology.orchestra.run.smithi032.stdout:/usr/bin/ceph: stderr
2023-08-11T15:37:39.051+0000 7f3eb2ffd700 1 --2- 172.21.15.32:0/2591764572 >> [v2:172.21.15.32:6800/4253467068,v1:172.21.15.32:6801/4253467068] conn(0x7f3ea8038110 0x7f3ea803a5d0 unknown :-1 s=NONE pgs=0 cs=0 l=1 rev1=0 crypto rx=0 tx=0 comp rx=0 tx=0).connect
2023-08-11T15:37:39.701 INFO:teuthology.orchestra.run.smithi032.stdout:/usr/bin/ceph: stderr
2023-08-11T15:37:39.051+0000 7f3eb2ffd700 1 -- 172.21.15.32:0/2591764572 <== mon.0 v2:172.21.15.32:3300/0 5 ==== osd_map(2..2 src has 1..2) v4 ==== 940+0+0 (secure 0 0 0) 0x7f3eb804c1e0 con 0x7f3ebc104f70
2023-08-11T15:37:39.701 INFO:teuthology.orchestra.run.smithi032.stdout:/usr/bin/ceph: stderr
2023-08-11T15:37:39.051+0000 7f3ec1778700 1 --2- 172.21.15.32:0/2591764572 >> [v2:172.21.15.32:6800/4253467068,v1:172.21.15.32:6801/4253467068] conn(0x7f3ea8038110 0x7f3ea803a5d0 unknown :-1 s=BANNER_CONNECTING pgs=0 cs=0 l=1 rev1=0 crypto rx=0 tx=0 comp rx=0 tx=0)._handle_peer_banner_payload supported=3 required=0
2023-08-11T15:37:39.701 INFO:teuthology.orchestra.run.smithi032.stdout:/usr/bin/ceph: stderr
2023-08-11T15:37:39.052+0000 7f3ec1778700 1 --2- 172.21.15.32:0/2591764572 >> [v2:172.21.15.32:6800/4253467068,v1:172.21.15.32:6801/4253467068] conn(0x7f3ea8038110 0x7f3ea803a5d0 secure :-1 s=READY pgs=12 cs=0 l=1 rev1=1 crypto rx=0x7f3eac006fd0 tx=0x7f3eac006e40 comp rx=0 tx=0).ready entity=mgr.14116 client_cookie=0 server_cookie=0 in_seq=0 out_seq=0
2023-08-11T15:37:39.701 INFO:teuthology.orchestra.run.smithi032.stdout:/usr/bin/ceph: stderr
2023-08-11T15:37:39.056+0000 7f3eb2ffd700 1 -- 172.21.15.32:0/2591764572 <== mon.0 v2:172.21.15.32:3300/0 6 ==== mon_command_ack([{"prefix": "get_command_descriptions"}]=0 v0) v1 ==== 72+0+179220 (secure 0 0 0) 0x7f3eb800f5b0 con 0x7f3ebc104f70
2023-08-11T15:37:39.702 INFO:teuthology.orchestra.run.smithi032.stdout:/usr/bin/ceph: stderr
2023-08-11T15:37:39.280+0000 7f3ec41dd700 1 -- 172.21.15.32:0/2591764572 --> [v2:172.21.15.32:6800/4253467068,v1:172.21.15.32:6801/4253467068] -- mgr_command(tid 0: {"prefix": "orch apply", "service_type": "mon", "unmanaged": true, "target": ["mon-mgr", ""]}) v1 -- 0x7f3ebc02cce0 con 0x7f3ea8038110
2023-08-11T15:37:39.702 INFO:teuthology.orchestra.run.smithi032.stdout:/usr/bin/ceph: stderr
2023-08-11T15:37:39.285+0000 7f3eb2ffd700 1 -- 172.21.15.32:0/2591764572 <== mgr.14116 v2:172.21.15.32:6800/4253467068 1 ==== mgr_command_reply(tid 0: 0 ) v1 ==== 8+0+24 (secure 0 0 0) 0x7f3ebc02cce0 con 0x7f3ea8038110
2023-08-11T15:37:39.702 INFO:teuthology.orchestra.run.smithi032.stdout:/usr/bin/ceph: stderr
2023-08-11T15:37:39.288+0000 7f3ec41dd700 1 -- 172.21.15.32:0/2591764572 >> [v2:172.21.15.32:6800/4253467068,v1:172.21.15.32:6801/4253467068] conn(0x7f3ea8038110 msgr2=0x7f3ea803a5d0 secure :-1 s=STATE_CONNECTION_ESTABLISHED l=1).mark_down
2023-08-11T15:37:39.702 INFO:teuthology.orchestra.run.smithi032.stdout:/usr/bin/ceph: stderr
2023-08-11T15:37:39.288+0000 7f3ec41dd700 1 --2- 172.21.15.32:0/2591764572 >> [v2:172.21.15.32:6800/4253467068,v1:172.21.15.32:6801/4253467068] conn(0x7f3ea8038110 0x7f3ea803a5d0 secure :-1 s=READY pgs=12 cs=0 l=1 rev1=1 crypto rx=0x7f3eac006fd0 tx=0x7f3eac006e40 comp rx=0 tx=0).stop
2023-08-11T15:37:39.702 INFO:teuthology.orchestra.run.smithi032.stdout:/usr/bin/ceph: stderr
2023-08-11T15:37:39.288+0000 7f3ec41dd700 1 -- 172.21.15.32:0/2591764572 >> [v2:172.21.15.32:3300/0,v1:172.21.15.32:6789/0] conn(0x7f3ebc104f70 msgr2=0x7f3ebc19c030 secure :-1 s=STATE_CONNECTION_ESTABLISHED l=1).mark_down
2023-08-11T15:37:39.702 INFO:teuthology.orchestra.run.smithi032.stdout:/usr/bin/ceph: stderr
2023-08-11T15:37:39.288+0000 7f3ec41dd700 1 --2- 172.21.15.32:0/2591764572 >> [v2:172.21.15.32:3300/0,v1:172.21.15.32:6789/0] conn(0x7f3ebc104f70 0x7f3ebc19c030 secure :-1 s=READY pgs=44 cs=0 l=1 rev1=1 crypto rx=0x7f3eb800d650 tx=0x7f3eb8003df0 comp rx=0 tx=0).stop
2023-08-11T15:37:39.702 INFO:teuthology.orchestra.run.smithi032.stdout:/usr/bin/ceph: stderr
2023-08-11T15:37:39.288+0000 7f3ec41dd700 1 -- 172.21.15.32:0/2591764572 shutdown_connections
2023-08-11T15:37:39.702 INFO:teuthology.orchestra.run.smithi032.stdout:/usr/bin/ceph: stderr
2023-08-11T15:37:39.288+0000 7f3ec41dd700 1 --2- 172.21.15.32:0/2591764572 >> [v2:172.21.15.32:6800/4253467068,v1:172.21.15.32:6801/4253467068] conn(0x7f3ea8038110 0x7f3ea803a5d0 unknown :-1 s=CLOSED pgs=12 cs=0 l=1 rev1=1 crypto rx=0 tx=0 comp rx=0 tx=0).stop
2023-08-11T15:37:39.703 INFO:teuthology.orchestra.run.smithi032.stdout:/usr/bin/ceph: stderr
2023-08-11T15:37:39.288+0000 7f3ec41dd700 1 --2- 172.21.15.32:0/2591764572 >> [v2:172.21.15.32:3300/0,v1:172.21.15.32:6789/0] conn(0x7f3ebc104f70 0x7f3ebc19c030 unknown :-1 s=CLOSED pgs=44 cs=0 l=1 rev1=1 crypto rx=0 tx=0 comp rx=0 tx=0).stop
2023-08-11T15:37:39.703 INFO:teuthology.orchestra.run.smithi032.stdout:/usr/bin/ceph: stderr
2023-08-11T15:37:39.288+0000 7f3ec41dd700 1 -- 172.21.15.32:0/2591764572 >> 172.21.15.32:0/2591764572 conn(0x7f3ebc100510 msgr2=0x7f3ebc192d50 unknown :-1 s=STATE_NONE l=0).mark_down
2023-08-11T15:37:39.703 INFO:teuthology.orchestra.run.smithi032.stdout:/usr/bin/ceph: stderr
2023-08-11T15:37:39.288+0000 7f3ec41dd700 1 -- 172.21.15.32:0/2591764572 shutdown_connections
2023-08-11T15:37:39.703 INFO:teuthology.orchestra.run.smithi032.stdout:/usr/bin/ceph: stderr
2023-08-11T15:37:39.288+0000 7f3ec41dd700 1 -- 172.21.15.32:0/2591764572 wait complete.
2023-08-11T15:37:39.703 INFO:teuthology.orchestra.run.smithi032.stdout:Deploying unmanaged mgr service...
2023-08-11T15:37:40.383 INFO:journalctl@ceph.mon.a.smithi032.stdout:Aug 11 15:37:40 smithi032 ceph-mon[97103]: from='client.14138 -' entity='client.admin' cmd=[{"prefix": "orch apply", "service_type": "mon", "unmanaged": true, "target": ["mon-mgr", ""]}]: dispatch
2023-08-11T15:37:40.383 INFO:journalctl@ceph.mon.a.smithi032.stdout:Aug 11 15:37:40 smithi032 ceph-mon[97103]: Saving service mon spec with placement count:5
2023-08-11T15:37:40.384 INFO:journalctl@ceph.mon.a.smithi032.stdout:Aug 11 15:37:40 smithi032 ceph-mon[97103]: from='mgr.14116 172.21.15.32:0/650097128' entity='mgr.x'
2023-08-11T15:37:41.028 INFO:teuthology.orchestra.run.smithi032.stdout:/usr/bin/ceph: stdout Scheduled mgr update...
2023-08-11T15:37:41.029 INFO:teuthology.orchestra.run.smithi032.stdout:/usr/bin/ceph: stderr
2023-08-11T15:37:40.356+0000 7f1c1d648700 1 Processor -- start
2023-08-11T15:37:41.029 INFO:teuthology.orchestra.run.smithi032.stdout:/usr/bin/ceph: stderr
2023-08-11T15:37:40.356+0000 7f1c1d648700 1 -- start start
2023-08-11T15:37:41.029 INFO:teuthology.orchestra.run.smithi032.stdout:/usr/bin/ceph: stderr
2023-08-11T15:37:40.356+0000 7f1c1d648700 1 --2- >> [v2:172.21.15.32:3300/0,v1:172.21.15.32:6789/0] conn(0x7f1c18106070 0x7f1c18106490 unknown :-1 s=NONE pgs=0 cs=0 l=0 rev1=0 crypto rx=0 tx=0 comp rx=0 tx=0).connect
2023-08-11T15:37:41.029 INFO:teuthology.orchestra.run.smithi032.stdout:/usr/bin/ceph: stderr
2023-08-11T15:37:40.356+0000 7f1c1d648700 1 -- --> [v2:172.21.15.32:3300/0,v1:172.21.15.32:6789/0] -- mon_getmap magic: 0 v1 -- 0x7f1c18106a60 con 0x7f1c18106070
2023-08-11T15:37:41.029 INFO:teuthology.orchestra.run.smithi032.stdout:/usr/bin/ceph: stderr
2023-08-11T15:37:40.356+0000 7f1c16ffd700 1 --2- >> [v2:172.21.15.32:3300/0,v1:172.21.15.32:6789/0] conn(0x7f1c18106070 0x7f1c18106490 unknown :-1 s=BANNER_CONNECTING pgs=0 cs=0 l=0 rev1=0 crypto rx=0 tx=0 comp rx=0 tx=0)._handle_peer_banner_payload supported=3 required=0
2023-08-11T15:37:41.029 INFO:teuthology.orchestra.run.smithi032.stdout:/usr/bin/ceph: stderr
2023-08-11T15:37:40.356+0000 7f1c16ffd700 1 --2- >> [v2:172.21.15.32:3300/0,v1:172.21.15.32:6789/0] conn(0x7f1c18106070 0x7f1c18106490 unknown :-1 s=HELLO_CONNECTING pgs=0 cs=0 l=0 rev1=1 crypto rx=0 tx=0 comp rx=0 tx=0).handle_hello peer v2:172.21.15.32:3300/0 says I am v2:172.21.15.32:48500/0 (socket says 172.21.15.32:48500)
2023-08-11T15:37:41.029 INFO:teuthology.orchestra.run.smithi032.stdout:/usr/bin/ceph: stderr
2023-08-11T15:37:40.356+0000 7f1c16ffd700 1 -- 172.21.15.32:0/581117245 learned_addr learned my addr 172.21.15.32:0/581117245 (peer_addr_for_me v2:172.21.15.32:0/0)
2023-08-11T15:37:41.030 INFO:teuthology.orchestra.run.smithi032.stdout:/usr/bin/ceph: stderr
2023-08-11T15:37:40.357+0000 7f1c16ffd700 1 -- 172.21.15.32:0/581117245 --> [v2:172.21.15.32:3300/0,v1:172.21.15.32:6789/0] -- mon_subscribe({config=0+,monmap=0+}) v3 -- 0x7f1c18107270 con 0x7f1c18106070
2023-08-11T15:37:41.030 INFO:teuthology.orchestra.run.smithi032.stdout:/usr/bin/ceph: stderr
2023-08-11T15:37:40.357+0000 7f1c16ffd700 1 --2- 172.21.15.32:0/581117245 >> [v2:172.21.15.32:3300/0,v1:172.21.15.32:6789/0] conn(0x7f1c18106070 0x7f1c18106490 secure :-1 s=READY pgs=45 cs=0 l=1 rev1=1 crypto rx=0x7f1c080098a0 tx=0x7f1c08009bb0 comp rx=0 tx=0).ready entity=mon.0 client_cookie=d459e294e0f12861 server_cookie=0 in_seq=0 out_seq=0
2023-08-11T15:37:41.030 INFO:teuthology.orchestra.run.smithi032.stdout:/usr/bin/ceph: stderr
2023-08-11T15:37:40.357+0000 7f1c15ffb700 1 -- 172.21.15.32:0/581117245 <== mon.0 v2:172.21.15.32:3300/0 1 ==== mon_map magic: 0 v1 ==== 205+0+0 (secure 0 0 0) 0x7f1c08004160 con 0x7f1c18106070
2023-08-11T15:37:41.030 INFO:teuthology.orchestra.run.smithi032.stdout:/usr/bin/ceph: stderr
2023-08-11T15:37:40.357+0000 7f1c15ffb700 1 -- 172.21.15.32:0/581117245 <== mon.0 v2:172.21.15.32:3300/0 2 ==== config(26 keys) v1 ==== 1074+0+0 (secure 0 0 0) 0x7f1c080042c0 con 0x7f1c18106070
2023-08-11T15:37:41.030 INFO:teuthology.orchestra.run.smithi032.stdout:/usr/bin/ceph: stderr
2023-08-11T15:37:40.357+0000 7f1c15ffb700 1 -- 172.21.15.32:0/581117245 <== mon.0 v2:172.21.15.32:3300/0 3 ==== mon_map magic: 0 v1 ==== 205+0+0 (secure 0 0 0) 0x7f1c08011a00 con 0x7f1c18106070
2023-08-11T15:37:41.030 INFO:teuthology.orchestra.run.smithi032.stdout:/usr/bin/ceph: stderr
2023-08-11T15:37:40.358+0000 7f1c1d648700 1 -- 172.21.15.32:0/581117245 >> [v2:172.21.15.32:3300/0,v1:172.21.15.32:6789/0] conn(0x7f1c18106070 msgr2=0x7f1c18106490 secure :-1 s=STATE_CONNECTION_ESTABLISHED l=1).mark_down
2023-08-11T15:37:41.030 INFO:teuthology.orchestra.run.smithi032.stdout:/usr/bin/ceph: stderr
2023-08-11T15:37:40.358+0000 7f1c1d648700 1 --2- 172.21.15.32:0/581117245 >> [v2:172.21.15.32:3300/0,v1:172.21.15.32:6789/0] conn(0x7f1c18106070 0x7f1c18106490 secure :-1 s=READY pgs=45 cs=0 l=1 rev1=1 crypto rx=0x7f1c080098a0 tx=0x7f1c08009bb0 comp rx=0 tx=0).stop
2023-08-11T15:37:41.030 INFO:teuthology.orchestra.run.smithi032.stdout:/usr/bin/ceph: stderr
2023-08-11T15:37:40.358+0000 7f1c1d648700 1 -- 172.21.15.32:0/581117245 shutdown_connections
2023-08-11T15:37:41.031 INFO:teuthology.orchestra.run.smithi032.stdout:/usr/bin/ceph: stderr
2023-08-11T15:37:40.358+0000 7f1c1d648700 1 --2- 172.21.15.32:0/581117245 >> [v2:172.21.15.32:3300/0,v1:172.21.15.32:6789/0] conn(0x7f1c18106070 0x7f1c18106490 unknown :-1 s=CLOSED pgs=45 cs=0 l=1 rev1=1 crypto rx=0 tx=0 comp rx=0 tx=0).stop
2023-08-11T15:37:41.031 INFO:teuthology.orchestra.run.smithi032.stdout:/usr/bin/ceph: stderr
2023-08-11T15:37:40.358+0000 7f1c1d648700 1 -- 172.21.15.32:0/581117245 >> 172.21.15.32:0/581117245 conn(0x7f1c18101610 msgr2=0x7f1c18103a50 unknown :-1 s=STATE_NONE l=0).mark_down
2023-08-11T15:37:41.031 INFO:teuthology.orchestra.run.smithi032.stdout:/usr/bin/ceph: stderr
2023-08-11T15:37:40.358+0000 7f1c1d648700 1 -- 172.21.15.32:0/581117245 shutdown_connections
2023-08-11T15:37:41.031 INFO:teuthology.orchestra.run.smithi032.stdout:/usr/bin/ceph: stderr
2023-08-11T15:37:40.358+0000 7f1c1d648700 1 -- 172.21.15.32:0/581117245 wait complete.
2023-08-11T15:37:41.031 INFO:teuthology.orchestra.run.smithi032.stdout:/usr/bin/ceph: stderr
2023-08-11T15:37:40.359+0000 7f1c1d648700 1 Processor -- start
2023-08-11T15:37:41.031 INFO:teuthology.orchestra.run.smithi032.stdout:/usr/bin/ceph: stderr
2023-08-11T15:37:40.359+0000 7f1c1d648700 1 -- start start
2023-08-11T15:37:41.031 INFO:teuthology.orchestra.run.smithi032.stdout:/usr/bin/ceph: stderr
2023-08-11T15:37:40.360+0000 7f1c1d648700 1 --2- >> [v2:172.21.15.32:3300/0,v1:172.21.15.32:6789/0] conn(0x7f1c18106070 0x7f1c1819c050 unknown :-1 s=NONE pgs=0 cs=0 l=1 rev1=0 crypto rx=0 tx=0 comp rx=0 tx=0).connect
2023-08-11T15:37:41.032 INFO:teuthology.orchestra.run.smithi032.stdout:/usr/bin/ceph: stderr
2023-08-11T15:37:40.360+0000 7f1c1d648700 1 -- --> [v2:172.21.15.32:3300/0,v1:172.21.15.32:6789/0] -- mon_getmap magic: 0 v1 -- 0x7f1c1819c590 con 0x7f1c18106070
2023-08-11T15:37:41.032 INFO:teuthology.orchestra.run.smithi032.stdout:/usr/bin/ceph: stderr
2023-08-11T15:37:40.360+0000 7f1c16ffd700 1 --2- >> [v2:172.21.15.32:3300/0,v1:172.21.15.32:6789/0] conn(0x7f1c18106070 0x7f1c1819c050 unknown :-1 s=BANNER_CONNECTING pgs=0 cs=0 l=1 rev1=0 crypto rx=0 tx=0 comp rx=0 tx=0)._handle_peer_banner_payload supported=3 required=0
2023-08-11T15:37:41.032 INFO:teuthology.orchestra.run.smithi032.stdout:/usr/bin/ceph: stderr
2023-08-11T15:37:40.360+0000 7f1c16ffd700 1 --2- >> [v2:172.21.15.32:3300/0,v1:172.21.15.32:6789/0] conn(0x7f1c18106070 0x7f1c1819c050 unknown :-1 s=HELLO_CONNECTING pgs=0 cs=0 l=1 rev1=1 crypto rx=0 tx=0 comp rx=0 tx=0).handle_hello peer v2:172.21.15.32:3300/0 says I am v2:172.21.15.32:48512/0 (socket says 172.21.15.32:48512)
2023-08-11T15:37:41.032 INFO:teuthology.orchestra.run.smithi032.stdout:/usr/bin/ceph: stderr
2023-08-11T15:37:40.360+0000 7f1c16ffd700 1 -- 172.21.15.32:0/1353138938 learned_addr learned my addr 172.21.15.32:0/1353138938 (peer_addr_for_me v2:172.21.15.32:0/0)
2023-08-11T15:37:41.032 INFO:teuthology.orchestra.run.smithi032.stdout:/usr/bin/ceph: stderr
2023-08-11T15:37:40.360+0000 7f1c16ffd700 1 -- 172.21.15.32:0/1353138938 --> [v2:172.21.15.32:3300/0,v1:172.21.15.32:6789/0] -- mon_subscribe({config=0+,monmap=0+}) v3 -- 0x7f1c08009550 con 0x7f1c18106070
2023-08-11T15:37:41.032 INFO:teuthology.orchestra.run.smithi032.stdout:/usr/bin/ceph: stderr
2023-08-11T15:37:40.360+0000 7f1c16ffd700 1 --2- 172.21.15.32:0/1353138938 >> [v2:172.21.15.32:3300/0,v1:172.21.15.32:6789/0] conn(0x7f1c18106070 0x7f1c1819c050 secure :-1 s=READY pgs=46 cs=0 l=1 rev1=1 crypto rx=0x7f1c08009130 tx=0x7f1c08011ad0 comp rx=0 tx=0).ready entity=mon.0 client_cookie=0 server_cookie=0 in_seq=0 out_seq=0
2023-08-11T15:37:41.032 INFO:teuthology.orchestra.run.smithi032.stdout:/usr/bin/ceph: stderr
2023-08-11T15:37:40.361+0000 7f1bfffff700 1 -- 172.21.15.32:0/1353138938 <== mon.0 v2:172.21.15.32:3300/0 1 ==== mon_map magic: 0 v1 ==== 205+0+0 (secure 0 0 0) 0x7f1c08003ab0 con 0x7f1c18106070
2023-08-11T15:37:41.033 INFO:teuthology.orchestra.run.smithi032.stdout:/usr/bin/ceph: stderr
