2023-08-11T15:37:15.953+0000 7fbe2a0ba700 1 -- 172.21.15.32:0/1640388143 --> [v2:172.21.15.32:3300/0,v1:172.21.15.32:6789/0] -- mon_command({"prefix": "status", "format": "json-pretty"} v 0) v1 -- 0x7fbe2407b0d0 con 0x7fbe24106070
2023-08-11T15:37:16.443 INFO:teuthology.orchestra.run.smithi032.stdout:/usr/bin/ceph: stderr
2023-08-11T15:37:15.953+0000 7fbe20ff9700 1 -- 172.21.15.32:0/1640388143 <== mon.0 v2:172.21.15.32:3300/0 7 ==== mon_command_ack([{"prefix": "status", "format": "json-pretty"}]=0 v0) v1 ==== 79+0+1238 (secure 0 0 0) 0x7fbe140187c0 con 0x7fbe24106070
2023-08-11T15:37:16.443 INFO:teuthology.orchestra.run.smithi032.stdout:/usr/bin/ceph: stderr
2023-08-11T15:37:15.956+0000 7fbe2a0ba700 1 -- 172.21.15.32:0/1640388143 >> [v2:172.21.15.32:6800/114266517,v1:172.21.15.32:6801/114266517] conn(0x7fbe0c037fa0 msgr2=0x7fbe0c03a460 secure :-1 s=STATE_CONNECTION_ESTABLISHED l=1).mark_down
2023-08-11T15:37:16.443 INFO:teuthology.orchestra.run.smithi032.stdout:/usr/bin/ceph: stderr
2023-08-11T15:37:15.956+0000 7fbe2a0ba700 1 --2- 172.21.15.32:0/1640388143 >> [v2:172.21.15.32:6800/114266517,v1:172.21.15.32:6801/114266517] conn(0x7fbe0c037fa0 0x7fbe0c03a460 secure :-1 s=READY pgs=6 cs=0 l=1 rev1=1 crypto rx=0x7fbe18006fd0 tx=0x7fbe18006e40 comp rx=0 tx=0).stop
2023-08-11T15:37:16.443 INFO:teuthology.orchestra.run.smithi032.stdout:/usr/bin/ceph: stderr
2023-08-11T15:37:15.956+0000 7fbe2a0ba700 1 -- 172.21.15.32:0/1640388143 >> [v2:172.21.15.32:3300/0,v1:172.21.15.32:6789/0] conn(0x7fbe24106070 msgr2=0x7fbe2407bc50 secure :-1 s=STATE_CONNECTION_ESTABLISHED l=1).mark_down
2023-08-11T15:37:16.443 INFO:teuthology.orchestra.run.smithi032.stdout:/usr/bin/ceph: stderr
2023-08-11T15:37:15.956+0000 7fbe2a0ba700 1 --2- 172.21.15.32:0/1640388143 >> [v2:172.21.15.32:3300/0,v1:172.21.15.32:6789/0] conn(0x7fbe24106070 0x7fbe2407bc50 secure :-1 s=READY pgs=15 cs=0 l=1 rev1=1 crypto rx=0x7fbe14009fb0 tx=0x7fbe14011ad0 comp rx=0 tx=0).stop
2023-08-11T15:37:16.443 INFO:teuthology.orchestra.run.smithi032.stdout:/usr/bin/ceph: stderr
2023-08-11T15:37:15.956+0000 7fbe2a0ba700 1 -- 172.21.15.32:0/1640388143 shutdown_connections
2023-08-11T15:37:16.443 INFO:teuthology.orchestra.run.smithi032.stdout:/usr/bin/ceph: stderr
2023-08-11T15:37:15.956+0000 7fbe2a0ba700 1 --2- 172.21.15.32:0/1640388143 >> [v2:172.21.15.32:6800/114266517,v1:172.21.15.32:6801/114266517] conn(0x7fbe0c037fa0 0x7fbe0c03a460 unknown :-1 s=CLOSED pgs=6 cs=0 l=1 rev1=1 crypto rx=0 tx=0 comp rx=0 tx=0).stop
2023-08-11T15:37:16.444 INFO:teuthology.orchestra.run.smithi032.stdout:/usr/bin/ceph: stderr
2023-08-11T15:37:15.956+0000 7fbe2a0ba700 1 --2- 172.21.15.32:0/1640388143 >> [v2:172.21.15.32:3300/0,v1:172.21.15.32:6789/0] conn(0x7fbe24106070 0x7fbe2407bc50 unknown :-1 s=CLOSED pgs=15 cs=0 l=1 rev1=1 crypto rx=0 tx=0 comp rx=0 tx=0).stop
2023-08-11T15:37:16.444 INFO:teuthology.orchestra.run.smithi032.stdout:/usr/bin/ceph: stderr
2023-08-11T15:37:15.956+0000 7fbe2a0ba700 1 -- 172.21.15.32:0/1640388143 >> 172.21.15.32:0/1640388143 conn(0x7fbe24101610 msgr2=0x7fbe241039f0 unknown :-1 s=STATE_NONE l=0).mark_down
2023-08-11T15:37:16.444 INFO:teuthology.orchestra.run.smithi032.stdout:/usr/bin/ceph: stderr
2023-08-11T15:37:15.956+0000 7fbe2a0ba700 1 -- 172.21.15.32:0/1640388143 shutdown_connections
2023-08-11T15:37:16.444 INFO:teuthology.orchestra.run.smithi032.stdout:/usr/bin/ceph: stderr
2023-08-11T15:37:15.956+0000 7fbe2a0ba700 1 -- 172.21.15.32:0/1640388143 wait complete.
2023-08-11T15:37:16.444 INFO:teuthology.orchestra.run.smithi032.stdout:mgr is available
2023-08-11T15:37:16.661 INFO:journalctl@ceph.mon.a.smithi032.stdout:Aug 11 15:37:16 smithi032 ceph-mon[97103]: mgrmap e3: x(active, since 1.00905s)
2023-08-11T15:37:16.662 INFO:journalctl@ceph.mon.a.smithi032.stdout:Aug 11 15:37:16 smithi032 ceph-mon[97103]: from='client.? 172.21.15.32:0/1640388143' entity='client.admin' cmd=[{"prefix": "status", "format": "json-pretty"}]: dispatch
2023-08-11T15:37:17.604 INFO:teuthology.orchestra.run.smithi032.stdout:/usr/bin/ceph: stdout
2023-08-11T15:37:17.604 INFO:teuthology.orchestra.run.smithi032.stdout:/usr/bin/ceph: stdout [global]
2023-08-11T15:37:17.604 INFO:teuthology.orchestra.run.smithi032.stdout:/usr/bin/ceph: stdout fsid = cd36a838-385c-11ee-9b37-001a4aab830c
2023-08-11T15:37:17.605 INFO:teuthology.orchestra.run.smithi032.stdout:/usr/bin/ceph: stdout mon_osd_allow_pg_remap = true
2023-08-11T15:37:17.605 INFO:teuthology.orchestra.run.smithi032.stdout:/usr/bin/ceph: stdout mon_osd_allow_primary_affinity = true
2023-08-11T15:37:17.605 INFO:teuthology.orchestra.run.smithi032.stdout:/usr/bin/ceph: stdout mon_warn_on_no_sortbitwise = false
2023-08-11T15:37:17.605 INFO:teuthology.orchestra.run.smithi032.stdout:/usr/bin/ceph: stdout osd_crush_chooseleaf_type = 0
2023-08-11T15:37:17.605 INFO:teuthology.orchestra.run.smithi032.stdout:/usr/bin/ceph: stdout
2023-08-11T15:37:17.606 INFO:teuthology.orchestra.run.smithi032.stdout:/usr/bin/ceph: stdout [mgr]
2023-08-11T15:37:17.606 INFO:teuthology.orchestra.run.smithi032.stdout:/usr/bin/ceph: stdout mgr/telemetry/nag = false
2023-08-11T15:37:17.606 INFO:teuthology.orchestra.run.smithi032.stdout:/usr/bin/ceph: stdout
2023-08-11T15:37:17.606 INFO:teuthology.orchestra.run.smithi032.stdout:/usr/bin/ceph: stdout [osd]
2023-08-11T15:37:17.606 INFO:teuthology.orchestra.run.smithi032.stdout:/usr/bin/ceph: stdout mon_osd_backfillfull_ratio = 0.85
2023-08-11T15:37:17.606 INFO:teuthology.orchestra.run.smithi032.stdout:/usr/bin/ceph: stdout mon_osd_full_ratio = 0.9
2023-08-11T15:37:17.607 INFO:teuthology.orchestra.run.smithi032.stdout:/usr/bin/ceph: stdout mon_osd_nearfull_ratio = 0.8
2023-08-11T15:37:17.607 INFO:teuthology.orchestra.run.smithi032.stdout:/usr/bin/ceph: stdout osd_map_max_advance = 10
2023-08-11T15:37:17.607 INFO:teuthology.orchestra.run.smithi032.stdout:/usr/bin/ceph: stdout osd_sloppy_crc = true
2023-08-11T15:37:17.607 INFO:teuthology.orchestra.run.smithi032.stdout:/usr/bin/ceph: stderr
2023-08-11T15:37:16.937+0000 7fb26180b700 1 Processor -- start
2023-08-11T15:37:17.607 INFO:teuthology.orchestra.run.smithi032.stdout:/usr/bin/ceph: stderr
2023-08-11T15:37:16.937+0000 7fb26180b700 1 -- start start
2023-08-11T15:37:17.607 INFO:teuthology.orchestra.run.smithi032.stdout:/usr/bin/ceph: stderr
2023-08-11T15:37:16.938+0000 7fb26180b700 1 --2- >> [v2:172.21.15.32:3300/0,v1:172.21.15.32:6789/0] conn(0x7fb25c07bec0 0x7fb25c07a320 unknown :-1 s=NONE pgs=0 cs=0 l=0 rev1=0 crypto rx=0 tx=0 comp rx=0 tx=0).connect
2023-08-11T15:37:17.607 INFO:teuthology.orchestra.run.smithi032.stdout:/usr/bin/ceph: stderr
2023-08-11T15:37:16.938+0000 7fb26180b700 1 -- --> [v2:172.21.15.32:3300/0,v1:172.21.15.32:6789/0] -- mon_getmap magic: 0 v1 -- 0x7fb25c07a8f0 con 0x7fb25c07bec0
2023-08-11T15:37:17.608 INFO:teuthology.orchestra.run.smithi032.stdout:/usr/bin/ceph: stderr
2023-08-11T15:37:16.938+0000 7fb25affd700 1 --2- >> [v2:172.21.15.32:3300/0,v1:172.21.15.32:6789/0] conn(0x7fb25c07bec0 0x7fb25c07a320 unknown :-1 s=BANNER_CONNECTING pgs=0 cs=0 l=0 rev1=0 crypto rx=0 tx=0 comp rx=0 tx=0)._handle_peer_banner_payload supported=3 required=0
2023-08-11T15:37:17.608 INFO:teuthology.orchestra.run.smithi032.stdout:/usr/bin/ceph: stderr
2023-08-11T15:37:16.938+0000 7fb25affd700 1 --2- >> [v2:172.21.15.32:3300/0,v1:172.21.15.32:6789/0] conn(0x7fb25c07bec0 0x7fb25c07a320 unknown :-1 s=HELLO_CONNECTING pgs=0 cs=0 l=0 rev1=1 crypto rx=0 tx=0 comp rx=0 tx=0).handle_hello peer v2:172.21.15.32:3300/0 says I am v2:172.21.15.32:39018/0 (socket says 172.21.15.32:39018)
2023-08-11T15:37:17.608 INFO:teuthology.orchestra.run.smithi032.stdout:/usr/bin/ceph: stderr
2023-08-11T15:37:16.938+0000 7fb25affd700 1 -- 172.21.15.32:0/3941029545 learned_addr learned my addr 172.21.15.32:0/3941029545 (peer_addr_for_me v2:172.21.15.32:0/0)
2023-08-11T15:37:17.608 INFO:teuthology.orchestra.run.smithi032.stdout:/usr/bin/ceph: stderr
2023-08-11T15:37:16.939+0000 7fb25affd700 1 -- 172.21.15.32:0/3941029545 --> [v2:172.21.15.32:3300/0,v1:172.21.15.32:6789/0] -- mon_subscribe({config=0+,monmap=0+}) v3 -- 0x7fb25c07aa30 con 0x7fb25c07bec0
2023-08-11T15:37:17.608 INFO:teuthology.orchestra.run.smithi032.stdout:/usr/bin/ceph: stderr
2023-08-11T15:37:16.939+0000 7fb25affd700 1 --2- 172.21.15.32:0/3941029545 >> [v2:172.21.15.32:3300/0,v1:172.21.15.32:6789/0] conn(0x7fb25c07bec0 0x7fb25c07a320 secure :-1 s=READY pgs=16 cs=0 l=1 rev1=1 crypto rx=0x7fb24c0098a0 tx=0x7fb24c009bb0 comp rx=0 tx=0).ready entity=mon.0 client_cookie=760c5c12f2b217d3 server_cookie=0 in_seq=0 out_seq=0
2023-08-11T15:37:17.608 INFO:teuthology.orchestra.run.smithi032.stdout:/usr/bin/ceph: stderr
2023-08-11T15:37:16.939+0000 7fb259ffb700 1 -- 172.21.15.32:0/3941029545 <== mon.0 v2:172.21.15.32:3300/0 1 ==== mon_map magic: 0 v1 ==== 205+0+0 (secure 0 0 0) 0x7fb24c004160 con 0x7fb25c07bec0
2023-08-11T15:37:17.608 INFO:teuthology.orchestra.run.smithi032.stdout:/usr/bin/ceph: stderr
2023-08-11T15:37:16.939+0000 7fb259ffb700 1 -- 172.21.15.32:0/3941029545 <== mon.0 v2:172.21.15.32:3300/0 2 ==== config(26 keys) v1 ==== 1074+0+0 (secure 0 0 0) 0x7fb24c0042c0 con 0x7fb25c07bec0
2023-08-11T15:37:17.609 INFO:teuthology.orchestra.run.smithi032.stdout:/usr/bin/ceph: stderr
2023-08-11T15:37:16.939+0000 7fb259ffb700 1 -- 172.21.15.32:0/3941029545 <== mon.0 v2:172.21.15.32:3300/0 3 ==== mon_map magic: 0 v1 ==== 205+0+0 (secure 0 0 0) 0x7fb24c011a00 con 0x7fb25c07bec0
2023-08-11T15:37:17.609 INFO:teuthology.orchestra.run.smithi032.stdout:/usr/bin/ceph: stderr
2023-08-11T15:37:16.940+0000 7fb26180b700 1 -- 172.21.15.32:0/3941029545 >> [v2:172.21.15.32:3300/0,v1:172.21.15.32:6789/0] conn(0x7fb25c07bec0 msgr2=0x7fb25c07a320 secure :-1 s=STATE_CONNECTION_ESTABLISHED l=1).mark_down
2023-08-11T15:37:17.609 INFO:teuthology.orchestra.run.smithi032.stdout:/usr/bin/ceph: stderr
2023-08-11T15:37:16.940+0000 7fb26180b700 1 --2- 172.21.15.32:0/3941029545 >> [v2:172.21.15.32:3300/0,v1:172.21.15.32:6789/0] conn(0x7fb25c07bec0 0x7fb25c07a320 secure :-1 s=READY pgs=16 cs=0 l=1 rev1=1 crypto rx=0x7fb24c0098a0 tx=0x7fb24c009bb0 comp rx=0 tx=0).stop
2023-08-11T15:37:17.609 INFO:teuthology.orchestra.run.smithi032.stdout:/usr/bin/ceph: stderr
2023-08-11T15:37:16.940+0000 7fb26180b700 1 -- 172.21.15.32:0/3941029545 shutdown_connections
2023-08-11T15:37:17.609 INFO:teuthology.orchestra.run.smithi032.stdout:/usr/bin/ceph: stderr
2023-08-11T15:37:16.940+0000 7fb26180b700 1 --2- 172.21.15.32:0/3941029545 >> [v2:172.21.15.32:3300/0,v1:172.21.15.32:6789/0] conn(0x7fb25c07bec0 0x7fb25c07a320 unknown :-1 s=CLOSED pgs=16 cs=0 l=1 rev1=1 crypto rx=0 tx=0 comp rx=0 tx=0).stop
2023-08-11T15:37:17.609 INFO:teuthology.orchestra.run.smithi032.stdout:/usr/bin/ceph: stderr
2023-08-11T15:37:16.940+0000 7fb26180b700 1 -- 172.21.15.32:0/3941029545 >> 172.21.15.32:0/3941029545 conn(0x7fb25c101610 msgr2=0x7fb25c103a50 unknown :-1 s=STATE_NONE l=0).mark_down
2023-08-11T15:37:17.609 INFO:teuthology.orchestra.run.smithi032.stdout:/usr/bin/ceph: stderr
2023-08-11T15:37:16.940+0000 7fb26180b700 1 -- 172.21.15.32:0/3941029545 shutdown_connections
2023-08-11T15:37:17.610 INFO:teuthology.orchestra.run.smithi032.stdout:/usr/bin/ceph: stderr
2023-08-11T15:37:16.940+0000 7fb26180b700 1 -- 172.21.15.32:0/3941029545 wait complete.
2023-08-11T15:37:17.610 INFO:teuthology.orchestra.run.smithi032.stdout:/usr/bin/ceph: stderr
2023-08-11T15:37:16.941+0000 7fb26180b700 1 Processor -- start
2023-08-11T15:37:17.610 INFO:teuthology.orchestra.run.smithi032.stdout:/usr/bin/ceph: stderr
2023-08-11T15:37:16.941+0000 7fb26180b700 1 -- start start
2023-08-11T15:37:17.610 INFO:teuthology.orchestra.run.smithi032.stdout:/usr/bin/ceph: stderr
2023-08-11T15:37:16.941+0000 7fb26180b700 1 --2- >> [v2:172.21.15.32:3300/0,v1:172.21.15.32:6789/0] conn(0x7fb25c07bec0 0x7fb25c19c000 unknown :-1 s=NONE pgs=0 cs=0 l=1 rev1=0 crypto rx=0 tx=0 comp rx=0 tx=0).connect
2023-08-11T15:37:17.610 INFO:teuthology.orchestra.run.smithi032.stdout:/usr/bin/ceph: stderr
2023-08-11T15:37:16.941+0000 7fb26180b700 1 -- --> [v2:172.21.15.32:3300/0,v1:172.21.15.32:6789/0] -- mon_getmap magic: 0 v1 -- 0x7fb25c19c540 con 0x7fb25c07bec0
2023-08-11T15:37:17.611 INFO:teuthology.orchestra.run.smithi032.stdout:/usr/bin/ceph: stderr
2023-08-11T15:37:16.942+0000 7fb25affd700 1 --2- >> [v2:172.21.15.32:3300/0,v1:172.21.15.32:6789/0] conn(0x7fb25c07bec0 0x7fb25c19c000 unknown :-1 s=BANNER_CONNECTING pgs=0 cs=0 l=1 rev1=0 crypto rx=0 tx=0 comp rx=0 tx=0)._handle_peer_banner_payload supported=3 required=0
2023-08-11T15:37:17.611 INFO:teuthology.orchestra.run.smithi032.stdout:/usr/bin/ceph: stderr
2023-08-11T15:37:16.942+0000 7fb25affd700 1 --2- >> [v2:172.21.15.32:3300/0,v1:172.21.15.32:6789/0] conn(0x7fb25c07bec0 0x7fb25c19c000 unknown :-1 s=HELLO_CONNECTING pgs=0 cs=0 l=1 rev1=1 crypto rx=0 tx=0 comp rx=0 tx=0).handle_hello peer v2:172.21.15.32:3300/0 says I am v2:172.21.15.32:39030/0 (socket says 172.21.15.32:39030)
2023-08-11T15:37:17.611 INFO:teuthology.orchestra.run.smithi032.stdout:/usr/bin/ceph: stderr
2023-08-11T15:37:16.942+0000 7fb25affd700 1 -- 172.21.15.32:0/230744794 learned_addr learned my addr 172.21.15.32:0/230744794 (peer_addr_for_me v2:172.21.15.32:0/0)
2023-08-11T15:37:17.611 INFO:teuthology.orchestra.run.smithi032.stdout:/usr/bin/ceph: stderr
2023-08-11T15:37:16.942+0000 7fb25affd700 1 -- 172.21.15.32:0/230744794 --> [v2:172.21.15.32:3300/0,v1:172.21.15.32:6789/0] -- mon_subscribe({config=0+,monmap=0+}) v3 -- 0x7fb24c009550 con 0x7fb25c07bec0
2023-08-11T15:37:17.611 INFO:teuthology.orchestra.run.smithi032.stdout:/usr/bin/ceph: stderr
2023-08-11T15:37:16.942+0000 7fb25affd700 1 --2- 172.21.15.32:0/230744794 >> [v2:172.21.15.32:3300/0,v1:172.21.15.32:6789/0] conn(0x7fb25c07bec0 0x7fb25c19c000 secure :-1 s=READY pgs=17 cs=0 l=1 rev1=1 crypto rx=0x7fb24c009130 tx=0x7fb24c011ad0 comp rx=0 tx=0).ready entity=mon.0 client_cookie=0 server_cookie=0 in_seq=0 out_seq=0
2023-08-11T15:37:17.611 INFO:teuthology.orchestra.run.smithi032.stdout:/usr/bin/ceph: stderr
2023-08-11T15:37:16.942+0000 7fb260809700 1 -- 172.21.15.32:0/230744794 <== mon.0 v2:172.21.15.32:3300/0 1 ==== mon_map magic: 0 v1 ==== 205+0+0 (secure 0 0 0) 0x7fb24c003ab0 con 0x7fb25c07bec0
2023-08-11T15:37:17.611 INFO:teuthology.orchestra.run.smithi032.stdout:/usr/bin/ceph: stderr
2023-08-11T15:37:16.942+0000 7fb260809700 1 -- 172.21.15.32:0/230744794 <== mon.0 v2:172.21.15.32:3300/0 2 ==== config(26 keys) v1 ==== 1074+0+0 (secure 0 0 0) 0x7fb24c003c10 con 0x7fb25c07bec0
2023-08-11T15:37:17.611 INFO:teuthology.orchestra.run.smithi032.stdout:/usr/bin/ceph: stderr
2023-08-11T15:37:16.942+0000 7fb26180b700 1 -- 172.21.15.32:0/230744794 --> [v2:172.21.15.32:3300/0,v1:172.21.15.32:6789/0] -- mon_subscribe({mgrmap=0+}) v3 -- 0x7fb25c19c740 con 0x7fb25c07bec0
2023-08-11T15:37:17.612 INFO:teuthology.orchestra.run.smithi032.stdout:/usr/bin/ceph: stderr
2023-08-11T15:37:16.943+0000 7fb260809700 1 -- 172.21.15.32:0/230744794 <== mon.0 v2:172.21.15.32:3300/0 3 ==== mon_map magic: 0 v1 ==== 205+0+0 (secure 0 0 0) 0x7fb24c0247d0 con 0x7fb25c07bec0
2023-08-11T15:37:17.612 INFO:teuthology.orchestra.run.smithi032.stdout:/usr/bin/ceph: stderr
2023-08-11T15:37:16.943+0000 7fb26180b700 1 -- 172.21.15.32:0/230744794 --> [v2:172.21.15.32:3300/0,v1:172.21.15.32:6789/0] -- mon_subscribe({osdmap=0}) v3 -- 0x7fb25c19cb60 con 0x7fb25c07bec0
2023-08-11T15:37:17.612 INFO:teuthology.orchestra.run.smithi032.stdout:/usr/bin/ceph: stderr
2023-08-11T15:37:16.944+0000 7fb260809700 1 -- 172.21.15.32:0/230744794 <== mon.0 v2:172.21.15.32:3300/0 4 ==== mgrmap(e 4) v1 ==== 45124+0+0 (secure 0 0 0) 0x7fb24c01a430 con 0x7fb25c07bec0
2023-08-11T15:37:17.612 INFO:teuthology.orchestra.run.smithi032.stdout:/usr/bin/ceph: stderr
2023-08-11T15:37:16.944+0000 7fb26180b700 1 -- 172.21.15.32:0/230744794 --> [v2:172.21.15.32:3300/0,v1:172.21.15.32:6789/0] -- mon_command({"prefix": "get_command_descriptions"} v 0) v1 -- 0x7fb25c196050 con 0x7fb25c07bec0
2023-08-11T15:37:17.612 INFO:teuthology.orchestra.run.smithi032.stdout:/usr/bin/ceph: stderr
2023-08-11T15:37:16.944+0000 7fb260809700 1 --2- 172.21.15.32:0/230744794 >> [v2:172.21.15.32:6800/114266517,v1:172.21.15.32:6801/114266517] conn(0x7fb244038110 0x7fb24403a5d0 unknown :-1 s=NONE pgs=0 cs=0 l=1 rev1=0 crypto rx=0 tx=0 comp rx=0 tx=0).connect
2023-08-11T15:37:17.612 INFO:teuthology.orchestra.run.smithi032.stdout:/usr/bin/ceph: stderr
2023-08-11T15:37:16.944+0000 7fb260809700 1 -- 172.21.15.32:0/230744794 <== mon.0 v2:172.21.15.32:3300/0 5 ==== osd_map(1..1 src has 1..1) v4 ==== 725+0+0 (secure 0 0 0) 0x7fb24c04bc90 con 0x7fb25c07bec0
2023-08-11T15:37:17.612 INFO:teuthology.orchestra.run.smithi032.stdout:/usr/bin/ceph: stderr
2023-08-11T15:37:16.944+0000 7fb25a7fc700 1 --2- 172.21.15.32:0/230744794 >> [v2:172.21.15.32:6800/114266517,v1:172.21.15.32:6801/114266517] conn(0x7fb244038110 0x7fb24403a5d0 unknown :-1 s=BANNER_CONNECTING pgs=0 cs=0 l=1 rev1=0 crypto rx=0 tx=0 comp rx=0 tx=0)._handle_peer_banner_payload supported=3 required=0
2023-08-11T15:37:17.613 INFO:teuthology.orchestra.run.smithi032.stdout:/usr/bin/ceph: stderr
2023-08-11T15:37:16.945+0000 7fb25a7fc700 1 --2- 172.21.15.32:0/230744794 >> [v2:172.21.15.32:6800/114266517,v1:172.21.15.32:6801/114266517] conn(0x7fb244038110 0x7fb24403a5d0 secure :-1 s=READY pgs=7 cs=0 l=1 rev1=1 crypto rx=0x7fb250006fd0 tx=0x7fb250006e40 comp rx=0 tx=0).ready entity=mgr.14100 client_cookie=0 server_cookie=0 in_seq=0 out_seq=0
2023-08-11T15:37:17.613 INFO:teuthology.orchestra.run.smithi032.stdout:/usr/bin/ceph: stderr
2023-08-11T15:37:16.949+0000 7fb260809700 1 -- 172.21.15.32:0/230744794 <== mon.0 v2:172.21.15.32:3300/0 6 ==== mon_command_ack([{"prefix": "get_command_descriptions"}]=0 v0) v1 ==== 72+0+179220 (secure 0 0 0) 0x7fb24c01ad90 con 0x7fb25c07bec0
2023-08-11T15:37:17.613 INFO:teuthology.orchestra.run.smithi032.stdout:/usr/bin/ceph: stderr
2023-08-11T15:37:17.158+0000 7fb26180b700 1 -- 172.21.15.32:0/230744794 --> [v2:172.21.15.32:3300/0,v1:172.21.15.32:6789/0] -- mon_command({"prefix": "config assimilate-conf"} v 0) v1 -- 0x7fb25c061fa0 con 0x7fb25c07bec0
2023-08-11T15:37:17.613 INFO:teuthology.orchestra.run.smithi032.stdout:/usr/bin/ceph: stderr
2023-08-11T15:37:17.159+0000 7fb260809700 1 -- 172.21.15.32:0/230744794 <== mon.0 v2:172.21.15.32:3300/0 7 ==== mon_command_ack([{"prefix": "config assimilate-conf"}]=0 v3) v1 ==== 70+0+373 (secure 0 0 0) 0x7fb24c018350 con 0x7fb25c07bec0
2023-08-11T15:37:17.613 INFO:teuthology.orchestra.run.smithi032.stdout:/usr/bin/ceph: stderr
2023-08-11T15:37:17.162+0000 7fb26180b700 1 -- 172.21.15.32:0/230744794 >> [v2:172.21.15.32:6800/114266517,v1:172.21.15.32:6801/114266517] conn(0x7fb244038110 msgr2=0x7fb24403a5d0 secure :-1 s=STATE_CONNECTION_ESTABLISHED l=1).mark_down
2023-08-11T15:37:17.613 INFO:teuthology.orchestra.run.smithi032.stdout:/usr/bin/ceph: stderr
2023-08-11T15:37:17.162+0000 7fb26180b700 1 --2- 172.21.15.32:0/230744794 >> [v2:172.21.15.32:6800/114266517,v1:172.21.15.32:6801/114266517] conn(0x7fb244038110 0x7fb24403a5d0 secure :-1 s=READY pgs=7 cs=0 l=1 rev1=1 crypto rx=0x7fb250006fd0 tx=0x7fb250006e40 comp rx=0 tx=0).stop
2023-08-11T15:37:17.613 INFO:teuthology.orchestra.run.smithi032.stdout:/usr/bin/ceph: stderr
2023-08-11T15:37:17.162+0000 7fb26180b700 1 -- 172.21.15.32:0/230744794 >> [v2:172.21.15.32:3300/0,v1:172.21.15.32:6789/0] conn(0x7fb25c07bec0 msgr2=0x7fb25c19c000 secure :-1 s=STATE_CONNECTION_ESTABLISHED l=1).mark_down
2023-08-11T15:37:17.614 INFO:teuthology.orchestra.run.smithi032.stdout:/usr/bin/ceph: stderr
2023-08-11T15:37:17.162+0000 7fb26180b700 1 --2- 172.21.15.32:0/230744794 >> [v2:172.21.15.32:3300/0,v1:172.21.15.32:6789/0] conn(0x7fb25c07bec0 0x7fb25c19c000 secure :-1 s=READY pgs=17 cs=0 l=1 rev1=1 crypto rx=0x7fb24c009130 tx=0x7fb24c011ad0 comp rx=0 tx=0).stop
2023-08-11T15:37:17.614 INFO:teuthology.orchestra.run.smithi032.stdout:/usr/bin/ceph: stderr
2023-08-11T15:37:17.162+0000 7fb26180b700 1 -- 172.21.15.32:0/230744794 shutdown_connections
2023-08-11T15:37:17.614 INFO:teuthology.orchestra.run.smithi032.stdout:/usr/bin/ceph: stderr
2023-08-11T15:37:17.162+0000 7fb26180b700 1 --2- 172.21.15.32:0/230744794 >> [v2:172.21.15.32:6800/114266517,v1:172.21.15.32:6801/114266517] conn(0x7fb244038110 0x7fb24403a5d0 unknown :-1 s=CLOSED pgs=7 cs=0 l=1 rev1=1 crypto rx=0 tx=0 comp rx=0 tx=0).stop
2023-08-11T15:37:17.614 INFO:teuthology.orchestra.run.smithi032.stdout:/usr/bin/ceph: stderr
2023-08-11T15:37:17.162+0000 7fb26180b700 1 --2- 172.21.15.32:0/230744794 >> [v2:172.21.15.32:3300/0,v1:172.21.15.32:6789/0] conn(0x7fb25c07bec0 0x7fb25c19c000 unknown :-1 s=CLOSED pgs=17 cs=0 l=1 rev1=1 crypto rx=0 tx=0 comp rx=0 tx=0).stop
2023-08-11T15:37:17.614 INFO:teuthology.orchestra.run.smithi032.stdout:/usr/bin/ceph: stderr
2023-08-11T15:37:17.162+0000 7fb26180b700 1 -- 172.21.15.32:0/230744794 >> 172.21.15.32:0/230744794 conn(0x7fb25c101610 msgr2=0x7fb25c102d50 unknown :-1 s=STATE_NONE l=0).mark_down
2023-08-11T15:37:17.614 INFO:teuthology.orchestra.run.smithi032.stdout:/usr/bin/ceph: stderr
2023-08-11T15:37:17.162+0000 7fb26180b700 1 -- 172.21.15.32:0/230744794 shutdown_connections
2023-08-11T15:37:17.614 INFO:teuthology.orchestra.run.smithi032.stdout:/usr/bin/ceph: stderr
2023-08-11T15:37:17.162+0000 7fb26180b700 1 -- 172.21.15.32:0/230744794 wait complete.
2023-08-11T15:37:17.614 INFO:teuthology.orchestra.run.smithi032.stdout:Enabling cephadm module...
2023-08-11T15:37:17.803 INFO:journalctl@ceph.mon.a.smithi032.stdout:Aug 11 15:37:17 smithi032 ceph-mon[97103]: mgrmap e4: x(active, since 2s)
2023-08-11T15:37:17.803 INFO:journalctl@ceph.mon.a.smithi032.stdout:Aug 11 15:37:17 smithi032 ceph-mon[97103]: from='client.? 172.21.15.32:0/230744794' entity='client.admin' cmd=[{"prefix": "config assimilate-conf"}]: dispatch
2023-08-11T15:37:18.741 INFO:journalctl@ceph.mon.a.smithi032.stdout:Aug 11 15:37:18 smithi032 ceph-mon[97103]: from='client.? 172.21.15.32:0/1017903850' entity='client.admin' cmd=[{"prefix": "mgr module enable", "module": "cephadm"}]: dispatch
2023-08-11T15:37:18.742 INFO:journalctl@ceph.mgr.x.smithi032.stdout:Aug 11 15:37:18 smithi032 ceph-cd36a838-385c-11ee-9b37-001a4aab830c-mgr-x[97353]: ignoring --setuser ceph since I am not root
2023-08-11T15:37:18.743 INFO:journalctl@ceph.mgr.x.smithi032.stdout:Aug 11 15:37:18 smithi032 ceph-cd36a838-385c-11ee-9b37-001a4aab830c-mgr-x[97353]: ignoring --setgroup ceph since I am not root
2023-08-11T15:37:18.884 INFO:teuthology.orchestra.run.smithi032.stdout:/usr/bin/ceph: stderr
2023-08-11T15:37:18.113+0000 7fa9237de700 1 Processor -- start
2023-08-11T15:37:18.885 INFO:teuthology.orchestra.run.smithi032.stdout:/usr/bin/ceph: stderr
2023-08-11T15:37:18.113+0000 7fa9237de700 1 -- start start
2023-08-11T15:37:18.885 INFO:teuthology.orchestra.run.smithi032.stdout:/usr/bin/ceph: stderr
2023-08-11T15:37:18.114+0000 7fa9237de700 1 --2- >> [v2:172.21.15.32:3300/0,v1:172.21.15.32:6789/0] conn(0x7fa91c07bea0 0x7fa91c07a300 unknown :-1 s=NONE pgs=0 cs=0 l=0 rev1=0 crypto rx=0 tx=0 comp rx=0 tx=0).connect
2023-08-11T15:37:18.885 INFO:teuthology.orchestra.run.smithi032.stdout:/usr/bin/ceph: stderr
2023-08-11T15:37:18.114+0000 7fa9237de700 1 -- --> [v2:172.21.15.32:3300/0,v1:172.21.15.32:6789/0] -- mon_getmap magic: 0 v1 -- 0x7fa91c07a8d0 con 0x7fa91c07bea0
2023-08-11T15:37:18.885 INFO:teuthology.orchestra.run.smithi032.stdout:/usr/bin/ceph: stderr
2023-08-11T15:37:18.114+0000 7fa92157a700 1 --2- >> [v2:172.21.15.32:3300/0,v1:172.21.15.32:6789/0] conn(0x7fa91c07bea0 0x7fa91c07a300 unknown :-1 s=BANNER_CONNECTING pgs=0 cs=0 l=0 rev1=0 crypto rx=0 tx=0 comp rx=0 tx=0)._handle_peer_banner_payload supported=3 required=0
2023-08-11T15:37:18.886 INFO:teuthology.orchestra.run.smithi032.stdout:/usr/bin/ceph: stderr
2023-08-11T15:37:18.115+0000 7fa92157a700 1 --2- >> [v2:172.21.15.32:3300/0,v1:172.21.15.32:6789/0] conn(0x7fa91c07bea0 0x7fa91c07a300 unknown :-1 s=HELLO_CONNECTING pgs=0 cs=0 l=0 rev1=1 crypto rx=0 tx=0 comp rx=0 tx=0).handle_hello peer v2:172.21.15.32:3300/0 says I am v2:172.21.15.32:39042/0 (socket says 172.21.15.32:39042)
2023-08-11T15:37:18.886 INFO:teuthology.orchestra.run.smithi032.stdout:/usr/bin/ceph: stderr
2023-08-11T15:37:18.115+0000 7fa92157a700 1 -- 172.21.15.32:0/397345767 learned_addr learned my addr 172.21.15.32:0/397345767 (peer_addr_for_me v2:172.21.15.32:0/0)
2023-08-11T15:37:18.886 INFO:teuthology.orchestra.run.smithi032.stdout:/usr/bin/ceph: stderr
2023-08-11T15:37:18.115+0000 7fa92157a700 1 -- 172.21.15.32:0/397345767 --> [v2:172.21.15.32:3300/0,v1:172.21.15.32:6789/0] -- mon_subscribe({config=0+,monmap=0+}) v3 -- 0x7fa91c07aa10 con 0x7fa91c07bea0
2023-08-11T15:37:18.891 INFO:teuthology.orchestra.run.smithi032.stdout:/usr/bin/ceph: stderr
2023-08-11T15:37:18.115+0000 7fa92157a700 1 --2- 172.21.15.32:0/397345767 >> [v2:172.21.15.32:3300/0,v1:172.21.15.32:6789/0] conn(0x7fa91c07bea0 0x7fa91c07a300 secure :-1 s=READY pgs=18 cs=0 l=1 rev1=1 crypto rx=0x7fa9180098a0 tx=0x7fa918009bb0 comp rx=0 tx=0).ready entity=mon.0 client_cookie=b4a90754379f226e server_cookie=0 in_seq=0 out_seq=0
2023-08-11T15:37:18.891 INFO:teuthology.orchestra.run.smithi032.stdout:/usr/bin/ceph: stderr
2023-08-11T15:37:18.115+0000 7fa913fff700 1 -- 172.21.15.32:0/397345767 <== mon.0 v2:172.21.15.32:3300/0 1 ==== mon_map magic: 0 v1 ==== 205+0+0 (secure 0 0 0) 0x7fa918004160 con 0x7fa91c07bea0
2023-08-11T15:37:18.891 INFO:teuthology.orchestra.run.smithi032.stdout:/usr/bin/ceph: stderr
2023-08-11T15:37:18.115+0000 7fa913fff700 1 -- 172.21.15.32:0/397345767 <== mon.0 v2:172.21.15.32:3300/0 2 ==== config(26 keys) v1 ==== 1074+0+0 (secure 0 0 0) 0x7fa9180042c0 con 0x7fa91c07bea0
2023-08-11T15:37:18.892 INFO:teuthology.orchestra.run.smithi032.stdout:/usr/bin/ceph: stderr
2023-08-11T15:37:18.115+0000 7fa913fff700 1 -- 172.21.15.32:0/397345767 <== mon.0 v2:172.21.15.32:3300/0 3 ==== mon_map magic: 0 v1 ==== 205+0+0 (secure 0 0 0) 0x7fa918011a00 con 0x7fa91c07bea0
2023-08-11T15:37:18.892 INFO:teuthology.orchestra.run.smithi032.stdout:/usr/bin/ceph: stderr
2023-08-11T15:37:18.116+0000 7fa9237de700 1 -- 172.21.15.32:0/397345767 >> [v2:172.21.15.32:3300/0,v1:172.21.15.32:6789/0] conn(0x7fa91c07bea0 msgr2=0x7fa91c07a300 secure :-1 s=STATE_CONNECTION_ESTABLISHED l=1).mark_down
2023-08-11T15:37:18.892 INFO:teuthology.orchestra.run.smithi032.stdout:/usr/bin/ceph: stderr
2023-08-11T15:37:18.116+0000 7fa9237de700 1 --2- 172.21.15.32:0/397345767 >> [v2:172.21.15.32:3300/0,v1:172.21.15.32:6789/0] conn(0x7fa91c07bea0 0x7fa91c07a300 secure :-1 s=READY pgs=18 cs=0 l=1 rev1=1 crypto rx=0x7fa9180098a0 tx=0x7fa918009bb0 comp rx=0 tx=0).stop
2023-08-11T15:37:18.893 INFO:teuthology.orchestra.run.smithi032.stdout:/usr/bin/ceph: stderr
2023-08-11T15:37:18.116+0000 7fa9237de700 1 -- 172.21.15.32:0/397345767 shutdown_connections
2023-08-11T15:37:18.893 INFO:teuthology.orchestra.run.smithi032.stdout:/usr/bin/ceph: stderr
2023-08-11T15:37:18.116+0000 7fa9237de700 1 --2- 172.21.15.32:0/397345767 >> [v2:172.21.15.32:3300/0,v1:172.21.15.32:6789/0] conn(0x7fa91c07bea0 0x7fa91c07a300 unknown :-1 s=CLOSED pgs=18 cs=0 l=1 rev1=1 crypto rx=0 tx=0 comp rx=0 tx=0).stop
2023-08-11T15:37:18.893 INFO:teuthology.orchestra.run.smithi032.stdout:/usr/bin/ceph: stderr
2023-08-11T15:37:18.116+0000 7fa9237de700 1 -- 172.21.15.32:0/397345767 >> 172.21.15.32:0/397345767 conn(0x7fa91c101610 msgr2=0x7fa91c103a50 unknown :-1 s=STATE_NONE l=0).mark_down
2023-08-11T15:37:18.893 INFO:teuthology.orchestra.run.smithi032.stdout:/usr/bin/ceph: stderr
2023-08-11T15:37:18.116+0000 7fa9237de700 1 -- 172.21.15.32:0/397345767 shutdown_connections
2023-08-11T15:37:18.893 INFO:teuthology.orchestra.run.smithi032.stdout:/usr/bin/ceph: stderr
2023-08-11T15:37:18.116+0000 7fa9237de700 1 -- 172.21.15.32:0/397345767 wait complete.
2023-08-11T15:37:18.893 INFO:teuthology.orchestra.run.smithi032.stdout:/usr/bin/ceph: stderr
2023-08-11T15:37:18.117+0000 7fa9237de700 1 Processor -- start
2023-08-11T15:37:18.894 INFO:teuthology.orchestra.run.smithi032.stdout:/usr/bin/ceph: stderr
2023-08-11T15:37:18.117+0000 7fa9237de700 1 -- start start
2023-08-11T15:37:18.894 INFO:teuthology.orchestra.run.smithi032.stdout:/usr/bin/ceph: stderr
2023-08-11T15:37:18.118+0000 7fa9237de700 1 --2- >> [v2:172.21.15.32:3300/0,v1:172.21.15.32:6789/0] conn(0x7fa91c07bea0 0x7fa91c19c030 unknown :-1 s=NONE pgs=0 cs=0 l=1 rev1=0 crypto rx=0 tx=0 comp rx=0 tx=0).connect
2023-08-11T15:37:18.895 INFO:teuthology.orchestra.run.smithi032.stdout:/usr/bin/ceph: stderr
2023-08-11T15:37:18.118+0000 7fa9237de700 1 -- --> [v2:172.21.15.32:3300/0,v1:172.21.15.32:6789/0] -- mon_getmap magic: 0 v1 -- 0x7fa91c19c570 con 0x7fa91c07bea0
2023-08-11T15:37:18.895 INFO:teuthology.orchestra.run.smithi032.stdout:/usr/bin/ceph: stderr
2023-08-11T15:37:18.118+0000 7fa92157a700 1 --2- >> [v2:172.21.15.32:3300/0,v1:172.21.15.32:6789/0] conn(0x7fa91c07bea0 0x7fa91c19c030 unknown :-1 s=BANNER_CONNECTING pgs=0 cs=0 l=1 rev1=0 crypto rx=0 tx=0 comp rx=0 tx=0)._handle_peer_banner_payload supported=3 required=0
2023-08-11T15:37:18.895 INFO:teuthology.orchestra.run.smithi032.stdout:/usr/bin/ceph: stderr
2023-08-11T15:37:18.118+0000 7fa92157a700 1 --2- >> [v2:172.21.15.32:3300/0,v1:172.21.15.32:6789/0] conn(0x7fa91c07bea0 0x7fa91c19c030 unknown :-1 s=HELLO_CONNECTING pgs=0 cs=0 l=1 rev1=1 crypto rx=0 tx=0 comp rx=0 tx=0).handle_hello peer v2:172.21.15.32:3300/0 says I am v2:172.21.15.32:39056/0 (socket says 172.21.15.32:39056)
2023-08-11T15:37:18.895 INFO:teuthology.orchestra.run.smithi032.stdout:/usr/bin/ceph: stderr
2023-08-11T15:37:18.118+0000 7fa92157a700 1 -- 172.21.15.32:0/1017903850 learned_addr learned my addr 172.21.15.32:0/1017903850 (peer_addr_for_me v2:172.21.15.32:0/0)
2023-08-11T15:37:18.895 INFO:teuthology.orchestra.run.smithi032.stdout:/usr/bin/ceph: stderr
2023-08-11T15:37:18.118+0000 7fa92157a700 1 -- 172.21.15.32:0/1017903850 --> [v2:172.21.15.32:3300/0,v1:172.21.15.32:6789/0] -- mon_subscribe({config=0+,monmap=0+}) v3 -- 0x7fa918009550 con 0x7fa91c07bea0
2023-08-11T15:37:18.896 INFO:teuthology.orchestra.run.smithi032.stdout:/usr/bin/ceph: stderr
2023-08-11T15:37:18.118+0000 7fa92157a700 1 --2- 172.21.15.32:0/1017903850 >> [v2:172.21.15.32:3300/0,v1:172.21.15.32:6789/0] conn(0x7fa91c07bea0 0x7fa91c19c030 secure :-1 s=READY pgs=19 cs=0 l=1 rev1=1 crypto rx=0x7fa918009130 tx=0x7fa918011ad0 comp rx=0 tx=0).ready entity=mon.0 client_cookie=0 server_cookie=0 in_seq=0 out_seq=0
2023-08-11T15:37:18.896 INFO:teuthology.orchestra.run.smithi032.stdout:/usr/bin/ceph: stderr
2023-08-11T15:37:18.119+0000 7fa9127fc700 1 -- 172.21.15.32:0/1017903850 <== mon.0 v2:172.21.15.32:3300/0 1 ==== mon_map magic: 0 v1 ==== 205+0+0 (secure 0 0 0) 0x7fa918003ab0 con 0x7fa91c07bea0
2023-08-11T15:37:18.896 INFO:teuthology.orchestra.run.smithi032.stdout:/usr/bin/ceph: stderr
2023-08-11T15:37:18.119+0000 7fa9127fc700 1 -- 172.21.15.32:0/1017903850 <== mon.0 v2:172.21.15.32:3300/0 2 ==== config(26 keys) v1 ==== 1074+0+0 (secure 0 0 0) 0x7fa918003c10 con 0x7fa91c07bea0
2023-08-11T15:37:18.896 INFO:teuthology.orchestra.run.smithi032.stdout:/usr/bin/ceph: stderr
2023-08-11T15:37:18.119+0000 7fa9127fc700 1 -- 172.21.15.32:0/1017903850 <== mon.0 v2:172.21.15.32:3300/0 3 ==== mon_map magic: 0 v1 ==== 205+0+0 (secure 0 0 0) 0x7fa9180247d0 con 0x7fa91c07bea0
2023-08-11T15:37:18.896 INFO:teuthology.orchestra.run.smithi032.stdout:/usr/bin/ceph: stderr
2023-08-11T15:37:18.119+0000 7fa9237de700 1 -- 172.21.15.32:0/1017903850 --> [v2:172.21.15.32:3300/0,v1:172.21.15.32:6789/0] -- mon_subscribe({mgrmap=0+}) v3 -- 0x7fa91c19c770 con 0x7fa91c07bea0
2023-08-11T15:37:18.896 INFO:teuthology.orchestra.run.smithi032.stdout:/usr/bin/ceph: stderr
2023-08-11T15:37:18.119+0000 7fa9237de700 1 -- 172.21.15.32:0/1017903850 --> [v2:172.21.15.32:3300/0,v1:172.21.15.32:6789/0] -- mon_subscribe({osdmap=0}) v3 -- 0x7fa91c19cb90 con 0x7fa91c07bea0
2023-08-11T15:37:18.897 INFO:teuthology.orchestra.run.smithi032.stdout:/usr/bin/ceph: stderr
2023-08-11T15:37:18.120+0000 7fa9127fc700 1 -- 172.21.15.32:0/1017903850 <== mon.0 v2:172.21.15.32:3300/0 4 ==== mgrmap(e 4) v1 ==== 45124+0+0 (secure 0 0 0) 0x7fa91801abb0 con 0x7fa91c07bea0
2023-08-11T15:37:18.897 INFO:teuthology.orchestra.run.smithi032.stdout:/usr/bin/ceph: stderr
2023-08-11T15:37:18.120+0000 7fa9237de700 1 -- 172.21.15.32:0/1017903850 --> [v2:172.21.15.32:3300/0,v1:172.21.15.32:6789/0] -- mon_command({"prefix": "get_command_descriptions"} v 0) v1 -- 0x7fa91c196050 con 0x7fa91c07bea0
2023-08-11T15:37:18.897 INFO:teuthology.orchestra.run.smithi032.stdout:/usr/bin/ceph: stderr
2023-08-11T15:37:18.120+0000 7fa9127fc700 1 --2- 172.21.15.32:0/1017903850 >> [v2:172.21.15.32:6800/114266517,v1:172.21.15.32:6801/114266517] conn(0x7fa908038110 0x7fa90803a5d0 unknown :-1 s=NONE pgs=0 cs=0 l=1 rev1=0 crypto rx=0 tx=0 comp rx=0 tx=0).connect
2023-08-11T15:37:18.897 INFO:teuthology.orchestra.run.smithi032.stdout:/usr/bin/ceph: stderr
2023-08-11T15:37:18.120+0000 7fa9127fc700 1 -- 172.21.15.32:0/1017903850 <== mon.0 v2:172.21.15.32:3300/0 5 ==== osd_map(1..1 src has 1..1) v4 ==== 725+0+0 (secure 0 0 0) 0x7fa91804bcb0 con 0x7fa91c07bea0
2023-08-11T15:37:18.897 INFO:teuthology.orchestra.run.smithi032.stdout:/usr/bin/ceph: stderr
2023-08-11T15:37:18.121+0000 7fa920d79700 1 --2- 172.21.15.32:0/1017903850 >> [v2:172.21.15.32:6800/114266517,v1:172.21.15.32:6801/114266517] conn(0x7fa908038110 0x7fa90803a5d0 unknown :-1 s=BANNER_CONNECTING pgs=0 cs=0 l=1 rev1=0 crypto rx=0 tx=0 comp rx=0 tx=0)._handle_peer_banner_payload supported=3 required=0
2023-08-11T15:37:18.897 INFO:teuthology.orchestra.run.smithi032.stdout:/usr/bin/ceph: stderr
2023-08-11T15:37:18.121+0000 7fa920d79700 1 --2- 172.21.15.32:0/1017903850 >> [v2:172.21.15.32:6800/114266517,v1:172.21.15.32:6801/114266517] conn(0x7fa908038110 0x7fa90803a5d0 secure :-1 s=READY pgs=8 cs=0 l=1 rev1=1 crypto rx=0x7fa90c006fd0 tx=0x7fa90c006e40 comp rx=0 tx=0).ready entity=mgr.14100 client_cookie=0 server_cookie=0 in_seq=0 out_seq=0
2023-08-11T15:37:18.897 INFO:teuthology.orchestra.run.smithi032.stdout:/usr/bin/ceph: stderr
2023-08-11T15:37:18.125+0000 7fa9127fc700 1 -- 172.21.15.32:0/1017903850 <== mon.0 v2:172.21.15.32:3300/0 6 ==== mon_command_ack([{"prefix": "get_command_descriptions"}]=0 v0) v1 ==== 72+0+179220 (secure 0 0 0) 0x7fa918018710 con 0x7fa91c07bea0
2023-08-11T15:37:18.897 INFO:teuthology.orchestra.run.smithi032.stdout:/usr/bin/ceph: stderr
2023-08-11T15:37:18.391+0000 7fa9237de700 1 -- 172.21.15.32:0/1017903850 --> [v2:172.21.15.32:3300/0,v1:172.21.15.32:6789/0] -- mon_command({"prefix": "mgr module enable", "module": "cephadm"} v 0) v1 -- 0x7fa91c061fa0 con 0x7fa91c07bea0
2023-08-11T15:37:18.898 INFO:teuthology.orchestra.run.smithi032.stdout:/usr/bin/ceph: stderr
2023-08-11T15:37:18.472+0000 7fa9127fc700 1 -- 172.21.15.32:0/1017903850 <== mon.0 v2:172.21.15.32:3300/0 7 ==== mgrmap(e 5) v1 ==== 45135+0+0 (secure 0 0 0) 0x7fa91802d770 con 0x7fa91c07bea0
2023-08-11T15:37:18.898 INFO:teuthology.orchestra.run.smithi032.stdout:/usr/bin/ceph: stderr
2023-08-11T15:37:18.473+0000 7fa9127fc700 1 -- 172.21.15.32:0/1017903850 <== mon.0 v2:172.21.15.32:3300/0 8 ==== mon_command_ack([{"prefix": "mgr module enable", "module": "cephadm"}]=0 v5) v1 ==== 86+0+0 (secure 0 0 0) 0x7fa91802ad60 con 0x7fa91c07bea0
2023-08-11T15:37:18.898 INFO:teuthology.orchestra.run.smithi032.stdout:/usr/bin/ceph: stderr
2023-08-11T15:37:18.476+0000 7fa9237de700 1 -- 172.21.15.32:0/1017903850 >> [v2:172.21.15.32:6800/114266517,v1:172.21.15.32:6801/114266517] conn(0x7fa908038110 msgr2=0x7fa90803a5d0 secure :-1 s=STATE_CONNECTION_ESTABLISHED l=1).mark_down
2023-08-11T15:37:18.898 INFO:teuthology.orchestra.run.smithi032.stdout:/usr/bin/ceph: stderr
2023-08-11T15:37:18.476+0000 7fa9237de700 1 --2- 172.21.15.32:0/1017903850 >> [v2:172.21.15.32:6800/114266517,v1:172.21.15.32:6801/114266517] conn(0x7fa908038110 0x7fa90803a5d0 secure :-1 s=READY pgs=8 cs=0 l=1 rev1=1 crypto rx=0x7fa90c006fd0 tx=0x7fa90c006e40 comp rx=0 tx=0).stop
2023-08-11T15:37:18.898 INFO:teuthology.orchestra.run.smithi032.stdout:/usr/bin/ceph: stderr
2023-08-11T15:37:18.476+0000 7fa9237de700 1 -- 172.21.15.32:0/1017903850 >> [v2:172.21.15.32:3300/0,v1:172.21.15.32:6789/0] conn(0x7fa91c07bea0 msgr2=0x7fa91c19c030 secure :-1 s=STATE_CONNECTION_ESTABLISHED l=1).mark_down
2023-08-11T15:37:18.898 INFO:teuthology.orchestra.run.smithi032.stdout:/usr/bin/ceph: stderr
2023-08-11T15:37:18.476+0000 7fa9237de700 1 --2- 172.21.15.32:0/1017903850 >> [v2:172.21.15.32:3300/0,v1:172.21.15.32:6789/0] conn(0x7fa91c07bea0 0x7fa91c19c030 secure :-1 s=READY pgs=19 cs=0 l=1 rev1=1 crypto rx=0x7fa918009130 tx=0x7fa918011ad0 comp rx=0 tx=0).stop
2023-08-11T15:37:18.898 INFO:teuthology.orchestra.run.smithi032.stdout:/usr/bin/ceph: stderr
2023-08-11T15:37:18.476+0000 7fa9237de700 1 -- 172.21.15.32:0/1017903850 shutdown_connections
2023-08-11T15:37:18.899 INFO:teuthology.orchestra.run.smithi032.stdout:/usr/bin/ceph: stderr
2023-08-11T15:37:18.476+0000 7fa9237de700 1 --2- 172.21.15.32:0/1017903850 >> [v2:172.21.15.32:6800/114266517,v1:172.21.15.32:6801/114266517] conn(0x7fa908038110 0x7fa90803a5d0 unknown :-1 s=CLOSED pgs=8 cs=0 l=1 rev1=1 crypto rx=0 tx=0 comp rx=0 tx=0).stop
2023-08-11T15:37:18.899 INFO:teuthology.orchestra.run.smithi032.stdout:/usr/bin/ceph: stderr
2023-08-11T15:37:18.476+0000 7fa9237de700 1 --2- 172.21.15.32:0/1017903850 >> [v2:172.21.15.32:3300/0,v1:172.21.15.32:6789/0] conn(0x7fa91c07bea0 0x7fa91c19c030 unknown :-1 s=CLOSED pgs=19 cs=0 l=1 rev1=1 crypto rx=0 tx=0 comp rx=0 tx=0).stop
2023-08-11T15:37:18.899 INFO:teuthology.orchestra.run.smithi032.stdout:/usr/bin/ceph: stderr
2023-08-11T15:37:18.476+0000 7fa9237de700 1 -- 172.21.15.32:0/1017903850 >> 172.21.15.32:0/1017903850 conn(0x7fa91c101610 msgr2=0x7fa91c1039f0 unknown :-1 s=STATE_NONE l=0).mark_down
2023-08-11T15:37:18.899 INFO:teuthology.orchestra.run.smithi032.stdout:/usr/bin/ceph: stderr
2023-08-11T15:37:18.476+0000 7fa9237de700 1 -- 172.21.15.32:0/1017903850 shutdown_connections
2023-08-11T15:37:18.899 INFO:teuthology.orchestra.run.smithi032.stdout:/usr/bin/ceph: stderr
2023-08-11T15:37:18.476+0000 7fa9237de700 1 -- 172.21.15.32:0/1017903850 wait complete.
2023-08-11T15:37:19.053 INFO:journalctl@ceph.mgr.x.smithi032.stdout:Aug 11 15:37:18 smithi032 ceph-cd36a838-385c-11ee-9b37-001a4aab830c-mgr-x[97353]:
2023-08-11T15:37:18.740+0000 7fe0f12c8200 -1 mgr[py] Module devicehealth has missing NOTIFY_TYPES member
2023-08-11T15:37:19.053 INFO:journalctl@ceph.mgr.x.smithi032.stdout:Aug 11 15:37:18 smithi032 ceph-cd36a838-385c-11ee-9b37-001a4aab830c-mgr-x[97353]:
2023-08-11T15:37:18.848+0000 7fe0f12c8200 -1 mgr[py] Module osd_support has missing NOTIFY_TYPES member
2023-08-11T15:37:19.054 INFO:journalctl@ceph.mgr.x.smithi032.stdout:Aug 11 15:37:18 smithi032 ceph-cd36a838-385c-11ee-9b37-001a4aab830c-mgr-x[97353]:
2023-08-11T15:37:18.974+0000 7fe0f12c8200 -1 mgr[py] Module snap_schedule has missing NOTIFY_TYPES member
2023-08-11T15:37:19.473 INFO:journalctl@ceph.mgr.x.smithi032.stdout:Aug 11 15:37:19 smithi032 ceph-cd36a838-385c-11ee-9b37-001a4aab830c-mgr-x[97353]:
2023-08-11T15:37:19.101+0000 7fe0f12c8200 -1 mgr[py] Module zabbix has missing NOTIFY_TYPES member
2023-08-11T15:37:19.474 INFO:journalctl@ceph.mgr.x.smithi032.stdout:Aug 11 15:37:19 smithi032 ceph-cd36a838-385c-11ee-9b37-001a4aab830c-mgr-x[97353]:
2023-08-11T15:37:19.348+0000 7fe0f12c8200 -1 mgr[py] Module crash has missing NOTIFY_TYPES member
2023-08-11T15:37:19.800 INFO:journalctl@ceph.mon.a.smithi032.stdout:Aug 11 15:37:19 smithi032 ceph-mon[97103]: from='client.? 172.21.15.32:0/1017903850' entity='client.admin' cmd='[{"prefix": "mgr module enable", "module": "cephadm"}]': finished
2023-08-11T15:37:19.800 INFO:journalctl@ceph.mon.a.smithi032.stdout:Aug 11 15:37:19 smithi032 ceph-mon[97103]: mgrmap e5: x(active, since 4s)
2023-08-11T15:37:20.053 INFO:journalctl@ceph.mgr.x.smithi032.stdout:Aug 11 15:37:19 smithi032 ceph-cd36a838-385c-11ee-9b37-001a4aab830c-mgr-x[97353]:
2023-08-11T15:37:19.878+0000 7fe0f12c8200 -1 mgr[py] Module prometheus has missing NOTIFY_TYPES member
2023-08-11T15:37:20.053 INFO:journalctl@ceph.mgr.x.smithi032.stdout:Aug 11 15:37:20 smithi032 ceph-cd36a838-385c-11ee-9b37-001a4aab830c-mgr-x[97353]:
2023-08-11T15:37:20.045+0000 7fe0f12c8200 -1 mgr[py] Module status has missing NOTIFY_TYPES member
2023-08-11T15:37:20.173 INFO:teuthology.orchestra.run.smithi032.stdout:/usr/bin/ceph: stdout {
2023-08-11T15:37:20.173 INFO:teuthology.orchestra.run.smithi032.stdout:/usr/bin/ceph: stdout "epoch": 5,
2023-08-11T15:37:20.173 INFO:teuthology.orchestra.run.smithi032.stdout:/usr/bin/ceph: stdout "available": true,
2023-08-11T15:37:20.173 INFO:teuthology.orchestra.run.smithi032.stdout:/usr/bin/ceph: stdout "active_name": "x",
2023-08-11T15:37:20.173 INFO:teuthology.orchestra.run.smithi032.stdout:/usr/bin/ceph: stdout "num_standby": 0
2023-08-11T15:37:20.174 INFO:teuthology.orchestra.run.smithi032.stdout:/usr/bin/ceph: stdout }
2023-08-11T15:37:20.174 INFO:teuthology.orchestra.run.smithi032.stdout:/usr/bin/ceph: stderr
2023-08-11T15:37:19.436+0000 7f8b72387700 1 Processor -- start
2023-08-11T15:37:20.174 INFO:teuthology.orchestra.run.smithi032.stdout:/usr/bin/ceph: stderr
2023-08-11T15:37:19.436+0000 7f8b72387700 1 -- start start
2023-08-11T15:37:20.174 INFO:teuthology.orchestra.run.smithi032.stdout:/usr/bin/ceph: stderr
2023-08-11T15:37:19.436+0000 7f8b72387700 1 --2- >> [v2:172.21.15.32:3300/0,v1:172.21.15.32:6789/0] conn(0x7f8b6c07be80 0x7f8b6c07a2e0 unknown :-1 s=NONE pgs=0 cs=0 l=0 rev1=0 crypto rx=0 tx=0 comp rx=0 tx=0).connect
2023-08-11T15:37:20.174 INFO:teuthology.orchestra.run.smithi032.stdout:/usr/bin/ceph: stderr
2023-08-11T15:37:19.436+0000 7f8b72387700 1 -- --> [v2:172.21.15.32:3300/0,v1:172.21.15.32:6789/0] -- mon_getmap magic: 0 v1 -- 0x7f8b6c07a8b0 con 0x7f8b6c07be80
2023-08-11T15:37:20.174 INFO:teuthology.orchestra.run.smithi032.stdout:/usr/bin/ceph: stderr
2023-08-11T15:37:19.437+0000 7f8b6bfff700 1 --2- >> [v2:172.21.15.32:3300/0,v1:172.21.15.32:6789/0] conn(0x7f8b6c07be80 0x7f8b6c07a2e0 unknown :-1 s=BANNER_CONNECTING pgs=0 cs=0 l=0 rev1=0 crypto rx=0 tx=0 comp rx=0 tx=0)._handle_peer_banner_payload supported=3 required=0
2023-08-11T15:37:20.174 INFO:teuthology.orchestra.run.smithi032.stdout:/usr/bin/ceph: stderr
2023-08-11T15:37:19.437+0000 7f8b6bfff700 1 --2- >> [v2:172.21.15.32:3300/0,v1:172.21.15.32:6789/0] conn(0x7f8b6c07be80 0x7f8b6c07a2e0 unknown :-1 s=HELLO_CONNECTING pgs=0 cs=0 l=0 rev1=1 crypto rx=0 tx=0 comp rx=0 tx=0).handle_hello peer v2:172.21.15.32:3300/0 says I am v2:172.21.15.32:39072/0 (socket says 172.21.15.32:39072)
2023-08-11T15:37:20.175 INFO:teuthology.orchestra.run.smithi032.stdout:/usr/bin/ceph: stderr
2023-08-11T15:37:19.437+0000 7f8b6bfff700 1 -- 172.21.15.32:0/1952723126 learned_addr learned my addr 172.21.15.32:0/1952723126 (peer_addr_for_me v2:172.21.15.32:0/0)
2023-08-11T15:37:20.175 INFO:teuthology.orchestra.run.smithi032.stdout:/usr/bin/ceph: stderr
2023-08-11T15:37:19.437+0000 7f8b6bfff700 1 -- 172.21.15.32:0/1952723126 --> [v2:172.21.15.32:3300/0,v1:172.21.15.32:6789/0] -- mon_subscribe({config=0+,monmap=0+}) v3 -- 0x7f8b6c07a9f0 con 0x7f8b6c07be80
2023-08-11T15:37:20.175 INFO:teuthology.orchestra.run.smithi032.stdout:/usr/bin/ceph: stderr
2023-08-11T15:37:19.437+0000 7f8b6bfff700 1 --2- 172.21.15.32:0/1952723126 >> [v2:172.21.15.32:3300/0,v1:172.21.15.32:6789/0] conn(0x7f8b6c07be80 0x7f8b6c07a2e0 secure :-1 s=READY pgs=22 cs=0 l=1 rev1=1 crypto rx=0x7f8b5c0098a0 tx=0x7f8b5c009bb0 comp rx=0 tx=0).ready entity=mon.0 client_cookie=de628e2bb7411152 server_cookie=0 in_seq=0 out_seq=0
2023-08-11T15:37:20.175 INFO:teuthology.orchestra.run.smithi032.stdout:/usr/bin/ceph: stderr
2023-08-11T15:37:19.437+0000 7f8b6affd700 1 -- 172.21.15.32:0/1952723126 <== mon.0 v2:172.21.15.32:3300/0 1 ==== mon_map magic: 0 v1 ==== 205+0+0 (secure 0 0 0) 0x7f8b5c004160 con 0x7f8b6c07be80
2023-08-11T15:37:20.175 INFO:teuthology.orchestra.run.smithi032.stdout:/usr/bin/ceph: stderr
2023-08-11T15:37:19.438+0000 7f8b6affd700 1 -- 172.21.15.32:0/1952723126 <== mon.0 v2:172.21.15.32:3300/0 2 ==== config(26 keys) v1 ==== 1074+0+0 (secure 0 0 0) 0x7f8b5c0042c0 con 0x7f8b6c07be80
2023-08-11T15:37:20.175 INFO:teuthology.orchestra.run.smithi032.stdout:/usr/bin/ceph: stderr
2023-08-11T15:37:19.438+0000 7f8b6affd700 1 -- 172.21.15.32:0/1952723126 <== mon.0 v2:172.21.15.32:3300/0 3 ==== mon_map magic: 0 v1 ==== 205+0+0 (secure 0 0 0) 0x7f8b5c011a00 con 0x7f8b6c07be80
2023-08-11T15:37:20.176 INFO:teuthology.orchestra.run.smithi032.stdout:/usr/bin/ceph: stderr
2023-08-11T15:37:19.438+0000 7f8b72387700 1 -- 172.21.15.32:0/1952723126 >> [v2:172.21.15.32:3300/0,v1:172.21.15.32:6789/0] conn(0x7f8b6c07be80 msgr2=0x7f8b6c07a2e0 secure :-1 s=STATE_CONNECTION_ESTABLISHED l=1).mark_down
2023-08-11T15:37:20.176 INFO:teuthology.orchestra.run.smithi032.stdout:/usr/bin/ceph: stderr
2023-08-11T15:37:19.438+0000 7f8b72387700 1 --2- 172.21.15.32:0/1952723126 >> [v2:172.21.15.32:3300/0,v1:172.21.15.32:6789/0] conn(0x7f8b6c07be80 0x7f8b6c07a2e0 secure :-1 s=READY pgs=22 cs=0 l=1 rev1=1 crypto rx=0x7f8b5c0098a0 tx=0x7f8b5c009bb0 comp rx=0 tx=0).stop
2023-08-11T15:37:20.176 INFO:teuthology.orchestra.run.smithi032.stdout:/usr/bin/ceph: stderr
2023-08-11T15:37:19.438+0000 7f8b72387700 1 -- 172.21.15.32:0/1952723126 shutdown_connections
2023-08-11T15:37:20.176 INFO:teuthology.orchestra.run.smithi032.stdout:/usr/bin/ceph: stderr
2023-08-11T15:37:19.438+0000 7f8b72387700 1 --2- 172.21.15.32:0/1952723126 >> [v2:172.21.15.32:3300/0,v1:172.21.15.32:6789/0] conn(0x7f8b6c07be80 0x7f8b6c07a2e0 unknown :-1 s=CLOSED pgs=22 cs=0 l=1 rev1=1 crypto rx=0 tx=0 comp rx=0 tx=0).stop
2023-08-11T15:37:20.176 INFO:teuthology.orchestra.run.smithi032.stdout:/usr/bin/ceph: stderr
2023-08-11T15:37:19.438+0000 7f8b72387700 1 -- 172.21.15.32:0/1952723126 >> 172.21.15.32:0/1952723126 conn(0x7f8b6c101610 msgr2=0x7f8b6c103a50 unknown :-1 s=STATE_NONE l=0).mark_down
2023-08-11T15:37:20.176 INFO:teuthology.orchestra.run.smithi032.stdout:/usr/bin/ceph: stderr
2023-08-11T15:37:19.438+0000 7f8b72387700 1 -- 172.21.15.32:0/1952723126 shutdown_connections
2023-08-11T15:37:20.177 INFO:teuthology.orchestra.run.smithi032.stdout:/usr/bin/ceph: stderr
2023-08-11T15:37:19.438+0000 7f8b72387700 1 -- 172.21.15.32:0/1952723126 wait complete.
2023-08-11T15:37:20.177 INFO:teuthology.orchestra.run.smithi032.stdout:/usr/bin/ceph: stderr
2023-08-11T15:37:19.440+0000 7f8b72387700 1 Processor -- start
2023-08-11T15:37:20.177 INFO:teuthology.orchestra.run.smithi032.stdout:/usr/bin/ceph: stderr
2023-08-11T15:37:19.440+0000 7f8b72387700 1 -- start start
2023-08-11T15:37:20.177 INFO:teuthology.orchestra.run.smithi032.stdout:/usr/bin/ceph: stderr
2023-08-11T15:37:19.441+0000 7f8b72387700 1 --2- >> [v2:172.21.15.32:3300/0,v1:172.21.15.32:6789/0] conn(0x7f8b6c07be80 0x7f8b6c19bff0 unknown :-1 s=NONE pgs=0 cs=0 l=1 rev1=0 crypto rx=0 tx=0 comp rx=0 tx=0).connect
2023-08-11T15:37:20.177 INFO:teuthology.orchestra.run.smithi032.stdout:/usr/bin/ceph: stderr
2023-08-11T15:37:19.441+0000 7f8b72387700 1 -- --> [v2:172.21.15.32:3300/0,v1:172.21.15.32:6789/0] -- mon_getmap magic: 0 v1 -- 0x7f8b6c19c530 con 0x7f8b6c07be80
2023-08-11T15:37:20.177 INFO:teuthology.orchestra.run.smithi032.stdout:/usr/bin/ceph: stderr
2023-08-11T15:37:19.441+0000 7f8b6bfff700 1 --2- >> [v2:172.21.15.32:3300/0,v1:172.21.15.32:6789/0] conn(0x7f8b6c07be80 0x7f8b6c19bff0 unknown :-1 s=BANNER_CONNECTING pgs=0 cs=0 l=1 rev1=0 crypto rx=0 tx=0 comp rx=0 tx=0)._handle_peer_banner_payload supported=3 required=0
2023-08-11T15:37:20.178 INFO:teuthology.orchestra.run.smithi032.stdout:/usr/bin/ceph: stderr
2023-08-11T15:37:19.441+0000 7f8b6bfff700 1 --2- >> [v2:172.21.15.32:3300/0,v1:172.21.15.32:6789/0] conn(0x7f8b6c07be80 0x7f8b6c19bff0 unknown :-1 s=HELLO_CONNECTING pgs=0 cs=0 l=1 rev1=1 crypto rx=0 tx=0 comp rx=0 tx=0).handle_hello peer v2:172.21.15.32:3300/0 says I am v2:172.21.15.32:39082/0 (socket says 172.21.15.32:39082)
2023-08-11T15:37:20.178 INFO:teuthology.orchestra.run.smithi032.stdout:/usr/bin/ceph: stderr
2023-08-11T15:37:19.441+0000 7f8b6bfff700 1 -- 172.21.15.32:0/3247223981 learned_addr learned my addr 172.21.15.32:0/3247223981 (peer_addr_for_me v2:172.21.15.32:0/0)
2023-08-11T15:37:20.178 INFO:teuthology.orchestra.run.smithi032.stdout:/usr/bin/ceph: stderr
2023-08-11T15:37:19.441+0000 7f8b6bfff700 1 -- 172.21.15.32:0/3247223981 --> [v2:172.21.15.32:3300/0,v1:172.21.15.32:6789/0] -- mon_subscribe({config=0+,monmap=0+}) v3 -- 0x7f8b5c009550 con 0x7f8b6c07be80
2023-08-11T15:37:20.178 INFO:teuthology.orchestra.run.smithi032.stdout:/usr/bin/ceph: stderr
2023-08-11T15:37:19.442+0000 7f8b6bfff700 1 --2- 172.21.15.32:0/3247223981 >> [v2:172.21.15.32:3300/0,v1:172.21.15.32:6789/0] conn(0x7f8b6c07be80 0x7f8b6c19bff0 secure :-1 s=READY pgs=23 cs=0 l=1 rev1=1 crypto rx=0x7f8b5c009130 tx=0x7f8b5c011ad0 comp rx=0 tx=0).ready entity=mon.0 client_cookie=0 server_cookie=0 in_seq=0 out_seq=0
2023-08-11T15:37:20.178 INFO:teuthology.orchestra.run.smithi032.stdout:/usr/bin/ceph: stderr
2023-08-11T15:37:19.442+0000 7f8b697fa700 1 -- 172.21.15.32:0/3247223981 <== mon.0 v2:172.21.15.32:3300/0 1 ==== mon_map magic: 0 v1 ==== 205+0+0 (secure 0 0 0) 0x7f8b5c003b70 con 0x7f8b6c07be80
2023-08-11T15:37:20.178 INFO:teuthology.orchestra.run.smithi032.stdout:/usr/bin/ceph: stderr
2023-08-11T15:37:19.442+0000 7f8b697fa700 1 -- 172.21.15.32:0/3247223981 <== mon.0 v2:172.21.15.32:3300/0 2 ==== config(26 keys) v1 ==== 1074+0+0 (secure 0 0 0) 0x7f8b5c003cd0 con 0x7f8b6c07be80
2023-08-11T15:37:20.178 INFO:teuthology.orchestra.run.smithi032.stdout:/usr/bin/ceph: stderr
2023-08-11T15:37:19.442+0000 7f8b72387700 1 -- 172.21.15.32:0/3247223981 --> [v2:172.21.15.32:3300/0,v1:172.21.15.32:6789/0] -- mon_subscribe({mgrmap=0+}) v3 -- 0x7f8b6c19c730 con 0x7f8b6c07be80
2023-08-11T15:37:20.179 INFO:teuthology.orchestra.run.smithi032.stdout:/usr/bin/ceph: stderr
