2023-08-11T15:37:44.056+0000 7f652e5ed700 1 -- 172.21.15.32:0/3054831599 --> [v2:172.21.15.32:3300/0,v1:172.21.15.32:6789/0] -- mon_subscribe({osdmap=0}) v3 -- 0x7f652807a6c0 con 0x7f6528106070
2023-08-11T15:37:45.578 INFO:teuthology.orchestra.run.smithi032.stdout:/usr/bin/ceph: stderr
2023-08-11T15:37:44.057+0000 7f65257fa700 1 -- 172.21.15.32:0/3054831599 <== mon.0 v2:172.21.15.32:3300/0 4 ==== mgrmap(e 8) v1 ==== 45135+0+0 (secure 0 0 0) 0x7f651801a430 con 0x7f6528106070
2023-08-11T15:37:45.578 INFO:teuthology.orchestra.run.smithi032.stdout:/usr/bin/ceph: stderr
2023-08-11T15:37:44.057+0000 7f652e5ed700 1 -- 172.21.15.32:0/3054831599 --> [v2:172.21.15.32:3300/0,v1:172.21.15.32:6789/0] -- mon_command({"prefix": "get_command_descriptions"} v 0) v1 -- 0x7f652807b0d0 con 0x7f6528106070
2023-08-11T15:37:45.578 INFO:teuthology.orchestra.run.smithi032.stdout:/usr/bin/ceph: stderr
2023-08-11T15:37:44.057+0000 7f65257fa700 1 --2- 172.21.15.32:0/3054831599 >> [v2:172.21.15.32:6800/4253467068,v1:172.21.15.32:6801/4253467068] conn(0x7f6510038140 0x7f651003a600 unknown :-1 s=NONE pgs=0 cs=0 l=1 rev1=0 crypto rx=0 tx=0 comp rx=0 tx=0).connect
2023-08-11T15:37:45.578 INFO:teuthology.orchestra.run.smithi032.stdout:/usr/bin/ceph: stderr
2023-08-11T15:37:44.057+0000 7f65257fa700 1 -- 172.21.15.32:0/3054831599 <== mon.0 v2:172.21.15.32:3300/0 5 ==== osd_map(2..2 src has 1..2) v4 ==== 940+0+0 (secure 0 0 0) 0x7f651804c1d0 con 0x7f6528106070
2023-08-11T15:37:45.579 INFO:teuthology.orchestra.run.smithi032.stdout:/usr/bin/ceph: stderr
2023-08-11T15:37:44.058+0000 7f65277fe700 1 --2- 172.21.15.32:0/3054831599 >> [v2:172.21.15.32:6800/4253467068,v1:172.21.15.32:6801/4253467068] conn(0x7f6510038140 0x7f651003a600 unknown :-1 s=BANNER_CONNECTING pgs=0 cs=0 l=1 rev1=0 crypto rx=0 tx=0 comp rx=0 tx=0)._handle_peer_banner_payload supported=3 required=0
2023-08-11T15:37:45.579 INFO:teuthology.orchestra.run.smithi032.stdout:/usr/bin/ceph: stderr
2023-08-11T15:37:44.058+0000 7f65277fe700 1 --2- 172.21.15.32:0/3054831599 >> [v2:172.21.15.32:6800/4253467068,v1:172.21.15.32:6801/4253467068] conn(0x7f6510038140 0x7f651003a600 secure :-1 s=READY pgs=16 cs=0 l=1 rev1=1 crypto rx=0x7f651c006fd0 tx=0x7f651c006e40 comp rx=0 tx=0).ready entity=mgr.14116 client_cookie=0 server_cookie=0 in_seq=0 out_seq=0
2023-08-11T15:37:45.579 INFO:teuthology.orchestra.run.smithi032.stdout:/usr/bin/ceph: stderr
2023-08-11T15:37:44.062+0000 7f65257fa700 1 -- 172.21.15.32:0/3054831599 <== mon.0 v2:172.21.15.32:3300/0 6 ==== mon_command_ack([{"prefix": "get_command_descriptions"}]=0 v0) v1 ==== 72+0+179220 (secure 0 0 0) 0x7f6518010380 con 0x7f6528106070
2023-08-11T15:37:45.579 INFO:teuthology.orchestra.run.smithi032.stdout:/usr/bin/ceph: stderr
2023-08-11T15:37:44.338+0000 7f652e5ed700 1 -- 172.21.15.32:0/3054831599 --> [v2:172.21.15.32:3300/0,v1:172.21.15.32:6789/0] -- mon_command({"prefix": "mgr module enable", "module": "dashboard"} v 0) v1 -- 0x7f652810a4a0 con 0x7f6528106070
2023-08-11T15:37:45.580 INFO:teuthology.orchestra.run.smithi032.stdout:/usr/bin/ceph: stderr
2023-08-11T15:37:45.101+0000 7f65257fa700 1 -- 172.21.15.32:0/3054831599 <== mon.0 v2:172.21.15.32:3300/0 7 ==== mgrmap(e 9) v1 ==== 45148+0+0 (secure 0 0 0) 0x7f651801a6e0 con 0x7f6528106070
2023-08-11T15:37:45.580 INFO:teuthology.orchestra.run.smithi032.stdout:/usr/bin/ceph: stderr
2023-08-11T15:37:45.103+0000 7f65257fa700 1 -- 172.21.15.32:0/3054831599 <== mon.0 v2:172.21.15.32:3300/0 8 ==== mon_command_ack([{"prefix": "mgr module enable", "module": "dashboard"}]=0 v9) v1 ==== 88+0+0 (secure 0 0 0) 0x7f651804bb20 con 0x7f6528106070
2023-08-11T15:37:45.580 INFO:teuthology.orchestra.run.smithi032.stdout:/usr/bin/ceph: stderr
2023-08-11T15:37:45.107+0000 7f652e5ed700 1 -- 172.21.15.32:0/3054831599 >> [v2:172.21.15.32:6800/4253467068,v1:172.21.15.32:6801/4253467068] conn(0x7f6510038140 msgr2=0x7f651003a600 secure :-1 s=STATE_CONNECTION_ESTABLISHED l=1).mark_down
2023-08-11T15:37:45.581 INFO:teuthology.orchestra.run.smithi032.stdout:/usr/bin/ceph: stderr
2023-08-11T15:37:45.107+0000 7f652e5ed700 1 --2- 172.21.15.32:0/3054831599 >> [v2:172.21.15.32:6800/4253467068,v1:172.21.15.32:6801/4253467068] conn(0x7f6510038140 0x7f651003a600 secure :-1 s=READY pgs=16 cs=0 l=1 rev1=1 crypto rx=0x7f651c006fd0 tx=0x7f651c006e40 comp rx=0 tx=0).stop
2023-08-11T15:37:45.581 INFO:teuthology.orchestra.run.smithi032.stdout:/usr/bin/ceph: stderr
2023-08-11T15:37:45.107+0000 7f652e5ed700 1 -- 172.21.15.32:0/3054831599 >> [v2:172.21.15.32:3300/0,v1:172.21.15.32:6789/0] conn(0x7f6528106070 msgr2=0x7f652807bc50 secure :-1 s=STATE_CONNECTION_ESTABLISHED l=1).mark_down
2023-08-11T15:37:45.581 INFO:teuthology.orchestra.run.smithi032.stdout:/usr/bin/ceph: stderr
2023-08-11T15:37:45.107+0000 7f652e5ed700 1 --2- 172.21.15.32:0/3054831599 >> [v2:172.21.15.32:3300/0,v1:172.21.15.32:6789/0] conn(0x7f6528106070 0x7f652807bc50 secure :-1 s=READY pgs=52 cs=0 l=1 rev1=1 crypto rx=0x7f6518003e60 tx=0x7f6518011a30 comp rx=0 tx=0).stop
2023-08-11T15:37:45.581 INFO:teuthology.orchestra.run.smithi032.stdout:/usr/bin/ceph: stderr
2023-08-11T15:37:45.107+0000 7f652e5ed700 1 -- 172.21.15.32:0/3054831599 shutdown_connections
2023-08-11T15:37:45.582 INFO:teuthology.orchestra.run.smithi032.stdout:/usr/bin/ceph: stderr
2023-08-11T15:37:45.107+0000 7f652e5ed700 1 --2- 172.21.15.32:0/3054831599 >> [v2:172.21.15.32:6800/4253467068,v1:172.21.15.32:6801/4253467068] conn(0x7f6510038140 0x7f651003a600 unknown :-1 s=CLOSED pgs=16 cs=0 l=1 rev1=1 crypto rx=0 tx=0 comp rx=0 tx=0).stop
2023-08-11T15:37:45.582 INFO:teuthology.orchestra.run.smithi032.stdout:/usr/bin/ceph: stderr
2023-08-11T15:37:45.107+0000 7f652e5ed700 1 --2- 172.21.15.32:0/3054831599 >> [v2:172.21.15.32:3300/0,v1:172.21.15.32:6789/0] conn(0x7f6528106070 0x7f652807bc50 unknown :-1 s=CLOSED pgs=52 cs=0 l=1 rev1=1 crypto rx=0 tx=0 comp rx=0 tx=0).stop
2023-08-11T15:37:45.582 INFO:teuthology.orchestra.run.smithi032.stdout:/usr/bin/ceph: stderr
2023-08-11T15:37:45.107+0000 7f652e5ed700 1 -- 172.21.15.32:0/3054831599 >> 172.21.15.32:0/3054831599 conn(0x7f6528101610 msgr2=0x7f65281039f0 unknown :-1 s=STATE_NONE l=0).mark_down
2023-08-11T15:37:45.582 INFO:teuthology.orchestra.run.smithi032.stdout:/usr/bin/ceph: stderr
2023-08-11T15:37:45.107+0000 7f652e5ed700 1 -- 172.21.15.32:0/3054831599 shutdown_connections
2023-08-11T15:37:45.582 INFO:teuthology.orchestra.run.smithi032.stdout:/usr/bin/ceph: stderr
2023-08-11T15:37:45.107+0000 7f652e5ed700 1 -- 172.21.15.32:0/3054831599 wait complete.
2023-08-11T15:37:45.765 INFO:journalctl@ceph.mgr.x.smithi032.stdout:Aug 11 15:37:45 smithi032 ceph-cd36a838-385c-11ee-9b37-001a4aab830c-mgr-x[97353]:
2023-08-11T15:37:45.509+0000 7f61673a7200 -1 mgr[py] Module osd_support has missing NOTIFY_TYPES member
2023-08-11T15:37:45.766 INFO:journalctl@ceph.mgr.x.smithi032.stdout:Aug 11 15:37:45 smithi032 ceph-cd36a838-385c-11ee-9b37-001a4aab830c-mgr-x[97353]:
2023-08-11T15:37:45.637+0000 7f61673a7200 -1 mgr[py] Module snap_schedule has missing NOTIFY_TYPES member
2023-08-11T15:37:45.766 INFO:journalctl@ceph.mgr.x.smithi032.stdout:Aug 11 15:37:45 smithi032 ceph-cd36a838-385c-11ee-9b37-001a4aab830c-mgr-x[97353]:
2023-08-11T15:37:45.764+0000 7f61673a7200 -1 mgr[py] Module zabbix has missing NOTIFY_TYPES member
2023-08-11T15:37:46.054 INFO:journalctl@ceph.mgr.x.smithi032.stdout:Aug 11 15:37:46 smithi032 ceph-cd36a838-385c-11ee-9b37-001a4aab830c-mgr-x[97353]:
2023-08-11T15:37:46.012+0000 7f61673a7200 -1 mgr[py] Module crash has missing NOTIFY_TYPES member
2023-08-11T15:37:46.422 INFO:journalctl@ceph.mon.a.smithi032.stdout:Aug 11 15:37:46 smithi032 ceph-mon[97103]: from='client.? 172.21.15.32:0/3054831599' entity='client.admin' cmd='[{"prefix": "mgr module enable", "module": "dashboard"}]': finished
2023-08-11T15:37:46.422 INFO:journalctl@ceph.mon.a.smithi032.stdout:Aug 11 15:37:46 smithi032 ceph-mon[97103]: mgrmap e9: x(active, since 17s)
2023-08-11T15:37:46.789 INFO:journalctl@ceph.mgr.x.smithi032.stdout:Aug 11 15:37:46 smithi032 ceph-cd36a838-385c-11ee-9b37-001a4aab830c-mgr-x[97353]:
2023-08-11T15:37:46.496+0000 7f61673a7200 -1 mgr[py] Module prometheus has missing NOTIFY_TYPES member
2023-08-11T15:37:46.789 INFO:journalctl@ceph.mgr.x.smithi032.stdout:Aug 11 15:37:46 smithi032 ceph-cd36a838-385c-11ee-9b37-001a4aab830c-mgr-x[97353]:
2023-08-11T15:37:46.667+0000 7f61673a7200 -1 mgr[py] Module status has missing NOTIFY_TYPES member
2023-08-11T15:37:46.789 INFO:journalctl@ceph.mgr.x.smithi032.stdout:Aug 11 15:37:46 smithi032 ceph-cd36a838-385c-11ee-9b37-001a4aab830c-mgr-x[97353]:
2023-08-11T15:37:46.787+0000 7f61673a7200 -1 mgr[py] Module selftest has missing NOTIFY_TYPES member
2023-08-11T15:37:46.859 INFO:teuthology.orchestra.run.smithi032.stdout:/usr/bin/ceph: stdout {
2023-08-11T15:37:46.860 INFO:teuthology.orchestra.run.smithi032.stdout:/usr/bin/ceph: stdout "epoch": 9,
2023-08-11T15:37:46.860 INFO:teuthology.orchestra.run.smithi032.stdout:/usr/bin/ceph: stdout "available": true,
2023-08-11T15:37:46.860 INFO:teuthology.orchestra.run.smithi032.stdout:/usr/bin/ceph: stdout "active_name": "x",
2023-08-11T15:37:46.860 INFO:teuthology.orchestra.run.smithi032.stdout:/usr/bin/ceph: stdout "num_standby": 0
2023-08-11T15:37:46.860 INFO:teuthology.orchestra.run.smithi032.stdout:/usr/bin/ceph: stdout }
2023-08-11T15:37:46.860 INFO:teuthology.orchestra.run.smithi032.stdout:/usr/bin/ceph: stderr
2023-08-11T15:37:46.110+0000 7f80ac385700 1 Processor -- start
2023-08-11T15:37:46.861 INFO:teuthology.orchestra.run.smithi032.stdout:/usr/bin/ceph: stderr
2023-08-11T15:37:46.110+0000 7f80ac385700 1 -- start start
2023-08-11T15:37:46.861 INFO:teuthology.orchestra.run.smithi032.stdout:/usr/bin/ceph: stderr
2023-08-11T15:37:46.111+0000 7f80ac385700 1 --2- >> [v2:172.21.15.32:3300/0,v1:172.21.15.32:6789/0] conn(0x7f80a407be80 0x7f80a407a2e0 unknown :-1 s=NONE pgs=0 cs=0 l=0 rev1=0 crypto rx=0 tx=0 comp rx=0 tx=0).connect
2023-08-11T15:37:46.861 INFO:teuthology.orchestra.run.smithi032.stdout:/usr/bin/ceph: stderr
2023-08-11T15:37:46.111+0000 7f80ac385700 1 -- --> [v2:172.21.15.32:3300/0,v1:172.21.15.32:6789/0] -- mon_getmap magic: 0 v1 -- 0x7f80a407a8b0 con 0x7f80a407be80
2023-08-11T15:37:46.861 INFO:teuthology.orchestra.run.smithi032.stdout:/usr/bin/ceph: stderr
2023-08-11T15:37:46.111+0000 7f80aa121700 1 --2- >> [v2:172.21.15.32:3300/0,v1:172.21.15.32:6789/0] conn(0x7f80a407be80 0x7f80a407a2e0 unknown :-1 s=BANNER_CONNECTING pgs=0 cs=0 l=0 rev1=0 crypto rx=0 tx=0 comp rx=0 tx=0)._handle_peer_banner_payload supported=3 required=0
2023-08-11T15:37:46.861 INFO:teuthology.orchestra.run.smithi032.stdout:/usr/bin/ceph: stderr
2023-08-11T15:37:46.111+0000 7f80aa121700 1 --2- >> [v2:172.21.15.32:3300/0,v1:172.21.15.32:6789/0] conn(0x7f80a407be80 0x7f80a407a2e0 unknown :-1 s=HELLO_CONNECTING pgs=0 cs=0 l=0 rev1=1 crypto rx=0 tx=0 comp rx=0 tx=0).handle_hello peer v2:172.21.15.32:3300/0 says I am v2:172.21.15.32:40242/0 (socket says 172.21.15.32:40242)
2023-08-11T15:37:46.861 INFO:teuthology.orchestra.run.smithi032.stdout:/usr/bin/ceph: stderr
2023-08-11T15:37:46.111+0000 7f80aa121700 1 -- 172.21.15.32:0/252573503 learned_addr learned my addr 172.21.15.32:0/252573503 (peer_addr_for_me v2:172.21.15.32:0/0)
2023-08-11T15:37:46.861 INFO:teuthology.orchestra.run.smithi032.stdout:/usr/bin/ceph: stderr
2023-08-11T15:37:46.112+0000 7f80aa121700 1 -- 172.21.15.32:0/252573503 --> [v2:172.21.15.32:3300/0,v1:172.21.15.32:6789/0] -- mon_subscribe({config=0+,monmap=0+}) v3 -- 0x7f80a407a9f0 con 0x7f80a407be80
2023-08-11T15:37:46.862 INFO:teuthology.orchestra.run.smithi032.stdout:/usr/bin/ceph: stderr
2023-08-11T15:37:46.112+0000 7f80aa121700 1 --2- 172.21.15.32:0/252573503 >> [v2:172.21.15.32:3300/0,v1:172.21.15.32:6789/0] conn(0x7f80a407be80 0x7f80a407a2e0 secure :-1 s=READY pgs=55 cs=0 l=1 rev1=1 crypto rx=0x7f80a00098a0 tx=0x7f80a0009bb0 comp rx=0 tx=0).ready entity=mon.0 client_cookie=661b563d0109d59d server_cookie=0 in_seq=0 out_seq=0
2023-08-11T15:37:46.862 INFO:teuthology.orchestra.run.smithi032.stdout:/usr/bin/ceph: stderr
2023-08-11T15:37:46.112+0000 7f80a911f700 1 -- 172.21.15.32:0/252573503 <== mon.0 v2:172.21.15.32:3300/0 1 ==== mon_map magic: 0 v1 ==== 205+0+0 (secure 0 0 0) 0x7f80a0004160 con 0x7f80a407be80
2023-08-11T15:37:46.862 INFO:teuthology.orchestra.run.smithi032.stdout:/usr/bin/ceph: stderr
2023-08-11T15:37:46.112+0000 7f80a911f700 1 -- 172.21.15.32:0/252573503 <== mon.0 v2:172.21.15.32:3300/0 2 ==== config(26 keys) v1 ==== 1105+0+0 (secure 0 0 0) 0x7f80a00042c0 con 0x7f80a407be80
2023-08-11T15:37:46.862 INFO:teuthology.orchestra.run.smithi032.stdout:/usr/bin/ceph: stderr
2023-08-11T15:37:46.112+0000 7f80a911f700 1 -- 172.21.15.32:0/252573503 <== mon.0 v2:172.21.15.32:3300/0 3 ==== mon_map magic: 0 v1 ==== 205+0+0 (secure 0 0 0) 0x7f80a00119b0 con 0x7f80a407be80
2023-08-11T15:37:46.862 INFO:teuthology.orchestra.run.smithi032.stdout:/usr/bin/ceph: stderr
2023-08-11T15:37:46.113+0000 7f80ac385700 1 -- 172.21.15.32:0/252573503 >> [v2:172.21.15.32:3300/0,v1:172.21.15.32:6789/0] conn(0x7f80a407be80 msgr2=0x7f80a407a2e0 secure :-1 s=STATE_CONNECTION_ESTABLISHED l=1).mark_down
2023-08-11T15:37:46.862 INFO:teuthology.orchestra.run.smithi032.stdout:/usr/bin/ceph: stderr
2023-08-11T15:37:46.113+0000 7f80ac385700 1 --2- 172.21.15.32:0/252573503 >> [v2:172.21.15.32:3300/0,v1:172.21.15.32:6789/0] conn(0x7f80a407be80 0x7f80a407a2e0 secure :-1 s=READY pgs=55 cs=0 l=1 rev1=1 crypto rx=0x7f80a00098a0 tx=0x7f80a0009bb0 comp rx=0 tx=0).stop
2023-08-11T15:37:46.862 INFO:teuthology.orchestra.run.smithi032.stdout:/usr/bin/ceph: stderr
2023-08-11T15:37:46.113+0000 7f80ac385700 1 -- 172.21.15.32:0/252573503 shutdown_connections
2023-08-11T15:37:46.862 INFO:teuthology.orchestra.run.smithi032.stdout:/usr/bin/ceph: stderr
2023-08-11T15:37:46.113+0000 7f80ac385700 1 --2- 172.21.15.32:0/252573503 >> [v2:172.21.15.32:3300/0,v1:172.21.15.32:6789/0] conn(0x7f80a407be80 0x7f80a407a2e0 unknown :-1 s=CLOSED pgs=55 cs=0 l=1 rev1=1 crypto rx=0 tx=0 comp rx=0 tx=0).stop
2023-08-11T15:37:46.863 INFO:teuthology.orchestra.run.smithi032.stdout:/usr/bin/ceph: stderr
2023-08-11T15:37:46.113+0000 7f80ac385700 1 -- 172.21.15.32:0/252573503 >> 172.21.15.32:0/252573503 conn(0x7f80a4101610 msgr2=0x7f80a4103a50 unknown :-1 s=STATE_NONE l=0).mark_down
2023-08-11T15:37:46.863 INFO:teuthology.orchestra.run.smithi032.stdout:/usr/bin/ceph: stderr
2023-08-11T15:37:46.113+0000 7f80ac385700 1 -- 172.21.15.32:0/252573503 shutdown_connections
2023-08-11T15:37:46.863 INFO:teuthology.orchestra.run.smithi032.stdout:/usr/bin/ceph: stderr
2023-08-11T15:37:46.113+0000 7f80ac385700 1 -- 172.21.15.32:0/252573503 wait complete.
2023-08-11T15:37:46.863 INFO:teuthology.orchestra.run.smithi032.stdout:/usr/bin/ceph: stderr
2023-08-11T15:37:46.114+0000 7f80ac385700 1 Processor -- start
2023-08-11T15:37:46.863 INFO:teuthology.orchestra.run.smithi032.stdout:/usr/bin/ceph: stderr
2023-08-11T15:37:46.115+0000 7f80ac385700 1 -- start start
2023-08-11T15:37:46.863 INFO:teuthology.orchestra.run.smithi032.stdout:/usr/bin/ceph: stderr
2023-08-11T15:37:46.115+0000 7f80ac385700 1 --2- >> [v2:172.21.15.32:3300/0,v1:172.21.15.32:6789/0] conn(0x7f80a407be80 0x7f80a419c000 unknown :-1 s=NONE pgs=0 cs=0 l=1 rev1=0 crypto rx=0 tx=0 comp rx=0 tx=0).connect
2023-08-11T15:37:46.863 INFO:teuthology.orchestra.run.smithi032.stdout:/usr/bin/ceph: stderr
2023-08-11T15:37:46.115+0000 7f80ac385700 1 -- --> [v2:172.21.15.32:3300/0,v1:172.21.15.32:6789/0] -- mon_getmap magic: 0 v1 -- 0x7f80a419c540 con 0x7f80a407be80
2023-08-11T15:37:46.864 INFO:teuthology.orchestra.run.smithi032.stdout:/usr/bin/ceph: stderr
2023-08-11T15:37:46.115+0000 7f80aa121700 1 --2- >> [v2:172.21.15.32:3300/0,v1:172.21.15.32:6789/0] conn(0x7f80a407be80 0x7f80a419c000 unknown :-1 s=BANNER_CONNECTING pgs=0 cs=0 l=1 rev1=0 crypto rx=0 tx=0 comp rx=0 tx=0)._handle_peer_banner_payload supported=3 required=0
2023-08-11T15:37:46.864 INFO:teuthology.orchestra.run.smithi032.stdout:/usr/bin/ceph: stderr
2023-08-11T15:37:46.115+0000 7f80aa121700 1 --2- >> [v2:172.21.15.32:3300/0,v1:172.21.15.32:6789/0] conn(0x7f80a407be80 0x7f80a419c000 unknown :-1 s=HELLO_CONNECTING pgs=0 cs=0 l=1 rev1=1 crypto rx=0 tx=0 comp rx=0 tx=0).handle_hello peer v2:172.21.15.32:3300/0 says I am v2:172.21.15.32:40248/0 (socket says 172.21.15.32:40248)
2023-08-11T15:37:46.864 INFO:teuthology.orchestra.run.smithi032.stdout:/usr/bin/ceph: stderr
2023-08-11T15:37:46.115+0000 7f80aa121700 1 -- 172.21.15.32:0/2817058951 learned_addr learned my addr 172.21.15.32:0/2817058951 (peer_addr_for_me v2:172.21.15.32:0/0)
2023-08-11T15:37:46.864 INFO:teuthology.orchestra.run.smithi032.stdout:/usr/bin/ceph: stderr
2023-08-11T15:37:46.116+0000 7f80aa121700 1 -- 172.21.15.32:0/2817058951 --> [v2:172.21.15.32:3300/0,v1:172.21.15.32:6789/0] -- mon_subscribe({config=0+,monmap=0+}) v3 -- 0x7f80a0009550 con 0x7f80a407be80
2023-08-11T15:37:46.864 INFO:teuthology.orchestra.run.smithi032.stdout:/usr/bin/ceph: stderr
2023-08-11T15:37:46.116+0000 7f80aa121700 1 --2- 172.21.15.32:0/2817058951 >> [v2:172.21.15.32:3300/0,v1:172.21.15.32:6789/0] conn(0x7f80a407be80 0x7f80a419c000 secure :-1 s=READY pgs=56 cs=0 l=1 rev1=1 crypto rx=0x7f80a0006af0 tx=0x7f80a0011a10 comp rx=0 tx=0).ready entity=mon.0 client_cookie=0 server_cookie=0 in_seq=0 out_seq=0
2023-08-11T15:37:46.864 INFO:teuthology.orchestra.run.smithi032.stdout:/usr/bin/ceph: stderr
2023-08-11T15:37:46.116+0000 7f809b7fe700 1 -- 172.21.15.32:0/2817058951 <== mon.0 v2:172.21.15.32:3300/0 1 ==== mon_map magic: 0 v1 ==== 205+0+0 (secure 0 0 0) 0x7f80a0003a40 con 0x7f80a407be80
2023-08-11T15:37:46.865 INFO:teuthology.orchestra.run.smithi032.stdout:/usr/bin/ceph: stderr
2023-08-11T15:37:46.116+0000 7f809b7fe700 1 -- 172.21.15.32:0/2817058951 <== mon.0 v2:172.21.15.32:3300/0 2 ==== config(26 keys) v1 ==== 1105+0+0 (secure 0 0 0) 0x7f80a0003ba0 con 0x7f80a407be80
2023-08-11T15:37:46.865 INFO:teuthology.orchestra.run.smithi032.stdout:/usr/bin/ceph: stderr
2023-08-11T15:37:46.116+0000 7f80ac385700 1 -- 172.21.15.32:0/2817058951 --> [v2:172.21.15.32:3300/0,v1:172.21.15.32:6789/0] -- mon_subscribe({mgrmap=0+}) v3 -- 0x7f80a419c740 con 0x7f80a407be80
2023-08-11T15:37:46.865 INFO:teuthology.orchestra.run.smithi032.stdout:/usr/bin/ceph: stderr
2023-08-11T15:37:46.116+0000 7f809b7fe700 1 -- 172.21.15.32:0/2817058951 <== mon.0 v2:172.21.15.32:3300/0 3 ==== mon_map magic: 0 v1 ==== 205+0+0 (secure 0 0 0) 0x7f80a00196c0 con 0x7f80a407be80
2023-08-11T15:37:46.865 INFO:teuthology.orchestra.run.smithi032.stdout:/usr/bin/ceph: stderr
2023-08-11T15:37:46.117+0000 7f80ac385700 1 -- 172.21.15.32:0/2817058951 --> [v2:172.21.15.32:3300/0,v1:172.21.15.32:6789/0] -- mon_subscribe({osdmap=0}) v3 -- 0x7f80a419cb60 con 0x7f80a407be80
2023-08-11T15:37:46.865 INFO:teuthology.orchestra.run.smithi032.stdout:/usr/bin/ceph: stderr
2023-08-11T15:37:46.118+0000 7f80ac385700 1 -- 172.21.15.32:0/2817058951 --> [v2:172.21.15.32:3300/0,v1:172.21.15.32:6789/0] -- mon_command({"prefix": "get_command_descriptions"} v 0) v1 -- 0x7f80a4061f50 con 0x7f80a407be80
2023-08-11T15:37:46.865 INFO:teuthology.orchestra.run.smithi032.stdout:/usr/bin/ceph: stderr
2023-08-11T15:37:46.118+0000 7f809b7fe700 1 -- 172.21.15.32:0/2817058951 <== mon.0 v2:172.21.15.32:3300/0 4 ==== mgrmap(e 9) v1 ==== 45148+0+0 (secure 0 0 0) 0x7f80a001aa80 con 0x7f80a407be80
2023-08-11T15:37:46.865 INFO:teuthology.orchestra.run.smithi032.stdout:/usr/bin/ceph: stderr
2023-08-11T15:37:46.118+0000 7f809b7fe700 1 --2- 172.21.15.32:0/2817058951 >> [v2:172.21.15.32:6800/4253467068,v1:172.21.15.32:6801/4253467068] conn(0x7f8090038160 0x7f809003a620 unknown :-1 s=NONE pgs=0 cs=0 l=1 rev1=0 crypto rx=0 tx=0 comp rx=0 tx=0).connect
2023-08-11T15:37:46.866 INFO:teuthology.orchestra.run.smithi032.stdout:/usr/bin/ceph: stderr
2023-08-11T15:37:46.118+0000 7f809b7fe700 1 -- 172.21.15.32:0/2817058951 <== mon.0 v2:172.21.15.32:3300/0 5 ==== osd_map(2..2 src has 1..2) v4 ==== 940+0+0 (secure 0 0 0) 0x7f80a004c030 con 0x7f80a407be80
2023-08-11T15:37:46.866 INFO:teuthology.orchestra.run.smithi032.stdout:/usr/bin/ceph: stderr
2023-08-11T15:37:46.118+0000 7f80a9920700 1 -- 172.21.15.32:0/2817058951 >> [v2:172.21.15.32:6800/4253467068,v1:172.21.15.32:6801/4253467068] conn(0x7f8090038160 msgr2=0x7f809003a620 unknown :-1 s=STATE_CONNECTING_RE l=1).process reconnect failed to v2:172.21.15.32:6800/4253467068
2023-08-11T15:37:46.866 INFO:teuthology.orchestra.run.smithi032.stdout:/usr/bin/ceph: stderr
2023-08-11T15:37:46.118+0000 7f80a9920700 1 --2- 172.21.15.32:0/2817058951 >> [v2:172.21.15.32:6800/4253467068,v1:172.21.15.32:6801/4253467068] conn(0x7f8090038160 0x7f809003a620 unknown :-1 s=START_CONNECT pgs=0 cs=0 l=1 rev1=0 crypto rx=0 tx=0 comp rx=0 tx=0)._fault waiting 0.200000
2023-08-11T15:37:46.866 INFO:teuthology.orchestra.run.smithi032.stdout:/usr/bin/ceph: stderr
2023-08-11T15:37:46.127+0000 7f809b7fe700 1 -- 172.21.15.32:0/2817058951 <== mon.0 v2:172.21.15.32:3300/0 6 ==== mon_command_ack([{"prefix": "get_command_descriptions"}]=0 v0) v1 ==== 72+0+179220 (secure 0 0 0) 0x7f80a001a430 con 0x7f80a407be80
2023-08-11T15:37:46.866 INFO:teuthology.orchestra.run.smithi032.stdout:/usr/bin/ceph: stderr
2023-08-11T15:37:46.319+0000 7f80a9920700 1 -- 172.21.15.32:0/2817058951 >> [v2:172.21.15.32:6800/4253467068,v1:172.21.15.32:6801/4253467068] conn(0x7f8090038160 msgr2=0x7f809003a620 unknown :-1 s=STATE_CONNECTING_RE l=1).process reconnect failed to v2:172.21.15.32:6800/4253467068
2023-08-11T15:37:46.866 INFO:teuthology.orchestra.run.smithi032.stdout:/usr/bin/ceph: stderr
2023-08-11T15:37:46.319+0000 7f80a9920700 1 --2- 172.21.15.32:0/2817058951 >> [v2:172.21.15.32:6800/4253467068,v1:172.21.15.32:6801/4253467068] conn(0x7f8090038160 0x7f809003a620 unknown :-1 s=START_CONNECT pgs=0 cs=0 l=1 rev1=0 crypto rx=0 tx=0 comp rx=0 tx=0)._fault waiting 0.400000
2023-08-11T15:37:46.866 INFO:teuthology.orchestra.run.smithi032.stdout:/usr/bin/ceph: stderr
2023-08-11T15:37:46.395+0000 7f80ac385700 1 -- 172.21.15.32:0/2817058951 --> [v2:172.21.15.32:3300/0,v1:172.21.15.32:6789/0] -- mon_command({"prefix": "mgr stat"} v 0) v1 -- 0x7f80a410c4b0 con 0x7f80a407be80
2023-08-11T15:37:46.866 INFO:teuthology.orchestra.run.smithi032.stdout:/usr/bin/ceph: stderr
2023-08-11T15:37:46.396+0000 7f809b7fe700 1 -- 172.21.15.32:0/2817058951 <== mon.0 v2:172.21.15.32:3300/0 7 ==== mon_command_ack([{"prefix": "mgr stat"}]=0 v9) v1 ==== 56+0+88 (secure 0 0 0) 0x7f80a000b3e0 con 0x7f80a407be80
2023-08-11T15:37:46.867 INFO:teuthology.orchestra.run.smithi032.stdout:/usr/bin/ceph: stderr
2023-08-11T15:37:46.398+0000 7f80ac385700 1 -- 172.21.15.32:0/2817058951 >> [v2:172.21.15.32:6800/4253467068,v1:172.21.15.32:6801/4253467068] conn(0x7f8090038160 msgr2=0x7f809003a620 unknown :-1 s=STATE_CONNECTING l=1).mark_down
2023-08-11T15:37:46.867 INFO:teuthology.orchestra.run.smithi032.stdout:/usr/bin/ceph: stderr
2023-08-11T15:37:46.398+0000 7f80ac385700 1 --2- 172.21.15.32:0/2817058951 >> [v2:172.21.15.32:6800/4253467068,v1:172.21.15.32:6801/4253467068] conn(0x7f8090038160 0x7f809003a620 unknown :-1 s=START_CONNECT pgs=0 cs=0 l=1 rev1=0 crypto rx=0 tx=0 comp rx=0 tx=0).stop
2023-08-11T15:37:46.867 INFO:teuthology.orchestra.run.smithi032.stdout:/usr/bin/ceph: stderr
2023-08-11T15:37:46.398+0000 7f80ac385700 1 -- 172.21.15.32:0/2817058951 >> [v2:172.21.15.32:3300/0,v1:172.21.15.32:6789/0] conn(0x7f80a407be80 msgr2=0x7f80a419c000 secure :-1 s=STATE_CONNECTION_ESTABLISHED l=1).mark_down
2023-08-11T15:37:46.867 INFO:teuthology.orchestra.run.smithi032.stdout:/usr/bin/ceph: stderr
2023-08-11T15:37:46.398+0000 7f80ac385700 1 --2- 172.21.15.32:0/2817058951 >> [v2:172.21.15.32:3300/0,v1:172.21.15.32:6789/0] conn(0x7f80a407be80 0x7f80a419c000 secure :-1 s=READY pgs=56 cs=0 l=1 rev1=1 crypto rx=0x7f80a0006af0 tx=0x7f80a0011a10 comp rx=0 tx=0).stop
2023-08-11T15:37:46.867 INFO:teuthology.orchestra.run.smithi032.stdout:/usr/bin/ceph: stderr
2023-08-11T15:37:46.398+0000 7f80ac385700 1 -- 172.21.15.32:0/2817058951 shutdown_connections
2023-08-11T15:37:46.867 INFO:teuthology.orchestra.run.smithi032.stdout:/usr/bin/ceph: stderr
2023-08-11T15:37:46.398+0000 7f80ac385700 1 --2- 172.21.15.32:0/2817058951 >> [v2:172.21.15.32:6800/4253467068,v1:172.21.15.32:6801/4253467068] conn(0x7f8090038160 0x7f809003a620 unknown :-1 s=CLOSED pgs=0 cs=0 l=1 rev1=0 crypto rx=0 tx=0 comp rx=0 tx=0).stop
2023-08-11T15:37:46.867 INFO:teuthology.orchestra.run.smithi032.stdout:/usr/bin/ceph: stderr
2023-08-11T15:37:46.398+0000 7f80ac385700 1 --2- 172.21.15.32:0/2817058951 >> [v2:172.21.15.32:3300/0,v1:172.21.15.32:6789/0] conn(0x7f80a407be80 0x7f80a419c000 unknown :-1 s=CLOSED pgs=56 cs=0 l=1 rev1=1 crypto rx=0 tx=0 comp rx=0 tx=0).stop
2023-08-11T15:37:46.867 INFO:teuthology.orchestra.run.smithi032.stdout:/usr/bin/ceph: stderr
2023-08-11T15:37:46.398+0000 7f80ac385700 1 -- 172.21.15.32:0/2817058951 >> 172.21.15.32:0/2817058951 conn(0x7f80a4101610 msgr2=0x7f80a4102d10 unknown :-1 s=STATE_NONE l=0).mark_down
2023-08-11T15:37:46.868 INFO:teuthology.orchestra.run.smithi032.stdout:/usr/bin/ceph: stderr
2023-08-11T15:37:46.398+0000 7f80ac385700 1 -- 172.21.15.32:0/2817058951 shutdown_connections
2023-08-11T15:37:46.868 INFO:teuthology.orchestra.run.smithi032.stdout:/usr/bin/ceph: stderr
2023-08-11T15:37:46.398+0000 7f80ac385700 1 -- 172.21.15.32:0/2817058951 wait complete.
2023-08-11T15:37:46.868 INFO:teuthology.orchestra.run.smithi032.stdout:Waiting for the mgr to restart...
2023-08-11T15:37:46.868 INFO:teuthology.orchestra.run.smithi032.stdout:Waiting for mgr epoch 9...
2023-08-11T15:37:47.053 INFO:journalctl@ceph.mgr.x.smithi032.stdout:Aug 11 15:37:46 smithi032 ceph-cd36a838-385c-11ee-9b37-001a4aab830c-mgr-x[97353]:
2023-08-11T15:37:46.941+0000 7f61673a7200 -1 mgr[py] Module alerts has missing NOTIFY_TYPES member
2023-08-11T15:37:47.517 INFO:journalctl@ceph.mon.a.smithi032.stdout:Aug 11 15:37:47 smithi032 ceph-mon[97103]: from='client.? 172.21.15.32:0/2817058951' entity='client.admin' cmd=[{"prefix": "mgr stat"}]: dispatch
2023-08-11T15:37:47.803 INFO:journalctl@ceph.mgr.x.smithi032.stdout:Aug 11 15:37:47 smithi032 ceph-cd36a838-385c-11ee-9b37-001a4aab830c-mgr-x[97353]:
2023-08-11T15:37:47.515+0000 7f61673a7200 -1 mgr[py] Module progress has missing NOTIFY_TYPES member
2023-08-11T15:37:48.803 INFO:journalctl@ceph.mgr.x.smithi032.stdout:Aug 11 15:37:48 smithi032 ceph-cd36a838-385c-11ee-9b37-001a4aab830c-mgr-x[97353]:
2023-08-11T15:37:48.391+0000 7f61673a7200 -1 mgr[py] Module rook has missing NOTIFY_TYPES member
2023-08-11T15:37:48.803 INFO:journalctl@ceph.mgr.x.smithi032.stdout:Aug 11 15:37:48 smithi032 ceph-cd36a838-385c-11ee-9b37-001a4aab830c-mgr-x[97353]:
2023-08-11T15:37:48.501+0000 7f61673a7200 -1 mgr[py] Module iostat has missing NOTIFY_TYPES member
2023-08-11T15:37:49.803 INFO:journalctl@ceph.mgr.x.smithi032.stdout:Aug 11 15:37:49 smithi032 ceph-cd36a838-385c-11ee-9b37-001a4aab830c-mgr-x[97353]:
2023-08-11T15:37:49.488+0000 7f61673a7200 -1 mgr[py] Module test_orchestrator has missing NOTIFY_TYPES member
2023-08-11T15:37:49.803 INFO:journalctl@ceph.mgr.x.smithi032.stdout:Aug 11 15:37:49 smithi032 ceph-cd36a838-385c-11ee-9b37-001a4aab830c-mgr-x[97353]:
2023-08-11T15:37:49.610+0000 7f61673a7200 -1 mgr[py] Module osd_perf_query has missing NOTIFY_TYPES member
2023-08-11T15:37:50.216 INFO:journalctl@ceph.mgr.x.smithi032.stdout:Aug 11 15:37:49 smithi032 ceph-cd36a838-385c-11ee-9b37-001a4aab830c-mgr-x[97353]:
2023-08-11T15:37:49.841+0000 7f61673a7200 -1 mgr[py] Module orchestrator has missing NOTIFY_TYPES member
2023-08-11T15:37:50.803 INFO:journalctl@ceph.mgr.x.smithi032.stdout:Aug 11 15:37:50 smithi032 ceph-cd36a838-385c-11ee-9b37-001a4aab830c-mgr-x[97353]:
2023-08-11T15:37:50.215+0000 7f61673a7200 -1 mgr[py] Module rgw has missing NOTIFY_TYPES member
2023-08-11T15:37:50.803 INFO:journalctl@ceph.mgr.x.smithi032.stdout:Aug 11 15:37:50 smithi032 ceph-cd36a838-385c-11ee-9b37-001a4aab830c-mgr-x[97353]:
2023-08-11T15:37:50.496+0000 7f61673a7200 -1 mgr[py] Module influx has missing NOTIFY_TYPES member
2023-08-11T15:37:50.803 INFO:journalctl@ceph.mgr.x.smithi032.stdout:Aug 11 15:37:50 smithi032 ceph-cd36a838-385c-11ee-9b37-001a4aab830c-mgr-x[97353]:
2023-08-11T15:37:50.697+0000 7f61673a7200 -1 mgr[py] Module telemetry has missing NOTIFY_TYPES member
2023-08-11T15:37:51.553 INFO:journalctl@ceph.mgr.x.smithi032.stdout:Aug 11 15:37:51 smithi032 ceph-cd36a838-385c-11ee-9b37-001a4aab830c-mgr-x[97353]:
2023-08-11T15:37:51.053+0000 7f61673a7200 -1 mgr[py] Module telegraf has missing NOTIFY_TYPES member
2023-08-11T15:37:52.303 INFO:journalctl@ceph.mgr.x.smithi032.stdout:Aug 11 15:37:52 smithi032 ceph-cd36a838-385c-11ee-9b37-001a4aab830c-mgr-x[97353]:
2023-08-11T15:37:52.011+0000 7f61673a7200 -1 mgr[py] Module balancer has missing NOTIFY_TYPES member
2023-08-11T15:37:52.303 INFO:journalctl@ceph.mgr.x.smithi032.stdout:Aug 11 15:37:52 smithi032 ceph-cd36a838-385c-11ee-9b37-001a4aab830c-mgr-x[97353]:
2023-08-11T15:37:52.191+0000 7f61673a7200 -1 mgr[py] Module diskprediction_local has missing NOTIFY_TYPES member
2023-08-11T15:37:52.803 INFO:journalctl@ceph.mgr.x.smithi032.stdout:Aug 11 15:37:52 smithi032 ceph-cd36a838-385c-11ee-9b37-001a4aab830c-mgr-x[97353]:
2023-08-11T15:37:52.448+0000 7f61673a7200 -1 mgr[py] Module nfs has missing NOTIFY_TYPES member
2023-08-11T15:37:52.803 INFO:journalctl@ceph.mgr.x.smithi032.stdout:Aug 11 15:37:52 smithi032 ceph-cd36a838-385c-11ee-9b37-001a4aab830c-mgr-x[97353]:
2023-08-11T15:37:52.599+0000 7f61673a7200 -1 mgr[py] Module rbd_support has missing NOTIFY_TYPES member
2023-08-11T15:37:53.303 INFO:journalctl@ceph.mgr.x.smithi032.stdout:Aug 11 15:37:52 smithi032 ceph-cd36a838-385c-11ee-9b37-001a4aab830c-mgr-x[97353]:
2023-08-11T15:37:52.886+0000 7f61673a7200 -1 mgr[py] Module volumes has missing NOTIFY_TYPES member
2023-08-11T15:37:54.303 INFO:journalctl@ceph.mgr.x.smithi032.stdout:Aug 11 15:37:53 smithi032 ceph-cd36a838-385c-11ee-9b37-001a4aab830c-mgr-x[97353]:
2023-08-11T15:37:53.984+0000 7f61673a7200 -1 mgr[py] Module pg_autoscaler has missing NOTIFY_TYPES member
2023-08-11T15:37:54.361 INFO:journalctl@ceph.mon.a.smithi032.stdout:Aug 11 15:37:54 smithi032 ceph-mon[97103]: Active manager daemon x restarted
2023-08-11T15:37:54.361 INFO:journalctl@ceph.mon.a.smithi032.stdout:Aug 11 15:37:54 smithi032 ceph-mon[97103]: Activating manager daemon x
2023-08-11T15:37:54.361 INFO:journalctl@ceph.mon.a.smithi032.stdout:Aug 11 15:37:54 smithi032 ceph-mon[97103]: osdmap e3: 0 total, 0 up, 0 in
2023-08-11T15:37:54.362 INFO:journalctl@ceph.mon.a.smithi032.stdout:Aug 11 15:37:54 smithi032 ceph-mon[97103]: mgrmap e10: x(active, starting, since 0.00494356s)
2023-08-11T15:37:54.362 INFO:journalctl@ceph.mon.a.smithi032.stdout:Aug 11 15:37:54 smithi032 ceph-mon[97103]: from='mgr.14148 172.21.15.32:0/695122276' entity='mgr.x' cmd=[{"prefix": "mon metadata", "id": "a"}]: dispatch
2023-08-11T15:37:54.362 INFO:journalctl@ceph.mon.a.smithi032.stdout:Aug 11 15:37:54 smithi032 ceph-mon[97103]: from='mgr.14148 172.21.15.32:0/695122276' entity='mgr.x' cmd=[{"prefix": "mgr metadata", "who": "x", "id": "x"}]: dispatch
2023-08-11T15:37:54.362 INFO:journalctl@ceph.mon.a.smithi032.stdout:Aug 11 15:37:54 smithi032 ceph-mon[97103]: from='mgr.14148 172.21.15.32:0/695122276' entity='mgr.x' cmd=[{"prefix": "mds metadata"}]: dispatch
2023-08-11T15:37:54.362 INFO:journalctl@ceph.mon.a.smithi032.stdout:Aug 11 15:37:54 smithi032 ceph-mon[97103]: from='mgr.14148 172.21.15.32:0/695122276' entity='mgr.x' cmd=[{"prefix": "osd metadata"}]: dispatch
2023-08-11T15:37:54.362 INFO:journalctl@ceph.mon.a.smithi032.stdout:Aug 11 15:37:54 smithi032 ceph-mon[97103]: from='mgr.14148 172.21.15.32:0/695122276' entity='mgr.x' cmd=[{"prefix": "mon metadata"}]: dispatch
2023-08-11T15:37:54.362 INFO:journalctl@ceph.mon.a.smithi032.stdout:Aug 11 15:37:54 smithi032 ceph-mon[97103]: Manager daemon x is now available
2023-08-11T15:37:54.363 INFO:journalctl@ceph.mon.a.smithi032.stdout:Aug 11 15:37:54 smithi032 ceph-mon[97103]: from='mgr.14148 172.21.15.32:0/695122276' entity='mgr.x' cmd=[{"prefix": "config dump", "format": "json"}]: dispatch
2023-08-11T15:37:54.363 INFO:journalctl@ceph.mon.a.smithi032.stdout:Aug 11 15:37:54 smithi032 ceph-mon[97103]: from='mgr.14148 172.21.15.32:0/695122276' entity='mgr.x' cmd=[{"prefix": "config dump", "format": "json"}]: dispatch
2023-08-11T15:37:55.303 INFO:journalctl@ceph.mon.a.smithi032.stdout:Aug 11 15:37:55 smithi032 ceph-mon[97103]: from='mgr.14148 172.21.15.32:0/695122276' entity='mgr.x' cmd=[{"prefix":"config rm","who":"mgr","name":"mgr/rbd_support/x/mirror_snapshot_schedule"}]: dispatch
2023-08-11T15:37:55.303 INFO:journalctl@ceph.mon.a.smithi032.stdout:Aug 11 15:37:55 smithi032 ceph-mon[97103]: from='mgr.14148 172.21.15.32:0/695122276' entity='mgr.x' cmd=[{"prefix":"config rm","who":"mgr","name":"mgr/rbd_support/x/trash_purge_schedule"}]: dispatch
2023-08-11T15:37:55.303 INFO:journalctl@ceph.mon.a.smithi032.stdout:Aug 11 15:37:55 smithi032 ceph-mon[97103]: mgrmap e11: x(active, since 1.00839s)
2023-08-11T15:37:55.378 INFO:teuthology.orchestra.run.smithi032.stdout:/usr/bin/ceph: stdout {
2023-08-11T15:37:55.378 INFO:teuthology.orchestra.run.smithi032.stdout:/usr/bin/ceph: stdout "mgrmap_epoch": 11,
2023-08-11T15:37:55.378 INFO:teuthology.orchestra.run.smithi032.stdout:/usr/bin/ceph: stdout "initialized": true
2023-08-11T15:37:55.379 INFO:teuthology.orchestra.run.smithi032.stdout:/usr/bin/ceph: stdout }
2023-08-11T15:37:55.379 INFO:teuthology.orchestra.run.smithi032.stdout:/usr/bin/ceph: stderr
2023-08-11T15:37:47.406+0000 7f0fc004b700 1 Processor -- start
2023-08-11T15:37:55.379 INFO:teuthology.orchestra.run.smithi032.stdout:/usr/bin/ceph: stderr
2023-08-11T15:37:47.406+0000 7f0fc004b700 1 -- start start
2023-08-11T15:37:55.379 INFO:teuthology.orchestra.run.smithi032.stdout:/usr/bin/ceph: stderr
2023-08-11T15:37:47.406+0000 7f0fc004b700 1 --2- >> [v2:172.21.15.32:3300/0,v1:172.21.15.32:6789/0] conn(0x7f0fb807bee0 0x7f0fb807a340 unknown :-1 s=NONE pgs=0 cs=0 l=0 rev1=0 crypto rx=0 tx=0 comp rx=0 tx=0).connect
2023-08-11T15:37:55.380 INFO:teuthology.orchestra.run.smithi032.stdout:/usr/bin/ceph: stderr
2023-08-11T15:37:47.406+0000 7f0fc004b700 1 -- --> [v2:172.21.15.32:3300/0,v1:172.21.15.32:6789/0] -- mon_getmap magic: 0 v1 -- 0x7f0fb807a910 con 0x7f0fb807bee0
2023-08-11T15:37:55.380 INFO:teuthology.orchestra.run.smithi032.stdout:/usr/bin/ceph: stderr
2023-08-11T15:37:47.406+0000 7f0fbdde7700 1 --2- >> [v2:172.21.15.32:3300/0,v1:172.21.15.32:6789/0] conn(0x7f0fb807bee0 0x7f0fb807a340 unknown :-1 s=BANNER_CONNECTING pgs=0 cs=0 l=0 rev1=0 crypto rx=0 tx=0 comp rx=0 tx=0)._handle_peer_banner_payload supported=3 required=0
2023-08-11T15:37:55.380 INFO:teuthology.orchestra.run.smithi032.stdout:/usr/bin/ceph: stderr
2023-08-11T15:37:47.407+0000 7f0fbdde7700 1 --2- >> [v2:172.21.15.32:3300/0,v1:172.21.15.32:6789/0] conn(0x7f0fb807bee0 0x7f0fb807a340 unknown :-1 s=HELLO_CONNECTING pgs=0 cs=0 l=0 rev1=1 crypto rx=0 tx=0 comp rx=0 tx=0).handle_hello peer v2:172.21.15.32:3300/0 says I am v2:172.21.15.32:40254/0 (socket says 172.21.15.32:40254)
2023-08-11T15:37:55.381 INFO:teuthology.orchestra.run.smithi032.stdout:/usr/bin/ceph: stderr
2023-08-11T15:37:47.407+0000 7f0fbdde7700 1 -- 172.21.15.32:0/2228760413 learned_addr learned my addr 172.21.15.32:0/2228760413 (peer_addr_for_me v2:172.21.15.32:0/0)
2023-08-11T15:37:55.381 INFO:teuthology.orchestra.run.smithi032.stdout:/usr/bin/ceph: stderr
2023-08-11T15:37:47.407+0000 7f0fbdde7700 1 -- 172.21.15.32:0/2228760413 --> [v2:172.21.15.32:3300/0,v1:172.21.15.32:6789/0] -- mon_subscribe({config=0+,monmap=0+}) v3 -- 0x7f0fb807aa50 con 0x7f0fb807bee0
2023-08-11T15:37:55.381 INFO:teuthology.orchestra.run.smithi032.stdout:/usr/bin/ceph: stderr
2023-08-11T15:37:47.407+0000 7f0fbdde7700 1 --2- 172.21.15.32:0/2228760413 >> [v2:172.21.15.32:3300/0,v1:172.21.15.32:6789/0] conn(0x7f0fb807bee0 0x7f0fb807a340 secure :-1 s=READY pgs=57 cs=0 l=1 rev1=1 crypto rx=0x7f0fb40098a0 tx=0x7f0fb4009bb0 comp rx=0 tx=0).ready entity=mon.0 client_cookie=ea4b6be452069e5e server_cookie=0 in_seq=0 out_seq=0
2023-08-11T15:37:55.381 INFO:teuthology.orchestra.run.smithi032.stdout:/usr/bin/ceph: stderr
2023-08-11T15:37:47.408+0000 7f0fbcde5700 1 -- 172.21.15.32:0/2228760413 <== mon.0 v2:172.21.15.32:3300/0 1 ==== mon_map magic: 0 v1 ==== 205+0+0 (secure 0 0 0) 0x7f0fb4004160 con 0x7f0fb807bee0
2023-08-11T15:37:55.381 INFO:teuthology.orchestra.run.smithi032.stdout:/usr/bin/ceph: stderr
2023-08-11T15:37:47.408+0000 7f0fbcde5700 1 -- 172.21.15.32:0/2228760413 <== mon.0 v2:172.21.15.32:3300/0 2 ==== config(26 keys) v1 ==== 1105+0+0 (secure 0 0 0) 0x7f0fb40042c0 con 0x7f0fb807bee0
2023-08-11T15:37:55.381 INFO:teuthology.orchestra.run.smithi032.stdout:/usr/bin/ceph: stderr
2023-08-11T15:37:47.408+0000 7f0fbcde5700 1 -- 172.21.15.32:0/2228760413 <== mon.0 v2:172.21.15.32:3300/0 3 ==== mon_map magic: 0 v1 ==== 205+0+0 (secure 0 0 0) 0x7f0fb40119b0 con 0x7f0fb807bee0
2023-08-11T15:37:55.381 INFO:teuthology.orchestra.run.smithi032.stdout:/usr/bin/ceph: stderr
2023-08-11T15:37:47.408+0000 7f0fc004b700 1 -- 172.21.15.32:0/2228760413 >> [v2:172.21.15.32:3300/0,v1:172.21.15.32:6789/0] conn(0x7f0fb807bee0 msgr2=0x7f0fb807a340 secure :-1 s=STATE_CONNECTION_ESTABLISHED l=1).mark_down
2023-08-11T15:37:55.381 INFO:teuthology.orchestra.run.smithi032.stdout:/usr/bin/ceph: stderr
2023-08-11T15:37:47.408+0000 7f0fc004b700 1 --2- 172.21.15.32:0/2228760413 >> [v2:172.21.15.32:3300/0,v1:172.21.15.32:6789/0] conn(0x7f0fb807bee0 0x7f0fb807a340 secure :-1 s=READY pgs=57 cs=0 l=1 rev1=1 crypto rx=0x7f0fb40098a0 tx=0x7f0fb4009bb0 comp rx=0 tx=0).stop
2023-08-11T15:37:55.382 INFO:teuthology.orchestra.run.smithi032.stdout:/usr/bin/ceph: stderr
2023-08-11T15:37:47.408+0000 7f0fc004b700 1 -- 172.21.15.32:0/2228760413 shutdown_connections
2023-08-11T15:37:55.382 INFO:teuthology.orchestra.run.smithi032.stdout:/usr/bin/ceph: stderr
2023-08-11T15:37:47.408+0000 7f0fc004b700 1 --2- 172.21.15.32:0/2228760413 >> [v2:172.21.15.32:3300/0,v1:172.21.15.32:6789/0] conn(0x7f0fb807bee0 0x7f0fb807a340 unknown :-1 s=CLOSED pgs=57 cs=0 l=1 rev1=1 crypto rx=0 tx=0 comp rx=0 tx=0).stop
2023-08-11T15:37:55.382 INFO:teuthology.orchestra.run.smithi032.stdout:/usr/bin/ceph: stderr
2023-08-11T15:37:47.408+0000 7f0fc004b700 1 -- 172.21.15.32:0/2228760413 >> 172.21.15.32:0/2228760413 conn(0x7f0fb8101610 msgr2=0x7f0fb8103a50 unknown :-1 s=STATE_NONE l=0).mark_down
2023-08-11T15:37:55.382 INFO:teuthology.orchestra.run.smithi032.stdout:/usr/bin/ceph: stderr
2023-08-11T15:37:47.408+0000 7f0fc004b700 1 -- 172.21.15.32:0/2228760413 shutdown_connections
2023-08-11T15:37:55.382 INFO:teuthology.orchestra.run.smithi032.stdout:/usr/bin/ceph: stderr
2023-08-11T15:37:47.408+0000 7f0fc004b700 1 -- 172.21.15.32:0/2228760413 wait complete.
2023-08-11T15:37:55.382 INFO:teuthology.orchestra.run.smithi032.stdout:/usr/bin/ceph: stderr
2023-08-11T15:37:47.409+0000 7f0fc004b700 1 Processor -- start
2023-08-11T15:37:55.382 INFO:teuthology.orchestra.run.smithi032.stdout:/usr/bin/ceph: stderr
2023-08-11T15:37:47.410+0000 7f0fc004b700 1 -- start start
2023-08-11T15:37:55.383 INFO:teuthology.orchestra.run.smithi032.stdout:/usr/bin/ceph: stderr
2023-08-11T15:37:47.410+0000 7f0fc004b700 1 --2- >> [v2:172.21.15.32:3300/0,v1:172.21.15.32:6789/0] conn(0x7f0fb807bee0 0x7f0fb819c050 unknown :-1 s=NONE pgs=0 cs=0 l=1 rev1=0 crypto rx=0 tx=0 comp rx=0 tx=0).connect
2023-08-11T15:37:55.383 INFO:teuthology.orchestra.run.smithi032.stdout:/usr/bin/ceph: stderr
2023-08-11T15:37:47.410+0000 7f0fc004b700 1 -- --> [v2:172.21.15.32:3300/0,v1:172.21.15.32:6789/0] -- mon_getmap magic: 0 v1 -- 0x7f0fb819c590 con 0x7f0fb807bee0
2023-08-11T15:37:55.383 INFO:teuthology.orchestra.run.smithi032.stdout:/usr/bin/ceph: stderr
2023-08-11T15:37:47.410+0000 7f0fbdde7700 1 --2- >> [v2:172.21.15.32:3300/0,v1:172.21.15.32:6789/0] conn(0x7f0fb807bee0 0x7f0fb819c050 unknown :-1 s=BANNER_CONNECTING pgs=0 cs=0 l=1 rev1=0 crypto rx=0 tx=0 comp rx=0 tx=0)._handle_peer_banner_payload supported=3 required=0
2023-08-11T15:37:55.383 INFO:teuthology.orchestra.run.smithi032.stdout:/usr/bin/ceph: stderr
2023-08-11T15:37:47.410+0000 7f0fbdde7700 1 --2- >> [v2:172.21.15.32:3300/0,v1:172.21.15.32:6789/0] conn(0x7f0fb807bee0 0x7f0fb819c050 unknown :-1 s=HELLO_CONNECTING pgs=0 cs=0 l=1 rev1=1 crypto rx=0 tx=0 comp rx=0 tx=0).handle_hello peer v2:172.21.15.32:3300/0 says I am v2:172.21.15.32:40258/0 (socket says 172.21.15.32:40258)
2023-08-11T15:37:55.383 INFO:teuthology.orchestra.run.smithi032.stdout:/usr/bin/ceph: stderr
2023-08-11T15:37:47.410+0000 7f0fbdde7700 1 -- 172.21.15.32:0/1393162362 learned_addr learned my addr 172.21.15.32:0/1393162362 (peer_addr_for_me v2:172.21.15.32:0/0)
2023-08-11T15:37:55.383 INFO:teuthology.orchestra.run.smithi032.stdout:/usr/bin/ceph: stderr
2023-08-11T15:37:47.411+0000 7f0fbdde7700 1 -- 172.21.15.32:0/1393162362 --> [v2:172.21.15.32:3300/0,v1:172.21.15.32:6789/0] -- mon_subscribe({config=0+,monmap=0+}) v3 -- 0x7f0fb4009550 con 0x7f0fb807bee0
2023-08-11T15:37:55.383 INFO:teuthology.orchestra.run.smithi032.stdout:/usr/bin/ceph: stderr
2023-08-11T15:37:47.411+0000 7f0fbdde7700 1 --2- 172.21.15.32:0/1393162362 >> [v2:172.21.15.32:3300/0,v1:172.21.15.32:6789/0] conn(0x7f0fb807bee0 0x7f0fb819c050 secure :-1 s=READY pgs=58 cs=0 l=1 rev1=1 crypto rx=0x7f0fb4006af0 tx=0x7f0fb4011a10 comp rx=0 tx=0).ready entity=mon.0 client_cookie=0 server_cookie=0 in_seq=0 out_seq=0
2023-08-11T15:37:55.384 INFO:teuthology.orchestra.run.smithi032.stdout:/usr/bin/ceph: stderr
2023-08-11T15:37:47.411+0000 7f0faeffd700 1 -- 172.21.15.32:0/1393162362 <== mon.0 v2:172.21.15.32:3300/0 1 ==== mon_map magic: 0 v1 ==== 205+0+0 (secure 0 0 0) 0x7f0fb4003a40 con 0x7f0fb807bee0
2023-08-11T15:37:55.384 INFO:teuthology.orchestra.run.smithi032.stdout:/usr/bin/ceph: stderr
2023-08-11T15:37:47.411+0000 7f0fc004b700 1 -- 172.21.15.32:0/1393162362 --> [v2:172.21.15.32:3300/0,v1:172.21.15.32:6789/0] -- mon_subscribe({mgrmap=0+}) v3 -- 0x7f0fb819c790 con 0x7f0fb807bee0
2023-08-11T15:37:55.384 INFO:teuthology.orchestra.run.smithi032.stdout:/usr/bin/ceph: stderr
2023-08-11T15:37:47.411+0000 7f0faeffd700 1 -- 172.21.15.32:0/1393162362 <== mon.0 v2:172.21.15.32:3300/0 2 ==== config(26 keys) v1 ==== 1105+0+0 (secure 0 0 0) 0x7f0fb4003ba0 con 0x7f0fb807bee0
2023-08-11T15:37:55.384 INFO:teuthology.orchestra.run.smithi032.stdout:/usr/bin/ceph: stderr
2023-08-11T15:37:47.411+0000 7f0faeffd700 1 -- 172.21.15.32:0/1393162362 <== mon.0 v2:172.21.15.32:3300/0 3 ==== mon_map magic: 0 v1 ==== 205+0+0 (secure 0 0 0) 0x7f0fb4019690 con 0x7f0fb807bee0
2023-08-11T15:37:55.384 INFO:teuthology.orchestra.run.smithi032.stdout:/usr/bin/ceph: stderr
2023-08-11T15:37:47.411+0000 7f0fc004b700 1 -- 172.21.15.32:0/1393162362 --> [v2:172.21.15.32:3300/0,v1:172.21.15.32:6789/0] -- mon_subscribe({osdmap=0}) v3 -- 0x7f0fb819cbb0 con 0x7f0fb807bee0
2023-08-11T15:37:55.385 INFO:teuthology.orchestra.run.smithi032.stdout:/usr/bin/ceph: stderr
2023-08-11T15:37:47.413+0000 7f0faeffd700 1 -- 172.21.15.32:0/1393162362 <== mon.0 v2:172.21.15.32:3300/0 4 ==== mgrmap(e 9) v1 ==== 45148+0+0 (secure 0 0 0) 0x7f0fb401a430 con 0x7f0fb807bee0
2023-08-11T15:37:55.385 INFO:teuthology.orchestra.run.smithi032.stdout:/usr/bin/ceph: stderr
2023-08-11T15:37:47.413+0000 7f0faeffd700 1 --2- 172.21.15.32:0/1393162362 >> [v2:172.21.15.32:6800/4253467068,v1:172.21.15.32:6801/4253467068] conn(0x7f0fa4038160 0x7f0fa403a620 unknown :-1 s=NONE pgs=0 cs=0 l=1 rev1=0 crypto rx=0 tx=0 comp rx=0 tx=0).connect
2023-08-11T15:37:55.385 INFO:teuthology.orchestra.run.smithi032.stdout:/usr/bin/ceph: stderr
2023-08-11T15:37:47.413+0000 7f0faeffd700 1 -- 172.21.15.32:0/1393162362 --> [v2:172.21.15.32:6800/4253467068,v1:172.21.15.32:6801/4253467068] -- command(tid 0: {"prefix": "get_command_descriptions"}) v1 -- 0x7f0fa403ad30 con 0x7f0fa4038160
2023-08-11T15:37:55.385 INFO:teuthology.orchestra.run.smithi032.stdout:/usr/bin/ceph: stderr
2023-08-11T15:37:47.413+0000 7f0faeffd700 1 -- 172.21.15.32:0/1393162362 <== mon.0 v2:172.21.15.32:3300/0 5 ==== osd_map(2..2 src has 1..2) v4 ==== 940+0+0 (secure 0 0 0) 0x7f0fb404bf30 con 0x7f0fb807bee0
2023-08-11T15:37:55.385 INFO:teuthology.orchestra.run.smithi032.stdout:/usr/bin/ceph: stderr
2023-08-11T15:37:47.413+0000 7f0fbd5e6700 1 -- 172.21.15.32:0/1393162362 >> [v2:172.21.15.32:6800/4253467068,v1:172.21.15.32:6801/4253467068] conn(0x7f0fa4038160 msgr2=0x7f0fa403a620 unknown :-1 s=STATE_CONNECTING_RE l=1).process reconnect failed to v2:172.21.15.32:6800/4253467068
2023-08-11T15:37:55.386 INFO:teuthology.orchestra.run.smithi032.stdout:/usr/bin/ceph: stderr
2023-08-11T15:37:47.413+0000 7f0fbd5e6700 1 --2- 172.21.15.32:0/1393162362 >> [v2:172.21.15.32:6800/4253467068,v1:172.21.15.32:6801/4253467068] conn(0x7f0fa4038160 0x7f0fa403a620 unknown :-1 s=START_CONNECT pgs=0 cs=0 l=1 rev1=0 crypto rx=0 tx=0 comp rx=0 tx=0)._fault waiting 0.200000
2023-08-11T15:37:55.386 INFO:teuthology.orchestra.run.smithi032.stdout:/usr/bin/ceph: stderr
2023-08-11T15:37:47.614+0000 7f0fbd5e6700 1 -- 172.21.15.32:0/1393162362 >> [v2:172.21.15.32:6800/4253467068,v1:172.21.15.32:6801/4253467068] conn(0x7f0fa4038160 msgr2=0x7f0fa403a620 unknown :-1 s=STATE_CONNECTING_RE l=1).process reconnect failed to v2:172.21.15.32:6800/4253467068
2023-08-11T15:37:55.386 INFO:teuthology.orchestra.run.smithi032.stdout:/usr/bin/ceph: stderr
2023-08-11T15:37:47.614+0000 7f0fbd5e6700 1 --2- 172.21.15.32:0/1393162362 >> [v2:172.21.15.32:6800/4253467068,v1:172.21.15.32:6801/4253467068] conn(0x7f0fa4038160 0x7f0fa403a620 unknown :-1 s=START_CONNECT pgs=0 cs=0 l=1 rev1=0 crypto rx=0 tx=0 comp rx=0 tx=0)._fault waiting 0.400000
2023-08-11T15:37:55.386 INFO:teuthology.orchestra.run.smithi032.stdout:/usr/bin/ceph: stderr
2023-08-11T15:37:48.015+0000 7f0fbd5e6700 1 -- 172.21.15.32:0/1393162362 >> [v2:172.21.15.32:6800/4253467068,v1:172.21.15.32:6801/4253467068] conn(0x7f0fa4038160 msgr2=0x7f0fa403a620 unknown :-1 s=STATE_CONNECTING_RE l=1).process reconnect failed to v2:172.21.15.32:6800/4253467068
2023-08-11T15:37:55.386 INFO:teuthology.orchestra.run.smithi032.stdout:/usr/bin/ceph: stderr
2023-08-11T15:37:48.015+0000 7f0fbd5e6700 1 --2- 172.21.15.32:0/1393162362 >> [v2:172.21.15.32:6800/4253467068,v1:172.21.15.32:6801/4253467068] conn(0x7f0fa4038160 0x7f0fa403a620 unknown :-1 s=START_CONNECT pgs=0 cs=0 l=1 rev1=0 crypto rx=0 tx=0 comp rx=0 tx=0)._fault waiting 0.800000
2023-08-11T15:37:55.386 INFO:teuthology.orchestra.run.smithi032.stdout:/usr/bin/ceph: stderr
2023-08-11T15:37:48.816+0000 7f0fbd5e6700 1 -- 172.21.15.32:0/1393162362 >> [v2:172.21.15.32:6800/4253467068,v1:172.21.15.32:6801/4253467068] conn(0x7f0fa4038160 msgr2=0x7f0fa403a620 unknown :-1 s=STATE_CONNECTING_RE l=1).process reconnect failed to v2:172.21.15.32:6800/4253467068
2023-08-11T15:37:55.387 INFO:teuthology.orchestra.run.smithi032.stdout:/usr/bin/ceph: stderr
2023-08-11T15:37:48.816+0000 7f0fbd5e6700 1 --2- 172.21.15.32:0/1393162362 >> [v2:172.21.15.32:6800/4253467068,v1:172.21.15.32:6801/4253467068] conn(0x7f0fa4038160 0x7f0fa403a620 unknown :-1 s=START_CONNECT pgs=0 cs=0 l=1 rev1=0 crypto rx=0 tx=0 comp rx=0 tx=0)._fault waiting 1.600000
2023-08-11T15:37:55.387 INFO:teuthology.orchestra.run.smithi032.stdout:/usr/bin/ceph: stderr
2023-08-11T15:37:50.417+0000 7f0fbd5e6700 1 -- 172.21.15.32:0/1393162362 >> [v2:172.21.15.32:6800/4253467068,v1:172.21.15.32:6801/4253467068] conn(0x7f0fa4038160 msgr2=0x7f0fa403a620 unknown :-1 s=STATE_CONNECTING_RE l=1).process reconnect failed to v2:172.21.15.32:6800/4253467068
2023-08-11T15:37:55.387 INFO:teuthology.orchestra.run.smithi032.stdout:/usr/bin/ceph: stderr
2023-08-11T15:37:50.418+0000 7f0fbd5e6700 1 --2- 172.21.15.32:0/1393162362 >> [v2:172.21.15.32:6800/4253467068,v1:172.21.15.32:6801/4253467068] conn(0x7f0fa4038160 0x7f0fa403a620 unknown :-1 s=START_CONNECT pgs=0 cs=0 l=1 rev1=0 crypto rx=0 tx=0 comp rx=0 tx=0)._fault waiting 3.200000
2023-08-11T15:37:55.387 INFO:teuthology.orchestra.run.smithi032.stdout:/usr/bin/ceph: stderr
2023-08-11T15:37:53.620+0000 7f0fbd5e6700 1 -- 172.21.15.32:0/1393162362 >> [v2:172.21.15.32:6800/4253467068,v1:172.21.15.32:6801/4253467068] conn(0x7f0fa4038160 msgr2=0x7f0fa403a620 unknown :-1 s=STATE_CONNECTING_RE l=1).process reconnect failed to v2:172.21.15.32:6800/4253467068
2023-08-11T15:37:55.387 INFO:teuthology.orchestra.run.smithi032.stdout:/usr/bin/ceph: stderr
2023-08-11T15:37:53.620+0000 7f0fbd5e6700 1 --2- 172.21.15.32:0/1393162362 >> [v2:172.21.15.32:6800/4253467068,v1:172.21.15.32:6801/4253467068] conn(0x7f0fa4038160 0x7f0fa403a620 unknown :-1 s=START_CONNECT pgs=0 cs=0 l=1 rev1=0 crypto rx=0 tx=0 comp rx=0 tx=0)._fault waiting 6.400000
2023-08-11T15:37:55.387 INFO:teuthology.orchestra.run.smithi032.stdout:/usr/bin/ceph: stderr
2023-08-11T15:37:53.989+0000 7f0faeffd700 1 -- 172.21.15.32:0/1393162362 <== mon.0 v2:172.21.15.32:3300/0 6 ==== mgrmap(e 10) v1 ==== 44915+0+0 (secure 0 0 0) 0x7f0fb401aa60 con 0x7f0fb807bee0
2023-08-11T15:37:55.387 INFO:teuthology.orchestra.run.smithi032.stdout:/usr/bin/ceph: stderr
2023-08-11T15:37:53.989+0000 7f0faeffd700 1 -- 172.21.15.32:0/1393162362 >> [v2:172.21.15.32:6800/4253467068,v1:172.21.15.32:6801/4253467068] conn(0x7f0fa4038160 msgr2=0x7f0fa403a620 unknown :-1 s=STATE_CONNECTING l=1).mark_down
2023-08-11T15:37:55.388 INFO:teuthology.orchestra.run.smithi032.stdout:/usr/bin/ceph: stderr
2023-08-11T15:37:53.989+0000 7f0faeffd700 1 --2- 172.21.15.32:0/1393162362 >> [v2:172.21.15.32:6800/4253467068,v1:172.21.15.32:6801/4253467068] conn(0x7f0fa4038160 0x7f0fa403a620 unknown :-1 s=START_CONNECT pgs=0 cs=0 l=1 rev1=0 crypto rx=0 tx=0 comp rx=0 tx=0).stop
2023-08-11T15:37:55.388 INFO:teuthology.orchestra.run.smithi032.stdout:/usr/bin/ceph: stderr
2023-08-11T15:37:54.992+0000 7f0faeffd700 1 -- 172.21.15.32:0/1393162362 <== mon.0 v2:172.21.15.32:3300/0 7 ==== mgrmap(e 11) v1 ==== 45042+0+0 (secure 0 0 0) 0x7f0fb404d850 con 0x7f0fb807bee0
