2023-08-25T04:36:38.131 INFO:teuthology.orchestra.run.smithi145.stdout:/usr/bin/ceph: stderr
2023-08-25T04:36:37.211+0000 7ff7f8ef1700 1 -- 172.21.15.145:0/1743995500 <== mon.0 v2:172.21.15.145:3300/0 3 ==== mon_map magic: 0 v1 ==== 205+0+0 (secure 0 0 0) 0x7ff7f00043e0 con 0x7ff7f407bdf0
2023-08-25T04:36:38.131 INFO:teuthology.orchestra.run.smithi145.stdout:/usr/bin/ceph: stderr
2023-08-25T04:36:37.211+0000 7ff7fc157700 1 -- 172.21.15.145:0/1743995500 >> [v2:172.21.15.145:3300/0,v1:172.21.15.145:6789/0] conn(0x7ff7f407bdf0 msgr2=0x7ff7f407a250 secure :-1 s=STATE_CONNECTION_ESTABLISHED l=1).mark_down
2023-08-25T04:36:38.131 INFO:teuthology.orchestra.run.smithi145.stdout:/usr/bin/ceph: stderr
2023-08-25T04:36:37.211+0000 7ff7fc157700 1 --2- 172.21.15.145:0/1743995500 >> [v2:172.21.15.145:3300/0,v1:172.21.15.145:6789/0] conn(0x7ff7f407bdf0 0x7ff7f407a250 secure :-1 s=READY pgs=70 cs=0 l=1 rev1=1 crypto rx=0x7ff7f0009e80 tx=0x7ff7f000b330 comp rx=0 tx=0).stop
2023-08-25T04:36:38.131 INFO:teuthology.orchestra.run.smithi145.stdout:/usr/bin/ceph: stderr
2023-08-25T04:36:37.211+0000 7ff7fc157700 1 -- 172.21.15.145:0/1743995500 shutdown_connections
2023-08-25T04:36:38.131 INFO:teuthology.orchestra.run.smithi145.stdout:/usr/bin/ceph: stderr
2023-08-25T04:36:37.211+0000 7ff7fc157700 1 --2- 172.21.15.145:0/1743995500 >> [v2:172.21.15.145:3300/0,v1:172.21.15.145:6789/0] conn(0x7ff7f407bdf0 0x7ff7f407a250 unknown :-1 s=CLOSED pgs=70 cs=0 l=1 rev1=1 crypto rx=0 tx=0 comp rx=0 tx=0).stop
2023-08-25T04:36:38.131 INFO:teuthology.orchestra.run.smithi145.stdout:/usr/bin/ceph: stderr
2023-08-25T04:36:37.211+0000 7ff7fc157700 1 -- 172.21.15.145:0/1743995500 >> 172.21.15.145:0/1743995500 conn(0x7ff7f4101750 msgr2=0x7ff7f4103b90 unknown :-1 s=STATE_NONE l=0).mark_down
2023-08-25T04:36:38.131 INFO:teuthology.orchestra.run.smithi145.stdout:/usr/bin/ceph: stderr
2023-08-25T04:36:37.211+0000 7ff7fc157700 1 -- 172.21.15.145:0/1743995500 shutdown_connections
2023-08-25T04:36:38.132 INFO:teuthology.orchestra.run.smithi145.stdout:/usr/bin/ceph: stderr
2023-08-25T04:36:37.212+0000 7ff7fc157700 1 -- 172.21.15.145:0/1743995500 wait complete.
2023-08-25T04:36:38.132 INFO:teuthology.orchestra.run.smithi145.stdout:/usr/bin/ceph: stderr
2023-08-25T04:36:37.212+0000 7ff7fc157700 1 Processor -- start
2023-08-25T04:36:38.132 INFO:teuthology.orchestra.run.smithi145.stdout:/usr/bin/ceph: stderr
2023-08-25T04:36:37.213+0000 7ff7fc157700 1 -- start start
2023-08-25T04:36:38.132 INFO:teuthology.orchestra.run.smithi145.stdout:/usr/bin/ceph: stderr
2023-08-25T04:36:37.213+0000 7ff7fc157700 1 --2- >> [v2:172.21.15.145:3300/0,v1:172.21.15.145:6789/0] conn(0x7ff7f407bdf0 0x7ff7f419c080 unknown :-1 s=NONE pgs=0 cs=0 l=1 rev1=0 crypto rx=0 tx=0 comp rx=0 tx=0).connect
2023-08-25T04:36:38.132 INFO:teuthology.orchestra.run.smithi145.stdout:/usr/bin/ceph: stderr
2023-08-25T04:36:37.213+0000 7ff7fc157700 1 -- --> [v2:172.21.15.145:3300/0,v1:172.21.15.145:6789/0] -- mon_getmap magic: 0 v1 -- 0x7ff7f419c5c0 con 0x7ff7f407bdf0
2023-08-25T04:36:38.132 INFO:teuthology.orchestra.run.smithi145.stdout:/usr/bin/ceph: stderr
2023-08-25T04:36:37.213+0000 7ff7f9ef3700 1 --2- >> [v2:172.21.15.145:3300/0,v1:172.21.15.145:6789/0] conn(0x7ff7f407bdf0 0x7ff7f419c080 unknown :-1 s=BANNER_CONNECTING pgs=0 cs=0 l=1 rev1=0 crypto rx=0 tx=0 comp rx=0 tx=0)._handle_peer_banner_payload supported=3 required=0
2023-08-25T04:36:38.132 INFO:teuthology.orchestra.run.smithi145.stdout:/usr/bin/ceph: stderr
2023-08-25T04:36:37.213+0000 7ff7f9ef3700 1 --2- >> [v2:172.21.15.145:3300/0,v1:172.21.15.145:6789/0] conn(0x7ff7f407bdf0 0x7ff7f419c080 unknown :-1 s=HELLO_CONNECTING pgs=0 cs=0 l=1 rev1=1 crypto rx=0 tx=0 comp rx=0 tx=0).handle_hello peer v2:172.21.15.145:3300/0 says I am v2:172.21.15.145:42662/0 (socket says 172.21.15.145:42662)
2023-08-25T04:36:38.133 INFO:teuthology.orchestra.run.smithi145.stdout:/usr/bin/ceph: stderr
2023-08-25T04:36:37.213+0000 7ff7f9ef3700 1 -- 172.21.15.145:0/2995634075 learned_addr learned my addr 172.21.15.145:0/2995634075 (peer_addr_for_me v2:172.21.15.145:0/0)
2023-08-25T04:36:38.133 INFO:teuthology.orchestra.run.smithi145.stdout:/usr/bin/ceph: stderr
2023-08-25T04:36:37.214+0000 7ff7f9ef3700 1 -- 172.21.15.145:0/2995634075 --> [v2:172.21.15.145:3300/0,v1:172.21.15.145:6789/0] -- mon_subscribe({config=0+,monmap=0+}) v3 -- 0x7ff7f0009b30 con 0x7ff7f407bdf0
2023-08-25T04:36:38.133 INFO:teuthology.orchestra.run.smithi145.stdout:/usr/bin/ceph: stderr
2023-08-25T04:36:37.214+0000 7ff7f9ef3700 1 --2- 172.21.15.145:0/2995634075 >> [v2:172.21.15.145:3300/0,v1:172.21.15.145:6789/0] conn(0x7ff7f407bdf0 0x7ff7f419c080 secure :-1 s=READY pgs=71 cs=0 l=1 rev1=1 crypto rx=0x7ff7f0004000 tx=0x7ff7f0003d00 comp rx=0 tx=0).ready entity=mon.0 client_cookie=0 server_cookie=0 in_seq=0 out_seq=0
2023-08-25T04:36:38.133 INFO:teuthology.orchestra.run.smithi145.stdout:/usr/bin/ceph: stderr
2023-08-25T04:36:37.214+0000 7ff7eaffd700 1 -- 172.21.15.145:0/2995634075 <== mon.0 v2:172.21.15.145:3300/0 1 ==== mon_map magic: 0 v1 ==== 205+0+0 (secure 0 0 0) 0x7ff7f000e040 con 0x7ff7f407bdf0
2023-08-25T04:36:38.133 INFO:teuthology.orchestra.run.smithi145.stdout:/usr/bin/ceph: stderr
2023-08-25T04:36:37.214+0000 7ff7eaffd700 1 -- 172.21.15.145:0/2995634075 <== mon.0 v2:172.21.15.145:3300/0 2 ==== config(26 keys) v1 ==== 1105+0+0 (secure 0 0 0) 0x7ff7f000be30 con 0x7ff7f407bdf0
2023-08-25T04:36:38.133 INFO:teuthology.orchestra.run.smithi145.stdout:/usr/bin/ceph: stderr
2023-08-25T04:36:37.214+0000 7ff7fc157700 1 -- 172.21.15.145:0/2995634075 --> [v2:172.21.15.145:3300/0,v1:172.21.15.145:6789/0] -- mon_subscribe({mgrmap=0+}) v3 -- 0x7ff7f419c7c0 con 0x7ff7f407bdf0
2023-08-25T04:36:38.133 INFO:teuthology.orchestra.run.smithi145.stdout:/usr/bin/ceph: stderr
2023-08-25T04:36:37.214+0000 7ff7eaffd700 1 -- 172.21.15.145:0/2995634075 <== mon.0 v2:172.21.15.145:3300/0 3 ==== mon_map magic: 0 v1 ==== 205+0+0 (secure 0 0 0) 0x7ff7f001c700 con 0x7ff7f407bdf0
2023-08-25T04:36:38.133 INFO:teuthology.orchestra.run.smithi145.stdout:/usr/bin/ceph: stderr
2023-08-25T04:36:37.214+0000 7ff7fc157700 1 -- 172.21.15.145:0/2995634075 --> [v2:172.21.15.145:3300/0,v1:172.21.15.145:6789/0] -- mon_subscribe({osdmap=0}) v3 -- 0x7ff7f419cc40 con 0x7ff7f407bdf0
2023-08-25T04:36:38.134 INFO:teuthology.orchestra.run.smithi145.stdout:/usr/bin/ceph: stderr
2023-08-25T04:36:37.216+0000 7ff7fc157700 1 -- 172.21.15.145:0/2995634075 --> [v2:172.21.15.145:3300/0,v1:172.21.15.145:6789/0] -- mon_command({"prefix": "get_command_descriptions"} v 0) v1 -- 0x7ff7f4061f50 con 0x7ff7f407bdf0
2023-08-25T04:36:38.134 INFO:teuthology.orchestra.run.smithi145.stdout:/usr/bin/ceph: stderr
2023-08-25T04:36:37.216+0000 7ff7eaffd700 1 -- 172.21.15.145:0/2995634075 <== mon.0 v2:172.21.15.145:3300/0 4 ==== mgrmap(e 12) v1 ==== 45148+0+0 (secure 0 0 0) 0x7ff7f0012430 con 0x7ff7f407bdf0
2023-08-25T04:36:38.134 INFO:teuthology.orchestra.run.smithi145.stdout:/usr/bin/ceph: stderr
2023-08-25T04:36:37.216+0000 7ff7eaffd700 1 --2- 172.21.15.145:0/2995634075 >> [v2:172.21.15.145:6800/891678096,v1:172.21.15.145:6801/891678096] conn(0x7ff7e00381b0 0x7ff7e003a670 unknown :-1 s=NONE pgs=0 cs=0 l=1 rev1=0 crypto rx=0 tx=0 comp rx=0 tx=0).connect
2023-08-25T04:36:38.134 INFO:teuthology.orchestra.run.smithi145.stdout:/usr/bin/ceph: stderr
2023-08-25T04:36:37.216+0000 7ff7eaffd700 1 -- 172.21.15.145:0/2995634075 <== mon.0 v2:172.21.15.145:3300/0 5 ==== osd_map(3..3 src has 1..3) v4 ==== 1155+0+0 (secure 0 0 0) 0x7ff7f004bf50 con 0x7ff7f407bdf0
2023-08-25T04:36:38.134 INFO:teuthology.orchestra.run.smithi145.stdout:/usr/bin/ceph: stderr
2023-08-25T04:36:37.217+0000 7ff7f96f2700 1 --2- 172.21.15.145:0/2995634075 >> [v2:172.21.15.145:6800/891678096,v1:172.21.15.145:6801/891678096] conn(0x7ff7e00381b0 0x7ff7e003a670 unknown :-1 s=BANNER_CONNECTING pgs=0 cs=0 l=1 rev1=0 crypto rx=0 tx=0 comp rx=0 tx=0)._handle_peer_banner_payload supported=3 required=0
2023-08-25T04:36:38.134 INFO:teuthology.orchestra.run.smithi145.stdout:/usr/bin/ceph: stderr
2023-08-25T04:36:37.217+0000 7ff7f96f2700 1 --2- 172.21.15.145:0/2995634075 >> [v2:172.21.15.145:6800/891678096,v1:172.21.15.145:6801/891678096] conn(0x7ff7e00381b0 0x7ff7e003a670 secure :-1 s=READY pgs=8 cs=0 l=1 rev1=1 crypto rx=0x7ff7e4006fd0 tx=0x7ff7e4006e40 comp rx=0 tx=0).ready entity=mgr.14150 client_cookie=0 server_cookie=0 in_seq=0 out_seq=0
2023-08-25T04:36:38.134 INFO:teuthology.orchestra.run.smithi145.stdout:/usr/bin/ceph: stderr
2023-08-25T04:36:37.222+0000 7ff7eaffd700 1 -- 172.21.15.145:0/2995634075 <== mon.0 v2:172.21.15.145:3300/0 6 ==== mon_command_ack([{"prefix": "get_command_descriptions"}]=0 v0) v1 ==== 72+0+179682 (secure 0 0 0) 0x7ff7f0011390 con 0x7ff7f407bdf0
2023-08-25T04:36:38.135 INFO:teuthology.orchestra.run.smithi145.stdout:/usr/bin/ceph: stderr
2023-08-25T04:36:37.448+0000 7ff7fc157700 1 -- 172.21.15.145:0/2995634075 --> [v2:172.21.15.145:6800/891678096,v1:172.21.15.145:6801/891678096] -- mgr_command(tid 0: {"prefix": "dashboard ac-user-create", "username": "admin", "rolename": "administrator", "force_password": true, "pwd_update_required": true, "target": ["mon-mgr", ""]}) v1 -- 0x7ff7f4061d70 con 0x7ff7e00381b0
2023-08-25T04:36:38.135 INFO:teuthology.orchestra.run.smithi145.stdout:/usr/bin/ceph: stderr
2023-08-25T04:36:37.677+0000 7ff7eaffd700 1 -- 172.21.15.145:0/2995634075 <== mgr.14150 v2:172.21.15.145:6800/891678096 1 ==== mgr_command_reply(tid 0: 0 ) v1 ==== 8+0+252 (secure 0 0 0) 0x7ff7f4061d70 con 0x7ff7e00381b0
2023-08-25T04:36:38.135 INFO:teuthology.orchestra.run.smithi145.stdout:/usr/bin/ceph: stderr
2023-08-25T04:36:37.679+0000 7ff7fc157700 1 -- 172.21.15.145:0/2995634075 >> [v2:172.21.15.145:6800/891678096,v1:172.21.15.145:6801/891678096] conn(0x7ff7e00381b0 msgr2=0x7ff7e003a670 secure :-1 s=STATE_CONNECTION_ESTABLISHED l=1).mark_down
2023-08-25T04:36:38.135 INFO:teuthology.orchestra.run.smithi145.stdout:/usr/bin/ceph: stderr
2023-08-25T04:36:37.679+0000 7ff7fc157700 1 --2- 172.21.15.145:0/2995634075 >> [v2:172.21.15.145:6800/891678096,v1:172.21.15.145:6801/891678096] conn(0x7ff7e00381b0 0x7ff7e003a670 secure :-1 s=READY pgs=8 cs=0 l=1 rev1=1 crypto rx=0x7ff7e4006fd0 tx=0x7ff7e4006e40 comp rx=0 tx=0).stop
2023-08-25T04:36:38.135 INFO:teuthology.orchestra.run.smithi145.stdout:/usr/bin/ceph: stderr
2023-08-25T04:36:37.679+0000 7ff7fc157700 1 -- 172.21.15.145:0/2995634075 >> [v2:172.21.15.145:3300/0,v1:172.21.15.145:6789/0] conn(0x7ff7f407bdf0 msgr2=0x7ff7f419c080 secure :-1 s=STATE_CONNECTION_ESTABLISHED l=1).mark_down
2023-08-25T04:36:38.135 INFO:teuthology.orchestra.run.smithi145.stdout:/usr/bin/ceph: stderr
2023-08-25T04:36:37.679+0000 7ff7fc157700 1 --2- 172.21.15.145:0/2995634075 >> [v2:172.21.15.145:3300/0,v1:172.21.15.145:6789/0] conn(0x7ff7f407bdf0 0x7ff7f419c080 secure :-1 s=READY pgs=71 cs=0 l=1 rev1=1 crypto rx=0x7ff7f0004000 tx=0x7ff7f0003d00 comp rx=0 tx=0).stop
2023-08-25T04:36:38.135 INFO:teuthology.orchestra.run.smithi145.stdout:/usr/bin/ceph: stderr
2023-08-25T04:36:37.680+0000 7ff7fc157700 1 -- 172.21.15.145:0/2995634075 shutdown_connections
2023-08-25T04:36:38.135 INFO:teuthology.orchestra.run.smithi145.stdout:/usr/bin/ceph: stderr
2023-08-25T04:36:37.680+0000 7ff7fc157700 1 --2- 172.21.15.145:0/2995634075 >> [v2:172.21.15.145:6800/891678096,v1:172.21.15.145:6801/891678096] conn(0x7ff7e00381b0 0x7ff7e003a670 unknown :-1 s=CLOSED pgs=8 cs=0 l=1 rev1=1 crypto rx=0 tx=0 comp rx=0 tx=0).stop
2023-08-25T04:36:38.136 INFO:teuthology.orchestra.run.smithi145.stdout:/usr/bin/ceph: stderr
2023-08-25T04:36:37.680+0000 7ff7fc157700 1 --2- 172.21.15.145:0/2995634075 >> [v2:172.21.15.145:3300/0,v1:172.21.15.145:6789/0] conn(0x7ff7f407bdf0 0x7ff7f419c080 unknown :-1 s=CLOSED pgs=71 cs=0 l=1 rev1=1 crypto rx=0 tx=0 comp rx=0 tx=0).stop
2023-08-25T04:36:38.136 INFO:teuthology.orchestra.run.smithi145.stdout:/usr/bin/ceph: stderr
2023-08-25T04:36:37.680+0000 7ff7fc157700 1 -- 172.21.15.145:0/2995634075 >> 172.21.15.145:0/2995634075 conn(0x7ff7f4101750 msgr2=0x7ff7f4102e70 unknown :-1 s=STATE_NONE l=0).mark_down
2023-08-25T04:36:38.136 INFO:teuthology.orchestra.run.smithi145.stdout:/usr/bin/ceph: stderr
2023-08-25T04:36:37.680+0000 7ff7fc157700 1 -- 172.21.15.145:0/2995634075 shutdown_connections
2023-08-25T04:36:38.136 INFO:teuthology.orchestra.run.smithi145.stdout:/usr/bin/ceph: stderr
2023-08-25T04:36:37.680+0000 7ff7fc157700 1 -- 172.21.15.145:0/2995634075 wait complete.
2023-08-25T04:36:38.136 INFO:teuthology.orchestra.run.smithi145.stdout:Fetching dashboard port number...
2023-08-25T04:36:38.728 INFO:journalctl@ceph.mon.a.smithi145.stdout:Aug 25 04:36:38 smithi145 ceph-mon[97681]: from='client.14164 -' entity='client.admin' cmd=[{"prefix": "dashboard ac-user-create", "username": "admin", "rolename": "administrator", "force_password": true, "pwd_update_required": true, "target": ["mon-mgr", ""]}]: dispatch
2023-08-25T04:36:38.728 INFO:journalctl@ceph.mon.a.smithi145.stdout:Aug 25 04:36:38 smithi145 ceph-mon[97681]: from='mgr.14150 172.21.15.145:0/414322988' entity='mgr.x'
2023-08-25T04:36:39.607 INFO:teuthology.orchestra.run.smithi145.stdout:/usr/bin/ceph: stdout 8443
2023-08-25T04:36:39.608 INFO:teuthology.orchestra.run.smithi145.stdout:/usr/bin/ceph: stderr
2023-08-25T04:36:38.694+0000 7f32adc00700 1 Processor -- start
2023-08-25T04:36:39.608 INFO:teuthology.orchestra.run.smithi145.stdout:/usr/bin/ceph: stderr
2023-08-25T04:36:38.694+0000 7f32adc00700 1 -- start start
2023-08-25T04:36:39.608 INFO:teuthology.orchestra.run.smithi145.stdout:/usr/bin/ceph: stderr
2023-08-25T04:36:38.695+0000 7f32adc00700 1 --2- >> [v2:172.21.15.145:3300/0,v1:172.21.15.145:6789/0] conn(0x7f32a81050a0 0x7f32a81054c0 unknown :-1 s=NONE pgs=0 cs=0 l=0 rev1=0 crypto rx=0 tx=0 comp rx=0 tx=0).connect
2023-08-25T04:36:39.608 INFO:teuthology.orchestra.run.smithi145.stdout:/usr/bin/ceph: stderr
2023-08-25T04:36:38.695+0000 7f32adc00700 1 -- --> [v2:172.21.15.145:3300/0,v1:172.21.15.145:6789/0] -- mon_getmap magic: 0 v1 -- 0x7f32a8105a90 con 0x7f32a81050a0
2023-08-25T04:36:39.608 INFO:teuthology.orchestra.run.smithi145.stdout:/usr/bin/ceph: stderr
2023-08-25T04:36:38.695+0000 7f32a77fe700 1 --2- >> [v2:172.21.15.145:3300/0,v1:172.21.15.145:6789/0] conn(0x7f32a81050a0 0x7f32a81054c0 unknown :-1 s=BANNER_CONNECTING pgs=0 cs=0 l=0 rev1=0 crypto rx=0 tx=0 comp rx=0 tx=0)._handle_peer_banner_payload supported=3 required=0
2023-08-25T04:36:39.608 INFO:teuthology.orchestra.run.smithi145.stdout:/usr/bin/ceph: stderr
2023-08-25T04:36:38.695+0000 7f32a77fe700 1 --2- >> [v2:172.21.15.145:3300/0,v1:172.21.15.145:6789/0] conn(0x7f32a81050a0 0x7f32a81054c0 unknown :-1 s=HELLO_CONNECTING pgs=0 cs=0 l=0 rev1=1 crypto rx=0 tx=0 comp rx=0 tx=0).handle_hello peer v2:172.21.15.145:3300/0 says I am v2:172.21.15.145:42664/0 (socket says 172.21.15.145:42664)
2023-08-25T04:36:39.609 INFO:teuthology.orchestra.run.smithi145.stdout:/usr/bin/ceph: stderr
2023-08-25T04:36:38.695+0000 7f32a77fe700 1 -- 172.21.15.145:0/1579115148 learned_addr learned my addr 172.21.15.145:0/1579115148 (peer_addr_for_me v2:172.21.15.145:0/0)
2023-08-25T04:36:39.609 INFO:teuthology.orchestra.run.smithi145.stdout:/usr/bin/ceph: stderr
2023-08-25T04:36:38.695+0000 7f32a77fe700 1 -- 172.21.15.145:0/1579115148 --> [v2:172.21.15.145:3300/0,v1:172.21.15.145:6789/0] -- mon_subscribe({config=0+,monmap=0+}) v3 -- 0x7f32a81062a0 con 0x7f32a81050a0
2023-08-25T04:36:39.609 INFO:teuthology.orchestra.run.smithi145.stdout:/usr/bin/ceph: stderr
2023-08-25T04:36:38.696+0000 7f32a77fe700 1 --2- 172.21.15.145:0/1579115148 >> [v2:172.21.15.145:3300/0,v1:172.21.15.145:6789/0] conn(0x7f32a81050a0 0x7f32a81054c0 secure :-1 s=READY pgs=72 cs=0 l=1 rev1=1 crypto rx=0x7f32980098a0 tx=0x7f3298009bb0 comp rx=0 tx=0).ready entity=mon.0 client_cookie=461a86d3d6aa8224 server_cookie=0 in_seq=0 out_seq=0
2023-08-25T04:36:39.609 INFO:teuthology.orchestra.run.smithi145.stdout:/usr/bin/ceph: stderr
2023-08-25T04:36:38.696+0000 7f32a67fc700 1 -- 172.21.15.145:0/1579115148 <== mon.0 v2:172.21.15.145:3300/0 1 ==== mon_map magic: 0 v1 ==== 205+0+0 (secure 0 0 0) 0x7f3298004160 con 0x7f32a81050a0
2023-08-25T04:36:39.609 INFO:teuthology.orchestra.run.smithi145.stdout:/usr/bin/ceph: stderr
2023-08-25T04:36:38.696+0000 7f32a67fc700 1 -- 172.21.15.145:0/1579115148 <== mon.0 v2:172.21.15.145:3300/0 2 ==== config(26 keys) v1 ==== 1105+0+0 (secure 0 0 0) 0x7f32980042c0 con 0x7f32a81050a0
2023-08-25T04:36:39.609 INFO:teuthology.orchestra.run.smithi145.stdout:/usr/bin/ceph: stderr
2023-08-25T04:36:38.696+0000 7f32a67fc700 1 -- 172.21.15.145:0/1579115148 <== mon.0 v2:172.21.15.145:3300/0 3 ==== mon_map magic: 0 v1 ==== 205+0+0 (secure 0 0 0) 0x7f32980119b0 con 0x7f32a81050a0
2023-08-25T04:36:39.609 INFO:teuthology.orchestra.run.smithi145.stdout:/usr/bin/ceph: stderr
2023-08-25T04:36:38.697+0000 7f32adc00700 1 -- 172.21.15.145:0/1579115148 >> [v2:172.21.15.145:3300/0,v1:172.21.15.145:6789/0] conn(0x7f32a81050a0 msgr2=0x7f32a81054c0 secure :-1 s=STATE_CONNECTION_ESTABLISHED l=1).mark_down
2023-08-25T04:36:39.609 INFO:teuthology.orchestra.run.smithi145.stdout:/usr/bin/ceph: stderr
2023-08-25T04:36:38.697+0000 7f32adc00700 1 --2- 172.21.15.145:0/1579115148 >> [v2:172.21.15.145:3300/0,v1:172.21.15.145:6789/0] conn(0x7f32a81050a0 0x7f32a81054c0 secure :-1 s=READY pgs=72 cs=0 l=1 rev1=1 crypto rx=0x7f32980098a0 tx=0x7f3298009bb0 comp rx=0 tx=0).stop
2023-08-25T04:36:39.610 INFO:teuthology.orchestra.run.smithi145.stdout:/usr/bin/ceph: stderr
2023-08-25T04:36:38.697+0000 7f32adc00700 1 -- 172.21.15.145:0/1579115148 shutdown_connections
2023-08-25T04:36:39.610 INFO:teuthology.orchestra.run.smithi145.stdout:/usr/bin/ceph: stderr
2023-08-25T04:36:38.697+0000 7f32adc00700 1 --2- 172.21.15.145:0/1579115148 >> [v2:172.21.15.145:3300/0,v1:172.21.15.145:6789/0] conn(0x7f32a81050a0 0x7f32a81054c0 unknown :-1 s=CLOSED pgs=72 cs=0 l=1 rev1=1 crypto rx=0 tx=0 comp rx=0 tx=0).stop
2023-08-25T04:36:39.610 INFO:teuthology.orchestra.run.smithi145.stdout:/usr/bin/ceph: stderr
2023-08-25T04:36:38.697+0000 7f32adc00700 1 -- 172.21.15.145:0/1579115148 >> 172.21.15.145:0/1579115148 conn(0x7f32a8100620 msgr2=0x7f32a8102a80 unknown :-1 s=STATE_NONE l=0).mark_down
2023-08-25T04:36:39.610 INFO:teuthology.orchestra.run.smithi145.stdout:/usr/bin/ceph: stderr
2023-08-25T04:36:38.697+0000 7f32adc00700 1 -- 172.21.15.145:0/1579115148 shutdown_connections
2023-08-25T04:36:39.610 INFO:teuthology.orchestra.run.smithi145.stdout:/usr/bin/ceph: stderr
2023-08-25T04:36:38.697+0000 7f32adc00700 1 -- 172.21.15.145:0/1579115148 wait complete.
2023-08-25T04:36:39.610 INFO:teuthology.orchestra.run.smithi145.stdout:/usr/bin/ceph: stderr
2023-08-25T04:36:38.698+0000 7f32adc00700 1 Processor -- start
2023-08-25T04:36:39.610 INFO:teuthology.orchestra.run.smithi145.stdout:/usr/bin/ceph: stderr
2023-08-25T04:36:38.698+0000 7f32adc00700 1 -- start start
2023-08-25T04:36:39.611 INFO:teuthology.orchestra.run.smithi145.stdout:/usr/bin/ceph: stderr
2023-08-25T04:36:38.699+0000 7f32adc00700 1 --2- >> [v2:172.21.15.145:3300/0,v1:172.21.15.145:6789/0] conn(0x7f32a81050a0 0x7f32a8197c90 unknown :-1 s=NONE pgs=0 cs=0 l=1 rev1=0 crypto rx=0 tx=0 comp rx=0 tx=0).connect
2023-08-25T04:36:39.611 INFO:teuthology.orchestra.run.smithi145.stdout:/usr/bin/ceph: stderr
2023-08-25T04:36:38.699+0000 7f32adc00700 1 -- --> [v2:172.21.15.145:3300/0,v1:172.21.15.145:6789/0] -- mon_getmap magic: 0 v1 -- 0x7f32a81981d0 con 0x7f32a81050a0
2023-08-25T04:36:39.611 INFO:teuthology.orchestra.run.smithi145.stdout:/usr/bin/ceph: stderr
2023-08-25T04:36:38.699+0000 7f32a77fe700 1 --2- >> [v2:172.21.15.145:3300/0,v1:172.21.15.145:6789/0] conn(0x7f32a81050a0 0x7f32a8197c90 unknown :-1 s=BANNER_CONNECTING pgs=0 cs=0 l=1 rev1=0 crypto rx=0 tx=0 comp rx=0 tx=0)._handle_peer_banner_payload supported=3 required=0
2023-08-25T04:36:39.611 INFO:teuthology.orchestra.run.smithi145.stdout:/usr/bin/ceph: stderr
2023-08-25T04:36:38.699+0000 7f32a77fe700 1 --2- >> [v2:172.21.15.145:3300/0,v1:172.21.15.145:6789/0] conn(0x7f32a81050a0 0x7f32a8197c90 unknown :-1 s=HELLO_CONNECTING pgs=0 cs=0 l=1 rev1=1 crypto rx=0 tx=0 comp rx=0 tx=0).handle_hello peer v2:172.21.15.145:3300/0 says I am v2:172.21.15.145:42674/0 (socket says 172.21.15.145:42674)
2023-08-25T04:36:39.611 INFO:teuthology.orchestra.run.smithi145.stdout:/usr/bin/ceph: stderr
2023-08-25T04:36:38.699+0000 7f32a77fe700 1 -- 172.21.15.145:0/3214627152 learned_addr learned my addr 172.21.15.145:0/3214627152 (peer_addr_for_me v2:172.21.15.145:0/0)
2023-08-25T04:36:39.611 INFO:teuthology.orchestra.run.smithi145.stdout:/usr/bin/ceph: stderr
2023-08-25T04:36:38.699+0000 7f32a77fe700 1 -- 172.21.15.145:0/3214627152 --> [v2:172.21.15.145:3300/0,v1:172.21.15.145:6789/0] -- mon_subscribe({config=0+,monmap=0+}) v3 -- 0x7f3298009550 con 0x7f32a81050a0
2023-08-25T04:36:39.611 INFO:teuthology.orchestra.run.smithi145.stdout:/usr/bin/ceph: stderr
2023-08-25T04:36:38.699+0000 7f32a77fe700 1 --2- 172.21.15.145:0/3214627152 >> [v2:172.21.15.145:3300/0,v1:172.21.15.145:6789/0] conn(0x7f32a81050a0 0x7f32a8197c90 secure :-1 s=READY pgs=73 cs=0 l=1 rev1=1 crypto rx=0x7f3298000c00 tx=0x7f3298011a30 comp rx=0 tx=0).ready entity=mon.0 client_cookie=0 server_cookie=0 in_seq=0 out_seq=0
2023-08-25T04:36:39.611 INFO:teuthology.orchestra.run.smithi145.stdout:/usr/bin/ceph: stderr
2023-08-25T04:36:38.700+0000 7f32a4ff9700 1 -- 172.21.15.145:0/3214627152 <== mon.0 v2:172.21.15.145:3300/0 1 ==== mon_map magic: 0 v1 ==== 205+0+0 (secure 0 0 0) 0x7f32980039f0 con 0x7f32a81050a0
2023-08-25T04:36:39.612 INFO:teuthology.orchestra.run.smithi145.stdout:/usr/bin/ceph: stderr
2023-08-25T04:36:38.700+0000 7f32adc00700 1 -- 172.21.15.145:0/3214627152 --> [v2:172.21.15.145:3300/0,v1:172.21.15.145:6789/0] -- mon_subscribe({mgrmap=0+}) v3 -- 0x7f32a81983d0 con 0x7f32a81050a0
2023-08-25T04:36:39.612 INFO:teuthology.orchestra.run.smithi145.stdout:/usr/bin/ceph: stderr
2023-08-25T04:36:38.700+0000 7f32a4ff9700 1 -- 172.21.15.145:0/3214627152 <== mon.0 v2:172.21.15.145:3300/0 2 ==== config(26 keys) v1 ==== 1105+0+0 (secure 0 0 0) 0x7f3298003b50 con 0x7f32a81050a0
2023-08-25T04:36:39.612 INFO:teuthology.orchestra.run.smithi145.stdout:/usr/bin/ceph: stderr
2023-08-25T04:36:38.700+0000 7f32a4ff9700 1 -- 172.21.15.145:0/3214627152 <== mon.0 v2:172.21.15.145:3300/0 3 ==== mon_map magic: 0 v1 ==== 205+0+0 (secure 0 0 0) 0x7f329801a780 con 0x7f32a81050a0
2023-08-25T04:36:39.612 INFO:teuthology.orchestra.run.smithi145.stdout:/usr/bin/ceph: stderr
2023-08-25T04:36:38.700+0000 7f32adc00700 1 -- 172.21.15.145:0/3214627152 --> [v2:172.21.15.145:3300/0,v1:172.21.15.145:6789/0] -- mon_subscribe({osdmap=0}) v3 -- 0x7f32a81987f0 con 0x7f32a81050a0
2023-08-25T04:36:39.612 INFO:teuthology.orchestra.run.smithi145.stdout:/usr/bin/ceph: stderr
2023-08-25T04:36:38.701+0000 7f32adc00700 1 -- 172.21.15.145:0/3214627152 --> [v2:172.21.15.145:3300/0,v1:172.21.15.145:6789/0] -- mon_command({"prefix": "get_command_descriptions"} v 0) v1 -- 0x7f32a8061f50 con 0x7f32a81050a0
2023-08-25T04:36:39.612 INFO:teuthology.orchestra.run.smithi145.stdout:/usr/bin/ceph: stderr
2023-08-25T04:36:38.701+0000 7f32a4ff9700 1 -- 172.21.15.145:0/3214627152 <== mon.0 v2:172.21.15.145:3300/0 4 ==== mgrmap(e 12) v1 ==== 45148+0+0 (secure 0 0 0) 0x7f329801a9f0 con 0x7f32a81050a0
2023-08-25T04:36:39.612 INFO:teuthology.orchestra.run.smithi145.stdout:/usr/bin/ceph: stderr
2023-08-25T04:36:38.702+0000 7f32a4ff9700 1 --2- 172.21.15.145:0/3214627152 >> [v2:172.21.15.145:6800/891678096,v1:172.21.15.145:6801/891678096] conn(0x7f32900381b0 0x7f329003a670 unknown :-1 s=NONE pgs=0 cs=0 l=1 rev1=0 crypto rx=0 tx=0 comp rx=0 tx=0).connect
2023-08-25T04:36:39.613 INFO:teuthology.orchestra.run.smithi145.stdout:/usr/bin/ceph: stderr
2023-08-25T04:36:38.702+0000 7f32a4ff9700 1 -- 172.21.15.145:0/3214627152 <== mon.0 v2:172.21.15.145:3300/0 5 ==== osd_map(3..3 src has 1..3) v4 ==== 1155+0+0 (secure 0 0 0) 0x7f329804c110 con 0x7f32a81050a0
2023-08-25T04:36:39.613 INFO:teuthology.orchestra.run.smithi145.stdout:/usr/bin/ceph: stderr
2023-08-25T04:36:38.702+0000 7f32a6ffd700 1 --2- 172.21.15.145:0/3214627152 >> [v2:172.21.15.145:6800/891678096,v1:172.21.15.145:6801/891678096] conn(0x7f32900381b0 0x7f329003a670 unknown :-1 s=BANNER_CONNECTING pgs=0 cs=0 l=1 rev1=0 crypto rx=0 tx=0 comp rx=0 tx=0)._handle_peer_banner_payload supported=3 required=0
2023-08-25T04:36:39.613 INFO:teuthology.orchestra.run.smithi145.stdout:/usr/bin/ceph: stderr
2023-08-25T04:36:38.703+0000 7f32a6ffd700 1 --2- 172.21.15.145:0/3214627152 >> [v2:172.21.15.145:6800/891678096,v1:172.21.15.145:6801/891678096] conn(0x7f32900381b0 0x7f329003a670 secure :-1 s=READY pgs=9 cs=0 l=1 rev1=1 crypto rx=0x7f329c006fd0 tx=0x7f329c006e40 comp rx=0 tx=0).ready entity=mgr.14150 client_cookie=0 server_cookie=0 in_seq=0 out_seq=0
2023-08-25T04:36:39.613 INFO:teuthology.orchestra.run.smithi145.stdout:/usr/bin/ceph: stderr
2023-08-25T04:36:38.710+0000 7f32a4ff9700 1 -- 172.21.15.145:0/3214627152 <== mon.0 v2:172.21.15.145:3300/0 6 ==== mon_command_ack([{"prefix": "get_command_descriptions"}]=0 v0) v1 ==== 72+0+179682 (secure 0 0 0) 0x7f32980237b0 con 0x7f32a81050a0
2023-08-25T04:36:39.613 INFO:teuthology.orchestra.run.smithi145.stdout:/usr/bin/ceph: stderr
2023-08-25T04:36:38.938+0000 7f32adc00700 1 -- 172.21.15.145:0/3214627152 --> [v2:172.21.15.145:3300/0,v1:172.21.15.145:6789/0] -- mon_command({"prefix": "config get", "who": "mgr", "key": "mgr/dashboard/ssl_server_port"} v 0) v1 -- 0x7f32a819b230 con 0x7f32a81050a0
2023-08-25T04:36:39.613 INFO:teuthology.orchestra.run.smithi145.stdout:/usr/bin/ceph: stderr
2023-08-25T04:36:38.939+0000 7f32a4ff9700 1 -- 172.21.15.145:0/3214627152 <== mon.0 v2:172.21.15.145:3300/0 7 ==== mon_command_ack([{"prefix": "config get", "who": "mgr", "key": "mgr/dashboard/ssl_server_port"}]=0 v8) v1 ==== 112+0+5 (secure 0 0 0) 0x7f329802c350 con 0x7f32a81050a0
2023-08-25T04:36:39.613 INFO:teuthology.orchestra.run.smithi145.stdout:/usr/bin/ceph: stderr
2023-08-25T04:36:38.941+0000 7f32adc00700 1 -- 172.21.15.145:0/3214627152 >> [v2:172.21.15.145:6800/891678096,v1:172.21.15.145:6801/891678096] conn(0x7f32900381b0 msgr2=0x7f329003a670 secure :-1 s=STATE_CONNECTION_ESTABLISHED l=1).mark_down
2023-08-25T04:36:39.614 INFO:teuthology.orchestra.run.smithi145.stdout:/usr/bin/ceph: stderr
2023-08-25T04:36:38.941+0000 7f32adc00700 1 --2- 172.21.15.145:0/3214627152 >> [v2:172.21.15.145:6800/891678096,v1:172.21.15.145:6801/891678096] conn(0x7f32900381b0 0x7f329003a670 secure :-1 s=READY pgs=9 cs=0 l=1 rev1=1 crypto rx=0x7f329c006fd0 tx=0x7f329c006e40 comp rx=0 tx=0).stop
2023-08-25T04:36:39.614 INFO:teuthology.orchestra.run.smithi145.stdout:/usr/bin/ceph: stderr
2023-08-25T04:36:38.941+0000 7f32adc00700 1 -- 172.21.15.145:0/3214627152 >> [v2:172.21.15.145:3300/0,v1:172.21.15.145:6789/0] conn(0x7f32a81050a0 msgr2=0x7f32a8197c90 secure :-1 s=STATE_CONNECTION_ESTABLISHED l=1).mark_down
2023-08-25T04:36:39.614 INFO:teuthology.orchestra.run.smithi145.stdout:/usr/bin/ceph: stderr
2023-08-25T04:36:38.941+0000 7f32adc00700 1 --2- 172.21.15.145:0/3214627152 >> [v2:172.21.15.145:3300/0,v1:172.21.15.145:6789/0] conn(0x7f32a81050a0 0x7f32a8197c90 secure :-1 s=READY pgs=73 cs=0 l=1 rev1=1 crypto rx=0x7f3298000c00 tx=0x7f3298011a30 comp rx=0 tx=0).stop
2023-08-25T04:36:39.614 INFO:teuthology.orchestra.run.smithi145.stdout:/usr/bin/ceph: stderr
2023-08-25T04:36:38.942+0000 7f32adc00700 1 -- 172.21.15.145:0/3214627152 shutdown_connections
2023-08-25T04:36:39.614 INFO:teuthology.orchestra.run.smithi145.stdout:/usr/bin/ceph: stderr
2023-08-25T04:36:38.942+0000 7f32adc00700 1 --2- 172.21.15.145:0/3214627152 >> [v2:172.21.15.145:6800/891678096,v1:172.21.15.145:6801/891678096] conn(0x7f32900381b0 0x7f329003a670 unknown :-1 s=CLOSED pgs=9 cs=0 l=1 rev1=1 crypto rx=0 tx=0 comp rx=0 tx=0).stop
2023-08-25T04:36:39.614 INFO:teuthology.orchestra.run.smithi145.stdout:/usr/bin/ceph: stderr
2023-08-25T04:36:38.942+0000 7f32adc00700 1 --2- 172.21.15.145:0/3214627152 >> [v2:172.21.15.145:3300/0,v1:172.21.15.145:6789/0] conn(0x7f32a81050a0 0x7f32a8197c90 unknown :-1 s=CLOSED pgs=73 cs=0 l=1 rev1=1 crypto rx=0 tx=0 comp rx=0 tx=0).stop
2023-08-25T04:36:39.614 INFO:teuthology.orchestra.run.smithi145.stdout:/usr/bin/ceph: stderr
2023-08-25T04:36:38.942+0000 7f32adc00700 1 -- 172.21.15.145:0/3214627152 >> 172.21.15.145:0/3214627152 conn(0x7f32a8100620 msgr2=0x7f32a80790a0 unknown :-1 s=STATE_NONE l=0).mark_down
2023-08-25T04:36:39.614 INFO:teuthology.orchestra.run.smithi145.stdout:/usr/bin/ceph: stderr
2023-08-25T04:36:38.942+0000 7f32adc00700 1 -- 172.21.15.145:0/3214627152 shutdown_connections
2023-08-25T04:36:39.615 INFO:teuthology.orchestra.run.smithi145.stdout:/usr/bin/ceph: stderr
2023-08-25T04:36:38.942+0000 7f32adc00700 1 -- 172.21.15.145:0/3214627152 wait complete.
2023-08-25T04:36:39.626 INFO:teuthology.orchestra.run.smithi145.stdout:Non-zero exit code 1 from systemctl is-enabled firewalld.service
2023-08-25T04:36:39.626 INFO:teuthology.orchestra.run.smithi145.stdout:systemctl: stdout disabled
2023-08-25T04:36:39.642 INFO:teuthology.orchestra.run.smithi145.stdout:Non-zero exit code 3 from systemctl is-active firewalld.service
2023-08-25T04:36:39.642 INFO:teuthology.orchestra.run.smithi145.stdout:systemctl: stdout inactive
2023-08-25T04:36:39.642 INFO:teuthology.orchestra.run.smithi145.stdout:firewalld.service is not enabled
2023-08-25T04:36:39.643 INFO:teuthology.orchestra.run.smithi145.stdout:Not possible to open ports <[8443]>. firewalld.service is not available
2023-08-25T04:36:39.644 INFO:teuthology.orchestra.run.smithi145.stdout:Ceph Dashboard is now available at:
2023-08-25T04:36:39.644 INFO:teuthology.orchestra.run.smithi145.stdout:
2023-08-25T04:36:39.644 INFO:teuthology.orchestra.run.smithi145.stdout: URL: https://smithi145.front.sepia.ceph.com:8443/
2023-08-25T04:36:39.644 INFO:teuthology.orchestra.run.smithi145.stdout: User: admin
2023-08-25T04:36:39.644 INFO:teuthology.orchestra.run.smithi145.stdout: Password: ypnjlhj9rt
2023-08-25T04:36:39.645 INFO:teuthology.orchestra.run.smithi145.stdout:
2023-08-25T04:36:39.645 INFO:teuthology.orchestra.run.smithi145.stdout:Saving cluster configuration to /var/lib/ceph/b24d70d4-4300-11ee-9b3d-001a4aab830c/config directory
2023-08-25T04:36:39.646 INFO:teuthology.orchestra.run.smithi145.stdout:Enabling autotune for osd_memory_target
2023-08-25T04:36:39.828 INFO:journalctl@ceph.mon.a.smithi145.stdout:Aug 25 04:36:39 smithi145 ceph-mon[97681]: from='client.? 172.21.15.145:0/3214627152' entity='client.admin' cmd=[{"prefix": "config get", "who": "mgr", "key": "mgr/dashboard/ssl_server_port"}]: dispatch
2023-08-25T04:36:40.826 INFO:teuthology.orchestra.run.smithi145.stdout:/usr/bin/ceph: stderr
2023-08-25T04:36:40.198+0000 7f036b93e700 1 Processor -- start
2023-08-25T04:36:40.826 INFO:teuthology.orchestra.run.smithi145.stdout:/usr/bin/ceph: stderr
2023-08-25T04:36:40.198+0000 7f036b93e700 1 -- start start
2023-08-25T04:36:40.826 INFO:teuthology.orchestra.run.smithi145.stdout:/usr/bin/ceph: stderr
2023-08-25T04:36:40.198+0000 7f036b93e700 1 --2- >> [v2:172.21.15.145:3300/0,v1:172.21.15.145:6789/0] conn(0x7f03641061b0 0x7f03641065d0 unknown :-1 s=NONE pgs=0 cs=0 l=0 rev1=0 crypto rx=0 tx=0 comp rx=0 tx=0).connect
2023-08-25T04:36:40.826 INFO:teuthology.orchestra.run.smithi145.stdout:/usr/bin/ceph: stderr
2023-08-25T04:36:40.198+0000 7f036b93e700 1 -- --> [v2:172.21.15.145:3300/0,v1:172.21.15.145:6789/0] -- mon_getmap magic: 0 v1 -- 0x7f0364106ba0 con 0x7f03641061b0
2023-08-25T04:36:40.826 INFO:teuthology.orchestra.run.smithi145.stdout:/usr/bin/ceph: stderr
2023-08-25T04:36:40.199+0000 7f03696da700 1 --2- >> [v2:172.21.15.145:3300/0,v1:172.21.15.145:6789/0] conn(0x7f03641061b0 0x7f03641065d0 unknown :-1 s=BANNER_CONNECTING pgs=0 cs=0 l=0 rev1=0 crypto rx=0 tx=0 comp rx=0 tx=0)._handle_peer_banner_payload supported=3 required=0
2023-08-25T04:36:40.827 INFO:teuthology.orchestra.run.smithi145.stdout:/usr/bin/ceph: stderr
2023-08-25T04:36:40.199+0000 7f03696da700 1 --2- >> [v2:172.21.15.145:3300/0,v1:172.21.15.145:6789/0] conn(0x7f03641061b0 0x7f03641065d0 unknown :-1 s=HELLO_CONNECTING pgs=0 cs=0 l=0 rev1=1 crypto rx=0 tx=0 comp rx=0 tx=0).handle_hello peer v2:172.21.15.145:3300/0 says I am v2:172.21.15.145:42684/0 (socket says 172.21.15.145:42684)
2023-08-25T04:36:40.827 INFO:teuthology.orchestra.run.smithi145.stdout:/usr/bin/ceph: stderr
2023-08-25T04:36:40.199+0000 7f03696da700 1 -- 172.21.15.145:0/308177803 learned_addr learned my addr 172.21.15.145:0/308177803 (peer_addr_for_me v2:172.21.15.145:0/0)
2023-08-25T04:36:40.827 INFO:teuthology.orchestra.run.smithi145.stdout:/usr/bin/ceph: stderr
2023-08-25T04:36:40.199+0000 7f03696da700 1 -- 172.21.15.145:0/308177803 --> [v2:172.21.15.145:3300/0,v1:172.21.15.145:6789/0] -- mon_subscribe({config=0+,monmap=0+}) v3 -- 0x7f03641073b0 con 0x7f03641061b0
2023-08-25T04:36:40.827 INFO:teuthology.orchestra.run.smithi145.stdout:/usr/bin/ceph: stderr
2023-08-25T04:36:40.199+0000 7f03696da700 1 --2- 172.21.15.145:0/308177803 >> [v2:172.21.15.145:3300/0,v1:172.21.15.145:6789/0] conn(0x7f03641061b0 0x7f03641065d0 secure :-1 s=READY pgs=74 cs=0 l=1 rev1=1 crypto rx=0x7f03600098a0 tx=0x7f0360009bb0 comp rx=0 tx=0).ready entity=mon.0 client_cookie=7c61abcfef28e1f4 server_cookie=0 in_seq=0 out_seq=0
2023-08-25T04:36:40.827 INFO:teuthology.orchestra.run.smithi145.stdout:/usr/bin/ceph: stderr
2023-08-25T04:36:40.200+0000 7f035bfff700 1 -- 172.21.15.145:0/308177803 <== mon.0 v2:172.21.15.145:3300/0 1 ==== mon_map magic: 0 v1 ==== 205+0+0 (secure 0 0 0) 0x7f0360004160 con 0x7f03641061b0
2023-08-25T04:36:40.827 INFO:teuthology.orchestra.run.smithi145.stdout:/usr/bin/ceph: stderr
2023-08-25T04:36:40.200+0000 7f035bfff700 1 -- 172.21.15.145:0/308177803 <== mon.0 v2:172.21.15.145:3300/0 2 ==== config(26 keys) v1 ==== 1105+0+0 (secure 0 0 0) 0x7f03600042c0 con 0x7f03641061b0
2023-08-25T04:36:40.827 INFO:teuthology.orchestra.run.smithi145.stdout:/usr/bin/ceph: stderr
2023-08-25T04:36:40.200+0000 7f035bfff700 1 -- 172.21.15.145:0/308177803 <== mon.0 v2:172.21.15.145:3300/0 3 ==== mon_map magic: 0 v1 ==== 205+0+0 (secure 0 0 0) 0x7f03600119b0 con 0x7f03641061b0
2023-08-25T04:36:40.828 INFO:teuthology.orchestra.run.smithi145.stdout:/usr/bin/ceph: stderr
2023-08-25T04:36:40.200+0000 7f036b93e700 1 -- 172.21.15.145:0/308177803 >> [v2:172.21.15.145:3300/0,v1:172.21.15.145:6789/0] conn(0x7f03641061b0 msgr2=0x7f03641065d0 secure :-1 s=STATE_CONNECTION_ESTABLISHED l=1).mark_down
2023-08-25T04:36:40.828 INFO:teuthology.orchestra.run.smithi145.stdout:/usr/bin/ceph: stderr
2023-08-25T04:36:40.200+0000 7f036b93e700 1 --2- 172.21.15.145:0/308177803 >> [v2:172.21.15.145:3300/0,v1:172.21.15.145:6789/0] conn(0x7f03641061b0 0x7f03641065d0 secure :-1 s=READY pgs=74 cs=0 l=1 rev1=1 crypto rx=0x7f03600098a0 tx=0x7f0360009bb0 comp rx=0 tx=0).stop
2023-08-25T04:36:40.828 INFO:teuthology.orchestra.run.smithi145.stdout:/usr/bin/ceph: stderr
2023-08-25T04:36:40.200+0000 7f036b93e700 1 -- 172.21.15.145:0/308177803 shutdown_connections
2023-08-25T04:36:40.828 INFO:teuthology.orchestra.run.smithi145.stdout:/usr/bin/ceph: stderr
2023-08-25T04:36:40.200+0000 7f036b93e700 1 --2- 172.21.15.145:0/308177803 >> [v2:172.21.15.145:3300/0,v1:172.21.15.145:6789/0] conn(0x7f03641061b0 0x7f03641065d0 unknown :-1 s=CLOSED pgs=74 cs=0 l=1 rev1=1 crypto rx=0 tx=0 comp rx=0 tx=0).stop
2023-08-25T04:36:40.828 INFO:teuthology.orchestra.run.smithi145.stdout:/usr/bin/ceph: stderr
2023-08-25T04:36:40.200+0000 7f036b93e700 1 -- 172.21.15.145:0/308177803 >> 172.21.15.145:0/308177803 conn(0x7f0364101750 msgr2=0x7f0364103b90 unknown :-1 s=STATE_NONE l=0).mark_down
2023-08-25T04:36:40.828 INFO:teuthology.orchestra.run.smithi145.stdout:/usr/bin/ceph: stderr
2023-08-25T04:36:40.200+0000 7f036b93e700 1 -- 172.21.15.145:0/308177803 shutdown_connections
2023-08-25T04:36:40.828 INFO:teuthology.orchestra.run.smithi145.stdout:/usr/bin/ceph: stderr
2023-08-25T04:36:40.200+0000 7f036b93e700 1 -- 172.21.15.145:0/308177803 wait complete.
2023-08-25T04:36:40.828 INFO:teuthology.orchestra.run.smithi145.stdout:/usr/bin/ceph: stderr
2023-08-25T04:36:40.201+0000 7f036b93e700 1 Processor -- start
2023-08-25T04:36:40.829 INFO:teuthology.orchestra.run.smithi145.stdout:/usr/bin/ceph: stderr
2023-08-25T04:36:40.201+0000 7f036b93e700 1 -- start start
2023-08-25T04:36:40.829 INFO:teuthology.orchestra.run.smithi145.stdout:/usr/bin/ceph: stderr
2023-08-25T04:36:40.202+0000 7f036b93e700 1 --2- >> [v2:172.21.15.145:3300/0,v1:172.21.15.145:6789/0] conn(0x7f03641061b0 0x7f036419c0d0 unknown :-1 s=NONE pgs=0 cs=0 l=1 rev1=0 crypto rx=0 tx=0 comp rx=0 tx=0).connect
2023-08-25T04:36:40.829 INFO:teuthology.orchestra.run.smithi145.stdout:/usr/bin/ceph: stderr
2023-08-25T04:36:40.202+0000 7f036b93e700 1 -- --> [v2:172.21.15.145:3300/0,v1:172.21.15.145:6789/0] -- mon_getmap magic: 0 v1 -- 0x7f036419c610 con 0x7f03641061b0
2023-08-25T04:36:40.829 INFO:teuthology.orchestra.run.smithi145.stdout:/usr/bin/ceph: stderr
2023-08-25T04:36:40.202+0000 7f03696da700 1 --2- >> [v2:172.21.15.145:3300/0,v1:172.21.15.145:6789/0] conn(0x7f03641061b0 0x7f036419c0d0 unknown :-1 s=BANNER_CONNECTING pgs=0 cs=0 l=1 rev1=0 crypto rx=0 tx=0 comp rx=0 tx=0)._handle_peer_banner_payload supported=3 required=0
2023-08-25T04:36:40.829 INFO:teuthology.orchestra.run.smithi145.stdout:/usr/bin/ceph: stderr
2023-08-25T04:36:40.202+0000 7f03696da700 1 --2- >> [v2:172.21.15.145:3300/0,v1:172.21.15.145:6789/0] conn(0x7f03641061b0 0x7f036419c0d0 unknown :-1 s=HELLO_CONNECTING pgs=0 cs=0 l=1 rev1=1 crypto rx=0 tx=0 comp rx=0 tx=0).handle_hello peer v2:172.21.15.145:3300/0 says I am v2:172.21.15.145:42698/0 (socket says 172.21.15.145:42698)
2023-08-25T04:36:40.829 INFO:teuthology.orchestra.run.smithi145.stdout:/usr/bin/ceph: stderr
2023-08-25T04:36:40.202+0000 7f03696da700 1 -- 172.21.15.145:0/1182614891 learned_addr learned my addr 172.21.15.145:0/1182614891 (peer_addr_for_me v2:172.21.15.145:0/0)
2023-08-25T04:36:40.829 INFO:teuthology.orchestra.run.smithi145.stdout:/usr/bin/ceph: stderr
2023-08-25T04:36:40.202+0000 7f03696da700 1 -- 172.21.15.145:0/1182614891 --> [v2:172.21.15.145:3300/0,v1:172.21.15.145:6789/0] -- mon_subscribe({config=0+,monmap=0+}) v3 -- 0x7f0360009550 con 0x7f03641061b0
2023-08-25T04:36:40.830 INFO:teuthology.orchestra.run.smithi145.stdout:/usr/bin/ceph: stderr
2023-08-25T04:36:40.202+0000 7f03696da700 1 --2- 172.21.15.145:0/1182614891 >> [v2:172.21.15.145:3300/0,v1:172.21.15.145:6789/0] conn(0x7f03641061b0 0x7f036419c0d0 secure :-1 s=READY pgs=75 cs=0 l=1 rev1=1 crypto rx=0x7f0360000c00 tx=0x7f0360011a30 comp rx=0 tx=0).ready entity=mon.0 client_cookie=0 server_cookie=0 in_seq=0 out_seq=0
2023-08-25T04:36:40.830 INFO:teuthology.orchestra.run.smithi145.stdout:/usr/bin/ceph: stderr
2023-08-25T04:36:40.203+0000 7f035a7fc700 1 -- 172.21.15.145:0/1182614891 <== mon.0 v2:172.21.15.145:3300/0 1 ==== mon_map magic: 0 v1 ==== 205+0+0 (secure 0 0 0) 0x7f03600039f0 con 0x7f03641061b0
2023-08-25T04:36:40.830 INFO:teuthology.orchestra.run.smithi145.stdout:/usr/bin/ceph: stderr
2023-08-25T04:36:40.203+0000 7f035a7fc700 1 -- 172.21.15.145:0/1182614891 <== mon.0 v2:172.21.15.145:3300/0 2 ==== config(26 keys) v1 ==== 1105+0+0 (secure 0 0 0) 0x7f0360003b50 con 0x7f03641061b0
2023-08-25T04:36:40.830 INFO:teuthology.orchestra.run.smithi145.stdout:/usr/bin/ceph: stderr
2023-08-25T04:36:40.203+0000 7f035a7fc700 1 -- 172.21.15.145:0/1182614891 <== mon.0 v2:172.21.15.145:3300/0 3 ==== mon_map magic: 0 v1 ==== 205+0+0 (secure 0 0 0) 0x7f036001a780 con 0x7f03641061b0
2023-08-25T04:36:40.830 INFO:teuthology.orchestra.run.smithi145.stdout:/usr/bin/ceph: stderr
2023-08-25T04:36:40.203+0000 7f036b93e700 1 -- 172.21.15.145:0/1182614891 --> [v2:172.21.15.145:3300/0,v1:172.21.15.145:6789/0] -- mon_subscribe({mgrmap=0+}) v3 -- 0x7f036419c810 con 0x7f03641061b0
2023-08-25T04:36:40.830 INFO:teuthology.orchestra.run.smithi145.stdout:/usr/bin/ceph: stderr
2023-08-25T04:36:40.203+0000 7f036b93e700 1 -- 172.21.15.145:0/1182614891 --> [v2:172.21.15.145:3300/0,v1:172.21.15.145:6789/0] -- mon_subscribe({osdmap=0}) v3 -- 0x7f036419cc30 con 0x7f03641061b0
2023-08-25T04:36:40.830 INFO:teuthology.orchestra.run.smithi145.stdout:/usr/bin/ceph: stderr
2023-08-25T04:36:40.204+0000 7f035a7fc700 1 -- 172.21.15.145:0/1182614891 <== mon.0 v2:172.21.15.145:3300/0 4 ==== mgrmap(e 12) v1 ==== 45148+0+0 (secure 0 0 0) 0x7f0360024440 con 0x7f03641061b0
2023-08-25T04:36:40.832 INFO:teuthology.orchestra.run.smithi145.stdout:/usr/bin/ceph: stderr
2023-08-25T04:36:40.204+0000 7f036b93e700 1 -- 172.21.15.145:0/1182614891 --> [v2:172.21.15.145:3300/0,v1:172.21.15.145:6789/0] -- mon_command({"prefix": "get_command_descriptions"} v 0) v1 -- 0x7f0364061f50 con 0x7f03641061b0
2023-08-25T04:36:40.832 INFO:teuthology.orchestra.run.smithi145.stdout:/usr/bin/ceph: stderr
2023-08-25T04:36:40.205+0000 7f035a7fc700 1 --2- 172.21.15.145:0/1182614891 >> [v2:172.21.15.145:6800/891678096,v1:172.21.15.145:6801/891678096] conn(0x7f03500381b0 0x7f035003a670 unknown :-1 s=NONE pgs=0 cs=0 l=1 rev1=0 crypto rx=0 tx=0 comp rx=0 tx=0).connect
2023-08-25T04:36:40.832 INFO:teuthology.orchestra.run.smithi145.stdout:/usr/bin/ceph: stderr
2023-08-25T04:36:40.205+0000 7f035a7fc700 1 -- 172.21.15.145:0/1182614891 <== mon.0 v2:172.21.15.145:3300/0 5 ==== osd_map(3..3 src has 1..3) v4 ==== 1155+0+0 (secure 0 0 0) 0x7f036004c170 con 0x7f03641061b0
2023-08-25T04:36:40.832 INFO:teuthology.orchestra.run.smithi145.stdout:/usr/bin/ceph: stderr
2023-08-25T04:36:40.205+0000 7f0368ed9700 1 --2- 172.21.15.145:0/1182614891 >> [v2:172.21.15.145:6800/891678096,v1:172.21.15.145:6801/891678096] conn(0x7f03500381b0 0x7f035003a670 unknown :-1 s=BANNER_CONNECTING pgs=0 cs=0 l=1 rev1=0 crypto rx=0 tx=0 comp rx=0 tx=0)._handle_peer_banner_payload supported=3 required=0
2023-08-25T04:36:40.833 INFO:teuthology.orchestra.run.smithi145.stdout:/usr/bin/ceph: stderr
2023-08-25T04:36:40.205+0000 7f0368ed9700 1 --2- 172.21.15.145:0/1182614891 >> [v2:172.21.15.145:6800/891678096,v1:172.21.15.145:6801/891678096] conn(0x7f03500381b0 0x7f035003a670 secure :-1 s=READY pgs=10 cs=0 l=1 rev1=1 crypto rx=0x7f0354006fd0 tx=0x7f0354006e40 comp rx=0 tx=0).ready entity=mgr.14150 client_cookie=0 server_cookie=0 in_seq=0 out_seq=0
2023-08-25T04:36:40.833 INFO:teuthology.orchestra.run.smithi145.stdout:/usr/bin/ceph: stderr
2023-08-25T04:36:40.210+0000 7f035a7fc700 1 -- 172.21.15.145:0/1182614891 <== mon.0 v2:172.21.15.145:3300/0 6 ==== mon_command_ack([{"prefix": "get_command_descriptions"}]=0 v0) v1 ==== 72+0+179682 (secure 0 0 0) 0x7f0360018d90 con 0x7f03641061b0
2023-08-25T04:36:40.833 INFO:teuthology.orchestra.run.smithi145.stdout:/usr/bin/ceph: stderr
2023-08-25T04:36:40.404+0000 7f036b93e700 1 -- 172.21.15.145:0/1182614891 --> [v2:172.21.15.145:3300/0,v1:172.21.15.145:6789/0] -- mon_command([{prefix=config set, name=osd_memory_target_autotune}] v 0) v1 -- 0x7f036419f670 con 0x7f03641061b0
2023-08-25T04:36:40.833 INFO:teuthology.orchestra.run.smithi145.stdout:/usr/bin/ceph: stderr
2023-08-25T04:36:40.404+0000 7f035a7fc700 1 -- 172.21.15.145:0/1182614891 <== mon.0 v2:172.21.15.145:3300/0 7 ==== mon_command_ack([{prefix=config set, name=osd_memory_target_autotune}]=0 v8)=0 v8) v1 ==== 127+0+0 (secure 0 0 0) 0x7f0360018350 con 0x7f03641061b0
2023-08-25T04:36:40.833 INFO:teuthology.orchestra.run.smithi145.stdout:/usr/bin/ceph: stderr
2023-08-25T04:36:40.407+0000 7f036b93e700 1 -- 172.21.15.145:0/1182614891 >> [v2:172.21.15.145:6800/891678096,v1:172.21.15.145:6801/891678096] conn(0x7f03500381b0 msgr2=0x7f035003a670 secure :-1 s=STATE_CONNECTION_ESTABLISHED l=1).mark_down
2023-08-25T04:36:40.833 INFO:teuthology.orchestra.run.smithi145.stdout:/usr/bin/ceph: stderr
2023-08-25T04:36:40.407+0000 7f036b93e700 1 --2- 172.21.15.145:0/1182614891 >> [v2:172.21.15.145:6800/891678096,v1:172.21.15.145:6801/891678096] conn(0x7f03500381b0 0x7f035003a670 secure :-1 s=READY pgs=10 cs=0 l=1 rev1=1 crypto rx=0x7f0354006fd0 tx=0x7f0354006e40 comp rx=0 tx=0).stop
2023-08-25T04:36:40.833 INFO:teuthology.orchestra.run.smithi145.stdout:/usr/bin/ceph: stderr
2023-08-25T04:36:40.407+0000 7f036b93e700 1 -- 172.21.15.145:0/1182614891 >> [v2:172.21.15.145:3300/0,v1:172.21.15.145:6789/0] conn(0x7f03641061b0 msgr2=0x7f036419c0d0 secure :-1 s=STATE_CONNECTION_ESTABLISHED l=1).mark_down
2023-08-25T04:36:40.833 INFO:teuthology.orchestra.run.smithi145.stdout:/usr/bin/ceph: stderr
2023-08-25T04:36:40.407+0000 7f036b93e700 1 --2- 172.21.15.145:0/1182614891 >> [v2:172.21.15.145:3300/0,v1:172.21.15.145:6789/0] conn(0x7f03641061b0 0x7f036419c0d0 secure :-1 s=READY pgs=75 cs=0 l=1 rev1=1 crypto rx=0x7f0360000c00 tx=0x7f0360011a30 comp rx=0 tx=0).stop
2023-08-25T04:36:40.834 INFO:teuthology.orchestra.run.smithi145.stdout:/usr/bin/ceph: stderr
2023-08-25T04:36:40.407+0000 7f036b93e700 1 -- 172.21.15.145:0/1182614891 shutdown_connections
2023-08-25T04:36:40.834 INFO:teuthology.orchestra.run.smithi145.stdout:/usr/bin/ceph: stderr
2023-08-25T04:36:40.407+0000 7f036b93e700 1 --2- 172.21.15.145:0/1182614891 >> [v2:172.21.15.145:6800/891678096,v1:172.21.15.145:6801/891678096] conn(0x7f03500381b0 0x7f035003a670 unknown :-1 s=CLOSED pgs=10 cs=0 l=1 rev1=1 crypto rx=0 tx=0 comp rx=0 tx=0).stop
2023-08-25T04:36:40.834 INFO:teuthology.orchestra.run.smithi145.stdout:/usr/bin/ceph: stderr
2023-08-25T04:36:40.407+0000 7f036b93e700 1 --2- 172.21.15.145:0/1182614891 >> [v2:172.21.15.145:3300/0,v1:172.21.15.145:6789/0] conn(0x7f03641061b0 0x7f036419c0d0 unknown :-1 s=CLOSED pgs=75 cs=0 l=1 rev1=1 crypto rx=0 tx=0 comp rx=0 tx=0).stop
2023-08-25T04:36:40.834 INFO:teuthology.orchestra.run.smithi145.stdout:/usr/bin/ceph: stderr
2023-08-25T04:36:40.407+0000 7f036b93e700 1 -- 172.21.15.145:0/1182614891 >> 172.21.15.145:0/1182614891 conn(0x7f0364101750 msgr2=0x7f0364102e20 unknown :-1 s=STATE_NONE l=0).mark_down
2023-08-25T04:36:40.834 INFO:teuthology.orchestra.run.smithi145.stdout:/usr/bin/ceph: stderr
2023-08-25T04:36:40.407+0000 7f036b93e700 1 -- 172.21.15.145:0/1182614891 shutdown_connections
2023-08-25T04:36:40.834 INFO:teuthology.orchestra.run.smithi145.stdout:/usr/bin/ceph: stderr
2023-08-25T04:36:40.407+0000 7f036b93e700 1 -- 172.21.15.145:0/1182614891 wait complete.
2023-08-25T04:36:41.724 INFO:journalctl@ceph.mon.a.smithi145.stdout:Aug 25 04:36:41 smithi145 ceph-mon[97681]: mgrmap e13: x(active, since 6s)
2023-08-25T04:36:42.104 INFO:teuthology.orchestra.run.smithi145.stdout:/usr/bin/ceph: stderr
2023-08-25T04:36:41.372+0000 7f99f0224700 1 Processor -- start
2023-08-25T04:36:42.105 INFO:teuthology.orchestra.run.smithi145.stdout:/usr/bin/ceph: stderr
2023-08-25T04:36:41.372+0000 7f99f0224700 1 -- start start
2023-08-25T04:36:42.105 INFO:teuthology.orchestra.run.smithi145.stdout:/usr/bin/ceph: stderr
2023-08-25T04:36:41.372+0000 7f99f0224700 1 --2- >> [v2:172.21.15.145:3300/0,v1:172.21.15.145:6789/0] conn(0x7f99e807be30 0x7f99e807a290 unknown :-1 s=NONE pgs=0 cs=0 l=0 rev1=0 crypto rx=0 tx=0 comp rx=0 tx=0).connect
2023-08-25T04:36:42.105 INFO:teuthology.orchestra.run.smithi145.stdout:/usr/bin/ceph: stderr
2023-08-25T04:36:41.372+0000 7f99f0224700 1 -- --> [v2:172.21.15.145:3300/0,v1:172.21.15.145:6789/0] -- mon_getmap magic: 0 v1 -- 0x7f99e807a860 con 0x7f99e807be30
2023-08-25T04:36:42.105 INFO:teuthology.orchestra.run.smithi145.stdout:/usr/bin/ceph: stderr
2023-08-25T04:36:41.372+0000 7f99edfc0700 1 --2- >> [v2:172.21.15.145:3300/0,v1:172.21.15.145:6789/0] conn(0x7f99e807be30 0x7f99e807a290 unknown :-1 s=BANNER_CONNECTING pgs=0 cs=0 l=0 rev1=0 crypto rx=0 tx=0 comp rx=0 tx=0)._handle_peer_banner_payload supported=3 required=0
2023-08-25T04:36:42.105 INFO:teuthology.orchestra.run.smithi145.stdout:/usr/bin/ceph: stderr
2023-08-25T04:36:41.372+0000 7f99edfc0700 1 --2- >> [v2:172.21.15.145:3300/0,v1:172.21.15.145:6789/0] conn(0x7f99e807be30 0x7f99e807a290 unknown :-1 s=HELLO_CONNECTING pgs=0 cs=0 l=0 rev1=1 crypto rx=0 tx=0 comp rx=0 tx=0).handle_hello peer v2:172.21.15.145:3300/0 says I am v2:172.21.15.145:42700/0 (socket says 172.21.15.145:42700)
2023-08-25T04:36:42.105 INFO:teuthology.orchestra.run.smithi145.stdout:/usr/bin/ceph: stderr
2023-08-25T04:36:41.372+0000 7f99edfc0700 1 -- 172.21.15.145:0/3606612699 learned_addr learned my addr 172.21.15.145:0/3606612699 (peer_addr_for_me v2:172.21.15.145:0/0)
2023-08-25T04:36:42.106 INFO:teuthology.orchestra.run.smithi145.stdout:/usr/bin/ceph: stderr
2023-08-25T04:36:41.373+0000 7f99edfc0700 1 -- 172.21.15.145:0/3606612699 --> [v2:172.21.15.145:3300/0,v1:172.21.15.145:6789/0] -- mon_subscribe({config=0+,monmap=0+}) v3 -- 0x7f99e807a9a0 con 0x7f99e807be30
2023-08-25T04:36:42.106 INFO:teuthology.orchestra.run.smithi145.stdout:/usr/bin/ceph: stderr
2023-08-25T04:36:41.373+0000 7f99edfc0700 1 --2- 172.21.15.145:0/3606612699 >> [v2:172.21.15.145:3300/0,v1:172.21.15.145:6789/0] conn(0x7f99e807be30 0x7f99e807a290 secure :-1 s=READY pgs=76 cs=0 l=1 rev1=1 crypto rx=0x7f99e40098a0 tx=0x7f99e4009bb0 comp rx=0 tx=0).ready entity=mon.0 client_cookie=2bc0cbe2ce108726 server_cookie=0 in_seq=0 out_seq=0
2023-08-25T04:36:42.106 INFO:teuthology.orchestra.run.smithi145.stdout:/usr/bin/ceph: stderr
2023-08-25T04:36:41.373+0000 7f99ecfbe700 1 -- 172.21.15.145:0/3606612699 <== mon.0 v2:172.21.15.145:3300/0 1 ==== mon_map magic: 0 v1 ==== 205+0+0 (secure 0 0 0) 0x7f99e4004160 con 0x7f99e807be30
2023-08-25T04:36:42.106 INFO:teuthology.orchestra.run.smithi145.stdout:/usr/bin/ceph: stderr
2023-08-25T04:36:41.373+0000 7f99ecfbe700 1 -- 172.21.15.145:0/3606612699 <== mon.0 v2:172.21.15.145:3300/0 2 ==== config(26 keys) v1 ==== 1105+0+0 (secure 0 0 0) 0x7f99e40042c0 con 0x7f99e807be30
2023-08-25T04:36:42.106 INFO:teuthology.orchestra.run.smithi145.stdout:/usr/bin/ceph: stderr
2023-08-25T04:36:41.373+0000 7f99ecfbe700 1 -- 172.21.15.145:0/3606612699 <== mon.0 v2:172.21.15.145:3300/0 3 ==== mon_map magic: 0 v1 ==== 205+0+0 (secure 0 0 0) 0x7f99e40119b0 con 0x7f99e807be30
2023-08-25T04:36:42.106 INFO:teuthology.orchestra.run.smithi145.stdout:/usr/bin/ceph: stderr
