2023-08-25T04:35:58.160+0000 7f3fbbf72700 1 -- start start
2023-08-25T04:35:58.905 INFO:teuthology.orchestra.run.smithi145.stdout:/usr/bin/ceph: stderr
2023-08-25T04:35:58.161+0000 7f3fbbf72700 1 --2- >> [v2:172.21.15.145:3300/0,v1:172.21.15.145:6789/0] conn(0x7f3fb41061b0 0x7f3fb4199ea0 unknown :-1 s=NONE pgs=0 cs=0 l=1 rev1=0 crypto rx=0 tx=0 comp rx=0 tx=0).connect
2023-08-25T04:35:58.905 INFO:teuthology.orchestra.run.smithi145.stdout:/usr/bin/ceph: stderr
2023-08-25T04:35:58.161+0000 7f3fbbf72700 1 -- --> [v2:172.21.15.145:3300/0,v1:172.21.15.145:6789/0] -- mon_getmap magic: 0 v1 -- 0x7f3fb419a3e0 con 0x7f3fb41061b0
2023-08-25T04:35:58.905 INFO:teuthology.orchestra.run.smithi145.stdout:/usr/bin/ceph: stderr
2023-08-25T04:35:58.161+0000 7f3fb9d0e700 1 --2- >> [v2:172.21.15.145:3300/0,v1:172.21.15.145:6789/0] conn(0x7f3fb41061b0 0x7f3fb4199ea0 unknown :-1 s=BANNER_CONNECTING pgs=0 cs=0 l=1 rev1=0 crypto rx=0 tx=0 comp rx=0 tx=0)._handle_peer_banner_payload supported=3 required=0
2023-08-25T04:35:58.905 INFO:teuthology.orchestra.run.smithi145.stdout:/usr/bin/ceph: stderr
2023-08-25T04:35:58.161+0000 7f3fb9d0e700 1 --2- >> [v2:172.21.15.145:3300/0,v1:172.21.15.145:6789/0] conn(0x7f3fb41061b0 0x7f3fb4199ea0 unknown :-1 s=HELLO_CONNECTING pgs=0 cs=0 l=1 rev1=1 crypto rx=0 tx=0 comp rx=0 tx=0).handle_hello peer v2:172.21.15.145:3300/0 says I am v2:172.21.15.145:54988/0 (socket says 172.21.15.145:54988)
2023-08-25T04:35:58.905 INFO:teuthology.orchestra.run.smithi145.stdout:/usr/bin/ceph: stderr
2023-08-25T04:35:58.161+0000 7f3fb9d0e700 1 -- 172.21.15.145:0/1527828770 learned_addr learned my addr 172.21.15.145:0/1527828770 (peer_addr_for_me v2:172.21.15.145:0/0)
2023-08-25T04:35:58.906 INFO:teuthology.orchestra.run.smithi145.stdout:/usr/bin/ceph: stderr
2023-08-25T04:35:58.161+0000 7f3fb9d0e700 1 -- 172.21.15.145:0/1527828770 --> [v2:172.21.15.145:3300/0,v1:172.21.15.145:6789/0] -- mon_subscribe({config=0+,monmap=0+}) v3 -- 0x7f3fb0009550 con 0x7f3fb41061b0
2023-08-25T04:35:58.906 INFO:teuthology.orchestra.run.smithi145.stdout:/usr/bin/ceph: stderr
2023-08-25T04:35:58.162+0000 7f3fb9d0e700 1 --2- 172.21.15.145:0/1527828770 >> [v2:172.21.15.145:3300/0,v1:172.21.15.145:6789/0] conn(0x7f3fb41061b0 0x7f3fb4199ea0 secure :-1 s=READY pgs=21 cs=0 l=1 rev1=1 crypto rx=0x7f3fb0006af0 tx=0x7f3fb0011ad0 comp rx=0 tx=0).ready entity=mon.0 client_cookie=0 server_cookie=0 in_seq=0 out_seq=0
2023-08-25T04:35:58.906 INFO:teuthology.orchestra.run.smithi145.stdout:/usr/bin/ceph: stderr
2023-08-25T04:35:58.162+0000 7f3faaffd700 1 -- 172.21.15.145:0/1527828770 <== mon.0 v2:172.21.15.145:3300/0 1 ==== mon_map magic: 0 v1 ==== 205+0+0 (secure 0 0 0) 0x7f3fb0003a40 con 0x7f3fb41061b0
2023-08-25T04:35:58.906 INFO:teuthology.orchestra.run.smithi145.stdout:/usr/bin/ceph: stderr
2023-08-25T04:35:58.162+0000 7f3faaffd700 1 -- 172.21.15.145:0/1527828770 <== mon.0 v2:172.21.15.145:3300/0 2 ==== config(26 keys) v1 ==== 1074+0+0 (secure 0 0 0) 0x7f3fb0003ba0 con 0x7f3fb41061b0
2023-08-25T04:35:58.906 INFO:teuthology.orchestra.run.smithi145.stdout:/usr/bin/ceph: stderr
2023-08-25T04:35:58.162+0000 7f3fbbf72700 1 -- 172.21.15.145:0/1527828770 --> [v2:172.21.15.145:3300/0,v1:172.21.15.145:6789/0] -- mon_subscribe({mgrmap=0+}) v3 -- 0x7f3fb419a5e0 con 0x7f3fb41061b0
2023-08-25T04:35:58.906 INFO:teuthology.orchestra.run.smithi145.stdout:/usr/bin/ceph: stderr
2023-08-25T04:35:58.162+0000 7f3faaffd700 1 -- 172.21.15.145:0/1527828770 <== mon.0 v2:172.21.15.145:3300/0 3 ==== mon_map magic: 0 v1 ==== 205+0+0 (secure 0 0 0) 0x7f3fb001a700 con 0x7f3fb41061b0
2023-08-25T04:35:58.906 INFO:teuthology.orchestra.run.smithi145.stdout:/usr/bin/ceph: stderr
2023-08-25T04:35:58.162+0000 7f3fbbf72700 1 -- 172.21.15.145:0/1527828770 --> [v2:172.21.15.145:3300/0,v1:172.21.15.145:6789/0] -- mon_subscribe({osdmap=0}) v3 -- 0x7f3fb419aa00 con 0x7f3fb41061b0
2023-08-25T04:35:58.906 INFO:teuthology.orchestra.run.smithi145.stdout:/usr/bin/ceph: stderr
2023-08-25T04:35:58.163+0000 7f3faaffd700 1 -- 172.21.15.145:0/1527828770 <== mon.0 v2:172.21.15.145:3300/0 4 ==== mgrmap(e 4) v1 ==== 45124+0+0 (secure 0 0 0) 0x7f3fb0024430 con 0x7f3fb41061b0
2023-08-25T04:35:58.907 INFO:teuthology.orchestra.run.smithi145.stdout:/usr/bin/ceph: stderr
2023-08-25T04:35:58.163+0000 7f3fbbf72700 1 -- 172.21.15.145:0/1527828770 --> [v2:172.21.15.145:3300/0,v1:172.21.15.145:6789/0] -- mon_command({"prefix": "get_command_descriptions"} v 0) v1 -- 0x7f3fb4061f50 con 0x7f3fb41061b0
2023-08-25T04:35:58.907 INFO:teuthology.orchestra.run.smithi145.stdout:/usr/bin/ceph: stderr
2023-08-25T04:35:58.163+0000 7f3faaffd700 1 --2- 172.21.15.145:0/1527828770 >> [v2:172.21.15.145:6800/2347349168,v1:172.21.15.145:6801/2347349168] conn(0x7f3fa0038110 0x7f3fa003a5d0 unknown :-1 s=NONE pgs=0 cs=0 l=1 rev1=0 crypto rx=0 tx=0 comp rx=0 tx=0).connect
2023-08-25T04:35:58.907 INFO:teuthology.orchestra.run.smithi145.stdout:/usr/bin/ceph: stderr
2023-08-25T04:35:58.163+0000 7f3faaffd700 1 -- 172.21.15.145:0/1527828770 <== mon.0 v2:172.21.15.145:3300/0 5 ==== osd_map(1..1 src has 1..1) v4 ==== 725+0+0 (secure 0 0 0) 0x7f3fb004be60 con 0x7f3fb41061b0
2023-08-25T04:35:58.907 INFO:teuthology.orchestra.run.smithi145.stdout:/usr/bin/ceph: stderr
2023-08-25T04:35:58.164+0000 7f3fb950d700 1 --2- 172.21.15.145:0/1527828770 >> [v2:172.21.15.145:6800/2347349168,v1:172.21.15.145:6801/2347349168] conn(0x7f3fa0038110 0x7f3fa003a5d0 unknown :-1 s=BANNER_CONNECTING pgs=0 cs=0 l=1 rev1=0 crypto rx=0 tx=0 comp rx=0 tx=0)._handle_peer_banner_payload supported=3 required=0
2023-08-25T04:35:58.907 INFO:teuthology.orchestra.run.smithi145.stdout:/usr/bin/ceph: stderr
2023-08-25T04:35:58.164+0000 7f3fb950d700 1 --2- 172.21.15.145:0/1527828770 >> [v2:172.21.15.145:6800/2347349168,v1:172.21.15.145:6801/2347349168] conn(0x7f3fa0038110 0x7f3fa003a5d0 secure :-1 s=READY pgs=8 cs=0 l=1 rev1=1 crypto rx=0x7f3fa4006fd0 tx=0x7f3fa4006e40 comp rx=0 tx=0).ready entity=mgr.14100 client_cookie=0 server_cookie=0 in_seq=0 out_seq=0
2023-08-25T04:35:58.907 INFO:teuthology.orchestra.run.smithi145.stdout:/usr/bin/ceph: stderr
2023-08-25T04:35:58.169+0000 7f3faaffd700 1 -- 172.21.15.145:0/1527828770 <== mon.0 v2:172.21.15.145:3300/0 6 ==== mon_command_ack([{"prefix": "get_command_descriptions"}]=0 v0) v1 ==== 72+0+179682 (secure 0 0 0) 0x7f3fb00189a0 con 0x7f3fb41061b0
2023-08-25T04:35:58.907 INFO:teuthology.orchestra.run.smithi145.stdout:/usr/bin/ceph: stderr
2023-08-25T04:35:58.416+0000 7f3fbbf72700 1 -- 172.21.15.145:0/1527828770 --> [v2:172.21.15.145:3300/0,v1:172.21.15.145:6789/0] -- mon_command({"prefix": "mgr module enable", "module": "cephadm"} v 0) v1 -- 0x7f3fb419d780 con 0x7f3fb41061b0
2023-08-25T04:35:58.908 INFO:teuthology.orchestra.run.smithi145.stdout:/usr/bin/ceph: stderr
2023-08-25T04:35:58.469+0000 7f3faaffd700 1 -- 172.21.15.145:0/1527828770 <== mon.0 v2:172.21.15.145:3300/0 7 ==== mgrmap(e 5) v1 ==== 45135+0+0 (secure 0 0 0) 0x7f3fb00246e0 con 0x7f3fb41061b0
2023-08-25T04:35:58.908 INFO:teuthology.orchestra.run.smithi145.stdout:/usr/bin/ceph: stderr
2023-08-25T04:35:58.470+0000 7f3faaffd700 1 -- 172.21.15.145:0/1527828770 <== mon.0 v2:172.21.15.145:3300/0 8 ==== mon_command_ack([{"prefix": "mgr module enable", "module": "cephadm"}]=0 v5) v1 ==== 86+0+0 (secure 0 0 0) 0x7f3fb0017d00 con 0x7f3fb41061b0
2023-08-25T04:35:58.908 INFO:teuthology.orchestra.run.smithi145.stdout:/usr/bin/ceph: stderr
2023-08-25T04:35:58.473+0000 7f3fbbf72700 1 -- 172.21.15.145:0/1527828770 >> [v2:172.21.15.145:6800/2347349168,v1:172.21.15.145:6801/2347349168] conn(0x7f3fa0038110 msgr2=0x7f3fa003a5d0 secure :-1 s=STATE_CONNECTION_ESTABLISHED l=1).mark_down
2023-08-25T04:35:58.908 INFO:teuthology.orchestra.run.smithi145.stdout:/usr/bin/ceph: stderr
2023-08-25T04:35:58.473+0000 7f3fbbf72700 1 --2- 172.21.15.145:0/1527828770 >> [v2:172.21.15.145:6800/2347349168,v1:172.21.15.145:6801/2347349168] conn(0x7f3fa0038110 0x7f3fa003a5d0 secure :-1 s=READY pgs=8 cs=0 l=1 rev1=1 crypto rx=0x7f3fa4006fd0 tx=0x7f3fa4006e40 comp rx=0 tx=0).stop
2023-08-25T04:35:58.908 INFO:teuthology.orchestra.run.smithi145.stdout:/usr/bin/ceph: stderr
2023-08-25T04:35:58.473+0000 7f3fbbf72700 1 -- 172.21.15.145:0/1527828770 >> [v2:172.21.15.145:3300/0,v1:172.21.15.145:6789/0] conn(0x7f3fb41061b0 msgr2=0x7f3fb4199ea0 secure :-1 s=STATE_CONNECTION_ESTABLISHED l=1).mark_down
2023-08-25T04:35:58.908 INFO:teuthology.orchestra.run.smithi145.stdout:/usr/bin/ceph: stderr
2023-08-25T04:35:58.473+0000 7f3fbbf72700 1 --2- 172.21.15.145:0/1527828770 >> [v2:172.21.15.145:3300/0,v1:172.21.15.145:6789/0] conn(0x7f3fb41061b0 0x7f3fb4199ea0 secure :-1 s=READY pgs=21 cs=0 l=1 rev1=1 crypto rx=0x7f3fb0006af0 tx=0x7f3fb0011ad0 comp rx=0 tx=0).stop
2023-08-25T04:35:58.908 INFO:teuthology.orchestra.run.smithi145.stdout:/usr/bin/ceph: stderr
2023-08-25T04:35:58.473+0000 7f3fbbf72700 1 -- 172.21.15.145:0/1527828770 shutdown_connections
2023-08-25T04:35:58.909 INFO:teuthology.orchestra.run.smithi145.stdout:/usr/bin/ceph: stderr
2023-08-25T04:35:58.473+0000 7f3fbbf72700 1 --2- 172.21.15.145:0/1527828770 >> [v2:172.21.15.145:6800/2347349168,v1:172.21.15.145:6801/2347349168] conn(0x7f3fa0038110 0x7f3fa003a5d0 unknown :-1 s=CLOSED pgs=8 cs=0 l=1 rev1=1 crypto rx=0 tx=0 comp rx=0 tx=0).stop
2023-08-25T04:35:58.909 INFO:teuthology.orchestra.run.smithi145.stdout:/usr/bin/ceph: stderr
2023-08-25T04:35:58.473+0000 7f3fbbf72700 1 --2- 172.21.15.145:0/1527828770 >> [v2:172.21.15.145:3300/0,v1:172.21.15.145:6789/0] conn(0x7f3fb41061b0 0x7f3fb4199ea0 unknown :-1 s=CLOSED pgs=21 cs=0 l=1 rev1=1 crypto rx=0 tx=0 comp rx=0 tx=0).stop
2023-08-25T04:35:58.909 INFO:teuthology.orchestra.run.smithi145.stdout:/usr/bin/ceph: stderr
2023-08-25T04:35:58.473+0000 7f3fbbf72700 1 -- 172.21.15.145:0/1527828770 >> 172.21.15.145:0/1527828770 conn(0x7f3fb4101750 msgr2=0x7f3fb4102e20 unknown :-1 s=STATE_NONE l=0).mark_down
2023-08-25T04:35:58.909 INFO:teuthology.orchestra.run.smithi145.stdout:/usr/bin/ceph: stderr
2023-08-25T04:35:58.473+0000 7f3fbbf72700 1 -- 172.21.15.145:0/1527828770 shutdown_connections
2023-08-25T04:35:58.909 INFO:teuthology.orchestra.run.smithi145.stdout:/usr/bin/ceph: stderr
2023-08-25T04:35:58.474+0000 7f3fbbf72700 1 -- 172.21.15.145:0/1527828770 wait complete.
2023-08-25T04:35:59.078 INFO:journalctl@ceph.mgr.x.smithi145.stdout:Aug 25 04:35:58 smithi145 ceph-b24d70d4-4300-11ee-9b3d-001a4aab830c-mgr-x[97929]:
2023-08-25T04:35:58.841+0000 7f7ef0d00200 -1 mgr[py] Module osd_support has missing NOTIFY_TYPES member
2023-08-25T04:35:59.078 INFO:journalctl@ceph.mgr.x.smithi145.stdout:Aug 25 04:35:58 smithi145 ceph-b24d70d4-4300-11ee-9b3d-001a4aab830c-mgr-x[97929]:
2023-08-25T04:35:58.967+0000 7f7ef0d00200 -1 mgr[py] Module snap_schedule has missing NOTIFY_TYPES member
2023-08-25T04:35:59.475 INFO:journalctl@ceph.mgr.x.smithi145.stdout:Aug 25 04:35:59 smithi145 ceph-b24d70d4-4300-11ee-9b3d-001a4aab830c-mgr-x[97929]:
2023-08-25T04:35:59.093+0000 7f7ef0d00200 -1 mgr[py] Module zabbix has missing NOTIFY_TYPES member
2023-08-25T04:35:59.475 INFO:journalctl@ceph.mgr.x.smithi145.stdout:Aug 25 04:35:59 smithi145 ceph-b24d70d4-4300-11ee-9b3d-001a4aab830c-mgr-x[97929]:
2023-08-25T04:35:59.334+0000 7f7ef0d00200 -1 mgr[py] Module crash has missing NOTIFY_TYPES member
2023-08-25T04:35:59.724 INFO:journalctl@ceph.mon.a.smithi145.stdout:Aug 25 04:35:59 smithi145 ceph-mon[97681]: from='client.? 172.21.15.145:0/1527828770' entity='client.admin' cmd='[{"prefix": "mgr module enable", "module": "cephadm"}]': finished
2023-08-25T04:35:59.725 INFO:journalctl@ceph.mon.a.smithi145.stdout:Aug 25 04:35:59 smithi145 ceph-mon[97681]: mgrmap e5: x(active, since 8s)
2023-08-25T04:35:59.989 INFO:journalctl@ceph.mgr.x.smithi145.stdout:Aug 25 04:35:59 smithi145 ceph-b24d70d4-4300-11ee-9b3d-001a4aab830c-mgr-x[97929]:
2023-08-25T04:35:59.820+0000 7f7ef0d00200 -1 mgr[py] Module prometheus has missing NOTIFY_TYPES member
2023-08-25T04:36:00.190 INFO:teuthology.orchestra.run.smithi145.stdout:/usr/bin/ceph: stdout {
2023-08-25T04:36:00.190 INFO:teuthology.orchestra.run.smithi145.stdout:/usr/bin/ceph: stdout "epoch": 5,
2023-08-25T04:36:00.191 INFO:teuthology.orchestra.run.smithi145.stdout:/usr/bin/ceph: stdout "available": true,
2023-08-25T04:36:00.192 INFO:teuthology.orchestra.run.smithi145.stdout:/usr/bin/ceph: stdout "active_name": "x",
2023-08-25T04:36:00.192 INFO:teuthology.orchestra.run.smithi145.stdout:/usr/bin/ceph: stdout "num_standby": 0
2023-08-25T04:36:00.192 INFO:teuthology.orchestra.run.smithi145.stdout:/usr/bin/ceph: stdout }
2023-08-25T04:36:00.192 INFO:teuthology.orchestra.run.smithi145.stdout:/usr/bin/ceph: stderr
2023-08-25T04:35:59.422+0000 7fb0a3534700 1 Processor -- start
2023-08-25T04:36:00.193 INFO:teuthology.orchestra.run.smithi145.stdout:/usr/bin/ceph: stderr
2023-08-25T04:35:59.422+0000 7fb0a3534700 1 -- start start
2023-08-25T04:36:00.193 INFO:teuthology.orchestra.run.smithi145.stdout:/usr/bin/ceph: stderr
2023-08-25T04:35:59.422+0000 7fb0a3534700 1 --2- >> [v2:172.21.15.145:3300/0,v1:172.21.15.145:6789/0] conn(0x7fb09c07be10 0x7fb09c07a270 unknown :-1 s=NONE pgs=0 cs=0 l=0 rev1=0 crypto rx=0 tx=0 comp rx=0 tx=0).connect
2023-08-25T04:36:00.193 INFO:teuthology.orchestra.run.smithi145.stdout:/usr/bin/ceph: stderr
2023-08-25T04:35:59.422+0000 7fb0a3534700 1 -- --> [v2:172.21.15.145:3300/0,v1:172.21.15.145:6789/0] -- mon_getmap magic: 0 v1 -- 0x7fb09c07a840 con 0x7fb09c07be10
2023-08-25T04:36:00.194 INFO:teuthology.orchestra.run.smithi145.stdout:/usr/bin/ceph: stderr
2023-08-25T04:35:59.422+0000 7fb0a12d0700 1 --2- >> [v2:172.21.15.145:3300/0,v1:172.21.15.145:6789/0] conn(0x7fb09c07be10 0x7fb09c07a270 unknown :-1 s=BANNER_CONNECTING pgs=0 cs=0 l=0 rev1=0 crypto rx=0 tx=0 comp rx=0 tx=0)._handle_peer_banner_payload supported=3 required=0
2023-08-25T04:36:00.194 INFO:teuthology.orchestra.run.smithi145.stdout:/usr/bin/ceph: stderr
2023-08-25T04:35:59.423+0000 7fb0a12d0700 1 --2- >> [v2:172.21.15.145:3300/0,v1:172.21.15.145:6789/0] conn(0x7fb09c07be10 0x7fb09c07a270 unknown :-1 s=HELLO_CONNECTING pgs=0 cs=0 l=0 rev1=1 crypto rx=0 tx=0 comp rx=0 tx=0).handle_hello peer v2:172.21.15.145:3300/0 says I am v2:172.21.15.145:55018/0 (socket says 172.21.15.145:55018)
2023-08-25T04:36:00.194 INFO:teuthology.orchestra.run.smithi145.stdout:/usr/bin/ceph: stderr
2023-08-25T04:35:59.423+0000 7fb0a12d0700 1 -- 172.21.15.145:0/3376708023 learned_addr learned my addr 172.21.15.145:0/3376708023 (peer_addr_for_me v2:172.21.15.145:0/0)
2023-08-25T04:36:00.194 INFO:teuthology.orchestra.run.smithi145.stdout:/usr/bin/ceph: stderr
2023-08-25T04:35:59.423+0000 7fb0a12d0700 1 -- 172.21.15.145:0/3376708023 --> [v2:172.21.15.145:3300/0,v1:172.21.15.145:6789/0] -- mon_subscribe({config=0+,monmap=0+}) v3 -- 0x7fb09c07a980 con 0x7fb09c07be10
2023-08-25T04:36:00.194 INFO:teuthology.orchestra.run.smithi145.stdout:/usr/bin/ceph: stderr
2023-08-25T04:35:59.423+0000 7fb0a12d0700 1 --2- 172.21.15.145:0/3376708023 >> [v2:172.21.15.145:3300/0,v1:172.21.15.145:6789/0] conn(0x7fb09c07be10 0x7fb09c07a270 secure :-1 s=READY pgs=24 cs=0 l=1 rev1=1 crypto rx=0x7fb0980098a0 tx=0x7fb098009bb0 comp rx=0 tx=0).ready entity=mon.0 client_cookie=5127f664e8a4420a server_cookie=0 in_seq=0 out_seq=0
2023-08-25T04:36:00.195 INFO:teuthology.orchestra.run.smithi145.stdout:/usr/bin/ceph: stderr
2023-08-25T04:35:59.424+0000 7fb093fff700 1 -- 172.21.15.145:0/3376708023 <== mon.0 v2:172.21.15.145:3300/0 1 ==== mon_map magic: 0 v1 ==== 205+0+0 (secure 0 0 0) 0x7fb098004160 con 0x7fb09c07be10
2023-08-25T04:36:00.195 INFO:teuthology.orchestra.run.smithi145.stdout:/usr/bin/ceph: stderr
2023-08-25T04:35:59.424+0000 7fb093fff700 1 -- 172.21.15.145:0/3376708023 <== mon.0 v2:172.21.15.145:3300/0 2 ==== config(26 keys) v1 ==== 1074+0+0 (secure 0 0 0) 0x7fb0980042c0 con 0x7fb09c07be10
2023-08-25T04:36:00.195 INFO:teuthology.orchestra.run.smithi145.stdout:/usr/bin/ceph: stderr
2023-08-25T04:35:59.424+0000 7fb093fff700 1 -- 172.21.15.145:0/3376708023 <== mon.0 v2:172.21.15.145:3300/0 3 ==== mon_map magic: 0 v1 ==== 205+0+0 (secure 0 0 0) 0x7fb098011a00 con 0x7fb09c07be10
2023-08-25T04:36:00.195 INFO:teuthology.orchestra.run.smithi145.stdout:/usr/bin/ceph: stderr
2023-08-25T04:35:59.424+0000 7fb0a3534700 1 -- 172.21.15.145:0/3376708023 >> [v2:172.21.15.145:3300/0,v1:172.21.15.145:6789/0] conn(0x7fb09c07be10 msgr2=0x7fb09c07a270 secure :-1 s=STATE_CONNECTION_ESTABLISHED l=1).mark_down
2023-08-25T04:36:00.195 INFO:teuthology.orchestra.run.smithi145.stdout:/usr/bin/ceph: stderr
2023-08-25T04:35:59.424+0000 7fb0a3534700 1 --2- 172.21.15.145:0/3376708023 >> [v2:172.21.15.145:3300/0,v1:172.21.15.145:6789/0] conn(0x7fb09c07be10 0x7fb09c07a270 secure :-1 s=READY pgs=24 cs=0 l=1 rev1=1 crypto rx=0x7fb0980098a0 tx=0x7fb098009bb0 comp rx=0 tx=0).stop
2023-08-25T04:36:00.196 INFO:teuthology.orchestra.run.smithi145.stdout:/usr/bin/ceph: stderr
2023-08-25T04:35:59.425+0000 7fb0a3534700 1 -- 172.21.15.145:0/3376708023 shutdown_connections
2023-08-25T04:36:00.196 INFO:teuthology.orchestra.run.smithi145.stdout:/usr/bin/ceph: stderr
2023-08-25T04:35:59.425+0000 7fb0a3534700 1 --2- 172.21.15.145:0/3376708023 >> [v2:172.21.15.145:3300/0,v1:172.21.15.145:6789/0] conn(0x7fb09c07be10 0x7fb09c07a270 unknown :-1 s=CLOSED pgs=24 cs=0 l=1 rev1=1 crypto rx=0 tx=0 comp rx=0 tx=0).stop
2023-08-25T04:36:00.196 INFO:teuthology.orchestra.run.smithi145.stdout:/usr/bin/ceph: stderr
2023-08-25T04:35:59.425+0000 7fb0a3534700 1 -- 172.21.15.145:0/3376708023 >> 172.21.15.145:0/3376708023 conn(0x7fb09c101750 msgr2=0x7fb09c103b90 unknown :-1 s=STATE_NONE l=0).mark_down
2023-08-25T04:36:00.196 INFO:teuthology.orchestra.run.smithi145.stdout:/usr/bin/ceph: stderr
2023-08-25T04:35:59.425+0000 7fb0a3534700 1 -- 172.21.15.145:0/3376708023 shutdown_connections
2023-08-25T04:36:00.196 INFO:teuthology.orchestra.run.smithi145.stdout:/usr/bin/ceph: stderr
2023-08-25T04:35:59.425+0000 7fb0a3534700 1 -- 172.21.15.145:0/3376708023 wait complete.
2023-08-25T04:36:00.196 INFO:teuthology.orchestra.run.smithi145.stdout:/usr/bin/ceph: stderr
2023-08-25T04:35:59.426+0000 7fb0a3534700 1 Processor -- start
2023-08-25T04:36:00.196 INFO:teuthology.orchestra.run.smithi145.stdout:/usr/bin/ceph: stderr
2023-08-25T04:35:59.426+0000 7fb0a3534700 1 -- start start
2023-08-25T04:36:00.197 INFO:teuthology.orchestra.run.smithi145.stdout:/usr/bin/ceph: stderr
2023-08-25T04:35:59.427+0000 7fb0a3534700 1 --2- >> [v2:172.21.15.145:3300/0,v1:172.21.15.145:6789/0] conn(0x7fb09c07be10 0x7fb09c19c040 unknown :-1 s=NONE pgs=0 cs=0 l=1 rev1=0 crypto rx=0 tx=0 comp rx=0 tx=0).connect
2023-08-25T04:36:00.197 INFO:teuthology.orchestra.run.smithi145.stdout:/usr/bin/ceph: stderr
2023-08-25T04:35:59.427+0000 7fb0a3534700 1 -- --> [v2:172.21.15.145:3300/0,v1:172.21.15.145:6789/0] -- mon_getmap magic: 0 v1 -- 0x7fb09c19c580 con 0x7fb09c07be10
2023-08-25T04:36:00.197 INFO:teuthology.orchestra.run.smithi145.stdout:/usr/bin/ceph: stderr
2023-08-25T04:35:59.427+0000 7fb0a12d0700 1 --2- >> [v2:172.21.15.145:3300/0,v1:172.21.15.145:6789/0] conn(0x7fb09c07be10 0x7fb09c19c040 unknown :-1 s=BANNER_CONNECTING pgs=0 cs=0 l=1 rev1=0 crypto rx=0 tx=0 comp rx=0 tx=0)._handle_peer_banner_payload supported=3 required=0
2023-08-25T04:36:00.197 INFO:teuthology.orchestra.run.smithi145.stdout:/usr/bin/ceph: stderr
2023-08-25T04:35:59.427+0000 7fb0a12d0700 1 --2- >> [v2:172.21.15.145:3300/0,v1:172.21.15.145:6789/0] conn(0x7fb09c07be10 0x7fb09c19c040 unknown :-1 s=HELLO_CONNECTING pgs=0 cs=0 l=1 rev1=1 crypto rx=0 tx=0 comp rx=0 tx=0).handle_hello peer v2:172.21.15.145:3300/0 says I am v2:172.21.15.145:55022/0 (socket says 172.21.15.145:55022)
2023-08-25T04:36:00.197 INFO:teuthology.orchestra.run.smithi145.stdout:/usr/bin/ceph: stderr
2023-08-25T04:35:59.427+0000 7fb0a12d0700 1 -- 172.21.15.145:0/3029353618 learned_addr learned my addr 172.21.15.145:0/3029353618 (peer_addr_for_me v2:172.21.15.145:0/0)
2023-08-25T04:36:00.197 INFO:teuthology.orchestra.run.smithi145.stdout:/usr/bin/ceph: stderr
2023-08-25T04:35:59.427+0000 7fb0a12d0700 1 -- 172.21.15.145:0/3029353618 --> [v2:172.21.15.145:3300/0,v1:172.21.15.145:6789/0] -- mon_subscribe({config=0+,monmap=0+}) v3 -- 0x7fb098009550 con 0x7fb09c07be10
2023-08-25T04:36:00.197 INFO:teuthology.orchestra.run.smithi145.stdout:/usr/bin/ceph: stderr
2023-08-25T04:35:59.428+0000 7fb0a12d0700 1 --2- 172.21.15.145:0/3029353618 >> [v2:172.21.15.145:3300/0,v1:172.21.15.145:6789/0] conn(0x7fb09c07be10 0x7fb09c19c040 secure :-1 s=READY pgs=25 cs=0 l=1 rev1=1 crypto rx=0x7fb098009fb0 tx=0x7fb098011ad0 comp rx=0 tx=0).ready entity=mon.0 client_cookie=0 server_cookie=0 in_seq=0 out_seq=0
2023-08-25T04:36:00.198 INFO:teuthology.orchestra.run.smithi145.stdout:/usr/bin/ceph: stderr
2023-08-25T04:35:59.428+0000 7fb0927fc700 1 -- 172.21.15.145:0/3029353618 <== mon.0 v2:172.21.15.145:3300/0 1 ==== mon_map magic: 0 v1 ==== 205+0+0 (secure 0 0 0) 0x7fb098003930 con 0x7fb09c07be10
2023-08-25T04:36:00.198 INFO:teuthology.orchestra.run.smithi145.stdout:/usr/bin/ceph: stderr
2023-08-25T04:35:59.428+0000 7fb0927fc700 1 -- 172.21.15.145:0/3029353618 <== mon.0 v2:172.21.15.145:3300/0 2 ==== config(26 keys) v1 ==== 1074+0+0 (secure 0 0 0) 0x7fb098003a90 con 0x7fb09c07be10
2023-08-25T04:36:00.198 INFO:teuthology.orchestra.run.smithi145.stdout:/usr/bin/ceph: stderr
2023-08-25T04:35:59.428+0000 7fb0927fc700 1 -- 172.21.15.145:0/3029353618 <== mon.0 v2:172.21.15.145:3300/0 3 ==== mon_map magic: 0 v1 ==== 205+0+0 (secure 0 0 0) 0x7fb098019610 con 0x7fb09c07be10
2023-08-25T04:36:00.198 INFO:teuthology.orchestra.run.smithi145.stdout:/usr/bin/ceph: stderr
2023-08-25T04:35:59.428+0000 7fb0a3534700 1 -- 172.21.15.145:0/3029353618 --> [v2:172.21.15.145:3300/0,v1:172.21.15.145:6789/0] -- mon_subscribe({mgrmap=0+}) v3 -- 0x7fb09c19c780 con 0x7fb09c07be10
2023-08-25T04:36:00.198 INFO:teuthology.orchestra.run.smithi145.stdout:/usr/bin/ceph: stderr
2023-08-25T04:35:59.428+0000 7fb0a3534700 1 -- 172.21.15.145:0/3029353618 --> [v2:172.21.15.145:3300/0,v1:172.21.15.145:6789/0] -- mon_subscribe({osdmap=0}) v3 -- 0x7fb09c19cba0 con 0x7fb09c07be10
2023-08-25T04:36:00.198 INFO:teuthology.orchestra.run.smithi145.stdout:/usr/bin/ceph: stderr
2023-08-25T04:35:59.429+0000 7fb0927fc700 1 -- 172.21.15.145:0/3029353618 <== mon.0 v2:172.21.15.145:3300/0 4 ==== mgrmap(e 5) v1 ==== 45135+0+0 (secure 0 0 0) 0x7fb09801a9d0 con 0x7fb09c07be10
2023-08-25T04:36:00.198 INFO:teuthology.orchestra.run.smithi145.stdout:/usr/bin/ceph: stderr
2023-08-25T04:35:59.429+0000 7fb0a3534700 1 -- 172.21.15.145:0/3029353618 --> [v2:172.21.15.145:3300/0,v1:172.21.15.145:6789/0] -- mon_command({"prefix": "get_command_descriptions"} v 0) v1 -- 0x7fb09c10c5a0 con 0x7fb09c07be10
2023-08-25T04:36:00.199 INFO:teuthology.orchestra.run.smithi145.stdout:/usr/bin/ceph: stderr
2023-08-25T04:35:59.430+0000 7fb0927fc700 1 --2- 172.21.15.145:0/3029353618 >> [v2:172.21.15.145:6800/2347349168,v1:172.21.15.145:6801/2347349168] conn(0x7fb0880380c0 0x7fb08803a580 unknown :-1 s=NONE pgs=0 cs=0 l=1 rev1=0 crypto rx=0 tx=0 comp rx=0 tx=0).connect
2023-08-25T04:36:00.199 INFO:teuthology.orchestra.run.smithi145.stdout:/usr/bin/ceph: stderr
2023-08-25T04:35:59.430+0000 7fb0927fc700 1 -- 172.21.15.145:0/3029353618 <== mon.0 v2:172.21.15.145:3300/0 5 ==== osd_map(1..1 src has 1..1) v4 ==== 725+0+0 (secure 0 0 0) 0x7fb09804bd90 con 0x7fb09c07be10
2023-08-25T04:36:00.199 INFO:teuthology.orchestra.run.smithi145.stdout:/usr/bin/ceph: stderr
2023-08-25T04:35:59.430+0000 7fb0a0acf700 1 -- 172.21.15.145:0/3029353618 >> [v2:172.21.15.145:6800/2347349168,v1:172.21.15.145:6801/2347349168] conn(0x7fb0880380c0 msgr2=0x7fb08803a580 unknown :-1 s=STATE_CONNECTING_RE l=1).process reconnect failed to v2:172.21.15.145:6800/2347349168
2023-08-25T04:36:00.199 INFO:teuthology.orchestra.run.smithi145.stdout:/usr/bin/ceph: stderr
2023-08-25T04:35:59.430+0000 7fb0a0acf700 1 --2- 172.21.15.145:0/3029353618 >> [v2:172.21.15.145:6800/2347349168,v1:172.21.15.145:6801/2347349168] conn(0x7fb0880380c0 0x7fb08803a580 unknown :-1 s=START_CONNECT pgs=0 cs=0 l=1 rev1=0 crypto rx=0 tx=0 comp rx=0 tx=0)._fault waiting 0.200000
2023-08-25T04:36:00.199 INFO:teuthology.orchestra.run.smithi145.stdout:/usr/bin/ceph: stderr
2023-08-25T04:35:59.435+0000 7fb0927fc700 1 -- 172.21.15.145:0/3029353618 <== mon.0 v2:172.21.15.145:3300/0 6 ==== mon_command_ack([{"prefix": "get_command_descriptions"}]=0 v0) v1 ==== 72+0+179682 (secure 0 0 0) 0x7fb098003c00 con 0x7fb09c07be10
2023-08-25T04:36:00.199 INFO:teuthology.orchestra.run.smithi145.stdout:/usr/bin/ceph: stderr
2023-08-25T04:35:59.631+0000 7fb0a0acf700 1 -- 172.21.15.145:0/3029353618 >> [v2:172.21.15.145:6800/2347349168,v1:172.21.15.145:6801/2347349168] conn(0x7fb0880380c0 msgr2=0x7fb08803a580 unknown :-1 s=STATE_CONNECTING_RE l=1).process reconnect failed to v2:172.21.15.145:6800/2347349168
2023-08-25T04:36:00.199 INFO:teuthology.orchestra.run.smithi145.stdout:/usr/bin/ceph: stderr
2023-08-25T04:35:59.631+0000 7fb0a0acf700 1 --2- 172.21.15.145:0/3029353618 >> [v2:172.21.15.145:6800/2347349168,v1:172.21.15.145:6801/2347349168] conn(0x7fb0880380c0 0x7fb08803a580 unknown :-1 s=START_CONNECT pgs=0 cs=0 l=1 rev1=0 crypto rx=0 tx=0 comp rx=0 tx=0)._fault waiting 0.400000
2023-08-25T04:36:00.200 INFO:teuthology.orchestra.run.smithi145.stdout:/usr/bin/ceph: stderr
2023-08-25T04:35:59.697+0000 7fb0a3534700 1 -- 172.21.15.145:0/3029353618 --> [v2:172.21.15.145:3300/0,v1:172.21.15.145:6789/0] -- mon_command({"prefix": "mgr stat"} v 0) v1 -- 0x7fb09c10c7b0 con 0x7fb09c07be10
2023-08-25T04:36:00.200 INFO:teuthology.orchestra.run.smithi145.stdout:/usr/bin/ceph: stderr
2023-08-25T04:35:59.698+0000 7fb0927fc700 1 -- 172.21.15.145:0/3029353618 <== mon.0 v2:172.21.15.145:3300/0 7 ==== mon_command_ack([{"prefix": "mgr stat"}]=0 v5) v1 ==== 56+0+88 (secure 0 0 0) 0x7fb098018350 con 0x7fb09c07be10
2023-08-25T04:36:00.200 INFO:teuthology.orchestra.run.smithi145.stdout:/usr/bin/ceph: stderr
2023-08-25T04:35:59.701+0000 7fb0a3534700 1 -- 172.21.15.145:0/3029353618 >> [v2:172.21.15.145:6800/2347349168,v1:172.21.15.145:6801/2347349168] conn(0x7fb0880380c0 msgr2=0x7fb08803a580 unknown :-1 s=STATE_CONNECTING l=1).mark_down
2023-08-25T04:36:00.200 INFO:teuthology.orchestra.run.smithi145.stdout:/usr/bin/ceph: stderr
2023-08-25T04:35:59.701+0000 7fb0a3534700 1 --2- 172.21.15.145:0/3029353618 >> [v2:172.21.15.145:6800/2347349168,v1:172.21.15.145:6801/2347349168] conn(0x7fb0880380c0 0x7fb08803a580 unknown :-1 s=START_CONNECT pgs=0 cs=0 l=1 rev1=0 crypto rx=0 tx=0 comp rx=0 tx=0).stop
2023-08-25T04:36:00.200 INFO:teuthology.orchestra.run.smithi145.stdout:/usr/bin/ceph: stderr
2023-08-25T04:35:59.701+0000 7fb0a3534700 1 -- 172.21.15.145:0/3029353618 >> [v2:172.21.15.145:3300/0,v1:172.21.15.145:6789/0] conn(0x7fb09c07be10 msgr2=0x7fb09c19c040 secure :-1 s=STATE_CONNECTION_ESTABLISHED l=1).mark_down
2023-08-25T04:36:00.200 INFO:teuthology.orchestra.run.smithi145.stdout:/usr/bin/ceph: stderr
2023-08-25T04:35:59.701+0000 7fb0a3534700 1 --2- 172.21.15.145:0/3029353618 >> [v2:172.21.15.145:3300/0,v1:172.21.15.145:6789/0] conn(0x7fb09c07be10 0x7fb09c19c040 secure :-1 s=READY pgs=25 cs=0 l=1 rev1=1 crypto rx=0x7fb098009fb0 tx=0x7fb098011ad0 comp rx=0 tx=0).stop
2023-08-25T04:36:00.200 INFO:teuthology.orchestra.run.smithi145.stdout:/usr/bin/ceph: stderr
2023-08-25T04:35:59.701+0000 7fb0a3534700 1 -- 172.21.15.145:0/3029353618 shutdown_connections
2023-08-25T04:36:00.201 INFO:teuthology.orchestra.run.smithi145.stdout:/usr/bin/ceph: stderr
2023-08-25T04:35:59.701+0000 7fb0a3534700 1 --2- 172.21.15.145:0/3029353618 >> [v2:172.21.15.145:6800/2347349168,v1:172.21.15.145:6801/2347349168] conn(0x7fb0880380c0 0x7fb08803a580 unknown :-1 s=CLOSED pgs=0 cs=0 l=1 rev1=0 crypto rx=0 tx=0 comp rx=0 tx=0).stop
2023-08-25T04:36:00.201 INFO:teuthology.orchestra.run.smithi145.stdout:/usr/bin/ceph: stderr
2023-08-25T04:35:59.701+0000 7fb0a3534700 1 --2- 172.21.15.145:0/3029353618 >> [v2:172.21.15.145:3300/0,v1:172.21.15.145:6789/0] conn(0x7fb09c07be10 0x7fb09c19c040 unknown :-1 s=CLOSED pgs=25 cs=0 l=1 rev1=1 crypto rx=0 tx=0 comp rx=0 tx=0).stop
2023-08-25T04:36:00.201 INFO:teuthology.orchestra.run.smithi145.stdout:/usr/bin/ceph: stderr
2023-08-25T04:35:59.701+0000 7fb0a3534700 1 -- 172.21.15.145:0/3029353618 >> 172.21.15.145:0/3029353618 conn(0x7fb09c101750 msgr2=0x7fb09c102e30 unknown :-1 s=STATE_NONE l=0).mark_down
2023-08-25T04:36:00.201 INFO:teuthology.orchestra.run.smithi145.stdout:/usr/bin/ceph: stderr
2023-08-25T04:35:59.701+0000 7fb0a3534700 1 -- 172.21.15.145:0/3029353618 shutdown_connections
2023-08-25T04:36:00.201 INFO:teuthology.orchestra.run.smithi145.stdout:/usr/bin/ceph: stderr
2023-08-25T04:35:59.701+0000 7fb0a3534700 1 -- 172.21.15.145:0/3029353618 wait complete.
2023-08-25T04:36:00.201 INFO:teuthology.orchestra.run.smithi145.stdout:Waiting for the mgr to restart...
2023-08-25T04:36:00.201 INFO:teuthology.orchestra.run.smithi145.stdout:Waiting for mgr epoch 5...
2023-08-25T04:36:00.245 INFO:journalctl@ceph.mgr.x.smithi145.stdout:Aug 25 04:35:59 smithi145 ceph-b24d70d4-4300-11ee-9b3d-001a4aab830c-mgr-x[97929]:
2023-08-25T04:35:59.987+0000 7f7ef0d00200 -1 mgr[py] Module status has missing NOTIFY_TYPES member
2023-08-25T04:36:00.245 INFO:journalctl@ceph.mgr.x.smithi145.stdout:Aug 25 04:36:00 smithi145 ceph-b24d70d4-4300-11ee-9b3d-001a4aab830c-mgr-x[97929]:
2023-08-25T04:36:00.107+0000 7f7ef0d00200 -1 mgr[py] Module selftest has missing NOTIFY_TYPES member
2023-08-25T04:36:00.577 INFO:journalctl@ceph.mon.a.smithi145.stdout:Aug 25 04:36:00 smithi145 ceph-mon[97681]: from='client.? 172.21.15.145:0/3029353618' entity='client.admin' cmd=[{"prefix": "mgr stat"}]: dispatch
2023-08-25T04:36:00.578 INFO:journalctl@ceph.mgr.x.smithi145.stdout:Aug 25 04:36:00 smithi145 ceph-b24d70d4-4300-11ee-9b3d-001a4aab830c-mgr-x[97929]:
2023-08-25T04:36:00.242+0000 7f7ef0d00200 -1 mgr[py] Module alerts has missing NOTIFY_TYPES member
2023-08-25T04:36:01.077 INFO:journalctl@ceph.mgr.x.smithi145.stdout:Aug 25 04:36:00 smithi145 ceph-b24d70d4-4300-11ee-9b3d-001a4aab830c-mgr-x[97929]:
2023-08-25T04:36:00.796+0000 7f7ef0d00200 -1 mgr[py] Module progress has missing NOTIFY_TYPES member
2023-08-25T04:36:02.077 INFO:journalctl@ceph.mgr.x.smithi145.stdout:Aug 25 04:36:01 smithi145 ceph-b24d70d4-4300-11ee-9b3d-001a4aab830c-mgr-x[97929]:
2023-08-25T04:36:01.640+0000 7f7ef0d00200 -1 mgr[py] Module rook has missing NOTIFY_TYPES member
2023-08-25T04:36:02.078 INFO:journalctl@ceph.mgr.x.smithi145.stdout:Aug 25 04:36:01 smithi145 ceph-b24d70d4-4300-11ee-9b3d-001a4aab830c-mgr-x[97929]:
2023-08-25T04:36:01.746+0000 7f7ef0d00200 -1 mgr[py] Module iostat has missing NOTIFY_TYPES member
2023-08-25T04:36:03.036 INFO:journalctl@ceph.mgr.x.smithi145.stdout:Aug 25 04:36:02 smithi145 ceph-b24d70d4-4300-11ee-9b3d-001a4aab830c-mgr-x[97929]:
2023-08-25T04:36:02.693+0000 7f7ef0d00200 -1 mgr[py] Module test_orchestrator has missing NOTIFY_TYPES member
2023-08-25T04:36:03.037 INFO:journalctl@ceph.mgr.x.smithi145.stdout:Aug 25 04:36:02 smithi145 ceph-b24d70d4-4300-11ee-9b3d-001a4aab830c-mgr-x[97929]:
2023-08-25T04:36:02.812+0000 7f7ef0d00200 -1 mgr[py] Module osd_perf_query has missing NOTIFY_TYPES member
2023-08-25T04:36:03.327 INFO:journalctl@ceph.mgr.x.smithi145.stdout:Aug 25 04:36:03 smithi145 ceph-b24d70d4-4300-11ee-9b3d-001a4aab830c-mgr-x[97929]:
2023-08-25T04:36:03.035+0000 7f7ef0d00200 -1 mgr[py] Module orchestrator has missing NOTIFY_TYPES member
2023-08-25T04:36:03.670 INFO:journalctl@ceph.mgr.x.smithi145.stdout:Aug 25 04:36:03 smithi145 ceph-b24d70d4-4300-11ee-9b3d-001a4aab830c-mgr-x[97929]:
2023-08-25T04:36:03.394+0000 7f7ef0d00200 -1 mgr[py] Module rgw has missing NOTIFY_TYPES member
2023-08-25T04:36:04.077 INFO:journalctl@ceph.mgr.x.smithi145.stdout:Aug 25 04:36:03 smithi145 ceph-b24d70d4-4300-11ee-9b3d-001a4aab830c-mgr-x[97929]:
2023-08-25T04:36:03.669+0000 7f7ef0d00200 -1 mgr[py] Module influx has missing NOTIFY_TYPES member
2023-08-25T04:36:04.078 INFO:journalctl@ceph.mgr.x.smithi145.stdout:Aug 25 04:36:03 smithi145 ceph-b24d70d4-4300-11ee-9b3d-001a4aab830c-mgr-x[97929]:
2023-08-25T04:36:03.858+0000 7f7ef0d00200 -1 mgr[py] Module telemetry has missing NOTIFY_TYPES member
2023-08-25T04:36:04.577 INFO:journalctl@ceph.mgr.x.smithi145.stdout:Aug 25 04:36:04 smithi145 ceph-b24d70d4-4300-11ee-9b3d-001a4aab830c-mgr-x[97929]:
2023-08-25T04:36:04.198+0000 7f7ef0d00200 -1 mgr[py] Module telegraf has missing NOTIFY_TYPES member
2023-08-25T04:36:05.532 INFO:journalctl@ceph.mgr.x.smithi145.stdout:Aug 25 04:36:05 smithi145 ceph-b24d70d4-4300-11ee-9b3d-001a4aab830c-mgr-x[97929]:
2023-08-25T04:36:05.117+0000 7f7ef0d00200 -1 mgr[py] Module balancer has missing NOTIFY_TYPES member
2023-08-25T04:36:05.532 INFO:journalctl@ceph.mgr.x.smithi145.stdout:Aug 25 04:36:05 smithi145 ceph-b24d70d4-4300-11ee-9b3d-001a4aab830c-mgr-x[97929]:
2023-08-25T04:36:05.288+0000 7f7ef0d00200 -1 mgr[py] Module diskprediction_local has missing NOTIFY_TYPES member
2023-08-25T04:36:05.828 INFO:journalctl@ceph.mgr.x.smithi145.stdout:Aug 25 04:36:05 smithi145 ceph-b24d70d4-4300-11ee-9b3d-001a4aab830c-mgr-x[97929]:
2023-08-25T04:36:05.531+0000 7f7ef0d00200 -1 mgr[py] Module nfs has missing NOTIFY_TYPES member
2023-08-25T04:36:05.828 INFO:journalctl@ceph.mgr.x.smithi145.stdout:Aug 25 04:36:05 smithi145 ceph-b24d70d4-4300-11ee-9b3d-001a4aab830c-mgr-x[97929]:
2023-08-25T04:36:05.673+0000 7f7ef0d00200 -1 mgr[py] Module rbd_support has missing NOTIFY_TYPES member
2023-08-25T04:36:06.327 INFO:journalctl@ceph.mgr.x.smithi145.stdout:Aug 25 04:36:05 smithi145 ceph-b24d70d4-4300-11ee-9b3d-001a4aab830c-mgr-x[97929]:
2023-08-25T04:36:05.942+0000 7f7ef0d00200 -1 mgr[py] Module volumes has missing NOTIFY_TYPES member
2023-08-25T04:36:07.327 INFO:journalctl@ceph.mgr.x.smithi145.stdout:Aug 25 04:36:06 smithi145 ceph-b24d70d4-4300-11ee-9b3d-001a4aab830c-mgr-x[97929]:
2023-08-25T04:36:06.997+0000 7f7ef0d00200 -1 mgr[py] Module pg_autoscaler has missing NOTIFY_TYPES member
2023-08-25T04:36:07.328 INFO:journalctl@ceph.mon.a.smithi145.stdout:Aug 25 04:36:07 smithi145 ceph-mon[97681]: Active manager daemon x restarted
2023-08-25T04:36:07.328 INFO:journalctl@ceph.mon.a.smithi145.stdout:Aug 25 04:36:07 smithi145 ceph-mon[97681]: Activating manager daemon x
2023-08-25T04:36:07.328 INFO:journalctl@ceph.mon.a.smithi145.stdout:Aug 25 04:36:07 smithi145 ceph-mon[97681]: osdmap e2: 0 total, 0 up, 0 in
2023-08-25T04:36:07.328 INFO:journalctl@ceph.mon.a.smithi145.stdout:Aug 25 04:36:07 smithi145 ceph-mon[97681]: mgrmap e6: x(active, starting, since 0.00393293s)
2023-08-25T04:36:07.328 INFO:journalctl@ceph.mon.a.smithi145.stdout:Aug 25 04:36:07 smithi145 ceph-mon[97681]: from='mgr.14118 172.21.15.145:0/156892297' entity='mgr.x' cmd=[{"prefix": "mon metadata", "id": "a"}]: dispatch
2023-08-25T04:36:07.329 INFO:journalctl@ceph.mon.a.smithi145.stdout:Aug 25 04:36:07 smithi145 ceph-mon[97681]: from='mgr.14118 172.21.15.145:0/156892297' entity='mgr.x' cmd=[{"prefix": "mgr metadata", "who": "x", "id": "x"}]: dispatch
2023-08-25T04:36:07.329 INFO:journalctl@ceph.mon.a.smithi145.stdout:Aug 25 04:36:07 smithi145 ceph-mon[97681]: from='mgr.14118 172.21.15.145:0/156892297' entity='mgr.x' cmd=[{"prefix": "mds metadata"}]: dispatch
2023-08-25T04:36:07.329 INFO:journalctl@ceph.mon.a.smithi145.stdout:Aug 25 04:36:07 smithi145 ceph-mon[97681]: from='mgr.14118 172.21.15.145:0/156892297' entity='mgr.x' cmd=[{"prefix": "osd metadata"}]: dispatch
2023-08-25T04:36:07.329 INFO:journalctl@ceph.mon.a.smithi145.stdout:Aug 25 04:36:07 smithi145 ceph-mon[97681]: from='mgr.14118 172.21.15.145:0/156892297' entity='mgr.x' cmd=[{"prefix": "mon metadata"}]: dispatch
2023-08-25T04:36:07.329 INFO:journalctl@ceph.mon.a.smithi145.stdout:Aug 25 04:36:07 smithi145 ceph-mon[97681]: Manager daemon x is now available
2023-08-25T04:36:07.329 INFO:journalctl@ceph.mon.a.smithi145.stdout:Aug 25 04:36:07 smithi145 ceph-mon[97681]: from='mgr.14118 172.21.15.145:0/156892297' entity='mgr.x'
2023-08-25T04:36:07.329 INFO:journalctl@ceph.mon.a.smithi145.stdout:Aug 25 04:36:07 smithi145 ceph-mon[97681]: from='mgr.14118 172.21.15.145:0/156892297' entity='mgr.x'
2023-08-25T04:36:07.330 INFO:journalctl@ceph.mon.a.smithi145.stdout:Aug 25 04:36:07 smithi145 ceph-mon[97681]: from='mgr.14118 172.21.15.145:0/156892297' entity='mgr.x' cmd=[{"prefix": "config dump", "format": "json"}]: dispatch
2023-08-25T04:36:07.330 INFO:journalctl@ceph.mon.a.smithi145.stdout:Aug 25 04:36:07 smithi145 ceph-mon[97681]: from='mgr.14118 172.21.15.145:0/156892297' entity='mgr.x' cmd=[{"prefix": "config dump", "format": "json"}]: dispatch
2023-08-25T04:36:07.330 INFO:journalctl@ceph.mon.a.smithi145.stdout:Aug 25 04:36:07 smithi145 ceph-mon[97681]: from='mgr.14118 172.21.15.145:0/156892297' entity='mgr.x' cmd=[{"prefix": "config dump", "format": "json"}]: dispatch
2023-08-25T04:36:08.328 INFO:journalctl@ceph.mon.a.smithi145.stdout:Aug 25 04:36:08 smithi145 ceph-mon[97681]: Found migration_current of "None". Setting to last migration.
2023-08-25T04:36:08.328 INFO:journalctl@ceph.mon.a.smithi145.stdout:Aug 25 04:36:08 smithi145 ceph-mon[97681]: from='mgr.14118 172.21.15.145:0/156892297' entity='mgr.x' cmd=[{"prefix":"config rm","who":"mgr","name":"mgr/rbd_support/x/mirror_snapshot_schedule"}]: dispatch
2023-08-25T04:36:08.329 INFO:journalctl@ceph.mon.a.smithi145.stdout:Aug 25 04:36:08 smithi145 ceph-mon[97681]: from='mgr.14118 172.21.15.145:0/156892297' entity='mgr.x' cmd=[{"prefix":"config rm","who":"mgr","name":"mgr/rbd_support/x/trash_purge_schedule"}]: dispatch
2023-08-25T04:36:08.329 INFO:journalctl@ceph.mon.a.smithi145.stdout:Aug 25 04:36:08 smithi145 ceph-mon[97681]: from='mgr.14118 172.21.15.145:0/156892297' entity='mgr.x'
2023-08-25T04:36:08.329 INFO:journalctl@ceph.mon.a.smithi145.stdout:Aug 25 04:36:08 smithi145 ceph-mon[97681]: from='mgr.14118 172.21.15.145:0/156892297' entity='mgr.x'
2023-08-25T04:36:08.329 INFO:journalctl@ceph.mon.a.smithi145.stdout:Aug 25 04:36:08 smithi145 ceph-mon[97681]: [25/Aug/2023:04:36:07] ENGINE Bus STARTING
2023-08-25T04:36:08.330 INFO:journalctl@ceph.mon.a.smithi145.stdout:Aug 25 04:36:08 smithi145 ceph-mon[97681]: from='mgr.14118 172.21.15.145:0/156892297' entity='mgr.x' cmd=[{"prefix": "config dump", "format": "json"}]: dispatch
2023-08-25T04:36:08.330 INFO:journalctl@ceph.mon.a.smithi145.stdout:Aug 25 04:36:08 smithi145 ceph-mon[97681]: mgrmap e7: x(active, since 1.00771s)
2023-08-25T04:36:08.489 INFO:teuthology.orchestra.run.smithi145.stdout:/usr/bin/ceph: stdout {
2023-08-25T04:36:08.489 INFO:teuthology.orchestra.run.smithi145.stdout:/usr/bin/ceph: stdout "mgrmap_epoch": 7,
2023-08-25T04:36:08.489 INFO:teuthology.orchestra.run.smithi145.stdout:/usr/bin/ceph: stdout "initialized": true
2023-08-25T04:36:08.489 INFO:teuthology.orchestra.run.smithi145.stdout:/usr/bin/ceph: stdout }
2023-08-25T04:36:08.490 INFO:teuthology.orchestra.run.smithi145.stdout:/usr/bin/ceph: stderr
2023-08-25T04:36:00.914+0000 7f017168a700 1 Processor -- start
2023-08-25T04:36:08.490 INFO:teuthology.orchestra.run.smithi145.stdout:/usr/bin/ceph: stderr
2023-08-25T04:36:00.914+0000 7f017168a700 1 -- start start
2023-08-25T04:36:08.490 INFO:teuthology.orchestra.run.smithi145.stdout:/usr/bin/ceph: stderr
2023-08-25T04:36:00.914+0000 7f017168a700 1 --2- >> [v2:172.21.15.145:3300/0,v1:172.21.15.145:6789/0] conn(0x7f016c07be10 0x7f016c07a270 unknown :-1 s=NONE pgs=0 cs=0 l=0 rev1=0 crypto rx=0 tx=0 comp rx=0 tx=0).connect
2023-08-25T04:36:08.490 INFO:teuthology.orchestra.run.smithi145.stdout:/usr/bin/ceph: stderr
2023-08-25T04:36:00.914+0000 7f017168a700 1 -- --> [v2:172.21.15.145:3300/0,v1:172.21.15.145:6789/0] -- mon_getmap magic: 0 v1 -- 0x7f016c07a840 con 0x7f016c07be10
2023-08-25T04:36:08.490 INFO:teuthology.orchestra.run.smithi145.stdout:/usr/bin/ceph: stderr
2023-08-25T04:36:00.915+0000 7f016affd700 1 --2- >> [v2:172.21.15.145:3300/0,v1:172.21.15.145:6789/0] conn(0x7f016c07be10 0x7f016c07a270 unknown :-1 s=BANNER_CONNECTING pgs=0 cs=0 l=0 rev1=0 crypto rx=0 tx=0 comp rx=0 tx=0)._handle_peer_banner_payload supported=3 required=0
2023-08-25T04:36:08.495 INFO:teuthology.orchestra.run.smithi145.stdout:/usr/bin/ceph: stderr
2023-08-25T04:36:00.915+0000 7f016affd700 1 --2- >> [v2:172.21.15.145:3300/0,v1:172.21.15.145:6789/0] conn(0x7f016c07be10 0x7f016c07a270 unknown :-1 s=HELLO_CONNECTING pgs=0 cs=0 l=0 rev1=1 crypto rx=0 tx=0 comp rx=0 tx=0).handle_hello peer v2:172.21.15.145:3300/0 says I am v2:172.21.15.145:55032/0 (socket says 172.21.15.145:55032)
2023-08-25T04:36:08.495 INFO:teuthology.orchestra.run.smithi145.stdout:/usr/bin/ceph: stderr
2023-08-25T04:36:00.915+0000 7f016affd700 1 -- 172.21.15.145:0/2013565919 learned_addr learned my addr 172.21.15.145:0/2013565919 (peer_addr_for_me v2:172.21.15.145:0/0)
2023-08-25T04:36:08.496 INFO:teuthology.orchestra.run.smithi145.stdout:/usr/bin/ceph: stderr
2023-08-25T04:36:00.915+0000 7f016affd700 1 -- 172.21.15.145:0/2013565919 --> [v2:172.21.15.145:3300/0,v1:172.21.15.145:6789/0] -- mon_subscribe({config=0+,monmap=0+}) v3 -- 0x7f016c07a980 con 0x7f016c07be10
2023-08-25T04:36:08.496 INFO:teuthology.orchestra.run.smithi145.stdout:/usr/bin/ceph: stderr
2023-08-25T04:36:00.915+0000 7f016affd700 1 --2- 172.21.15.145:0/2013565919 >> [v2:172.21.15.145:3300/0,v1:172.21.15.145:6789/0] conn(0x7f016c07be10 0x7f016c07a270 secure :-1 s=READY pgs=26 cs=0 l=1 rev1=1 crypto rx=0x7f015c0098a0 tx=0x7f015c009bb0 comp rx=0 tx=0).ready entity=mon.0 client_cookie=2f4298e8bd7fe07b server_cookie=0 in_seq=0 out_seq=0
2023-08-25T04:36:08.496 INFO:teuthology.orchestra.run.smithi145.stdout:/usr/bin/ceph: stderr
2023-08-25T04:36:00.916+0000 7f0169ffb700 1 -- 172.21.15.145:0/2013565919 <== mon.0 v2:172.21.15.145:3300/0 1 ==== mon_map magic: 0 v1 ==== 205+0+0 (secure 0 0 0) 0x7f015c004160 con 0x7f016c07be10
2023-08-25T04:36:08.496 INFO:teuthology.orchestra.run.smithi145.stdout:/usr/bin/ceph: stderr
2023-08-25T04:36:00.916+0000 7f0169ffb700 1 -- 172.21.15.145:0/2013565919 <== mon.0 v2:172.21.15.145:3300/0 2 ==== config(26 keys) v1 ==== 1074+0+0 (secure 0 0 0) 0x7f015c0042c0 con 0x7f016c07be10
2023-08-25T04:36:08.496 INFO:teuthology.orchestra.run.smithi145.stdout:/usr/bin/ceph: stderr
2023-08-25T04:36:00.916+0000 7f0169ffb700 1 -- 172.21.15.145:0/2013565919 <== mon.0 v2:172.21.15.145:3300/0 3 ==== mon_map magic: 0 v1 ==== 205+0+0 (secure 0 0 0) 0x7f015c011a00 con 0x7f016c07be10
2023-08-25T04:36:08.496 INFO:teuthology.orchestra.run.smithi145.stdout:/usr/bin/ceph: stderr
2023-08-25T04:36:00.916+0000 7f017168a700 1 -- 172.21.15.145:0/2013565919 >> [v2:172.21.15.145:3300/0,v1:172.21.15.145:6789/0] conn(0x7f016c07be10 msgr2=0x7f016c07a270 secure :-1 s=STATE_CONNECTION_ESTABLISHED l=1).mark_down
2023-08-25T04:36:08.496 INFO:teuthology.orchestra.run.smithi145.stdout:/usr/bin/ceph: stderr
2023-08-25T04:36:00.916+0000 7f017168a700 1 --2- 172.21.15.145:0/2013565919 >> [v2:172.21.15.145:3300/0,v1:172.21.15.145:6789/0] conn(0x7f016c07be10 0x7f016c07a270 secure :-1 s=READY pgs=26 cs=0 l=1 rev1=1 crypto rx=0x7f015c0098a0 tx=0x7f015c009bb0 comp rx=0 tx=0).stop
2023-08-25T04:36:08.497 INFO:teuthology.orchestra.run.smithi145.stdout:/usr/bin/ceph: stderr
2023-08-25T04:36:00.916+0000 7f017168a700 1 -- 172.21.15.145:0/2013565919 shutdown_connections
2023-08-25T04:36:08.497 INFO:teuthology.orchestra.run.smithi145.stdout:/usr/bin/ceph: stderr
2023-08-25T04:36:00.916+0000 7f017168a700 1 --2- 172.21.15.145:0/2013565919 >> [v2:172.21.15.145:3300/0,v1:172.21.15.145:6789/0] conn(0x7f016c07be10 0x7f016c07a270 unknown :-1 s=CLOSED pgs=26 cs=0 l=1 rev1=1 crypto rx=0 tx=0 comp rx=0 tx=0).stop
2023-08-25T04:36:08.497 INFO:teuthology.orchestra.run.smithi145.stdout:/usr/bin/ceph: stderr
2023-08-25T04:36:00.916+0000 7f017168a700 1 -- 172.21.15.145:0/2013565919 >> 172.21.15.145:0/2013565919 conn(0x7f016c101750 msgr2=0x7f016c103b90 unknown :-1 s=STATE_NONE l=0).mark_down
2023-08-25T04:36:08.497 INFO:teuthology.orchestra.run.smithi145.stdout:/usr/bin/ceph: stderr
2023-08-25T04:36:00.917+0000 7f017168a700 1 -- 172.21.15.145:0/2013565919 shutdown_connections
2023-08-25T04:36:08.497 INFO:teuthology.orchestra.run.smithi145.stdout:/usr/bin/ceph: stderr
2023-08-25T04:36:00.917+0000 7f017168a700 1 -- 172.21.15.145:0/2013565919 wait complete.
2023-08-25T04:36:08.497 INFO:teuthology.orchestra.run.smithi145.stdout:/usr/bin/ceph: stderr
2023-08-25T04:36:00.918+0000 7f017168a700 1 Processor -- start
2023-08-25T04:36:08.497 INFO:teuthology.orchestra.run.smithi145.stdout:/usr/bin/ceph: stderr
2023-08-25T04:36:00.918+0000 7f017168a700 1 -- start start
2023-08-25T04:36:08.497 INFO:teuthology.orchestra.run.smithi145.stdout:/usr/bin/ceph: stderr
2023-08-25T04:36:00.918+0000 7f017168a700 1 --2- >> [v2:172.21.15.145:3300/0,v1:172.21.15.145:6789/0] conn(0x7f016c07be10 0x7f016c19c040 unknown :-1 s=NONE pgs=0 cs=0 l=1 rev1=0 crypto rx=0 tx=0 comp rx=0 tx=0).connect
2023-08-25T04:36:08.498 INFO:teuthology.orchestra.run.smithi145.stdout:/usr/bin/ceph: stderr
2023-08-25T04:36:00.918+0000 7f017168a700 1 -- --> [v2:172.21.15.145:3300/0,v1:172.21.15.145:6789/0] -- mon_getmap magic: 0 v1 -- 0x7f016c19c580 con 0x7f016c07be10
2023-08-25T04:36:08.498 INFO:teuthology.orchestra.run.smithi145.stdout:/usr/bin/ceph: stderr
2023-08-25T04:36:00.918+0000 7f016affd700 1 --2- >> [v2:172.21.15.145:3300/0,v1:172.21.15.145:6789/0] conn(0x7f016c07be10 0x7f016c19c040 unknown :-1 s=BANNER_CONNECTING pgs=0 cs=0 l=1 rev1=0 crypto rx=0 tx=0 comp rx=0 tx=0)._handle_peer_banner_payload supported=3 required=0
2023-08-25T04:36:08.498 INFO:teuthology.orchestra.run.smithi145.stdout:/usr/bin/ceph: stderr
2023-08-25T04:36:00.918+0000 7f016affd700 1 --2- >> [v2:172.21.15.145:3300/0,v1:172.21.15.145:6789/0] conn(0x7f016c07be10 0x7f016c19c040 unknown :-1 s=HELLO_CONNECTING pgs=0 cs=0 l=1 rev1=1 crypto rx=0 tx=0 comp rx=0 tx=0).handle_hello peer v2:172.21.15.145:3300/0 says I am v2:172.21.15.145:55044/0 (socket says 172.21.15.145:55044)
2023-08-25T04:36:08.498 INFO:teuthology.orchestra.run.smithi145.stdout:/usr/bin/ceph: stderr
2023-08-25T04:36:00.918+0000 7f016affd700 1 -- 172.21.15.145:0/1450141238 learned_addr learned my addr 172.21.15.145:0/1450141238 (peer_addr_for_me v2:172.21.15.145:0/0)
2023-08-25T04:36:08.498 INFO:teuthology.orchestra.run.smithi145.stdout:/usr/bin/ceph: stderr
2023-08-25T04:36:00.919+0000 7f016affd700 1 -- 172.21.15.145:0/1450141238 --> [v2:172.21.15.145:3300/0,v1:172.21.15.145:6789/0] -- mon_subscribe({config=0+,monmap=0+}) v3 -- 0x7f015c009550 con 0x7f016c07be10
2023-08-25T04:36:08.498 INFO:teuthology.orchestra.run.smithi145.stdout:/usr/bin/ceph: stderr
2023-08-25T04:36:00.919+0000 7f016affd700 1 --2- 172.21.15.145:0/1450141238 >> [v2:172.21.15.145:3300/0,v1:172.21.15.145:6789/0] conn(0x7f016c07be10 0x7f016c19c040 secure :-1 s=READY pgs=27 cs=0 l=1 rev1=1 crypto rx=0x7f015c006af0 tx=0x7f015c011ad0 comp rx=0 tx=0).ready entity=mon.0 client_cookie=0 server_cookie=0 in_seq=0 out_seq=0
2023-08-25T04:36:08.499 INFO:teuthology.orchestra.run.smithi145.stdout:/usr/bin/ceph: stderr
2023-08-25T04:36:00.919+0000 7f0153fff700 1 -- 172.21.15.145:0/1450141238 <== mon.0 v2:172.21.15.145:3300/0 1 ==== mon_map magic: 0 v1 ==== 205+0+0 (secure 0 0 0) 0x7f015c003a40 con 0x7f016c07be10
2023-08-25T04:36:08.499 INFO:teuthology.orchestra.run.smithi145.stdout:/usr/bin/ceph: stderr
2023-08-25T04:36:00.919+0000 7f0153fff700 1 -- 172.21.15.145:0/1450141238 <== mon.0 v2:172.21.15.145:3300/0 2 ==== config(26 keys) v1 ==== 1074+0+0 (secure 0 0 0) 0x7f015c003ba0 con 0x7f016c07be10
2023-08-25T04:36:08.499 INFO:teuthology.orchestra.run.smithi145.stdout:/usr/bin/ceph: stderr
2023-08-25T04:36:00.919+0000 7f0153fff700 1 -- 172.21.15.145:0/1450141238 <== mon.0 v2:172.21.15.145:3300/0 3 ==== mon_map magic: 0 v1 ==== 205+0+0 (secure 0 0 0) 0x7f015c01a6e0 con 0x7f016c07be10
2023-08-25T04:36:08.499 INFO:teuthology.orchestra.run.smithi145.stdout:/usr/bin/ceph: stderr
2023-08-25T04:36:00.919+0000 7f017168a700 1 -- 172.21.15.145:0/1450141238 --> [v2:172.21.15.145:3300/0,v1:172.21.15.145:6789/0] -- mon_subscribe({mgrmap=0+}) v3 -- 0x7f016c19c780 con 0x7f016c07be10
2023-08-25T04:36:08.500 INFO:teuthology.orchestra.run.smithi145.stdout:/usr/bin/ceph: stderr
2023-08-25T04:36:00.919+0000 7f017168a700 1 -- 172.21.15.145:0/1450141238 --> [v2:172.21.15.145:3300/0,v1:172.21.15.145:6789/0] -- mon_subscribe({osdmap=0}) v3 -- 0x7f016c19cba0 con 0x7f016c07be10
2023-08-25T04:36:08.500 INFO:teuthology.orchestra.run.smithi145.stdout:/usr/bin/ceph: stderr
2023-08-25T04:36:00.920+0000 7f0153fff700 1 -- 172.21.15.145:0/1450141238 <== mon.0 v2:172.21.15.145:3300/0 4 ==== mgrmap(e 5) v1 ==== 45135+0+0 (secure 0 0 0) 0x7f015c024a60 con 0x7f016c07be10
2023-08-25T04:36:08.500 INFO:teuthology.orchestra.run.smithi145.stdout:/usr/bin/ceph: stderr
2023-08-25T04:36:00.921+0000 7f0153fff700 1 --2- 172.21.15.145:0/1450141238 >> [v2:172.21.15.145:6800/2347349168,v1:172.21.15.145:6801/2347349168] conn(0x7f0154038160 0x7f015403a620 unknown :-1 s=NONE pgs=0 cs=0 l=1 rev1=0 crypto rx=0 tx=0 comp rx=0 tx=0).connect
2023-08-25T04:36:08.500 INFO:teuthology.orchestra.run.smithi145.stdout:/usr/bin/ceph: stderr
2023-08-25T04:36:00.921+0000 7f0153fff700 1 -- 172.21.15.145:0/1450141238 --> [v2:172.21.15.145:6800/2347349168,v1:172.21.15.145:6801/2347349168] -- command(tid 0: {"prefix": "get_command_descriptions"}) v1 -- 0x7f015403ad30 con 0x7f0154038160
2023-08-25T04:36:08.500 INFO:teuthology.orchestra.run.smithi145.stdout:/usr/bin/ceph: stderr
2023-08-25T04:36:00.921+0000 7f0153fff700 1 -- 172.21.15.145:0/1450141238 <== mon.0 v2:172.21.15.145:3300/0 5 ==== osd_map(1..1 src has 1..1) v4 ==== 725+0+0 (secure 0 0 0) 0x7f015c04bf70 con 0x7f016c07be10
2023-08-25T04:36:08.501 INFO:teuthology.orchestra.run.smithi145.stdout:/usr/bin/ceph: stderr
2023-08-25T04:36:00.921+0000 7f016a7fc700 1 -- 172.21.15.145:0/1450141238 >> [v2:172.21.15.145:6800/2347349168,v1:172.21.15.145:6801/2347349168] conn(0x7f0154038160 msgr2=0x7f015403a620 unknown :-1 s=STATE_CONNECTING_RE l=1).process reconnect failed to v2:172.21.15.145:6800/2347349168
