2023-08-25T05:09:38.912+0000 7fee2effd700 1 --2- 172.21.15.136:0/1877391123 >> [v2:172.21.15.136:3300/0,v1:172.21.15.136:6789/0] conn(0x7fee30106090 0x7fee301064b0 secure :-1 s=READY pgs=39 cs=0 l=1 rev1=1 crypto rx=0x7fee200098a0 tx=0x7fee20009bb0 comp rx=0 tx=0).ready entity=mon.0 client_cookie=dda4d4cfea8f67f7 server_cookie=0 in_seq=0 out_seq=0
2023-08-25T05:09:39.870 INFO:teuthology.orchestra.run.smithi136.stdout:/usr/bin/ceph: stderr
2023-08-25T05:09:38.913+0000 7fee2dffb700 1 -- 172.21.15.136:0/1877391123 <== mon.0 v2:172.21.15.136:3300/0 1 ==== mon_map magic: 0 v1 ==== 205+0+0 (secure 0 0 0) 0x7fee20004160 con 0x7fee30106090
2023-08-25T05:09:39.870 INFO:teuthology.orchestra.run.smithi136.stdout:/usr/bin/ceph: stderr
2023-08-25T05:09:38.913+0000 7fee2dffb700 1 -- 172.21.15.136:0/1877391123 <== mon.0 v2:172.21.15.136:3300/0 2 ==== config(26 keys) v1 ==== 1074+0+0 (secure 0 0 0) 0x7fee200042c0 con 0x7fee30106090
2023-08-25T05:09:39.870 INFO:teuthology.orchestra.run.smithi136.stdout:/usr/bin/ceph: stderr
2023-08-25T05:09:38.913+0000 7fee2dffb700 1 -- 172.21.15.136:0/1877391123 <== mon.0 v2:172.21.15.136:3300/0 3 ==== mon_map magic: 0 v1 ==== 205+0+0 (secure 0 0 0) 0x7fee20011a00 con 0x7fee30106090
2023-08-25T05:09:39.871 INFO:teuthology.orchestra.run.smithi136.stdout:/usr/bin/ceph: stderr
2023-08-25T05:09:38.913+0000 7fee35429700 1 -- 172.21.15.136:0/1877391123 >> [v2:172.21.15.136:3300/0,v1:172.21.15.136:6789/0] conn(0x7fee30106090 msgr2=0x7fee301064b0 secure :-1 s=STATE_CONNECTION_ESTABLISHED l=1).mark_down
2023-08-25T05:09:39.871 INFO:teuthology.orchestra.run.smithi136.stdout:/usr/bin/ceph: stderr
2023-08-25T05:09:38.913+0000 7fee35429700 1 --2- 172.21.15.136:0/1877391123 >> [v2:172.21.15.136:3300/0,v1:172.21.15.136:6789/0] conn(0x7fee30106090 0x7fee301064b0 secure :-1 s=READY pgs=39 cs=0 l=1 rev1=1 crypto rx=0x7fee200098a0 tx=0x7fee20009bb0 comp rx=0 tx=0).stop
2023-08-25T05:09:39.871 INFO:teuthology.orchestra.run.smithi136.stdout:/usr/bin/ceph: stderr
2023-08-25T05:09:38.913+0000 7fee35429700 1 -- 172.21.15.136:0/1877391123 shutdown_connections
2023-08-25T05:09:39.871 INFO:teuthology.orchestra.run.smithi136.stdout:/usr/bin/ceph: stderr
2023-08-25T05:09:38.913+0000 7fee35429700 1 --2- 172.21.15.136:0/1877391123 >> [v2:172.21.15.136:3300/0,v1:172.21.15.136:6789/0] conn(0x7fee30106090 0x7fee301064b0 unknown :-1 s=CLOSED pgs=39 cs=0 l=1 rev1=1 crypto rx=0 tx=0 comp rx=0 tx=0).stop
2023-08-25T05:09:39.871 INFO:teuthology.orchestra.run.smithi136.stdout:/usr/bin/ceph: stderr
2023-08-25T05:09:38.913+0000 7fee35429700 1 -- 172.21.15.136:0/1877391123 >> 172.21.15.136:0/1877391123 conn(0x7fee30101670 msgr2=0x7fee30103a90 unknown :-1 s=STATE_NONE l=0).mark_down
2023-08-25T05:09:39.871 INFO:teuthology.orchestra.run.smithi136.stdout:/usr/bin/ceph: stderr
2023-08-25T05:09:38.913+0000 7fee35429700 1 -- 172.21.15.136:0/1877391123 shutdown_connections
2023-08-25T05:09:39.871 INFO:teuthology.orchestra.run.smithi136.stdout:/usr/bin/ceph: stderr
2023-08-25T05:09:38.914+0000 7fee35429700 1 -- 172.21.15.136:0/1877391123 wait complete.
2023-08-25T05:09:39.872 INFO:teuthology.orchestra.run.smithi136.stdout:/usr/bin/ceph: stderr
2023-08-25T05:09:38.915+0000 7fee35429700 1 Processor -- start
2023-08-25T05:09:39.872 INFO:teuthology.orchestra.run.smithi136.stdout:/usr/bin/ceph: stderr
2023-08-25T05:09:38.915+0000 7fee35429700 1 -- start start
2023-08-25T05:09:39.872 INFO:teuthology.orchestra.run.smithi136.stdout:/usr/bin/ceph: stderr
2023-08-25T05:09:38.916+0000 7fee35429700 1 --2- >> [v2:172.21.15.136:3300/0,v1:172.21.15.136:6789/0] conn(0x7fee30106090 0x7fee30199dc0 unknown :-1 s=NONE pgs=0 cs=0 l=1 rev1=0 crypto rx=0 tx=0 comp rx=0 tx=0).connect
2023-08-25T05:09:39.872 INFO:teuthology.orchestra.run.smithi136.stdout:/usr/bin/ceph: stderr
2023-08-25T05:09:38.916+0000 7fee35429700 1 -- --> [v2:172.21.15.136:3300/0,v1:172.21.15.136:6789/0] -- mon_getmap magic: 0 v1 -- 0x7fee3019a300 con 0x7fee30106090
2023-08-25T05:09:39.872 INFO:teuthology.orchestra.run.smithi136.stdout:/usr/bin/ceph: stderr
2023-08-25T05:09:38.916+0000 7fee2effd700 1 --2- >> [v2:172.21.15.136:3300/0,v1:172.21.15.136:6789/0] conn(0x7fee30106090 0x7fee30199dc0 unknown :-1 s=BANNER_CONNECTING pgs=0 cs=0 l=1 rev1=0 crypto rx=0 tx=0 comp rx=0 tx=0)._handle_peer_banner_payload supported=3 required=0
2023-08-25T05:09:39.873 INFO:teuthology.orchestra.run.smithi136.stdout:/usr/bin/ceph: stderr
2023-08-25T05:09:38.916+0000 7fee2effd700 1 --2- >> [v2:172.21.15.136:3300/0,v1:172.21.15.136:6789/0] conn(0x7fee30106090 0x7fee30199dc0 unknown :-1 s=HELLO_CONNECTING pgs=0 cs=0 l=1 rev1=1 crypto rx=0 tx=0 comp rx=0 tx=0).handle_hello peer v2:172.21.15.136:3300/0 says I am v2:172.21.15.136:57598/0 (socket says 172.21.15.136:57598)
2023-08-25T05:09:39.873 INFO:teuthology.orchestra.run.smithi136.stdout:/usr/bin/ceph: stderr
2023-08-25T05:09:38.916+0000 7fee2effd700 1 -- 172.21.15.136:0/1818657350 learned_addr learned my addr 172.21.15.136:0/1818657350 (peer_addr_for_me v2:172.21.15.136:0/0)
2023-08-25T05:09:39.873 INFO:teuthology.orchestra.run.smithi136.stdout:/usr/bin/ceph: stderr
2023-08-25T05:09:38.916+0000 7fee2effd700 1 -- 172.21.15.136:0/1818657350 --> [v2:172.21.15.136:3300/0,v1:172.21.15.136:6789/0] -- mon_subscribe({config=0+,monmap=0+}) v3 -- 0x7fee20009550 con 0x7fee30106090
2023-08-25T05:09:39.873 INFO:teuthology.orchestra.run.smithi136.stdout:/usr/bin/ceph: stderr
2023-08-25T05:09:38.916+0000 7fee2effd700 1 --2- 172.21.15.136:0/1818657350 >> [v2:172.21.15.136:3300/0,v1:172.21.15.136:6789/0] conn(0x7fee30106090 0x7fee30199dc0 secure :-1 s=READY pgs=40 cs=0 l=1 rev1=1 crypto rx=0x7fee20006af0 tx=0x7fee20011ad0 comp rx=0 tx=0).ready entity=mon.0 client_cookie=0 server_cookie=0 in_seq=0 out_seq=0
2023-08-25T05:09:39.873 INFO:teuthology.orchestra.run.smithi136.stdout:/usr/bin/ceph: stderr
2023-08-25T05:09:38.917+0000 7fee17fff700 1 -- 172.21.15.136:0/1818657350 <== mon.0 v2:172.21.15.136:3300/0 1 ==== mon_map magic: 0 v1 ==== 205+0+0 (secure 0 0 0) 0x7fee20003a40 con 0x7fee30106090
2023-08-25T05:09:39.873 INFO:teuthology.orchestra.run.smithi136.stdout:/usr/bin/ceph: stderr
2023-08-25T05:09:38.917+0000 7fee17fff700 1 -- 172.21.15.136:0/1818657350 <== mon.0 v2:172.21.15.136:3300/0 2 ==== config(26 keys) v1 ==== 1074+0+0 (secure 0 0 0) 0x7fee20003ba0 con 0x7fee30106090
2023-08-25T05:09:39.873 INFO:teuthology.orchestra.run.smithi136.stdout:/usr/bin/ceph: stderr
2023-08-25T05:09:38.917+0000 7fee35429700 1 -- 172.21.15.136:0/1818657350 --> [v2:172.21.15.136:3300/0,v1:172.21.15.136:6789/0] -- mon_subscribe({mgrmap=0+}) v3 -- 0x7fee3019a500 con 0x7fee30106090
2023-08-25T05:09:39.874 INFO:teuthology.orchestra.run.smithi136.stdout:/usr/bin/ceph: stderr
2023-08-25T05:09:38.917+0000 7fee17fff700 1 -- 172.21.15.136:0/1818657350 <== mon.0 v2:172.21.15.136:3300/0 3 ==== mon_map magic: 0 v1 ==== 205+0+0 (secure 0 0 0) 0x7fee2001a700 con 0x7fee30106090
2023-08-25T05:09:39.874 INFO:teuthology.orchestra.run.smithi136.stdout:/usr/bin/ceph: stderr
2023-08-25T05:09:38.917+0000 7fee35429700 1 -- 172.21.15.136:0/1818657350 --> [v2:172.21.15.136:3300/0,v1:172.21.15.136:6789/0] -- mon_subscribe({osdmap=0}) v3 -- 0x7fee3019a920 con 0x7fee30106090
2023-08-25T05:09:39.874 INFO:teuthology.orchestra.run.smithi136.stdout:/usr/bin/ceph: stderr
2023-08-25T05:09:38.918+0000 7fee17fff700 1 -- 172.21.15.136:0/1818657350 <== mon.0 v2:172.21.15.136:3300/0 4 ==== mgrmap(e 8) v1 ==== 45135+0+0 (secure 0 0 0) 0x7fee20024ad0 con 0x7fee30106090
2023-08-25T05:09:39.874 INFO:teuthology.orchestra.run.smithi136.stdout:/usr/bin/ceph: stderr
2023-08-25T05:09:38.918+0000 7fee35429700 1 -- 172.21.15.136:0/1818657350 --> [v2:172.21.15.136:3300/0,v1:172.21.15.136:6789/0] -- mon_command({"prefix": "get_command_descriptions"} v 0) v1 -- 0x7fee30061f50 con 0x7fee30106090
2023-08-25T05:09:39.874 INFO:teuthology.orchestra.run.smithi136.stdout:/usr/bin/ceph: stderr
2023-08-25T05:09:38.918+0000 7fee17fff700 1 --2- 172.21.15.136:0/1818657350 >> [v2:172.21.15.136:6800/2052748170,v1:172.21.15.136:6801/2052748170] conn(0x7fee18038160 0x7fee1803a620 unknown :-1 s=NONE pgs=0 cs=0 l=1 rev1=0 crypto rx=0 tx=0 comp rx=0 tx=0).connect
2023-08-25T05:09:39.875 INFO:teuthology.orchestra.run.smithi136.stdout:/usr/bin/ceph: stderr
2023-08-25T05:09:38.918+0000 7fee17fff700 1 -- 172.21.15.136:0/1818657350 <== mon.0 v2:172.21.15.136:3300/0 5 ==== osd_map(2..2 src has 1..2) v4 ==== 940+0+0 (secure 0 0 0) 0x7fee2004bf80 con 0x7fee30106090
2023-08-25T05:09:39.875 INFO:teuthology.orchestra.run.smithi136.stdout:/usr/bin/ceph: stderr
2023-08-25T05:09:38.918+0000 7fee2e7fc700 1 --2- 172.21.15.136:0/1818657350 >> [v2:172.21.15.136:6800/2052748170,v1:172.21.15.136:6801/2052748170] conn(0x7fee18038160 0x7fee1803a620 unknown :-1 s=BANNER_CONNECTING pgs=0 cs=0 l=1 rev1=0 crypto rx=0 tx=0 comp rx=0 tx=0)._handle_peer_banner_payload supported=3 required=0
2023-08-25T05:09:39.875 INFO:teuthology.orchestra.run.smithi136.stdout:/usr/bin/ceph: stderr
2023-08-25T05:09:38.919+0000 7fee2e7fc700 1 --2- 172.21.15.136:0/1818657350 >> [v2:172.21.15.136:6800/2052748170,v1:172.21.15.136:6801/2052748170] conn(0x7fee18038160 0x7fee1803a620 secure :-1 s=READY pgs=9 cs=0 l=1 rev1=1 crypto rx=0x7fee24006fd0 tx=0x7fee24006e40 comp rx=0 tx=0).ready entity=mgr.14118 client_cookie=0 server_cookie=0 in_seq=0 out_seq=0
2023-08-25T05:09:39.875 INFO:teuthology.orchestra.run.smithi136.stdout:/usr/bin/ceph: stderr
2023-08-25T05:09:38.923+0000 7fee17fff700 1 -- 172.21.15.136:0/1818657350 <== mon.0 v2:172.21.15.136:3300/0 6 ==== mon_command_ack([{"prefix": "get_command_descriptions"}]=0 v0) v1 ==== 72+0+179682 (secure 0 0 0) 0x7fee20018b80 con 0x7fee30106090
2023-08-25T05:09:39.875 INFO:teuthology.orchestra.run.smithi136.stdout:/usr/bin/ceph: stderr
2023-08-25T05:09:39.122+0000 7fee35429700 1 -- 172.21.15.136:0/1818657350 --> [v2:172.21.15.136:6800/2052748170,v1:172.21.15.136:6801/2052748170] -- mgr_command(tid 0: {"prefix": "cephadm generate-key", "target": ["mon-mgr", ""]}) v1 -- 0x7fee30103990 con 0x7fee18038160
2023-08-25T05:09:39.875 INFO:teuthology.orchestra.run.smithi136.stdout:/usr/bin/ceph: stderr
2023-08-25T05:09:39.386+0000 7fee17fff700 1 -- 172.21.15.136:0/1818657350 <== mgr.14118 v2:172.21.15.136:6800/2052748170 1 ==== mgr_command_reply(tid 0: 0 ) v1 ==== 8+0+0 (secure 0 0 0) 0x7fee30103990 con 0x7fee18038160
2023-08-25T05:09:39.875 INFO:teuthology.orchestra.run.smithi136.stdout:/usr/bin/ceph: stderr
2023-08-25T05:09:39.388+0000 7fee35429700 1 -- 172.21.15.136:0/1818657350 >> [v2:172.21.15.136:6800/2052748170,v1:172.21.15.136:6801/2052748170] conn(0x7fee18038160 msgr2=0x7fee1803a620 secure :-1 s=STATE_CONNECTION_ESTABLISHED l=1).mark_down
2023-08-25T05:09:39.875 INFO:teuthology.orchestra.run.smithi136.stdout:/usr/bin/ceph: stderr
2023-08-25T05:09:39.388+0000 7fee35429700 1 --2- 172.21.15.136:0/1818657350 >> [v2:172.21.15.136:6800/2052748170,v1:172.21.15.136:6801/2052748170] conn(0x7fee18038160 0x7fee1803a620 secure :-1 s=READY pgs=9 cs=0 l=1 rev1=1 crypto rx=0x7fee24006fd0 tx=0x7fee24006e40 comp rx=0 tx=0).stop
2023-08-25T05:09:39.876 INFO:teuthology.orchestra.run.smithi136.stdout:/usr/bin/ceph: stderr
2023-08-25T05:09:39.388+0000 7fee35429700 1 -- 172.21.15.136:0/1818657350 >> [v2:172.21.15.136:3300/0,v1:172.21.15.136:6789/0] conn(0x7fee30106090 msgr2=0x7fee30199dc0 secure :-1 s=STATE_CONNECTION_ESTABLISHED l=1).mark_down
2023-08-25T05:09:39.876 INFO:teuthology.orchestra.run.smithi136.stdout:/usr/bin/ceph: stderr
2023-08-25T05:09:39.388+0000 7fee35429700 1 --2- 172.21.15.136:0/1818657350 >> [v2:172.21.15.136:3300/0,v1:172.21.15.136:6789/0] conn(0x7fee30106090 0x7fee30199dc0 secure :-1 s=READY pgs=40 cs=0 l=1 rev1=1 crypto rx=0x7fee20006af0 tx=0x7fee20011ad0 comp rx=0 tx=0).stop
2023-08-25T05:09:39.876 INFO:teuthology.orchestra.run.smithi136.stdout:/usr/bin/ceph: stderr
2023-08-25T05:09:39.388+0000 7fee35429700 1 -- 172.21.15.136:0/1818657350 shutdown_connections
2023-08-25T05:09:39.876 INFO:teuthology.orchestra.run.smithi136.stdout:/usr/bin/ceph: stderr
2023-08-25T05:09:39.388+0000 7fee35429700 1 --2- 172.21.15.136:0/1818657350 >> [v2:172.21.15.136:6800/2052748170,v1:172.21.15.136:6801/2052748170] conn(0x7fee18038160 0x7fee1803a620 unknown :-1 s=CLOSED pgs=9 cs=0 l=1 rev1=1 crypto rx=0 tx=0 comp rx=0 tx=0).stop
2023-08-25T05:09:39.876 INFO:teuthology.orchestra.run.smithi136.stdout:/usr/bin/ceph: stderr
2023-08-25T05:09:39.388+0000 7fee35429700 1 --2- 172.21.15.136:0/1818657350 >> [v2:172.21.15.136:3300/0,v1:172.21.15.136:6789/0] conn(0x7fee30106090 0x7fee30199dc0 unknown :-1 s=CLOSED pgs=40 cs=0 l=1 rev1=1 crypto rx=0 tx=0 comp rx=0 tx=0).stop
2023-08-25T05:09:39.876 INFO:teuthology.orchestra.run.smithi136.stdout:/usr/bin/ceph: stderr
2023-08-25T05:09:39.388+0000 7fee35429700 1 -- 172.21.15.136:0/1818657350 >> 172.21.15.136:0/1818657350 conn(0x7fee30101670 msgr2=0x7fee30102d30 unknown :-1 s=STATE_NONE l=0).mark_down
2023-08-25T05:09:39.876 INFO:teuthology.orchestra.run.smithi136.stdout:/usr/bin/ceph: stderr
2023-08-25T05:09:39.389+0000 7fee35429700 1 -- 172.21.15.136:0/1818657350 shutdown_connections
2023-08-25T05:09:39.877 INFO:teuthology.orchestra.run.smithi136.stdout:/usr/bin/ceph: stderr
2023-08-25T05:09:39.389+0000 7fee35429700 1 -- 172.21.15.136:0/1818657350 wait complete.
2023-08-25T05:09:40.722 INFO:journalctl@ceph.mon.a.smithi136.stdout:Aug 25 05:09:40 smithi136 ceph-mon[97676]: from='client.14134 -' entity='client.admin' cmd=[{"prefix": "cephadm generate-key", "target": ["mon-mgr", ""]}]: dispatch
2023-08-25T05:09:40.723 INFO:journalctl@ceph.mon.a.smithi136.stdout:Aug 25 05:09:40 smithi136 ceph-mon[97676]: Generating ssh key...
2023-08-25T05:09:40.723 INFO:journalctl@ceph.mon.a.smithi136.stdout:Aug 25 05:09:40 smithi136 ceph-mon[97676]: from='mgr.14118 172.21.15.136:0/1620250925' entity='mgr.x'
2023-08-25T05:09:40.723 INFO:journalctl@ceph.mon.a.smithi136.stdout:Aug 25 05:09:40 smithi136 ceph-mon[97676]: from='mgr.14118 172.21.15.136:0/1620250925' entity='mgr.x'
2023-08-25T05:09:41.045 INFO:teuthology.orchestra.run.smithi136.stdout:/usr/bin/ceph: stdout ssh-rsa AAAAB3NzaC1yc2EAAAADAQABAAABgQC4s1KDNzt4YDPYCH72IPtjQOkNl0s0M6eMuNKlZKsEvEJt4dvld3PF/8TxEc2brWWoFFmd9lSnAyyiAzOfaRc4fUu9smzUxaRDpdH5Y0hlNGid8Wvxpy5UwMcs2bDU60wK99BCSZiDLO2BruJGG4W1uUFaMAP588s2qD2wxR4HmzlH4YepkE0WtecqyoojAV0q14XbXdn6Am+x3TZzDY5oCqy5C4EacJqSzMXXMdmsvR5MGx/BetYgJBp6f6/P7GpGaC77P8zAQ+I57WNrY1H5spcuOUWN6X1ro1jSDLcR++3ARZtdPFYLrT5hzMoo66EZsZofv0wy6yV3yhN6JsbIyv8ruWD8/iCya4Vy9KX6YhTRj2tdVirLpo92ibz/jFC+OKOmzqXj5C5HG3ZK954Wnv2Csz6KegGy2tvs8tkWHpksZEF+6A3+ZoPi+IyngHKVCmmKHn1Ymmo1b1nuWSG4iI6GxtF0I5Jhu+9Vp5mV9YIYfErR0BLv1ptejjKEbb0= ceph-5f1be9a4-4305-11ee-9b3d-001a4aab830c
2023-08-25T05:09:41.045 INFO:teuthology.orchestra.run.smithi136.stdout:/usr/bin/ceph: stderr
2023-08-25T05:09:40.352+0000 7f67850ef700 1 Processor -- start
2023-08-25T05:09:41.045 INFO:teuthology.orchestra.run.smithi136.stdout:/usr/bin/ceph: stderr
2023-08-25T05:09:40.352+0000 7f67850ef700 1 -- start start
2023-08-25T05:09:41.046 INFO:teuthology.orchestra.run.smithi136.stdout:/usr/bin/ceph: stderr
2023-08-25T05:09:40.352+0000 7f67850ef700 1 --2- >> [v2:172.21.15.136:3300/0,v1:172.21.15.136:6789/0] conn(0x7f678007bea0 0x7f678007a300 unknown :-1 s=NONE pgs=0 cs=0 l=0 rev1=0 crypto rx=0 tx=0 comp rx=0 tx=0).connect
2023-08-25T05:09:41.046 INFO:teuthology.orchestra.run.smithi136.stdout:/usr/bin/ceph: stderr
2023-08-25T05:09:40.352+0000 7f67850ef700 1 -- --> [v2:172.21.15.136:3300/0,v1:172.21.15.136:6789/0] -- mon_getmap magic: 0 v1 -- 0x7f678007a8d0 con 0x7f678007bea0
2023-08-25T05:09:41.046 INFO:teuthology.orchestra.run.smithi136.stdout:/usr/bin/ceph: stderr
2023-08-25T05:09:40.353+0000 7f677ed9d700 1 --2- >> [v2:172.21.15.136:3300/0,v1:172.21.15.136:6789/0] conn(0x7f678007bea0 0x7f678007a300 unknown :-1 s=BANNER_CONNECTING pgs=0 cs=0 l=0 rev1=0 crypto rx=0 tx=0 comp rx=0 tx=0)._handle_peer_banner_payload supported=3 required=0
2023-08-25T05:09:41.046 INFO:teuthology.orchestra.run.smithi136.stdout:/usr/bin/ceph: stderr
2023-08-25T05:09:40.353+0000 7f677ed9d700 1 --2- >> [v2:172.21.15.136:3300/0,v1:172.21.15.136:6789/0] conn(0x7f678007bea0 0x7f678007a300 unknown :-1 s=HELLO_CONNECTING pgs=0 cs=0 l=0 rev1=1 crypto rx=0 tx=0 comp rx=0 tx=0).handle_hello peer v2:172.21.15.136:3300/0 says I am v2:172.21.15.136:57600/0 (socket says 172.21.15.136:57600)
2023-08-25T05:09:41.046 INFO:teuthology.orchestra.run.smithi136.stdout:/usr/bin/ceph: stderr
2023-08-25T05:09:40.353+0000 7f677ed9d700 1 -- 172.21.15.136:0/1537700473 learned_addr learned my addr 172.21.15.136:0/1537700473 (peer_addr_for_me v2:172.21.15.136:0/0)
2023-08-25T05:09:41.046 INFO:teuthology.orchestra.run.smithi136.stdout:/usr/bin/ceph: stderr
2023-08-25T05:09:40.353+0000 7f677ed9d700 1 -- 172.21.15.136:0/1537700473 --> [v2:172.21.15.136:3300/0,v1:172.21.15.136:6789/0] -- mon_subscribe({config=0+,monmap=0+}) v3 -- 0x7f678007aa10 con 0x7f678007bea0
2023-08-25T05:09:41.046 INFO:teuthology.orchestra.run.smithi136.stdout:/usr/bin/ceph: stderr
2023-08-25T05:09:40.353+0000 7f677ed9d700 1 --2- 172.21.15.136:0/1537700473 >> [v2:172.21.15.136:3300/0,v1:172.21.15.136:6789/0] conn(0x7f678007bea0 0x7f678007a300 secure :-1 s=READY pgs=41 cs=0 l=1 rev1=1 crypto rx=0x7f67700098a0 tx=0x7f6770009bb0 comp rx=0 tx=0).ready entity=mon.0 client_cookie=5831e02704202156 server_cookie=0 in_seq=0 out_seq=0
2023-08-25T05:09:41.047 INFO:teuthology.orchestra.run.smithi136.stdout:/usr/bin/ceph: stderr
2023-08-25T05:09:40.354+0000 7f677dd9b700 1 -- 172.21.15.136:0/1537700473 <== mon.0 v2:172.21.15.136:3300/0 1 ==== mon_map magic: 0 v1 ==== 205+0+0 (secure 0 0 0) 0x7f6770004160 con 0x7f678007bea0
2023-08-25T05:09:41.047 INFO:teuthology.orchestra.run.smithi136.stdout:/usr/bin/ceph: stderr
2023-08-25T05:09:40.354+0000 7f677dd9b700 1 -- 172.21.15.136:0/1537700473 <== mon.0 v2:172.21.15.136:3300/0 2 ==== config(26 keys) v1 ==== 1074+0+0 (secure 0 0 0) 0x7f67700042c0 con 0x7f678007bea0
2023-08-25T05:09:41.047 INFO:teuthology.orchestra.run.smithi136.stdout:/usr/bin/ceph: stderr
2023-08-25T05:09:40.354+0000 7f677dd9b700 1 -- 172.21.15.136:0/1537700473 <== mon.0 v2:172.21.15.136:3300/0 3 ==== mon_map magic: 0 v1 ==== 205+0+0 (secure 0 0 0) 0x7f6770011a00 con 0x7f678007bea0
2023-08-25T05:09:41.047 INFO:teuthology.orchestra.run.smithi136.stdout:/usr/bin/ceph: stderr
2023-08-25T05:09:40.354+0000 7f67850ef700 1 -- 172.21.15.136:0/1537700473 >> [v2:172.21.15.136:3300/0,v1:172.21.15.136:6789/0] conn(0x7f678007bea0 msgr2=0x7f678007a300 secure :-1 s=STATE_CONNECTION_ESTABLISHED l=1).mark_down
2023-08-25T05:09:41.047 INFO:teuthology.orchestra.run.smithi136.stdout:/usr/bin/ceph: stderr
2023-08-25T05:09:40.354+0000 7f67850ef700 1 --2- 172.21.15.136:0/1537700473 >> [v2:172.21.15.136:3300/0,v1:172.21.15.136:6789/0] conn(0x7f678007bea0 0x7f678007a300 secure :-1 s=READY pgs=41 cs=0 l=1 rev1=1 crypto rx=0x7f67700098a0 tx=0x7f6770009bb0 comp rx=0 tx=0).stop
2023-08-25T05:09:41.047 INFO:teuthology.orchestra.run.smithi136.stdout:/usr/bin/ceph: stderr
2023-08-25T05:09:40.354+0000 7f67850ef700 1 -- 172.21.15.136:0/1537700473 shutdown_connections
2023-08-25T05:09:41.048 INFO:teuthology.orchestra.run.smithi136.stdout:/usr/bin/ceph: stderr
2023-08-25T05:09:40.354+0000 7f67850ef700 1 --2- 172.21.15.136:0/1537700473 >> [v2:172.21.15.136:3300/0,v1:172.21.15.136:6789/0] conn(0x7f678007bea0 0x7f678007a300 unknown :-1 s=CLOSED pgs=41 cs=0 l=1 rev1=1 crypto rx=0 tx=0 comp rx=0 tx=0).stop
2023-08-25T05:09:41.048 INFO:teuthology.orchestra.run.smithi136.stdout:/usr/bin/ceph: stderr
2023-08-25T05:09:40.354+0000 7f67850ef700 1 -- 172.21.15.136:0/1537700473 >> 172.21.15.136:0/1537700473 conn(0x7f6780101670 msgr2=0x7f6780103a90 unknown :-1 s=STATE_NONE l=0).mark_down
2023-08-25T05:09:41.048 INFO:teuthology.orchestra.run.smithi136.stdout:/usr/bin/ceph: stderr
2023-08-25T05:09:40.354+0000 7f67850ef700 1 -- 172.21.15.136:0/1537700473 shutdown_connections
2023-08-25T05:09:41.048 INFO:teuthology.orchestra.run.smithi136.stdout:/usr/bin/ceph: stderr
2023-08-25T05:09:40.354+0000 7f67850ef700 1 -- 172.21.15.136:0/1537700473 wait complete.
2023-08-25T05:09:41.048 INFO:teuthology.orchestra.run.smithi136.stdout:/usr/bin/ceph: stderr
2023-08-25T05:09:40.355+0000 7f67850ef700 1 Processor -- start
2023-08-25T05:09:41.048 INFO:teuthology.orchestra.run.smithi136.stdout:/usr/bin/ceph: stderr
2023-08-25T05:09:40.356+0000 7f67850ef700 1 -- start start
2023-08-25T05:09:41.048 INFO:teuthology.orchestra.run.smithi136.stdout:/usr/bin/ceph: stderr
2023-08-25T05:09:40.356+0000 7f67850ef700 1 --2- >> [v2:172.21.15.136:3300/0,v1:172.21.15.136:6789/0] conn(0x7f678007bea0 0x7f678019bf60 unknown :-1 s=NONE pgs=0 cs=0 l=1 rev1=0 crypto rx=0 tx=0 comp rx=0 tx=0).connect
2023-08-25T05:09:41.049 INFO:teuthology.orchestra.run.smithi136.stdout:/usr/bin/ceph: stderr
2023-08-25T05:09:40.356+0000 7f67850ef700 1 -- --> [v2:172.21.15.136:3300/0,v1:172.21.15.136:6789/0] -- mon_getmap magic: 0 v1 -- 0x7f678019c4a0 con 0x7f678007bea0
2023-08-25T05:09:41.049 INFO:teuthology.orchestra.run.smithi136.stdout:/usr/bin/ceph: stderr
2023-08-25T05:09:40.356+0000 7f677ed9d700 1 --2- >> [v2:172.21.15.136:3300/0,v1:172.21.15.136:6789/0] conn(0x7f678007bea0 0x7f678019bf60 unknown :-1 s=BANNER_CONNECTING pgs=0 cs=0 l=1 rev1=0 crypto rx=0 tx=0 comp rx=0 tx=0)._handle_peer_banner_payload supported=3 required=0
2023-08-25T05:09:41.049 INFO:teuthology.orchestra.run.smithi136.stdout:/usr/bin/ceph: stderr
2023-08-25T05:09:40.356+0000 7f677ed9d700 1 --2- >> [v2:172.21.15.136:3300/0,v1:172.21.15.136:6789/0] conn(0x7f678007bea0 0x7f678019bf60 unknown :-1 s=HELLO_CONNECTING pgs=0 cs=0 l=1 rev1=1 crypto rx=0 tx=0 comp rx=0 tx=0).handle_hello peer v2:172.21.15.136:3300/0 says I am v2:172.21.15.136:57606/0 (socket says 172.21.15.136:57606)
2023-08-25T05:09:41.049 INFO:teuthology.orchestra.run.smithi136.stdout:/usr/bin/ceph: stderr
2023-08-25T05:09:40.356+0000 7f677ed9d700 1 -- 172.21.15.136:0/3240240553 learned_addr learned my addr 172.21.15.136:0/3240240553 (peer_addr_for_me v2:172.21.15.136:0/0)
2023-08-25T05:09:41.049 INFO:teuthology.orchestra.run.smithi136.stdout:/usr/bin/ceph: stderr
2023-08-25T05:09:40.356+0000 7f677ed9d700 1 -- 172.21.15.136:0/3240240553 --> [v2:172.21.15.136:3300/0,v1:172.21.15.136:6789/0] -- mon_subscribe({config=0+,monmap=0+}) v3 -- 0x7f6770009550 con 0x7f678007bea0
2023-08-25T05:09:41.050 INFO:teuthology.orchestra.run.smithi136.stdout:/usr/bin/ceph: stderr
2023-08-25T05:09:40.357+0000 7f677ed9d700 1 --2- 172.21.15.136:0/3240240553 >> [v2:172.21.15.136:3300/0,v1:172.21.15.136:6789/0] conn(0x7f678007bea0 0x7f678019bf60 secure :-1 s=READY pgs=42 cs=0 l=1 rev1=1 crypto rx=0x7f6770006af0 tx=0x7f6770011ad0 comp rx=0 tx=0).ready entity=mon.0 client_cookie=0 server_cookie=0 in_seq=0 out_seq=0
2023-08-25T05:09:41.050 INFO:teuthology.orchestra.run.smithi136.stdout:/usr/bin/ceph: stderr
2023-08-25T05:09:40.357+0000 7f6767fff700 1 -- 172.21.15.136:0/3240240553 <== mon.0 v2:172.21.15.136:3300/0 1 ==== mon_map magic: 0 v1 ==== 205+0+0 (secure 0 0 0) 0x7f6770003a40 con 0x7f678007bea0
2023-08-25T05:09:41.050 INFO:teuthology.orchestra.run.smithi136.stdout:/usr/bin/ceph: stderr
2023-08-25T05:09:40.357+0000 7f6767fff700 1 -- 172.21.15.136:0/3240240553 <== mon.0 v2:172.21.15.136:3300/0 2 ==== config(26 keys) v1 ==== 1074+0+0 (secure 0 0 0) 0x7f6770003ba0 con 0x7f678007bea0
2023-08-25T05:09:41.050 INFO:teuthology.orchestra.run.smithi136.stdout:/usr/bin/ceph: stderr
2023-08-25T05:09:40.357+0000 7f6767fff700 1 -- 172.21.15.136:0/3240240553 <== mon.0 v2:172.21.15.136:3300/0 3 ==== mon_map magic: 0 v1 ==== 205+0+0 (secure 0 0 0) 0x7f677001a6e0 con 0x7f678007bea0
2023-08-25T05:09:41.050 INFO:teuthology.orchestra.run.smithi136.stdout:/usr/bin/ceph: stderr
2023-08-25T05:09:40.357+0000 7f67850ef700 1 -- 172.21.15.136:0/3240240553 --> [v2:172.21.15.136:3300/0,v1:172.21.15.136:6789/0] -- mon_subscribe({mgrmap=0+}) v3 -- 0x7f678019c6a0 con 0x7f678007bea0
2023-08-25T05:09:41.050 INFO:teuthology.orchestra.run.smithi136.stdout:/usr/bin/ceph: stderr
2023-08-25T05:09:40.357+0000 7f67850ef700 1 -- 172.21.15.136:0/3240240553 --> [v2:172.21.15.136:3300/0,v1:172.21.15.136:6789/0] -- mon_subscribe({osdmap=0}) v3 -- 0x7f678019cac0 con 0x7f678007bea0
2023-08-25T05:09:41.050 INFO:teuthology.orchestra.run.smithi136.stdout:/usr/bin/ceph: stderr
2023-08-25T05:09:40.358+0000 7f67850ef700 1 -- 172.21.15.136:0/3240240553 --> [v2:172.21.15.136:3300/0,v1:172.21.15.136:6789/0] -- mon_command({"prefix": "get_command_descriptions"} v 0) v1 -- 0x7f6780061f50 con 0x7f678007bea0
2023-08-25T05:09:41.051 INFO:teuthology.orchestra.run.smithi136.stdout:/usr/bin/ceph: stderr
2023-08-25T05:09:40.358+0000 7f6767fff700 1 -- 172.21.15.136:0/3240240553 <== mon.0 v2:172.21.15.136:3300/0 4 ==== mgrmap(e 8) v1 ==== 45135+0+0 (secure 0 0 0) 0x7f6770024a60 con 0x7f678007bea0
2023-08-25T05:09:41.051 INFO:teuthology.orchestra.run.smithi136.stdout:/usr/bin/ceph: stderr
2023-08-25T05:09:40.359+0000 7f6767fff700 1 --2- 172.21.15.136:0/3240240553 >> [v2:172.21.15.136:6800/2052748170,v1:172.21.15.136:6801/2052748170] conn(0x7f6768038160 0x7f676803a620 unknown :-1 s=NONE pgs=0 cs=0 l=1 rev1=0 crypto rx=0 tx=0 comp rx=0 tx=0).connect
2023-08-25T05:09:41.051 INFO:teuthology.orchestra.run.smithi136.stdout:/usr/bin/ceph: stderr
2023-08-25T05:09:40.359+0000 7f6767fff700 1 -- 172.21.15.136:0/3240240553 <== mon.0 v2:172.21.15.136:3300/0 5 ==== osd_map(2..2 src has 1..2) v4 ==== 940+0+0 (secure 0 0 0) 0x7f677004bff0 con 0x7f678007bea0
2023-08-25T05:09:41.051 INFO:teuthology.orchestra.run.smithi136.stdout:/usr/bin/ceph: stderr
2023-08-25T05:09:40.359+0000 7f677e59c700 1 --2- 172.21.15.136:0/3240240553 >> [v2:172.21.15.136:6800/2052748170,v1:172.21.15.136:6801/2052748170] conn(0x7f6768038160 0x7f676803a620 unknown :-1 s=BANNER_CONNECTING pgs=0 cs=0 l=1 rev1=0 crypto rx=0 tx=0 comp rx=0 tx=0)._handle_peer_banner_payload supported=3 required=0
2023-08-25T05:09:41.051 INFO:teuthology.orchestra.run.smithi136.stdout:/usr/bin/ceph: stderr
2023-08-25T05:09:40.360+0000 7f677e59c700 1 --2- 172.21.15.136:0/3240240553 >> [v2:172.21.15.136:6800/2052748170,v1:172.21.15.136:6801/2052748170] conn(0x7f6768038160 0x7f676803a620 secure :-1 s=READY pgs=10 cs=0 l=1 rev1=1 crypto rx=0x7f6774006fd0 tx=0x7f6774006e40 comp rx=0 tx=0).ready entity=mgr.14118 client_cookie=0 server_cookie=0 in_seq=0 out_seq=0
2023-08-25T05:09:41.051 INFO:teuthology.orchestra.run.smithi136.stdout:/usr/bin/ceph: stderr
2023-08-25T05:09:40.364+0000 7f6767fff700 1 -- 172.21.15.136:0/3240240553 <== mon.0 v2:172.21.15.136:3300/0 6 ==== mon_command_ack([{"prefix": "get_command_descriptions"}]=0 v0) v1 ==== 72+0+179682 (secure 0 0 0) 0x7f6770024430 con 0x7f678007bea0
2023-08-25T05:09:41.051 INFO:teuthology.orchestra.run.smithi136.stdout:/usr/bin/ceph: stderr
2023-08-25T05:09:40.566+0000 7f67850ef700 1 -- 172.21.15.136:0/3240240553 --> [v2:172.21.15.136:6800/2052748170,v1:172.21.15.136:6801/2052748170] -- mgr_command(tid 0: {"prefix": "cephadm get-pub-key", "target": ["mon-mgr", ""]}) v1 -- 0x7f67801039a0 con 0x7f6768038160
2023-08-25T05:09:41.052 INFO:teuthology.orchestra.run.smithi136.stdout:/usr/bin/ceph: stderr
2023-08-25T05:09:40.567+0000 7f6767fff700 1 -- 172.21.15.136:0/3240240553 <== mgr.14118 v2:172.21.15.136:6800/2052748170 1 ==== mgr_command_reply(tid 0: 0 ) v1 ==== 8+0+595 (secure 0 0 0) 0x7f67801039a0 con 0x7f6768038160
2023-08-25T05:09:41.052 INFO:teuthology.orchestra.run.smithi136.stdout:/usr/bin/ceph: stderr
2023-08-25T05:09:40.569+0000 7f67850ef700 1 -- 172.21.15.136:0/3240240553 >> [v2:172.21.15.136:6800/2052748170,v1:172.21.15.136:6801/2052748170] conn(0x7f6768038160 msgr2=0x7f676803a620 secure :-1 s=STATE_CONNECTION_ESTABLISHED l=1).mark_down
2023-08-25T05:09:41.052 INFO:teuthology.orchestra.run.smithi136.stdout:/usr/bin/ceph: stderr
2023-08-25T05:09:40.569+0000 7f67850ef700 1 --2- 172.21.15.136:0/3240240553 >> [v2:172.21.15.136:6800/2052748170,v1:172.21.15.136:6801/2052748170] conn(0x7f6768038160 0x7f676803a620 secure :-1 s=READY pgs=10 cs=0 l=1 rev1=1 crypto rx=0x7f6774006fd0 tx=0x7f6774006e40 comp rx=0 tx=0).stop
2023-08-25T05:09:41.052 INFO:teuthology.orchestra.run.smithi136.stdout:/usr/bin/ceph: stderr
2023-08-25T05:09:40.569+0000 7f67850ef700 1 -- 172.21.15.136:0/3240240553 >> [v2:172.21.15.136:3300/0,v1:172.21.15.136:6789/0] conn(0x7f678007bea0 msgr2=0x7f678019bf60 secure :-1 s=STATE_CONNECTION_ESTABLISHED l=1).mark_down
2023-08-25T05:09:41.052 INFO:teuthology.orchestra.run.smithi136.stdout:/usr/bin/ceph: stderr
2023-08-25T05:09:40.569+0000 7f67850ef700 1 --2- 172.21.15.136:0/3240240553 >> [v2:172.21.15.136:3300/0,v1:172.21.15.136:6789/0] conn(0x7f678007bea0 0x7f678019bf60 secure :-1 s=READY pgs=42 cs=0 l=1 rev1=1 crypto rx=0x7f6770006af0 tx=0x7f6770011ad0 comp rx=0 tx=0).stop
2023-08-25T05:09:41.052 INFO:teuthology.orchestra.run.smithi136.stdout:/usr/bin/ceph: stderr
2023-08-25T05:09:40.569+0000 7f67850ef700 1 -- 172.21.15.136:0/3240240553 shutdown_connections
2023-08-25T05:09:41.052 INFO:teuthology.orchestra.run.smithi136.stdout:/usr/bin/ceph: stderr
2023-08-25T05:09:40.569+0000 7f67850ef700 1 --2- 172.21.15.136:0/3240240553 >> [v2:172.21.15.136:6800/2052748170,v1:172.21.15.136:6801/2052748170] conn(0x7f6768038160 0x7f676803a620 unknown :-1 s=CLOSED pgs=10 cs=0 l=1 rev1=1 crypto rx=0 tx=0 comp rx=0 tx=0).stop
2023-08-25T05:09:41.053 INFO:teuthology.orchestra.run.smithi136.stdout:/usr/bin/ceph: stderr
2023-08-25T05:09:40.569+0000 7f67850ef700 1 --2- 172.21.15.136:0/3240240553 >> [v2:172.21.15.136:3300/0,v1:172.21.15.136:6789/0] conn(0x7f678007bea0 0x7f678019bf60 unknown :-1 s=CLOSED pgs=42 cs=0 l=1 rev1=1 crypto rx=0 tx=0 comp rx=0 tx=0).stop
2023-08-25T05:09:41.053 INFO:teuthology.orchestra.run.smithi136.stdout:/usr/bin/ceph: stderr
2023-08-25T05:09:40.569+0000 7f67850ef700 1 -- 172.21.15.136:0/3240240553 >> 172.21.15.136:0/3240240553 conn(0x7f6780101670 msgr2=0x7f6780102d80 unknown :-1 s=STATE_NONE l=0).mark_down
2023-08-25T05:09:41.053 INFO:teuthology.orchestra.run.smithi136.stdout:/usr/bin/ceph: stderr
2023-08-25T05:09:40.570+0000 7f67850ef700 1 -- 172.21.15.136:0/3240240553 shutdown_connections
2023-08-25T05:09:41.053 INFO:teuthology.orchestra.run.smithi136.stdout:/usr/bin/ceph: stderr
2023-08-25T05:09:40.570+0000 7f67850ef700 1 -- 172.21.15.136:0/3240240553 wait complete.
2023-08-25T05:09:41.053 INFO:teuthology.orchestra.run.smithi136.stdout:Wrote public SSH key to /home/ubuntu/cephtest/ceph.pub
2023-08-25T05:09:41.053 INFO:teuthology.orchestra.run.smithi136.stdout:Adding key to root@localhost authorized_keys...
2023-08-25T05:09:41.054 INFO:teuthology.orchestra.run.smithi136.stdout:Adding host smithi136...
2023-08-25T05:09:41.803 INFO:journalctl@ceph.mon.a.smithi136.stdout:Aug 25 05:09:41 smithi136 ceph-mon[97676]: from='client.14136 -' entity='client.admin' cmd=[{"prefix": "cephadm get-pub-key", "target": ["mon-mgr", ""]}]: dispatch
2023-08-25T05:09:42.485 INFO:journalctl@ceph.mon.a.smithi136.stdout:Aug 25 05:09:42 smithi136 ceph-mon[97676]: from='client.14138 -' entity='client.admin' cmd=[{"prefix": "orch host add", "hostname": "smithi136", "addr": "172.21.15.136", "target": ["mon-mgr", ""]}]: dispatch
2023-08-25T05:09:44.206 INFO:journalctl@ceph.mon.a.smithi136.stdout:Aug 25 05:09:43 smithi136 ceph-mon[97676]: Deploying cephadm binary to smithi136
2023-08-25T05:09:45.435 INFO:teuthology.orchestra.run.smithi136.stdout:/usr/bin/ceph: stdout Added host 'smithi136' with addr '172.21.15.136'
2023-08-25T05:09:45.436 INFO:teuthology.orchestra.run.smithi136.stdout:/usr/bin/ceph: stderr
2023-08-25T05:09:41.579+0000 7f6d70ed4700 1 Processor -- start
2023-08-25T05:09:45.436 INFO:teuthology.orchestra.run.smithi136.stdout:/usr/bin/ceph: stderr
2023-08-25T05:09:41.579+0000 7f6d70ed4700 1 -- start start
2023-08-25T05:09:45.436 INFO:teuthology.orchestra.run.smithi136.stdout:/usr/bin/ceph: stderr
2023-08-25T05:09:41.580+0000 7f6d70ed4700 1 --2- >> [v2:172.21.15.136:3300/0,v1:172.21.15.136:6789/0] conn(0x7f6d6c106090 0x7f6d6c1064b0 unknown :-1 s=NONE pgs=0 cs=0 l=0 rev1=0 crypto rx=0 tx=0 comp rx=0 tx=0).connect
2023-08-25T05:09:45.436 INFO:teuthology.orchestra.run.smithi136.stdout:/usr/bin/ceph: stderr
2023-08-25T05:09:41.580+0000 7f6d70ed4700 1 -- --> [v2:172.21.15.136:3300/0,v1:172.21.15.136:6789/0] -- mon_getmap magic: 0 v1 -- 0x7f6d6c106a80 con 0x7f6d6c106090
2023-08-25T05:09:45.436 INFO:teuthology.orchestra.run.smithi136.stdout:/usr/bin/ceph: stderr
2023-08-25T05:09:41.580+0000 7f6d6a59c700 1 --2- >> [v2:172.21.15.136:3300/0,v1:172.21.15.136:6789/0] conn(0x7f6d6c106090 0x7f6d6c1064b0 unknown :-1 s=BANNER_CONNECTING pgs=0 cs=0 l=0 rev1=0 crypto rx=0 tx=0 comp rx=0 tx=0)._handle_peer_banner_payload supported=3 required=0
2023-08-25T05:09:45.436 INFO:teuthology.orchestra.run.smithi136.stdout:/usr/bin/ceph: stderr
2023-08-25T05:09:41.580+0000 7f6d6a59c700 1 --2- >> [v2:172.21.15.136:3300/0,v1:172.21.15.136:6789/0] conn(0x7f6d6c106090 0x7f6d6c1064b0 unknown :-1 s=HELLO_CONNECTING pgs=0 cs=0 l=0 rev1=1 crypto rx=0 tx=0 comp rx=0 tx=0).handle_hello peer v2:172.21.15.136:3300/0 says I am v2:172.21.15.136:57612/0 (socket says 172.21.15.136:57612)
2023-08-25T05:09:45.437 INFO:teuthology.orchestra.run.smithi136.stdout:/usr/bin/ceph: stderr
2023-08-25T05:09:41.580+0000 7f6d6a59c700 1 -- 172.21.15.136:0/2793519539 learned_addr learned my addr 172.21.15.136:0/2793519539 (peer_addr_for_me v2:172.21.15.136:0/0)
2023-08-25T05:09:45.437 INFO:teuthology.orchestra.run.smithi136.stdout:/usr/bin/ceph: stderr
2023-08-25T05:09:41.580+0000 7f6d6a59c700 1 -- 172.21.15.136:0/2793519539 --> [v2:172.21.15.136:3300/0,v1:172.21.15.136:6789/0] -- mon_subscribe({config=0+,monmap=0+}) v3 -- 0x7f6d6c107290 con 0x7f6d6c106090
2023-08-25T05:09:45.437 INFO:teuthology.orchestra.run.smithi136.stdout:/usr/bin/ceph: stderr
2023-08-25T05:09:41.581+0000 7f6d6a59c700 1 --2- 172.21.15.136:0/2793519539 >> [v2:172.21.15.136:3300/0,v1:172.21.15.136:6789/0] conn(0x7f6d6c106090 0x7f6d6c1064b0 secure :-1 s=READY pgs=43 cs=0 l=1 rev1=1 crypto rx=0x7f6d5c0098a0 tx=0x7f6d5c009bb0 comp rx=0 tx=0).ready entity=mon.0 client_cookie=42c3653d496c1d server_cookie=0 in_seq=0 out_seq=0
2023-08-25T05:09:45.437 INFO:teuthology.orchestra.run.smithi136.stdout:/usr/bin/ceph: stderr
2023-08-25T05:09:41.581+0000 7f6d6959a700 1 -- 172.21.15.136:0/2793519539 <== mon.0 v2:172.21.15.136:3300/0 1 ==== mon_map magic: 0 v1 ==== 205+0+0 (secure 0 0 0) 0x7f6d5c004160 con 0x7f6d6c106090
2023-08-25T05:09:45.437 INFO:teuthology.orchestra.run.smithi136.stdout:/usr/bin/ceph: stderr
2023-08-25T05:09:41.581+0000 7f6d6959a700 1 -- 172.21.15.136:0/2793519539 <== mon.0 v2:172.21.15.136:3300/0 2 ==== config(26 keys) v1 ==== 1074+0+0 (secure 0 0 0) 0x7f6d5c0042c0 con 0x7f6d6c106090
2023-08-25T05:09:45.437 INFO:teuthology.orchestra.run.smithi136.stdout:/usr/bin/ceph: stderr
2023-08-25T05:09:41.581+0000 7f6d6959a700 1 -- 172.21.15.136:0/2793519539 <== mon.0 v2:172.21.15.136:3300/0 3 ==== mon_map magic: 0 v1 ==== 205+0+0 (secure 0 0 0) 0x7f6d5c011a00 con 0x7f6d6c106090
2023-08-25T05:09:45.437 INFO:teuthology.orchestra.run.smithi136.stdout:/usr/bin/ceph: stderr
2023-08-25T05:09:41.581+0000 7f6d70ed4700 1 -- 172.21.15.136:0/2793519539 >> [v2:172.21.15.136:3300/0,v1:172.21.15.136:6789/0] conn(0x7f6d6c106090 msgr2=0x7f6d6c1064b0 secure :-1 s=STATE_CONNECTION_ESTABLISHED l=1).mark_down
2023-08-25T05:09:45.437 INFO:teuthology.orchestra.run.smithi136.stdout:/usr/bin/ceph: stderr
2023-08-25T05:09:41.581+0000 7f6d70ed4700 1 --2- 172.21.15.136:0/2793519539 >> [v2:172.21.15.136:3300/0,v1:172.21.15.136:6789/0] conn(0x7f6d6c106090 0x7f6d6c1064b0 secure :-1 s=READY pgs=43 cs=0 l=1 rev1=1 crypto rx=0x7f6d5c0098a0 tx=0x7f6d5c009bb0 comp rx=0 tx=0).stop
2023-08-25T05:09:45.438 INFO:teuthology.orchestra.run.smithi136.stdout:/usr/bin/ceph: stderr
2023-08-25T05:09:41.582+0000 7f6d70ed4700 1 -- 172.21.15.136:0/2793519539 shutdown_connections
2023-08-25T05:09:45.438 INFO:teuthology.orchestra.run.smithi136.stdout:/usr/bin/ceph: stderr
2023-08-25T05:09:41.582+0000 7f6d70ed4700 1 --2- 172.21.15.136:0/2793519539 >> [v2:172.21.15.136:3300/0,v1:172.21.15.136:6789/0] conn(0x7f6d6c106090 0x7f6d6c1064b0 unknown :-1 s=CLOSED pgs=43 cs=0 l=1 rev1=1 crypto rx=0 tx=0 comp rx=0 tx=0).stop
2023-08-25T05:09:45.438 INFO:teuthology.orchestra.run.smithi136.stdout:/usr/bin/ceph: stderr
2023-08-25T05:09:41.582+0000 7f6d70ed4700 1 -- 172.21.15.136:0/2793519539 >> 172.21.15.136:0/2793519539 conn(0x7f6d6c101670 msgr2=0x7f6d6c103a90 unknown :-1 s=STATE_NONE l=0).mark_down
2023-08-25T05:09:45.438 INFO:teuthology.orchestra.run.smithi136.stdout:/usr/bin/ceph: stderr
2023-08-25T05:09:41.582+0000 7f6d70ed4700 1 -- 172.21.15.136:0/2793519539 shutdown_connections
2023-08-25T05:09:45.438 INFO:teuthology.orchestra.run.smithi136.stdout:/usr/bin/ceph: stderr
2023-08-25T05:09:41.582+0000 7f6d70ed4700 1 -- 172.21.15.136:0/2793519539 wait complete.
2023-08-25T05:09:45.438 INFO:teuthology.orchestra.run.smithi136.stdout:/usr/bin/ceph: stderr
2023-08-25T05:09:41.583+0000 7f6d70ed4700 1 Processor -- start
2023-08-25T05:09:45.438 INFO:teuthology.orchestra.run.smithi136.stdout:/usr/bin/ceph: stderr
2023-08-25T05:09:41.583+0000 7f6d70ed4700 1 -- start start
2023-08-25T05:09:45.439 INFO:teuthology.orchestra.run.smithi136.stdout:/usr/bin/ceph: stderr
2023-08-25T05:09:41.583+0000 7f6d70ed4700 1 --2- >> [v2:172.21.15.136:3300/0,v1:172.21.15.136:6789/0] conn(0x7f6d6c106090 0x7f6d6c07bc70 unknown :-1 s=NONE pgs=0 cs=0 l=1 rev1=0 crypto rx=0 tx=0 comp rx=0 tx=0).connect
2023-08-25T05:09:45.439 INFO:teuthology.orchestra.run.smithi136.stdout:/usr/bin/ceph: stderr
2023-08-25T05:09:41.583+0000 7f6d70ed4700 1 -- --> [v2:172.21.15.136:3300/0,v1:172.21.15.136:6789/0] -- mon_getmap magic: 0 v1 -- 0x7f6d6c07c1b0 con 0x7f6d6c106090
2023-08-25T05:09:45.439 INFO:teuthology.orchestra.run.smithi136.stdout:/usr/bin/ceph: stderr
2023-08-25T05:09:41.583+0000 7f6d6a59c700 1 --2- >> [v2:172.21.15.136:3300/0,v1:172.21.15.136:6789/0] conn(0x7f6d6c106090 0x7f6d6c07bc70 unknown :-1 s=BANNER_CONNECTING pgs=0 cs=0 l=1 rev1=0 crypto rx=0 tx=0 comp rx=0 tx=0)._handle_peer_banner_payload supported=3 required=0
2023-08-25T05:09:45.439 INFO:teuthology.orchestra.run.smithi136.stdout:/usr/bin/ceph: stderr
2023-08-25T05:09:41.583+0000 7f6d6a59c700 1 --2- >> [v2:172.21.15.136:3300/0,v1:172.21.15.136:6789/0] conn(0x7f6d6c106090 0x7f6d6c07bc70 unknown :-1 s=HELLO_CONNECTING pgs=0 cs=0 l=1 rev1=1 crypto rx=0 tx=0 comp rx=0 tx=0).handle_hello peer v2:172.21.15.136:3300/0 says I am v2:172.21.15.136:57622/0 (socket says 172.21.15.136:57622)
2023-08-25T05:09:45.439 INFO:teuthology.orchestra.run.smithi136.stdout:/usr/bin/ceph: stderr
2023-08-25T05:09:41.583+0000 7f6d6a59c700 1 -- 172.21.15.136:0/2270748619 learned_addr learned my addr 172.21.15.136:0/2270748619 (peer_addr_for_me v2:172.21.15.136:0/0)
2023-08-25T05:09:45.439 INFO:teuthology.orchestra.run.smithi136.stdout:/usr/bin/ceph: stderr
2023-08-25T05:09:41.584+0000 7f6d6a59c700 1 -- 172.21.15.136:0/2270748619 --> [v2:172.21.15.136:3300/0,v1:172.21.15.136:6789/0] -- mon_subscribe({config=0+,monmap=0+}) v3 -- 0x7f6d5c009550 con 0x7f6d6c106090
2023-08-25T05:09:45.439 INFO:teuthology.orchestra.run.smithi136.stdout:/usr/bin/ceph: stderr
2023-08-25T05:09:41.584+0000 7f6d6a59c700 1 --2- 172.21.15.136:0/2270748619 >> [v2:172.21.15.136:3300/0,v1:172.21.15.136:6789/0] conn(0x7f6d6c106090 0x7f6d6c07bc70 secure :-1 s=READY pgs=44 cs=0 l=1 rev1=1 crypto rx=0x7f6d5c006af0 tx=0x7f6d5c011ad0 comp rx=0 tx=0).ready entity=mon.0 client_cookie=0 server_cookie=0 in_seq=0 out_seq=0
2023-08-25T05:09:45.439 INFO:teuthology.orchestra.run.smithi136.stdout:/usr/bin/ceph: stderr
2023-08-25T05:09:41.584+0000 7f6d5b7fe700 1 -- 172.21.15.136:0/2270748619 <== mon.0 v2:172.21.15.136:3300/0 1 ==== mon_map magic: 0 v1 ==== 205+0+0 (secure 0 0 0) 0x7f6d5c003a40 con 0x7f6d6c106090
2023-08-25T05:09:45.440 INFO:teuthology.orchestra.run.smithi136.stdout:/usr/bin/ceph: stderr
2023-08-25T05:09:41.584+0000 7f6d5b7fe700 1 -- 172.21.15.136:0/2270748619 <== mon.0 v2:172.21.15.136:3300/0 2 ==== config(26 keys) v1 ==== 1074+0+0 (secure 0 0 0) 0x7f6d5c003ba0 con 0x7f6d6c106090
2023-08-25T05:09:45.440 INFO:teuthology.orchestra.run.smithi136.stdout:/usr/bin/ceph: stderr
2023-08-25T05:09:41.584+0000 7f6d70ed4700 1 -- 172.21.15.136:0/2270748619 --> [v2:172.21.15.136:3300/0,v1:172.21.15.136:6789/0] -- mon_subscribe({mgrmap=0+}) v3 -- 0x7f6d6c07a2c0 con 0x7f6d6c106090
2023-08-25T05:09:45.440 INFO:teuthology.orchestra.run.smithi136.stdout:/usr/bin/ceph: stderr
2023-08-25T05:09:41.584+0000 7f6d5b7fe700 1 -- 172.21.15.136:0/2270748619 <== mon.0 v2:172.21.15.136:3300/0 3 ==== mon_map magic: 0 v1 ==== 205+0+0 (secure 0 0 0) 0x7f6d5c01a700 con 0x7f6d6c106090
2023-08-25T05:09:45.440 INFO:teuthology.orchestra.run.smithi136.stdout:/usr/bin/ceph: stderr
2023-08-25T05:09:41.584+0000 7f6d70ed4700 1 -- 172.21.15.136:0/2270748619 --> [v2:172.21.15.136:3300/0,v1:172.21.15.136:6789/0] -- mon_subscribe({osdmap=0}) v3 -- 0x7f6d6c07a6e0 con 0x7f6d6c106090
2023-08-25T05:09:45.440 INFO:teuthology.orchestra.run.smithi136.stdout:/usr/bin/ceph: stderr
2023-08-25T05:09:41.585+0000 7f6d70ed4700 1 -- 172.21.15.136:0/2270748619 --> [v2:172.21.15.136:3300/0,v1:172.21.15.136:6789/0] -- mon_command({"prefix": "get_command_descriptions"} v 0) v1 -- 0x7f6d6c061f50 con 0x7f6d6c106090
2023-08-25T05:09:45.440 INFO:teuthology.orchestra.run.smithi136.stdout:/usr/bin/ceph: stderr
2023-08-25T05:09:41.585+0000 7f6d5b7fe700 1 -- 172.21.15.136:0/2270748619 <== mon.0 v2:172.21.15.136:3300/0 4 ==== mgrmap(e 8) v1 ==== 45135+0+0 (secure 0 0 0) 0x7f6d5c024ad0 con 0x7f6d6c106090
2023-08-25T05:09:45.440 INFO:teuthology.orchestra.run.smithi136.stdout:/usr/bin/ceph: stderr
2023-08-25T05:09:41.586+0000 7f6d5b7fe700 1 --2- 172.21.15.136:0/2270748619 >> [v2:172.21.15.136:6800/2052748170,v1:172.21.15.136:6801/2052748170] conn(0x7f6d54038110 0x7f6d5403a5d0 unknown :-1 s=NONE pgs=0 cs=0 l=1 rev1=0 crypto rx=0 tx=0 comp rx=0 tx=0).connect
2023-08-25T05:09:45.441 INFO:teuthology.orchestra.run.smithi136.stdout:/usr/bin/ceph: stderr
2023-08-25T05:09:41.586+0000 7f6d5b7fe700 1 -- 172.21.15.136:0/2270748619 <== mon.0 v2:172.21.15.136:3300/0 5 ==== osd_map(2..2 src has 1..2) v4 ==== 940+0+0 (secure 0 0 0) 0x7f6d5c04c000 con 0x7f6d6c106090
2023-08-25T05:09:45.441 INFO:teuthology.orchestra.run.smithi136.stdout:/usr/bin/ceph: stderr
2023-08-25T05:09:41.586+0000 7f6d69d9b700 1 --2- 172.21.15.136:0/2270748619 >> [v2:172.21.15.136:6800/2052748170,v1:172.21.15.136:6801/2052748170] conn(0x7f6d54038110 0x7f6d5403a5d0 unknown :-1 s=BANNER_CONNECTING pgs=0 cs=0 l=1 rev1=0 crypto rx=0 tx=0 comp rx=0 tx=0)._handle_peer_banner_payload supported=3 required=0
2023-08-25T05:09:45.441 INFO:teuthology.orchestra.run.smithi136.stdout:/usr/bin/ceph: stderr
2023-08-25T05:09:41.587+0000 7f6d69d9b700 1 --2- 172.21.15.136:0/2270748619 >> [v2:172.21.15.136:6800/2052748170,v1:172.21.15.136:6801/2052748170] conn(0x7f6d54038110 0x7f6d5403a5d0 secure :-1 s=READY pgs=11 cs=0 l=1 rev1=1 crypto rx=0x7f6d60006fd0 tx=0x7f6d60006e40 comp rx=0 tx=0).ready entity=mgr.14118 client_cookie=0 server_cookie=0 in_seq=0 out_seq=0
2023-08-25T05:09:45.441 INFO:teuthology.orchestra.run.smithi136.stdout:/usr/bin/ceph: stderr
2023-08-25T05:09:41.591+0000 7f6d5b7fe700 1 -- 172.21.15.136:0/2270748619 <== mon.0 v2:172.21.15.136:3300/0 6 ==== mon_command_ack([{"prefix": "get_command_descriptions"}]=0 v0) v1 ==== 72+0+179682 (secure 0 0 0) 0x7f6d5c018b80 con 0x7f6d6c106090
2023-08-25T05:09:45.441 INFO:teuthology.orchestra.run.smithi136.stdout:/usr/bin/ceph: stderr
2023-08-25T05:09:41.791+0000 7f6d70ed4700 1 -- 172.21.15.136:0/2270748619 --> [v2:172.21.15.136:6800/2052748170,v1:172.21.15.136:6801/2052748170] -- mgr_command(tid 0: {"prefix": "orch host add", "hostname": "smithi136", "addr": "172.21.15.136", "target": ["mon-mgr", ""]}) v1 -- 0x7f6d6c07ad80 con 0x7f6d54038110
2023-08-25T05:09:45.441 INFO:teuthology.orchestra.run.smithi136.stdout:/usr/bin/ceph: stderr
2023-08-25T05:09:44.992+0000 7f6d5b7fe700 1 -- 172.21.15.136:0/2270748619 <== mgr.14118 v2:172.21.15.136:6800/2052748170 1 ==== mgr_command_reply(tid 0: 0 ) v1 ==== 8+0+49 (secure 0 0 0) 0x7f6d6c07ad80 con 0x7f6d54038110
2023-08-25T05:09:45.441 INFO:teuthology.orchestra.run.smithi136.stdout:/usr/bin/ceph: stderr
2023-08-25T05:09:44.995+0000 7f6d70ed4700 1 -- 172.21.15.136:0/2270748619 >> [v2:172.21.15.136:6800/2052748170,v1:172.21.15.136:6801/2052748170] conn(0x7f6d54038110 msgr2=0x7f6d5403a5d0 secure :-1 s=STATE_CONNECTION_ESTABLISHED l=1).mark_down
2023-08-25T05:09:45.441 INFO:teuthology.orchestra.run.smithi136.stdout:/usr/bin/ceph: stderr
2023-08-25T05:09:44.995+0000 7f6d70ed4700 1 --2- 172.21.15.136:0/2270748619 >> [v2:172.21.15.136:6800/2052748170,v1:172.21.15.136:6801/2052748170] conn(0x7f6d54038110 0x7f6d5403a5d0 secure :-1 s=READY pgs=11 cs=0 l=1 rev1=1 crypto rx=0x7f6d60006fd0 tx=0x7f6d60006e40 comp rx=0 tx=0).stop
2023-08-25T05:09:45.442 INFO:teuthology.orchestra.run.smithi136.stdout:/usr/bin/ceph: stderr
2023-08-25T05:09:44.995+0000 7f6d70ed4700 1 -- 172.21.15.136:0/2270748619 >> [v2:172.21.15.136:3300/0,v1:172.21.15.136:6789/0] conn(0x7f6d6c106090 msgr2=0x7f6d6c07bc70 secure :-1 s=STATE_CONNECTION_ESTABLISHED l=1).mark_down
2023-08-25T05:09:45.442 INFO:teuthology.orchestra.run.smithi136.stdout:/usr/bin/ceph: stderr
2023-08-25T05:09:44.995+0000 7f6d70ed4700 1 --2- 172.21.15.136:0/2270748619 >> [v2:172.21.15.136:3300/0,v1:172.21.15.136:6789/0] conn(0x7f6d6c106090 0x7f6d6c07bc70 secure :-1 s=READY pgs=44 cs=0 l=1 rev1=1 crypto rx=0x7f6d5c006af0 tx=0x7f6d5c011ad0 comp rx=0 tx=0).stop
2023-08-25T05:09:45.442 INFO:teuthology.orchestra.run.smithi136.stdout:/usr/bin/ceph: stderr
2023-08-25T05:09:44.995+0000 7f6d70ed4700 1 -- 172.21.15.136:0/2270748619 shutdown_connections
2023-08-25T05:09:45.442 INFO:teuthology.orchestra.run.smithi136.stdout:/usr/bin/ceph: stderr
2023-08-25T05:09:44.995+0000 7f6d70ed4700 1 --2- 172.21.15.136:0/2270748619 >> [v2:172.21.15.136:6800/2052748170,v1:172.21.15.136:6801/2052748170] conn(0x7f6d54038110 0x7f6d5403a5d0 unknown :-1 s=CLOSED pgs=11 cs=0 l=1 rev1=1 crypto rx=0 tx=0 comp rx=0 tx=0).stop
2023-08-25T05:09:45.442 INFO:teuthology.orchestra.run.smithi136.stdout:/usr/bin/ceph: stderr
2023-08-25T05:09:44.995+0000 7f6d70ed4700 1 --2- 172.21.15.136:0/2270748619 >> [v2:172.21.15.136:3300/0,v1:172.21.15.136:6789/0] conn(0x7f6d6c106090 0x7f6d6c07bc70 unknown :-1 s=CLOSED pgs=44 cs=0 l=1 rev1=1 crypto rx=0 tx=0 comp rx=0 tx=0).stop
2023-08-25T05:09:45.442 INFO:teuthology.orchestra.run.smithi136.stdout:/usr/bin/ceph: stderr
2023-08-25T05:09:44.995+0000 7f6d70ed4700 1 -- 172.21.15.136:0/2270748619 >> 172.21.15.136:0/2270748619 conn(0x7f6d6c101670 msgr2=0x7f6d6c102d30 unknown :-1 s=STATE_NONE l=0).mark_down
2023-08-25T05:09:45.442 INFO:teuthology.orchestra.run.smithi136.stdout:/usr/bin/ceph: stderr
2023-08-25T05:09:44.995+0000 7f6d70ed4700 1 -- 172.21.15.136:0/2270748619 shutdown_connections
2023-08-25T05:09:45.443 INFO:teuthology.orchestra.run.smithi136.stdout:/usr/bin/ceph: stderr
2023-08-25T05:09:44.995+0000 7f6d70ed4700 1 -- 172.21.15.136:0/2270748619 wait complete.
2023-08-25T05:09:45.443 INFO:teuthology.orchestra.run.smithi136.stdout:Deploying unmanaged mon service...
2023-08-25T05:09:46.304 INFO:journalctl@ceph.mon.a.smithi136.stdout:Aug 25 05:09:45 smithi136 ceph-mon[97676]: from='mgr.14118 172.21.15.136:0/1620250925' entity='mgr.x'
2023-08-25T05:09:46.305 INFO:journalctl@ceph.mon.a.smithi136.stdout:Aug 25 05:09:45 smithi136 ceph-mon[97676]: Added host smithi136
2023-08-25T05:09:46.305 INFO:journalctl@ceph.mon.a.smithi136.stdout:Aug 25 05:09:45 smithi136 ceph-mon[97676]: from='mgr.14118 172.21.15.136:0/1620250925' entity='mgr.x' cmd=[{"prefix": "config dump", "format": "json"}]: dispatch
2023-08-25T05:09:46.762 INFO:teuthology.orchestra.run.smithi136.stdout:/usr/bin/ceph: stdout Scheduled mon update...
2023-08-25T05:09:46.762 INFO:teuthology.orchestra.run.smithi136.stdout:/usr/bin/ceph: stderr
2023-08-25T05:09:45.966+0000 7f86f41b2700 1 Processor -- start
2023-08-25T05:09:46.763 INFO:teuthology.orchestra.run.smithi136.stdout:/usr/bin/ceph: stderr
2023-08-25T05:09:45.966+0000 7f86f41b2700 1 -- start start
2023-08-25T05:09:46.763 INFO:teuthology.orchestra.run.smithi136.stdout:/usr/bin/ceph: stderr
2023-08-25T05:09:45.966+0000 7f86f41b2700 1 --2- >> [v2:172.21.15.136:3300/0,v1:172.21.15.136:6789/0] conn(0x7f86ec07bea0 0x7f86ec07a300 unknown :-1 s=NONE pgs=0 cs=0 l=0 rev1=0 crypto rx=0 tx=0 comp rx=0 tx=0).connect
2023-08-25T05:09:46.763 INFO:teuthology.orchestra.run.smithi136.stdout:/usr/bin/ceph: stderr
2023-08-25T05:09:45.966+0000 7f86f41b2700 1 -- --> [v2:172.21.15.136:3300/0,v1:172.21.15.136:6789/0] -- mon_getmap magic: 0 v1 -- 0x7f86ec07a8d0 con 0x7f86ec07bea0
2023-08-25T05:09:46.763 INFO:teuthology.orchestra.run.smithi136.stdout:/usr/bin/ceph: stderr
2023-08-25T05:09:45.966+0000 7f86f1f4e700 1 --2- >> [v2:172.21.15.136:3300/0,v1:172.21.15.136:6789/0] conn(0x7f86ec07bea0 0x7f86ec07a300 unknown :-1 s=BANNER_CONNECTING pgs=0 cs=0 l=0 rev1=0 crypto rx=0 tx=0 comp rx=0 tx=0)._handle_peer_banner_payload supported=3 required=0
2023-08-25T05:09:46.763 INFO:teuthology.orchestra.run.smithi136.stdout:/usr/bin/ceph: stderr
2023-08-25T05:09:45.966+0000 7f86f1f4e700 1 --2- >> [v2:172.21.15.136:3300/0,v1:172.21.15.136:6789/0] conn(0x7f86ec07bea0 0x7f86ec07a300 unknown :-1 s=HELLO_CONNECTING pgs=0 cs=0 l=0 rev1=1 crypto rx=0 tx=0 comp rx=0 tx=0).handle_hello peer v2:172.21.15.136:3300/0 says I am v2:172.21.15.136:51368/0 (socket says 172.21.15.136:51368)
2023-08-25T05:09:46.763 INFO:teuthology.orchestra.run.smithi136.stdout:/usr/bin/ceph: stderr
2023-08-25T05:09:45.966+0000 7f86f1f4e700 1 -- 172.21.15.136:0/1145069383 learned_addr learned my addr 172.21.15.136:0/1145069383 (peer_addr_for_me v2:172.21.15.136:0/0)
2023-08-25T05:09:46.763 INFO:teuthology.orchestra.run.smithi136.stdout:/usr/bin/ceph: stderr
