2023-08-25T05:05:31.119+0000 7f3f177fe700 1 -- 172.21.15.17:0/3743801705 >> [v2:172.21.15.17:6800/2127607636,v1:172.21.15.17:6801/2127607636] conn(0x7f3f00038110 msgr2=0x7f3f0003a5d0 unknown :-1 s=STATE_CONNECTING_RE l=1).process reconnect failed to v2:172.21.15.17:6800/2127607636
2023-08-25T05:05:34.202 INFO:teuthology.orchestra.run.smithi017.stdout:/usr/bin/ceph: stderr
2023-08-25T05:05:31.119+0000 7f3f177fe700 1 --2- 172.21.15.17:0/3743801705 >> [v2:172.21.15.17:6800/2127607636,v1:172.21.15.17:6801/2127607636] conn(0x7f3f00038110 0x7f3f0003a5d0 unknown :-1 s=START_CONNECT pgs=0 cs=0 l=1 rev1=0 crypto rx=0 tx=0 comp rx=0 tx=0)._fault waiting 3.200000
2023-08-25T05:05:34.202 INFO:teuthology.orchestra.run.smithi017.stdout:/usr/bin/ceph: stderr
2023-08-25T05:05:32.763+0000 7f3f157fa700 1 -- 172.21.15.17:0/3743801705 <== mon.0 v2:172.21.15.17:3300/0 6 ==== mgrmap(e 10) v1 ==== 44915+0+0 (secure 0 0 0) 0x7f3f0802da00 con 0x7f3f18106c50
2023-08-25T05:05:34.203 INFO:teuthology.orchestra.run.smithi017.stdout:/usr/bin/ceph: stderr
2023-08-25T05:05:32.763+0000 7f3f157fa700 1 -- 172.21.15.17:0/3743801705 >> [v2:172.21.15.17:6800/2127607636,v1:172.21.15.17:6801/2127607636] conn(0x7f3f00038110 msgr2=0x7f3f0003a5d0 unknown :-1 s=STATE_CONNECTING l=1).mark_down
2023-08-25T05:05:34.203 INFO:teuthology.orchestra.run.smithi017.stdout:/usr/bin/ceph: stderr
2023-08-25T05:05:32.763+0000 7f3f157fa700 1 --2- 172.21.15.17:0/3743801705 >> [v2:172.21.15.17:6800/2127607636,v1:172.21.15.17:6801/2127607636] conn(0x7f3f00038110 0x7f3f0003a5d0 unknown :-1 s=START_CONNECT pgs=0 cs=0 l=1 rev1=0 crypto rx=0 tx=0 comp rx=0 tx=0).stop
2023-08-25T05:05:34.203 INFO:teuthology.orchestra.run.smithi017.stdout:/usr/bin/ceph: stderr
2023-08-25T05:05:33.764+0000 7f3f157fa700 1 -- 172.21.15.17:0/3743801705 <== mon.0 v2:172.21.15.17:3300/0 7 ==== mgrmap(e 11) v1 ==== 45042+0+0 (secure 0 0 0) 0x7f3f0804da20 con 0x7f3f18106c50
2023-08-25T05:05:34.203 INFO:teuthology.orchestra.run.smithi017.stdout:/usr/bin/ceph: stderr
2023-08-25T05:05:33.765+0000 7f3f157fa700 1 --2- 172.21.15.17:0/3743801705 >> [v2:172.21.15.17:6800/3274099728,v1:172.21.15.17:6801/3274099728] conn(0x7f3f0003bb30 0x7f3f0003df20 unknown :-1 s=NONE pgs=0 cs=0 l=1 rev1=0 crypto rx=0 tx=0 comp rx=0 tx=0).connect
2023-08-25T05:05:34.203 INFO:teuthology.orchestra.run.smithi017.stdout:/usr/bin/ceph: stderr
2023-08-25T05:05:33.765+0000 7f3f157fa700 1 -- 172.21.15.17:0/3743801705 --> [v2:172.21.15.17:6800/3274099728,v1:172.21.15.17:6801/3274099728] -- command(tid 0: {"prefix": "get_command_descriptions"}) v1 -- 0x7f3f1810a360 con 0x7f3f0003bb30
2023-08-25T05:05:34.203 INFO:teuthology.orchestra.run.smithi017.stdout:/usr/bin/ceph: stderr
2023-08-25T05:05:33.766+0000 7f3f177fe700 1 --2- 172.21.15.17:0/3743801705 >> [v2:172.21.15.17:6800/3274099728,v1:172.21.15.17:6801/3274099728] conn(0x7f3f0003bb30 0x7f3f0003df20 unknown :-1 s=BANNER_CONNECTING pgs=0 cs=0 l=1 rev1=0 crypto rx=0 tx=0 comp rx=0 tx=0)._handle_peer_banner_payload supported=3 required=0
2023-08-25T05:05:34.204 INFO:teuthology.orchestra.run.smithi017.stdout:/usr/bin/ceph: stderr
2023-08-25T05:05:33.766+0000 7f3f177fe700 1 --2- 172.21.15.17:0/3743801705 >> [v2:172.21.15.17:6800/3274099728,v1:172.21.15.17:6801/3274099728] conn(0x7f3f0003bb30 0x7f3f0003df20 secure :-1 s=READY pgs=3 cs=0 l=1 rev1=1 crypto rx=0x7f3f0c003a10 tx=0x7f3f0c0092b0 comp rx=0 tx=0).ready entity=mgr.14152 client_cookie=0 server_cookie=0 in_seq=0 out_seq=0
2023-08-25T05:05:34.204 INFO:teuthology.orchestra.run.smithi017.stdout:/usr/bin/ceph: stderr
2023-08-25T05:05:33.767+0000 7f3f157fa700 1 -- 172.21.15.17:0/3743801705 <== mgr.14152 v2:172.21.15.17:6800/3274099728 1 ==== command_reply(tid 0: 0 ) v1 ==== 8+0+6910 (secure 0 0 0) 0x7f3f1810a360 con 0x7f3f0003bb30
2023-08-25T05:05:34.204 INFO:teuthology.orchestra.run.smithi017.stdout:/usr/bin/ceph: stderr
2023-08-25T05:05:33.778+0000 7f3f1e5aa700 1 -- 172.21.15.17:0/3743801705 --> [v2:172.21.15.17:6800/3274099728,v1:172.21.15.17:6801/3274099728] -- command(tid 1: {"prefix": "mgr_status"}) v1 -- 0x7f3f18106150 con 0x7f3f0003bb30
2023-08-25T05:05:34.204 INFO:teuthology.orchestra.run.smithi017.stdout:/usr/bin/ceph: stderr
2023-08-25T05:05:33.778+0000 7f3f157fa700 1 -- 172.21.15.17:0/3743801705 <== mgr.14152 v2:172.21.15.17:6800/3274099728 2 ==== command_reply(tid 1: 0 ) v1 ==== 8+0+52 (secure 0 0 0) 0x7f3f18106150 con 0x7f3f0003bb30
2023-08-25T05:05:34.204 INFO:teuthology.orchestra.run.smithi017.stdout:/usr/bin/ceph: stderr
2023-08-25T05:05:33.778+0000 7f3f1e5aa700 1 -- 172.21.15.17:0/3743801705 >> [v2:172.21.15.17:6800/3274099728,v1:172.21.15.17:6801/3274099728] conn(0x7f3f0003bb30 msgr2=0x7f3f0003df20 secure :-1 s=STATE_CONNECTION_ESTABLISHED l=1).mark_down
2023-08-25T05:05:34.204 INFO:teuthology.orchestra.run.smithi017.stdout:/usr/bin/ceph: stderr
2023-08-25T05:05:33.778+0000 7f3f1e5aa700 1 --2- 172.21.15.17:0/3743801705 >> [v2:172.21.15.17:6800/3274099728,v1:172.21.15.17:6801/3274099728] conn(0x7f3f0003bb30 0x7f3f0003df20 secure :-1 s=READY pgs=3 cs=0 l=1 rev1=1 crypto rx=0x7f3f0c003a10 tx=0x7f3f0c0092b0 comp rx=0 tx=0).stop
2023-08-25T05:05:34.205 INFO:teuthology.orchestra.run.smithi017.stdout:/usr/bin/ceph: stderr
2023-08-25T05:05:33.778+0000 7f3f1e5aa700 1 -- 172.21.15.17:0/3743801705 >> [v2:172.21.15.17:3300/0,v1:172.21.15.17:6789/0] conn(0x7f3f18106c50 msgr2=0x7f3f181065b0 secure :-1 s=STATE_CONNECTION_ESTABLISHED l=1).mark_down
2023-08-25T05:05:34.205 INFO:teuthology.orchestra.run.smithi017.stdout:/usr/bin/ceph: stderr
2023-08-25T05:05:33.778+0000 7f3f1e5aa700 1 --2- 172.21.15.17:0/3743801705 >> [v2:172.21.15.17:3300/0,v1:172.21.15.17:6789/0] conn(0x7f3f18106c50 0x7f3f181065b0 secure :-1 s=READY pgs=62 cs=0 l=1 rev1=1 crypto rx=0x7f3f08003e60 tx=0x7f3f08011aa0 comp rx=0 tx=0).stop
2023-08-25T05:05:34.205 INFO:teuthology.orchestra.run.smithi017.stdout:/usr/bin/ceph: stderr
2023-08-25T05:05:33.778+0000 7f3f1e5aa700 1 -- 172.21.15.17:0/3743801705 shutdown_connections
2023-08-25T05:05:34.205 INFO:teuthology.orchestra.run.smithi017.stdout:/usr/bin/ceph: stderr
2023-08-25T05:05:33.778+0000 7f3f1e5aa700 1 --2- 172.21.15.17:0/3743801705 >> [v2:172.21.15.17:6800/3274099728,v1:172.21.15.17:6801/3274099728] conn(0x7f3f0003bb30 0x7f3f0003df20 unknown :-1 s=CLOSED pgs=3 cs=0 l=1 rev1=1 crypto rx=0 tx=0 comp rx=0 tx=0).stop
2023-08-25T05:05:34.205 INFO:teuthology.orchestra.run.smithi017.stdout:/usr/bin/ceph: stderr
2023-08-25T05:05:33.778+0000 7f3f1e5aa700 1 --2- 172.21.15.17:0/3743801705 >> [v2:172.21.15.17:3300/0,v1:172.21.15.17:6789/0] conn(0x7f3f18106c50 0x7f3f181065b0 unknown :-1 s=CLOSED pgs=62 cs=0 l=1 rev1=1 crypto rx=0 tx=0 comp rx=0 tx=0).stop
2023-08-25T05:05:34.206 INFO:teuthology.orchestra.run.smithi017.stdout:/usr/bin/ceph: stderr
2023-08-25T05:05:33.778+0000 7f3f1e5aa700 1 --2- 172.21.15.17:0/3743801705 >> [v2:172.21.15.17:6800/2127607636,v1:172.21.15.17:6801/2127607636] conn(0x7f3f00038110 0x7f3f0003a5d0 unknown :-1 s=CLOSED pgs=0 cs=0 l=1 rev1=0 crypto rx=0 tx=0 comp rx=0 tx=0).stop
2023-08-25T05:05:34.206 INFO:teuthology.orchestra.run.smithi017.stdout:/usr/bin/ceph: stderr
2023-08-25T05:05:33.778+0000 7f3f1e5aa700 1 -- 172.21.15.17:0/3743801705 >> 172.21.15.17:0/3743801705 conn(0x7f3f18100620 msgr2=0x7f3f18101440 unknown :-1 s=STATE_NONE l=0).mark_down
2023-08-25T05:05:34.206 INFO:teuthology.orchestra.run.smithi017.stdout:/usr/bin/ceph: stderr
2023-08-25T05:05:33.778+0000 7f3f1e5aa700 1 -- 172.21.15.17:0/3743801705 shutdown_connections
2023-08-25T05:05:34.206 INFO:teuthology.orchestra.run.smithi017.stdout:/usr/bin/ceph: stderr
2023-08-25T05:05:33.778+0000 7f3f1e5aa700 1 -- 172.21.15.17:0/3743801705 wait complete.
2023-08-25T05:05:34.207 INFO:teuthology.orchestra.run.smithi017.stdout:mgr epoch 9 is available
2023-08-25T05:05:34.207 INFO:teuthology.orchestra.run.smithi017.stdout:Generating a dashboard self-signed certificate...
2023-08-25T05:05:35.194 INFO:journalctl@ceph.mon.a.smithi017.stdout:Aug 25 05:05:34 smithi017 ceph-mon[98666]: [25/Aug/2023:05:05:33] ENGINE Serving on https://172.21.15.17:7150
2023-08-25T05:05:35.195 INFO:journalctl@ceph.mon.a.smithi017.stdout:Aug 25 05:05:34 smithi017 ceph-mon[98666]: [25/Aug/2023:05:05:33] ENGINE Bus STARTED
2023-08-25T05:05:35.195 INFO:journalctl@ceph.mon.a.smithi017.stdout:Aug 25 05:05:34 smithi017 ceph-mon[98666]: from='client.14156 -' entity='client.admin' cmd=[{"prefix": "get_command_descriptions"}]: dispatch
2023-08-25T05:05:35.195 INFO:journalctl@ceph.mon.a.smithi017.stdout:Aug 25 05:05:34 smithi017 ceph-mon[98666]: from='client.14156 -' entity='client.admin' cmd=[{"prefix": "mgr_status"}]: dispatch
2023-08-25T05:05:35.195 INFO:journalctl@ceph.mon.a.smithi017.stdout:Aug 25 05:05:34 smithi017 ceph-mon[98666]: from='mgr.14152 172.21.15.17:0/1365130663' entity='mgr.x'
2023-08-25T05:05:35.640 INFO:teuthology.orchestra.run.smithi017.stdout:/usr/bin/ceph: stdout Self-signed certificate created
2023-08-25T05:05:35.640 INFO:teuthology.orchestra.run.smithi017.stdout:/usr/bin/ceph: stderr
2023-08-25T05:05:34.845+0000 7fcd32265700 1 Processor -- start
2023-08-25T05:05:35.640 INFO:teuthology.orchestra.run.smithi017.stdout:/usr/bin/ceph: stderr
2023-08-25T05:05:34.845+0000 7fcd32265700 1 -- start start
2023-08-25T05:05:35.640 INFO:teuthology.orchestra.run.smithi017.stdout:/usr/bin/ceph: stderr
2023-08-25T05:05:34.845+0000 7fcd32265700 1 --2- >> [v2:172.21.15.17:3300/0,v1:172.21.15.17:6789/0] conn(0x7fcd2c106c50 0x7fcd2c109040 unknown :-1 s=NONE pgs=0 cs=0 l=0 rev1=0 crypto rx=0 tx=0 comp rx=0 tx=0).connect
2023-08-25T05:05:35.641 INFO:teuthology.orchestra.run.smithi017.stdout:/usr/bin/ceph: stderr
2023-08-25T05:05:34.845+0000 7fcd32265700 1 -- --> [v2:172.21.15.17:3300/0,v1:172.21.15.17:6789/0] -- mon_getmap magic: 0 v1 -- 0x7fcd2c079e00 con 0x7fcd2c106c50
2023-08-25T05:05:35.641 INFO:teuthology.orchestra.run.smithi017.stdout:/usr/bin/ceph: stderr
2023-08-25T05:05:34.846+0000 7fcd2bfff700 1 --2- >> [v2:172.21.15.17:3300/0,v1:172.21.15.17:6789/0] conn(0x7fcd2c106c50 0x7fcd2c109040 unknown :-1 s=BANNER_CONNECTING pgs=0 cs=0 l=0 rev1=0 crypto rx=0 tx=0 comp rx=0 tx=0)._handle_peer_banner_payload supported=3 required=0
2023-08-25T05:05:35.641 INFO:teuthology.orchestra.run.smithi017.stdout:/usr/bin/ceph: stderr
2023-08-25T05:05:34.846+0000 7fcd2bfff700 1 --2- >> [v2:172.21.15.17:3300/0,v1:172.21.15.17:6789/0] conn(0x7fcd2c106c50 0x7fcd2c109040 unknown :-1 s=HELLO_CONNECTING pgs=0 cs=0 l=0 rev1=1 crypto rx=0 tx=0 comp rx=0 tx=0).handle_hello peer v2:172.21.15.17:3300/0 says I am v2:172.21.15.17:60322/0 (socket says 172.21.15.17:60322)
2023-08-25T05:05:35.641 INFO:teuthology.orchestra.run.smithi017.stdout:/usr/bin/ceph: stderr
2023-08-25T05:05:34.846+0000 7fcd2bfff700 1 -- 172.21.15.17:0/1551360165 learned_addr learned my addr 172.21.15.17:0/1551360165 (peer_addr_for_me v2:172.21.15.17:0/0)
2023-08-25T05:05:35.641 INFO:teuthology.orchestra.run.smithi017.stdout:/usr/bin/ceph: stderr
2023-08-25T05:05:34.846+0000 7fcd2bfff700 1 -- 172.21.15.17:0/1551360165 --> [v2:172.21.15.17:3300/0,v1:172.21.15.17:6789/0] -- mon_subscribe({config=0+,monmap=0+}) v3 -- 0x7fcd2c109580 con 0x7fcd2c106c50
2023-08-25T05:05:35.642 INFO:teuthology.orchestra.run.smithi017.stdout:/usr/bin/ceph: stderr
2023-08-25T05:05:34.846+0000 7fcd2bfff700 1 --2- 172.21.15.17:0/1551360165 >> [v2:172.21.15.17:3300/0,v1:172.21.15.17:6789/0] conn(0x7fcd2c106c50 0x7fcd2c109040 secure :-1 s=READY pgs=70 cs=0 l=1 rev1=1 crypto rx=0x7fcd1c0098a0 tx=0x7fcd1c009bb0 comp rx=0 tx=0).ready entity=mon.0 client_cookie=c2c98f33728dd608 server_cookie=0 in_seq=0 out_seq=0
2023-08-25T05:05:35.642 INFO:teuthology.orchestra.run.smithi017.stdout:/usr/bin/ceph: stderr
2023-08-25T05:05:34.846+0000 7fcd2affd700 1 -- 172.21.15.17:0/1551360165 <== mon.0 v2:172.21.15.17:3300/0 1 ==== mon_map magic: 0 v1 ==== 205+0+0 (secure 0 0 0) 0x7fcd1c004160 con 0x7fcd2c106c50
2023-08-25T05:05:35.642 INFO:teuthology.orchestra.run.smithi017.stdout:/usr/bin/ceph: stderr
2023-08-25T05:05:34.846+0000 7fcd2affd700 1 -- 172.21.15.17:0/1551360165 <== mon.0 v2:172.21.15.17:3300/0 2 ==== config(26 keys) v1 ==== 1105+0+0 (secure 0 0 0) 0x7fcd1c0042c0 con 0x7fcd2c106c50
2023-08-25T05:05:35.642 INFO:teuthology.orchestra.run.smithi017.stdout:/usr/bin/ceph: stderr
2023-08-25T05:05:34.846+0000 7fcd2affd700 1 -- 172.21.15.17:0/1551360165 <== mon.0 v2:172.21.15.17:3300/0 3 ==== mon_map magic: 0 v1 ==== 205+0+0 (secure 0 0 0) 0x7fcd1c0119b0 con 0x7fcd2c106c50
2023-08-25T05:05:35.642 INFO:teuthology.orchestra.run.smithi017.stdout:/usr/bin/ceph: stderr
2023-08-25T05:05:34.847+0000 7fcd32265700 1 -- 172.21.15.17:0/1551360165 >> [v2:172.21.15.17:3300/0,v1:172.21.15.17:6789/0] conn(0x7fcd2c106c50 msgr2=0x7fcd2c109040 secure :-1 s=STATE_CONNECTION_ESTABLISHED l=1).mark_down
2023-08-25T05:05:35.643 INFO:teuthology.orchestra.run.smithi017.stdout:/usr/bin/ceph: stderr
2023-08-25T05:05:34.847+0000 7fcd32265700 1 --2- 172.21.15.17:0/1551360165 >> [v2:172.21.15.17:3300/0,v1:172.21.15.17:6789/0] conn(0x7fcd2c106c50 0x7fcd2c109040 secure :-1 s=READY pgs=70 cs=0 l=1 rev1=1 crypto rx=0x7fcd1c0098a0 tx=0x7fcd1c009bb0 comp rx=0 tx=0).stop
2023-08-25T05:05:35.643 INFO:teuthology.orchestra.run.smithi017.stdout:/usr/bin/ceph: stderr
2023-08-25T05:05:34.847+0000 7fcd32265700 1 -- 172.21.15.17:0/1551360165 shutdown_connections
2023-08-25T05:05:35.643 INFO:teuthology.orchestra.run.smithi017.stdout:/usr/bin/ceph: stderr
2023-08-25T05:05:34.847+0000 7fcd32265700 1 --2- 172.21.15.17:0/1551360165 >> [v2:172.21.15.17:3300/0,v1:172.21.15.17:6789/0] conn(0x7fcd2c106c50 0x7fcd2c109040 unknown :-1 s=CLOSED pgs=70 cs=0 l=1 rev1=1 crypto rx=0 tx=0 comp rx=0 tx=0).stop
2023-08-25T05:05:35.643 INFO:teuthology.orchestra.run.smithi017.stdout:/usr/bin/ceph: stderr
2023-08-25T05:05:34.847+0000 7fcd32265700 1 -- 172.21.15.17:0/1551360165 >> 172.21.15.17:0/1551360165 conn(0x7fcd2c100620 msgr2=0x7fcd2c102a80 unknown :-1 s=STATE_NONE l=0).mark_down
2023-08-25T05:05:35.643 INFO:teuthology.orchestra.run.smithi017.stdout:/usr/bin/ceph: stderr
2023-08-25T05:05:34.847+0000 7fcd32265700 1 -- 172.21.15.17:0/1551360165 shutdown_connections
2023-08-25T05:05:35.643 INFO:teuthology.orchestra.run.smithi017.stdout:/usr/bin/ceph: stderr
2023-08-25T05:05:34.847+0000 7fcd32265700 1 -- 172.21.15.17:0/1551360165 wait complete.
2023-08-25T05:05:35.643 INFO:teuthology.orchestra.run.smithi017.stdout:/usr/bin/ceph: stderr
2023-08-25T05:05:34.848+0000 7fcd32265700 1 Processor -- start
2023-08-25T05:05:35.644 INFO:teuthology.orchestra.run.smithi017.stdout:/usr/bin/ceph: stderr
2023-08-25T05:05:34.848+0000 7fcd32265700 1 -- start start
2023-08-25T05:05:35.644 INFO:teuthology.orchestra.run.smithi017.stdout:/usr/bin/ceph: stderr
2023-08-25T05:05:34.848+0000 7fcd32265700 1 --2- >> [v2:172.21.15.17:3300/0,v1:172.21.15.17:6789/0] conn(0x7fcd2c106c50 0x7fcd2c1065b0 unknown :-1 s=NONE pgs=0 cs=0 l=1 rev1=0 crypto rx=0 tx=0 comp rx=0 tx=0).connect
2023-08-25T05:05:35.644 INFO:teuthology.orchestra.run.smithi017.stdout:/usr/bin/ceph: stderr
2023-08-25T05:05:34.848+0000 7fcd32265700 1 -- --> [v2:172.21.15.17:3300/0,v1:172.21.15.17:6789/0] -- mon_getmap magic: 0 v1 -- 0x7fcd2c106af0 con 0x7fcd2c106c50
2023-08-25T05:05:35.644 INFO:teuthology.orchestra.run.smithi017.stdout:/usr/bin/ceph: stderr
2023-08-25T05:05:34.848+0000 7fcd2bfff700 1 --2- >> [v2:172.21.15.17:3300/0,v1:172.21.15.17:6789/0] conn(0x7fcd2c106c50 0x7fcd2c1065b0 unknown :-1 s=BANNER_CONNECTING pgs=0 cs=0 l=1 rev1=0 crypto rx=0 tx=0 comp rx=0 tx=0)._handle_peer_banner_payload supported=3 required=0
2023-08-25T05:05:35.644 INFO:teuthology.orchestra.run.smithi017.stdout:/usr/bin/ceph: stderr
2023-08-25T05:05:34.848+0000 7fcd2bfff700 1 --2- >> [v2:172.21.15.17:3300/0,v1:172.21.15.17:6789/0] conn(0x7fcd2c106c50 0x7fcd2c1065b0 unknown :-1 s=HELLO_CONNECTING pgs=0 cs=0 l=1 rev1=1 crypto rx=0 tx=0 comp rx=0 tx=0).handle_hello peer v2:172.21.15.17:3300/0 says I am v2:172.21.15.17:60324/0 (socket says 172.21.15.17:60324)
2023-08-25T05:05:35.644 INFO:teuthology.orchestra.run.smithi017.stdout:/usr/bin/ceph: stderr
2023-08-25T05:05:34.848+0000 7fcd2bfff700 1 -- 172.21.15.17:0/3778093090 learned_addr learned my addr 172.21.15.17:0/3778093090 (peer_addr_for_me v2:172.21.15.17:0/0)
2023-08-25T05:05:35.645 INFO:teuthology.orchestra.run.smithi017.stdout:/usr/bin/ceph: stderr
2023-08-25T05:05:34.849+0000 7fcd2bfff700 1 -- 172.21.15.17:0/3778093090 --> [v2:172.21.15.17:3300/0,v1:172.21.15.17:6789/0] -- mon_subscribe({config=0+,monmap=0+}) v3 -- 0x7fcd1c009550 con 0x7fcd2c106c50
2023-08-25T05:05:35.645 INFO:teuthology.orchestra.run.smithi017.stdout:/usr/bin/ceph: stderr
2023-08-25T05:05:34.849+0000 7fcd2bfff700 1 --2- 172.21.15.17:0/3778093090 >> [v2:172.21.15.17:3300/0,v1:172.21.15.17:6789/0] conn(0x7fcd2c106c50 0x7fcd2c1065b0 secure :-1 s=READY pgs=71 cs=0 l=1 rev1=1 crypto rx=0x7fcd1c011980 tx=0x7fcd1c011a60 comp rx=0 tx=0).ready entity=mon.0 client_cookie=0 server_cookie=0 in_seq=0 out_seq=0
2023-08-25T05:05:35.645 INFO:teuthology.orchestra.run.smithi017.stdout:/usr/bin/ceph: stderr
2023-08-25T05:05:34.849+0000 7fcd297fa700 1 -- 172.21.15.17:0/3778093090 <== mon.0 v2:172.21.15.17:3300/0 1 ==== mon_map magic: 0 v1 ==== 205+0+0 (secure 0 0 0) 0x7fcd1c003a60 con 0x7fcd2c106c50
2023-08-25T05:05:35.645 INFO:teuthology.orchestra.run.smithi017.stdout:/usr/bin/ceph: stderr
2023-08-25T05:05:34.849+0000 7fcd297fa700 1 -- 172.21.15.17:0/3778093090 <== mon.0 v2:172.21.15.17:3300/0 2 ==== config(26 keys) v1 ==== 1105+0+0 (secure 0 0 0) 0x7fcd1c003bc0 con 0x7fcd2c106c50
2023-08-25T05:05:35.646 INFO:teuthology.orchestra.run.smithi017.stdout:/usr/bin/ceph: stderr
2023-08-25T05:05:34.849+0000 7fcd297fa700 1 -- 172.21.15.17:0/3778093090 <== mon.0 v2:172.21.15.17:3300/0 3 ==== mon_map magic: 0 v1 ==== 205+0+0 (secure 0 0 0) 0x7fcd1c01a670 con 0x7fcd2c106c50
2023-08-25T05:05:35.646 INFO:teuthology.orchestra.run.smithi017.stdout:/usr/bin/ceph: stderr
2023-08-25T05:05:34.849+0000 7fcd32265700 1 -- 172.21.15.17:0/3778093090 --> [v2:172.21.15.17:3300/0,v1:172.21.15.17:6789/0] -- mon_subscribe({mgrmap=0+}) v3 -- 0x7fcd2c104c00 con 0x7fcd2c106c50
2023-08-25T05:05:35.646 INFO:teuthology.orchestra.run.smithi017.stdout:/usr/bin/ceph: stderr
2023-08-25T05:05:34.849+0000 7fcd32265700 1 -- 172.21.15.17:0/3778093090 --> [v2:172.21.15.17:3300/0,v1:172.21.15.17:6789/0] -- mon_subscribe({osdmap=0}) v3 -- 0x7fcd2c105020 con 0x7fcd2c106c50
2023-08-25T05:05:35.646 INFO:teuthology.orchestra.run.smithi017.stdout:/usr/bin/ceph: stderr
2023-08-25T05:05:34.850+0000 7fcd297fa700 1 -- 172.21.15.17:0/3778093090 <== mon.0 v2:172.21.15.17:3300/0 4 ==== mgrmap(e 11) v1 ==== 45042+0+0 (secure 0 0 0) 0x7fcd1c01a8e0 con 0x7fcd2c106c50
2023-08-25T05:05:35.646 INFO:teuthology.orchestra.run.smithi017.stdout:/usr/bin/ceph: stderr
2023-08-25T05:05:34.850+0000 7fcd297fa700 1 --2- 172.21.15.17:0/3778093090 >> [v2:172.21.15.17:6800/3274099728,v1:172.21.15.17:6801/3274099728] conn(0x7fcd14038080 0x7fcd1403a540 unknown :-1 s=NONE pgs=0 cs=0 l=1 rev1=0 crypto rx=0 tx=0 comp rx=0 tx=0).connect
2023-08-25T05:05:35.646 INFO:teuthology.orchestra.run.smithi017.stdout:/usr/bin/ceph: stderr
2023-08-25T05:05:34.850+0000 7fcd297fa700 1 -- 172.21.15.17:0/3778093090 <== mon.0 v2:172.21.15.17:3300/0 5 ==== osd_map(3..3 src has 1..3) v4 ==== 1155+0+0 (secure 0 0 0) 0x7fcd1c04c070 con 0x7fcd2c106c50
2023-08-25T05:05:35.646 INFO:teuthology.orchestra.run.smithi017.stdout:/usr/bin/ceph: stderr
2023-08-25T05:05:34.850+0000 7fcd32265700 1 -- 172.21.15.17:0/3778093090 --> [v2:172.21.15.17:3300/0,v1:172.21.15.17:6789/0] -- mon_command({"prefix": "get_command_descriptions"} v 0) v1 -- 0x7fcd2c10a360 con 0x7fcd2c106c50
2023-08-25T05:05:35.647 INFO:teuthology.orchestra.run.smithi017.stdout:/usr/bin/ceph: stderr
2023-08-25T05:05:34.850+0000 7fcd2b7fe700 1 --2- 172.21.15.17:0/3778093090 >> [v2:172.21.15.17:6800/3274099728,v1:172.21.15.17:6801/3274099728] conn(0x7fcd14038080 0x7fcd1403a540 unknown :-1 s=BANNER_CONNECTING pgs=0 cs=0 l=1 rev1=0 crypto rx=0 tx=0 comp rx=0 tx=0)._handle_peer_banner_payload supported=3 required=0
2023-08-25T05:05:35.647 INFO:teuthology.orchestra.run.smithi017.stdout:/usr/bin/ceph: stderr
2023-08-25T05:05:34.851+0000 7fcd2b7fe700 1 --2- 172.21.15.17:0/3778093090 >> [v2:172.21.15.17:6800/3274099728,v1:172.21.15.17:6801/3274099728] conn(0x7fcd14038080 0x7fcd1403a540 secure :-1 s=READY pgs=7 cs=0 l=1 rev1=1 crypto rx=0x7fcd20006fd0 tx=0x7fcd20006e40 comp rx=0 tx=0).ready entity=mgr.14152 client_cookie=0 server_cookie=0 in_seq=0 out_seq=0
2023-08-25T05:05:35.647 INFO:teuthology.orchestra.run.smithi017.stdout:/usr/bin/ceph: stderr
2023-08-25T05:05:34.856+0000 7fcd297fa700 1 -- 172.21.15.17:0/3778093090 <== mon.0 v2:172.21.15.17:3300/0 6 ==== mon_command_ack([{"prefix": "get_command_descriptions"}]=0 v0) v1 ==== 72+0+179682 (secure 0 0 0) 0x7fcd1c01abe0 con 0x7fcd2c106c50
2023-08-25T05:05:35.647 INFO:teuthology.orchestra.run.smithi017.stdout:/usr/bin/ceph: stderr
2023-08-25T05:05:35.231+0000 7fcd32265700 1 -- 172.21.15.17:0/3778093090 --> [v2:172.21.15.17:6800/3274099728,v1:172.21.15.17:6801/3274099728] -- mgr_command(tid 0: {"prefix": "dashboard create-self-signed-cert", "target": ["mon-mgr", ""]}) v1 -- 0x7fcd2c105750 con 0x7fcd14038080
2023-08-25T05:05:35.647 INFO:teuthology.orchestra.run.smithi017.stdout:/usr/bin/ceph: stderr
2023-08-25T05:05:35.274+0000 7fcd297fa700 1 -- 172.21.15.17:0/3778093090 <== mgr.14152 v2:172.21.15.17:6800/3274099728 1 ==== mgr_command_reply(tid 0: 0 ) v1 ==== 8+0+32 (secure 0 0 0) 0x7fcd2c105750 con 0x7fcd14038080
2023-08-25T05:05:35.647 INFO:teuthology.orchestra.run.smithi017.stdout:/usr/bin/ceph: stderr
2023-08-25T05:05:35.278+0000 7fcd32265700 1 -- 172.21.15.17:0/3778093090 >> [v2:172.21.15.17:6800/3274099728,v1:172.21.15.17:6801/3274099728] conn(0x7fcd14038080 msgr2=0x7fcd1403a540 secure :-1 s=STATE_CONNECTION_ESTABLISHED l=1).mark_down
2023-08-25T05:05:35.647 INFO:teuthology.orchestra.run.smithi017.stdout:/usr/bin/ceph: stderr
2023-08-25T05:05:35.278+0000 7fcd32265700 1 --2- 172.21.15.17:0/3778093090 >> [v2:172.21.15.17:6800/3274099728,v1:172.21.15.17:6801/3274099728] conn(0x7fcd14038080 0x7fcd1403a540 secure :-1 s=READY pgs=7 cs=0 l=1 rev1=1 crypto rx=0x7fcd20006fd0 tx=0x7fcd20006e40 comp rx=0 tx=0).stop
2023-08-25T05:05:35.647 INFO:teuthology.orchestra.run.smithi017.stdout:/usr/bin/ceph: stderr
2023-08-25T05:05:35.278+0000 7fcd32265700 1 -- 172.21.15.17:0/3778093090 >> [v2:172.21.15.17:3300/0,v1:172.21.15.17:6789/0] conn(0x7fcd2c106c50 msgr2=0x7fcd2c1065b0 secure :-1 s=STATE_CONNECTION_ESTABLISHED l=1).mark_down
2023-08-25T05:05:35.648 INFO:teuthology.orchestra.run.smithi017.stdout:/usr/bin/ceph: stderr
2023-08-25T05:05:35.278+0000 7fcd32265700 1 --2- 172.21.15.17:0/3778093090 >> [v2:172.21.15.17:3300/0,v1:172.21.15.17:6789/0] conn(0x7fcd2c106c50 0x7fcd2c1065b0 secure :-1 s=READY pgs=71 cs=0 l=1 rev1=1 crypto rx=0x7fcd1c011980 tx=0x7fcd1c011a60 comp rx=0 tx=0).stop
2023-08-25T05:05:35.648 INFO:teuthology.orchestra.run.smithi017.stdout:/usr/bin/ceph: stderr
2023-08-25T05:05:35.278+0000 7fcd32265700 1 -- 172.21.15.17:0/3778093090 shutdown_connections
2023-08-25T05:05:35.648 INFO:teuthology.orchestra.run.smithi017.stdout:/usr/bin/ceph: stderr
2023-08-25T05:05:35.278+0000 7fcd32265700 1 --2- 172.21.15.17:0/3778093090 >> [v2:172.21.15.17:6800/3274099728,v1:172.21.15.17:6801/3274099728] conn(0x7fcd14038080 0x7fcd1403a540 unknown :-1 s=CLOSED pgs=7 cs=0 l=1 rev1=1 crypto rx=0 tx=0 comp rx=0 tx=0).stop
2023-08-25T05:05:35.648 INFO:teuthology.orchestra.run.smithi017.stdout:/usr/bin/ceph: stderr
2023-08-25T05:05:35.278+0000 7fcd32265700 1 --2- 172.21.15.17:0/3778093090 >> [v2:172.21.15.17:3300/0,v1:172.21.15.17:6789/0] conn(0x7fcd2c106c50 0x7fcd2c1065b0 unknown :-1 s=CLOSED pgs=71 cs=0 l=1 rev1=1 crypto rx=0 tx=0 comp rx=0 tx=0).stop
2023-08-25T05:05:35.648 INFO:teuthology.orchestra.run.smithi017.stdout:/usr/bin/ceph: stderr
2023-08-25T05:05:35.278+0000 7fcd32265700 1 -- 172.21.15.17:0/3778093090 >> 172.21.15.17:0/3778093090 conn(0x7fcd2c100620 msgr2=0x7fcd2c101440 unknown :-1 s=STATE_NONE l=0).mark_down
2023-08-25T05:05:35.648 INFO:teuthology.orchestra.run.smithi017.stdout:/usr/bin/ceph: stderr
2023-08-25T05:05:35.279+0000 7fcd32265700 1 -- 172.21.15.17:0/3778093090 shutdown_connections
2023-08-25T05:05:35.649 INFO:teuthology.orchestra.run.smithi017.stdout:/usr/bin/ceph: stderr
2023-08-25T05:05:35.279+0000 7fcd32265700 1 -- 172.21.15.17:0/3778093090 wait complete.
2023-08-25T05:05:35.649 INFO:teuthology.orchestra.run.smithi017.stdout:Creating initial admin user...
2023-08-25T05:05:36.678 INFO:journalctl@ceph.mon.a.smithi017.stdout:Aug 25 05:05:36 smithi017 ceph-mon[98666]: from='client.14164 -' entity='client.admin' cmd=[{"prefix": "dashboard create-self-signed-cert", "target": ["mon-mgr", ""]}]: dispatch
2023-08-25T05:05:36.678 INFO:journalctl@ceph.mon.a.smithi017.stdout:Aug 25 05:05:36 smithi017 ceph-mon[98666]: from='mgr.14152 172.21.15.17:0/1365130663' entity='mgr.x'
2023-08-25T05:05:36.678 INFO:journalctl@ceph.mon.a.smithi017.stdout:Aug 25 05:05:36 smithi017 ceph-mon[98666]: from='mgr.14152 172.21.15.17:0/1365130663' entity='mgr.x'
2023-08-25T05:05:36.679 INFO:journalctl@ceph.mon.a.smithi017.stdout:Aug 25 05:05:36 smithi017 ceph-mon[98666]: mgrmap e12: x(active, since 2s)
2023-08-25T05:05:36.679 INFO:journalctl@ceph.mon.a.smithi017.stdout:Aug 25 05:05:36 smithi017 ceph-mon[98666]: from='mgr.14152 172.21.15.17:0/1365130663' entity='mgr.x'
2023-08-25T05:05:37.486 INFO:teuthology.orchestra.run.smithi017.stdout:/usr/bin/ceph: stdout {"username": "admin", "password": "$2b$12$Y7m6ZgwFjVxE0w/B7L9OfeRxtgYH3a2TwPqEIHsJn4tMVoNoooUdy", "roles": ["administrator"], "name": null, "email": null, "lastUpdate": 1692939936, "enabled": true, "pwdExpirationDate": null, "pwdUpdateRequired": true}
2023-08-25T05:05:37.486 INFO:teuthology.orchestra.run.smithi017.stdout:/usr/bin/ceph: stderr
2023-08-25T05:05:36.147+0000 7fe77bba2700 1 Processor -- start
2023-08-25T05:05:37.486 INFO:teuthology.orchestra.run.smithi017.stdout:/usr/bin/ceph: stderr
2023-08-25T05:05:36.148+0000 7fe77bba2700 1 -- start start
2023-08-25T05:05:37.487 INFO:teuthology.orchestra.run.smithi017.stdout:/usr/bin/ceph: stderr
2023-08-25T05:05:36.148+0000 7fe77bba2700 1 --2- >> [v2:172.21.15.17:3300/0,v1:172.21.15.17:6789/0] conn(0x7fe77407be30 0x7fe77407a290 unknown :-1 s=NONE pgs=0 cs=0 l=0 rev1=0 crypto rx=0 tx=0 comp rx=0 tx=0).connect
2023-08-25T05:05:37.487 INFO:teuthology.orchestra.run.smithi017.stdout:/usr/bin/ceph: stderr
2023-08-25T05:05:36.148+0000 7fe77bba2700 1 -- --> [v2:172.21.15.17:3300/0,v1:172.21.15.17:6789/0] -- mon_getmap magic: 0 v1 -- 0x7fe77407a860 con 0x7fe77407be30
2023-08-25T05:05:37.487 INFO:teuthology.orchestra.run.smithi017.stdout:/usr/bin/ceph: stderr
2023-08-25T05:05:36.148+0000 7fe77993e700 1 --2- >> [v2:172.21.15.17:3300/0,v1:172.21.15.17:6789/0] conn(0x7fe77407be30 0x7fe77407a290 unknown :-1 s=BANNER_CONNECTING pgs=0 cs=0 l=0 rev1=0 crypto rx=0 tx=0 comp rx=0 tx=0)._handle_peer_banner_payload supported=3 required=0
2023-08-25T05:05:37.487 INFO:teuthology.orchestra.run.smithi017.stdout:/usr/bin/ceph: stderr
2023-08-25T05:05:36.148+0000 7fe77993e700 1 --2- >> [v2:172.21.15.17:3300/0,v1:172.21.15.17:6789/0] conn(0x7fe77407be30 0x7fe77407a290 unknown :-1 s=HELLO_CONNECTING pgs=0 cs=0 l=0 rev1=1 crypto rx=0 tx=0 comp rx=0 tx=0).handle_hello peer v2:172.21.15.17:3300/0 says I am v2:172.21.15.17:60328/0 (socket says 172.21.15.17:60328)
2023-08-25T05:05:37.487 INFO:teuthology.orchestra.run.smithi017.stdout:/usr/bin/ceph: stderr
2023-08-25T05:05:36.148+0000 7fe77993e700 1 -- 172.21.15.17:0/2838618159 learned_addr learned my addr 172.21.15.17:0/2838618159 (peer_addr_for_me v2:172.21.15.17:0/0)
2023-08-25T05:05:37.487 INFO:teuthology.orchestra.run.smithi017.stdout:/usr/bin/ceph: stderr
2023-08-25T05:05:36.148+0000 7fe77993e700 1 -- 172.21.15.17:0/2838618159 --> [v2:172.21.15.17:3300/0,v1:172.21.15.17:6789/0] -- mon_subscribe({config=0+,monmap=0+}) v3 -- 0x7fe77407a9a0 con 0x7fe77407be30
2023-08-25T05:05:37.487 INFO:teuthology.orchestra.run.smithi017.stdout:/usr/bin/ceph: stderr
2023-08-25T05:05:36.149+0000 7fe77993e700 1 --2- 172.21.15.17:0/2838618159 >> [v2:172.21.15.17:3300/0,v1:172.21.15.17:6789/0] conn(0x7fe77407be30 0x7fe77407a290 secure :-1 s=READY pgs=72 cs=0 l=1 rev1=1 crypto rx=0x7fe7680098a0 tx=0x7fe768009bb0 comp rx=0 tx=0).ready entity=mon.0 client_cookie=6f8e930ab4769b35 server_cookie=0 in_seq=0 out_seq=0
2023-08-25T05:05:37.488 INFO:teuthology.orchestra.run.smithi017.stdout:/usr/bin/ceph: stderr
2023-08-25T05:05:36.149+0000 7fe77893c700 1 -- 172.21.15.17:0/2838618159 <== mon.0 v2:172.21.15.17:3300/0 1 ==== mon_map magic: 0 v1 ==== 205+0+0 (secure 0 0 0) 0x7fe768004160 con 0x7fe77407be30
2023-08-25T05:05:37.488 INFO:teuthology.orchestra.run.smithi017.stdout:/usr/bin/ceph: stderr
2023-08-25T05:05:36.149+0000 7fe77893c700 1 -- 172.21.15.17:0/2838618159 <== mon.0 v2:172.21.15.17:3300/0 2 ==== config(26 keys) v1 ==== 1105+0+0 (secure 0 0 0) 0x7fe7680042c0 con 0x7fe77407be30
2023-08-25T05:05:37.488 INFO:teuthology.orchestra.run.smithi017.stdout:/usr/bin/ceph: stderr
2023-08-25T05:05:36.149+0000 7fe77893c700 1 -- 172.21.15.17:0/2838618159 <== mon.0 v2:172.21.15.17:3300/0 3 ==== mon_map magic: 0 v1 ==== 205+0+0 (secure 0 0 0) 0x7fe7680119b0 con 0x7fe77407be30
2023-08-25T05:05:37.489 INFO:teuthology.orchestra.run.smithi017.stdout:/usr/bin/ceph: stderr
2023-08-25T05:05:36.149+0000 7fe77bba2700 1 -- 172.21.15.17:0/2838618159 >> [v2:172.21.15.17:3300/0,v1:172.21.15.17:6789/0] conn(0x7fe77407be30 msgr2=0x7fe77407a290 secure :-1 s=STATE_CONNECTION_ESTABLISHED l=1).mark_down
2023-08-25T05:05:37.489 INFO:teuthology.orchestra.run.smithi017.stdout:/usr/bin/ceph: stderr
2023-08-25T05:05:36.149+0000 7fe77bba2700 1 --2- 172.21.15.17:0/2838618159 >> [v2:172.21.15.17:3300/0,v1:172.21.15.17:6789/0] conn(0x7fe77407be30 0x7fe77407a290 secure :-1 s=READY pgs=72 cs=0 l=1 rev1=1 crypto rx=0x7fe7680098a0 tx=0x7fe768009bb0 comp rx=0 tx=0).stop
2023-08-25T05:05:37.489 INFO:teuthology.orchestra.run.smithi017.stdout:/usr/bin/ceph: stderr
2023-08-25T05:05:36.149+0000 7fe77bba2700 1 -- 172.21.15.17:0/2838618159 shutdown_connections
2023-08-25T05:05:37.489 INFO:teuthology.orchestra.run.smithi017.stdout:/usr/bin/ceph: stderr
2023-08-25T05:05:36.149+0000 7fe77bba2700 1 --2- 172.21.15.17:0/2838618159 >> [v2:172.21.15.17:3300/0,v1:172.21.15.17:6789/0] conn(0x7fe77407be30 0x7fe77407a290 unknown :-1 s=CLOSED pgs=72 cs=0 l=1 rev1=1 crypto rx=0 tx=0 comp rx=0 tx=0).stop
2023-08-25T05:05:37.489 INFO:teuthology.orchestra.run.smithi017.stdout:/usr/bin/ceph: stderr
2023-08-25T05:05:36.149+0000 7fe77bba2700 1 -- 172.21.15.17:0/2838618159 >> 172.21.15.17:0/2838618159 conn(0x7fe774101750 msgr2=0x7fe774103b90 unknown :-1 s=STATE_NONE l=0).mark_down
2023-08-25T05:05:37.489 INFO:teuthology.orchestra.run.smithi017.stdout:/usr/bin/ceph: stderr
2023-08-25T05:05:36.149+0000 7fe77bba2700 1 -- 172.21.15.17:0/2838618159 shutdown_connections
2023-08-25T05:05:37.489 INFO:teuthology.orchestra.run.smithi017.stdout:/usr/bin/ceph: stderr
2023-08-25T05:05:36.150+0000 7fe77bba2700 1 -- 172.21.15.17:0/2838618159 wait complete.
2023-08-25T05:05:37.489 INFO:teuthology.orchestra.run.smithi017.stdout:/usr/bin/ceph: stderr
2023-08-25T05:05:36.150+0000 7fe77bba2700 1 Processor -- start
2023-08-25T05:05:37.490 INFO:teuthology.orchestra.run.smithi017.stdout:/usr/bin/ceph: stderr
2023-08-25T05:05:36.150+0000 7fe77bba2700 1 -- start start
2023-08-25T05:05:37.490 INFO:teuthology.orchestra.run.smithi017.stdout:/usr/bin/ceph: stderr
2023-08-25T05:05:36.150+0000 7fe77bba2700 1 --2- >> [v2:172.21.15.17:3300/0,v1:172.21.15.17:6789/0] conn(0x7fe77407be30 0x7fe77419c0e0 unknown :-1 s=NONE pgs=0 cs=0 l=1 rev1=0 crypto rx=0 tx=0 comp rx=0 tx=0).connect
2023-08-25T05:05:37.490 INFO:teuthology.orchestra.run.smithi017.stdout:/usr/bin/ceph: stderr
2023-08-25T05:05:36.150+0000 7fe77bba2700 1 -- --> [v2:172.21.15.17:3300/0,v1:172.21.15.17:6789/0] -- mon_getmap magic: 0 v1 -- 0x7fe77419c620 con 0x7fe77407be30
2023-08-25T05:05:37.490 INFO:teuthology.orchestra.run.smithi017.stdout:/usr/bin/ceph: stderr
2023-08-25T05:05:36.150+0000 7fe77993e700 1 --2- >> [v2:172.21.15.17:3300/0,v1:172.21.15.17:6789/0] conn(0x7fe77407be30 0x7fe77419c0e0 unknown :-1 s=BANNER_CONNECTING pgs=0 cs=0 l=1 rev1=0 crypto rx=0 tx=0 comp rx=0 tx=0)._handle_peer_banner_payload supported=3 required=0
2023-08-25T05:05:37.490 INFO:teuthology.orchestra.run.smithi017.stdout:/usr/bin/ceph: stderr
2023-08-25T05:05:36.150+0000 7fe77993e700 1 --2- >> [v2:172.21.15.17:3300/0,v1:172.21.15.17:6789/0] conn(0x7fe77407be30 0x7fe77419c0e0 unknown :-1 s=HELLO_CONNECTING pgs=0 cs=0 l=1 rev1=1 crypto rx=0 tx=0 comp rx=0 tx=0).handle_hello peer v2:172.21.15.17:3300/0 says I am v2:172.21.15.17:60330/0 (socket says 172.21.15.17:60330)
2023-08-25T05:05:37.490 INFO:teuthology.orchestra.run.smithi017.stdout:/usr/bin/ceph: stderr
2023-08-25T05:05:36.150+0000 7fe77993e700 1 -- 172.21.15.17:0/661872749 learned_addr learned my addr 172.21.15.17:0/661872749 (peer_addr_for_me v2:172.21.15.17:0/0)
2023-08-25T05:05:37.490 INFO:teuthology.orchestra.run.smithi017.stdout:/usr/bin/ceph: stderr
2023-08-25T05:05:36.151+0000 7fe77993e700 1 -- 172.21.15.17:0/661872749 --> [v2:172.21.15.17:3300/0,v1:172.21.15.17:6789/0] -- mon_subscribe({config=0+,monmap=0+}) v3 -- 0x7fe768009550 con 0x7fe77407be30
2023-08-25T05:05:37.491 INFO:teuthology.orchestra.run.smithi017.stdout:/usr/bin/ceph: stderr
2023-08-25T05:05:36.151+0000 7fe77993e700 1 --2- 172.21.15.17:0/661872749 >> [v2:172.21.15.17:3300/0,v1:172.21.15.17:6789/0] conn(0x7fe77407be30 0x7fe77419c0e0 secure :-1 s=READY pgs=73 cs=0 l=1 rev1=1 crypto rx=0x7fe768000c00 tx=0x7fe768011a30 comp rx=0 tx=0).ready entity=mon.0 client_cookie=0 server_cookie=0 in_seq=0 out_seq=0
2023-08-25T05:05:37.491 INFO:teuthology.orchestra.run.smithi017.stdout:/usr/bin/ceph: stderr
2023-08-25T05:05:36.151+0000 7fe766ffd700 1 -- 172.21.15.17:0/661872749 <== mon.0 v2:172.21.15.17:3300/0 1 ==== mon_map magic: 0 v1 ==== 205+0+0 (secure 0 0 0) 0x7fe7680039f0 con 0x7fe77407be30
2023-08-25T05:05:37.491 INFO:teuthology.orchestra.run.smithi017.stdout:/usr/bin/ceph: stderr
2023-08-25T05:05:36.151+0000 7fe766ffd700 1 -- 172.21.15.17:0/661872749 <== mon.0 v2:172.21.15.17:3300/0 2 ==== config(26 keys) v1 ==== 1105+0+0 (secure 0 0 0) 0x7fe768003b50 con 0x7fe77407be30
2023-08-25T05:05:37.491 INFO:teuthology.orchestra.run.smithi017.stdout:/usr/bin/ceph: stderr
2023-08-25T05:05:36.151+0000 7fe77bba2700 1 -- 172.21.15.17:0/661872749 --> [v2:172.21.15.17:3300/0,v1:172.21.15.17:6789/0] -- mon_subscribe({mgrmap=0+}) v3 -- 0x7fe77419c820 con 0x7fe77407be30
2023-08-25T05:05:37.491 INFO:teuthology.orchestra.run.smithi017.stdout:/usr/bin/ceph: stderr
2023-08-25T05:05:36.151+0000 7fe766ffd700 1 -- 172.21.15.17:0/661872749 <== mon.0 v2:172.21.15.17:3300/0 3 ==== mon_map magic: 0 v1 ==== 205+0+0 (secure 0 0 0) 0x7fe76801a780 con 0x7fe77407be30
2023-08-25T05:05:37.491 INFO:teuthology.orchestra.run.smithi017.stdout:/usr/bin/ceph: stderr
2023-08-25T05:05:36.151+0000 7fe77bba2700 1 -- 172.21.15.17:0/661872749 --> [v2:172.21.15.17:3300/0,v1:172.21.15.17:6789/0] -- mon_subscribe({osdmap=0}) v3 -- 0x7fe77419cc40 con 0x7fe77407be30
2023-08-25T05:05:37.491 INFO:teuthology.orchestra.run.smithi017.stdout:/usr/bin/ceph: stderr
2023-08-25T05:05:36.152+0000 7fe766ffd700 1 -- 172.21.15.17:0/661872749 <== mon.0 v2:172.21.15.17:3300/0 4 ==== mgrmap(e 12) v1 ==== 45148+0+0 (secure 0 0 0) 0x7fe76801a9f0 con 0x7fe77407be30
2023-08-25T05:05:37.491 INFO:teuthology.orchestra.run.smithi017.stdout:/usr/bin/ceph: stderr
2023-08-25T05:05:36.152+0000 7fe766ffd700 1 --2- 172.21.15.17:0/661872749 >> [v2:172.21.15.17:6800/3274099728,v1:172.21.15.17:6801/3274099728] conn(0x7fe7600381b0 0x7fe76003a670 unknown :-1 s=NONE pgs=0 cs=0 l=1 rev1=0 crypto rx=0 tx=0 comp rx=0 tx=0).connect
2023-08-25T05:05:37.492 INFO:teuthology.orchestra.run.smithi017.stdout:/usr/bin/ceph: stderr
2023-08-25T05:05:36.152+0000 7fe766ffd700 1 -- 172.21.15.17:0/661872749 <== mon.0 v2:172.21.15.17:3300/0 5 ==== osd_map(3..3 src has 1..3) v4 ==== 1155+0+0 (secure 0 0 0) 0x7fe76804c230 con 0x7fe77407be30
2023-08-25T05:05:37.492 INFO:teuthology.orchestra.run.smithi017.stdout:/usr/bin/ceph: stderr
2023-08-25T05:05:36.152+0000 7fe77913d700 1 --2- 172.21.15.17:0/661872749 >> [v2:172.21.15.17:6800/3274099728,v1:172.21.15.17:6801/3274099728] conn(0x7fe7600381b0 0x7fe76003a670 unknown :-1 s=BANNER_CONNECTING pgs=0 cs=0 l=1 rev1=0 crypto rx=0 tx=0 comp rx=0 tx=0)._handle_peer_banner_payload supported=3 required=0
2023-08-25T05:05:37.492 INFO:teuthology.orchestra.run.smithi017.stdout:/usr/bin/ceph: stderr
2023-08-25T05:05:36.152+0000 7fe77bba2700 1 -- 172.21.15.17:0/661872749 --> [v2:172.21.15.17:3300/0,v1:172.21.15.17:6789/0] -- mon_command({"prefix": "get_command_descriptions"} v 0) v1 -- 0x7fe7741961b0 con 0x7fe77407be30
2023-08-25T05:05:37.492 INFO:teuthology.orchestra.run.smithi017.stdout:/usr/bin/ceph: stderr
2023-08-25T05:05:36.153+0000 7fe77913d700 1 --2- 172.21.15.17:0/661872749 >> [v2:172.21.15.17:6800/3274099728,v1:172.21.15.17:6801/3274099728] conn(0x7fe7600381b0 0x7fe76003a670 secure :-1 s=READY pgs=8 cs=0 l=1 rev1=1 crypto rx=0x7fe770006fd0 tx=0x7fe770006e40 comp rx=0 tx=0).ready entity=mgr.14152 client_cookie=0 server_cookie=0 in_seq=0 out_seq=0
2023-08-25T05:05:37.493 INFO:teuthology.orchestra.run.smithi017.stdout:/usr/bin/ceph: stderr
2023-08-25T05:05:36.157+0000 7fe766ffd700 1 -- 172.21.15.17:0/661872749 <== mon.0 v2:172.21.15.17:3300/0 6 ==== mon_command_ack([{"prefix": "get_command_descriptions"}]=0 v0) v1 ==== 72+0+179682 (secure 0 0 0) 0x7fe76801acf0 con 0x7fe77407be30
2023-08-25T05:05:37.493 INFO:teuthology.orchestra.run.smithi017.stdout:/usr/bin/ceph: stderr
2023-08-25T05:05:36.560+0000 7fe77bba2700 1 -- 172.21.15.17:0/661872749 --> [v2:172.21.15.17:6800/3274099728,v1:172.21.15.17:6801/3274099728] -- mgr_command(tid 0: {"prefix": "dashboard ac-user-create", "username": "admin", "rolename": "administrator", "force_password": true, "pwd_update_required": true, "target": ["mon-mgr", ""]}) v1 -- 0x7fe774061d70 con 0x7fe7600381b0
2023-08-25T05:05:37.493 INFO:teuthology.orchestra.run.smithi017.stdout:/usr/bin/ceph: stderr
2023-08-25T05:05:36.806+0000 7fe766ffd700 1 -- 172.21.15.17:0/661872749 <== mgr.14152 v2:172.21.15.17:6800/3274099728 1 ==== mgr_command_reply(tid 0: 0 ) v1 ==== 8+0+252 (secure 0 0 0) 0x7fe774061d70 con 0x7fe7600381b0
2023-08-25T05:05:37.493 INFO:teuthology.orchestra.run.smithi017.stdout:/usr/bin/ceph: stderr
2023-08-25T05:05:36.809+0000 7fe77bba2700 1 -- 172.21.15.17:0/661872749 >> [v2:172.21.15.17:6800/3274099728,v1:172.21.15.17:6801/3274099728] conn(0x7fe7600381b0 msgr2=0x7fe76003a670 secure :-1 s=STATE_CONNECTION_ESTABLISHED l=1).mark_down
2023-08-25T05:05:37.493 INFO:teuthology.orchestra.run.smithi017.stdout:/usr/bin/ceph: stderr
2023-08-25T05:05:36.809+0000 7fe77bba2700 1 --2- 172.21.15.17:0/661872749 >> [v2:172.21.15.17:6800/3274099728,v1:172.21.15.17:6801/3274099728] conn(0x7fe7600381b0 0x7fe76003a670 secure :-1 s=READY pgs=8 cs=0 l=1 rev1=1 crypto rx=0x7fe770006fd0 tx=0x7fe770006e40 comp rx=0 tx=0).stop
2023-08-25T05:05:37.493 INFO:teuthology.orchestra.run.smithi017.stdout:/usr/bin/ceph: stderr
2023-08-25T05:05:36.809+0000 7fe77bba2700 1 -- 172.21.15.17:0/661872749 >> [v2:172.21.15.17:3300/0,v1:172.21.15.17:6789/0] conn(0x7fe77407be30 msgr2=0x7fe77419c0e0 secure :-1 s=STATE_CONNECTION_ESTABLISHED l=1).mark_down
2023-08-25T05:05:37.493 INFO:teuthology.orchestra.run.smithi017.stdout:/usr/bin/ceph: stderr
2023-08-25T05:05:36.809+0000 7fe77bba2700 1 --2- 172.21.15.17:0/661872749 >> [v2:172.21.15.17:3300/0,v1:172.21.15.17:6789/0] conn(0x7fe77407be30 0x7fe77419c0e0 secure :-1 s=READY pgs=73 cs=0 l=1 rev1=1 crypto rx=0x7fe768000c00 tx=0x7fe768011a30 comp rx=0 tx=0).stop
2023-08-25T05:05:37.493 INFO:teuthology.orchestra.run.smithi017.stdout:/usr/bin/ceph: stderr
2023-08-25T05:05:36.809+0000 7fe77bba2700 1 -- 172.21.15.17:0/661872749 shutdown_connections
2023-08-25T05:05:37.494 INFO:teuthology.orchestra.run.smithi017.stdout:/usr/bin/ceph: stderr
2023-08-25T05:05:36.809+0000 7fe77bba2700 1 --2- 172.21.15.17:0/661872749 >> [v2:172.21.15.17:6800/3274099728,v1:172.21.15.17:6801/3274099728] conn(0x7fe7600381b0 0x7fe76003a670 unknown :-1 s=CLOSED pgs=8 cs=0 l=1 rev1=1 crypto rx=0 tx=0 comp rx=0 tx=0).stop
2023-08-25T05:05:37.494 INFO:teuthology.orchestra.run.smithi017.stdout:/usr/bin/ceph: stderr
2023-08-25T05:05:36.809+0000 7fe77bba2700 1 --2- 172.21.15.17:0/661872749 >> [v2:172.21.15.17:3300/0,v1:172.21.15.17:6789/0] conn(0x7fe77407be30 0x7fe77419c0e0 unknown :-1 s=CLOSED pgs=73 cs=0 l=1 rev1=1 crypto rx=0 tx=0 comp rx=0 tx=0).stop
2023-08-25T05:05:37.494 INFO:teuthology.orchestra.run.smithi017.stdout:/usr/bin/ceph: stderr
2023-08-25T05:05:36.809+0000 7fe77bba2700 1 -- 172.21.15.17:0/661872749 >> 172.21.15.17:0/661872749 conn(0x7fe774101750 msgr2=0x7fe774102ee0 unknown :-1 s=STATE_NONE l=0).mark_down
2023-08-25T05:05:37.494 INFO:teuthology.orchestra.run.smithi017.stdout:/usr/bin/ceph: stderr
2023-08-25T05:05:36.809+0000 7fe77bba2700 1 -- 172.21.15.17:0/661872749 shutdown_connections
2023-08-25T05:05:37.494 INFO:teuthology.orchestra.run.smithi017.stdout:/usr/bin/ceph: stderr
2023-08-25T05:05:36.809+0000 7fe77bba2700 1 -- 172.21.15.17:0/661872749 wait complete.
2023-08-25T05:05:37.494 INFO:teuthology.orchestra.run.smithi017.stdout:Fetching dashboard port number...
2023-08-25T05:05:37.669 INFO:journalctl@ceph.mon.a.smithi017.stdout:Aug 25 05:05:37 smithi017 ceph-mon[98666]: from='client.14166 -' entity='client.admin' cmd=[{"prefix": "dashboard ac-user-create", "username": "admin", "rolename": "administrator", "force_password": true, "pwd_update_required": true, "target": ["mon-mgr", ""]}]: dispatch
2023-08-25T05:05:37.670 INFO:journalctl@ceph.mon.a.smithi017.stdout:Aug 25 05:05:37 smithi017 ceph-mon[98666]: from='mgr.14152 172.21.15.17:0/1365130663' entity='mgr.x'
2023-08-25T05:05:38.731 INFO:teuthology.orchestra.run.smithi017.stdout:/usr/bin/ceph: stdout 8443
2023-08-25T05:05:38.731 INFO:teuthology.orchestra.run.smithi017.stdout:/usr/bin/ceph: stderr
2023-08-25T05:05:37.962+0000 7fa8017aa700 1 Processor -- start
2023-08-25T05:05:38.731 INFO:teuthology.orchestra.run.smithi017.stdout:/usr/bin/ceph: stderr
2023-08-25T05:05:37.962+0000 7fa8017aa700 1 -- start start
2023-08-25T05:05:38.732 INFO:teuthology.orchestra.run.smithi017.stdout:/usr/bin/ceph: stderr
2023-08-25T05:05:37.962+0000 7fa8017aa700 1 --2- >> [v2:172.21.15.17:3300/0,v1:172.21.15.17:6789/0] conn(0x7fa7fc106c50 0x7fa7fc109040 unknown :-1 s=NONE pgs=0 cs=0 l=0 rev1=0 crypto rx=0 tx=0 comp rx=0 tx=0).connect
2023-08-25T05:05:38.732 INFO:teuthology.orchestra.run.smithi017.stdout:/usr/bin/ceph: stderr
2023-08-25T05:05:37.962+0000 7fa8017aa700 1 -- --> [v2:172.21.15.17:3300/0,v1:172.21.15.17:6789/0] -- mon_getmap magic: 0 v1 -- 0x7fa7fc079e00 con 0x7fa7fc106c50
2023-08-25T05:05:38.732 INFO:teuthology.orchestra.run.smithi017.stdout:/usr/bin/ceph: stderr
2023-08-25T05:05:37.962+0000 7fa7faffd700 1 --2- >> [v2:172.21.15.17:3300/0,v1:172.21.15.17:6789/0] conn(0x7fa7fc106c50 0x7fa7fc109040 unknown :-1 s=BANNER_CONNECTING pgs=0 cs=0 l=0 rev1=0 crypto rx=0 tx=0 comp rx=0 tx=0)._handle_peer_banner_payload supported=3 required=0
2023-08-25T05:05:38.732 INFO:teuthology.orchestra.run.smithi017.stdout:/usr/bin/ceph: stderr
2023-08-25T05:05:37.962+0000 7fa7faffd700 1 --2- >> [v2:172.21.15.17:3300/0,v1:172.21.15.17:6789/0] conn(0x7fa7fc106c50 0x7fa7fc109040 unknown :-1 s=HELLO_CONNECTING pgs=0 cs=0 l=0 rev1=1 crypto rx=0 tx=0 comp rx=0 tx=0).handle_hello peer v2:172.21.15.17:3300/0 says I am v2:172.21.15.17:60334/0 (socket says 172.21.15.17:60334)
2023-08-25T05:05:38.732 INFO:teuthology.orchestra.run.smithi017.stdout:/usr/bin/ceph: stderr
2023-08-25T05:05:37.962+0000 7fa7faffd700 1 -- 172.21.15.17:0/3278726587 learned_addr learned my addr 172.21.15.17:0/3278726587 (peer_addr_for_me v2:172.21.15.17:0/0)
2023-08-25T05:05:38.733 INFO:teuthology.orchestra.run.smithi017.stdout:/usr/bin/ceph: stderr
2023-08-25T05:05:37.963+0000 7fa7faffd700 1 -- 172.21.15.17:0/3278726587 --> [v2:172.21.15.17:3300/0,v1:172.21.15.17:6789/0] -- mon_subscribe({config=0+,monmap=0+}) v3 -- 0x7fa7fc109580 con 0x7fa7fc106c50
2023-08-25T05:05:38.733 INFO:teuthology.orchestra.run.smithi017.stdout:/usr/bin/ceph: stderr
2023-08-25T05:05:37.963+0000 7fa7faffd700 1 --2- 172.21.15.17:0/3278726587 >> [v2:172.21.15.17:3300/0,v1:172.21.15.17:6789/0] conn(0x7fa7fc106c50 0x7fa7fc109040 secure :-1 s=READY pgs=74 cs=0 l=1 rev1=1 crypto rx=0x7fa7ec0098a0 tx=0x7fa7ec009bb0 comp rx=0 tx=0).ready entity=mon.0 client_cookie=d013cc2f4738ba28 server_cookie=0 in_seq=0 out_seq=0
2023-08-25T05:05:38.733 INFO:teuthology.orchestra.run.smithi017.stdout:/usr/bin/ceph: stderr
2023-08-25T05:05:37.963+0000 7fa7f9ffb700 1 -- 172.21.15.17:0/3278726587 <== mon.0 v2:172.21.15.17:3300/0 1 ==== mon_map magic: 0 v1 ==== 205+0+0 (secure 0 0 0) 0x7fa7ec004160 con 0x7fa7fc106c50
2023-08-25T05:05:38.733 INFO:teuthology.orchestra.run.smithi017.stdout:/usr/bin/ceph: stderr
2023-08-25T05:05:37.963+0000 7fa7f9ffb700 1 -- 172.21.15.17:0/3278726587 <== mon.0 v2:172.21.15.17:3300/0 2 ==== config(26 keys) v1 ==== 1105+0+0 (secure 0 0 0) 0x7fa7ec0042c0 con 0x7fa7fc106c50
2023-08-25T05:05:38.733 INFO:teuthology.orchestra.run.smithi017.stdout:/usr/bin/ceph: stderr
2023-08-25T05:05:37.963+0000 7fa7f9ffb700 1 -- 172.21.15.17:0/3278726587 <== mon.0 v2:172.21.15.17:3300/0 3 ==== mon_map magic: 0 v1 ==== 205+0+0 (secure 0 0 0) 0x7fa7ec0119b0 con 0x7fa7fc106c50
2023-08-25T05:05:38.733 INFO:teuthology.orchestra.run.smithi017.stdout:/usr/bin/ceph: stderr
2023-08-25T05:05:37.963+0000 7fa8017aa700 1 -- 172.21.15.17:0/3278726587 >> [v2:172.21.15.17:3300/0,v1:172.21.15.17:6789/0] conn(0x7fa7fc106c50 msgr2=0x7fa7fc109040 secure :-1 s=STATE_CONNECTION_ESTABLISHED l=1).mark_down
2023-08-25T05:05:38.733 INFO:teuthology.orchestra.run.smithi017.stdout:/usr/bin/ceph: stderr
2023-08-25T05:05:37.963+0000 7fa8017aa700 1 --2- 172.21.15.17:0/3278726587 >> [v2:172.21.15.17:3300/0,v1:172.21.15.17:6789/0] conn(0x7fa7fc106c50 0x7fa7fc109040 secure :-1 s=READY pgs=74 cs=0 l=1 rev1=1 crypto rx=0x7fa7ec0098a0 tx=0x7fa7ec009bb0 comp rx=0 tx=0).stop
2023-08-25T05:05:38.734 INFO:teuthology.orchestra.run.smithi017.stdout:/usr/bin/ceph: stderr
2023-08-25T05:05:37.964+0000 7fa8017aa700 1 -- 172.21.15.17:0/3278726587 shutdown_connections
2023-08-25T05:05:38.734 INFO:teuthology.orchestra.run.smithi017.stdout:/usr/bin/ceph: stderr
2023-08-25T05:05:37.964+0000 7fa8017aa700 1 --2- 172.21.15.17:0/3278726587 >> [v2:172.21.15.17:3300/0,v1:172.21.15.17:6789/0] conn(0x7fa7fc106c50 0x7fa7fc109040 unknown :-1 s=CLOSED pgs=74 cs=0 l=1 rev1=1 crypto rx=0 tx=0 comp rx=0 tx=0).stop
2023-08-25T05:05:38.734 INFO:teuthology.orchestra.run.smithi017.stdout:/usr/bin/ceph: stderr
2023-08-25T05:05:37.964+0000 7fa8017aa700 1 -- 172.21.15.17:0/3278726587 >> 172.21.15.17:0/3278726587 conn(0x7fa7fc100620 msgr2=0x7fa7fc102a80 unknown :-1 s=STATE_NONE l=0).mark_down
2023-08-25T05:05:38.734 INFO:teuthology.orchestra.run.smithi017.stdout:/usr/bin/ceph: stderr
2023-08-25T05:05:37.964+0000 7fa8017aa700 1 -- 172.21.15.17:0/3278726587 shutdown_connections
2023-08-25T05:05:38.734 INFO:teuthology.orchestra.run.smithi017.stdout:/usr/bin/ceph: stderr
2023-08-25T05:05:37.964+0000 7fa8017aa700 1 -- 172.21.15.17:0/3278726587 wait complete.
2023-08-25T05:05:38.734 INFO:teuthology.orchestra.run.smithi017.stdout:/usr/bin/ceph: stderr
2023-08-25T05:05:37.964+0000 7fa8017aa700 1 Processor -- start
2023-08-25T05:05:38.734 INFO:teuthology.orchestra.run.smithi017.stdout:/usr/bin/ceph: stderr
2023-08-25T05:05:37.964+0000 7fa8017aa700 1 -- start start
2023-08-25T05:05:38.734 INFO:teuthology.orchestra.run.smithi017.stdout:/usr/bin/ceph: stderr
2023-08-25T05:05:37.965+0000 7fa8017aa700 1 --2- >> [v2:172.21.15.17:3300/0,v1:172.21.15.17:6789/0] conn(0x7fa7fc106c50 0x7fa7fc199e50 unknown :-1 s=NONE pgs=0 cs=0 l=1 rev1=0 crypto rx=0 tx=0 comp rx=0 tx=0).connect
2023-08-25T05:05:38.735 INFO:teuthology.orchestra.run.smithi017.stdout:/usr/bin/ceph: stderr
2023-08-25T05:05:37.965+0000 7fa8017aa700 1 -- --> [v2:172.21.15.17:3300/0,v1:172.21.15.17:6789/0] -- mon_getmap magic: 0 v1 -- 0x7fa7fc19a390 con 0x7fa7fc106c50
2023-08-25T05:05:38.735 INFO:teuthology.orchestra.run.smithi017.stdout:/usr/bin/ceph: stderr
2023-08-25T05:05:37.965+0000 7fa7faffd700 1 --2- >> [v2:172.21.15.17:3300/0,v1:172.21.15.17:6789/0] conn(0x7fa7fc106c50 0x7fa7fc199e50 unknown :-1 s=BANNER_CONNECTING pgs=0 cs=0 l=1 rev1=0 crypto rx=0 tx=0 comp rx=0 tx=0)._handle_peer_banner_payload supported=3 required=0
2023-08-25T05:05:38.735 INFO:teuthology.orchestra.run.smithi017.stdout:/usr/bin/ceph: stderr
2023-08-25T05:05:37.965+0000 7fa7faffd700 1 --2- >> [v2:172.21.15.17:3300/0,v1:172.21.15.17:6789/0] conn(0x7fa7fc106c50 0x7fa7fc199e50 unknown :-1 s=HELLO_CONNECTING pgs=0 cs=0 l=1 rev1=1 crypto rx=0 tx=0 comp rx=0 tx=0).handle_hello peer v2:172.21.15.17:3300/0 says I am v2:172.21.15.17:60336/0 (socket says 172.21.15.17:60336)
2023-08-25T05:05:38.735 INFO:teuthology.orchestra.run.smithi017.stdout:/usr/bin/ceph: stderr
2023-08-25T05:05:37.965+0000 7fa7faffd700 1 -- 172.21.15.17:0/3900932199 learned_addr learned my addr 172.21.15.17:0/3900932199 (peer_addr_for_me v2:172.21.15.17:0/0)
2023-08-25T05:05:38.735 INFO:teuthology.orchestra.run.smithi017.stdout:/usr/bin/ceph: stderr
2023-08-25T05:05:37.965+0000 7fa7faffd700 1 -- 172.21.15.17:0/3900932199 --> [v2:172.21.15.17:3300/0,v1:172.21.15.17:6789/0] -- mon_subscribe({config=0+,monmap=0+}) v3 -- 0x7fa7ec009550 con 0x7fa7fc106c50
2023-08-25T05:05:38.735 INFO:teuthology.orchestra.run.smithi017.stdout:/usr/bin/ceph: stderr
