2023-08-25T05:05:19.883+0000 7f935e68e700 1 --2- >> [v2:172.21.15.17:3300/0,v1:172.21.15.17:6789/0] conn(0x7f9358106c70 0x7f9358199e40 unknown :-1 s=NONE pgs=0 cs=0 l=1 rev1=0 crypto rx=0 tx=0 comp rx=0 tx=0).connect
2023-08-25T05:05:20.643 INFO:teuthology.orchestra.run.smithi017.stdout:/usr/bin/ceph: stderr
2023-08-25T05:05:19.883+0000 7f935e68e700 1 -- --> [v2:172.21.15.17:3300/0,v1:172.21.15.17:6789/0] -- mon_getmap magic: 0 v1 -- 0x7f935819a380 con 0x7f9358106c70
2023-08-25T05:05:20.643 INFO:teuthology.orchestra.run.smithi017.stdout:/usr/bin/ceph: stderr
2023-08-25T05:05:19.884+0000 7f9357fff700 1 --2- >> [v2:172.21.15.17:3300/0,v1:172.21.15.17:6789/0] conn(0x7f9358106c70 0x7f9358199e40 unknown :-1 s=BANNER_CONNECTING pgs=0 cs=0 l=1 rev1=0 crypto rx=0 tx=0 comp rx=0 tx=0)._handle_peer_banner_payload supported=3 required=0
2023-08-25T05:05:20.643 INFO:teuthology.orchestra.run.smithi017.stdout:/usr/bin/ceph: stderr
2023-08-25T05:05:19.884+0000 7f9357fff700 1 --2- >> [v2:172.21.15.17:3300/0,v1:172.21.15.17:6789/0] conn(0x7f9358106c70 0x7f9358199e40 unknown :-1 s=HELLO_CONNECTING pgs=0 cs=0 l=1 rev1=1 crypto rx=0 tx=0 comp rx=0 tx=0).handle_hello peer v2:172.21.15.17:3300/0 says I am v2:172.21.15.17:60224/0 (socket says 172.21.15.17:60224)
2023-08-25T05:05:20.644 INFO:teuthology.orchestra.run.smithi017.stdout:/usr/bin/ceph: stderr
2023-08-25T05:05:19.884+0000 7f9357fff700 1 -- 172.21.15.17:0/3304426515 learned_addr learned my addr 172.21.15.17:0/3304426515 (peer_addr_for_me v2:172.21.15.17:0/0)
2023-08-25T05:05:20.645 INFO:teuthology.orchestra.run.smithi017.stdout:/usr/bin/ceph: stderr
2023-08-25T05:05:19.884+0000 7f9357fff700 1 -- 172.21.15.17:0/3304426515 --> [v2:172.21.15.17:3300/0,v1:172.21.15.17:6789/0] -- mon_subscribe({config=0+,monmap=0+}) v3 -- 0x7f9348009550 con 0x7f9358106c70
2023-08-25T05:05:20.645 INFO:teuthology.orchestra.run.smithi017.stdout:/usr/bin/ceph: stderr
2023-08-25T05:05:19.884+0000 7f9357fff700 1 --2- 172.21.15.17:0/3304426515 >> [v2:172.21.15.17:3300/0,v1:172.21.15.17:6789/0] conn(0x7f9358106c70 0x7f9358199e40 secure :-1 s=READY pgs=50 cs=0 l=1 rev1=1 crypto rx=0x7f9348003e60 tx=0x7f9348011aa0 comp rx=0 tx=0).ready entity=mon.0 client_cookie=0 server_cookie=0 in_seq=0 out_seq=0
2023-08-25T05:05:20.645 INFO:teuthology.orchestra.run.smithi017.stdout:/usr/bin/ceph: stderr
2023-08-25T05:05:19.884+0000 7f93557fa700 1 -- 172.21.15.17:0/3304426515 <== mon.0 v2:172.21.15.17:3300/0 1 ==== mon_map magic: 0 v1 ==== 205+0+0 (secure 0 0 0) 0x7f9348003970 con 0x7f9358106c70
2023-08-25T05:05:20.645 INFO:teuthology.orchestra.run.smithi017.stdout:/usr/bin/ceph: stderr
2023-08-25T05:05:19.884+0000 7f93557fa700 1 -- 172.21.15.17:0/3304426515 <== mon.0 v2:172.21.15.17:3300/0 2 ==== config(26 keys) v1 ==== 1105+0+0 (secure 0 0 0) 0x7f9348003ad0 con 0x7f9358106c70
2023-08-25T05:05:20.645 INFO:teuthology.orchestra.run.smithi017.stdout:/usr/bin/ceph: stderr
2023-08-25T05:05:19.884+0000 7f93557fa700 1 -- 172.21.15.17:0/3304426515 <== mon.0 v2:172.21.15.17:3300/0 3 ==== mon_map magic: 0 v1 ==== 205+0+0 (secure 0 0 0) 0x7f93480195e0 con 0x7f9358106c70
2023-08-25T05:05:20.645 INFO:teuthology.orchestra.run.smithi017.stdout:/usr/bin/ceph: stderr
2023-08-25T05:05:19.884+0000 7f935e68e700 1 -- 172.21.15.17:0/3304426515 --> [v2:172.21.15.17:3300/0,v1:172.21.15.17:6789/0] -- mon_subscribe({mgrmap=0+}) v3 -- 0x7f935819a580 con 0x7f9358106c70
2023-08-25T05:05:20.646 INFO:teuthology.orchestra.run.smithi017.stdout:/usr/bin/ceph: stderr
2023-08-25T05:05:19.884+0000 7f935e68e700 1 -- 172.21.15.17:0/3304426515 --> [v2:172.21.15.17:3300/0,v1:172.21.15.17:6789/0] -- mon_subscribe({osdmap=0}) v3 -- 0x7f935819a9a0 con 0x7f9358106c70
2023-08-25T05:05:20.646 INFO:teuthology.orchestra.run.smithi017.stdout:/usr/bin/ceph: stderr
2023-08-25T05:05:19.885+0000 7f93557fa700 1 -- 172.21.15.17:0/3304426515 <== mon.0 v2:172.21.15.17:3300/0 4 ==== mgrmap(e 8) v1 ==== 45135+0+0 (secure 0 0 0) 0x7f9348019850 con 0x7f9358106c70
2023-08-25T05:05:20.646 INFO:teuthology.orchestra.run.smithi017.stdout:/usr/bin/ceph: stderr
2023-08-25T05:05:19.885+0000 7f93557fa700 1 --2- 172.21.15.17:0/3304426515 >> [v2:172.21.15.17:6800/2127607636,v1:172.21.15.17:6801/2127607636] conn(0x7f9340038110 0x7f934003a5d0 unknown :-1 s=NONE pgs=0 cs=0 l=1 rev1=0 crypto rx=0 tx=0 comp rx=0 tx=0).connect
2023-08-25T05:05:20.646 INFO:teuthology.orchestra.run.smithi017.stdout:/usr/bin/ceph: stderr
2023-08-25T05:05:19.886+0000 7f93557fa700 1 -- 172.21.15.17:0/3304426515 <== mon.0 v2:172.21.15.17:3300/0 5 ==== osd_map(2..2 src has 1..2) v4 ==== 940+0+0 (secure 0 0 0) 0x7f9348003c40 con 0x7f9358106c70
2023-08-25T05:05:20.646 INFO:teuthology.orchestra.run.smithi017.stdout:/usr/bin/ceph: stderr
2023-08-25T05:05:19.886+0000 7f93577fe700 1 --2- 172.21.15.17:0/3304426515 >> [v2:172.21.15.17:6800/2127607636,v1:172.21.15.17:6801/2127607636] conn(0x7f9340038110 0x7f934003a5d0 unknown :-1 s=BANNER_CONNECTING pgs=0 cs=0 l=1 rev1=0 crypto rx=0 tx=0 comp rx=0 tx=0)._handle_peer_banner_payload supported=3 required=0
2023-08-25T05:05:20.646 INFO:teuthology.orchestra.run.smithi017.stdout:/usr/bin/ceph: stderr
2023-08-25T05:05:19.886+0000 7f935e68e700 1 -- 172.21.15.17:0/3304426515 --> [v2:172.21.15.17:3300/0,v1:172.21.15.17:6789/0] -- mon_command({"prefix": "get_command_descriptions"} v 0) v1 -- 0x7f9358061f50 con 0x7f9358106c70
2023-08-25T05:05:20.646 INFO:teuthology.orchestra.run.smithi017.stdout:/usr/bin/ceph: stderr
2023-08-25T05:05:19.886+0000 7f93577fe700 1 --2- 172.21.15.17:0/3304426515 >> [v2:172.21.15.17:6800/2127607636,v1:172.21.15.17:6801/2127607636] conn(0x7f9340038110 0x7f934003a5d0 secure :-1 s=READY pgs=13 cs=0 l=1 rev1=1 crypto rx=0x7f934c006fd0 tx=0x7f934c006e40 comp rx=0 tx=0).ready entity=mgr.14120 client_cookie=0 server_cookie=0 in_seq=0 out_seq=0
2023-08-25T05:05:20.647 INFO:teuthology.orchestra.run.smithi017.stdout:/usr/bin/ceph: stderr
2023-08-25T05:05:19.891+0000 7f93557fa700 1 -- 172.21.15.17:0/3304426515 <== mon.0 v2:172.21.15.17:3300/0 6 ==== mon_command_ack([{"prefix": "get_command_descriptions"}]=0 v0) v1 ==== 72+0+179682 (secure 0 0 0) 0x7f934802b340 con 0x7f9358106c70
2023-08-25T05:05:20.647 INFO:teuthology.orchestra.run.smithi017.stdout:/usr/bin/ceph: stderr
2023-08-25T05:05:20.276+0000 7f935e68e700 1 -- 172.21.15.17:0/3304426515 --> [v2:172.21.15.17:6800/2127607636,v1:172.21.15.17:6801/2127607636] -- mgr_command(tid 0: {"prefix": "orch apply", "service_type": "mgr", "unmanaged": true, "target": ["mon-mgr", ""]}) v1 -- 0x7f9358101b60 con 0x7f9340038110
2023-08-25T05:05:20.647 INFO:teuthology.orchestra.run.smithi017.stdout:/usr/bin/ceph: stderr
2023-08-25T05:05:20.281+0000 7f93557fa700 1 -- 172.21.15.17:0/3304426515 <== mgr.14120 v2:172.21.15.17:6800/2127607636 1 ==== mgr_command_reply(tid 0: 0 ) v1 ==== 8+0+24 (secure 0 0 0) 0x7f9358101b60 con 0x7f9340038110
2023-08-25T05:05:20.647 INFO:teuthology.orchestra.run.smithi017.stdout:/usr/bin/ceph: stderr
2023-08-25T05:05:20.283+0000 7f935e68e700 1 -- 172.21.15.17:0/3304426515 >> [v2:172.21.15.17:6800/2127607636,v1:172.21.15.17:6801/2127607636] conn(0x7f9340038110 msgr2=0x7f934003a5d0 secure :-1 s=STATE_CONNECTION_ESTABLISHED l=1).mark_down
2023-08-25T05:05:20.647 INFO:teuthology.orchestra.run.smithi017.stdout:/usr/bin/ceph: stderr
2023-08-25T05:05:20.283+0000 7f935e68e700 1 --2- 172.21.15.17:0/3304426515 >> [v2:172.21.15.17:6800/2127607636,v1:172.21.15.17:6801/2127607636] conn(0x7f9340038110 0x7f934003a5d0 secure :-1 s=READY pgs=13 cs=0 l=1 rev1=1 crypto rx=0x7f934c006fd0 tx=0x7f934c006e40 comp rx=0 tx=0).stop
2023-08-25T05:05:20.648 INFO:teuthology.orchestra.run.smithi017.stdout:/usr/bin/ceph: stderr
2023-08-25T05:05:20.283+0000 7f935e68e700 1 -- 172.21.15.17:0/3304426515 >> [v2:172.21.15.17:3300/0,v1:172.21.15.17:6789/0] conn(0x7f9358106c70 msgr2=0x7f9358199e40 secure :-1 s=STATE_CONNECTION_ESTABLISHED l=1).mark_down
2023-08-25T05:05:20.648 INFO:teuthology.orchestra.run.smithi017.stdout:/usr/bin/ceph: stderr
2023-08-25T05:05:20.283+0000 7f935e68e700 1 --2- 172.21.15.17:0/3304426515 >> [v2:172.21.15.17:3300/0,v1:172.21.15.17:6789/0] conn(0x7f9358106c70 0x7f9358199e40 secure :-1 s=READY pgs=50 cs=0 l=1 rev1=1 crypto rx=0x7f9348003e60 tx=0x7f9348011aa0 comp rx=0 tx=0).stop
2023-08-25T05:05:20.648 INFO:teuthology.orchestra.run.smithi017.stdout:/usr/bin/ceph: stderr
2023-08-25T05:05:20.284+0000 7f935e68e700 1 -- 172.21.15.17:0/3304426515 shutdown_connections
2023-08-25T05:05:20.648 INFO:teuthology.orchestra.run.smithi017.stdout:/usr/bin/ceph: stderr
2023-08-25T05:05:20.284+0000 7f935e68e700 1 --2- 172.21.15.17:0/3304426515 >> [v2:172.21.15.17:6800/2127607636,v1:172.21.15.17:6801/2127607636] conn(0x7f9340038110 0x7f934003a5d0 unknown :-1 s=CLOSED pgs=13 cs=0 l=1 rev1=1 crypto rx=0 tx=0 comp rx=0 tx=0).stop
2023-08-25T05:05:20.648 INFO:teuthology.orchestra.run.smithi017.stdout:/usr/bin/ceph: stderr
2023-08-25T05:05:20.284+0000 7f935e68e700 1 --2- 172.21.15.17:0/3304426515 >> [v2:172.21.15.17:3300/0,v1:172.21.15.17:6789/0] conn(0x7f9358106c70 0x7f9358199e40 unknown :-1 s=CLOSED pgs=50 cs=0 l=1 rev1=1 crypto rx=0 tx=0 comp rx=0 tx=0).stop
2023-08-25T05:05:20.648 INFO:teuthology.orchestra.run.smithi017.stdout:/usr/bin/ceph: stderr
2023-08-25T05:05:20.284+0000 7f935e68e700 1 -- 172.21.15.17:0/3304426515 >> 172.21.15.17:0/3304426515 conn(0x7f9358100620 msgr2=0x7f9358101450 unknown :-1 s=STATE_NONE l=0).mark_down
2023-08-25T05:05:20.649 INFO:teuthology.orchestra.run.smithi017.stdout:/usr/bin/ceph: stderr
2023-08-25T05:05:20.284+0000 7f935e68e700 1 -- 172.21.15.17:0/3304426515 shutdown_connections
2023-08-25T05:05:20.649 INFO:teuthology.orchestra.run.smithi017.stdout:/usr/bin/ceph: stderr
2023-08-25T05:05:20.284+0000 7f935e68e700 1 -- 172.21.15.17:0/3304426515 wait complete.
2023-08-25T05:05:20.896 INFO:journalctl@ceph.mon.a.smithi017.stdout:Aug 25 05:05:20 smithi017 ceph-mon[98666]: from='mgr.14120 172.21.15.17:0/807077400' entity='mgr.x'
2023-08-25T05:05:20.896 INFO:journalctl@ceph.mon.a.smithi017.stdout:Aug 25 05:05:20 smithi017 ceph-mon[98666]: from='mgr.14120 172.21.15.17:0/807077400' entity='mgr.x'
2023-08-25T05:05:21.883 INFO:teuthology.orchestra.run.smithi017.stdout:/usr/bin/ceph: stderr
2023-08-25T05:05:21.138+0000 7f0b4bef8700 1 Processor -- start
2023-08-25T05:05:21.883 INFO:teuthology.orchestra.run.smithi017.stdout:/usr/bin/ceph: stderr
2023-08-25T05:05:21.139+0000 7f0b4bef8700 1 -- start start
2023-08-25T05:05:21.883 INFO:teuthology.orchestra.run.smithi017.stdout:/usr/bin/ceph: stderr
2023-08-25T05:05:21.139+0000 7f0b4bef8700 1 --2- >> [v2:172.21.15.17:3300/0,v1:172.21.15.17:6789/0] conn(0x7f0b441061b0 0x7f0b441065d0 unknown :-1 s=NONE pgs=0 cs=0 l=0 rev1=0 crypto rx=0 tx=0 comp rx=0 tx=0).connect
2023-08-25T05:05:21.883 INFO:teuthology.orchestra.run.smithi017.stdout:/usr/bin/ceph: stderr
2023-08-25T05:05:21.139+0000 7f0b4bef8700 1 -- --> [v2:172.21.15.17:3300/0,v1:172.21.15.17:6789/0] -- mon_getmap magic: 0 v1 -- 0x7f0b44106ba0 con 0x7f0b441061b0
2023-08-25T05:05:21.883 INFO:teuthology.orchestra.run.smithi017.stdout:/usr/bin/ceph: stderr
2023-08-25T05:05:21.139+0000 7f0b49c94700 1 --2- >> [v2:172.21.15.17:3300/0,v1:172.21.15.17:6789/0] conn(0x7f0b441061b0 0x7f0b441065d0 unknown :-1 s=BANNER_CONNECTING pgs=0 cs=0 l=0 rev1=0 crypto rx=0 tx=0 comp rx=0 tx=0)._handle_peer_banner_payload supported=3 required=0
2023-08-25T05:05:21.883 INFO:teuthology.orchestra.run.smithi017.stdout:/usr/bin/ceph: stderr
2023-08-25T05:05:21.139+0000 7f0b49c94700 1 --2- >> [v2:172.21.15.17:3300/0,v1:172.21.15.17:6789/0] conn(0x7f0b441061b0 0x7f0b441065d0 unknown :-1 s=HELLO_CONNECTING pgs=0 cs=0 l=0 rev1=1 crypto rx=0 tx=0 comp rx=0 tx=0).handle_hello peer v2:172.21.15.17:3300/0 says I am v2:172.21.15.17:60228/0 (socket says 172.21.15.17:60228)
2023-08-25T05:05:21.884 INFO:teuthology.orchestra.run.smithi017.stdout:/usr/bin/ceph: stderr
2023-08-25T05:05:21.139+0000 7f0b49c94700 1 -- 172.21.15.17:0/3524769296 learned_addr learned my addr 172.21.15.17:0/3524769296 (peer_addr_for_me v2:172.21.15.17:0/0)
2023-08-25T05:05:21.884 INFO:teuthology.orchestra.run.smithi017.stdout:/usr/bin/ceph: stderr
2023-08-25T05:05:21.139+0000 7f0b49c94700 1 -- 172.21.15.17:0/3524769296 --> [v2:172.21.15.17:3300/0,v1:172.21.15.17:6789/0] -- mon_subscribe({config=0+,monmap=0+}) v3 -- 0x7f0b441073b0 con 0x7f0b441061b0
2023-08-25T05:05:21.884 INFO:teuthology.orchestra.run.smithi017.stdout:/usr/bin/ceph: stderr
2023-08-25T05:05:21.139+0000 7f0b49c94700 1 --2- 172.21.15.17:0/3524769296 >> [v2:172.21.15.17:3300/0,v1:172.21.15.17:6789/0] conn(0x7f0b441061b0 0x7f0b441065d0 secure :-1 s=READY pgs=51 cs=0 l=1 rev1=1 crypto rx=0x7f0b3c009e80 tx=0x7f0b3c00b330 comp rx=0 tx=0).ready entity=mon.0 client_cookie=9e6cec3f086336e8 server_cookie=0 in_seq=0 out_seq=0
2023-08-25T05:05:21.884 INFO:teuthology.orchestra.run.smithi017.stdout:/usr/bin/ceph: stderr
2023-08-25T05:05:21.140+0000 7f0b48c92700 1 -- 172.21.15.17:0/3524769296 <== mon.0 v2:172.21.15.17:3300/0 1 ==== mon_map magic: 0 v1 ==== 205+0+0 (secure 0 0 0) 0x7f0b3c00e070 con 0x7f0b441061b0
2023-08-25T05:05:21.884 INFO:teuthology.orchestra.run.smithi017.stdout:/usr/bin/ceph: stderr
2023-08-25T05:05:21.140+0000 7f0b48c92700 1 -- 172.21.15.17:0/3524769296 <== mon.0 v2:172.21.15.17:3300/0 2 ==== config(26 keys) v1 ==== 1105+0+0 (secure 0 0 0) 0x7f0b3c00b8c0 con 0x7f0b441061b0
2023-08-25T05:05:21.884 INFO:teuthology.orchestra.run.smithi017.stdout:/usr/bin/ceph: stderr
2023-08-25T05:05:21.140+0000 7f0b48c92700 1 -- 172.21.15.17:0/3524769296 <== mon.0 v2:172.21.15.17:3300/0 3 ==== mon_map magic: 0 v1 ==== 205+0+0 (secure 0 0 0) 0x7f0b3c0043e0 con 0x7f0b441061b0
2023-08-25T05:05:21.885 INFO:teuthology.orchestra.run.smithi017.stdout:/usr/bin/ceph: stderr
2023-08-25T05:05:21.140+0000 7f0b4bef8700 1 -- 172.21.15.17:0/3524769296 >> [v2:172.21.15.17:3300/0,v1:172.21.15.17:6789/0] conn(0x7f0b441061b0 msgr2=0x7f0b441065d0 secure :-1 s=STATE_CONNECTION_ESTABLISHED l=1).mark_down
2023-08-25T05:05:21.885 INFO:teuthology.orchestra.run.smithi017.stdout:/usr/bin/ceph: stderr
2023-08-25T05:05:21.140+0000 7f0b4bef8700 1 --2- 172.21.15.17:0/3524769296 >> [v2:172.21.15.17:3300/0,v1:172.21.15.17:6789/0] conn(0x7f0b441061b0 0x7f0b441065d0 secure :-1 s=READY pgs=51 cs=0 l=1 rev1=1 crypto rx=0x7f0b3c009e80 tx=0x7f0b3c00b330 comp rx=0 tx=0).stop
2023-08-25T05:05:21.885 INFO:teuthology.orchestra.run.smithi017.stdout:/usr/bin/ceph: stderr
2023-08-25T05:05:21.140+0000 7f0b4bef8700 1 -- 172.21.15.17:0/3524769296 shutdown_connections
2023-08-25T05:05:21.885 INFO:teuthology.orchestra.run.smithi017.stdout:/usr/bin/ceph: stderr
2023-08-25T05:05:21.140+0000 7f0b4bef8700 1 --2- 172.21.15.17:0/3524769296 >> [v2:172.21.15.17:3300/0,v1:172.21.15.17:6789/0] conn(0x7f0b441061b0 0x7f0b441065d0 unknown :-1 s=CLOSED pgs=51 cs=0 l=1 rev1=1 crypto rx=0 tx=0 comp rx=0 tx=0).stop
2023-08-25T05:05:21.885 INFO:teuthology.orchestra.run.smithi017.stdout:/usr/bin/ceph: stderr
2023-08-25T05:05:21.140+0000 7f0b4bef8700 1 -- 172.21.15.17:0/3524769296 >> 172.21.15.17:0/3524769296 conn(0x7f0b44101750 msgr2=0x7f0b44103b90 unknown :-1 s=STATE_NONE l=0).mark_down
2023-08-25T05:05:21.886 INFO:teuthology.orchestra.run.smithi017.stdout:/usr/bin/ceph: stderr
2023-08-25T05:05:21.140+0000 7f0b4bef8700 1 -- 172.21.15.17:0/3524769296 shutdown_connections
2023-08-25T05:05:21.886 INFO:teuthology.orchestra.run.smithi017.stdout:/usr/bin/ceph: stderr
2023-08-25T05:05:21.140+0000 7f0b4bef8700 1 -- 172.21.15.17:0/3524769296 wait complete.
2023-08-25T05:05:21.886 INFO:teuthology.orchestra.run.smithi017.stdout:/usr/bin/ceph: stderr
2023-08-25T05:05:21.141+0000 7f0b4bef8700 1 Processor -- start
2023-08-25T05:05:21.886 INFO:teuthology.orchestra.run.smithi017.stdout:/usr/bin/ceph: stderr
2023-08-25T05:05:21.141+0000 7f0b4bef8700 1 -- start start
2023-08-25T05:05:21.887 INFO:teuthology.orchestra.run.smithi017.stdout:/usr/bin/ceph: stderr
2023-08-25T05:05:21.141+0000 7f0b4bef8700 1 --2- >> [v2:172.21.15.17:3300/0,v1:172.21.15.17:6789/0] conn(0x7f0b441061b0 0x7f0b44199e50 unknown :-1 s=NONE pgs=0 cs=0 l=1 rev1=0 crypto rx=0 tx=0 comp rx=0 tx=0).connect
2023-08-25T05:05:21.887 INFO:teuthology.orchestra.run.smithi017.stdout:/usr/bin/ceph: stderr
2023-08-25T05:05:21.141+0000 7f0b4bef8700 1 -- --> [v2:172.21.15.17:3300/0,v1:172.21.15.17:6789/0] -- mon_getmap magic: 0 v1 -- 0x7f0b4419a390 con 0x7f0b441061b0
2023-08-25T05:05:21.887 INFO:teuthology.orchestra.run.smithi017.stdout:/usr/bin/ceph: stderr
2023-08-25T05:05:21.141+0000 7f0b49c94700 1 --2- >> [v2:172.21.15.17:3300/0,v1:172.21.15.17:6789/0] conn(0x7f0b441061b0 0x7f0b44199e50 unknown :-1 s=BANNER_CONNECTING pgs=0 cs=0 l=1 rev1=0 crypto rx=0 tx=0 comp rx=0 tx=0)._handle_peer_banner_payload supported=3 required=0
2023-08-25T05:05:21.888 INFO:teuthology.orchestra.run.smithi017.stdout:/usr/bin/ceph: stderr
2023-08-25T05:05:21.141+0000 7f0b49c94700 1 --2- >> [v2:172.21.15.17:3300/0,v1:172.21.15.17:6789/0] conn(0x7f0b441061b0 0x7f0b44199e50 unknown :-1 s=HELLO_CONNECTING pgs=0 cs=0 l=1 rev1=1 crypto rx=0 tx=0 comp rx=0 tx=0).handle_hello peer v2:172.21.15.17:3300/0 says I am v2:172.21.15.17:60230/0 (socket says 172.21.15.17:60230)
2023-08-25T05:05:21.888 INFO:teuthology.orchestra.run.smithi017.stdout:/usr/bin/ceph: stderr
2023-08-25T05:05:21.141+0000 7f0b49c94700 1 -- 172.21.15.17:0/2744490953 learned_addr learned my addr 172.21.15.17:0/2744490953 (peer_addr_for_me v2:172.21.15.17:0/0)
2023-08-25T05:05:21.888 INFO:teuthology.orchestra.run.smithi017.stdout:/usr/bin/ceph: stderr
2023-08-25T05:05:21.142+0000 7f0b49c94700 1 -- 172.21.15.17:0/2744490953 --> [v2:172.21.15.17:3300/0,v1:172.21.15.17:6789/0] -- mon_subscribe({config=0+,monmap=0+}) v3 -- 0x7f0b3c009b30 con 0x7f0b441061b0
2023-08-25T05:05:21.888 INFO:teuthology.orchestra.run.smithi017.stdout:/usr/bin/ceph: stderr
2023-08-25T05:05:21.142+0000 7f0b49c94700 1 --2- 172.21.15.17:0/2744490953 >> [v2:172.21.15.17:3300/0,v1:172.21.15.17:6789/0] conn(0x7f0b441061b0 0x7f0b44199e50 secure :-1 s=READY pgs=52 cs=0 l=1 rev1=1 crypto rx=0x7f0b3c009530 tx=0x7f0b3c003d00 comp rx=0 tx=0).ready entity=mon.0 client_cookie=0 server_cookie=0 in_seq=0 out_seq=0
2023-08-25T05:05:21.889 INFO:teuthology.orchestra.run.smithi017.stdout:/usr/bin/ceph: stderr
2023-08-25T05:05:21.142+0000 7f0b42ffd700 1 -- 172.21.15.17:0/2744490953 <== mon.0 v2:172.21.15.17:3300/0 1 ==== mon_map magic: 0 v1 ==== 205+0+0 (secure 0 0 0) 0x7f0b3c00e040 con 0x7f0b441061b0
2023-08-25T05:05:21.889 INFO:teuthology.orchestra.run.smithi017.stdout:/usr/bin/ceph: stderr
2023-08-25T05:05:21.142+0000 7f0b42ffd700 1 -- 172.21.15.17:0/2744490953 <== mon.0 v2:172.21.15.17:3300/0 2 ==== config(26 keys) v1 ==== 1105+0+0 (secure 0 0 0) 0x7f0b3c00bd70 con 0x7f0b441061b0
2023-08-25T05:05:21.889 INFO:teuthology.orchestra.run.smithi017.stdout:/usr/bin/ceph: stderr
2023-08-25T05:05:21.142+0000 7f0b4bef8700 1 -- 172.21.15.17:0/2744490953 --> [v2:172.21.15.17:3300/0,v1:172.21.15.17:6789/0] -- mon_subscribe({mgrmap=0+}) v3 -- 0x7f0b4419a590 con 0x7f0b441061b0
2023-08-25T05:05:21.890 INFO:teuthology.orchestra.run.smithi017.stdout:/usr/bin/ceph: stderr
2023-08-25T05:05:21.142+0000 7f0b42ffd700 1 -- 172.21.15.17:0/2744490953 <== mon.0 v2:172.21.15.17:3300/0 3 ==== mon_map magic: 0 v1 ==== 205+0+0 (secure 0 0 0) 0x7f0b3c01c700 con 0x7f0b441061b0
2023-08-25T05:05:21.890 INFO:teuthology.orchestra.run.smithi017.stdout:/usr/bin/ceph: stderr
2023-08-25T05:05:21.142+0000 7f0b4bef8700 1 -- 172.21.15.17:0/2744490953 --> [v2:172.21.15.17:3300/0,v1:172.21.15.17:6789/0] -- mon_subscribe({osdmap=0}) v3 -- 0x7f0b4419aa10 con 0x7f0b441061b0
2023-08-25T05:05:21.890 INFO:teuthology.orchestra.run.smithi017.stdout:/usr/bin/ceph: stderr
2023-08-25T05:05:21.143+0000 7f0b42ffd700 1 -- 172.21.15.17:0/2744490953 <== mon.0 v2:172.21.15.17:3300/0 4 ==== mgrmap(e 8) v1 ==== 45135+0+0 (secure 0 0 0) 0x7f0b3c012a80 con 0x7f0b441061b0
2023-08-25T05:05:21.891 INFO:teuthology.orchestra.run.smithi017.stdout:/usr/bin/ceph: stderr
2023-08-25T05:05:21.143+0000 7f0b4bef8700 1 -- 172.21.15.17:0/2744490953 --> [v2:172.21.15.17:3300/0,v1:172.21.15.17:6789/0] -- mon_command({"prefix": "get_command_descriptions"} v 0) v1 -- 0x7f0b44061f50 con 0x7f0b441061b0
2023-08-25T05:05:21.891 INFO:teuthology.orchestra.run.smithi017.stdout:/usr/bin/ceph: stderr
2023-08-25T05:05:21.143+0000 7f0b42ffd700 1 --2- 172.21.15.17:0/2744490953 >> [v2:172.21.15.17:6800/2127607636,v1:172.21.15.17:6801/2127607636] conn(0x7f0b2c0381b0 0x7f0b2c03a670 unknown :-1 s=NONE pgs=0 cs=0 l=1 rev1=0 crypto rx=0 tx=0 comp rx=0 tx=0).connect
2023-08-25T05:05:21.891 INFO:teuthology.orchestra.run.smithi017.stdout:/usr/bin/ceph: stderr
2023-08-25T05:05:21.143+0000 7f0b42ffd700 1 -- 172.21.15.17:0/2744490953 <== mon.0 v2:172.21.15.17:3300/0 5 ==== osd_map(2..2 src has 1..2) v4 ==== 940+0+0 (secure 0 0 0) 0x7f0b3c04bea0 con 0x7f0b441061b0
2023-08-25T05:05:21.891 INFO:teuthology.orchestra.run.smithi017.stdout:/usr/bin/ceph: stderr
2023-08-25T05:05:21.143+0000 7f0b49493700 1 --2- 172.21.15.17:0/2744490953 >> [v2:172.21.15.17:6800/2127607636,v1:172.21.15.17:6801/2127607636] conn(0x7f0b2c0381b0 0x7f0b2c03a670 unknown :-1 s=BANNER_CONNECTING pgs=0 cs=0 l=1 rev1=0 crypto rx=0 tx=0 comp rx=0 tx=0)._handle_peer_banner_payload supported=3 required=0
2023-08-25T05:05:21.891 INFO:teuthology.orchestra.run.smithi017.stdout:/usr/bin/ceph: stderr
2023-08-25T05:05:21.144+0000 7f0b49493700 1 --2- 172.21.15.17:0/2744490953 >> [v2:172.21.15.17:6800/2127607636,v1:172.21.15.17:6801/2127607636] conn(0x7f0b2c0381b0 0x7f0b2c03a670 secure :-1 s=READY pgs=14 cs=0 l=1 rev1=1 crypto rx=0x7f0b38006fd0 tx=0x7f0b38006e40 comp rx=0 tx=0).ready entity=mgr.14120 client_cookie=0 server_cookie=0 in_seq=0 out_seq=0
2023-08-25T05:05:21.891 INFO:teuthology.orchestra.run.smithi017.stdout:/usr/bin/ceph: stderr
2023-08-25T05:05:21.148+0000 7f0b42ffd700 1 -- 172.21.15.17:0/2744490953 <== mon.0 v2:172.21.15.17:3300/0 6 ==== mon_command_ack([{"prefix": "get_command_descriptions"}]=0 v0) v1 ==== 72+0+179682 (secure 0 0 0) 0x7f0b3c012430 con 0x7f0b441061b0
2023-08-25T05:05:21.892 INFO:teuthology.orchestra.run.smithi017.stdout:/usr/bin/ceph: stderr
2023-08-25T05:05:21.514+0000 7f0b4bef8700 1 -- 172.21.15.17:0/2744490953 --> [v2:172.21.15.17:3300/0,v1:172.21.15.17:6789/0] -- mon_command([{prefix=config set, name=mgr/cephadm/container_init}] v 0) v1 -- 0x7f0b4410a5e0 con 0x7f0b441061b0
2023-08-25T05:05:21.892 INFO:teuthology.orchestra.run.smithi017.stdout:/usr/bin/ceph: stderr
2023-08-25T05:05:21.517+0000 7f0b42ffd700 1 -- 172.21.15.17:0/2744490953 <== mon.0 v2:172.21.15.17:3300/0 7 ==== mon_command_ack([{prefix=config set, name=mgr/cephadm/container_init}]=0 v7)=0 v7) v1 ==== 142+0+0 (secure 0 0 0) 0x7f0b3c0200d0 con 0x7f0b441061b0
2023-08-25T05:05:21.892 INFO:teuthology.orchestra.run.smithi017.stdout:/usr/bin/ceph: stderr
2023-08-25T05:05:21.519+0000 7f0b4bef8700 1 -- 172.21.15.17:0/2744490953 >> [v2:172.21.15.17:6800/2127607636,v1:172.21.15.17:6801/2127607636] conn(0x7f0b2c0381b0 msgr2=0x7f0b2c03a670 secure :-1 s=STATE_CONNECTION_ESTABLISHED l=1).mark_down
2023-08-25T05:05:21.892 INFO:teuthology.orchestra.run.smithi017.stdout:/usr/bin/ceph: stderr
2023-08-25T05:05:21.519+0000 7f0b4bef8700 1 --2- 172.21.15.17:0/2744490953 >> [v2:172.21.15.17:6800/2127607636,v1:172.21.15.17:6801/2127607636] conn(0x7f0b2c0381b0 0x7f0b2c03a670 secure :-1 s=READY pgs=14 cs=0 l=1 rev1=1 crypto rx=0x7f0b38006fd0 tx=0x7f0b38006e40 comp rx=0 tx=0).stop
2023-08-25T05:05:21.892 INFO:teuthology.orchestra.run.smithi017.stdout:/usr/bin/ceph: stderr
2023-08-25T05:05:21.519+0000 7f0b4bef8700 1 -- 172.21.15.17:0/2744490953 >> [v2:172.21.15.17:3300/0,v1:172.21.15.17:6789/0] conn(0x7f0b441061b0 msgr2=0x7f0b44199e50 secure :-1 s=STATE_CONNECTION_ESTABLISHED l=1).mark_down
2023-08-25T05:05:21.892 INFO:teuthology.orchestra.run.smithi017.stdout:/usr/bin/ceph: stderr
2023-08-25T05:05:21.519+0000 7f0b4bef8700 1 --2- 172.21.15.17:0/2744490953 >> [v2:172.21.15.17:3300/0,v1:172.21.15.17:6789/0] conn(0x7f0b441061b0 0x7f0b44199e50 secure :-1 s=READY pgs=52 cs=0 l=1 rev1=1 crypto rx=0x7f0b3c009530 tx=0x7f0b3c003d00 comp rx=0 tx=0).stop
2023-08-25T05:05:21.892 INFO:teuthology.orchestra.run.smithi017.stdout:/usr/bin/ceph: stderr
2023-08-25T05:05:21.519+0000 7f0b4bef8700 1 -- 172.21.15.17:0/2744490953 shutdown_connections
2023-08-25T05:05:21.893 INFO:teuthology.orchestra.run.smithi017.stdout:/usr/bin/ceph: stderr
2023-08-25T05:05:21.519+0000 7f0b4bef8700 1 --2- 172.21.15.17:0/2744490953 >> [v2:172.21.15.17:6800/2127607636,v1:172.21.15.17:6801/2127607636] conn(0x7f0b2c0381b0 0x7f0b2c03a670 unknown :-1 s=CLOSED pgs=14 cs=0 l=1 rev1=1 crypto rx=0 tx=0 comp rx=0 tx=0).stop
2023-08-25T05:05:21.893 INFO:teuthology.orchestra.run.smithi017.stdout:/usr/bin/ceph: stderr
2023-08-25T05:05:21.519+0000 7f0b4bef8700 1 --2- 172.21.15.17:0/2744490953 >> [v2:172.21.15.17:3300/0,v1:172.21.15.17:6789/0] conn(0x7f0b441061b0 0x7f0b44199e50 unknown :-1 s=CLOSED pgs=52 cs=0 l=1 rev1=1 crypto rx=0 tx=0 comp rx=0 tx=0).stop
2023-08-25T05:05:21.893 INFO:teuthology.orchestra.run.smithi017.stdout:/usr/bin/ceph: stderr
2023-08-25T05:05:21.519+0000 7f0b4bef8700 1 -- 172.21.15.17:0/2744490953 >> 172.21.15.17:0/2744490953 conn(0x7f0b44101750 msgr2=0x7f0b44102550 unknown :-1 s=STATE_NONE l=0).mark_down
2023-08-25T05:05:21.893 INFO:teuthology.orchestra.run.smithi017.stdout:/usr/bin/ceph: stderr
2023-08-25T05:05:21.520+0000 7f0b4bef8700 1 -- 172.21.15.17:0/2744490953 shutdown_connections
2023-08-25T05:05:21.893 INFO:teuthology.orchestra.run.smithi017.stdout:/usr/bin/ceph: stderr
2023-08-25T05:05:21.520+0000 7f0b4bef8700 1 -- 172.21.15.17:0/2744490953 wait complete.
2023-08-25T05:05:22.091 INFO:journalctl@ceph.mon.a.smithi017.stdout:Aug 25 05:05:21 smithi017 ceph-mon[98666]: from='client.14144 -' entity='client.admin' cmd=[{"prefix": "orch apply", "service_type": "mgr", "unmanaged": true, "target": ["mon-mgr", ""]}]: dispatch
2023-08-25T05:05:22.091 INFO:journalctl@ceph.mon.a.smithi017.stdout:Aug 25 05:05:21 smithi017 ceph-mon[98666]: Saving service mgr spec with placement count:2
2023-08-25T05:05:22.091 INFO:journalctl@ceph.mon.a.smithi017.stdout:Aug 25 05:05:21 smithi017 ceph-mon[98666]: from='mgr.14120 172.21.15.17:0/807077400' entity='mgr.x'
2023-08-25T05:05:22.092 INFO:journalctl@ceph.mon.a.smithi017.stdout:Aug 25 05:05:21 smithi017 ceph-mon[98666]: from='client.? 172.21.15.17:0/2744490953' entity='client.admin'
2023-08-25T05:05:23.128 INFO:teuthology.orchestra.run.smithi017.stdout:/usr/bin/ceph: stderr
2023-08-25T05:05:22.391+0000 7fd62e8c8700 1 Processor -- start
2023-08-25T05:05:23.129 INFO:teuthology.orchestra.run.smithi017.stdout:/usr/bin/ceph: stderr
2023-08-25T05:05:22.392+0000 7fd62e8c8700 1 -- start start
2023-08-25T05:05:23.129 INFO:teuthology.orchestra.run.smithi017.stdout:/usr/bin/ceph: stderr
2023-08-25T05:05:22.392+0000 7fd62e8c8700 1 --2- >> [v2:172.21.15.17:3300/0,v1:172.21.15.17:6789/0] conn(0x7fd628106c50 0x7fd628109040 unknown :-1 s=NONE pgs=0 cs=0 l=0 rev1=0 crypto rx=0 tx=0 comp rx=0 tx=0).connect
2023-08-25T05:05:23.129 INFO:teuthology.orchestra.run.smithi017.stdout:/usr/bin/ceph: stderr
2023-08-25T05:05:22.392+0000 7fd62e8c8700 1 -- --> [v2:172.21.15.17:3300/0,v1:172.21.15.17:6789/0] -- mon_getmap magic: 0 v1 -- 0x7fd628079e00 con 0x7fd628106c50
2023-08-25T05:05:23.129 INFO:teuthology.orchestra.run.smithi017.stdout:/usr/bin/ceph: stderr
2023-08-25T05:05:22.392+0000 7fd627fff700 1 --2- >> [v2:172.21.15.17:3300/0,v1:172.21.15.17:6789/0] conn(0x7fd628106c50 0x7fd628109040 unknown :-1 s=BANNER_CONNECTING pgs=0 cs=0 l=0 rev1=0 crypto rx=0 tx=0 comp rx=0 tx=0)._handle_peer_banner_payload supported=3 required=0
2023-08-25T05:05:23.130 INFO:teuthology.orchestra.run.smithi017.stdout:/usr/bin/ceph: stderr
2023-08-25T05:05:22.392+0000 7fd627fff700 1 --2- >> [v2:172.21.15.17:3300/0,v1:172.21.15.17:6789/0] conn(0x7fd628106c50 0x7fd628109040 unknown :-1 s=HELLO_CONNECTING pgs=0 cs=0 l=0 rev1=1 crypto rx=0 tx=0 comp rx=0 tx=0).handle_hello peer v2:172.21.15.17:3300/0 says I am v2:172.21.15.17:60234/0 (socket says 172.21.15.17:60234)
2023-08-25T05:05:23.130 INFO:teuthology.orchestra.run.smithi017.stdout:/usr/bin/ceph: stderr
2023-08-25T05:05:22.392+0000 7fd627fff700 1 -- 172.21.15.17:0/2570566451 learned_addr learned my addr 172.21.15.17:0/2570566451 (peer_addr_for_me v2:172.21.15.17:0/0)
2023-08-25T05:05:23.130 INFO:teuthology.orchestra.run.smithi017.stdout:/usr/bin/ceph: stderr
2023-08-25T05:05:22.392+0000 7fd627fff700 1 -- 172.21.15.17:0/2570566451 --> [v2:172.21.15.17:3300/0,v1:172.21.15.17:6789/0] -- mon_subscribe({config=0+,monmap=0+}) v3 -- 0x7fd628109580 con 0x7fd628106c50
2023-08-25T05:05:23.130 INFO:teuthology.orchestra.run.smithi017.stdout:/usr/bin/ceph: stderr
2023-08-25T05:05:22.393+0000 7fd627fff700 1 --2- 172.21.15.17:0/2570566451 >> [v2:172.21.15.17:3300/0,v1:172.21.15.17:6789/0] conn(0x7fd628106c50 0x7fd628109040 secure :-1 s=READY pgs=53 cs=0 l=1 rev1=1 crypto rx=0x7fd6180098a0 tx=0x7fd618009bb0 comp rx=0 tx=0).ready entity=mon.0 client_cookie=4aeac42bca4192d server_cookie=0 in_seq=0 out_seq=0
2023-08-25T05:05:23.130 INFO:teuthology.orchestra.run.smithi017.stdout:/usr/bin/ceph: stderr
2023-08-25T05:05:22.393+0000 7fd626ffd700 1 -- 172.21.15.17:0/2570566451 <== mon.0 v2:172.21.15.17:3300/0 1 ==== mon_map magic: 0 v1 ==== 205+0+0 (secure 0 0 0) 0x7fd618004160 con 0x7fd628106c50
2023-08-25T05:05:23.130 INFO:teuthology.orchestra.run.smithi017.stdout:/usr/bin/ceph: stderr
2023-08-25T05:05:22.393+0000 7fd626ffd700 1 -- 172.21.15.17:0/2570566451 <== mon.0 v2:172.21.15.17:3300/0 2 ==== config(26 keys) v1 ==== 1105+0+0 (secure 0 0 0) 0x7fd6180042c0 con 0x7fd628106c50
2023-08-25T05:05:23.131 INFO:teuthology.orchestra.run.smithi017.stdout:/usr/bin/ceph: stderr
2023-08-25T05:05:22.393+0000 7fd626ffd700 1 -- 172.21.15.17:0/2570566451 <== mon.0 v2:172.21.15.17:3300/0 3 ==== mon_map magic: 0 v1 ==== 205+0+0 (secure 0 0 0) 0x7fd6180119b0 con 0x7fd628106c50
2023-08-25T05:05:23.131 INFO:teuthology.orchestra.run.smithi017.stdout:/usr/bin/ceph: stderr
2023-08-25T05:05:22.394+0000 7fd62e8c8700 1 -- 172.21.15.17:0/2570566451 >> [v2:172.21.15.17:3300/0,v1:172.21.15.17:6789/0] conn(0x7fd628106c50 msgr2=0x7fd628109040 secure :-1 s=STATE_CONNECTION_ESTABLISHED l=1).mark_down
2023-08-25T05:05:23.131 INFO:teuthology.orchestra.run.smithi017.stdout:/usr/bin/ceph: stderr
2023-08-25T05:05:22.394+0000 7fd62e8c8700 1 --2- 172.21.15.17:0/2570566451 >> [v2:172.21.15.17:3300/0,v1:172.21.15.17:6789/0] conn(0x7fd628106c50 0x7fd628109040 secure :-1 s=READY pgs=53 cs=0 l=1 rev1=1 crypto rx=0x7fd6180098a0 tx=0x7fd618009bb0 comp rx=0 tx=0).stop
2023-08-25T05:05:23.131 INFO:teuthology.orchestra.run.smithi017.stdout:/usr/bin/ceph: stderr
2023-08-25T05:05:22.394+0000 7fd62e8c8700 1 -- 172.21.15.17:0/2570566451 shutdown_connections
2023-08-25T05:05:23.131 INFO:teuthology.orchestra.run.smithi017.stdout:/usr/bin/ceph: stderr
2023-08-25T05:05:22.394+0000 7fd62e8c8700 1 --2- 172.21.15.17:0/2570566451 >> [v2:172.21.15.17:3300/0,v1:172.21.15.17:6789/0] conn(0x7fd628106c50 0x7fd628109040 unknown :-1 s=CLOSED pgs=53 cs=0 l=1 rev1=1 crypto rx=0 tx=0 comp rx=0 tx=0).stop
2023-08-25T05:05:23.132 INFO:teuthology.orchestra.run.smithi017.stdout:/usr/bin/ceph: stderr
2023-08-25T05:05:22.394+0000 7fd62e8c8700 1 -- 172.21.15.17:0/2570566451 >> 172.21.15.17:0/2570566451 conn(0x7fd628100620 msgr2=0x7fd628102a80 unknown :-1 s=STATE_NONE l=0).mark_down
2023-08-25T05:05:23.132 INFO:teuthology.orchestra.run.smithi017.stdout:/usr/bin/ceph: stderr
2023-08-25T05:05:22.394+0000 7fd62e8c8700 1 -- 172.21.15.17:0/2570566451 shutdown_connections
2023-08-25T05:05:23.132 INFO:teuthology.orchestra.run.smithi017.stdout:/usr/bin/ceph: stderr
2023-08-25T05:05:22.394+0000 7fd62e8c8700 1 -- 172.21.15.17:0/2570566451 wait complete.
2023-08-25T05:05:23.132 INFO:teuthology.orchestra.run.smithi017.stdout:/usr/bin/ceph: stderr
2023-08-25T05:05:22.395+0000 7fd62e8c8700 1 Processor -- start
2023-08-25T05:05:23.132 INFO:teuthology.orchestra.run.smithi017.stdout:/usr/bin/ceph: stderr
2023-08-25T05:05:22.395+0000 7fd62e8c8700 1 -- start start
2023-08-25T05:05:23.133 INFO:teuthology.orchestra.run.smithi017.stdout:/usr/bin/ceph: stderr
2023-08-25T05:05:22.395+0000 7fd62e8c8700 1 --2- >> [v2:172.21.15.17:3300/0,v1:172.21.15.17:6789/0] conn(0x7fd628106c50 0x7fd6281065b0 unknown :-1 s=NONE pgs=0 cs=0 l=1 rev1=0 crypto rx=0 tx=0 comp rx=0 tx=0).connect
2023-08-25T05:05:23.133 INFO:teuthology.orchestra.run.smithi017.stdout:/usr/bin/ceph: stderr
2023-08-25T05:05:22.395+0000 7fd62e8c8700 1 -- --> [v2:172.21.15.17:3300/0,v1:172.21.15.17:6789/0] -- mon_getmap magic: 0 v1 -- 0x7fd628106af0 con 0x7fd628106c50
2023-08-25T05:05:23.133 INFO:teuthology.orchestra.run.smithi017.stdout:/usr/bin/ceph: stderr
2023-08-25T05:05:22.395+0000 7fd627fff700 1 --2- >> [v2:172.21.15.17:3300/0,v1:172.21.15.17:6789/0] conn(0x7fd628106c50 0x7fd6281065b0 unknown :-1 s=BANNER_CONNECTING pgs=0 cs=0 l=1 rev1=0 crypto rx=0 tx=0 comp rx=0 tx=0)._handle_peer_banner_payload supported=3 required=0
2023-08-25T05:05:23.134 INFO:teuthology.orchestra.run.smithi017.stdout:/usr/bin/ceph: stderr
2023-08-25T05:05:22.395+0000 7fd627fff700 1 --2- >> [v2:172.21.15.17:3300/0,v1:172.21.15.17:6789/0] conn(0x7fd628106c50 0x7fd6281065b0 unknown :-1 s=HELLO_CONNECTING pgs=0 cs=0 l=1 rev1=1 crypto rx=0 tx=0 comp rx=0 tx=0).handle_hello peer v2:172.21.15.17:3300/0 says I am v2:172.21.15.17:60236/0 (socket says 172.21.15.17:60236)
2023-08-25T05:05:23.134 INFO:teuthology.orchestra.run.smithi017.stdout:/usr/bin/ceph: stderr
2023-08-25T05:05:22.395+0000 7fd627fff700 1 -- 172.21.15.17:0/353866922 learned_addr learned my addr 172.21.15.17:0/353866922 (peer_addr_for_me v2:172.21.15.17:0/0)
2023-08-25T05:05:23.134 INFO:teuthology.orchestra.run.smithi017.stdout:/usr/bin/ceph: stderr
2023-08-25T05:05:22.396+0000 7fd627fff700 1 -- 172.21.15.17:0/353866922 --> [v2:172.21.15.17:3300/0,v1:172.21.15.17:6789/0] -- mon_subscribe({config=0+,monmap=0+}) v3 -- 0x7fd618009550 con 0x7fd628106c50
2023-08-25T05:05:23.134 INFO:teuthology.orchestra.run.smithi017.stdout:/usr/bin/ceph: stderr
2023-08-25T05:05:22.396+0000 7fd627fff700 1 --2- 172.21.15.17:0/353866922 >> [v2:172.21.15.17:3300/0,v1:172.21.15.17:6789/0] conn(0x7fd628106c50 0x7fd6281065b0 secure :-1 s=READY pgs=54 cs=0 l=1 rev1=1 crypto rx=0x7fd618003e60 tx=0x7fd618011aa0 comp rx=0 tx=0).ready entity=mon.0 client_cookie=0 server_cookie=0 in_seq=0 out_seq=0
2023-08-25T05:05:23.134 INFO:teuthology.orchestra.run.smithi017.stdout:/usr/bin/ceph: stderr
2023-08-25T05:05:22.396+0000 7fd6257fa700 1 -- 172.21.15.17:0/353866922 <== mon.0 v2:172.21.15.17:3300/0 1 ==== mon_map magic: 0 v1 ==== 205+0+0 (secure 0 0 0) 0x7fd618003970 con 0x7fd628106c50
2023-08-25T05:05:23.135 INFO:teuthology.orchestra.run.smithi017.stdout:/usr/bin/ceph: stderr
2023-08-25T05:05:22.396+0000 7fd6257fa700 1 -- 172.21.15.17:0/353866922 <== mon.0 v2:172.21.15.17:3300/0 2 ==== config(26 keys) v1 ==== 1105+0+0 (secure 0 0 0) 0x7fd618003ad0 con 0x7fd628106c50
2023-08-25T05:05:23.135 INFO:teuthology.orchestra.run.smithi017.stdout:/usr/bin/ceph: stderr
2023-08-25T05:05:22.396+0000 7fd6257fa700 1 -- 172.21.15.17:0/353866922 <== mon.0 v2:172.21.15.17:3300/0 3 ==== mon_map magic: 0 v1 ==== 205+0+0 (secure 0 0 0) 0x7fd6180195e0 con 0x7fd628106c50
2023-08-25T05:05:23.135 INFO:teuthology.orchestra.run.smithi017.stdout:/usr/bin/ceph: stderr
2023-08-25T05:05:22.396+0000 7fd62e8c8700 1 -- 172.21.15.17:0/353866922 --> [v2:172.21.15.17:3300/0,v1:172.21.15.17:6789/0] -- mon_subscribe({mgrmap=0+}) v3 -- 0x7fd628104c00 con 0x7fd628106c50
2023-08-25T05:05:23.135 INFO:teuthology.orchestra.run.smithi017.stdout:/usr/bin/ceph: stderr
2023-08-25T05:05:22.396+0000 7fd62e8c8700 1 -- 172.21.15.17:0/353866922 --> [v2:172.21.15.17:3300/0,v1:172.21.15.17:6789/0] -- mon_subscribe({osdmap=0}) v3 -- 0x7fd628105020 con 0x7fd628106c50
2023-08-25T05:05:23.135 INFO:teuthology.orchestra.run.smithi017.stdout:/usr/bin/ceph: stderr
2023-08-25T05:05:22.397+0000 7fd6257fa700 1 -- 172.21.15.17:0/353866922 <== mon.0 v2:172.21.15.17:3300/0 4 ==== mgrmap(e 8) v1 ==== 45135+0+0 (secure 0 0 0) 0x7fd61801a430 con 0x7fd628106c50
2023-08-25T05:05:23.135 INFO:teuthology.orchestra.run.smithi017.stdout:/usr/bin/ceph: stderr
2023-08-25T05:05:22.397+0000 7fd62e8c8700 1 -- 172.21.15.17:0/353866922 --> [v2:172.21.15.17:3300/0,v1:172.21.15.17:6789/0] -- mon_command({"prefix": "get_command_descriptions"} v 0) v1 -- 0x7fd62810a360 con 0x7fd628106c50
2023-08-25T05:05:23.135 INFO:teuthology.orchestra.run.smithi017.stdout:/usr/bin/ceph: stderr
2023-08-25T05:05:22.397+0000 7fd6257fa700 1 --2- 172.21.15.17:0/353866922 >> [v2:172.21.15.17:6800/2127607636,v1:172.21.15.17:6801/2127607636] conn(0x7fd610038110 0x7fd61003a5d0 unknown :-1 s=NONE pgs=0 cs=0 l=1 rev1=0 crypto rx=0 tx=0 comp rx=0 tx=0).connect
2023-08-25T05:05:23.136 INFO:teuthology.orchestra.run.smithi017.stdout:/usr/bin/ceph: stderr
2023-08-25T05:05:22.398+0000 7fd6257fa700 1 -- 172.21.15.17:0/353866922 <== mon.0 v2:172.21.15.17:3300/0 5 ==== osd_map(2..2 src has 1..2) v4 ==== 940+0+0 (secure 0 0 0) 0x7fd61804c050 con 0x7fd628106c50
2023-08-25T05:05:23.136 INFO:teuthology.orchestra.run.smithi017.stdout:/usr/bin/ceph: stderr
2023-08-25T05:05:22.398+0000 7fd6277fe700 1 --2- 172.21.15.17:0/353866922 >> [v2:172.21.15.17:6800/2127607636,v1:172.21.15.17:6801/2127607636] conn(0x7fd610038110 0x7fd61003a5d0 unknown :-1 s=BANNER_CONNECTING pgs=0 cs=0 l=1 rev1=0 crypto rx=0 tx=0 comp rx=0 tx=0)._handle_peer_banner_payload supported=3 required=0
2023-08-25T05:05:23.136 INFO:teuthology.orchestra.run.smithi017.stdout:/usr/bin/ceph: stderr
2023-08-25T05:05:22.398+0000 7fd6277fe700 1 --2- 172.21.15.17:0/353866922 >> [v2:172.21.15.17:6800/2127607636,v1:172.21.15.17:6801/2127607636] conn(0x7fd610038110 0x7fd61003a5d0 secure :-1 s=READY pgs=15 cs=0 l=1 rev1=1 crypto rx=0x7fd61c006fd0 tx=0x7fd61c006e40 comp rx=0 tx=0).ready entity=mgr.14120 client_cookie=0 server_cookie=0 in_seq=0 out_seq=0
2023-08-25T05:05:23.136 INFO:teuthology.orchestra.run.smithi017.stdout:/usr/bin/ceph: stderr
2023-08-25T05:05:22.402+0000 7fd6257fa700 1 -- 172.21.15.17:0/353866922 <== mon.0 v2:172.21.15.17:3300/0 6 ==== mon_command_ack([{"prefix": "get_command_descriptions"}]=0 v0) v1 ==== 72+0+179682 (secure 0 0 0) 0x7fd618023b80 con 0x7fd628106c50
2023-08-25T05:05:23.136 INFO:teuthology.orchestra.run.smithi017.stdout:/usr/bin/ceph: stderr
2023-08-25T05:05:22.779+0000 7fd62e8c8700 1 -- 172.21.15.17:0/353866922 --> [v2:172.21.15.17:3300/0,v1:172.21.15.17:6789/0] -- mon_command([{prefix=config set, name=mgr/dashboard/ssl_server_port}] v 0) v1 -- 0x7fd62810a5d0 con 0x7fd628106c50
2023-08-25T05:05:23.136 INFO:teuthology.orchestra.run.smithi017.stdout:/usr/bin/ceph: stderr
2023-08-25T05:05:22.784+0000 7fd6257fa700 1 -- 172.21.15.17:0/353866922 <== mon.0 v2:172.21.15.17:3300/0 7 ==== mon_command_ack([{prefix=config set, name=mgr/dashboard/ssl_server_port}]=0 v8)=0 v8) v1 ==== 130+0+0 (secure 0 0 0) 0x7fd618023b80 con 0x7fd628106c50
2023-08-25T05:05:23.137 INFO:teuthology.orchestra.run.smithi017.stdout:/usr/bin/ceph: stderr
2023-08-25T05:05:22.786+0000 7fd62e8c8700 1 -- 172.21.15.17:0/353866922 >> [v2:172.21.15.17:6800/2127607636,v1:172.21.15.17:6801/2127607636] conn(0x7fd610038110 msgr2=0x7fd61003a5d0 secure :-1 s=STATE_CONNECTION_ESTABLISHED l=1).mark_down
2023-08-25T05:05:23.137 INFO:teuthology.orchestra.run.smithi017.stdout:/usr/bin/ceph: stderr
2023-08-25T05:05:22.786+0000 7fd62e8c8700 1 --2- 172.21.15.17:0/353866922 >> [v2:172.21.15.17:6800/2127607636,v1:172.21.15.17:6801/2127607636] conn(0x7fd610038110 0x7fd61003a5d0 secure :-1 s=READY pgs=15 cs=0 l=1 rev1=1 crypto rx=0x7fd61c006fd0 tx=0x7fd61c006e40 comp rx=0 tx=0).stop
2023-08-25T05:05:23.137 INFO:teuthology.orchestra.run.smithi017.stdout:/usr/bin/ceph: stderr
2023-08-25T05:05:22.786+0000 7fd62e8c8700 1 -- 172.21.15.17:0/353866922 >> [v2:172.21.15.17:3300/0,v1:172.21.15.17:6789/0] conn(0x7fd628106c50 msgr2=0x7fd6281065b0 secure :-1 s=STATE_CONNECTION_ESTABLISHED l=1).mark_down
2023-08-25T05:05:23.137 INFO:teuthology.orchestra.run.smithi017.stdout:/usr/bin/ceph: stderr
2023-08-25T05:05:22.786+0000 7fd62e8c8700 1 --2- 172.21.15.17:0/353866922 >> [v2:172.21.15.17:3300/0,v1:172.21.15.17:6789/0] conn(0x7fd628106c50 0x7fd6281065b0 secure :-1 s=READY pgs=54 cs=0 l=1 rev1=1 crypto rx=0x7fd618003e60 tx=0x7fd618011aa0 comp rx=0 tx=0).stop
2023-08-25T05:05:23.137 INFO:teuthology.orchestra.run.smithi017.stdout:/usr/bin/ceph: stderr
2023-08-25T05:05:22.787+0000 7fd62e8c8700 1 -- 172.21.15.17:0/353866922 shutdown_connections
2023-08-25T05:05:23.137 INFO:teuthology.orchestra.run.smithi017.stdout:/usr/bin/ceph: stderr
2023-08-25T05:05:22.787+0000 7fd62e8c8700 1 --2- 172.21.15.17:0/353866922 >> [v2:172.21.15.17:6800/2127607636,v1:172.21.15.17:6801/2127607636] conn(0x7fd610038110 0x7fd61003a5d0 unknown :-1 s=CLOSED pgs=15 cs=0 l=1 rev1=1 crypto rx=0 tx=0 comp rx=0 tx=0).stop
2023-08-25T05:05:23.138 INFO:teuthology.orchestra.run.smithi017.stdout:/usr/bin/ceph: stderr
2023-08-25T05:05:22.787+0000 7fd62e8c8700 1 --2- 172.21.15.17:0/353866922 >> [v2:172.21.15.17:3300/0,v1:172.21.15.17:6789/0] conn(0x7fd628106c50 0x7fd6281065b0 unknown :-1 s=CLOSED pgs=54 cs=0 l=1 rev1=1 crypto rx=0 tx=0 comp rx=0 tx=0).stop
2023-08-25T05:05:23.138 INFO:teuthology.orchestra.run.smithi017.stdout:/usr/bin/ceph: stderr
2023-08-25T05:05:22.787+0000 7fd62e8c8700 1 -- 172.21.15.17:0/353866922 >> 172.21.15.17:0/353866922 conn(0x7fd628100620 msgr2=0x7fd628101440 unknown :-1 s=STATE_NONE l=0).mark_down
2023-08-25T05:05:23.138 INFO:teuthology.orchestra.run.smithi017.stdout:/usr/bin/ceph: stderr
2023-08-25T05:05:22.787+0000 7fd62e8c8700 1 -- 172.21.15.17:0/353866922 shutdown_connections
2023-08-25T05:05:23.138 INFO:teuthology.orchestra.run.smithi017.stdout:/usr/bin/ceph: stderr
2023-08-25T05:05:22.787+0000 7fd62e8c8700 1 -- 172.21.15.17:0/353866922 wait complete.
2023-08-25T05:05:23.138 INFO:teuthology.orchestra.run.smithi017.stdout:Enabling the dashboard module...
2023-08-25T05:05:23.693 INFO:journalctl@ceph.mon.a.smithi017.stdout:Aug 25 05:05:23 smithi017 ceph-mon[98666]: from='mgr.14120 172.21.15.17:0/807077400' entity='mgr.x'
2023-08-25T05:05:23.694 INFO:journalctl@ceph.mon.a.smithi017.stdout:Aug 25 05:05:23 smithi017 ceph-mon[98666]: from='client.? 172.21.15.17:0/353866922' entity='client.admin'
2023-08-25T05:05:24.911 INFO:journalctl@ceph.mon.a.smithi017.stdout:Aug 25 05:05:24 smithi017 ceph-mon[98666]: from='client.? 172.21.15.17:0/2858731367' entity='client.admin' cmd=[{"prefix": "mgr module enable", "module": "dashboard"}]: dispatch
2023-08-25T05:05:24.911 INFO:journalctl@ceph.mgr.x.smithi017.stdout:Aug 25 05:05:24 smithi017 ceph-c630cb06-4304-11ee-9b3d-001a4aab830c-mgr-x[98914]: ignoring --setuser ceph since I am not root
2023-08-25T05:05:24.911 INFO:journalctl@ceph.mgr.x.smithi017.stdout:Aug 25 05:05:24 smithi017 ceph-c630cb06-4304-11ee-9b3d-001a4aab830c-mgr-x[98914]: ignoring --setgroup ceph since I am not root
2023-08-25T05:05:24.912 INFO:journalctl@ceph.mgr.x.smithi017.stdout:Aug 25 05:05:24 smithi017 ceph-c630cb06-4304-11ee-9b3d-001a4aab830c-mgr-x[98914]:
2023-08-25T05:05:24.812+0000 7f4349713200 -1 mgr[py] Module devicehealth has missing NOTIFY_TYPES member
2023-08-25T05:05:24.912 INFO:journalctl@ceph.mgr.x.smithi017.stdout:Aug 25 05:05:24 smithi017 ceph-c630cb06-4304-11ee-9b3d-001a4aab830c-mgr-x[98914]:
2023-08-25T05:05:24.909+0000 7f4349713200 -1 mgr[py] Module osd_support has missing NOTIFY_TYPES member
2023-08-25T05:05:25.194 INFO:journalctl@ceph.mgr.x.smithi017.stdout:Aug 25 05:05:25 smithi017 ceph-c630cb06-4304-11ee-9b3d-001a4aab830c-mgr-x[98914]:
2023-08-25T05:05:25.020+0000 7f4349713200 -1 mgr[py] Module snap_schedule has missing NOTIFY_TYPES member
2023-08-25T05:05:25.194 INFO:journalctl@ceph.mgr.x.smithi017.stdout:Aug 25 05:05:25 smithi017 ceph-c630cb06-4304-11ee-9b3d-001a4aab830c-mgr-x[98914]:
2023-08-25T05:05:25.134+0000 7f4349713200 -1 mgr[py] Module zabbix has missing NOTIFY_TYPES member
2023-08-25T05:05:25.643 INFO:journalctl@ceph.mgr.x.smithi017.stdout:Aug 25 05:05:25 smithi017 ceph-c630cb06-4304-11ee-9b3d-001a4aab830c-mgr-x[98914]:
2023-08-25T05:05:25.343+0000 7f4349713200 -1 mgr[py] Module crash has missing NOTIFY_TYPES member
2023-08-25T05:05:25.643 INFO:journalctl@ceph.mon.a.smithi017.stdout:Aug 25 05:05:25 smithi017 ceph-mon[98666]: from='client.? 172.21.15.17:0/2858731367' entity='client.admin' cmd='[{"prefix": "mgr module enable", "module": "dashboard"}]': finished
2023-08-25T05:05:25.644 INFO:journalctl@ceph.mon.a.smithi017.stdout:Aug 25 05:05:25 smithi017 ceph-mon[98666]: mgrmap e9: x(active, since 17s)
2023-08-25T05:05:25.677 INFO:teuthology.orchestra.run.smithi017.stdout:/usr/bin/ceph: stderr
2023-08-25T05:05:23.712+0000 7f1a93193700 1 Processor -- start
2023-08-25T05:05:25.678 INFO:teuthology.orchestra.run.smithi017.stdout:/usr/bin/ceph: stderr
2023-08-25T05:05:23.712+0000 7f1a93193700 1 -- start start
2023-08-25T05:05:25.678 INFO:teuthology.orchestra.run.smithi017.stdout:/usr/bin/ceph: stderr
2023-08-25T05:05:23.712+0000 7f1a93193700 1 --2- >> [v2:172.21.15.17:3300/0,v1:172.21.15.17:6789/0] conn(0x7f1a8c1050b0 0x7f1a8c1054d0 unknown :-1 s=NONE pgs=0 cs=0 l=0 rev1=0 crypto rx=0 tx=0 comp rx=0 tx=0).connect
2023-08-25T05:05:25.678 INFO:teuthology.orchestra.run.smithi017.stdout:/usr/bin/ceph: stderr
2023-08-25T05:05:23.712+0000 7f1a93193700 1 -- --> [v2:172.21.15.17:3300/0,v1:172.21.15.17:6789/0] -- mon_getmap magic: 0 v1 -- 0x7f1a8c105aa0 con 0x7f1a8c1050b0
2023-08-25T05:05:25.679 INFO:teuthology.orchestra.run.smithi017.stdout:/usr/bin/ceph: stderr
2023-08-25T05:05:23.712+0000 7f1a90f2f700 1 --2- >> [v2:172.21.15.17:3300/0,v1:172.21.15.17:6789/0] conn(0x7f1a8c1050b0 0x7f1a8c1054d0 unknown :-1 s=BANNER_CONNECTING pgs=0 cs=0 l=0 rev1=0 crypto rx=0 tx=0 comp rx=0 tx=0)._handle_peer_banner_payload supported=3 required=0
2023-08-25T05:05:25.679 INFO:teuthology.orchestra.run.smithi017.stdout:/usr/bin/ceph: stderr
2023-08-25T05:05:23.713+0000 7f1a90f2f700 1 --2- >> [v2:172.21.15.17:3300/0,v1:172.21.15.17:6789/0] conn(0x7f1a8c1050b0 0x7f1a8c1054d0 unknown :-1 s=HELLO_CONNECTING pgs=0 cs=0 l=0 rev1=1 crypto rx=0 tx=0 comp rx=0 tx=0).handle_hello peer v2:172.21.15.17:3300/0 says I am v2:172.21.15.17:60240/0 (socket says 172.21.15.17:60240)
2023-08-25T05:05:25.680 INFO:teuthology.orchestra.run.smithi017.stdout:/usr/bin/ceph: stderr
2023-08-25T05:05:23.713+0000 7f1a90f2f700 1 -- 172.21.15.17:0/2480447406 learned_addr learned my addr 172.21.15.17:0/2480447406 (peer_addr_for_me v2:172.21.15.17:0/0)
2023-08-25T05:05:25.680 INFO:teuthology.orchestra.run.smithi017.stdout:/usr/bin/ceph: stderr
2023-08-25T05:05:23.713+0000 7f1a90f2f700 1 -- 172.21.15.17:0/2480447406 --> [v2:172.21.15.17:3300/0,v1:172.21.15.17:6789/0] -- mon_subscribe({config=0+,monmap=0+}) v3 -- 0x7f1a8c1062b0 con 0x7f1a8c1050b0
2023-08-25T05:05:25.680 INFO:teuthology.orchestra.run.smithi017.stdout:/usr/bin/ceph: stderr
2023-08-25T05:05:23.713+0000 7f1a90f2f700 1 --2- 172.21.15.17:0/2480447406 >> [v2:172.21.15.17:3300/0,v1:172.21.15.17:6789/0] conn(0x7f1a8c1050b0 0x7f1a8c1054d0 secure :-1 s=READY pgs=55 cs=0 l=1 rev1=1 crypto rx=0x7f1a8000bb40 tx=0x7f1a8000be50 comp rx=0 tx=0).ready entity=mon.0 client_cookie=ebef5ad62eaf8801 server_cookie=0 in_seq=0 out_seq=0
2023-08-25T05:05:25.680 INFO:teuthology.orchestra.run.smithi017.stdout:/usr/bin/ceph: stderr
2023-08-25T05:05:23.713+0000 7f1a8b7fe700 1 -- 172.21.15.17:0/2480447406 <== mon.0 v2:172.21.15.17:3300/0 1 ==== mon_map magic: 0 v1 ==== 205+0+0 (secure 0 0 0) 0x7f1a8000dbe0 con 0x7f1a8c1050b0
2023-08-25T05:05:25.680 INFO:teuthology.orchestra.run.smithi017.stdout:/usr/bin/ceph: stderr
2023-08-25T05:05:23.713+0000 7f1a8b7fe700 1 -- 172.21.15.17:0/2480447406 <== mon.0 v2:172.21.15.17:3300/0 2 ==== config(26 keys) v1 ==== 1105+0+0 (secure 0 0 0) 0x7f1a800044f0 con 0x7f1a8c1050b0
2023-08-25T05:05:25.680 INFO:teuthology.orchestra.run.smithi017.stdout:/usr/bin/ceph: stderr
2023-08-25T05:05:23.713+0000 7f1a8b7fe700 1 -- 172.21.15.17:0/2480447406 <== mon.0 v2:172.21.15.17:3300/0 3 ==== mon_map magic: 0 v1 ==== 205+0+0 (secure 0 0 0) 0x7f1a80003e60 con 0x7f1a8c1050b0
2023-08-25T05:05:25.681 INFO:teuthology.orchestra.run.smithi017.stdout:/usr/bin/ceph: stderr
2023-08-25T05:05:23.714+0000 7f1a93193700 1 -- 172.21.15.17:0/2480447406 >> [v2:172.21.15.17:3300/0,v1:172.21.15.17:6789/0] conn(0x7f1a8c1050b0 msgr2=0x7f1a8c1054d0 secure :-1 s=STATE_CONNECTION_ESTABLISHED l=1).mark_down
2023-08-25T05:05:25.681 INFO:teuthology.orchestra.run.smithi017.stdout:/usr/bin/ceph: stderr
2023-08-25T05:05:23.714+0000 7f1a93193700 1 --2- 172.21.15.17:0/2480447406 >> [v2:172.21.15.17:3300/0,v1:172.21.15.17:6789/0] conn(0x7f1a8c1050b0 0x7f1a8c1054d0 secure :-1 s=READY pgs=55 cs=0 l=1 rev1=1 crypto rx=0x7f1a8000bb40 tx=0x7f1a8000be50 comp rx=0 tx=0).stop
2023-08-25T05:05:25.681 INFO:teuthology.orchestra.run.smithi017.stdout:/usr/bin/ceph: stderr
2023-08-25T05:05:23.714+0000 7f1a93193700 1 -- 172.21.15.17:0/2480447406 shutdown_connections
2023-08-25T05:05:25.681 INFO:teuthology.orchestra.run.smithi017.stdout:/usr/bin/ceph: stderr
2023-08-25T05:05:23.714+0000 7f1a93193700 1 --2- 172.21.15.17:0/2480447406 >> [v2:172.21.15.17:3300/0,v1:172.21.15.17:6789/0] conn(0x7f1a8c1050b0 0x7f1a8c1054d0 unknown :-1 s=CLOSED pgs=55 cs=0 l=1 rev1=1 crypto rx=0 tx=0 comp rx=0 tx=0).stop
2023-08-25T05:05:25.681 INFO:teuthology.orchestra.run.smithi017.stdout:/usr/bin/ceph: stderr
2023-08-25T05:05:23.714+0000 7f1a93193700 1 -- 172.21.15.17:0/2480447406 >> 172.21.15.17:0/2480447406 conn(0x7f1a8c100650 msgr2=0x7f1a8c102a90 unknown :-1 s=STATE_NONE l=0).mark_down
2023-08-25T05:05:25.681 INFO:teuthology.orchestra.run.smithi017.stdout:/usr/bin/ceph: stderr
2023-08-25T05:05:23.714+0000 7f1a93193700 1 -- 172.21.15.17:0/2480447406 shutdown_connections
2023-08-25T05:05:25.681 INFO:teuthology.orchestra.run.smithi017.stdout:/usr/bin/ceph: stderr
2023-08-25T05:05:23.714+0000 7f1a93193700 1 -- 172.21.15.17:0/2480447406 wait complete.
2023-08-25T05:05:25.682 INFO:teuthology.orchestra.run.smithi017.stdout:/usr/bin/ceph: stderr
