2023-08-25T08:27:31.323 INFO:journalctl@ceph.mon.a.smithi070.stdout:Aug 25 08:27:31 smithi070 ceph-mon[97656]: from='mgr.14100 172.21.15.70:0/1889103550' entity='mgr.x' cmd=[{"prefix":"config rm","who":"mgr","name":"mgr/rbd_support/x/mirror_snapshot_schedule"}]: dispatch
2023-08-25T08:27:31.324 INFO:journalctl@ceph.mon.a.smithi070.stdout:Aug 25 08:27:31 smithi070 ceph-mon[97656]: from='mgr.14100 172.21.15.70:0/1889103550' entity='mgr.x' cmd=[{"prefix":"config rm","who":"mgr","name":"mgr/rbd_support/x/trash_purge_schedule"}]: dispatch
2023-08-25T08:27:31.324 INFO:journalctl@ceph.mon.a.smithi070.stdout:Aug 25 08:27:31 smithi070 ceph-mon[97656]: from='mgr.14100 172.21.15.70:0/1889103550' entity='mgr.x'
2023-08-25T08:27:31.325 INFO:journalctl@ceph.mon.a.smithi070.stdout:Aug 25 08:27:31 smithi070 ceph-mon[97656]: from='mgr.14100 172.21.15.70:0/1889103550' entity='mgr.x'
2023-08-25T08:27:31.325 INFO:journalctl@ceph.mon.a.smithi070.stdout:Aug 25 08:27:31 smithi070 ceph-mon[97656]: from='mgr.14100 172.21.15.70:0/1889103550' entity='mgr.x'
2023-08-25T08:27:33.320 INFO:journalctl@ceph.mon.a.smithi070.stdout:Aug 25 08:27:32 smithi070 ceph-mon[97656]: mgrmap e3: x(active, since 1.0098s)
2023-08-25T08:27:34.320 INFO:journalctl@ceph.mon.a.smithi070.stdout:Aug 25 08:27:33 smithi070 ceph-mon[97656]: mgrmap e4: x(active, since 2s)
2023-08-25T08:27:36.820 INFO:journalctl@ceph.mon.a.smithi070.stdout:Aug 25 08:27:36 smithi070 ceph-mon[97656]: from='client.? 172.21.15.70:0/4017993083' entity='client.admin' cmd=[{"prefix": "status", "format": "json-pretty"}]: dispatch
2023-08-25T08:27:36.935 INFO:teuthology.orchestra.run.smithi070.stdout:/usr/bin/ceph: stdout
2023-08-25T08:27:36.936 INFO:teuthology.orchestra.run.smithi070.stdout:/usr/bin/ceph: stdout {
2023-08-25T08:27:36.936 INFO:teuthology.orchestra.run.smithi070.stdout:/usr/bin/ceph: stdout "fsid": "15c63270-4321-11ee-9b3d-001a4aab830c",
2023-08-25T08:27:36.936 INFO:teuthology.orchestra.run.smithi070.stdout:/usr/bin/ceph: stdout "health": {
2023-08-25T08:27:36.936 INFO:teuthology.orchestra.run.smithi070.stdout:/usr/bin/ceph: stdout "status": "HEALTH_OK",
2023-08-25T08:27:36.936 INFO:teuthology.orchestra.run.smithi070.stdout:/usr/bin/ceph: stdout "checks": {},
2023-08-25T08:27:36.936 INFO:teuthology.orchestra.run.smithi070.stdout:/usr/bin/ceph: stdout "mutes": []
2023-08-25T08:27:36.937 INFO:teuthology.orchestra.run.smithi070.stdout:/usr/bin/ceph: stdout },
2023-08-25T08:27:36.937 INFO:teuthology.orchestra.run.smithi070.stdout:/usr/bin/ceph: stdout "election_epoch": 5,
2023-08-25T08:27:36.937 INFO:teuthology.orchestra.run.smithi070.stdout:/usr/bin/ceph: stdout "quorum": [
2023-08-25T08:27:36.937 INFO:teuthology.orchestra.run.smithi070.stdout:/usr/bin/ceph: stdout 0
2023-08-25T08:27:36.937 INFO:teuthology.orchestra.run.smithi070.stdout:/usr/bin/ceph: stdout ],
2023-08-25T08:27:36.938 INFO:teuthology.orchestra.run.smithi070.stdout:/usr/bin/ceph: stdout "quorum_names": [
2023-08-25T08:27:36.938 INFO:teuthology.orchestra.run.smithi070.stdout:/usr/bin/ceph: stdout "a"
2023-08-25T08:27:36.938 INFO:teuthology.orchestra.run.smithi070.stdout:/usr/bin/ceph: stdout ],
2023-08-25T08:27:36.938 INFO:teuthology.orchestra.run.smithi070.stdout:/usr/bin/ceph: stdout "quorum_age": 16,
2023-08-25T08:27:36.938 INFO:teuthology.orchestra.run.smithi070.stdout:/usr/bin/ceph: stdout "monmap": {
2023-08-25T08:27:36.938 INFO:teuthology.orchestra.run.smithi070.stdout:/usr/bin/ceph: stdout "epoch": 1,
2023-08-25T08:27:36.938 INFO:teuthology.orchestra.run.smithi070.stdout:/usr/bin/ceph: stdout "min_mon_release_name": "reef",
2023-08-25T08:27:36.939 INFO:teuthology.orchestra.run.smithi070.stdout:/usr/bin/ceph: stdout "num_mons": 1
2023-08-25T08:27:36.939 INFO:teuthology.orchestra.run.smithi070.stdout:/usr/bin/ceph: stdout },
2023-08-25T08:27:36.939 INFO:teuthology.orchestra.run.smithi070.stdout:/usr/bin/ceph: stdout "osdmap": {
2023-08-25T08:27:36.939 INFO:teuthology.orchestra.run.smithi070.stdout:/usr/bin/ceph: stdout "epoch": 1,
2023-08-25T08:27:36.939 INFO:teuthology.orchestra.run.smithi070.stdout:/usr/bin/ceph: stdout "num_osds": 0,
2023-08-25T08:27:36.939 INFO:teuthology.orchestra.run.smithi070.stdout:/usr/bin/ceph: stdout "num_up_osds": 0,
2023-08-25T08:27:36.950 INFO:teuthology.orchestra.run.smithi070.stdout:/usr/bin/ceph: stdout "osd_up_since": 0,
2023-08-25T08:27:36.950 INFO:teuthology.orchestra.run.smithi070.stdout:/usr/bin/ceph: stdout "num_in_osds": 0,
2023-08-25T08:27:36.950 INFO:teuthology.orchestra.run.smithi070.stdout:/usr/bin/ceph: stdout "osd_in_since": 0,
2023-08-25T08:27:36.950 INFO:teuthology.orchestra.run.smithi070.stdout:/usr/bin/ceph: stdout "num_remapped_pgs": 0
2023-08-25T08:27:36.950 INFO:teuthology.orchestra.run.smithi070.stdout:/usr/bin/ceph: stdout },
2023-08-25T08:27:36.951 INFO:teuthology.orchestra.run.smithi070.stdout:/usr/bin/ceph: stdout "pgmap": {
2023-08-25T08:27:36.951 INFO:teuthology.orchestra.run.smithi070.stdout:/usr/bin/ceph: stdout "pgs_by_state": [],
2023-08-25T08:27:36.951 INFO:teuthology.orchestra.run.smithi070.stdout:/usr/bin/ceph: stdout "num_pgs": 0,
2023-08-25T08:27:36.951 INFO:teuthology.orchestra.run.smithi070.stdout:/usr/bin/ceph: stdout "num_pools": 0,
2023-08-25T08:27:36.951 INFO:teuthology.orchestra.run.smithi070.stdout:/usr/bin/ceph: stdout "num_objects": 0,
2023-08-25T08:27:36.951 INFO:teuthology.orchestra.run.smithi070.stdout:/usr/bin/ceph: stdout "data_bytes": 0,
2023-08-25T08:27:36.952 INFO:teuthology.orchestra.run.smithi070.stdout:/usr/bin/ceph: stdout "bytes_used": 0,
2023-08-25T08:27:36.952 INFO:teuthology.orchestra.run.smithi070.stdout:/usr/bin/ceph: stdout "bytes_avail": 0,
2023-08-25T08:27:36.952 INFO:teuthology.orchestra.run.smithi070.stdout:/usr/bin/ceph: stdout "bytes_total": 0
2023-08-25T08:27:36.952 INFO:teuthology.orchestra.run.smithi070.stdout:/usr/bin/ceph: stdout },
2023-08-25T08:27:36.952 INFO:teuthology.orchestra.run.smithi070.stdout:/usr/bin/ceph: stdout "fsmap": {
2023-08-25T08:27:36.952 INFO:teuthology.orchestra.run.smithi070.stdout:/usr/bin/ceph: stdout "epoch": 1,
2023-08-25T08:27:36.952 INFO:teuthology.orchestra.run.smithi070.stdout:/usr/bin/ceph: stdout "by_rank": [],
2023-08-25T08:27:36.953 INFO:teuthology.orchestra.run.smithi070.stdout:/usr/bin/ceph: stdout "up:standby": 0
2023-08-25T08:27:36.953 INFO:teuthology.orchestra.run.smithi070.stdout:/usr/bin/ceph: stdout },
2023-08-25T08:27:36.953 INFO:teuthology.orchestra.run.smithi070.stdout:/usr/bin/ceph: stdout "mgrmap": {
2023-08-25T08:27:36.953 INFO:teuthology.orchestra.run.smithi070.stdout:/usr/bin/ceph: stdout "available": true,
2023-08-25T08:27:36.953 INFO:teuthology.orchestra.run.smithi070.stdout:/usr/bin/ceph: stdout "num_standbys": 0,
2023-08-25T08:27:36.953 INFO:teuthology.orchestra.run.smithi070.stdout:/usr/bin/ceph: stdout "modules": [
2023-08-25T08:27:36.954 INFO:teuthology.orchestra.run.smithi070.stdout:/usr/bin/ceph: stdout "iostat",
2023-08-25T08:27:36.954 INFO:teuthology.orchestra.run.smithi070.stdout:/usr/bin/ceph: stdout "nfs",
2023-08-25T08:27:36.954 INFO:teuthology.orchestra.run.smithi070.stdout:/usr/bin/ceph: stdout "restful"
2023-08-25T08:27:36.954 INFO:teuthology.orchestra.run.smithi070.stdout:/usr/bin/ceph: stdout ],
2023-08-25T08:27:36.954 INFO:teuthology.orchestra.run.smithi070.stdout:/usr/bin/ceph: stdout "services": {}
2023-08-25T08:27:36.954 INFO:teuthology.orchestra.run.smithi070.stdout:/usr/bin/ceph: stdout },
2023-08-25T08:27:36.954 INFO:teuthology.orchestra.run.smithi070.stdout:/usr/bin/ceph: stdout "servicemap": {
2023-08-25T08:27:36.954 INFO:teuthology.orchestra.run.smithi070.stdout:/usr/bin/ceph: stdout "epoch": 1,
2023-08-25T08:27:36.955 INFO:teuthology.orchestra.run.smithi070.stdout:/usr/bin/ceph: stdout "modified": "2023-08-25T08:27:13.151048+0000",
2023-08-25T08:27:36.955 INFO:teuthology.orchestra.run.smithi070.stdout:/usr/bin/ceph: stdout "services": {}
2023-08-25T08:27:36.955 INFO:teuthology.orchestra.run.smithi070.stdout:/usr/bin/ceph: stdout },
2023-08-25T08:27:36.955 INFO:teuthology.orchestra.run.smithi070.stdout:/usr/bin/ceph: stdout "progress_events": {}
2023-08-25T08:27:36.955 INFO:teuthology.orchestra.run.smithi070.stdout:/usr/bin/ceph: stdout }
2023-08-25T08:27:36.955 INFO:teuthology.orchestra.run.smithi070.stdout:/usr/bin/ceph: stderr
2023-08-25T08:27:36.160+0000 7f12c6f0c700 1 Processor -- start
2023-08-25T08:27:36.955 INFO:teuthology.orchestra.run.smithi070.stdout:/usr/bin/ceph: stderr
2023-08-25T08:27:36.160+0000 7f12c6f0c700 1 -- start start
2023-08-25T08:27:36.955 INFO:teuthology.orchestra.run.smithi070.stdout:/usr/bin/ceph: stderr
2023-08-25T08:27:36.161+0000 7f12c6f0c700 1 --2- >> [v2:172.21.15.70:3300/0,v1:172.21.15.70:6789/0] conn(0x7f12c007ad70 0x7f12c00791d0 unknown :-1 s=NONE pgs=0 cs=0 l=0 rev1=0 crypto rx=0 tx=0 comp rx=0 tx=0).connect
2023-08-25T08:27:36.956 INFO:teuthology.orchestra.run.smithi070.stdout:/usr/bin/ceph: stderr
2023-08-25T08:27:36.161+0000 7f12c6f0c700 1 -- --> [v2:172.21.15.70:3300/0,v1:172.21.15.70:6789/0] -- mon_getmap magic: 0 v1 -- 0x7f12c00797a0 con 0x7f12c007ad70
2023-08-25T08:27:36.956 INFO:teuthology.orchestra.run.smithi070.stdout:/usr/bin/ceph: stderr
2023-08-25T08:27:36.161+0000 7f12c4ca8700 1 --2- >> [v2:172.21.15.70:3300/0,v1:172.21.15.70:6789/0] conn(0x7f12c007ad70 0x7f12c00791d0 unknown :-1 s=BANNER_CONNECTING pgs=0 cs=0 l=0 rev1=0 crypto rx=0 tx=0 comp rx=0 tx=0)._handle_peer_banner_payload supported=3 required=0
2023-08-25T08:27:36.956 INFO:teuthology.orchestra.run.smithi070.stdout:/usr/bin/ceph: stderr
2023-08-25T08:27:36.161+0000 7f12c4ca8700 1 --2- >> [v2:172.21.15.70:3300/0,v1:172.21.15.70:6789/0] conn(0x7f12c007ad70 0x7f12c00791d0 unknown :-1 s=HELLO_CONNECTING pgs=0 cs=0 l=0 rev1=1 crypto rx=0 tx=0 comp rx=0 tx=0).handle_hello peer v2:172.21.15.70:3300/0 says I am v2:172.21.15.70:41068/0 (socket says 172.21.15.70:41068)
2023-08-25T08:27:36.956 INFO:teuthology.orchestra.run.smithi070.stdout:/usr/bin/ceph: stderr
2023-08-25T08:27:36.161+0000 7f12c4ca8700 1 -- 172.21.15.70:0/3029712842 learned_addr learned my addr 172.21.15.70:0/3029712842 (peer_addr_for_me v2:172.21.15.70:0/0)
2023-08-25T08:27:36.956 INFO:teuthology.orchestra.run.smithi070.stdout:/usr/bin/ceph: stderr
2023-08-25T08:27:36.161+0000 7f12c4ca8700 1 -- 172.21.15.70:0/3029712842 --> [v2:172.21.15.70:3300/0,v1:172.21.15.70:6789/0] -- mon_subscribe({config=0+,monmap=0+}) v3 -- 0x7f12c00798e0 con 0x7f12c007ad70
2023-08-25T08:27:36.956 INFO:teuthology.orchestra.run.smithi070.stdout:/usr/bin/ceph: stderr
2023-08-25T08:27:36.162+0000 7f12c4ca8700 1 --2- 172.21.15.70:0/3029712842 >> [v2:172.21.15.70:3300/0,v1:172.21.15.70:6789/0] conn(0x7f12c007ad70 0x7f12c00791d0 secure :-1 s=READY pgs=16 cs=0 l=1 rev1=1 crypto rx=0x7f12b40098a0 tx=0x7f12b4009bb0 comp rx=0 tx=0).ready entity=mon.0 client_cookie=12cf08f7616f92fd server_cookie=0 in_seq=0 out_seq=0
2023-08-25T08:27:36.956 INFO:teuthology.orchestra.run.smithi070.stdout:/usr/bin/ceph: stderr
2023-08-25T08:27:36.162+0000 7f12bf7fe700 1 -- 172.21.15.70:0/3029712842 <== mon.0 v2:172.21.15.70:3300/0 1 ==== mon_map magic: 0 v1 ==== 205+0+0 (secure 0 0 0) 0x7f12b4004160 con 0x7f12c007ad70
2023-08-25T08:27:36.957 INFO:teuthology.orchestra.run.smithi070.stdout:/usr/bin/ceph: stderr
2023-08-25T08:27:36.162+0000 7f12bf7fe700 1 -- 172.21.15.70:0/3029712842 <== mon.0 v2:172.21.15.70:3300/0 2 ==== config(28 keys) v1 ==== 1143+0+0 (secure 0 0 0) 0x7f12b40042c0 con 0x7f12c007ad70
2023-08-25T08:27:36.957 INFO:teuthology.orchestra.run.smithi070.stdout:/usr/bin/ceph: stderr
2023-08-25T08:27:36.162+0000 7f12bf7fe700 1 -- 172.21.15.70:0/3029712842 <== mon.0 v2:172.21.15.70:3300/0 3 ==== mon_map magic: 0 v1 ==== 205+0+0 (secure 0 0 0) 0x7f12b4011b70 con 0x7f12c007ad70
2023-08-25T08:27:36.957 INFO:teuthology.orchestra.run.smithi070.stdout:/usr/bin/ceph: stderr
2023-08-25T08:27:36.162+0000 7f12c6f0c700 1 -- 172.21.15.70:0/3029712842 >> [v2:172.21.15.70:3300/0,v1:172.21.15.70:6789/0] conn(0x7f12c007ad70 msgr2=0x7f12c00791d0 secure :-1 s=STATE_CONNECTION_ESTABLISHED l=1).mark_down
2023-08-25T08:27:36.957 INFO:teuthology.orchestra.run.smithi070.stdout:/usr/bin/ceph: stderr
2023-08-25T08:27:36.162+0000 7f12c6f0c700 1 --2- 172.21.15.70:0/3029712842 >> [v2:172.21.15.70:3300/0,v1:172.21.15.70:6789/0] conn(0x7f12c007ad70 0x7f12c00791d0 secure :-1 s=READY pgs=16 cs=0 l=1 rev1=1 crypto rx=0x7f12b40098a0 tx=0x7f12b4009bb0 comp rx=0 tx=0).stop
2023-08-25T08:27:36.957 INFO:teuthology.orchestra.run.smithi070.stdout:/usr/bin/ceph: stderr
2023-08-25T08:27:36.163+0000 7f12c6f0c700 1 -- 172.21.15.70:0/3029712842 shutdown_connections
2023-08-25T08:27:36.957 INFO:teuthology.orchestra.run.smithi070.stdout:/usr/bin/ceph: stderr
2023-08-25T08:27:36.163+0000 7f12c6f0c700 1 --2- 172.21.15.70:0/3029712842 >> [v2:172.21.15.70:3300/0,v1:172.21.15.70:6789/0] conn(0x7f12c007ad70 0x7f12c00791d0 unknown :-1 s=CLOSED pgs=16 cs=0 l=1 rev1=1 crypto rx=0 tx=0 comp rx=0 tx=0).stop
2023-08-25T08:27:36.957 INFO:teuthology.orchestra.run.smithi070.stdout:/usr/bin/ceph: stderr
2023-08-25T08:27:36.163+0000 7f12c6f0c700 1 -- 172.21.15.70:0/3029712842 >> 172.21.15.70:0/3029712842 conn(0x7f12c0101af0 msgr2=0x7f12c0103f10 unknown :-1 s=STATE_NONE l=0).mark_down
2023-08-25T08:27:36.958 INFO:teuthology.orchestra.run.smithi070.stdout:/usr/bin/ceph: stderr
2023-08-25T08:27:36.163+0000 7f12c6f0c700 1 -- 172.21.15.70:0/3029712842 shutdown_connections
2023-08-25T08:27:36.958 INFO:teuthology.orchestra.run.smithi070.stdout:/usr/bin/ceph: stderr
2023-08-25T08:27:36.163+0000 7f12c6f0c700 1 -- 172.21.15.70:0/3029712842 wait complete.
2023-08-25T08:27:36.958 INFO:teuthology.orchestra.run.smithi070.stdout:/usr/bin/ceph: stderr
2023-08-25T08:27:36.164+0000 7f12c6f0c700 1 Processor -- start
2023-08-25T08:27:36.958 INFO:teuthology.orchestra.run.smithi070.stdout:/usr/bin/ceph: stderr
2023-08-25T08:27:36.164+0000 7f12c6f0c700 1 -- start start
2023-08-25T08:27:36.958 INFO:teuthology.orchestra.run.smithi070.stdout:/usr/bin/ceph: stderr
2023-08-25T08:27:36.164+0000 7f12c6f0c700 1 --2- >> [v2:172.21.15.70:3300/0,v1:172.21.15.70:6789/0] conn(0x7f12c007ad70 0x7f12c019c4b0 unknown :-1 s=NONE pgs=0 cs=0 l=1 rev1=0 crypto rx=0 tx=0 comp rx=0 tx=0).connect
2023-08-25T08:27:36.958 INFO:teuthology.orchestra.run.smithi070.stdout:/usr/bin/ceph: stderr
2023-08-25T08:27:36.164+0000 7f12c6f0c700 1 -- --> [v2:172.21.15.70:3300/0,v1:172.21.15.70:6789/0] -- mon_getmap magic: 0 v1 -- 0x7f12c019c9f0 con 0x7f12c007ad70
2023-08-25T08:27:36.959 INFO:teuthology.orchestra.run.smithi070.stdout:/usr/bin/ceph: stderr
2023-08-25T08:27:36.164+0000 7f12c4ca8700 1 --2- >> [v2:172.21.15.70:3300/0,v1:172.21.15.70:6789/0] conn(0x7f12c007ad70 0x7f12c019c4b0 unknown :-1 s=BANNER_CONNECTING pgs=0 cs=0 l=1 rev1=0 crypto rx=0 tx=0 comp rx=0 tx=0)._handle_peer_banner_payload supported=3 required=0
2023-08-25T08:27:36.959 INFO:teuthology.orchestra.run.smithi070.stdout:/usr/bin/ceph: stderr
2023-08-25T08:27:36.164+0000 7f12c4ca8700 1 --2- >> [v2:172.21.15.70:3300/0,v1:172.21.15.70:6789/0] conn(0x7f12c007ad70 0x7f12c019c4b0 unknown :-1 s=HELLO_CONNECTING pgs=0 cs=0 l=1 rev1=1 crypto rx=0 tx=0 comp rx=0 tx=0).handle_hello peer v2:172.21.15.70:3300/0 says I am v2:172.21.15.70:41078/0 (socket says 172.21.15.70:41078)
2023-08-25T08:27:36.959 INFO:teuthology.orchestra.run.smithi070.stdout:/usr/bin/ceph: stderr
2023-08-25T08:27:36.164+0000 7f12c4ca8700 1 -- 172.21.15.70:0/4017993083 learned_addr learned my addr 172.21.15.70:0/4017993083 (peer_addr_for_me v2:172.21.15.70:0/0)
2023-08-25T08:27:36.959 INFO:teuthology.orchestra.run.smithi070.stdout:/usr/bin/ceph: stderr
2023-08-25T08:27:36.165+0000 7f12c4ca8700 1 -- 172.21.15.70:0/4017993083 --> [v2:172.21.15.70:3300/0,v1:172.21.15.70:6789/0] -- mon_subscribe({config=0+,monmap=0+}) v3 -- 0x7f12b4009550 con 0x7f12c007ad70
2023-08-25T08:27:36.960 INFO:teuthology.orchestra.run.smithi070.stdout:/usr/bin/ceph: stderr
2023-08-25T08:27:36.165+0000 7f12c4ca8700 1 --2- 172.21.15.70:0/4017993083 >> [v2:172.21.15.70:3300/0,v1:172.21.15.70:6789/0] conn(0x7f12c007ad70 0x7f12c019c4b0 secure :-1 s=READY pgs=17 cs=0 l=1 rev1=1 crypto rx=0x7f12b4000c00 tx=0x7f12b4011bd0 comp rx=0 tx=0).ready entity=mon.0 client_cookie=0 server_cookie=0 in_seq=0 out_seq=0
2023-08-25T08:27:36.960 INFO:teuthology.orchestra.run.smithi070.stdout:/usr/bin/ceph: stderr
2023-08-25T08:27:36.165+0000 7f12bdffb700 1 -- 172.21.15.70:0/4017993083 <== mon.0 v2:172.21.15.70:3300/0 1 ==== mon_map magic: 0 v1 ==== 205+0+0 (secure 0 0 0) 0x7f12b4003b70 con 0x7f12c007ad70
2023-08-25T08:27:36.960 INFO:teuthology.orchestra.run.smithi070.stdout:/usr/bin/ceph: stderr
2023-08-25T08:27:36.165+0000 7f12bdffb700 1 -- 172.21.15.70:0/4017993083 <== mon.0 v2:172.21.15.70:3300/0 2 ==== config(28 keys) v1 ==== 1143+0+0 (secure 0 0 0) 0x7f12b4003cd0 con 0x7f12c007ad70
2023-08-25T08:27:36.960 INFO:teuthology.orchestra.run.smithi070.stdout:/usr/bin/ceph: stderr
2023-08-25T08:27:36.165+0000 7f12c6f0c700 1 -- 172.21.15.70:0/4017993083 --> [v2:172.21.15.70:3300/0,v1:172.21.15.70:6789/0] -- mon_subscribe({mgrmap=0+}) v3 -- 0x7f12c019cbf0 con 0x7f12c007ad70
2023-08-25T08:27:36.961 INFO:teuthology.orchestra.run.smithi070.stdout:/usr/bin/ceph: stderr
2023-08-25T08:27:36.165+0000 7f12bdffb700 1 -- 172.21.15.70:0/4017993083 <== mon.0 v2:172.21.15.70:3300/0 3 ==== mon_map magic: 0 v1 ==== 205+0+0 (secure 0 0 0) 0x7f12b40248a0 con 0x7f12c007ad70
2023-08-25T08:27:36.961 INFO:teuthology.orchestra.run.smithi070.stdout:/usr/bin/ceph: stderr
2023-08-25T08:27:36.165+0000 7f12c6f0c700 1 -- 172.21.15.70:0/4017993083 --> [v2:172.21.15.70:3300/0,v1:172.21.15.70:6789/0] -- mon_subscribe({osdmap=0}) v3 -- 0x7f12c019d010 con 0x7f12c007ad70
2023-08-25T08:27:36.961 INFO:teuthology.orchestra.run.smithi070.stdout:/usr/bin/ceph: stderr
2023-08-25T08:27:36.166+0000 7f12bdffb700 1 -- 172.21.15.70:0/4017993083 <== mon.0 v2:172.21.15.70:3300/0 4 ==== mgrmap(e 4) v1 ==== 45124+0+0 (secure 0 0 0) 0x7f12b4024b10 con 0x7f12c007ad70
2023-08-25T08:27:36.961 INFO:teuthology.orchestra.run.smithi070.stdout:/usr/bin/ceph: stderr
2023-08-25T08:27:36.166+0000 7f12c6f0c700 1 -- 172.21.15.70:0/4017993083 --> [v2:172.21.15.70:3300/0,v1:172.21.15.70:6789/0] -- mon_command({"prefix": "get_command_descriptions"} v 0) v1 -- 0x7f12c0061f50 con 0x7f12c007ad70
2023-08-25T08:27:36.961 INFO:teuthology.orchestra.run.smithi070.stdout:/usr/bin/ceph: stderr
2023-08-25T08:27:36.167+0000 7f12bdffb700 1 --2- 172.21.15.70:0/4017993083 >> [v2:172.21.15.70:6800/922878939,v1:172.21.15.70:6801/922878939] conn(0x7f12b0038110 0x7f12b003a5d0 unknown :-1 s=NONE pgs=0 cs=0 l=1 rev1=0 crypto rx=0 tx=0 comp rx=0 tx=0).connect
2023-08-25T08:27:36.961 INFO:teuthology.orchestra.run.smithi070.stdout:/usr/bin/ceph: stderr
2023-08-25T08:27:36.167+0000 7f12bdffb700 1 -- 172.21.15.70:0/4017993083 <== mon.0 v2:172.21.15.70:3300/0 5 ==== osd_map(1..1 src has 1..1) v4 ==== 725+0+0 (secure 0 0 0) 0x7f12b404bd90 con 0x7f12c007ad70
2023-08-25T08:27:36.961 INFO:teuthology.orchestra.run.smithi070.stdout:/usr/bin/ceph: stderr
2023-08-25T08:27:36.167+0000 7f12bffff700 1 --2- 172.21.15.70:0/4017993083 >> [v2:172.21.15.70:6800/922878939,v1:172.21.15.70:6801/922878939] conn(0x7f12b0038110 0x7f12b003a5d0 unknown :-1 s=BANNER_CONNECTING pgs=0 cs=0 l=1 rev1=0 crypto rx=0 tx=0 comp rx=0 tx=0)._handle_peer_banner_payload supported=3 required=0
2023-08-25T08:27:36.962 INFO:teuthology.orchestra.run.smithi070.stdout:/usr/bin/ceph: stderr
2023-08-25T08:27:36.168+0000 7f12bffff700 1 --2- 172.21.15.70:0/4017993083 >> [v2:172.21.15.70:6800/922878939,v1:172.21.15.70:6801/922878939] conn(0x7f12b0038110 0x7f12b003a5d0 secure :-1 s=READY pgs=6 cs=0 l=1 rev1=1 crypto rx=0x7f12ac006fd0 tx=0x7f12ac006e40 comp rx=0 tx=0).ready entity=mgr.14100 client_cookie=0 server_cookie=0 in_seq=0 out_seq=0
2023-08-25T08:27:36.962 INFO:teuthology.orchestra.run.smithi070.stdout:/usr/bin/ceph: stderr
2023-08-25T08:27:36.172+0000 7f12bdffb700 1 -- 172.21.15.70:0/4017993083 <== mon.0 v2:172.21.15.70:3300/0 6 ==== mon_command_ack([{"prefix": "get_command_descriptions"}]=0 v0) v1 ==== 72+0+179682 (secure 0 0 0) 0x7f12b4051020 con 0x7f12c007ad70
2023-08-25T08:27:36.962 INFO:teuthology.orchestra.run.smithi070.stdout:/usr/bin/ceph: stderr
2023-08-25T08:27:36.445+0000 7f12c6f0c700 1 -- 172.21.15.70:0/4017993083 --> [v2:172.21.15.70:3300/0,v1:172.21.15.70:6789/0] -- mon_command({"prefix": "status", "format": "json-pretty"} v 0) v1 -- 0x7f12c010c9a0 con 0x7f12c007ad70
2023-08-25T08:27:36.962 INFO:teuthology.orchestra.run.smithi070.stdout:/usr/bin/ceph: stderr
2023-08-25T08:27:36.446+0000 7f12bdffb700 1 -- 172.21.15.70:0/4017993083 <== mon.0 v2:172.21.15.70:3300/0 7 ==== mon_command_ack([{"prefix": "status", "format": "json-pretty"}]=0 v0) v1 ==== 79+0+1238 (secure 0 0 0) 0x7f12b4024dc0 con 0x7f12c007ad70
2023-08-25T08:27:36.962 INFO:teuthology.orchestra.run.smithi070.stdout:/usr/bin/ceph: stderr
2023-08-25T08:27:36.448+0000 7f12c6f0c700 1 -- 172.21.15.70:0/4017993083 >> [v2:172.21.15.70:6800/922878939,v1:172.21.15.70:6801/922878939] conn(0x7f12b0038110 msgr2=0x7f12b003a5d0 secure :-1 s=STATE_CONNECTION_ESTABLISHED l=1).mark_down
2023-08-25T08:27:36.962 INFO:teuthology.orchestra.run.smithi070.stdout:/usr/bin/ceph: stderr
2023-08-25T08:27:36.448+0000 7f12c6f0c700 1 --2- 172.21.15.70:0/4017993083 >> [v2:172.21.15.70:6800/922878939,v1:172.21.15.70:6801/922878939] conn(0x7f12b0038110 0x7f12b003a5d0 secure :-1 s=READY pgs=6 cs=0 l=1 rev1=1 crypto rx=0x7f12ac006fd0 tx=0x7f12ac006e40 comp rx=0 tx=0).stop
2023-08-25T08:27:36.963 INFO:teuthology.orchestra.run.smithi070.stdout:/usr/bin/ceph: stderr
2023-08-25T08:27:36.448+0000 7f12c6f0c700 1 -- 172.21.15.70:0/4017993083 >> [v2:172.21.15.70:3300/0,v1:172.21.15.70:6789/0] conn(0x7f12c007ad70 msgr2=0x7f12c019c4b0 secure :-1 s=STATE_CONNECTION_ESTABLISHED l=1).mark_down
2023-08-25T08:27:36.963 INFO:teuthology.orchestra.run.smithi070.stdout:/usr/bin/ceph: stderr
2023-08-25T08:27:36.448+0000 7f12c6f0c700 1 --2- 172.21.15.70:0/4017993083 >> [v2:172.21.15.70:3300/0,v1:172.21.15.70:6789/0] conn(0x7f12c007ad70 0x7f12c019c4b0 secure :-1 s=READY pgs=17 cs=0 l=1 rev1=1 crypto rx=0x7f12b4000c00 tx=0x7f12b4011bd0 comp rx=0 tx=0).stop
2023-08-25T08:27:36.963 INFO:teuthology.orchestra.run.smithi070.stdout:/usr/bin/ceph: stderr
2023-08-25T08:27:36.448+0000 7f12c6f0c700 1 -- 172.21.15.70:0/4017993083 shutdown_connections
2023-08-25T08:27:36.963 INFO:teuthology.orchestra.run.smithi070.stdout:/usr/bin/ceph: stderr
2023-08-25T08:27:36.448+0000 7f12c6f0c700 1 --2- 172.21.15.70:0/4017993083 >> [v2:172.21.15.70:6800/922878939,v1:172.21.15.70:6801/922878939] conn(0x7f12b0038110 0x7f12b003a5d0 unknown :-1 s=CLOSED pgs=6 cs=0 l=1 rev1=1 crypto rx=0 tx=0 comp rx=0 tx=0).stop
2023-08-25T08:27:36.963 INFO:teuthology.orchestra.run.smithi070.stdout:/usr/bin/ceph: stderr
2023-08-25T08:27:36.448+0000 7f12c6f0c700 1 --2- 172.21.15.70:0/4017993083 >> [v2:172.21.15.70:3300/0,v1:172.21.15.70:6789/0] conn(0x7f12c007ad70 0x7f12c019c4b0 unknown :-1 s=CLOSED pgs=17 cs=0 l=1 rev1=1 crypto rx=0 tx=0 comp rx=0 tx=0).stop
2023-08-25T08:27:36.963 INFO:teuthology.orchestra.run.smithi070.stdout:/usr/bin/ceph: stderr
2023-08-25T08:27:36.448+0000 7f12c6f0c700 1 -- 172.21.15.70:0/4017993083 >> 172.21.15.70:0/4017993083 conn(0x7f12c0101af0 msgr2=0x7f12c0103180 unknown :-1 s=STATE_NONE l=0).mark_down
2023-08-25T08:27:36.963 INFO:teuthology.orchestra.run.smithi070.stdout:/usr/bin/ceph: stderr
2023-08-25T08:27:36.448+0000 7f12c6f0c700 1 -- 172.21.15.70:0/4017993083 shutdown_connections
2023-08-25T08:27:36.964 INFO:teuthology.orchestra.run.smithi070.stdout:/usr/bin/ceph: stderr
2023-08-25T08:27:36.448+0000 7f12c6f0c700 1 -- 172.21.15.70:0/4017993083 wait complete.
2023-08-25T08:27:36.964 INFO:teuthology.orchestra.run.smithi070.stdout:mgr is available
2023-08-25T08:27:38.070 INFO:journalctl@ceph.mon.a.smithi070.stdout:Aug 25 08:27:37 smithi070 ceph-mon[97656]: from='client.? 172.21.15.70:0/3265832419' entity='client.admin' cmd=[{"prefix": "config assimilate-conf"}]: dispatch
2023-08-25T08:27:38.222 INFO:teuthology.orchestra.run.smithi070.stdout:/usr/bin/ceph: stdout
2023-08-25T08:27:38.223 INFO:teuthology.orchestra.run.smithi070.stdout:/usr/bin/ceph: stdout [global]
2023-08-25T08:27:38.223 INFO:teuthology.orchestra.run.smithi070.stdout:/usr/bin/ceph: stdout fsid = 15c63270-4321-11ee-9b3d-001a4aab830c
2023-08-25T08:27:38.223 INFO:teuthology.orchestra.run.smithi070.stdout:/usr/bin/ceph: stdout mon_osd_allow_pg_remap = true
2023-08-25T08:27:38.223 INFO:teuthology.orchestra.run.smithi070.stdout:/usr/bin/ceph: stdout mon_osd_allow_primary_affinity = true
2023-08-25T08:27:38.223 INFO:teuthology.orchestra.run.smithi070.stdout:/usr/bin/ceph: stdout mon_warn_on_no_sortbitwise = false
2023-08-25T08:27:38.223 INFO:teuthology.orchestra.run.smithi070.stdout:/usr/bin/ceph: stdout osd_crush_chooseleaf_type = 0
2023-08-25T08:27:38.223 INFO:teuthology.orchestra.run.smithi070.stdout:/usr/bin/ceph: stdout
2023-08-25T08:27:38.224 INFO:teuthology.orchestra.run.smithi070.stdout:/usr/bin/ceph: stdout [mgr]
2023-08-25T08:27:38.224 INFO:teuthology.orchestra.run.smithi070.stdout:/usr/bin/ceph: stdout mgr/telemetry/nag = false
2023-08-25T08:27:38.224 INFO:teuthology.orchestra.run.smithi070.stdout:/usr/bin/ceph: stdout
2023-08-25T08:27:38.224 INFO:teuthology.orchestra.run.smithi070.stdout:/usr/bin/ceph: stdout [osd]
2023-08-25T08:27:38.224 INFO:teuthology.orchestra.run.smithi070.stdout:/usr/bin/ceph: stdout mon_osd_backfillfull_ratio = 0.85
2023-08-25T08:27:38.224 INFO:teuthology.orchestra.run.smithi070.stdout:/usr/bin/ceph: stdout mon_osd_full_ratio = 0.9
2023-08-25T08:27:38.224 INFO:teuthology.orchestra.run.smithi070.stdout:/usr/bin/ceph: stdout mon_osd_nearfull_ratio = 0.8
2023-08-25T08:27:38.224 INFO:teuthology.orchestra.run.smithi070.stdout:/usr/bin/ceph: stdout osd_map_max_advance = 10
2023-08-25T08:27:38.225 INFO:teuthology.orchestra.run.smithi070.stdout:/usr/bin/ceph: stdout osd_sloppy_crc = true
2023-08-25T08:27:38.225 INFO:teuthology.orchestra.run.smithi070.stdout:/usr/bin/ceph: stderr
2023-08-25T08:27:37.466+0000 7fb01e9bd700 1 Processor -- start
2023-08-25T08:27:38.225 INFO:teuthology.orchestra.run.smithi070.stdout:/usr/bin/ceph: stderr
2023-08-25T08:27:37.466+0000 7fb01e9bd700 1 -- start start
2023-08-25T08:27:38.225 INFO:teuthology.orchestra.run.smithi070.stdout:/usr/bin/ceph: stderr
2023-08-25T08:27:37.467+0000 7fb01e9bd700 1 --2- >> [v2:172.21.15.70:3300/0,v1:172.21.15.70:6789/0] conn(0x7fb018106510 0x7fb018106930 unknown :-1 s=NONE pgs=0 cs=0 l=0 rev1=0 crypto rx=0 tx=0 comp rx=0 tx=0).connect
2023-08-25T08:27:38.225 INFO:teuthology.orchestra.run.smithi070.stdout:/usr/bin/ceph: stderr
2023-08-25T08:27:37.467+0000 7fb01e9bd700 1 -- --> [v2:172.21.15.70:3300/0,v1:172.21.15.70:6789/0] -- mon_getmap magic: 0 v1 -- 0x7fb018106f00 con 0x7fb018106510
2023-08-25T08:27:38.225 INFO:teuthology.orchestra.run.smithi070.stdout:/usr/bin/ceph: stderr
2023-08-25T08:27:37.467+0000 7fb017fff700 1 --2- >> [v2:172.21.15.70:3300/0,v1:172.21.15.70:6789/0] conn(0x7fb018106510 0x7fb018106930 unknown :-1 s=BANNER_CONNECTING pgs=0 cs=0 l=0 rev1=0 crypto rx=0 tx=0 comp rx=0 tx=0)._handle_peer_banner_payload supported=3 required=0
2023-08-25T08:27:38.225 INFO:teuthology.orchestra.run.smithi070.stdout:/usr/bin/ceph: stderr
2023-08-25T08:27:37.467+0000 7fb017fff700 1 --2- >> [v2:172.21.15.70:3300/0,v1:172.21.15.70:6789/0] conn(0x7fb018106510 0x7fb018106930 unknown :-1 s=HELLO_CONNECTING pgs=0 cs=0 l=0 rev1=1 crypto rx=0 tx=0 comp rx=0 tx=0).handle_hello peer v2:172.21.15.70:3300/0 says I am v2:172.21.15.70:41090/0 (socket says 172.21.15.70:41090)
2023-08-25T08:27:38.226 INFO:teuthology.orchestra.run.smithi070.stdout:/usr/bin/ceph: stderr
2023-08-25T08:27:37.467+0000 7fb017fff700 1 -- 172.21.15.70:0/1043189080 learned_addr learned my addr 172.21.15.70:0/1043189080 (peer_addr_for_me v2:172.21.15.70:0/0)
2023-08-25T08:27:38.226 INFO:teuthology.orchestra.run.smithi070.stdout:/usr/bin/ceph: stderr
2023-08-25T08:27:37.467+0000 7fb017fff700 1 -- 172.21.15.70:0/1043189080 --> [v2:172.21.15.70:3300/0,v1:172.21.15.70:6789/0] -- mon_subscribe({config=0+,monmap=0+}) v3 -- 0x7fb018107710 con 0x7fb018106510
2023-08-25T08:27:38.226 INFO:teuthology.orchestra.run.smithi070.stdout:/usr/bin/ceph: stderr
2023-08-25T08:27:37.468+0000 7fb017fff700 1 --2- 172.21.15.70:0/1043189080 >> [v2:172.21.15.70:3300/0,v1:172.21.15.70:6789/0] conn(0x7fb018106510 0x7fb018106930 secure :-1 s=READY pgs=18 cs=0 l=1 rev1=1 crypto rx=0x7fb0080098a0 tx=0x7fb008009bb0 comp rx=0 tx=0).ready entity=mon.0 client_cookie=b3fb865abc782d1d server_cookie=0 in_seq=0 out_seq=0
2023-08-25T08:27:38.226 INFO:teuthology.orchestra.run.smithi070.stdout:/usr/bin/ceph: stderr
2023-08-25T08:27:37.468+0000 7fb016ffd700 1 -- 172.21.15.70:0/1043189080 <== mon.0 v2:172.21.15.70:3300/0 1 ==== mon_map magic: 0 v1 ==== 205+0+0 (secure 0 0 0) 0x7fb008004160 con 0x7fb018106510
2023-08-25T08:27:38.226 INFO:teuthology.orchestra.run.smithi070.stdout:/usr/bin/ceph: stderr
2023-08-25T08:27:37.468+0000 7fb016ffd700 1 -- 172.21.15.70:0/1043189080 <== mon.0 v2:172.21.15.70:3300/0 2 ==== config(28 keys) v1 ==== 1143+0+0 (secure 0 0 0) 0x7fb0080042c0 con 0x7fb018106510
2023-08-25T08:27:38.226 INFO:teuthology.orchestra.run.smithi070.stdout:/usr/bin/ceph: stderr
2023-08-25T08:27:37.468+0000 7fb016ffd700 1 -- 172.21.15.70:0/1043189080 <== mon.0 v2:172.21.15.70:3300/0 3 ==== mon_map magic: 0 v1 ==== 205+0+0 (secure 0 0 0) 0x7fb008011b70 con 0x7fb018106510
2023-08-25T08:27:38.226 INFO:teuthology.orchestra.run.smithi070.stdout:/usr/bin/ceph: stderr
2023-08-25T08:27:37.468+0000 7fb01e9bd700 1 -- 172.21.15.70:0/1043189080 >> [v2:172.21.15.70:3300/0,v1:172.21.15.70:6789/0] conn(0x7fb018106510 msgr2=0x7fb018106930 secure :-1 s=STATE_CONNECTION_ESTABLISHED l=1).mark_down
2023-08-25T08:27:38.226 INFO:teuthology.orchestra.run.smithi070.stdout:/usr/bin/ceph: stderr
2023-08-25T08:27:37.468+0000 7fb01e9bd700 1 --2- 172.21.15.70:0/1043189080 >> [v2:172.21.15.70:3300/0,v1:172.21.15.70:6789/0] conn(0x7fb018106510 0x7fb018106930 secure :-1 s=READY pgs=18 cs=0 l=1 rev1=1 crypto rx=0x7fb0080098a0 tx=0x7fb008009bb0 comp rx=0 tx=0).stop
2023-08-25T08:27:38.227 INFO:teuthology.orchestra.run.smithi070.stdout:/usr/bin/ceph: stderr
2023-08-25T08:27:37.469+0000 7fb01e9bd700 1 -- 172.21.15.70:0/1043189080 shutdown_connections
2023-08-25T08:27:38.227 INFO:teuthology.orchestra.run.smithi070.stdout:/usr/bin/ceph: stderr
2023-08-25T08:27:37.469+0000 7fb01e9bd700 1 --2- 172.21.15.70:0/1043189080 >> [v2:172.21.15.70:3300/0,v1:172.21.15.70:6789/0] conn(0x7fb018106510 0x7fb018106930 unknown :-1 s=CLOSED pgs=18 cs=0 l=1 rev1=1 crypto rx=0 tx=0 comp rx=0 tx=0).stop
2023-08-25T08:27:38.227 INFO:teuthology.orchestra.run.smithi070.stdout:/usr/bin/ceph: stderr
2023-08-25T08:27:37.469+0000 7fb01e9bd700 1 -- 172.21.15.70:0/1043189080 >> 172.21.15.70:0/1043189080 conn(0x7fb018101af0 msgr2=0x7fb018103f10 unknown :-1 s=STATE_NONE l=0).mark_down
2023-08-25T08:27:38.227 INFO:teuthology.orchestra.run.smithi070.stdout:/usr/bin/ceph: stderr
2023-08-25T08:27:37.469+0000 7fb01e9bd700 1 -- 172.21.15.70:0/1043189080 shutdown_connections
2023-08-25T08:27:38.227 INFO:teuthology.orchestra.run.smithi070.stdout:/usr/bin/ceph: stderr
2023-08-25T08:27:37.469+0000 7fb01e9bd700 1 -- 172.21.15.70:0/1043189080 wait complete.
2023-08-25T08:27:38.227 INFO:teuthology.orchestra.run.smithi070.stdout:/usr/bin/ceph: stderr
2023-08-25T08:27:37.470+0000 7fb01e9bd700 1 Processor -- start
2023-08-25T08:27:38.227 INFO:teuthology.orchestra.run.smithi070.stdout:/usr/bin/ceph: stderr
2023-08-25T08:27:37.470+0000 7fb01e9bd700 1 -- start start
2023-08-25T08:27:38.228 INFO:teuthology.orchestra.run.smithi070.stdout:/usr/bin/ceph: stderr
2023-08-25T08:27:37.470+0000 7fb01e9bd700 1 --2- >> [v2:172.21.15.70:3300/0,v1:172.21.15.70:6789/0] conn(0x7fb018106510 0x7fb01819c4b0 unknown :-1 s=NONE pgs=0 cs=0 l=1 rev1=0 crypto rx=0 tx=0 comp rx=0 tx=0).connect
2023-08-25T08:27:38.228 INFO:teuthology.orchestra.run.smithi070.stdout:/usr/bin/ceph: stderr
2023-08-25T08:27:37.470+0000 7fb01e9bd700 1 -- --> [v2:172.21.15.70:3300/0,v1:172.21.15.70:6789/0] -- mon_getmap magic: 0 v1 -- 0x7fb01819c9f0 con 0x7fb018106510
2023-08-25T08:27:38.228 INFO:teuthology.orchestra.run.smithi070.stdout:/usr/bin/ceph: stderr
2023-08-25T08:27:37.470+0000 7fb017fff700 1 --2- >> [v2:172.21.15.70:3300/0,v1:172.21.15.70:6789/0] conn(0x7fb018106510 0x7fb01819c4b0 unknown :-1 s=BANNER_CONNECTING pgs=0 cs=0 l=1 rev1=0 crypto rx=0 tx=0 comp rx=0 tx=0)._handle_peer_banner_payload supported=3 required=0
2023-08-25T08:27:38.228 INFO:teuthology.orchestra.run.smithi070.stdout:/usr/bin/ceph: stderr
2023-08-25T08:27:37.470+0000 7fb017fff700 1 --2- >> [v2:172.21.15.70:3300/0,v1:172.21.15.70:6789/0] conn(0x7fb018106510 0x7fb01819c4b0 unknown :-1 s=HELLO_CONNECTING pgs=0 cs=0 l=1 rev1=1 crypto rx=0 tx=0 comp rx=0 tx=0).handle_hello peer v2:172.21.15.70:3300/0 says I am v2:172.21.15.70:41100/0 (socket says 172.21.15.70:41100)
2023-08-25T08:27:38.228 INFO:teuthology.orchestra.run.smithi070.stdout:/usr/bin/ceph: stderr
2023-08-25T08:27:37.470+0000 7fb017fff700 1 -- 172.21.15.70:0/3265832419 learned_addr learned my addr 172.21.15.70:0/3265832419 (peer_addr_for_me v2:172.21.15.70:0/0)
2023-08-25T08:27:38.228 INFO:teuthology.orchestra.run.smithi070.stdout:/usr/bin/ceph: stderr
2023-08-25T08:27:37.471+0000 7fb017fff700 1 -- 172.21.15.70:0/3265832419 --> [v2:172.21.15.70:3300/0,v1:172.21.15.70:6789/0] -- mon_subscribe({config=0+,monmap=0+}) v3 -- 0x7fb008009550 con 0x7fb018106510
2023-08-25T08:27:38.228 INFO:teuthology.orchestra.run.smithi070.stdout:/usr/bin/ceph: stderr
2023-08-25T08:27:37.471+0000 7fb017fff700 1 --2- 172.21.15.70:0/3265832419 >> [v2:172.21.15.70:3300/0,v1:172.21.15.70:6789/0] conn(0x7fb018106510 0x7fb01819c4b0 secure :-1 s=READY pgs=19 cs=0 l=1 rev1=1 crypto rx=0x7fb008000c00 tx=0x7fb008011bd0 comp rx=0 tx=0).ready entity=mon.0 client_cookie=0 server_cookie=0 in_seq=0 out_seq=0
2023-08-25T08:27:38.228 INFO:teuthology.orchestra.run.smithi070.stdout:/usr/bin/ceph: stderr
2023-08-25T08:27:37.471+0000 7fb0157fa700 1 -- 172.21.15.70:0/3265832419 <== mon.0 v2:172.21.15.70:3300/0 1 ==== mon_map magic: 0 v1 ==== 205+0+0 (secure 0 0 0) 0x7fb008003b70 con 0x7fb018106510
2023-08-25T08:27:38.229 INFO:teuthology.orchestra.run.smithi070.stdout:/usr/bin/ceph: stderr
2023-08-25T08:27:37.471+0000 7fb0157fa700 1 -- 172.21.15.70:0/3265832419 <== mon.0 v2:172.21.15.70:3300/0 2 ==== config(28 keys) v1 ==== 1143+0+0 (secure 0 0 0) 0x7fb008003cd0 con 0x7fb018106510
2023-08-25T08:27:38.229 INFO:teuthology.orchestra.run.smithi070.stdout:/usr/bin/ceph: stderr
2023-08-25T08:27:37.471+0000 7fb0157fa700 1 -- 172.21.15.70:0/3265832419 <== mon.0 v2:172.21.15.70:3300/0 3 ==== mon_map magic: 0 v1 ==== 205+0+0 (secure 0 0 0) 0x7fb0080248a0 con 0x7fb018106510
2023-08-25T08:27:38.229 INFO:teuthology.orchestra.run.smithi070.stdout:/usr/bin/ceph: stderr
2023-08-25T08:27:37.471+0000 7fb01e9bd700 1 -- 172.21.15.70:0/3265832419 --> [v2:172.21.15.70:3300/0,v1:172.21.15.70:6789/0] -- mon_subscribe({mgrmap=0+}) v3 -- 0x7fb01819cbf0 con 0x7fb018106510
2023-08-25T08:27:38.229 INFO:teuthology.orchestra.run.smithi070.stdout:/usr/bin/ceph: stderr
2023-08-25T08:27:37.471+0000 7fb01e9bd700 1 -- 172.21.15.70:0/3265832419 --> [v2:172.21.15.70:3300/0,v1:172.21.15.70:6789/0] -- mon_subscribe({osdmap=0}) v3 -- 0x7fb01819d010 con 0x7fb018106510
2023-08-25T08:27:38.229 INFO:teuthology.orchestra.run.smithi070.stdout:/usr/bin/ceph: stderr
2023-08-25T08:27:37.472+0000 7fb01e9bd700 1 -- 172.21.15.70:0/3265832419 --> [v2:172.21.15.70:3300/0,v1:172.21.15.70:6789/0] -- mon_command({"prefix": "get_command_descriptions"} v 0) v1 -- 0x7fb018061f50 con 0x7fb018106510
2023-08-25T08:27:38.229 INFO:teuthology.orchestra.run.smithi070.stdout:/usr/bin/ceph: stderr
2023-08-25T08:27:37.473+0000 7fb0157fa700 1 -- 172.21.15.70:0/3265832419 <== mon.0 v2:172.21.15.70:3300/0 4 ==== mgrmap(e 4) v1 ==== 45124+0+0 (secure 0 0 0) 0x7fb008024b60 con 0x7fb018106510
2023-08-25T08:27:38.229 INFO:teuthology.orchestra.run.smithi070.stdout:/usr/bin/ceph: stderr
2023-08-25T08:27:37.473+0000 7fb0157fa700 1 --2- 172.21.15.70:0/3265832419 >> [v2:172.21.15.70:6800/922878939,v1:172.21.15.70:6801/922878939] conn(0x7fb0000380c0 0x7fb00003a580 unknown :-1 s=NONE pgs=0 cs=0 l=1 rev1=0 crypto rx=0 tx=0 comp rx=0 tx=0).connect
2023-08-25T08:27:38.230 INFO:teuthology.orchestra.run.smithi070.stdout:/usr/bin/ceph: stderr
2023-08-25T08:27:37.474+0000 7fb0157fa700 1 -- 172.21.15.70:0/3265832419 <== mon.0 v2:172.21.15.70:3300/0 5 ==== osd_map(1..1 src has 1..1) v4 ==== 725+0+0 (secure 0 0 0) 0x7fb00804bc00 con 0x7fb018106510
2023-08-25T08:27:38.230 INFO:teuthology.orchestra.run.smithi070.stdout:/usr/bin/ceph: stderr
2023-08-25T08:27:37.474+0000 7fb0177fe700 1 --2- 172.21.15.70:0/3265832419 >> [v2:172.21.15.70:6800/922878939,v1:172.21.15.70:6801/922878939] conn(0x7fb0000380c0 0x7fb00003a580 unknown :-1 s=BANNER_CONNECTING pgs=0 cs=0 l=1 rev1=0 crypto rx=0 tx=0 comp rx=0 tx=0)._handle_peer_banner_payload supported=3 required=0
2023-08-25T08:27:38.230 INFO:teuthology.orchestra.run.smithi070.stdout:/usr/bin/ceph: stderr
2023-08-25T08:27:37.474+0000 7fb0177fe700 1 --2- 172.21.15.70:0/3265832419 >> [v2:172.21.15.70:6800/922878939,v1:172.21.15.70:6801/922878939] conn(0x7fb0000380c0 0x7fb00003a580 secure :-1 s=READY pgs=7 cs=0 l=1 rev1=1 crypto rx=0x7fb00c006fd0 tx=0x7fb00c006e40 comp rx=0 tx=0).ready entity=mgr.14100 client_cookie=0 server_cookie=0 in_seq=0 out_seq=0
2023-08-25T08:27:38.230 INFO:teuthology.orchestra.run.smithi070.stdout:/usr/bin/ceph: stderr
2023-08-25T08:27:37.479+0000 7fb0157fa700 1 -- 172.21.15.70:0/3265832419 <== mon.0 v2:172.21.15.70:3300/0 6 ==== mon_command_ack([{"prefix": "get_command_descriptions"}]=0 v0) v1 ==== 72+0+179682 (secure 0 0 0) 0x7fb008018760 con 0x7fb018106510
2023-08-25T08:27:38.230 INFO:teuthology.orchestra.run.smithi070.stdout:/usr/bin/ceph: stderr
2023-08-25T08:27:37.676+0000 7fb01e9bd700 1 -- 172.21.15.70:0/3265832419 --> [v2:172.21.15.70:3300/0,v1:172.21.15.70:6789/0] -- mon_command({"prefix": "config assimilate-conf"} v 0) v1 -- 0x7fb01810a910 con 0x7fb018106510
2023-08-25T08:27:38.230 INFO:teuthology.orchestra.run.smithi070.stdout:/usr/bin/ceph: stderr
2023-08-25T08:27:37.677+0000 7fb0157fa700 1 -- 172.21.15.70:0/3265832419 <== mon.0 v2:172.21.15.70:3300/0 7 ==== mon_command_ack([{"prefix": "config assimilate-conf"}]=0 v3) v1 ==== 70+0+373 (secure 0 0 0) 0x7fb00802c350 con 0x7fb018106510
2023-08-25T08:27:38.231 INFO:teuthology.orchestra.run.smithi070.stdout:/usr/bin/ceph: stderr
2023-08-25T08:27:37.679+0000 7fb01e9bd700 1 -- 172.21.15.70:0/3265832419 >> [v2:172.21.15.70:6800/922878939,v1:172.21.15.70:6801/922878939] conn(0x7fb0000380c0 msgr2=0x7fb00003a580 secure :-1 s=STATE_CONNECTION_ESTABLISHED l=1).mark_down
2023-08-25T08:27:38.231 INFO:teuthology.orchestra.run.smithi070.stdout:/usr/bin/ceph: stderr
2023-08-25T08:27:37.679+0000 7fb01e9bd700 1 --2- 172.21.15.70:0/3265832419 >> [v2:172.21.15.70:6800/922878939,v1:172.21.15.70:6801/922878939] conn(0x7fb0000380c0 0x7fb00003a580 secure :-1 s=READY pgs=7 cs=0 l=1 rev1=1 crypto rx=0x7fb00c006fd0 tx=0x7fb00c006e40 comp rx=0 tx=0).stop
2023-08-25T08:27:38.231 INFO:teuthology.orchestra.run.smithi070.stdout:/usr/bin/ceph: stderr
2023-08-25T08:27:37.679+0000 7fb01e9bd700 1 -- 172.21.15.70:0/3265832419 >> [v2:172.21.15.70:3300/0,v1:172.21.15.70:6789/0] conn(0x7fb018106510 msgr2=0x7fb01819c4b0 secure :-1 s=STATE_CONNECTION_ESTABLISHED l=1).mark_down
2023-08-25T08:27:38.231 INFO:teuthology.orchestra.run.smithi070.stdout:/usr/bin/ceph: stderr
2023-08-25T08:27:37.679+0000 7fb01e9bd700 1 --2- 172.21.15.70:0/3265832419 >> [v2:172.21.15.70:3300/0,v1:172.21.15.70:6789/0] conn(0x7fb018106510 0x7fb01819c4b0 secure :-1 s=READY pgs=19 cs=0 l=1 rev1=1 crypto rx=0x7fb008000c00 tx=0x7fb008011bd0 comp rx=0 tx=0).stop
2023-08-25T08:27:38.231 INFO:teuthology.orchestra.run.smithi070.stdout:/usr/bin/ceph: stderr
2023-08-25T08:27:37.679+0000 7fb01e9bd700 1 -- 172.21.15.70:0/3265832419 shutdown_connections
2023-08-25T08:27:38.231 INFO:teuthology.orchestra.run.smithi070.stdout:/usr/bin/ceph: stderr
2023-08-25T08:27:37.679+0000 7fb01e9bd700 1 --2- 172.21.15.70:0/3265832419 >> [v2:172.21.15.70:6800/922878939,v1:172.21.15.70:6801/922878939] conn(0x7fb0000380c0 0x7fb00003a580 unknown :-1 s=CLOSED pgs=7 cs=0 l=1 rev1=1 crypto rx=0 tx=0 comp rx=0 tx=0).stop
2023-08-25T08:27:38.231 INFO:teuthology.orchestra.run.smithi070.stdout:/usr/bin/ceph: stderr
2023-08-25T08:27:37.679+0000 7fb01e9bd700 1 --2- 172.21.15.70:0/3265832419 >> [v2:172.21.15.70:3300/0,v1:172.21.15.70:6789/0] conn(0x7fb018106510 0x7fb01819c4b0 unknown :-1 s=CLOSED pgs=19 cs=0 l=1 rev1=1 crypto rx=0 tx=0 comp rx=0 tx=0).stop
2023-08-25T08:27:38.232 INFO:teuthology.orchestra.run.smithi070.stdout:/usr/bin/ceph: stderr
2023-08-25T08:27:37.679+0000 7fb01e9bd700 1 -- 172.21.15.70:0/3265832419 >> 172.21.15.70:0/3265832419 conn(0x7fb018101af0 msgr2=0x7fb018103190 unknown :-1 s=STATE_NONE l=0).mark_down
2023-08-25T08:27:38.232 INFO:teuthology.orchestra.run.smithi070.stdout:/usr/bin/ceph: stderr
2023-08-25T08:27:37.679+0000 7fb01e9bd700 1 -- 172.21.15.70:0/3265832419 shutdown_connections
2023-08-25T08:27:38.232 INFO:teuthology.orchestra.run.smithi070.stdout:/usr/bin/ceph: stderr
2023-08-25T08:27:37.680+0000 7fb01e9bd700 1 -- 172.21.15.70:0/3265832419 wait complete.
2023-08-25T08:27:38.232 INFO:teuthology.orchestra.run.smithi070.stdout:Enabling cephadm module...
2023-08-25T08:27:39.337 INFO:journalctl@ceph.mon.a.smithi070.stdout:Aug 25 08:27:39 smithi070 ceph-mon[97656]: from='client.? 172.21.15.70:0/777275970' entity='client.admin' cmd=[{"prefix": "mgr module enable", "module": "cephadm"}]: dispatch
2023-08-25T08:27:39.337 INFO:journalctl@ceph.mgr.x.smithi070.stdout:Aug 25 08:27:39 smithi070 ceph-15c63270-4321-11ee-9b3d-001a4aab830c-mgr-x[97904]: ignoring --setuser ceph since I am not root
2023-08-25T08:27:39.337 INFO:journalctl@ceph.mgr.x.smithi070.stdout:Aug 25 08:27:39 smithi070 ceph-15c63270-4321-11ee-9b3d-001a4aab830c-mgr-x[97904]: ignoring --setgroup ceph since I am not root
2023-08-25T08:27:39.501 INFO:teuthology.orchestra.run.smithi070.stdout:/usr/bin/ceph: stderr
2023-08-25T08:27:38.764+0000 7f8f4d8fd700 1 Processor -- start
2023-08-25T08:27:39.501 INFO:teuthology.orchestra.run.smithi070.stdout:/usr/bin/ceph: stderr
2023-08-25T08:27:38.765+0000 7f8f4d8fd700 1 -- start start
2023-08-25T08:27:39.502 INFO:teuthology.orchestra.run.smithi070.stdout:/usr/bin/ceph: stderr
2023-08-25T08:27:38.765+0000 7f8f4d8fd700 1 --2- >> [v2:172.21.15.70:3300/0,v1:172.21.15.70:6789/0] conn(0x7f8f4807ad70 0x7f8f480791d0 unknown :-1 s=NONE pgs=0 cs=0 l=0 rev1=0 crypto rx=0 tx=0 comp rx=0 tx=0).connect
2023-08-25T08:27:39.502 INFO:teuthology.orchestra.run.smithi070.stdout:/usr/bin/ceph: stderr
2023-08-25T08:27:38.765+0000 7f8f4d8fd700 1 -- --> [v2:172.21.15.70:3300/0,v1:172.21.15.70:6789/0] -- mon_getmap magic: 0 v1 -- 0x7f8f480797a0 con 0x7f8f4807ad70
2023-08-25T08:27:39.502 INFO:teuthology.orchestra.run.smithi070.stdout:/usr/bin/ceph: stderr
2023-08-25T08:27:38.765+0000 7f8f46ffd700 1 --2- >> [v2:172.21.15.70:3300/0,v1:172.21.15.70:6789/0] conn(0x7f8f4807ad70 0x7f8f480791d0 unknown :-1 s=BANNER_CONNECTING pgs=0 cs=0 l=0 rev1=0 crypto rx=0 tx=0 comp rx=0 tx=0)._handle_peer_banner_payload supported=3 required=0
2023-08-25T08:27:39.502 INFO:teuthology.orchestra.run.smithi070.stdout:/usr/bin/ceph: stderr
2023-08-25T08:27:38.765+0000 7f8f46ffd700 1 --2- >> [v2:172.21.15.70:3300/0,v1:172.21.15.70:6789/0] conn(0x7f8f4807ad70 0x7f8f480791d0 unknown :-1 s=HELLO_CONNECTING pgs=0 cs=0 l=0 rev1=1 crypto rx=0 tx=0 comp rx=0 tx=0).handle_hello peer v2:172.21.15.70:3300/0 says I am v2:172.21.15.70:41106/0 (socket says 172.21.15.70:41106)
2023-08-25T08:27:39.502 INFO:teuthology.orchestra.run.smithi070.stdout:/usr/bin/ceph: stderr
2023-08-25T08:27:38.765+0000 7f8f46ffd700 1 -- 172.21.15.70:0/3798278164 learned_addr learned my addr 172.21.15.70:0/3798278164 (peer_addr_for_me v2:172.21.15.70:0/0)
2023-08-25T08:27:39.503 INFO:teuthology.orchestra.run.smithi070.stdout:/usr/bin/ceph: stderr
2023-08-25T08:27:38.766+0000 7f8f46ffd700 1 -- 172.21.15.70:0/3798278164 --> [v2:172.21.15.70:3300/0,v1:172.21.15.70:6789/0] -- mon_subscribe({config=0+,monmap=0+}) v3 -- 0x7f8f480798e0 con 0x7f8f4807ad70
2023-08-25T08:27:39.503 INFO:teuthology.orchestra.run.smithi070.stdout:/usr/bin/ceph: stderr
2023-08-25T08:27:38.766+0000 7f8f46ffd700 1 --2- 172.21.15.70:0/3798278164 >> [v2:172.21.15.70:3300/0,v1:172.21.15.70:6789/0] conn(0x7f8f4807ad70 0x7f8f480791d0 secure :-1 s=READY pgs=20 cs=0 l=1 rev1=1 crypto rx=0x7f8f380098a0 tx=0x7f8f38009bb0 comp rx=0 tx=0).ready entity=mon.0 client_cookie=2bd63288c7c72538 server_cookie=0 in_seq=0 out_seq=0
2023-08-25T08:27:39.503 INFO:teuthology.orchestra.run.smithi070.stdout:/usr/bin/ceph: stderr
2023-08-25T08:27:38.766+0000 7f8f45ffb700 1 -- 172.21.15.70:0/3798278164 <== mon.0 v2:172.21.15.70:3300/0 1 ==== mon_map magic: 0 v1 ==== 205+0+0 (secure 0 0 0) 0x7f8f38004160 con 0x7f8f4807ad70
2023-08-25T08:27:39.503 INFO:teuthology.orchestra.run.smithi070.stdout:/usr/bin/ceph: stderr
2023-08-25T08:27:38.766+0000 7f8f45ffb700 1 -- 172.21.15.70:0/3798278164 <== mon.0 v2:172.21.15.70:3300/0 2 ==== config(28 keys) v1 ==== 1143+0+0 (secure 0 0 0) 0x7f8f380042c0 con 0x7f8f4807ad70
2023-08-25T08:27:39.503 INFO:teuthology.orchestra.run.smithi070.stdout:/usr/bin/ceph: stderr
2023-08-25T08:27:38.766+0000 7f8f45ffb700 1 -- 172.21.15.70:0/3798278164 <== mon.0 v2:172.21.15.70:3300/0 3 ==== mon_map magic: 0 v1 ==== 205+0+0 (secure 0 0 0) 0x7f8f38011b70 con 0x7f8f4807ad70
2023-08-25T08:27:39.503 INFO:teuthology.orchestra.run.smithi070.stdout:/usr/bin/ceph: stderr
2023-08-25T08:27:38.767+0000 7f8f4d8fd700 1 -- 172.21.15.70:0/3798278164 >> [v2:172.21.15.70:3300/0,v1:172.21.15.70:6789/0] conn(0x7f8f4807ad70 msgr2=0x7f8f480791d0 secure :-1 s=STATE_CONNECTION_ESTABLISHED l=1).mark_down
2023-08-25T08:27:39.503 INFO:teuthology.orchestra.run.smithi070.stdout:/usr/bin/ceph: stderr
2023-08-25T08:27:38.767+0000 7f8f4d8fd700 1 --2- 172.21.15.70:0/3798278164 >> [v2:172.21.15.70:3300/0,v1:172.21.15.70:6789/0] conn(0x7f8f4807ad70 0x7f8f480791d0 secure :-1 s=READY pgs=20 cs=0 l=1 rev1=1 crypto rx=0x7f8f380098a0 tx=0x7f8f38009bb0 comp rx=0 tx=0).stop
2023-08-25T08:27:39.504 INFO:teuthology.orchestra.run.smithi070.stdout:/usr/bin/ceph: stderr
2023-08-25T08:27:38.767+0000 7f8f4d8fd700 1 -- 172.21.15.70:0/3798278164 shutdown_connections
2023-08-25T08:27:39.504 INFO:teuthology.orchestra.run.smithi070.stdout:/usr/bin/ceph: stderr
2023-08-25T08:27:38.767+0000 7f8f4d8fd700 1 --2- 172.21.15.70:0/3798278164 >> [v2:172.21.15.70:3300/0,v1:172.21.15.70:6789/0] conn(0x7f8f4807ad70 0x7f8f480791d0 unknown :-1 s=CLOSED pgs=20 cs=0 l=1 rev1=1 crypto rx=0 tx=0 comp rx=0 tx=0).stop
2023-08-25T08:27:39.504 INFO:teuthology.orchestra.run.smithi070.stdout:/usr/bin/ceph: stderr
2023-08-25T08:27:38.767+0000 7f8f4d8fd700 1 -- 172.21.15.70:0/3798278164 >> 172.21.15.70:0/3798278164 conn(0x7f8f48101b80 msgr2=0x7f8f48103fa0 unknown :-1 s=STATE_NONE l=0).mark_down
2023-08-25T08:27:39.504 INFO:teuthology.orchestra.run.smithi070.stdout:/usr/bin/ceph: stderr
2023-08-25T08:27:38.767+0000 7f8f4d8fd700 1 -- 172.21.15.70:0/3798278164 shutdown_connections
2023-08-25T08:27:39.504 INFO:teuthology.orchestra.run.smithi070.stdout:/usr/bin/ceph: stderr
2023-08-25T08:27:38.767+0000 7f8f4d8fd700 1 -- 172.21.15.70:0/3798278164 wait complete.
2023-08-25T08:27:39.504 INFO:teuthology.orchestra.run.smithi070.stdout:/usr/bin/ceph: stderr
2023-08-25T08:27:38.768+0000 7f8f4d8fd700 1 Processor -- start
2023-08-25T08:27:39.504 INFO:teuthology.orchestra.run.smithi070.stdout:/usr/bin/ceph: stderr
2023-08-25T08:27:38.768+0000 7f8f4d8fd700 1 -- start start
2023-08-25T08:27:39.505 INFO:teuthology.orchestra.run.smithi070.stdout:/usr/bin/ceph: stderr
2023-08-25T08:27:38.768+0000 7f8f4d8fd700 1 --2- >> [v2:172.21.15.70:3300/0,v1:172.21.15.70:6789/0] conn(0x7f8f4807ad70 0x7f8f4819c580 unknown :-1 s=NONE pgs=0 cs=0 l=1 rev1=0 crypto rx=0 tx=0 comp rx=0 tx=0).connect
2023-08-25T08:27:39.505 INFO:teuthology.orchestra.run.smithi070.stdout:/usr/bin/ceph: stderr
2023-08-25T08:27:38.768+0000 7f8f4d8fd700 1 -- --> [v2:172.21.15.70:3300/0,v1:172.21.15.70:6789/0] -- mon_getmap magic: 0 v1 -- 0x7f8f4819cac0 con 0x7f8f4807ad70
2023-08-25T08:27:39.505 INFO:teuthology.orchestra.run.smithi070.stdout:/usr/bin/ceph: stderr
2023-08-25T08:27:38.768+0000 7f8f46ffd700 1 --2- >> [v2:172.21.15.70:3300/0,v1:172.21.15.70:6789/0] conn(0x7f8f4807ad70 0x7f8f4819c580 unknown :-1 s=BANNER_CONNECTING pgs=0 cs=0 l=1 rev1=0 crypto rx=0 tx=0 comp rx=0 tx=0)._handle_peer_banner_payload supported=3 required=0
2023-08-25T08:27:39.505 INFO:teuthology.orchestra.run.smithi070.stdout:/usr/bin/ceph: stderr
2023-08-25T08:27:38.768+0000 7f8f46ffd700 1 --2- >> [v2:172.21.15.70:3300/0,v1:172.21.15.70:6789/0] conn(0x7f8f4807ad70 0x7f8f4819c580 unknown :-1 s=HELLO_CONNECTING pgs=0 cs=0 l=1 rev1=1 crypto rx=0 tx=0 comp rx=0 tx=0).handle_hello peer v2:172.21.15.70:3300/0 says I am v2:172.21.15.70:41120/0 (socket says 172.21.15.70:41120)
2023-08-25T08:27:39.505 INFO:teuthology.orchestra.run.smithi070.stdout:/usr/bin/ceph: stderr
2023-08-25T08:27:38.768+0000 7f8f46ffd700 1 -- 172.21.15.70:0/777275970 learned_addr learned my addr 172.21.15.70:0/777275970 (peer_addr_for_me v2:172.21.15.70:0/0)
2023-08-25T08:27:39.505 INFO:teuthology.orchestra.run.smithi070.stdout:/usr/bin/ceph: stderr
2023-08-25T08:27:38.769+0000 7f8f46ffd700 1 -- 172.21.15.70:0/777275970 --> [v2:172.21.15.70:3300/0,v1:172.21.15.70:6789/0] -- mon_subscribe({config=0+,monmap=0+}) v3 -- 0x7f8f38009550 con 0x7f8f4807ad70
2023-08-25T08:27:39.505 INFO:teuthology.orchestra.run.smithi070.stdout:/usr/bin/ceph: stderr
