2023-08-25T08:27:38.769+0000 7f8f46ffd700 1 --2- 172.21.15.70:0/777275970 >> [v2:172.21.15.70:3300/0,v1:172.21.15.70:6789/0] conn(0x7f8f4807ad70 0x7f8f4819c580 secure :-1 s=READY pgs=21 cs=0 l=1 rev1=1 crypto rx=0x7f8f38000c00 tx=0x7f8f38011bd0 comp rx=0 tx=0).ready entity=mon.0 client_cookie=0 server_cookie=0 in_seq=0 out_seq=0
2023-08-25T08:27:39.505 INFO:teuthology.orchestra.run.smithi070.stdout:/usr/bin/ceph: stderr
2023-08-25T08:27:38.769+0000 7f8f4c8fb700 1 -- 172.21.15.70:0/777275970 <== mon.0 v2:172.21.15.70:3300/0 1 ==== mon_map magic: 0 v1 ==== 205+0+0 (secure 0 0 0) 0x7f8f38003b70 con 0x7f8f4807ad70
2023-08-25T08:27:39.506 INFO:teuthology.orchestra.run.smithi070.stdout:/usr/bin/ceph: stderr
2023-08-25T08:27:38.769+0000 7f8f4c8fb700 1 -- 172.21.15.70:0/777275970 <== mon.0 v2:172.21.15.70:3300/0 2 ==== config(28 keys) v1 ==== 1143+0+0 (secure 0 0 0) 0x7f8f38003cd0 con 0x7f8f4807ad70
2023-08-25T08:27:39.506 INFO:teuthology.orchestra.run.smithi070.stdout:/usr/bin/ceph: stderr
2023-08-25T08:27:38.769+0000 7f8f4d8fd700 1 -- 172.21.15.70:0/777275970 --> [v2:172.21.15.70:3300/0,v1:172.21.15.70:6789/0] -- mon_subscribe({mgrmap=0+}) v3 -- 0x7f8f4819ccc0 con 0x7f8f4807ad70
2023-08-25T08:27:39.506 INFO:teuthology.orchestra.run.smithi070.stdout:/usr/bin/ceph: stderr
2023-08-25T08:27:38.769+0000 7f8f4c8fb700 1 -- 172.21.15.70:0/777275970 <== mon.0 v2:172.21.15.70:3300/0 3 ==== mon_map magic: 0 v1 ==== 205+0+0 (secure 0 0 0) 0x7f8f380248a0 con 0x7f8f4807ad70
2023-08-25T08:27:39.506 INFO:teuthology.orchestra.run.smithi070.stdout:/usr/bin/ceph: stderr
2023-08-25T08:27:38.769+0000 7f8f4d8fd700 1 -- 172.21.15.70:0/777275970 --> [v2:172.21.15.70:3300/0,v1:172.21.15.70:6789/0] -- mon_subscribe({osdmap=0}) v3 -- 0x7f8f4819d0e0 con 0x7f8f4807ad70
2023-08-25T08:27:39.506 INFO:teuthology.orchestra.run.smithi070.stdout:/usr/bin/ceph: stderr
2023-08-25T08:27:38.771+0000 7f8f4d8fd700 1 -- 172.21.15.70:0/777275970 --> [v2:172.21.15.70:3300/0,v1:172.21.15.70:6789/0] -- mon_command({"prefix": "get_command_descriptions"} v 0) v1 -- 0x7f8f48061f50 con 0x7f8f4807ad70
2023-08-25T08:27:39.506 INFO:teuthology.orchestra.run.smithi070.stdout:/usr/bin/ceph: stderr
2023-08-25T08:27:38.771+0000 7f8f4c8fb700 1 -- 172.21.15.70:0/777275970 <== mon.0 v2:172.21.15.70:3300/0 4 ==== mgrmap(e 4) v1 ==== 45124+0+0 (secure 0 0 0) 0x7f8f38024b60 con 0x7f8f4807ad70
2023-08-25T08:27:39.506 INFO:teuthology.orchestra.run.smithi070.stdout:/usr/bin/ceph: stderr
2023-08-25T08:27:38.771+0000 7f8f4c8fb700 1 --2- 172.21.15.70:0/777275970 >> [v2:172.21.15.70:6800/922878939,v1:172.21.15.70:6801/922878939] conn(0x7f8f300380c0 0x7f8f3003a580 unknown :-1 s=NONE pgs=0 cs=0 l=1 rev1=0 crypto rx=0 tx=0 comp rx=0 tx=0).connect
2023-08-25T08:27:39.506 INFO:teuthology.orchestra.run.smithi070.stdout:/usr/bin/ceph: stderr
2023-08-25T08:27:38.771+0000 7f8f4c8fb700 1 -- 172.21.15.70:0/777275970 <== mon.0 v2:172.21.15.70:3300/0 5 ==== osd_map(1..1 src has 1..1) v4 ==== 725+0+0 (secure 0 0 0) 0x7f8f3804bc30 con 0x7f8f4807ad70
2023-08-25T08:27:39.507 INFO:teuthology.orchestra.run.smithi070.stdout:/usr/bin/ceph: stderr
2023-08-25T08:27:38.772+0000 7f8f467fc700 1 --2- 172.21.15.70:0/777275970 >> [v2:172.21.15.70:6800/922878939,v1:172.21.15.70:6801/922878939] conn(0x7f8f300380c0 0x7f8f3003a580 unknown :-1 s=BANNER_CONNECTING pgs=0 cs=0 l=1 rev1=0 crypto rx=0 tx=0 comp rx=0 tx=0)._handle_peer_banner_payload supported=3 required=0
2023-08-25T08:27:39.507 INFO:teuthology.orchestra.run.smithi070.stdout:/usr/bin/ceph: stderr
2023-08-25T08:27:38.772+0000 7f8f467fc700 1 --2- 172.21.15.70:0/777275970 >> [v2:172.21.15.70:6800/922878939,v1:172.21.15.70:6801/922878939] conn(0x7f8f300380c0 0x7f8f3003a580 secure :-1 s=READY pgs=8 cs=0 l=1 rev1=1 crypto rx=0x7f8f3c006fd0 tx=0x7f8f3c006e40 comp rx=0 tx=0).ready entity=mgr.14100 client_cookie=0 server_cookie=0 in_seq=0 out_seq=0
2023-08-25T08:27:39.507 INFO:teuthology.orchestra.run.smithi070.stdout:/usr/bin/ceph: stderr
2023-08-25T08:27:38.776+0000 7f8f4c8fb700 1 -- 172.21.15.70:0/777275970 <== mon.0 v2:172.21.15.70:3300/0 6 ==== mon_command_ack([{"prefix": "get_command_descriptions"}]=0 v0) v1 ==== 72+0+179682 (secure 0 0 0) 0x7f8f38018760 con 0x7f8f4807ad70
2023-08-25T08:27:39.507 INFO:teuthology.orchestra.run.smithi070.stdout:/usr/bin/ceph: stderr
2023-08-25T08:27:39.023+0000 7f8f4d8fd700 1 -- 172.21.15.70:0/777275970 --> [v2:172.21.15.70:3300/0,v1:172.21.15.70:6789/0] -- mon_command({"prefix": "mgr module enable", "module": "cephadm"} v 0) v1 -- 0x7f8f4810ca50 con 0x7f8f4807ad70
2023-08-25T08:27:39.507 INFO:teuthology.orchestra.run.smithi070.stdout:/usr/bin/ceph: stderr
2023-08-25T08:27:39.077+0000 7f8f4c8fb700 1 -- 172.21.15.70:0/777275970 <== mon.0 v2:172.21.15.70:3300/0 7 ==== mgrmap(e 5) v1 ==== 45135+0+0 (secure 0 0 0) 0x7f8f3801a430 con 0x7f8f4807ad70
2023-08-25T08:27:39.507 INFO:teuthology.orchestra.run.smithi070.stdout:/usr/bin/ceph: stderr
2023-08-25T08:27:39.078+0000 7f8f4c8fb700 1 -- 172.21.15.70:0/777275970 <== mon.0 v2:172.21.15.70:3300/0 8 ==== mon_command_ack([{"prefix": "mgr module enable", "module": "cephadm"}]=0 v5) v1 ==== 86+0+0 (secure 0 0 0) 0x7f8f3804b990 con 0x7f8f4807ad70
2023-08-25T08:27:39.507 INFO:teuthology.orchestra.run.smithi070.stdout:/usr/bin/ceph: stderr
2023-08-25T08:27:39.081+0000 7f8f4d8fd700 1 -- 172.21.15.70:0/777275970 >> [v2:172.21.15.70:6800/922878939,v1:172.21.15.70:6801/922878939] conn(0x7f8f300380c0 msgr2=0x7f8f3003a580 secure :-1 s=STATE_CONNECTION_ESTABLISHED l=1).mark_down
2023-08-25T08:27:39.508 INFO:teuthology.orchestra.run.smithi070.stdout:/usr/bin/ceph: stderr
2023-08-25T08:27:39.081+0000 7f8f4d8fd700 1 --2- 172.21.15.70:0/777275970 >> [v2:172.21.15.70:6800/922878939,v1:172.21.15.70:6801/922878939] conn(0x7f8f300380c0 0x7f8f3003a580 secure :-1 s=READY pgs=8 cs=0 l=1 rev1=1 crypto rx=0x7f8f3c006fd0 tx=0x7f8f3c006e40 comp rx=0 tx=0).stop
2023-08-25T08:27:39.508 INFO:teuthology.orchestra.run.smithi070.stdout:/usr/bin/ceph: stderr
2023-08-25T08:27:39.081+0000 7f8f4d8fd700 1 -- 172.21.15.70:0/777275970 >> [v2:172.21.15.70:3300/0,v1:172.21.15.70:6789/0] conn(0x7f8f4807ad70 msgr2=0x7f8f4819c580 secure :-1 s=STATE_CONNECTION_ESTABLISHED l=1).mark_down
2023-08-25T08:27:39.508 INFO:teuthology.orchestra.run.smithi070.stdout:/usr/bin/ceph: stderr
2023-08-25T08:27:39.081+0000 7f8f4d8fd700 1 --2- 172.21.15.70:0/777275970 >> [v2:172.21.15.70:3300/0,v1:172.21.15.70:6789/0] conn(0x7f8f4807ad70 0x7f8f4819c580 secure :-1 s=READY pgs=21 cs=0 l=1 rev1=1 crypto rx=0x7f8f38000c00 tx=0x7f8f38011bd0 comp rx=0 tx=0).stop
2023-08-25T08:27:39.508 INFO:teuthology.orchestra.run.smithi070.stdout:/usr/bin/ceph: stderr
2023-08-25T08:27:39.081+0000 7f8f4d8fd700 1 -- 172.21.15.70:0/777275970 shutdown_connections
2023-08-25T08:27:39.508 INFO:teuthology.orchestra.run.smithi070.stdout:/usr/bin/ceph: stderr
2023-08-25T08:27:39.081+0000 7f8f4d8fd700 1 --2- 172.21.15.70:0/777275970 >> [v2:172.21.15.70:6800/922878939,v1:172.21.15.70:6801/922878939] conn(0x7f8f300380c0 0x7f8f3003a580 unknown :-1 s=CLOSED pgs=8 cs=0 l=1 rev1=1 crypto rx=0 tx=0 comp rx=0 tx=0).stop
2023-08-25T08:27:39.508 INFO:teuthology.orchestra.run.smithi070.stdout:/usr/bin/ceph: stderr
2023-08-25T08:27:39.081+0000 7f8f4d8fd700 1 --2- 172.21.15.70:0/777275970 >> [v2:172.21.15.70:3300/0,v1:172.21.15.70:6789/0] conn(0x7f8f4807ad70 0x7f8f4819c580 unknown :-1 s=CLOSED pgs=21 cs=0 l=1 rev1=1 crypto rx=0 tx=0 comp rx=0 tx=0).stop
2023-08-25T08:27:39.508 INFO:teuthology.orchestra.run.smithi070.stdout:/usr/bin/ceph: stderr
2023-08-25T08:27:39.081+0000 7f8f4d8fd700 1 -- 172.21.15.70:0/777275970 >> 172.21.15.70:0/777275970 conn(0x7f8f48101b80 msgr2=0x7f8f48103260 unknown :-1 s=STATE_NONE l=0).mark_down
2023-08-25T08:27:39.508 INFO:teuthology.orchestra.run.smithi070.stdout:/usr/bin/ceph: stderr
2023-08-25T08:27:39.081+0000 7f8f4d8fd700 1 -- 172.21.15.70:0/777275970 shutdown_connections
2023-08-25T08:27:39.509 INFO:teuthology.orchestra.run.smithi070.stdout:/usr/bin/ceph: stderr
2023-08-25T08:27:39.082+0000 7f8f4d8fd700 1 -- 172.21.15.70:0/777275970 wait complete.
2023-08-25T08:27:39.686 INFO:journalctl@ceph.mgr.x.smithi070.stdout:Aug 25 08:27:39 smithi070 ceph-15c63270-4321-11ee-9b3d-001a4aab830c-mgr-x[97904]:
2023-08-25T08:27:39.336+0000 7f03e69c7200 -1 mgr[py] Module devicehealth has missing NOTIFY_TYPES member
2023-08-25T08:27:39.686 INFO:journalctl@ceph.mgr.x.smithi070.stdout:Aug 25 08:27:39 smithi070 ceph-15c63270-4321-11ee-9b3d-001a4aab830c-mgr-x[97904]:
2023-08-25T08:27:39.441+0000 7f03e69c7200 -1 mgr[py] Module osd_support has missing NOTIFY_TYPES member
2023-08-25T08:27:39.686 INFO:journalctl@ceph.mgr.x.smithi070.stdout:Aug 25 08:27:39 smithi070 ceph-15c63270-4321-11ee-9b3d-001a4aab830c-mgr-x[97904]:
2023-08-25T08:27:39.560+0000 7f03e69c7200 -1 mgr[py] Module snap_schedule has missing NOTIFY_TYPES member
2023-08-25T08:27:40.070 INFO:journalctl@ceph.mgr.x.smithi070.stdout:Aug 25 08:27:39 smithi070 ceph-15c63270-4321-11ee-9b3d-001a4aab830c-mgr-x[97904]:
2023-08-25T08:27:39.686+0000 7f03e69c7200 -1 mgr[py] Module zabbix has missing NOTIFY_TYPES member
2023-08-25T08:27:40.070 INFO:journalctl@ceph.mgr.x.smithi070.stdout:Aug 25 08:27:39 smithi070 ceph-15c63270-4321-11ee-9b3d-001a4aab830c-mgr-x[97904]:
2023-08-25T08:27:39.926+0000 7f03e69c7200 -1 mgr[py] Module crash has missing NOTIFY_TYPES member
2023-08-25T08:27:40.346 INFO:journalctl@ceph.mon.a.smithi070.stdout:Aug 25 08:27:40 smithi070 ceph-mon[97656]: from='client.? 172.21.15.70:0/777275970' entity='client.admin' cmd='[{"prefix": "mgr module enable", "module": "cephadm"}]': finished
2023-08-25T08:27:40.346 INFO:journalctl@ceph.mon.a.smithi070.stdout:Aug 25 08:27:40 smithi070 ceph-mon[97656]: mgrmap e5: x(active, since 8s)
2023-08-25T08:27:40.691 INFO:journalctl@ceph.mgr.x.smithi070.stdout:Aug 25 08:27:40 smithi070 ceph-15c63270-4321-11ee-9b3d-001a4aab830c-mgr-x[97904]:
2023-08-25T08:27:40.402+0000 7f03e69c7200 -1 mgr[py] Module prometheus has missing NOTIFY_TYPES member
2023-08-25T08:27:40.691 INFO:journalctl@ceph.mgr.x.smithi070.stdout:Aug 25 08:27:40 smithi070 ceph-15c63270-4321-11ee-9b3d-001a4aab830c-mgr-x[97904]:
2023-08-25T08:27:40.574+0000 7f03e69c7200 -1 mgr[py] Module status has missing NOTIFY_TYPES member
2023-08-25T08:27:40.782 INFO:teuthology.orchestra.run.smithi070.stdout:/usr/bin/ceph: stdout {
2023-08-25T08:27:40.782 INFO:teuthology.orchestra.run.smithi070.stdout:/usr/bin/ceph: stdout "epoch": 5,
2023-08-25T08:27:40.783 INFO:teuthology.orchestra.run.smithi070.stdout:/usr/bin/ceph: stdout "available": true,
2023-08-25T08:27:40.783 INFO:teuthology.orchestra.run.smithi070.stdout:/usr/bin/ceph: stdout "active_name": "x",
2023-08-25T08:27:40.783 INFO:teuthology.orchestra.run.smithi070.stdout:/usr/bin/ceph: stdout "num_standby": 0
2023-08-25T08:27:40.783 INFO:teuthology.orchestra.run.smithi070.stdout:/usr/bin/ceph: stdout }
2023-08-25T08:27:40.784 INFO:teuthology.orchestra.run.smithi070.stdout:/usr/bin/ceph: stderr
2023-08-25T08:27:40.050+0000 7f8f09e6e700 1 Processor -- start
2023-08-25T08:27:40.784 INFO:teuthology.orchestra.run.smithi070.stdout:/usr/bin/ceph: stderr
2023-08-25T08:27:40.051+0000 7f8f09e6e700 1 -- start start
2023-08-25T08:27:40.784 INFO:teuthology.orchestra.run.smithi070.stdout:/usr/bin/ceph: stderr
2023-08-25T08:27:40.051+0000 7f8f09e6e700 1 --2- >> [v2:172.21.15.70:3300/0,v1:172.21.15.70:6789/0] conn(0x7f8f0407ad50 0x7f8f040791b0 unknown :-1 s=NONE pgs=0 cs=0 l=0 rev1=0 crypto rx=0 tx=0 comp rx=0 tx=0).connect
2023-08-25T08:27:40.785 INFO:teuthology.orchestra.run.smithi070.stdout:/usr/bin/ceph: stderr
2023-08-25T08:27:40.051+0000 7f8f09e6e700 1 -- --> [v2:172.21.15.70:3300/0,v1:172.21.15.70:6789/0] -- mon_getmap magic: 0 v1 -- 0x7f8f04079780 con 0x7f8f0407ad50
2023-08-25T08:27:40.785 INFO:teuthology.orchestra.run.smithi070.stdout:/usr/bin/ceph: stderr
2023-08-25T08:27:40.051+0000 7f8f037fe700 1 --2- >> [v2:172.21.15.70:3300/0,v1:172.21.15.70:6789/0] conn(0x7f8f0407ad50 0x7f8f040791b0 unknown :-1 s=BANNER_CONNECTING pgs=0 cs=0 l=0 rev1=0 crypto rx=0 tx=0 comp rx=0 tx=0)._handle_peer_banner_payload supported=3 required=0
2023-08-25T08:27:40.785 INFO:teuthology.orchestra.run.smithi070.stdout:/usr/bin/ceph: stderr
2023-08-25T08:27:40.051+0000 7f8f037fe700 1 --2- >> [v2:172.21.15.70:3300/0,v1:172.21.15.70:6789/0] conn(0x7f8f0407ad50 0x7f8f040791b0 unknown :-1 s=HELLO_CONNECTING pgs=0 cs=0 l=0 rev1=1 crypto rx=0 tx=0 comp rx=0 tx=0).handle_hello peer v2:172.21.15.70:3300/0 says I am v2:172.21.15.70:41576/0 (socket says 172.21.15.70:41576)
2023-08-25T08:27:40.785 INFO:teuthology.orchestra.run.smithi070.stdout:/usr/bin/ceph: stderr
2023-08-25T08:27:40.051+0000 7f8f037fe700 1 -- 172.21.15.70:0/362423683 learned_addr learned my addr 172.21.15.70:0/362423683 (peer_addr_for_me v2:172.21.15.70:0/0)
2023-08-25T08:27:40.786 INFO:teuthology.orchestra.run.smithi070.stdout:/usr/bin/ceph: stderr
2023-08-25T08:27:40.052+0000 7f8f037fe700 1 -- 172.21.15.70:0/362423683 --> [v2:172.21.15.70:3300/0,v1:172.21.15.70:6789/0] -- mon_subscribe({config=0+,monmap=0+}) v3 -- 0x7f8f040798c0 con 0x7f8f0407ad50
2023-08-25T08:27:40.786 INFO:teuthology.orchestra.run.smithi070.stdout:/usr/bin/ceph: stderr
2023-08-25T08:27:40.052+0000 7f8f037fe700 1 --2- 172.21.15.70:0/362423683 >> [v2:172.21.15.70:3300/0,v1:172.21.15.70:6789/0] conn(0x7f8f0407ad50 0x7f8f040791b0 secure :-1 s=READY pgs=24 cs=0 l=1 rev1=1 crypto rx=0x7f8ef40098a0 tx=0x7f8ef4009bb0 comp rx=0 tx=0).ready entity=mon.0 client_cookie=78dfde077f55c8e6 server_cookie=0 in_seq=0 out_seq=0
2023-08-25T08:27:40.786 INFO:teuthology.orchestra.run.smithi070.stdout:/usr/bin/ceph: stderr
2023-08-25T08:27:40.052+0000 7f8f027fc700 1 -- 172.21.15.70:0/362423683 <== mon.0 v2:172.21.15.70:3300/0 1 ==== mon_map magic: 0 v1 ==== 205+0+0 (secure 0 0 0) 0x7f8ef4004160 con 0x7f8f0407ad50
2023-08-25T08:27:40.787 INFO:teuthology.orchestra.run.smithi070.stdout:/usr/bin/ceph: stderr
2023-08-25T08:27:40.052+0000 7f8f027fc700 1 -- 172.21.15.70:0/362423683 <== mon.0 v2:172.21.15.70:3300/0 2 ==== config(28 keys) v1 ==== 1143+0+0 (secure 0 0 0) 0x7f8ef40042c0 con 0x7f8f0407ad50
2023-08-25T08:27:40.787 INFO:teuthology.orchestra.run.smithi070.stdout:/usr/bin/ceph: stderr
2023-08-25T08:27:40.052+0000 7f8f027fc700 1 -- 172.21.15.70:0/362423683 <== mon.0 v2:172.21.15.70:3300/0 3 ==== mon_map magic: 0 v1 ==== 205+0+0 (secure 0 0 0) 0x7f8ef4011b70 con 0x7f8f0407ad50
2023-08-25T08:27:40.787 INFO:teuthology.orchestra.run.smithi070.stdout:/usr/bin/ceph: stderr
2023-08-25T08:27:40.053+0000 7f8f09e6e700 1 -- 172.21.15.70:0/362423683 >> [v2:172.21.15.70:3300/0,v1:172.21.15.70:6789/0] conn(0x7f8f0407ad50 msgr2=0x7f8f040791b0 secure :-1 s=STATE_CONNECTION_ESTABLISHED l=1).mark_down
2023-08-25T08:27:40.787 INFO:teuthology.orchestra.run.smithi070.stdout:/usr/bin/ceph: stderr
2023-08-25T08:27:40.053+0000 7f8f09e6e700 1 --2- 172.21.15.70:0/362423683 >> [v2:172.21.15.70:3300/0,v1:172.21.15.70:6789/0] conn(0x7f8f0407ad50 0x7f8f040791b0 secure :-1 s=READY pgs=24 cs=0 l=1 rev1=1 crypto rx=0x7f8ef40098a0 tx=0x7f8ef4009bb0 comp rx=0 tx=0).stop
2023-08-25T08:27:40.788 INFO:teuthology.orchestra.run.smithi070.stdout:/usr/bin/ceph: stderr
2023-08-25T08:27:40.053+0000 7f8f09e6e700 1 -- 172.21.15.70:0/362423683 shutdown_connections
2023-08-25T08:27:40.788 INFO:teuthology.orchestra.run.smithi070.stdout:/usr/bin/ceph: stderr
2023-08-25T08:27:40.053+0000 7f8f09e6e700 1 --2- 172.21.15.70:0/362423683 >> [v2:172.21.15.70:3300/0,v1:172.21.15.70:6789/0] conn(0x7f8f0407ad50 0x7f8f040791b0 unknown :-1 s=CLOSED pgs=24 cs=0 l=1 rev1=1 crypto rx=0 tx=0 comp rx=0 tx=0).stop
2023-08-25T08:27:40.788 INFO:teuthology.orchestra.run.smithi070.stdout:/usr/bin/ceph: stderr
2023-08-25T08:27:40.053+0000 7f8f09e6e700 1 -- 172.21.15.70:0/362423683 >> 172.21.15.70:0/362423683 conn(0x7f8f04101af0 msgr2=0x7f8f04103f10 unknown :-1 s=STATE_NONE l=0).mark_down
2023-08-25T08:27:40.789 INFO:teuthology.orchestra.run.smithi070.stdout:/usr/bin/ceph: stderr
2023-08-25T08:27:40.053+0000 7f8f09e6e700 1 -- 172.21.15.70:0/362423683 shutdown_connections
2023-08-25T08:27:40.789 INFO:teuthology.orchestra.run.smithi070.stdout:/usr/bin/ceph: stderr
2023-08-25T08:27:40.053+0000 7f8f09e6e700 1 -- 172.21.15.70:0/362423683 wait complete.
2023-08-25T08:27:40.789 INFO:teuthology.orchestra.run.smithi070.stdout:/usr/bin/ceph: stderr
2023-08-25T08:27:40.054+0000 7f8f09e6e700 1 Processor -- start
2023-08-25T08:27:40.789 INFO:teuthology.orchestra.run.smithi070.stdout:/usr/bin/ceph: stderr
2023-08-25T08:27:40.054+0000 7f8f09e6e700 1 -- start start
2023-08-25T08:27:40.790 INFO:teuthology.orchestra.run.smithi070.stdout:/usr/bin/ceph: stderr
2023-08-25T08:27:40.054+0000 7f8f09e6e700 1 --2- >> [v2:172.21.15.70:3300/0,v1:172.21.15.70:6789/0] conn(0x7f8f0407ad50 0x7f8f0419c4c0 unknown :-1 s=NONE pgs=0 cs=0 l=1 rev1=0 crypto rx=0 tx=0 comp rx=0 tx=0).connect
2023-08-25T08:27:40.790 INFO:teuthology.orchestra.run.smithi070.stdout:/usr/bin/ceph: stderr
2023-08-25T08:27:40.055+0000 7f8f09e6e700 1 -- --> [v2:172.21.15.70:3300/0,v1:172.21.15.70:6789/0] -- mon_getmap magic: 0 v1 -- 0x7f8f0419ca00 con 0x7f8f0407ad50
2023-08-25T08:27:40.790 INFO:teuthology.orchestra.run.smithi070.stdout:/usr/bin/ceph: stderr
2023-08-25T08:27:40.055+0000 7f8f037fe700 1 --2- >> [v2:172.21.15.70:3300/0,v1:172.21.15.70:6789/0] conn(0x7f8f0407ad50 0x7f8f0419c4c0 unknown :-1 s=BANNER_CONNECTING pgs=0 cs=0 l=1 rev1=0 crypto rx=0 tx=0 comp rx=0 tx=0)._handle_peer_banner_payload supported=3 required=0
2023-08-25T08:27:40.791 INFO:teuthology.orchestra.run.smithi070.stdout:/usr/bin/ceph: stderr
2023-08-25T08:27:40.055+0000 7f8f037fe700 1 --2- >> [v2:172.21.15.70:3300/0,v1:172.21.15.70:6789/0] conn(0x7f8f0407ad50 0x7f8f0419c4c0 unknown :-1 s=HELLO_CONNECTING pgs=0 cs=0 l=1 rev1=1 crypto rx=0 tx=0 comp rx=0 tx=0).handle_hello peer v2:172.21.15.70:3300/0 says I am v2:172.21.15.70:41582/0 (socket says 172.21.15.70:41582)
2023-08-25T08:27:40.791 INFO:teuthology.orchestra.run.smithi070.stdout:/usr/bin/ceph: stderr
2023-08-25T08:27:40.055+0000 7f8f037fe700 1 -- 172.21.15.70:0/2021762228 learned_addr learned my addr 172.21.15.70:0/2021762228 (peer_addr_for_me v2:172.21.15.70:0/0)
2023-08-25T08:27:40.791 INFO:teuthology.orchestra.run.smithi070.stdout:/usr/bin/ceph: stderr
2023-08-25T08:27:40.055+0000 7f8f037fe700 1 -- 172.21.15.70:0/2021762228 --> [v2:172.21.15.70:3300/0,v1:172.21.15.70:6789/0] -- mon_subscribe({config=0+,monmap=0+}) v3 -- 0x7f8ef4009550 con 0x7f8f0407ad50
2023-08-25T08:27:40.792 INFO:teuthology.orchestra.run.smithi070.stdout:/usr/bin/ceph: stderr
2023-08-25T08:27:40.055+0000 7f8f037fe700 1 --2- 172.21.15.70:0/2021762228 >> [v2:172.21.15.70:3300/0,v1:172.21.15.70:6789/0] conn(0x7f8f0407ad50 0x7f8f0419c4c0 secure :-1 s=READY pgs=25 cs=0 l=1 rev1=1 crypto rx=0x7f8ef4009520 tx=0x7f8ef4011bf0 comp rx=0 tx=0).ready entity=mon.0 client_cookie=0 server_cookie=0 in_seq=0 out_seq=0
2023-08-25T08:27:40.792 INFO:teuthology.orchestra.run.smithi070.stdout:/usr/bin/ceph: stderr
2023-08-25T08:27:40.056+0000 7f8f00ff9700 1 -- 172.21.15.70:0/2021762228 <== mon.0 v2:172.21.15.70:3300/0 1 ==== mon_map magic: 0 v1 ==== 205+0+0 (secure 0 0 0) 0x7f8ef4003b70 con 0x7f8f0407ad50
2023-08-25T08:27:40.792 INFO:teuthology.orchestra.run.smithi070.stdout:/usr/bin/ceph: stderr
2023-08-25T08:27:40.056+0000 7f8f09e6e700 1 -- 172.21.15.70:0/2021762228 --> [v2:172.21.15.70:3300/0,v1:172.21.15.70:6789/0] -- mon_subscribe({mgrmap=0+}) v3 -- 0x7f8f0419cc00 con 0x7f8f0407ad50
2023-08-25T08:27:40.792 INFO:teuthology.orchestra.run.smithi070.stdout:/usr/bin/ceph: stderr
2023-08-25T08:27:40.056+0000 7f8f00ff9700 1 -- 172.21.15.70:0/2021762228 <== mon.0 v2:172.21.15.70:3300/0 2 ==== config(28 keys) v1 ==== 1143+0+0 (secure 0 0 0) 0x7f8ef4003cd0 con 0x7f8f0407ad50
2023-08-25T08:27:40.793 INFO:teuthology.orchestra.run.smithi070.stdout:/usr/bin/ceph: stderr
2023-08-25T08:27:40.056+0000 7f8f00ff9700 1 -- 172.21.15.70:0/2021762228 <== mon.0 v2:172.21.15.70:3300/0 3 ==== mon_map magic: 0 v1 ==== 205+0+0 (secure 0 0 0) 0x7f8ef40248c0 con 0x7f8f0407ad50
2023-08-25T08:27:40.793 INFO:teuthology.orchestra.run.smithi070.stdout:/usr/bin/ceph: stderr
2023-08-25T08:27:40.056+0000 7f8f09e6e700 1 -- 172.21.15.70:0/2021762228 --> [v2:172.21.15.70:3300/0,v1:172.21.15.70:6789/0] -- mon_subscribe({osdmap=0}) v3 -- 0x7f8f0419d020 con 0x7f8f0407ad50
2023-08-25T08:27:40.793 INFO:teuthology.orchestra.run.smithi070.stdout:/usr/bin/ceph: stderr
2023-08-25T08:27:40.057+0000 7f8f00ff9700 1 -- 172.21.15.70:0/2021762228 <== mon.0 v2:172.21.15.70:3300/0 4 ==== mgrmap(e 5) v1 ==== 45135+0+0 (secure 0 0 0) 0x7f8ef401a430 con 0x7f8f0407ad50
2023-08-25T08:27:40.794 INFO:teuthology.orchestra.run.smithi070.stdout:/usr/bin/ceph: stderr
2023-08-25T08:27:40.057+0000 7f8f09e6e700 1 -- 172.21.15.70:0/2021762228 --> [v2:172.21.15.70:3300/0,v1:172.21.15.70:6789/0] -- mon_command({"prefix": "get_command_descriptions"} v 0) v1 -- 0x7f8f04061f50 con 0x7f8f0407ad50
2023-08-25T08:27:40.794 INFO:teuthology.orchestra.run.smithi070.stdout:/usr/bin/ceph: stderr
2023-08-25T08:27:40.057+0000 7f8f00ff9700 1 --2- 172.21.15.70:0/2021762228 >> [v2:172.21.15.70:6800/922878939,v1:172.21.15.70:6801/922878939] conn(0x7f8eec038110 0x7f8eec03a5d0 unknown :-1 s=NONE pgs=0 cs=0 l=1 rev1=0 crypto rx=0 tx=0 comp rx=0 tx=0).connect
2023-08-25T08:27:40.794 INFO:teuthology.orchestra.run.smithi070.stdout:/usr/bin/ceph: stderr
2023-08-25T08:27:40.057+0000 7f8f00ff9700 1 -- 172.21.15.70:0/2021762228 <== mon.0 v2:172.21.15.70:3300/0 5 ==== osd_map(1..1 src has 1..1) v4 ==== 725+0+0 (secure 0 0 0) 0x7f8ef404bdf0 con 0x7f8f0407ad50
2023-08-25T08:27:40.795 INFO:teuthology.orchestra.run.smithi070.stdout:/usr/bin/ceph: stderr
2023-08-25T08:27:40.057+0000 7f8f02ffd700 1 -- 172.21.15.70:0/2021762228 >> [v2:172.21.15.70:6800/922878939,v1:172.21.15.70:6801/922878939] conn(0x7f8eec038110 msgr2=0x7f8eec03a5d0 unknown :-1 s=STATE_CONNECTING_RE l=1).process reconnect failed to v2:172.21.15.70:6800/922878939
2023-08-25T08:27:40.795 INFO:teuthology.orchestra.run.smithi070.stdout:/usr/bin/ceph: stderr
2023-08-25T08:27:40.057+0000 7f8f02ffd700 1 --2- 172.21.15.70:0/2021762228 >> [v2:172.21.15.70:6800/922878939,v1:172.21.15.70:6801/922878939] conn(0x7f8eec038110 0x7f8eec03a5d0 unknown :-1 s=START_CONNECT pgs=0 cs=0 l=1 rev1=0 crypto rx=0 tx=0 comp rx=0 tx=0)._fault waiting 0.200000
2023-08-25T08:27:40.795 INFO:teuthology.orchestra.run.smithi070.stdout:/usr/bin/ceph: stderr
2023-08-25T08:27:40.062+0000 7f8f00ff9700 1 -- 172.21.15.70:0/2021762228 <== mon.0 v2:172.21.15.70:3300/0 6 ==== mon_command_ack([{"prefix": "get_command_descriptions"}]=0 v0) v1 ==== 72+0+179682 (secure 0 0 0) 0x7f8ef401a6e0 con 0x7f8f0407ad50
2023-08-25T08:27:40.795 INFO:teuthology.orchestra.run.smithi070.stdout:/usr/bin/ceph: stderr
2023-08-25T08:27:40.259+0000 7f8f02ffd700 1 -- 172.21.15.70:0/2021762228 >> [v2:172.21.15.70:6800/922878939,v1:172.21.15.70:6801/922878939] conn(0x7f8eec038110 msgr2=0x7f8eec03a5d0 unknown :-1 s=STATE_CONNECTING_RE l=1).process reconnect failed to v2:172.21.15.70:6800/922878939
2023-08-25T08:27:40.796 INFO:teuthology.orchestra.run.smithi070.stdout:/usr/bin/ceph: stderr
2023-08-25T08:27:40.259+0000 7f8f02ffd700 1 --2- 172.21.15.70:0/2021762228 >> [v2:172.21.15.70:6800/922878939,v1:172.21.15.70:6801/922878939] conn(0x7f8eec038110 0x7f8eec03a5d0 unknown :-1 s=START_CONNECT pgs=0 cs=0 l=1 rev1=0 crypto rx=0 tx=0 comp rx=0 tx=0)._fault waiting 0.400000
2023-08-25T08:27:40.796 INFO:teuthology.orchestra.run.smithi070.stdout:/usr/bin/ceph: stderr
2023-08-25T08:27:40.322+0000 7f8f09e6e700 1 -- 172.21.15.70:0/2021762228 --> [v2:172.21.15.70:3300/0,v1:172.21.15.70:6789/0] -- mon_command({"prefix": "mgr stat"} v 0) v1 -- 0x7f8f0410c9c0 con 0x7f8f0407ad50
2023-08-25T08:27:40.796 INFO:teuthology.orchestra.run.smithi070.stdout:/usr/bin/ceph: stderr
2023-08-25T08:27:40.322+0000 7f8f00ff9700 1 -- 172.21.15.70:0/2021762228 <== mon.0 v2:172.21.15.70:3300/0 7 ==== mon_command_ack([{"prefix": "mgr stat"}]=0 v5) v1 ==== 56+0+88 (secure 0 0 0) 0x7f8ef4018b40 con 0x7f8f0407ad50
2023-08-25T08:27:40.797 INFO:teuthology.orchestra.run.smithi070.stdout:/usr/bin/ceph: stderr
2023-08-25T08:27:40.324+0000 7f8f09e6e700 1 -- 172.21.15.70:0/2021762228 >> [v2:172.21.15.70:6800/922878939,v1:172.21.15.70:6801/922878939] conn(0x7f8eec038110 msgr2=0x7f8eec03a5d0 unknown :-1 s=STATE_CONNECTING l=1).mark_down
2023-08-25T08:27:40.797 INFO:teuthology.orchestra.run.smithi070.stdout:/usr/bin/ceph: stderr
2023-08-25T08:27:40.324+0000 7f8f09e6e700 1 --2- 172.21.15.70:0/2021762228 >> [v2:172.21.15.70:6800/922878939,v1:172.21.15.70:6801/922878939] conn(0x7f8eec038110 0x7f8eec03a5d0 unknown :-1 s=START_CONNECT pgs=0 cs=0 l=1 rev1=0 crypto rx=0 tx=0 comp rx=0 tx=0).stop
2023-08-25T08:27:40.797 INFO:teuthology.orchestra.run.smithi070.stdout:/usr/bin/ceph: stderr
2023-08-25T08:27:40.324+0000 7f8f09e6e700 1 -- 172.21.15.70:0/2021762228 >> [v2:172.21.15.70:3300/0,v1:172.21.15.70:6789/0] conn(0x7f8f0407ad50 msgr2=0x7f8f0419c4c0 secure :-1 s=STATE_CONNECTION_ESTABLISHED l=1).mark_down
2023-08-25T08:27:40.798 INFO:teuthology.orchestra.run.smithi070.stdout:/usr/bin/ceph: stderr
2023-08-25T08:27:40.325+0000 7f8f09e6e700 1 --2- 172.21.15.70:0/2021762228 >> [v2:172.21.15.70:3300/0,v1:172.21.15.70:6789/0] conn(0x7f8f0407ad50 0x7f8f0419c4c0 secure :-1 s=READY pgs=25 cs=0 l=1 rev1=1 crypto rx=0x7f8ef4009520 tx=0x7f8ef4011bf0 comp rx=0 tx=0).stop
2023-08-25T08:27:40.798 INFO:teuthology.orchestra.run.smithi070.stdout:/usr/bin/ceph: stderr
2023-08-25T08:27:40.325+0000 7f8f09e6e700 1 -- 172.21.15.70:0/2021762228 shutdown_connections
2023-08-25T08:27:40.798 INFO:teuthology.orchestra.run.smithi070.stdout:/usr/bin/ceph: stderr
2023-08-25T08:27:40.325+0000 7f8f09e6e700 1 --2- 172.21.15.70:0/2021762228 >> [v2:172.21.15.70:6800/922878939,v1:172.21.15.70:6801/922878939] conn(0x7f8eec038110 0x7f8eec03a5d0 unknown :-1 s=CLOSED pgs=0 cs=0 l=1 rev1=0 crypto rx=0 tx=0 comp rx=0 tx=0).stop
2023-08-25T08:27:40.798 INFO:teuthology.orchestra.run.smithi070.stdout:/usr/bin/ceph: stderr
2023-08-25T08:27:40.325+0000 7f8f09e6e700 1 --2- 172.21.15.70:0/2021762228 >> [v2:172.21.15.70:3300/0,v1:172.21.15.70:6789/0] conn(0x7f8f0407ad50 0x7f8f0419c4c0 unknown :-1 s=CLOSED pgs=25 cs=0 l=1 rev1=1 crypto rx=0 tx=0 comp rx=0 tx=0).stop
2023-08-25T08:27:40.799 INFO:teuthology.orchestra.run.smithi070.stdout:/usr/bin/ceph: stderr
2023-08-25T08:27:40.325+0000 7f8f09e6e700 1 -- 172.21.15.70:0/2021762228 >> 172.21.15.70:0/2021762228 conn(0x7f8f04101af0 msgr2=0x7f8f04103170 unknown :-1 s=STATE_NONE l=0).mark_down
2023-08-25T08:27:40.799 INFO:teuthology.orchestra.run.smithi070.stdout:/usr/bin/ceph: stderr
2023-08-25T08:27:40.325+0000 7f8f09e6e700 1 -- 172.21.15.70:0/2021762228 shutdown_connections
2023-08-25T08:27:40.799 INFO:teuthology.orchestra.run.smithi070.stdout:/usr/bin/ceph: stderr
2023-08-25T08:27:40.325+0000 7f8f09e6e700 1 -- 172.21.15.70:0/2021762228 wait complete.
2023-08-25T08:27:40.800 INFO:teuthology.orchestra.run.smithi070.stdout:Waiting for the mgr to restart...
2023-08-25T08:27:40.800 INFO:teuthology.orchestra.run.smithi070.stdout:Waiting for mgr epoch 5...
2023-08-25T08:27:41.068 INFO:journalctl@ceph.mgr.x.smithi070.stdout:Aug 25 08:27:40 smithi070 ceph-15c63270-4321-11ee-9b3d-001a4aab830c-mgr-x[97904]:
2023-08-25T08:27:40.690+0000 7f03e69c7200 -1 mgr[py] Module selftest has missing NOTIFY_TYPES member
2023-08-25T08:27:41.068 INFO:journalctl@ceph.mgr.x.smithi070.stdout:Aug 25 08:27:40 smithi070 ceph-15c63270-4321-11ee-9b3d-001a4aab830c-mgr-x[97904]:
2023-08-25T08:27:40.819+0000 7f03e69c7200 -1 mgr[py] Module alerts has missing NOTIFY_TYPES member
2023-08-25T08:27:41.320 INFO:journalctl@ceph.mon.a.smithi070.stdout:Aug 25 08:27:41 smithi070 ceph-mon[97656]: from='client.? 172.21.15.70:0/2021762228' entity='client.admin' cmd=[{"prefix": "mgr stat"}]: dispatch
2023-08-25T08:27:41.820 INFO:journalctl@ceph.mgr.x.smithi070.stdout:Aug 25 08:27:41 smithi070 ceph-15c63270-4321-11ee-9b3d-001a4aab830c-mgr-x[97904]:
2023-08-25T08:27:41.392+0000 7f03e69c7200 -1 mgr[py] Module progress has missing NOTIFY_TYPES member
2023-08-25T08:27:42.570 INFO:journalctl@ceph.mgr.x.smithi070.stdout:Aug 25 08:27:42 smithi070 ceph-15c63270-4321-11ee-9b3d-001a4aab830c-mgr-x[97904]:
2023-08-25T08:27:42.229+0000 7f03e69c7200 -1 mgr[py] Module rook has missing NOTIFY_TYPES member
2023-08-25T08:27:42.571 INFO:journalctl@ceph.mgr.x.smithi070.stdout:Aug 25 08:27:42 smithi070 ceph-15c63270-4321-11ee-9b3d-001a4aab830c-mgr-x[97904]:
2023-08-25T08:27:42.333+0000 7f03e69c7200 -1 mgr[py] Module iostat has missing NOTIFY_TYPES member
2023-08-25T08:27:43.570 INFO:journalctl@ceph.mgr.x.smithi070.stdout:Aug 25 08:27:43 smithi070 ceph-15c63270-4321-11ee-9b3d-001a4aab830c-mgr-x[97904]:
2023-08-25T08:27:43.272+0000 7f03e69c7200 -1 mgr[py] Module test_orchestrator has missing NOTIFY_TYPES member
2023-08-25T08:27:43.571 INFO:journalctl@ceph.mgr.x.smithi070.stdout:Aug 25 08:27:43 smithi070 ceph-15c63270-4321-11ee-9b3d-001a4aab830c-mgr-x[97904]:
2023-08-25T08:27:43.387+0000 7f03e69c7200 -1 mgr[py] Module osd_perf_query has missing NOTIFY_TYPES member
2023-08-25T08:27:43.969 INFO:journalctl@ceph.mgr.x.smithi070.stdout:Aug 25 08:27:43 smithi070 ceph-15c63270-4321-11ee-9b3d-001a4aab830c-mgr-x[97904]:
2023-08-25T08:27:43.609+0000 7f03e69c7200 -1 mgr[py] Module orchestrator has missing NOTIFY_TYPES member
2023-08-25T08:27:44.239 INFO:journalctl@ceph.mgr.x.smithi070.stdout:Aug 25 08:27:43 smithi070 ceph-15c63270-4321-11ee-9b3d-001a4aab830c-mgr-x[97904]:
2023-08-25T08:27:43.966+0000 7f03e69c7200 -1 mgr[py] Module rgw has missing NOTIFY_TYPES member
2023-08-25T08:27:44.570 INFO:journalctl@ceph.mgr.x.smithi070.stdout:Aug 25 08:27:44 smithi070 ceph-15c63270-4321-11ee-9b3d-001a4aab830c-mgr-x[97904]:
2023-08-25T08:27:44.239+0000 7f03e69c7200 -1 mgr[py] Module influx has missing NOTIFY_TYPES member
2023-08-25T08:27:44.571 INFO:journalctl@ceph.mgr.x.smithi070.stdout:Aug 25 08:27:44 smithi070 ceph-15c63270-4321-11ee-9b3d-001a4aab830c-mgr-x[97904]:
2023-08-25T08:27:44.430+0000 7f03e69c7200 -1 mgr[py] Module telemetry has missing NOTIFY_TYPES member
2023-08-25T08:27:45.073 INFO:journalctl@ceph.mgr.x.smithi070.stdout:Aug 25 08:27:44 smithi070 ceph-15c63270-4321-11ee-9b3d-001a4aab830c-mgr-x[97904]:
2023-08-25T08:27:44.767+0000 7f03e69c7200 -1 mgr[py] Module telegraf has missing NOTIFY_TYPES member
2023-08-25T08:27:46.070 INFO:journalctl@ceph.mgr.x.smithi070.stdout:Aug 25 08:27:45 smithi070 ceph-15c63270-4321-11ee-9b3d-001a4aab830c-mgr-x[97904]:
2023-08-25T08:27:45.675+0000 7f03e69c7200 -1 mgr[py] Module balancer has missing NOTIFY_TYPES member
2023-08-25T08:27:46.071 INFO:journalctl@ceph.mgr.x.smithi070.stdout:Aug 25 08:27:45 smithi070 ceph-15c63270-4321-11ee-9b3d-001a4aab830c-mgr-x[97904]:
2023-08-25T08:27:45.846+0000 7f03e69c7200 -1 mgr[py] Module diskprediction_local has missing NOTIFY_TYPES member
2023-08-25T08:27:46.511 INFO:journalctl@ceph.mgr.x.smithi070.stdout:Aug 25 08:27:46 smithi070 ceph-15c63270-4321-11ee-9b3d-001a4aab830c-mgr-x[97904]:
2023-08-25T08:27:46.096+0000 7f03e69c7200 -1 mgr[py] Module nfs has missing NOTIFY_TYPES member
2023-08-25T08:27:46.512 INFO:journalctl@ceph.mgr.x.smithi070.stdout:Aug 25 08:27:46 smithi070 ceph-15c63270-4321-11ee-9b3d-001a4aab830c-mgr-x[97904]:
2023-08-25T08:27:46.237+0000 7f03e69c7200 -1 mgr[py] Module rbd_support has missing NOTIFY_TYPES member
2023-08-25T08:27:46.820 INFO:journalctl@ceph.mgr.x.smithi070.stdout:Aug 25 08:27:46 smithi070 ceph-15c63270-4321-11ee-9b3d-001a4aab830c-mgr-x[97904]:
2023-08-25T08:27:46.509+0000 7f03e69c7200 -1 mgr[py] Module volumes has missing NOTIFY_TYPES member
2023-08-25T08:27:47.820 INFO:journalctl@ceph.mgr.x.smithi070.stdout:Aug 25 08:27:47 smithi070 ceph-15c63270-4321-11ee-9b3d-001a4aab830c-mgr-x[97904]:
2023-08-25T08:27:47.559+0000 7f03e69c7200 -1 mgr[py] Module pg_autoscaler has missing NOTIFY_TYPES member
2023-08-25T08:27:47.821 INFO:journalctl@ceph.mon.a.smithi070.stdout:Aug 25 08:27:47 smithi070 ceph-mon[97656]: Active manager daemon x restarted
2023-08-25T08:27:47.821 INFO:journalctl@ceph.mon.a.smithi070.stdout:Aug 25 08:27:47 smithi070 ceph-mon[97656]: Activating manager daemon x
2023-08-25T08:27:47.821 INFO:journalctl@ceph.mon.a.smithi070.stdout:Aug 25 08:27:47 smithi070 ceph-mon[97656]: osdmap e2: 0 total, 0 up, 0 in
2023-08-25T08:27:47.822 INFO:journalctl@ceph.mon.a.smithi070.stdout:Aug 25 08:27:47 smithi070 ceph-mon[97656]: mgrmap e6: x(active, starting, since 0.00405658s)
2023-08-25T08:27:47.822 INFO:journalctl@ceph.mon.a.smithi070.stdout:Aug 25 08:27:47 smithi070 ceph-mon[97656]: from='mgr.14118 172.21.15.70:0/2923248966' entity='mgr.x' cmd=[{"prefix": "mon metadata", "id": "a"}]: dispatch
2023-08-25T08:27:47.822 INFO:journalctl@ceph.mon.a.smithi070.stdout:Aug 25 08:27:47 smithi070 ceph-mon[97656]: from='mgr.14118 172.21.15.70:0/2923248966' entity='mgr.x' cmd=[{"prefix": "mgr metadata", "who": "x", "id": "x"}]: dispatch
2023-08-25T08:27:47.822 INFO:journalctl@ceph.mon.a.smithi070.stdout:Aug 25 08:27:47 smithi070 ceph-mon[97656]: from='mgr.14118 172.21.15.70:0/2923248966' entity='mgr.x' cmd=[{"prefix": "mds metadata"}]: dispatch
2023-08-25T08:27:47.822 INFO:journalctl@ceph.mon.a.smithi070.stdout:Aug 25 08:27:47 smithi070 ceph-mon[97656]: from='mgr.14118 172.21.15.70:0/2923248966' entity='mgr.x' cmd=[{"prefix": "osd metadata"}]: dispatch
2023-08-25T08:27:47.823 INFO:journalctl@ceph.mon.a.smithi070.stdout:Aug 25 08:27:47 smithi070 ceph-mon[97656]: from='mgr.14118 172.21.15.70:0/2923248966' entity='mgr.x' cmd=[{"prefix": "mon metadata"}]: dispatch
2023-08-25T08:27:47.823 INFO:journalctl@ceph.mon.a.smithi070.stdout:Aug 25 08:27:47 smithi070 ceph-mon[97656]: Manager daemon x is now available
2023-08-25T08:27:47.823 INFO:journalctl@ceph.mon.a.smithi070.stdout:Aug 25 08:27:47 smithi070 ceph-mon[97656]: from='mgr.14118 172.21.15.70:0/2923248966' entity='mgr.x'
2023-08-25T08:27:47.823 INFO:journalctl@ceph.mon.a.smithi070.stdout:Aug 25 08:27:47 smithi070 ceph-mon[97656]: from='mgr.14118 172.21.15.70:0/2923248966' entity='mgr.x'
2023-08-25T08:27:47.823 INFO:journalctl@ceph.mon.a.smithi070.stdout:Aug 25 08:27:47 smithi070 ceph-mon[97656]: from='mgr.14118 172.21.15.70:0/2923248966' entity='mgr.x' cmd=[{"prefix": "config dump", "format": "json"}]: dispatch
2023-08-25T08:27:47.824 INFO:journalctl@ceph.mon.a.smithi070.stdout:Aug 25 08:27:47 smithi070 ceph-mon[97656]: from='mgr.14118 172.21.15.70:0/2923248966' entity='mgr.x' cmd=[{"prefix": "config dump", "format": "json"}]: dispatch
2023-08-25T08:27:48.977 INFO:teuthology.orchestra.run.smithi070.stdout:/usr/bin/ceph: stdout {
2023-08-25T08:27:48.977 INFO:teuthology.orchestra.run.smithi070.stdout:/usr/bin/ceph: stdout "mgrmap_epoch": 7,
2023-08-25T08:27:48.977 INFO:teuthology.orchestra.run.smithi070.stdout:/usr/bin/ceph: stdout "initialized": true
2023-08-25T08:27:48.977 INFO:teuthology.orchestra.run.smithi070.stdout:/usr/bin/ceph: stdout }
2023-08-25T08:27:48.978 INFO:teuthology.orchestra.run.smithi070.stdout:/usr/bin/ceph: stderr
2023-08-25T08:27:41.353+0000 7f9879d54700 1 Processor -- start
2023-08-25T08:27:48.978 INFO:teuthology.orchestra.run.smithi070.stdout:/usr/bin/ceph: stderr
2023-08-25T08:27:41.353+0000 7f9879d54700 1 -- start start
2023-08-25T08:27:48.978 INFO:teuthology.orchestra.run.smithi070.stdout:/usr/bin/ceph: stderr
2023-08-25T08:27:41.354+0000 7f9879d54700 1 --2- >> [v2:172.21.15.70:3300/0,v1:172.21.15.70:6789/0] conn(0x7f9874106510 0x7f9874106930 unknown :-1 s=NONE pgs=0 cs=0 l=0 rev1=0 crypto rx=0 tx=0 comp rx=0 tx=0).connect
2023-08-25T08:27:48.978 INFO:teuthology.orchestra.run.smithi070.stdout:/usr/bin/ceph: stderr
2023-08-25T08:27:41.354+0000 7f9879d54700 1 -- --> [v2:172.21.15.70:3300/0,v1:172.21.15.70:6789/0] -- mon_getmap magic: 0 v1 -- 0x7f9874106f00 con 0x7f9874106510
2023-08-25T08:27:48.978 INFO:teuthology.orchestra.run.smithi070.stdout:/usr/bin/ceph: stderr
2023-08-25T08:27:41.354+0000 7f98737fe700 1 --2- >> [v2:172.21.15.70:3300/0,v1:172.21.15.70:6789/0] conn(0x7f9874106510 0x7f9874106930 unknown :-1 s=BANNER_CONNECTING pgs=0 cs=0 l=0 rev1=0 crypto rx=0 tx=0 comp rx=0 tx=0)._handle_peer_banner_payload supported=3 required=0
2023-08-25T08:27:48.978 INFO:teuthology.orchestra.run.smithi070.stdout:/usr/bin/ceph: stderr
2023-08-25T08:27:41.354+0000 7f98737fe700 1 --2- >> [v2:172.21.15.70:3300/0,v1:172.21.15.70:6789/0] conn(0x7f9874106510 0x7f9874106930 unknown :-1 s=HELLO_CONNECTING pgs=0 cs=0 l=0 rev1=1 crypto rx=0 tx=0 comp rx=0 tx=0).handle_hello peer v2:172.21.15.70:3300/0 says I am v2:172.21.15.70:41592/0 (socket says 172.21.15.70:41592)
2023-08-25T08:27:48.978 INFO:teuthology.orchestra.run.smithi070.stdout:/usr/bin/ceph: stderr
2023-08-25T08:27:41.354+0000 7f98737fe700 1 -- 172.21.15.70:0/1420952527 learned_addr learned my addr 172.21.15.70:0/1420952527 (peer_addr_for_me v2:172.21.15.70:0/0)
2023-08-25T08:27:48.979 INFO:teuthology.orchestra.run.smithi070.stdout:/usr/bin/ceph: stderr
2023-08-25T08:27:41.354+0000 7f98737fe700 1 -- 172.21.15.70:0/1420952527 --> [v2:172.21.15.70:3300/0,v1:172.21.15.70:6789/0] -- mon_subscribe({config=0+,monmap=0+}) v3 -- 0x7f9874107710 con 0x7f9874106510
2023-08-25T08:27:48.979 INFO:teuthology.orchestra.run.smithi070.stdout:/usr/bin/ceph: stderr
2023-08-25T08:27:41.355+0000 7f98737fe700 1 --2- 172.21.15.70:0/1420952527 >> [v2:172.21.15.70:3300/0,v1:172.21.15.70:6789/0] conn(0x7f9874106510 0x7f9874106930 secure :-1 s=READY pgs=26 cs=0 l=1 rev1=1 crypto rx=0x7f98640098a0 tx=0x7f9864009bb0 comp rx=0 tx=0).ready entity=mon.0 client_cookie=39a664c54faaf006 server_cookie=0 in_seq=0 out_seq=0
2023-08-25T08:27:48.979 INFO:teuthology.orchestra.run.smithi070.stdout:/usr/bin/ceph: stderr
2023-08-25T08:27:41.355+0000 7f9872ffd700 1 -- 172.21.15.70:0/1420952527 <== mon.0 v2:172.21.15.70:3300/0 1 ==== mon_map magic: 0 v1 ==== 205+0+0 (secure 0 0 0) 0x7f9864004160 con 0x7f9874106510
2023-08-25T08:27:48.979 INFO:teuthology.orchestra.run.smithi070.stdout:/usr/bin/ceph: stderr
2023-08-25T08:27:41.355+0000 7f9872ffd700 1 -- 172.21.15.70:0/1420952527 <== mon.0 v2:172.21.15.70:3300/0 2 ==== config(28 keys) v1 ==== 1143+0+0 (secure 0 0 0) 0x7f98640042c0 con 0x7f9874106510
2023-08-25T08:27:48.979 INFO:teuthology.orchestra.run.smithi070.stdout:/usr/bin/ceph: stderr
2023-08-25T08:27:41.355+0000 7f9872ffd700 1 -- 172.21.15.70:0/1420952527 <== mon.0 v2:172.21.15.70:3300/0 3 ==== mon_map magic: 0 v1 ==== 205+0+0 (secure 0 0 0) 0x7f9864011b70 con 0x7f9874106510
2023-08-25T08:27:48.979 INFO:teuthology.orchestra.run.smithi070.stdout:/usr/bin/ceph: stderr
2023-08-25T08:27:41.356+0000 7f9879d54700 1 -- 172.21.15.70:0/1420952527 >> [v2:172.21.15.70:3300/0,v1:172.21.15.70:6789/0] conn(0x7f9874106510 msgr2=0x7f9874106930 secure :-1 s=STATE_CONNECTION_ESTABLISHED l=1).mark_down
2023-08-25T08:27:48.979 INFO:teuthology.orchestra.run.smithi070.stdout:/usr/bin/ceph: stderr
2023-08-25T08:27:41.356+0000 7f9879d54700 1 --2- 172.21.15.70:0/1420952527 >> [v2:172.21.15.70:3300/0,v1:172.21.15.70:6789/0] conn(0x7f9874106510 0x7f9874106930 secure :-1 s=READY pgs=26 cs=0 l=1 rev1=1 crypto rx=0x7f98640098a0 tx=0x7f9864009bb0 comp rx=0 tx=0).stop
2023-08-25T08:27:48.979 INFO:teuthology.orchestra.run.smithi070.stdout:/usr/bin/ceph: stderr
2023-08-25T08:27:41.356+0000 7f9879d54700 1 -- 172.21.15.70:0/1420952527 shutdown_connections
2023-08-25T08:27:48.980 INFO:teuthology.orchestra.run.smithi070.stdout:/usr/bin/ceph: stderr
2023-08-25T08:27:41.356+0000 7f9879d54700 1 --2- 172.21.15.70:0/1420952527 >> [v2:172.21.15.70:3300/0,v1:172.21.15.70:6789/0] conn(0x7f9874106510 0x7f9874106930 unknown :-1 s=CLOSED pgs=26 cs=0 l=1 rev1=1 crypto rx=0 tx=0 comp rx=0 tx=0).stop
2023-08-25T08:27:48.980 INFO:teuthology.orchestra.run.smithi070.stdout:/usr/bin/ceph: stderr
2023-08-25T08:27:41.356+0000 7f9879d54700 1 -- 172.21.15.70:0/1420952527 >> 172.21.15.70:0/1420952527 conn(0x7f9874101af0 msgr2=0x7f9874103f10 unknown :-1 s=STATE_NONE l=0).mark_down
2023-08-25T08:27:48.980 INFO:teuthology.orchestra.run.smithi070.stdout:/usr/bin/ceph: stderr
2023-08-25T08:27:41.356+0000 7f9879d54700 1 -- 172.21.15.70:0/1420952527 shutdown_connections
2023-08-25T08:27:48.980 INFO:teuthology.orchestra.run.smithi070.stdout:/usr/bin/ceph: stderr
2023-08-25T08:27:41.356+0000 7f9879d54700 1 -- 172.21.15.70:0/1420952527 wait complete.
2023-08-25T08:27:48.980 INFO:teuthology.orchestra.run.smithi070.stdout:/usr/bin/ceph: stderr
2023-08-25T08:27:41.357+0000 7f9879d54700 1 Processor -- start
2023-08-25T08:27:48.980 INFO:teuthology.orchestra.run.smithi070.stdout:/usr/bin/ceph: stderr
2023-08-25T08:27:41.357+0000 7f9879d54700 1 -- start start
2023-08-25T08:27:48.980 INFO:teuthology.orchestra.run.smithi070.stdout:/usr/bin/ceph: stderr
2023-08-25T08:27:41.357+0000 7f9879d54700 1 --2- >> [v2:172.21.15.70:3300/0,v1:172.21.15.70:6789/0] conn(0x7f9874106510 0x7f987419a280 unknown :-1 s=NONE pgs=0 cs=0 l=1 rev1=0 crypto rx=0 tx=0 comp rx=0 tx=0).connect
2023-08-25T08:27:48.981 INFO:teuthology.orchestra.run.smithi070.stdout:/usr/bin/ceph: stderr
2023-08-25T08:27:41.357+0000 7f9879d54700 1 -- --> [v2:172.21.15.70:3300/0,v1:172.21.15.70:6789/0] -- mon_getmap magic: 0 v1 -- 0x7f987419a7c0 con 0x7f9874106510
2023-08-25T08:27:48.981 INFO:teuthology.orchestra.run.smithi070.stdout:/usr/bin/ceph: stderr
2023-08-25T08:27:41.358+0000 7f98737fe700 1 --2- >> [v2:172.21.15.70:3300/0,v1:172.21.15.70:6789/0] conn(0x7f9874106510 0x7f987419a280 unknown :-1 s=BANNER_CONNECTING pgs=0 cs=0 l=1 rev1=0 crypto rx=0 tx=0 comp rx=0 tx=0)._handle_peer_banner_payload supported=3 required=0
2023-08-25T08:27:48.981 INFO:teuthology.orchestra.run.smithi070.stdout:/usr/bin/ceph: stderr
2023-08-25T08:27:41.358+0000 7f98737fe700 1 --2- >> [v2:172.21.15.70:3300/0,v1:172.21.15.70:6789/0] conn(0x7f9874106510 0x7f987419a280 unknown :-1 s=HELLO_CONNECTING pgs=0 cs=0 l=1 rev1=1 crypto rx=0 tx=0 comp rx=0 tx=0).handle_hello peer v2:172.21.15.70:3300/0 says I am v2:172.21.15.70:41606/0 (socket says 172.21.15.70:41606)
2023-08-25T08:27:48.981 INFO:teuthology.orchestra.run.smithi070.stdout:/usr/bin/ceph: stderr
2023-08-25T08:27:41.358+0000 7f98737fe700 1 -- 172.21.15.70:0/1023213702 learned_addr learned my addr 172.21.15.70:0/1023213702 (peer_addr_for_me v2:172.21.15.70:0/0)
2023-08-25T08:27:48.982 INFO:teuthology.orchestra.run.smithi070.stdout:/usr/bin/ceph: stderr
2023-08-25T08:27:41.358+0000 7f98737fe700 1 -- 172.21.15.70:0/1023213702 --> [v2:172.21.15.70:3300/0,v1:172.21.15.70:6789/0] -- mon_subscribe({config=0+,monmap=0+}) v3 -- 0x7f9864009550 con 0x7f9874106510
2023-08-25T08:27:48.982 INFO:teuthology.orchestra.run.smithi070.stdout:/usr/bin/ceph: stderr
2023-08-25T08:27:41.358+0000 7f98737fe700 1 --2- 172.21.15.70:0/1023213702 >> [v2:172.21.15.70:3300/0,v1:172.21.15.70:6789/0] conn(0x7f9874106510 0x7f987419a280 secure :-1 s=READY pgs=27 cs=0 l=1 rev1=1 crypto rx=0x7f9864000c00 tx=0x7f9864011bd0 comp rx=0 tx=0).ready entity=mon.0 client_cookie=0 server_cookie=0 in_seq=0 out_seq=0
2023-08-25T08:27:48.982 INFO:teuthology.orchestra.run.smithi070.stdout:/usr/bin/ceph: stderr
2023-08-25T08:27:41.359+0000 7f98717fa700 1 -- 172.21.15.70:0/1023213702 <== mon.0 v2:172.21.15.70:3300/0 1 ==== mon_map magic: 0 v1 ==== 205+0+0 (secure 0 0 0) 0x7f9864003b70 con 0x7f9874106510
2023-08-25T08:27:48.982 INFO:teuthology.orchestra.run.smithi070.stdout:/usr/bin/ceph: stderr
2023-08-25T08:27:41.359+0000 7f98717fa700 1 -- 172.21.15.70:0/1023213702 <== mon.0 v2:172.21.15.70:3300/0 2 ==== config(28 keys) v1 ==== 1143+0+0 (secure 0 0 0) 0x7f9864003cd0 con 0x7f9874106510
2023-08-25T08:27:48.982 INFO:teuthology.orchestra.run.smithi070.stdout:/usr/bin/ceph: stderr
2023-08-25T08:27:41.359+0000 7f9879d54700 1 -- 172.21.15.70:0/1023213702 --> [v2:172.21.15.70:3300/0,v1:172.21.15.70:6789/0] -- mon_subscribe({mgrmap=0+}) v3 -- 0x7f987419a9c0 con 0x7f9874106510
2023-08-25T08:27:48.982 INFO:teuthology.orchestra.run.smithi070.stdout:/usr/bin/ceph: stderr
2023-08-25T08:27:41.359+0000 7f98717fa700 1 -- 172.21.15.70:0/1023213702 <== mon.0 v2:172.21.15.70:3300/0 3 ==== mon_map magic: 0 v1 ==== 205+0+0 (secure 0 0 0) 0x7f98640248a0 con 0x7f9874106510
2023-08-25T08:27:48.983 INFO:teuthology.orchestra.run.smithi070.stdout:/usr/bin/ceph: stderr
2023-08-25T08:27:41.359+0000 7f9879d54700 1 -- 172.21.15.70:0/1023213702 --> [v2:172.21.15.70:3300/0,v1:172.21.15.70:6789/0] -- mon_subscribe({osdmap=0}) v3 -- 0x7f987419ade0 con 0x7f9874106510
2023-08-25T08:27:48.983 INFO:teuthology.orchestra.run.smithi070.stdout:/usr/bin/ceph: stderr
2023-08-25T08:27:41.361+0000 7f98717fa700 1 -- 172.21.15.70:0/1023213702 <== mon.0 v2:172.21.15.70:3300/0 4 ==== mgrmap(e 5) v1 ==== 45135+0+0 (secure 0 0 0) 0x7f9864024b60 con 0x7f9874106510
2023-08-25T08:27:48.983 INFO:teuthology.orchestra.run.smithi070.stdout:/usr/bin/ceph: stderr
2023-08-25T08:27:41.361+0000 7f98717fa700 1 --2- 172.21.15.70:0/1023213702 >> [v2:172.21.15.70:6800/922878939,v1:172.21.15.70:6801/922878939] conn(0x7f9860038160 0x7f986003a620 unknown :-1 s=NONE pgs=0 cs=0 l=1 rev1=0 crypto rx=0 tx=0 comp rx=0 tx=0).connect
2023-08-25T08:27:48.983 INFO:teuthology.orchestra.run.smithi070.stdout:/usr/bin/ceph: stderr
2023-08-25T08:27:41.361+0000 7f98717fa700 1 -- 172.21.15.70:0/1023213702 --> [v2:172.21.15.70:6800/922878939,v1:172.21.15.70:6801/922878939] -- command(tid 0: {"prefix": "get_command_descriptions"}) v1 -- 0x7f986003ad30 con 0x7f9860038160
2023-08-25T08:27:48.983 INFO:teuthology.orchestra.run.smithi070.stdout:/usr/bin/ceph: stderr
2023-08-25T08:27:41.361+0000 7f98717fa700 1 -- 172.21.15.70:0/1023213702 <== mon.0 v2:172.21.15.70:3300/0 5 ==== osd_map(1..1 src has 1..1) v4 ==== 725+0+0 (secure 0 0 0) 0x7f986404bc00 con 0x7f9874106510
2023-08-25T08:27:48.983 INFO:teuthology.orchestra.run.smithi070.stdout:/usr/bin/ceph: stderr
2023-08-25T08:27:41.361+0000 7f986bfff700 1 -- 172.21.15.70:0/1023213702 >> [v2:172.21.15.70:6800/922878939,v1:172.21.15.70:6801/922878939] conn(0x7f9860038160 msgr2=0x7f986003a620 unknown :-1 s=STATE_CONNECTING_RE l=1).process reconnect failed to v2:172.21.15.70:6800/922878939
2023-08-25T08:27:48.983 INFO:teuthology.orchestra.run.smithi070.stdout:/usr/bin/ceph: stderr
2023-08-25T08:27:41.361+0000 7f986bfff700 1 --2- 172.21.15.70:0/1023213702 >> [v2:172.21.15.70:6800/922878939,v1:172.21.15.70:6801/922878939] conn(0x7f9860038160 0x7f986003a620 unknown :-1 s=START_CONNECT pgs=0 cs=0 l=1 rev1=0 crypto rx=0 tx=0 comp rx=0 tx=0)._fault waiting 0.200000
2023-08-25T08:27:48.984 INFO:teuthology.orchestra.run.smithi070.stdout:/usr/bin/ceph: stderr
2023-08-25T08:27:41.562+0000 7f986bfff700 1 -- 172.21.15.70:0/1023213702 >> [v2:172.21.15.70:6800/922878939,v1:172.21.15.70:6801/922878939] conn(0x7f9860038160 msgr2=0x7f986003a620 unknown :-1 s=STATE_CONNECTING_RE l=1).process reconnect failed to v2:172.21.15.70:6800/922878939
2023-08-25T08:27:48.984 INFO:teuthology.orchestra.run.smithi070.stdout:/usr/bin/ceph: stderr
2023-08-25T08:27:41.562+0000 7f986bfff700 1 --2- 172.21.15.70:0/1023213702 >> [v2:172.21.15.70:6800/922878939,v1:172.21.15.70:6801/922878939] conn(0x7f9860038160 0x7f986003a620 unknown :-1 s=START_CONNECT pgs=0 cs=0 l=1 rev1=0 crypto rx=0 tx=0 comp rx=0 tx=0)._fault waiting 0.400000
2023-08-25T08:27:48.984 INFO:teuthology.orchestra.run.smithi070.stdout:/usr/bin/ceph: stderr
2023-08-25T08:27:41.963+0000 7f986bfff700 1 -- 172.21.15.70:0/1023213702 >> [v2:172.21.15.70:6800/922878939,v1:172.21.15.70:6801/922878939] conn(0x7f9860038160 msgr2=0x7f986003a620 unknown :-1 s=STATE_CONNECTING_RE l=1).process reconnect failed to v2:172.21.15.70:6800/922878939
2023-08-25T08:27:48.984 INFO:teuthology.orchestra.run.smithi070.stdout:/usr/bin/ceph: stderr
2023-08-25T08:27:41.963+0000 7f986bfff700 1 --2- 172.21.15.70:0/1023213702 >> [v2:172.21.15.70:6800/922878939,v1:172.21.15.70:6801/922878939] conn(0x7f9860038160 0x7f986003a620 unknown :-1 s=START_CONNECT pgs=0 cs=0 l=1 rev1=0 crypto rx=0 tx=0 comp rx=0 tx=0)._fault waiting 0.800000
2023-08-25T08:27:48.984 INFO:teuthology.orchestra.run.smithi070.stdout:/usr/bin/ceph: stderr
2023-08-25T08:27:42.764+0000 7f986bfff700 1 -- 172.21.15.70:0/1023213702 >> [v2:172.21.15.70:6800/922878939,v1:172.21.15.70:6801/922878939] conn(0x7f9860038160 msgr2=0x7f986003a620 unknown :-1 s=STATE_CONNECTING_RE l=1).process reconnect failed to v2:172.21.15.70:6800/922878939
2023-08-25T08:27:48.984 INFO:teuthology.orchestra.run.smithi070.stdout:/usr/bin/ceph: stderr
2023-08-25T08:27:42.764+0000 7f986bfff700 1 --2- 172.21.15.70:0/1023213702 >> [v2:172.21.15.70:6800/922878939,v1:172.21.15.70:6801/922878939] conn(0x7f9860038160 0x7f986003a620 unknown :-1 s=START_CONNECT pgs=0 cs=0 l=1 rev1=0 crypto rx=0 tx=0 comp rx=0 tx=0)._fault waiting 1.600000
2023-08-25T08:27:48.984 INFO:teuthology.orchestra.run.smithi070.stdout:/usr/bin/ceph: stderr
2023-08-25T08:27:44.366+0000 7f986bfff700 1 -- 172.21.15.70:0/1023213702 >> [v2:172.21.15.70:6800/922878939,v1:172.21.15.70:6801/922878939] conn(0x7f9860038160 msgr2=0x7f986003a620 unknown :-1 s=STATE_CONNECTING_RE l=1).process reconnect failed to v2:172.21.15.70:6800/922878939
2023-08-25T08:27:48.985 INFO:teuthology.orchestra.run.smithi070.stdout:/usr/bin/ceph: stderr
2023-08-25T08:27:44.366+0000 7f986bfff700 1 --2- 172.21.15.70:0/1023213702 >> [v2:172.21.15.70:6800/922878939,v1:172.21.15.70:6801/922878939] conn(0x7f9860038160 0x7f986003a620 unknown :-1 s=START_CONNECT pgs=0 cs=0 l=1 rev1=0 crypto rx=0 tx=0 comp rx=0 tx=0)._fault waiting 3.200000
2023-08-25T08:27:48.985 INFO:teuthology.orchestra.run.smithi070.stdout:/usr/bin/ceph: stderr
2023-08-25T08:27:47.564+0000 7f98717fa700 1 -- 172.21.15.70:0/1023213702 <== mon.0 v2:172.21.15.70:3300/0 6 ==== mgrmap(e 6) v1 ==== 44902+0+0 (secure 0 0 0) 0x7f986401a430 con 0x7f9874106510
2023-08-25T08:27:48.985 INFO:teuthology.orchestra.run.smithi070.stdout:/usr/bin/ceph: stderr
2023-08-25T08:27:47.564+0000 7f98717fa700 1 -- 172.21.15.70:0/1023213702 >> [v2:172.21.15.70:6800/922878939,v1:172.21.15.70:6801/922878939] conn(0x7f9860038160 msgr2=0x7f986003a620 unknown :-1 s=STATE_CONNECTING l=1).mark_down
2023-08-25T08:27:48.985 INFO:teuthology.orchestra.run.smithi070.stdout:/usr/bin/ceph: stderr
