2023-08-25T08:33:58.767+0000 7fdfba59c700 1 --2- >> [v2:172.21.15.16:3300/0,v1:172.21.15.16:6789/0] conn(0x7fdfbc106b60 0x7fdfbc1064c0 unknown :-1 s=HELLO_CONNECTING pgs=0 cs=0 l=1 rev1=1 crypto rx=0 tx=0 comp rx=0 tx=0).handle_hello peer v2:172.21.15.16:3300/0 says I am v2:172.21.15.16:43026/0 (socket says 172.21.15.16:43026)
2023-08-25T08:33:59.577 INFO:teuthology.orchestra.run.smithi016.stdout:/usr/bin/ceph: stderr
2023-08-25T08:33:58.767+0000 7fdfba59c700 1 -- 172.21.15.16:0/3912302091 learned_addr learned my addr 172.21.15.16:0/3912302091 (peer_addr_for_me v2:172.21.15.16:0/0)
2023-08-25T08:33:59.578 INFO:teuthology.orchestra.run.smithi016.stdout:/usr/bin/ceph: stderr
2023-08-25T08:33:58.767+0000 7fdfba59c700 1 -- 172.21.15.16:0/3912302091 --> [v2:172.21.15.16:3300/0,v1:172.21.15.16:6789/0] -- mon_subscribe({config=0+,monmap=0+}) v3 -- 0x7fdfb0009550 con 0x7fdfbc106b60
2023-08-25T08:33:59.578 INFO:teuthology.orchestra.run.smithi016.stdout:/usr/bin/ceph: stderr
2023-08-25T08:33:58.767+0000 7fdfba59c700 1 --2- 172.21.15.16:0/3912302091 >> [v2:172.21.15.16:3300/0,v1:172.21.15.16:6789/0] conn(0x7fdfbc106b60 0x7fdfbc1064c0 secure :-1 s=READY pgs=75 cs=0 l=1 rev1=1 crypto rx=0x7fdfb0003f00 tx=0x7fdfb0011a30 comp rx=0 tx=0).ready entity=mon.0 client_cookie=0 server_cookie=0 in_seq=0 out_seq=0
2023-08-25T08:33:59.578 INFO:teuthology.orchestra.run.smithi016.stdout:/usr/bin/ceph: stderr
2023-08-25T08:33:58.767+0000 7fdfab7fe700 1 -- 172.21.15.16:0/3912302091 <== mon.0 v2:172.21.15.16:3300/0 1 ==== mon_map magic: 0 v1 ==== 205+0+0 (secure 0 0 0) 0x7fdfb0003b20 con 0x7fdfbc106b60
2023-08-25T08:33:59.578 INFO:teuthology.orchestra.run.smithi016.stdout:/usr/bin/ceph: stderr
2023-08-25T08:33:58.767+0000 7fdfab7fe700 1 -- 172.21.15.16:0/3912302091 <== mon.0 v2:172.21.15.16:3300/0 2 ==== config(26 keys) v1 ==== 1105+0+0 (secure 0 0 0) 0x7fdfb0003c80 con 0x7fdfbc106b60
2023-08-25T08:33:59.578 INFO:teuthology.orchestra.run.smithi016.stdout:/usr/bin/ceph: stderr
2023-08-25T08:33:58.767+0000 7fdfab7fe700 1 -- 172.21.15.16:0/3912302091 <== mon.0 v2:172.21.15.16:3300/0 3 ==== mon_map magic: 0 v1 ==== 205+0+0 (secure 0 0 0) 0x7fdfb0019770 con 0x7fdfbc106b60
2023-08-25T08:33:59.578 INFO:teuthology.orchestra.run.smithi016.stdout:/usr/bin/ceph: stderr
2023-08-25T08:33:58.767+0000 7fdfc0c65700 1 -- 172.21.15.16:0/3912302091 --> [v2:172.21.15.16:3300/0,v1:172.21.15.16:6789/0] -- mon_subscribe({mgrmap=0+}) v3 -- 0x7fdfbc104b10 con 0x7fdfbc106b60
2023-08-25T08:33:59.578 INFO:teuthology.orchestra.run.smithi016.stdout:/usr/bin/ceph: stderr
2023-08-25T08:33:58.767+0000 7fdfc0c65700 1 -- 172.21.15.16:0/3912302091 --> [v2:172.21.15.16:3300/0,v1:172.21.15.16:6789/0] -- mon_subscribe({osdmap=0}) v3 -- 0x7fdfbc104f30 con 0x7fdfbc106b60
2023-08-25T08:33:59.579 INFO:teuthology.orchestra.run.smithi016.stdout:/usr/bin/ceph: stderr
2023-08-25T08:33:58.768+0000 7fdfab7fe700 1 -- 172.21.15.16:0/3912302091 <== mon.0 v2:172.21.15.16:3300/0 4 ==== mgrmap(e 12) v1 ==== 45148+0+0 (secure 0 0 0) 0x7fdfb00199e0 con 0x7fdfbc106b60
2023-08-25T08:33:59.579 INFO:teuthology.orchestra.run.smithi016.stdout:/usr/bin/ceph: stderr
2023-08-25T08:33:58.768+0000 7fdfab7fe700 1 --2- 172.21.15.16:0/3912302091 >> [v2:172.21.15.16:6800/2568954276,v1:172.21.15.16:6801/2568954276] conn(0x7fdfa40381b0 0x7fdfa403a670 unknown :-1 s=NONE pgs=0 cs=0 l=1 rev1=0 crypto rx=0 tx=0 comp rx=0 tx=0).connect
2023-08-25T08:33:59.579 INFO:teuthology.orchestra.run.smithi016.stdout:/usr/bin/ceph: stderr
2023-08-25T08:33:58.768+0000 7fdfc0c65700 1 -- 172.21.15.16:0/3912302091 --> [v2:172.21.15.16:3300/0,v1:172.21.15.16:6789/0] -- mon_command({"prefix": "get_command_descriptions"} v 0) v1 -- 0x7fdfbc061f50 con 0x7fdfbc106b60
2023-08-25T08:33:59.579 INFO:teuthology.orchestra.run.smithi016.stdout:/usr/bin/ceph: stderr
2023-08-25T08:33:58.769+0000 7fdfab7fe700 1 -- 172.21.15.16:0/3912302091 <== mon.0 v2:172.21.15.16:3300/0 5 ==== osd_map(3..3 src has 1..3) v4 ==== 1155+0+0 (secure 0 0 0) 0x7fdfb004c360 con 0x7fdfbc106b60
2023-08-25T08:33:59.579 INFO:teuthology.orchestra.run.smithi016.stdout:/usr/bin/ceph: stderr
2023-08-25T08:33:58.769+0000 7fdfb9d9b700 1 --2- 172.21.15.16:0/3912302091 >> [v2:172.21.15.16:6800/2568954276,v1:172.21.15.16:6801/2568954276] conn(0x7fdfa40381b0 0x7fdfa403a670 unknown :-1 s=BANNER_CONNECTING pgs=0 cs=0 l=1 rev1=0 crypto rx=0 tx=0 comp rx=0 tx=0)._handle_peer_banner_payload supported=3 required=0
2023-08-25T08:33:59.579 INFO:teuthology.orchestra.run.smithi016.stdout:/usr/bin/ceph: stderr
2023-08-25T08:33:58.769+0000 7fdfb9d9b700 1 --2- 172.21.15.16:0/3912302091 >> [v2:172.21.15.16:6800/2568954276,v1:172.21.15.16:6801/2568954276] conn(0x7fdfa40381b0 0x7fdfa403a670 secure :-1 s=READY pgs=9 cs=0 l=1 rev1=1 crypto rx=0x7fdfac006fd0 tx=0x7fdfac006e40 comp rx=0 tx=0).ready entity=mgr.14152 client_cookie=0 server_cookie=0 in_seq=0 out_seq=0
2023-08-25T08:33:59.580 INFO:teuthology.orchestra.run.smithi016.stdout:/usr/bin/ceph: stderr
2023-08-25T08:33:58.773+0000 7fdfab7fe700 1 -- 172.21.15.16:0/3912302091 <== mon.0 v2:172.21.15.16:3300/0 6 ==== mon_command_ack([{"prefix": "get_command_descriptions"}]=0 v0) v1 ==== 72+0+179682 (secure 0 0 0) 0x7fdfb002d350 con 0x7fdfbc106b60
2023-08-25T08:33:59.580 INFO:teuthology.orchestra.run.smithi016.stdout:/usr/bin/ceph: stderr
2023-08-25T08:33:59.134+0000 7fdfc0c65700 1 -- 172.21.15.16:0/3912302091 --> [v2:172.21.15.16:3300/0,v1:172.21.15.16:6789/0] -- mon_command({"prefix": "config get", "who": "mgr", "key": "mgr/dashboard/ssl_server_port"} v 0) v1 -- 0x7fdfbc10a270 con 0x7fdfbc106b60
2023-08-25T08:33:59.580 INFO:teuthology.orchestra.run.smithi016.stdout:/usr/bin/ceph: stderr
2023-08-25T08:33:59.135+0000 7fdfab7fe700 1 -- 172.21.15.16:0/3912302091 <== mon.0 v2:172.21.15.16:3300/0 7 ==== mon_command_ack([{"prefix": "config get", "who": "mgr", "key": "mgr/dashboard/ssl_server_port"}]=0 v8) v1 ==== 112+0+5 (secure 0 0 0) 0x7fdfb002d350 con 0x7fdfbc106b60
2023-08-25T08:33:59.580 INFO:teuthology.orchestra.run.smithi016.stdout:/usr/bin/ceph: stderr
2023-08-25T08:33:59.137+0000 7fdfc0c65700 1 -- 172.21.15.16:0/3912302091 >> [v2:172.21.15.16:6800/2568954276,v1:172.21.15.16:6801/2568954276] conn(0x7fdfa40381b0 msgr2=0x7fdfa403a670 secure :-1 s=STATE_CONNECTION_ESTABLISHED l=1).mark_down
2023-08-25T08:33:59.580 INFO:teuthology.orchestra.run.smithi016.stdout:/usr/bin/ceph: stderr
2023-08-25T08:33:59.137+0000 7fdfc0c65700 1 --2- 172.21.15.16:0/3912302091 >> [v2:172.21.15.16:6800/2568954276,v1:172.21.15.16:6801/2568954276] conn(0x7fdfa40381b0 0x7fdfa403a670 secure :-1 s=READY pgs=9 cs=0 l=1 rev1=1 crypto rx=0x7fdfac006fd0 tx=0x7fdfac006e40 comp rx=0 tx=0).stop
2023-08-25T08:33:59.581 INFO:teuthology.orchestra.run.smithi016.stdout:/usr/bin/ceph: stderr
2023-08-25T08:33:59.137+0000 7fdfc0c65700 1 -- 172.21.15.16:0/3912302091 >> [v2:172.21.15.16:3300/0,v1:172.21.15.16:6789/0] conn(0x7fdfbc106b60 msgr2=0x7fdfbc1064c0 secure :-1 s=STATE_CONNECTION_ESTABLISHED l=1).mark_down
2023-08-25T08:33:59.581 INFO:teuthology.orchestra.run.smithi016.stdout:/usr/bin/ceph: stderr
2023-08-25T08:33:59.137+0000 7fdfc0c65700 1 --2- 172.21.15.16:0/3912302091 >> [v2:172.21.15.16:3300/0,v1:172.21.15.16:6789/0] conn(0x7fdfbc106b60 0x7fdfbc1064c0 secure :-1 s=READY pgs=75 cs=0 l=1 rev1=1 crypto rx=0x7fdfb0003f00 tx=0x7fdfb0011a30 comp rx=0 tx=0).stop
2023-08-25T08:33:59.581 INFO:teuthology.orchestra.run.smithi016.stdout:/usr/bin/ceph: stderr
2023-08-25T08:33:59.137+0000 7fdfc0c65700 1 -- 172.21.15.16:0/3912302091 shutdown_connections
2023-08-25T08:33:59.581 INFO:teuthology.orchestra.run.smithi016.stdout:/usr/bin/ceph: stderr
2023-08-25T08:33:59.137+0000 7fdfc0c65700 1 --2- 172.21.15.16:0/3912302091 >> [v2:172.21.15.16:6800/2568954276,v1:172.21.15.16:6801/2568954276] conn(0x7fdfa40381b0 0x7fdfa403a670 unknown :-1 s=CLOSED pgs=9 cs=0 l=1 rev1=1 crypto rx=0 tx=0 comp rx=0 tx=0).stop
2023-08-25T08:33:59.581 INFO:teuthology.orchestra.run.smithi016.stdout:/usr/bin/ceph: stderr
2023-08-25T08:33:59.137+0000 7fdfc0c65700 1 --2- 172.21.15.16:0/3912302091 >> [v2:172.21.15.16:3300/0,v1:172.21.15.16:6789/0] conn(0x7fdfbc106b60 0x7fdfbc1064c0 unknown :-1 s=CLOSED pgs=75 cs=0 l=1 rev1=1 crypto rx=0 tx=0 comp rx=0 tx=0).stop
2023-08-25T08:33:59.581 INFO:teuthology.orchestra.run.smithi016.stdout:/usr/bin/ceph: stderr
2023-08-25T08:33:59.137+0000 7fdfc0c65700 1 -- 172.21.15.16:0/3912302091 >> 172.21.15.16:0/3912302091 conn(0x7fdfbc100590 msgr2=0x7fdfbc101c70 unknown :-1 s=STATE_NONE l=0).mark_down
2023-08-25T08:33:59.582 INFO:teuthology.orchestra.run.smithi016.stdout:/usr/bin/ceph: stderr
2023-08-25T08:33:59.137+0000 7fdfc0c65700 1 -- 172.21.15.16:0/3912302091 shutdown_connections
2023-08-25T08:33:59.582 INFO:teuthology.orchestra.run.smithi016.stdout:/usr/bin/ceph: stderr
2023-08-25T08:33:59.138+0000 7fdfc0c65700 1 -- 172.21.15.16:0/3912302091 wait complete.
2023-08-25T08:33:59.582 INFO:teuthology.orchestra.run.smithi016.stdout:Non-zero exit code 1 from systemctl is-enabled firewalld.service
2023-08-25T08:33:59.583 INFO:teuthology.orchestra.run.smithi016.stdout:systemctl: stdout disabled
2023-08-25T08:33:59.583 INFO:teuthology.orchestra.run.smithi016.stdout:Non-zero exit code 3 from systemctl is-active firewalld.service
2023-08-25T08:33:59.584 INFO:teuthology.orchestra.run.smithi016.stdout:systemctl: stdout inactive
2023-08-25T08:33:59.584 INFO:teuthology.orchestra.run.smithi016.stdout:firewalld.service is not enabled
2023-08-25T08:33:59.584 INFO:teuthology.orchestra.run.smithi016.stdout:Not possible to open ports <[8443]>. firewalld.service is not available
2023-08-25T08:33:59.585 INFO:teuthology.orchestra.run.smithi016.stdout:Ceph Dashboard is now available at:
2023-08-25T08:33:59.585 INFO:teuthology.orchestra.run.smithi016.stdout:
2023-08-25T08:33:59.586 INFO:teuthology.orchestra.run.smithi016.stdout: URL: https://smithi016:8443/
2023-08-25T08:33:59.586 INFO:teuthology.orchestra.run.smithi016.stdout: User: admin
2023-08-25T08:33:59.586 INFO:teuthology.orchestra.run.smithi016.stdout: Password: prfkdht4wy
2023-08-25T08:33:59.587 INFO:teuthology.orchestra.run.smithi016.stdout:
2023-08-25T08:33:59.588 INFO:teuthology.orchestra.run.smithi016.stdout:Saving cluster configuration to /var/lib/ceph/dc90e1ca-4321-11ee-9b3d-001a4aab830c/config directory
2023-08-25T08:33:59.588 INFO:teuthology.orchestra.run.smithi016.stdout:Enabling autotune for osd_memory_target
2023-08-25T08:33:59.840 INFO:journalctl@ceph.mon.a.smithi016.stdout:Aug 25 08:33:59 smithi016 ceph-mon[98651]: from='client.? 172.21.15.16:0/3912302091' entity='client.admin' cmd=[{"prefix": "config get", "who": "mgr", "key": "mgr/dashboard/ssl_server_port"}]: dispatch
2023-08-25T08:34:00.833 INFO:teuthology.orchestra.run.smithi016.stdout:/usr/bin/ceph: stderr
2023-08-25T08:34:00.093+0000 7f6297923700 1 Processor -- start
2023-08-25T08:34:00.833 INFO:teuthology.orchestra.run.smithi016.stdout:/usr/bin/ceph: stderr
2023-08-25T08:34:00.094+0000 7f6297923700 1 -- start start
2023-08-25T08:34:00.833 INFO:teuthology.orchestra.run.smithi016.stdout:/usr/bin/ceph: stderr
2023-08-25T08:34:00.094+0000 7f6297923700 1 --2- >> [v2:172.21.15.16:3300/0,v1:172.21.15.16:6789/0] conn(0x7f62901065a0 0x7f62901069c0 unknown :-1 s=NONE pgs=0 cs=0 l=0 rev1=0 crypto rx=0 tx=0 comp rx=0 tx=0).connect
2023-08-25T08:34:00.833 INFO:teuthology.orchestra.run.smithi016.stdout:/usr/bin/ceph: stderr
2023-08-25T08:34:00.094+0000 7f6297923700 1 -- --> [v2:172.21.15.16:3300/0,v1:172.21.15.16:6789/0] -- mon_getmap magic: 0 v1 -- 0x7f6290106f90 con 0x7f62901065a0
2023-08-25T08:34:00.834 INFO:teuthology.orchestra.run.smithi016.stdout:/usr/bin/ceph: stderr
2023-08-25T08:34:00.094+0000 7f62956bf700 1 --2- >> [v2:172.21.15.16:3300/0,v1:172.21.15.16:6789/0] conn(0x7f62901065a0 0x7f62901069c0 unknown :-1 s=BANNER_CONNECTING pgs=0 cs=0 l=0 rev1=0 crypto rx=0 tx=0 comp rx=0 tx=0)._handle_peer_banner_payload supported=3 required=0
2023-08-25T08:34:00.834 INFO:teuthology.orchestra.run.smithi016.stdout:/usr/bin/ceph: stderr
2023-08-25T08:34:00.094+0000 7f62956bf700 1 --2- >> [v2:172.21.15.16:3300/0,v1:172.21.15.16:6789/0] conn(0x7f62901065a0 0x7f62901069c0 unknown :-1 s=HELLO_CONNECTING pgs=0 cs=0 l=0 rev1=1 crypto rx=0 tx=0 comp rx=0 tx=0).handle_hello peer v2:172.21.15.16:3300/0 says I am v2:172.21.15.16:43030/0 (socket says 172.21.15.16:43030)
2023-08-25T08:34:00.834 INFO:teuthology.orchestra.run.smithi016.stdout:/usr/bin/ceph: stderr
2023-08-25T08:34:00.094+0000 7f62956bf700 1 -- 172.21.15.16:0/3923119711 learned_addr learned my addr 172.21.15.16:0/3923119711 (peer_addr_for_me v2:172.21.15.16:0/0)
2023-08-25T08:34:00.834 INFO:teuthology.orchestra.run.smithi016.stdout:/usr/bin/ceph: stderr
2023-08-25T08:34:00.095+0000 7f62956bf700 1 -- 172.21.15.16:0/3923119711 --> [v2:172.21.15.16:3300/0,v1:172.21.15.16:6789/0] -- mon_subscribe({config=0+,monmap=0+}) v3 -- 0x7f62901070d0 con 0x7f62901065a0
2023-08-25T08:34:00.834 INFO:teuthology.orchestra.run.smithi016.stdout:/usr/bin/ceph: stderr
2023-08-25T08:34:00.095+0000 7f62956bf700 1 --2- 172.21.15.16:0/3923119711 >> [v2:172.21.15.16:3300/0,v1:172.21.15.16:6789/0] conn(0x7f62901065a0 0x7f62901069c0 secure :-1 s=READY pgs=76 cs=0 l=1 rev1=1 crypto rx=0x7f628c0098a0 tx=0x7f628c009bb0 comp rx=0 tx=0).ready entity=mon.0 client_cookie=e416f191ac4304a8 server_cookie=0 in_seq=0 out_seq=0
2023-08-25T08:34:00.834 INFO:teuthology.orchestra.run.smithi016.stdout:/usr/bin/ceph: stderr
2023-08-25T08:34:00.095+0000 7f6283fff700 1 -- 172.21.15.16:0/3923119711 <== mon.0 v2:172.21.15.16:3300/0 1 ==== mon_map magic: 0 v1 ==== 205+0+0 (secure 0 0 0) 0x7f628c004160 con 0x7f62901065a0
2023-08-25T08:34:00.834 INFO:teuthology.orchestra.run.smithi016.stdout:/usr/bin/ceph: stderr
2023-08-25T08:34:00.095+0000 7f6283fff700 1 -- 172.21.15.16:0/3923119711 <== mon.0 v2:172.21.15.16:3300/0 2 ==== config(26 keys) v1 ==== 1105+0+0 (secure 0 0 0) 0x7f628c0042c0 con 0x7f62901065a0
2023-08-25T08:34:00.835 INFO:teuthology.orchestra.run.smithi016.stdout:/usr/bin/ceph: stderr
2023-08-25T08:34:00.095+0000 7f6283fff700 1 -- 172.21.15.16:0/3923119711 <== mon.0 v2:172.21.15.16:3300/0 3 ==== mon_map magic: 0 v1 ==== 205+0+0 (secure 0 0 0) 0x7f628c0119b0 con 0x7f62901065a0
2023-08-25T08:34:00.835 INFO:teuthology.orchestra.run.smithi016.stdout:/usr/bin/ceph: stderr
2023-08-25T08:34:00.096+0000 7f6297923700 1 -- 172.21.15.16:0/3923119711 >> [v2:172.21.15.16:3300/0,v1:172.21.15.16:6789/0] conn(0x7f62901065a0 msgr2=0x7f62901069c0 secure :-1 s=STATE_CONNECTION_ESTABLISHED l=1).mark_down
2023-08-25T08:34:00.835 INFO:teuthology.orchestra.run.smithi016.stdout:/usr/bin/ceph: stderr
2023-08-25T08:34:00.096+0000 7f6297923700 1 --2- 172.21.15.16:0/3923119711 >> [v2:172.21.15.16:3300/0,v1:172.21.15.16:6789/0] conn(0x7f62901065a0 0x7f62901069c0 secure :-1 s=READY pgs=76 cs=0 l=1 rev1=1 crypto rx=0x7f628c0098a0 tx=0x7f628c009bb0 comp rx=0 tx=0).stop
2023-08-25T08:34:00.835 INFO:teuthology.orchestra.run.smithi016.stdout:/usr/bin/ceph: stderr
2023-08-25T08:34:00.096+0000 7f6297923700 1 -- 172.21.15.16:0/3923119711 shutdown_connections
2023-08-25T08:34:00.835 INFO:teuthology.orchestra.run.smithi016.stdout:/usr/bin/ceph: stderr
2023-08-25T08:34:00.096+0000 7f6297923700 1 --2- 172.21.15.16:0/3923119711 >> [v2:172.21.15.16:3300/0,v1:172.21.15.16:6789/0] conn(0x7f62901065a0 0x7f62901069c0 unknown :-1 s=CLOSED pgs=76 cs=0 l=1 rev1=1 crypto rx=0 tx=0 comp rx=0 tx=0).stop
2023-08-25T08:34:00.835 INFO:teuthology.orchestra.run.smithi016.stdout:/usr/bin/ceph: stderr
2023-08-25T08:34:00.096+0000 7f6297923700 1 -- 172.21.15.16:0/3923119711 >> 172.21.15.16:0/3923119711 conn(0x7f62900ffd20 msgr2=0x7f6290102140 unknown :-1 s=STATE_NONE l=0).mark_down
2023-08-25T08:34:00.835 INFO:teuthology.orchestra.run.smithi016.stdout:/usr/bin/ceph: stderr
2023-08-25T08:34:00.096+0000 7f6297923700 1 -- 172.21.15.16:0/3923119711 shutdown_connections
2023-08-25T08:34:00.836 INFO:teuthology.orchestra.run.smithi016.stdout:/usr/bin/ceph: stderr
2023-08-25T08:34:00.096+0000 7f6297923700 1 -- 172.21.15.16:0/3923119711 wait complete.
2023-08-25T08:34:00.836 INFO:teuthology.orchestra.run.smithi016.stdout:/usr/bin/ceph: stderr
2023-08-25T08:34:00.097+0000 7f6297923700 1 Processor -- start
2023-08-25T08:34:00.836 INFO:teuthology.orchestra.run.smithi016.stdout:/usr/bin/ceph: stderr
2023-08-25T08:34:00.097+0000 7f6297923700 1 -- start start
2023-08-25T08:34:00.836 INFO:teuthology.orchestra.run.smithi016.stdout:/usr/bin/ceph: stderr
2023-08-25T08:34:00.097+0000 7f6297923700 1 --2- >> [v2:172.21.15.16:3300/0,v1:172.21.15.16:6789/0] conn(0x7f62901065a0 0x7f6290104cc0 unknown :-1 s=NONE pgs=0 cs=0 l=1 rev1=0 crypto rx=0 tx=0 comp rx=0 tx=0).connect
2023-08-25T08:34:00.836 INFO:teuthology.orchestra.run.smithi016.stdout:/usr/bin/ceph: stderr
2023-08-25T08:34:00.097+0000 7f6297923700 1 -- --> [v2:172.21.15.16:3300/0,v1:172.21.15.16:6789/0] -- mon_getmap magic: 0 v1 -- 0x7f629019cb90 con 0x7f62901065a0
2023-08-25T08:34:00.836 INFO:teuthology.orchestra.run.smithi016.stdout:/usr/bin/ceph: stderr
2023-08-25T08:34:00.097+0000 7f62956bf700 1 --2- >> [v2:172.21.15.16:3300/0,v1:172.21.15.16:6789/0] conn(0x7f62901065a0 0x7f6290104cc0 unknown :-1 s=BANNER_CONNECTING pgs=0 cs=0 l=1 rev1=0 crypto rx=0 tx=0 comp rx=0 tx=0)._handle_peer_banner_payload supported=3 required=0
2023-08-25T08:34:00.836 INFO:teuthology.orchestra.run.smithi016.stdout:/usr/bin/ceph: stderr
2023-08-25T08:34:00.097+0000 7f62956bf700 1 --2- >> [v2:172.21.15.16:3300/0,v1:172.21.15.16:6789/0] conn(0x7f62901065a0 0x7f6290104cc0 unknown :-1 s=HELLO_CONNECTING pgs=0 cs=0 l=1 rev1=1 crypto rx=0 tx=0 comp rx=0 tx=0).handle_hello peer v2:172.21.15.16:3300/0 says I am v2:172.21.15.16:43032/0 (socket says 172.21.15.16:43032)
2023-08-25T08:34:00.837 INFO:teuthology.orchestra.run.smithi016.stdout:/usr/bin/ceph: stderr
2023-08-25T08:34:00.097+0000 7f62956bf700 1 -- 172.21.15.16:0/466904504 learned_addr learned my addr 172.21.15.16:0/466904504 (peer_addr_for_me v2:172.21.15.16:0/0)
2023-08-25T08:34:00.837 INFO:teuthology.orchestra.run.smithi016.stdout:/usr/bin/ceph: stderr
2023-08-25T08:34:00.097+0000 7f62956bf700 1 -- 172.21.15.16:0/466904504 --> [v2:172.21.15.16:3300/0,v1:172.21.15.16:6789/0] -- mon_subscribe({config=0+,monmap=0+}) v3 -- 0x7f628c009550 con 0x7f62901065a0
2023-08-25T08:34:00.837 INFO:teuthology.orchestra.run.smithi016.stdout:/usr/bin/ceph: stderr
2023-08-25T08:34:00.097+0000 7f62956bf700 1 --2- 172.21.15.16:0/466904504 >> [v2:172.21.15.16:3300/0,v1:172.21.15.16:6789/0] conn(0x7f62901065a0 0x7f6290104cc0 secure :-1 s=READY pgs=77 cs=0 l=1 rev1=1 crypto rx=0x7f628c003e60 tx=0x7f628c011a30 comp rx=0 tx=0).ready entity=mon.0 client_cookie=0 server_cookie=0 in_seq=0 out_seq=0
2023-08-25T08:34:00.837 INFO:teuthology.orchestra.run.smithi016.stdout:/usr/bin/ceph: stderr
2023-08-25T08:34:00.098+0000 7f62827fc700 1 -- 172.21.15.16:0/466904504 <== mon.0 v2:172.21.15.16:3300/0 1 ==== mon_map magic: 0 v1 ==== 205+0+0 (secure 0 0 0) 0x7f628c003a60 con 0x7f62901065a0
2023-08-25T08:34:00.837 INFO:teuthology.orchestra.run.smithi016.stdout:/usr/bin/ceph: stderr
2023-08-25T08:34:00.098+0000 7f62827fc700 1 -- 172.21.15.16:0/466904504 <== mon.0 v2:172.21.15.16:3300/0 2 ==== config(26 keys) v1 ==== 1105+0+0 (secure 0 0 0) 0x7f628c003bc0 con 0x7f62901065a0
2023-08-25T08:34:00.837 INFO:teuthology.orchestra.run.smithi016.stdout:/usr/bin/ceph: stderr
2023-08-25T08:34:00.098+0000 7f6297923700 1 -- 172.21.15.16:0/466904504 --> [v2:172.21.15.16:3300/0,v1:172.21.15.16:6789/0] -- mon_subscribe({mgrmap=0+}) v3 -- 0x7f629019ccd0 con 0x7f62901065a0
2023-08-25T08:34:00.837 INFO:teuthology.orchestra.run.smithi016.stdout:/usr/bin/ceph: stderr
2023-08-25T08:34:00.098+0000 7f62827fc700 1 -- 172.21.15.16:0/466904504 <== mon.0 v2:172.21.15.16:3300/0 3 ==== mon_map magic: 0 v1 ==== 205+0+0 (secure 0 0 0) 0x7f628c0196c0 con 0x7f62901065a0
2023-08-25T08:34:00.837 INFO:teuthology.orchestra.run.smithi016.stdout:/usr/bin/ceph: stderr
2023-08-25T08:34:00.098+0000 7f6297923700 1 -- 172.21.15.16:0/466904504 --> [v2:172.21.15.16:3300/0,v1:172.21.15.16:6789/0] -- mon_subscribe({osdmap=0}) v3 -- 0x7f629019d0f0 con 0x7f62901065a0
2023-08-25T08:34:00.838 INFO:teuthology.orchestra.run.smithi016.stdout:/usr/bin/ceph: stderr
2023-08-25T08:34:00.099+0000 7f62827fc700 1 -- 172.21.15.16:0/466904504 <== mon.0 v2:172.21.15.16:3300/0 4 ==== mgrmap(e 13) v1 ==== 45191+0+0 (secure 0 0 0) 0x7f628c01ab60 con 0x7f62901065a0
2023-08-25T08:34:00.838 INFO:teuthology.orchestra.run.smithi016.stdout:/usr/bin/ceph: stderr
2023-08-25T08:34:00.099+0000 7f62827fc700 1 --2- 172.21.15.16:0/466904504 >> [v2:172.21.15.16:6800/2568954276,v1:172.21.15.16:6801/2568954276] conn(0x7f627c038230 0x7f627c03a6f0 unknown :-1 s=NONE pgs=0 cs=0 l=1 rev1=0 crypto rx=0 tx=0 comp rx=0 tx=0).connect
2023-08-25T08:34:00.838 INFO:teuthology.orchestra.run.smithi016.stdout:/usr/bin/ceph: stderr
2023-08-25T08:34:00.099+0000 7f62827fc700 1 -- 172.21.15.16:0/466904504 <== mon.0 v2:172.21.15.16:3300/0 5 ==== osd_map(3..3 src has 1..3) v4 ==== 1155+0+0 (secure 0 0 0) 0x7f628c04c1c0 con 0x7f62901065a0
2023-08-25T08:34:00.838 INFO:teuthology.orchestra.run.smithi016.stdout:/usr/bin/ceph: stderr
2023-08-25T08:34:00.099+0000 7f6297923700 1 -- 172.21.15.16:0/466904504 --> [v2:172.21.15.16:3300/0,v1:172.21.15.16:6789/0] -- mon_command({"prefix": "get_command_descriptions"} v 0) v1 -- 0x7f62901070d0 con 0x7f62901065a0
2023-08-25T08:34:00.838 INFO:teuthology.orchestra.run.smithi016.stdout:/usr/bin/ceph: stderr
2023-08-25T08:34:00.099+0000 7f6294ebe700 1 --2- 172.21.15.16:0/466904504 >> [v2:172.21.15.16:6800/2568954276,v1:172.21.15.16:6801/2568954276] conn(0x7f627c038230 0x7f627c03a6f0 unknown :-1 s=BANNER_CONNECTING pgs=0 cs=0 l=1 rev1=0 crypto rx=0 tx=0 comp rx=0 tx=0)._handle_peer_banner_payload supported=3 required=0
2023-08-25T08:34:00.838 INFO:teuthology.orchestra.run.smithi016.stdout:/usr/bin/ceph: stderr
2023-08-25T08:34:00.099+0000 7f6294ebe700 1 --2- 172.21.15.16:0/466904504 >> [v2:172.21.15.16:6800/2568954276,v1:172.21.15.16:6801/2568954276] conn(0x7f627c038230 0x7f627c03a6f0 secure :-1 s=READY pgs=10 cs=0 l=1 rev1=1 crypto rx=0x7f6284006fd0 tx=0x7f6284006e40 comp rx=0 tx=0).ready entity=mgr.14152 client_cookie=0 server_cookie=0 in_seq=0 out_seq=0
2023-08-25T08:34:00.838 INFO:teuthology.orchestra.run.smithi016.stdout:/usr/bin/ceph: stderr
2023-08-25T08:34:00.104+0000 7f62827fc700 1 -- 172.21.15.16:0/466904504 <== mon.0 v2:172.21.15.16:3300/0 6 ==== mon_command_ack([{"prefix": "get_command_descriptions"}]=0 v0) v1 ==== 72+0+179682 (secure 0 0 0) 0x7f62901070d0 con 0x7f62901065a0
2023-08-25T08:34:00.839 INFO:teuthology.orchestra.run.smithi016.stdout:/usr/bin/ceph: stderr
2023-08-25T08:34:00.463+0000 7f6297923700 1 -- 172.21.15.16:0/466904504 --> [v2:172.21.15.16:3300/0,v1:172.21.15.16:6789/0] -- mon_command([{prefix=config set, name=osd_memory_target_autotune}] v 0) v1 -- 0x7f62901070d0 con 0x7f62901065a0
2023-08-25T08:34:00.839 INFO:teuthology.orchestra.run.smithi016.stdout:/usr/bin/ceph: stderr
2023-08-25T08:34:00.464+0000 7f62827fc700 1 -- 172.21.15.16:0/466904504 <== mon.0 v2:172.21.15.16:3300/0 7 ==== mon_command_ack([{prefix=config set, name=osd_memory_target_autotune}]=0 v8)=0 v8) v1 ==== 127+0+0 (secure 0 0 0) 0x7f62901070d0 con 0x7f62901065a0
2023-08-25T08:34:00.839 INFO:teuthology.orchestra.run.smithi016.stdout:/usr/bin/ceph: stderr
2023-08-25T08:34:00.466+0000 7f6297923700 1 -- 172.21.15.16:0/466904504 >> [v2:172.21.15.16:6800/2568954276,v1:172.21.15.16:6801/2568954276] conn(0x7f627c038230 msgr2=0x7f627c03a6f0 secure :-1 s=STATE_CONNECTION_ESTABLISHED l=1).mark_down
2023-08-25T08:34:00.839 INFO:teuthology.orchestra.run.smithi016.stdout:/usr/bin/ceph: stderr
2023-08-25T08:34:00.466+0000 7f6297923700 1 --2- 172.21.15.16:0/466904504 >> [v2:172.21.15.16:6800/2568954276,v1:172.21.15.16:6801/2568954276] conn(0x7f627c038230 0x7f627c03a6f0 secure :-1 s=READY pgs=10 cs=0 l=1 rev1=1 crypto rx=0x7f6284006fd0 tx=0x7f6284006e40 comp rx=0 tx=0).stop
2023-08-25T08:34:00.839 INFO:teuthology.orchestra.run.smithi016.stdout:/usr/bin/ceph: stderr
2023-08-25T08:34:00.466+0000 7f6297923700 1 -- 172.21.15.16:0/466904504 >> [v2:172.21.15.16:3300/0,v1:172.21.15.16:6789/0] conn(0x7f62901065a0 msgr2=0x7f6290104cc0 secure :-1 s=STATE_CONNECTION_ESTABLISHED l=1).mark_down
2023-08-25T08:34:00.839 INFO:teuthology.orchestra.run.smithi016.stdout:/usr/bin/ceph: stderr
2023-08-25T08:34:00.466+0000 7f6297923700 1 --2- 172.21.15.16:0/466904504 >> [v2:172.21.15.16:3300/0,v1:172.21.15.16:6789/0] conn(0x7f62901065a0 0x7f6290104cc0 secure :-1 s=READY pgs=77 cs=0 l=1 rev1=1 crypto rx=0x7f628c003e60 tx=0x7f628c011a30 comp rx=0 tx=0).stop
2023-08-25T08:34:00.839 INFO:teuthology.orchestra.run.smithi016.stdout:/usr/bin/ceph: stderr
2023-08-25T08:34:00.466+0000 7f6297923700 1 -- 172.21.15.16:0/466904504 shutdown_connections
2023-08-25T08:34:00.839 INFO:teuthology.orchestra.run.smithi016.stdout:/usr/bin/ceph: stderr
2023-08-25T08:34:00.466+0000 7f6297923700 1 --2- 172.21.15.16:0/466904504 >> [v2:172.21.15.16:6800/2568954276,v1:172.21.15.16:6801/2568954276] conn(0x7f627c038230 0x7f627c03a6f0 unknown :-1 s=CLOSED pgs=10 cs=0 l=1 rev1=1 crypto rx=0 tx=0 comp rx=0 tx=0).stop
2023-08-25T08:34:00.840 INFO:teuthology.orchestra.run.smithi016.stdout:/usr/bin/ceph: stderr
2023-08-25T08:34:00.466+0000 7f6297923700 1 --2- 172.21.15.16:0/466904504 >> [v2:172.21.15.16:3300/0,v1:172.21.15.16:6789/0] conn(0x7f62901065a0 0x7f6290104cc0 unknown :-1 s=CLOSED pgs=77 cs=0 l=1 rev1=1 crypto rx=0 tx=0 comp rx=0 tx=0).stop
2023-08-25T08:34:00.840 INFO:teuthology.orchestra.run.smithi016.stdout:/usr/bin/ceph: stderr
2023-08-25T08:34:00.466+0000 7f6297923700 1 -- 172.21.15.16:0/466904504 >> 172.21.15.16:0/466904504 conn(0x7f62900ffd20 msgr2=0x7f6290101430 unknown :-1 s=STATE_NONE l=0).mark_down
2023-08-25T08:34:00.840 INFO:teuthology.orchestra.run.smithi016.stdout:/usr/bin/ceph: stderr
2023-08-25T08:34:00.466+0000 7f6297923700 1 -- 172.21.15.16:0/466904504 shutdown_connections
2023-08-25T08:34:00.840 INFO:teuthology.orchestra.run.smithi016.stdout:/usr/bin/ceph: stderr
2023-08-25T08:34:00.466+0000 7f6297923700 1 -- 172.21.15.16:0/466904504 wait complete.
2023-08-25T08:34:01.071 INFO:journalctl@ceph.mon.a.smithi016.stdout:Aug 25 08:34:00 smithi016 ceph-mon[98651]: mgrmap e13: x(active, since 6s)
2023-08-25T08:34:02.380 INFO:teuthology.orchestra.run.smithi016.stdout:/usr/bin/ceph: stderr
2023-08-25T08:34:01.363+0000 7fee00add700 1 Processor -- start
2023-08-25T08:34:02.380 INFO:teuthology.orchestra.run.smithi016.stdout:/usr/bin/ceph: stderr
2023-08-25T08:34:01.363+0000 7fee00add700 1 -- start start
2023-08-25T08:34:02.381 INFO:teuthology.orchestra.run.smithi016.stdout:/usr/bin/ceph: stderr
2023-08-25T08:34:01.363+0000 7fee00add700 1 --2- >> [v2:172.21.15.16:3300/0,v1:172.21.15.16:6789/0] conn(0x7fedfc106bc0 0x7fedfc108fb0 unknown :-1 s=NONE pgs=0 cs=0 l=0 rev1=0 crypto rx=0 tx=0 comp rx=0 tx=0).connect
2023-08-25T08:34:02.381 INFO:teuthology.orchestra.run.smithi016.stdout:/usr/bin/ceph: stderr
2023-08-25T08:34:01.363+0000 7fee00add700 1 -- --> [v2:172.21.15.16:3300/0,v1:172.21.15.16:6789/0] -- mon_getmap magic: 0 v1 -- 0x7fedfc079e50 con 0x7fedfc106bc0
2023-08-25T08:34:02.381 INFO:teuthology.orchestra.run.smithi016.stdout:/usr/bin/ceph: stderr
2023-08-25T08:34:01.363+0000 7fedfa59c700 1 --2- >> [v2:172.21.15.16:3300/0,v1:172.21.15.16:6789/0] conn(0x7fedfc106bc0 0x7fedfc108fb0 unknown :-1 s=BANNER_CONNECTING pgs=0 cs=0 l=0 rev1=0 crypto rx=0 tx=0 comp rx=0 tx=0)._handle_peer_banner_payload supported=3 required=0
2023-08-25T08:34:02.381 INFO:teuthology.orchestra.run.smithi016.stdout:/usr/bin/ceph: stderr
2023-08-25T08:34:01.363+0000 7fedfa59c700 1 --2- >> [v2:172.21.15.16:3300/0,v1:172.21.15.16:6789/0] conn(0x7fedfc106bc0 0x7fedfc108fb0 unknown :-1 s=HELLO_CONNECTING pgs=0 cs=0 l=0 rev1=1 crypto rx=0 tx=0 comp rx=0 tx=0).handle_hello peer v2:172.21.15.16:3300/0 says I am v2:172.21.15.16:43036/0 (socket says 172.21.15.16:43036)
2023-08-25T08:34:02.381 INFO:teuthology.orchestra.run.smithi016.stdout:/usr/bin/ceph: stderr
2023-08-25T08:34:01.363+0000 7fedfa59c700 1 -- 172.21.15.16:0/4033055997 learned_addr learned my addr 172.21.15.16:0/4033055997 (peer_addr_for_me v2:172.21.15.16:0/0)
2023-08-25T08:34:02.381 INFO:teuthology.orchestra.run.smithi016.stdout:/usr/bin/ceph: stderr
2023-08-25T08:34:01.364+0000 7fedfa59c700 1 -- 172.21.15.16:0/4033055997 --> [v2:172.21.15.16:3300/0,v1:172.21.15.16:6789/0] -- mon_subscribe({config=0+,monmap=0+}) v3 -- 0x7fedfc1094f0 con 0x7fedfc106bc0
2023-08-25T08:34:02.382 INFO:teuthology.orchestra.run.smithi016.stdout:/usr/bin/ceph: stderr
2023-08-25T08:34:01.364+0000 7fedfa59c700 1 --2- 172.21.15.16:0/4033055997 >> [v2:172.21.15.16:3300/0,v1:172.21.15.16:6789/0] conn(0x7fedfc106bc0 0x7fedfc108fb0 secure :-1 s=READY pgs=78 cs=0 l=1 rev1=1 crypto rx=0x7fedec0098a0 tx=0x7fedec009bb0 comp rx=0 tx=0).ready entity=mon.0 client_cookie=99102c8085750731 server_cookie=0 in_seq=0 out_seq=0
2023-08-25T08:34:02.382 INFO:teuthology.orchestra.run.smithi016.stdout:/usr/bin/ceph: stderr
2023-08-25T08:34:01.364+0000 7fedf959a700 1 -- 172.21.15.16:0/4033055997 <== mon.0 v2:172.21.15.16:3300/0 1 ==== mon_map magic: 0 v1 ==== 205+0+0 (secure 0 0 0) 0x7fedec004160 con 0x7fedfc106bc0
2023-08-25T08:34:02.382 INFO:teuthology.orchestra.run.smithi016.stdout:/usr/bin/ceph: stderr
2023-08-25T08:34:01.364+0000 7fedf959a700 1 -- 172.21.15.16:0/4033055997 <== mon.0 v2:172.21.15.16:3300/0 2 ==== config(26 keys) v1 ==== 1105+0+0 (secure 0 0 0) 0x7fedec0042c0 con 0x7fedfc106bc0
2023-08-25T08:34:02.382 INFO:teuthology.orchestra.run.smithi016.stdout:/usr/bin/ceph: stderr
2023-08-25T08:34:01.364+0000 7fedf959a700 1 -- 172.21.15.16:0/4033055997 <== mon.0 v2:172.21.15.16:3300/0 3 ==== mon_map magic: 0 v1 ==== 205+0+0 (secure 0 0 0) 0x7fedec0119b0 con 0x7fedfc106bc0
2023-08-25T08:34:02.382 INFO:teuthology.orchestra.run.smithi016.stdout:/usr/bin/ceph: stderr
2023-08-25T08:34:01.365+0000 7fee00add700 1 -- 172.21.15.16:0/4033055997 >> [v2:172.21.15.16:3300/0,v1:172.21.15.16:6789/0] conn(0x7fedfc106bc0 msgr2=0x7fedfc108fb0 secure :-1 s=STATE_CONNECTION_ESTABLISHED l=1).mark_down
2023-08-25T08:34:02.382 INFO:teuthology.orchestra.run.smithi016.stdout:/usr/bin/ceph: stderr
2023-08-25T08:34:01.365+0000 7fee00add700 1 --2- 172.21.15.16:0/4033055997 >> [v2:172.21.15.16:3300/0,v1:172.21.15.16:6789/0] conn(0x7fedfc106bc0 0x7fedfc108fb0 secure :-1 s=READY pgs=78 cs=0 l=1 rev1=1 crypto rx=0x7fedec0098a0 tx=0x7fedec009bb0 comp rx=0 tx=0).stop
2023-08-25T08:34:02.382 INFO:teuthology.orchestra.run.smithi016.stdout:/usr/bin/ceph: stderr
2023-08-25T08:34:01.365+0000 7fee00add700 1 -- 172.21.15.16:0/4033055997 shutdown_connections
2023-08-25T08:34:02.383 INFO:teuthology.orchestra.run.smithi016.stdout:/usr/bin/ceph: stderr
2023-08-25T08:34:01.365+0000 7fee00add700 1 --2- 172.21.15.16:0/4033055997 >> [v2:172.21.15.16:3300/0,v1:172.21.15.16:6789/0] conn(0x7fedfc106bc0 0x7fedfc108fb0 unknown :-1 s=CLOSED pgs=78 cs=0 l=1 rev1=1 crypto rx=0 tx=0 comp rx=0 tx=0).stop
2023-08-25T08:34:02.383 INFO:teuthology.orchestra.run.smithi016.stdout:/usr/bin/ceph: stderr
2023-08-25T08:34:01.365+0000 7fee00add700 1 -- 172.21.15.16:0/4033055997 >> 172.21.15.16:0/4033055997 conn(0x7fedfc100590 msgr2=0x7fedfc1029b0 unknown :-1 s=STATE_NONE l=0).mark_down
2023-08-25T08:34:02.383 INFO:teuthology.orchestra.run.smithi016.stdout:/usr/bin/ceph: stderr
2023-08-25T08:34:01.365+0000 7fee00add700 1 -- 172.21.15.16:0/4033055997 shutdown_connections
2023-08-25T08:34:02.383 INFO:teuthology.orchestra.run.smithi016.stdout:/usr/bin/ceph: stderr
2023-08-25T08:34:01.365+0000 7fee00add700 1 -- 172.21.15.16:0/4033055997 wait complete.
2023-08-25T08:34:02.383 INFO:teuthology.orchestra.run.smithi016.stdout:/usr/bin/ceph: stderr
2023-08-25T08:34:01.366+0000 7fee00add700 1 Processor -- start
2023-08-25T08:34:02.383 INFO:teuthology.orchestra.run.smithi016.stdout:/usr/bin/ceph: stderr
2023-08-25T08:34:01.366+0000 7fee00add700 1 -- start start
2023-08-25T08:34:02.384 INFO:teuthology.orchestra.run.smithi016.stdout:/usr/bin/ceph: stderr
2023-08-25T08:34:01.366+0000 7fee00add700 1 --2- >> [v2:172.21.15.16:3300/0,v1:172.21.15.16:6789/0] conn(0x7fedfc106bc0 0x7fedfc106520 unknown :-1 s=NONE pgs=0 cs=0 l=1 rev1=0 crypto rx=0 tx=0 comp rx=0 tx=0).connect
2023-08-25T08:34:02.384 INFO:teuthology.orchestra.run.smithi016.stdout:/usr/bin/ceph: stderr
2023-08-25T08:34:01.366+0000 7fee00add700 1 -- --> [v2:172.21.15.16:3300/0,v1:172.21.15.16:6789/0] -- mon_getmap magic: 0 v1 -- 0x7fedfc106a60 con 0x7fedfc106bc0
2023-08-25T08:34:02.384 INFO:teuthology.orchestra.run.smithi016.stdout:/usr/bin/ceph: stderr
2023-08-25T08:34:01.366+0000 7fedfa59c700 1 --2- >> [v2:172.21.15.16:3300/0,v1:172.21.15.16:6789/0] conn(0x7fedfc106bc0 0x7fedfc106520 unknown :-1 s=BANNER_CONNECTING pgs=0 cs=0 l=1 rev1=0 crypto rx=0 tx=0 comp rx=0 tx=0)._handle_peer_banner_payload supported=3 required=0
2023-08-25T08:34:02.384 INFO:teuthology.orchestra.run.smithi016.stdout:/usr/bin/ceph: stderr
2023-08-25T08:34:01.366+0000 7fedfa59c700 1 --2- >> [v2:172.21.15.16:3300/0,v1:172.21.15.16:6789/0] conn(0x7fedfc106bc0 0x7fedfc106520 unknown :-1 s=HELLO_CONNECTING pgs=0 cs=0 l=1 rev1=1 crypto rx=0 tx=0 comp rx=0 tx=0).handle_hello peer v2:172.21.15.16:3300/0 says I am v2:172.21.15.16:43038/0 (socket says 172.21.15.16:43038)
2023-08-25T08:34:02.384 INFO:teuthology.orchestra.run.smithi016.stdout:/usr/bin/ceph: stderr
2023-08-25T08:34:01.366+0000 7fedfa59c700 1 -- 172.21.15.16:0/1572253135 learned_addr learned my addr 172.21.15.16:0/1572253135 (peer_addr_for_me v2:172.21.15.16:0/0)
2023-08-25T08:34:02.384 INFO:teuthology.orchestra.run.smithi016.stdout:/usr/bin/ceph: stderr
2023-08-25T08:34:01.367+0000 7fedfa59c700 1 -- 172.21.15.16:0/1572253135 --> [v2:172.21.15.16:3300/0,v1:172.21.15.16:6789/0] -- mon_subscribe({config=0+,monmap=0+}) v3 -- 0x7fedec009550 con 0x7fedfc106bc0
2023-08-25T08:34:02.385 INFO:teuthology.orchestra.run.smithi016.stdout:/usr/bin/ceph: stderr
2023-08-25T08:34:01.367+0000 7fedfa59c700 1 --2- 172.21.15.16:0/1572253135 >> [v2:172.21.15.16:3300/0,v1:172.21.15.16:6789/0] conn(0x7fedfc106bc0 0x7fedfc106520 secure :-1 s=READY pgs=79 cs=0 l=1 rev1=1 crypto rx=0x7fedec003f00 tx=0x7fedec011a30 comp rx=0 tx=0).ready entity=mon.0 client_cookie=0 server_cookie=0 in_seq=0 out_seq=0
2023-08-25T08:34:02.385 INFO:teuthology.orchestra.run.smithi016.stdout:/usr/bin/ceph: stderr
2023-08-25T08:34:01.367+0000 7fedeb7fe700 1 -- 172.21.15.16:0/1572253135 <== mon.0 v2:172.21.15.16:3300/0 1 ==== mon_map magic: 0 v1 ==== 205+0+0 (secure 0 0 0) 0x7fedec003b20 con 0x7fedfc106bc0
2023-08-25T08:34:02.385 INFO:teuthology.orchestra.run.smithi016.stdout:/usr/bin/ceph: stderr
2023-08-25T08:34:01.367+0000 7fedeb7fe700 1 -- 172.21.15.16:0/1572253135 <== mon.0 v2:172.21.15.16:3300/0 2 ==== config(26 keys) v1 ==== 1105+0+0 (secure 0 0 0) 0x7fedec003c80 con 0x7fedfc106bc0
2023-08-25T08:34:02.385 INFO:teuthology.orchestra.run.smithi016.stdout:/usr/bin/ceph: stderr
2023-08-25T08:34:01.367+0000 7fee00add700 1 -- 172.21.15.16:0/1572253135 --> [v2:172.21.15.16:3300/0,v1:172.21.15.16:6789/0] -- mon_subscribe({mgrmap=0+}) v3 -- 0x7fedfc104b70 con 0x7fedfc106bc0
2023-08-25T08:34:02.386 INFO:teuthology.orchestra.run.smithi016.stdout:/usr/bin/ceph: stderr
2023-08-25T08:34:01.367+0000 7fedeb7fe700 1 -- 172.21.15.16:0/1572253135 <== mon.0 v2:172.21.15.16:3300/0 3 ==== mon_map magic: 0 v1 ==== 205+0+0 (secure 0 0 0) 0x7fedec019770 con 0x7fedfc106bc0
2023-08-25T08:34:02.386 INFO:teuthology.orchestra.run.smithi016.stdout:/usr/bin/ceph: stderr
2023-08-25T08:34:01.367+0000 7fee00add700 1 -- 172.21.15.16:0/1572253135 --> [v2:172.21.15.16:3300/0,v1:172.21.15.16:6789/0] -- mon_subscribe({osdmap=0}) v3 -- 0x7fedfc104f90 con 0x7fedfc106bc0
2023-08-25T08:34:02.386 INFO:teuthology.orchestra.run.smithi016.stdout:/usr/bin/ceph: stderr
2023-08-25T08:34:01.368+0000 7fedeb7fe700 1 -- 172.21.15.16:0/1572253135 <== mon.0 v2:172.21.15.16:3300/0 4 ==== mgrmap(e 13) v1 ==== 45191+0+0 (secure 0 0 0) 0x7fedec019a30 con 0x7fedfc106bc0
2023-08-25T08:34:02.387 INFO:teuthology.orchestra.run.smithi016.stdout:/usr/bin/ceph: stderr
2023-08-25T08:34:01.368+0000 7fedeb7fe700 1 --2- 172.21.15.16:0/1572253135 >> [v2:172.21.15.16:6800/2568954276,v1:172.21.15.16:6801/2568954276] conn(0x7fede4038200 0x7fede403a6c0 unknown :-1 s=NONE pgs=0 cs=0 l=1 rev1=0 crypto rx=0 tx=0 comp rx=0 tx=0).connect
2023-08-25T08:34:02.387 INFO:teuthology.orchestra.run.smithi016.stdout:/usr/bin/ceph: stderr
2023-08-25T08:34:01.368+0000 7fedeb7fe700 1 -- 172.21.15.16:0/1572253135 <== mon.0 v2:172.21.15.16:3300/0 5 ==== osd_map(3..3 src has 1..3) v4 ==== 1155+0+0 (secure 0 0 0) 0x7fedec04c6e0 con 0x7fedfc106bc0
2023-08-25T08:34:02.387 INFO:teuthology.orchestra.run.smithi016.stdout:/usr/bin/ceph: stderr
2023-08-25T08:34:01.368+0000 7fee00add700 1 -- 172.21.15.16:0/1572253135 --> [v2:172.21.15.16:3300/0,v1:172.21.15.16:6789/0] -- mon_command({"prefix": "get_command_descriptions"} v 0) v1 -- 0x7fedfc10a280 con 0x7fedfc106bc0
2023-08-25T08:34:02.387 INFO:teuthology.orchestra.run.smithi016.stdout:/usr/bin/ceph: stderr
2023-08-25T08:34:01.368+0000 7fedf9d9b700 1 --2- 172.21.15.16:0/1572253135 >> [v2:172.21.15.16:6800/2568954276,v1:172.21.15.16:6801/2568954276] conn(0x7fede4038200 0x7fede403a6c0 unknown :-1 s=BANNER_CONNECTING pgs=0 cs=0 l=1 rev1=0 crypto rx=0 tx=0 comp rx=0 tx=0)._handle_peer_banner_payload supported=3 required=0
2023-08-25T08:34:02.388 INFO:teuthology.orchestra.run.smithi016.stdout:/usr/bin/ceph: stderr
2023-08-25T08:34:01.369+0000 7fedf9d9b700 1 --2- 172.21.15.16:0/1572253135 >> [v2:172.21.15.16:6800/2568954276,v1:172.21.15.16:6801/2568954276] conn(0x7fede4038200 0x7fede403a6c0 secure :-1 s=READY pgs=11 cs=0 l=1 rev1=1 crypto rx=0x7fedf0006fd0 tx=0x7fedf0006e40 comp rx=0 tx=0).ready entity=mgr.14152 client_cookie=0 server_cookie=0 in_seq=0 out_seq=0
2023-08-25T08:34:02.388 INFO:teuthology.orchestra.run.smithi016.stdout:/usr/bin/ceph: stderr
2023-08-25T08:34:01.373+0000 7fedeb7fe700 1 -- 172.21.15.16:0/1572253135 <== mon.0 v2:172.21.15.16:3300/0 6 ==== mon_command_ack([{"prefix": "get_command_descriptions"}]=0 v0) v1 ==== 72+0+179682 (secure 0 0 0) 0x7fedec018c10 con 0x7fedfc106bc0
2023-08-25T08:34:02.388 INFO:teuthology.orchestra.run.smithi016.stdout:/usr/bin/ceph: stderr
2023-08-25T08:34:01.944+0000 7fee00add700 1 -- 172.21.15.16:0/1572253135 --> [v2:172.21.15.16:3300/0,v1:172.21.15.16:6789/0] -- mon_command([{prefix=config-key set, key=mgr/dashboard/cluster/status}] v 0) v1 -- 0x7fedfc10a470 con 0x7fedfc106bc0
2023-08-25T08:34:02.389 INFO:teuthology.orchestra.run.smithi016.stdout:/usr/bin/ceph: stderr
2023-08-25T08:34:01.946+0000 7fedeb7fe700 1 -- 172.21.15.16:0/1572253135 <== mon.0 v2:172.21.15.16:3300/0 7 ==== mon_command_ack([{prefix=config-key set, key=mgr/dashboard/cluster/status}]=0 set mgr/dashboard/cluster/status v28)=0 set mgr/dashboard/cluster/status v28) v1 ==== 153+0+0 (secure 0 0 0) 0x7fedec018800 con 0x7fedfc106bc0
2023-08-25T08:34:02.389 INFO:teuthology.orchestra.run.smithi016.stdout:/usr/bin/ceph: stderr
2023-08-25T08:34:01.949+0000 7fee00add700 1 -- 172.21.15.16:0/1572253135 >> [v2:172.21.15.16:6800/2568954276,v1:172.21.15.16:6801/2568954276] conn(0x7fede4038200 msgr2=0x7fede403a6c0 secure :-1 s=STATE_CONNECTION_ESTABLISHED l=1).mark_down
2023-08-25T08:34:02.389 INFO:teuthology.orchestra.run.smithi016.stdout:/usr/bin/ceph: stderr
2023-08-25T08:34:01.949+0000 7fee00add700 1 --2- 172.21.15.16:0/1572253135 >> [v2:172.21.15.16:6800/2568954276,v1:172.21.15.16:6801/2568954276] conn(0x7fede4038200 0x7fede403a6c0 secure :-1 s=READY pgs=11 cs=0 l=1 rev1=1 crypto rx=0x7fedf0006fd0 tx=0x7fedf0006e40 comp rx=0 tx=0).stop
2023-08-25T08:34:02.390 INFO:teuthology.orchestra.run.smithi016.stdout:/usr/bin/ceph: stderr
2023-08-25T08:34:01.949+0000 7fee00add700 1 -- 172.21.15.16:0/1572253135 >> [v2:172.21.15.16:3300/0,v1:172.21.15.16:6789/0] conn(0x7fedfc106bc0 msgr2=0x7fedfc106520 secure :-1 s=STATE_CONNECTION_ESTABLISHED l=1).mark_down
2023-08-25T08:34:02.390 INFO:teuthology.orchestra.run.smithi016.stdout:/usr/bin/ceph: stderr
2023-08-25T08:34:01.949+0000 7fee00add700 1 --2- 172.21.15.16:0/1572253135 >> [v2:172.21.15.16:3300/0,v1:172.21.15.16:6789/0] conn(0x7fedfc106bc0 0x7fedfc106520 secure :-1 s=READY pgs=79 cs=0 l=1 rev1=1 crypto rx=0x7fedec003f00 tx=0x7fedec011a30 comp rx=0 tx=0).stop
2023-08-25T08:34:02.390 INFO:teuthology.orchestra.run.smithi016.stdout:/usr/bin/ceph: stderr
2023-08-25T08:34:01.949+0000 7fee00add700 1 -- 172.21.15.16:0/1572253135 shutdown_connections
2023-08-25T08:34:02.390 INFO:teuthology.orchestra.run.smithi016.stdout:/usr/bin/ceph: stderr
2023-08-25T08:34:01.949+0000 7fee00add700 1 --2- 172.21.15.16:0/1572253135 >> [v2:172.21.15.16:6800/2568954276,v1:172.21.15.16:6801/2568954276] conn(0x7fede4038200 0x7fede403a6c0 unknown :-1 s=CLOSED pgs=11 cs=0 l=1 rev1=1 crypto rx=0 tx=0 comp rx=0 tx=0).stop
2023-08-25T08:34:02.391 INFO:teuthology.orchestra.run.smithi016.stdout:/usr/bin/ceph: stderr
2023-08-25T08:34:01.949+0000 7fee00add700 1 --2- 172.21.15.16:0/1572253135 >> [v2:172.21.15.16:3300/0,v1:172.21.15.16:6789/0] conn(0x7fedfc106bc0 0x7fedfc106520 unknown :-1 s=CLOSED pgs=79 cs=0 l=1 rev1=1 crypto rx=0 tx=0 comp rx=0 tx=0).stop
2023-08-25T08:34:02.391 INFO:teuthology.orchestra.run.smithi016.stdout:/usr/bin/ceph: stderr
2023-08-25T08:34:01.949+0000 7fee00add700 1 -- 172.21.15.16:0/1572253135 >> 172.21.15.16:0/1572253135 conn(0x7fedfc100590 msgr2=0x7fedfc101c30 unknown :-1 s=STATE_NONE l=0).mark_down
2023-08-25T08:34:02.391 INFO:teuthology.orchestra.run.smithi016.stdout:/usr/bin/ceph: stderr
2023-08-25T08:34:01.949+0000 7fee00add700 1 -- 172.21.15.16:0/1572253135 shutdown_connections
2023-08-25T08:34:02.392 INFO:teuthology.orchestra.run.smithi016.stdout:/usr/bin/ceph: stderr
2023-08-25T08:34:01.949+0000 7fee00add700 1 -- 172.21.15.16:0/1572253135 wait complete.
2023-08-25T08:34:02.392 INFO:teuthology.orchestra.run.smithi016.stdout:/usr/bin/ceph: stderr set mgr/dashboard/cluster/status
2023-08-25T08:34:02.392 INFO:teuthology.orchestra.run.smithi016.stdout:You can access the Ceph CLI as following in case of multi-cluster or non-default config:
2023-08-25T08:34:02.393 INFO:teuthology.orchestra.run.smithi016.stdout:
2023-08-25T08:34:02.393 INFO:teuthology.orchestra.run.smithi016.stdout: sudo /home/ubuntu/cephtest/cephadm shell --fsid dc90e1ca-4321-11ee-9b3d-001a4aab830c -c /etc/ceph/ceph.conf -k /etc/ceph/ceph.client.admin.keyring
2023-08-25T08:34:02.393 INFO:teuthology.orchestra.run.smithi016.stdout:
2023-08-25T08:34:02.394 INFO:teuthology.orchestra.run.smithi016.stdout:Or, if you are only running a single cluster on this host:
2023-08-25T08:34:02.394 INFO:teuthology.orchestra.run.smithi016.stdout:
2023-08-25T08:34:02.394 INFO:teuthology.orchestra.run.smithi016.stdout: sudo /home/ubuntu/cephtest/cephadm shell
2023-08-25T08:34:02.395 INFO:teuthology.orchestra.run.smithi016.stdout:
2023-08-25T08:34:02.395 INFO:teuthology.orchestra.run.smithi016.stdout:Please consider enabling telemetry to help improve Ceph:
2023-08-25T08:34:02.395 INFO:teuthology.orchestra.run.smithi016.stdout:
2023-08-25T08:34:02.395 INFO:teuthology.orchestra.run.smithi016.stdout: ceph telemetry on
2023-08-25T08:34:02.396 INFO:teuthology.orchestra.run.smithi016.stdout:
2023-08-25T08:34:02.396 INFO:teuthology.orchestra.run.smithi016.stdout:For more information see:
2023-08-25T08:34:02.396 INFO:teuthology.orchestra.run.smithi016.stdout:
2023-08-25T08:34:02.396 INFO:teuthology.orchestra.run.smithi016.stdout: https://docs.ceph.com/en/latest/mgr/telemetry/
2023-08-25T08:34:02.397 INFO:teuthology.orchestra.run.smithi016.stdout:
2023-08-25T08:34:02.397 INFO:teuthology.orchestra.run.smithi016.stdout:Bootstrap complete.
2023-08-25T08:34:02.417 INFO:tasks.cephadm:Fetching config...
2023-08-25T08:34:02.417 DEBUG:teuthology.orchestra.run.smithi016:> set -ex
2023-08-25T08:34:02.418 DEBUG:teuthology.orchestra.run.smithi016:> dd if=/etc/ceph/ceph.conf of=/dev/stdout
2023-08-25T08:34:02.435 INFO:tasks.cephadm:Fetching client.admin keyring...
2023-08-25T08:34:02.436 DEBUG:teuthology.orchestra.run.smithi016:> set -ex
2023-08-25T08:34:02.436 DEBUG:teuthology.orchestra.run.smithi016:> dd if=/etc/ceph/ceph.client.admin.keyring of=/dev/stdout
2023-08-25T08:34:02.495 INFO:tasks.cephadm:Fetching mon keyring...
2023-08-25T08:34:02.495 DEBUG:teuthology.orchestra.run.smithi016:> set -ex
2023-08-25T08:34:02.495 DEBUG:teuthology.orchestra.run.smithi016:> sudo dd if=/var/lib/ceph/dc90e1ca-4321-11ee-9b3d-001a4aab830c/mon.a/keyring of=/dev/stdout
2023-08-25T08:34:02.562 INFO:tasks.cephadm:Fetching pub ssh key...
2023-08-25T08:34:02.563 DEBUG:teuthology.orchestra.run.smithi016:> set -ex
2023-08-25T08:34:02.563 DEBUG:teuthology.orchestra.run.smithi016:> dd if=/home/ubuntu/cephtest/ceph.pub of=/dev/stdout
2023-08-25T08:34:02.620 INFO:tasks.cephadm:Installing pub ssh key for root users...
2023-08-25T08:34:02.621 DEBUG:teuthology.orchestra.run.smithi016:> sudo install -d -m 0700 /root/.ssh && echo 'ssh-rsa AAAAB3NzaC1yc2EAAAADAQABAAABgQDLRhC+w2zRHTLhdh3xYg35hosO2MTNwJ/TIEd0K9wi0hnGMC9zhWtAJ8Ill7gIJG2EtUZ6o5Y/bvbdCd0LpL/DaU2ZD9gv9xh2oIrBl5zfgFsDBVoNFdFZ2NzWEEcCZ1d95yU4YZFfLrItralZGcsicCoIs23K/ObKaYlw8y/2zJffF1SWq2/WZEMRS8nphu6Y6LTj/fAhP8RJiSUUtv7CfDvArh2zmFQV5qEp41bCrDEknT9l3awqSZP9NJs2Hu9eEnsMHfI/+Exi8eSWFHw80zGAgs0s/2/a1pausBmxyKFyQqHjdAvk2iZWVoPKLxhcWqNVf+TrybEMBgxJMIIJWa61WvJaPr08oqDWZ7El2V1hqYCSS2M5+C2eya2LIfNnS0IRV9JW7lgy10nxvjGbk3Dhsd0sM0fZllEW+/Y7ikYQy97P2qivG1AbIKMBNLIfp1f8tRG8uHnQ7JWUWDh9Ti+qYr5W4M1IT8kmL2jQ/PzwD4tIoZQS7/LCu+OV2zc= ceph-dc90e1ca-4321-11ee-9b3d-001a4aab830c' | sudo tee -a /root/.ssh/authorized_keys && sudo chmod 0600 /root/.ssh/authorized_keys
2023-08-25T08:34:02.699 INFO:teuthology.orchestra.run.smithi016.stdout:ssh-rsa AAAAB3NzaC1yc2EAAAADAQABAAABgQDLRhC+w2zRHTLhdh3xYg35hosO2MTNwJ/TIEd0K9wi0hnGMC9zhWtAJ8Ill7gIJG2EtUZ6o5Y/bvbdCd0LpL/DaU2ZD9gv9xh2oIrBl5zfgFsDBVoNFdFZ2NzWEEcCZ1d95yU4YZFfLrItralZGcsicCoIs23K/ObKaYlw8y/2zJffF1SWq2/WZEMRS8nphu6Y6LTj/fAhP8RJiSUUtv7CfDvArh2zmFQV5qEp41bCrDEknT9l3awqSZP9NJs2Hu9eEnsMHfI/+Exi8eSWFHw80zGAgs0s/2/a1pausBmxyKFyQqHjdAvk2iZWVoPKLxhcWqNVf+TrybEMBgxJMIIJWa61WvJaPr08oqDWZ7El2V1hqYCSS2M5+C2eya2LIfNnS0IRV9JW7lgy10nxvjGbk3Dhsd0sM0fZllEW+/Y7ikYQy97P2qivG1AbIKMBNLIfp1f8tRG8uHnQ7JWUWDh9Ti+qYr5W4M1IT8kmL2jQ/PzwD4tIoZQS7/LCu+OV2zc= ceph-dc90e1ca-4321-11ee-9b3d-001a4aab830c
2023-08-25T08:34:02.711 DEBUG:teuthology.orchestra.run.smithi029:> sudo install -d -m 0700 /root/.ssh && echo 'ssh-rsa AAAAB3NzaC1yc2EAAAADAQABAAABgQDLRhC+w2zRHTLhdh3xYg35hosO2MTNwJ/TIEd0K9wi0hnGMC9zhWtAJ8Ill7gIJG2EtUZ6o5Y/bvbdCd0LpL/DaU2ZD9gv9xh2oIrBl5zfgFsDBVoNFdFZ2NzWEEcCZ1d95yU4YZFfLrItralZGcsicCoIs23K/ObKaYlw8y/2zJffF1SWq2/WZEMRS8nphu6Y6LTj/fAhP8RJiSUUtv7CfDvArh2zmFQV5qEp41bCrDEknT9l3awqSZP9NJs2Hu9eEnsMHfI/+Exi8eSWFHw80zGAgs0s/2/a1pausBmxyKFyQqHjdAvk2iZWVoPKLxhcWqNVf+TrybEMBgxJMIIJWa61WvJaPr08oqDWZ7El2V1hqYCSS2M5+C2eya2LIfNnS0IRV9JW7lgy10nxvjGbk3Dhsd0sM0fZllEW+/Y7ikYQy97P2qivG1AbIKMBNLIfp1f8tRG8uHnQ7JWUWDh9Ti+qYr5W4M1IT8kmL2jQ/PzwD4tIoZQS7/LCu+OV2zc= ceph-dc90e1ca-4321-11ee-9b3d-001a4aab830c' | sudo tee -a /root/.ssh/authorized_keys && sudo chmod 0600 /root/.ssh/authorized_keys
2023-08-25T08:34:02.759 INFO:teuthology.orchestra.run.smithi029.stdout:ssh-rsa AAAAB3NzaC1yc2EAAAADAQABAAABgQDLRhC+w2zRHTLhdh3xYg35hosO2MTNwJ/TIEd0K9wi0hnGMC9zhWtAJ8Ill7gIJG2EtUZ6o5Y/bvbdCd0LpL/DaU2ZD9gv9xh2oIrBl5zfgFsDBVoNFdFZ2NzWEEcCZ1d95yU4YZFfLrItralZGcsicCoIs23K/ObKaYlw8y/2zJffF1SWq2/WZEMRS8nphu6Y6LTj/fAhP8RJiSUUtv7CfDvArh2zmFQV5qEp41bCrDEknT9l3awqSZP9NJs2Hu9eEnsMHfI/+Exi8eSWFHw80zGAgs0s/2/a1pausBmxyKFyQqHjdAvk2iZWVoPKLxhcWqNVf+TrybEMBgxJMIIJWa61WvJaPr08oqDWZ7El2V1hqYCSS2M5+C2eya2LIfNnS0IRV9JW7lgy10nxvjGbk3Dhsd0sM0fZllEW+/Y7ikYQy97P2qivG1AbIKMBNLIfp1f8tRG8uHnQ7JWUWDh9Ti+qYr5W4M1IT8kmL2jQ/PzwD4tIoZQS7/LCu+OV2zc= ceph-dc90e1ca-4321-11ee-9b3d-001a4aab830c
2023-08-25T08:34:02.772 DEBUG:teuthology.orchestra.run.smithi186:> sudo install -d -m 0700 /root/.ssh && echo 'ssh-rsa AAAAB3NzaC1yc2EAAAADAQABAAABgQDLRhC+w2zRHTLhdh3xYg35hosO2MTNwJ/TIEd0K9wi0hnGMC9zhWtAJ8Ill7gIJG2EtUZ6o5Y/bvbdCd0LpL/DaU2ZD9gv9xh2oIrBl5zfgFsDBVoNFdFZ2NzWEEcCZ1d95yU4YZFfLrItralZGcsicCoIs23K/ObKaYlw8y/2zJffF1SWq2/WZEMRS8nphu6Y6LTj/fAhP8RJiSUUtv7CfDvArh2zmFQV5qEp41bCrDEknT9l3awqSZP9NJs2Hu9eEnsMHfI/+Exi8eSWFHw80zGAgs0s/2/a1pausBmxyKFyQqHjdAvk2iZWVoPKLxhcWqNVf+TrybEMBgxJMIIJWa61WvJaPr08oqDWZ7El2V1hqYCSS2M5+C2eya2LIfNnS0IRV9JW7lgy10nxvjGbk3Dhsd0sM0fZllEW+/Y7ikYQy97P2qivG1AbIKMBNLIfp1f8tRG8uHnQ7JWUWDh9Ti+qYr5W4M1IT8kmL2jQ/PzwD4tIoZQS7/LCu+OV2zc= ceph-dc90e1ca-4321-11ee-9b3d-001a4aab830c' | sudo tee -a /root/.ssh/authorized_keys && sudo chmod 0600 /root/.ssh/authorized_keys
2023-08-25T08:34:02.821 INFO:teuthology.orchestra.run.smithi186.stdout:ssh-rsa AAAAB3NzaC1yc2EAAAADAQABAAABgQDLRhC+w2zRHTLhdh3xYg35hosO2MTNwJ/TIEd0K9wi0hnGMC9zhWtAJ8Ill7gIJG2EtUZ6o5Y/bvbdCd0LpL/DaU2ZD9gv9xh2oIrBl5zfgFsDBVoNFdFZ2NzWEEcCZ1d95yU4YZFfLrItralZGcsicCoIs23K/ObKaYlw8y/2zJffF1SWq2/WZEMRS8nphu6Y6LTj/fAhP8RJiSUUtv7CfDvArh2zmFQV5qEp41bCrDEknT9l3awqSZP9NJs2Hu9eEnsMHfI/+Exi8eSWFHw80zGAgs0s/2/a1pausBmxyKFyQqHjdAvk2iZWVoPKLxhcWqNVf+TrybEMBgxJMIIJWa61WvJaPr08oqDWZ7El2V1hqYCSS2M5+C2eya2LIfNnS0IRV9JW7lgy10nxvjGbk3Dhsd0sM0fZllEW+/Y7ikYQy97P2qivG1AbIKMBNLIfp1f8tRG8uHnQ7JWUWDh9Ti+qYr5W4M1IT8kmL2jQ/PzwD4tIoZQS7/LCu+OV2zc= ceph-dc90e1ca-4321-11ee-9b3d-001a4aab830c
2023-08-25T08:34:02.834 DEBUG:teuthology.orchestra.run.smithi016:> sudo /home/ubuntu/cephtest/cephadm --image quay-quay-quay.apps.os.sepia.ceph.com/ceph-ci/ceph:ba6b39e4f4f77fb95c747099b53db0467d435f56 shell -c /etc/ceph/ceph.conf -k /etc/ceph/ceph.client.admin.keyring --fsid dc90e1ca-4321-11ee-9b3d-001a4aab830c -- ceph config set mgr mgr/cephadm/allow_ptrace true
2023-08-25T08:34:03.248 INFO:journalctl@ceph.mon.a.smithi016.stdout:Aug 25 08:34:02 smithi016 ceph-mon[98651]: from='client.? 172.21.15.16:0/1572253135' entity='client.admin'
2023-08-25T08:34:03.399 INFO:teuthology.orchestra.run.smithi016.stderr:Inferring config /var/lib/ceph/dc90e1ca-4321-11ee-9b3d-001a4aab830c/mon.a/config
