2023-08-25T08:33:28.756+0000 7fa78f7fe700 1 --2- >> [v2:172.21.15.16:3300/0,v1:172.21.15.16:6789/0] conn(0x7fa790106b60 0x7fa7901064c0 unknown :-1 s=HELLO_CONNECTING pgs=0 cs=0 l=1 rev1=1 crypto rx=0 tx=0 comp rx=0 tx=0).handle_hello peer v2:172.21.15.16:3300/0 says I am v2:172.21.15.16:42844/0 (socket says 172.21.15.16:42844)
2023-08-25T08:33:29.577 INFO:teuthology.orchestra.run.smithi016.stdout:/usr/bin/ceph: stderr
2023-08-25T08:33:28.756+0000 7fa78f7fe700 1 -- 172.21.15.16:0/1238725956 learned_addr learned my addr 172.21.15.16:0/1238725956 (peer_addr_for_me v2:172.21.15.16:0/0)
2023-08-25T08:33:29.577 INFO:teuthology.orchestra.run.smithi016.stdout:/usr/bin/ceph: stderr
2023-08-25T08:33:28.756+0000 7fa78f7fe700 1 -- 172.21.15.16:0/1238725956 --> [v2:172.21.15.16:3300/0,v1:172.21.15.16:6789/0] -- mon_subscribe({config=0+,monmap=0+}) v3 -- 0x7fa780009550 con 0x7fa790106b60
2023-08-25T08:33:29.578 INFO:teuthology.orchestra.run.smithi016.stdout:/usr/bin/ceph: stderr
2023-08-25T08:33:28.756+0000 7fa78f7fe700 1 --2- 172.21.15.16:0/1238725956 >> [v2:172.21.15.16:3300/0,v1:172.21.15.16:6789/0] conn(0x7fa790106b60 0x7fa7901064c0 secure :-1 s=READY pgs=38 cs=0 l=1 rev1=1 crypto rx=0x7fa780009fb0 tx=0x7fa780011ad0 comp rx=0 tx=0).ready entity=mon.0 client_cookie=0 server_cookie=0 in_seq=0 out_seq=0
2023-08-25T08:33:29.578 INFO:teuthology.orchestra.run.smithi016.stdout:/usr/bin/ceph: stderr
2023-08-25T08:33:28.756+0000 7fa78cff9700 1 -- 172.21.15.16:0/1238725956 <== mon.0 v2:172.21.15.16:3300/0 1 ==== mon_map magic: 0 v1 ==== 205+0+0 (secure 0 0 0) 0x7fa780003a40 con 0x7fa790106b60
2023-08-25T08:33:29.578 INFO:teuthology.orchestra.run.smithi016.stdout:/usr/bin/ceph: stderr
2023-08-25T08:33:28.756+0000 7fa78cff9700 1 -- 172.21.15.16:0/1238725956 <== mon.0 v2:172.21.15.16:3300/0 2 ==== config(26 keys) v1 ==== 1074+0+0 (secure 0 0 0) 0x7fa780003ba0 con 0x7fa790106b60
2023-08-25T08:33:29.578 INFO:teuthology.orchestra.run.smithi016.stdout:/usr/bin/ceph: stderr
2023-08-25T08:33:28.756+0000 7fa78cff9700 1 -- 172.21.15.16:0/1238725956 <== mon.0 v2:172.21.15.16:3300/0 3 ==== mon_map magic: 0 v1 ==== 205+0+0 (secure 0 0 0) 0x7fa78001a750 con 0x7fa790106b60
2023-08-25T08:33:29.578 INFO:teuthology.orchestra.run.smithi016.stdout:/usr/bin/ceph: stderr
2023-08-25T08:33:28.756+0000 7fa795a98700 1 -- 172.21.15.16:0/1238725956 --> [v2:172.21.15.16:3300/0,v1:172.21.15.16:6789/0] -- mon_subscribe({mgrmap=0+}) v3 -- 0x7fa790104b10 con 0x7fa790106b60
2023-08-25T08:33:29.578 INFO:teuthology.orchestra.run.smithi016.stdout:/usr/bin/ceph: stderr
2023-08-25T08:33:28.756+0000 7fa795a98700 1 -- 172.21.15.16:0/1238725956 --> [v2:172.21.15.16:3300/0,v1:172.21.15.16:6789/0] -- mon_subscribe({osdmap=0}) v3 -- 0x7fa790104f30 con 0x7fa790106b60
2023-08-25T08:33:29.578 INFO:teuthology.orchestra.run.smithi016.stdout:/usr/bin/ceph: stderr
2023-08-25T08:33:28.757+0000 7fa78cff9700 1 -- 172.21.15.16:0/1238725956 <== mon.0 v2:172.21.15.16:3300/0 4 ==== mgrmap(e 7) v1 ==== 45029+0+0 (secure 0 0 0) 0x7fa78001a980 con 0x7fa790106b60
2023-08-25T08:33:29.579 INFO:teuthology.orchestra.run.smithi016.stdout:/usr/bin/ceph: stderr
2023-08-25T08:33:28.757+0000 7fa78cff9700 1 --2- 172.21.15.16:0/1238725956 >> [v2:172.21.15.16:6800/3465687002,v1:172.21.15.16:6801/3465687002] conn(0x7fa778037ff0 0x7fa77803a4b0 unknown :-1 s=NONE pgs=0 cs=0 l=1 rev1=0 crypto rx=0 tx=0 comp rx=0 tx=0).connect
2023-08-25T08:33:29.579 INFO:teuthology.orchestra.run.smithi016.stdout:/usr/bin/ceph: stderr
2023-08-25T08:33:28.757+0000 7fa78cff9700 1 -- 172.21.15.16:0/1238725956 <== mon.0 v2:172.21.15.16:3300/0 5 ==== osd_map(2..2 src has 1..2) v4 ==== 940+0+0 (secure 0 0 0) 0x7fa78004bfe0 con 0x7fa790106b60
2023-08-25T08:33:29.579 INFO:teuthology.orchestra.run.smithi016.stdout:/usr/bin/ceph: stderr
2023-08-25T08:33:28.758+0000 7fa78effd700 1 --2- 172.21.15.16:0/1238725956 >> [v2:172.21.15.16:6800/3465687002,v1:172.21.15.16:6801/3465687002] conn(0x7fa778037ff0 0x7fa77803a4b0 unknown :-1 s=BANNER_CONNECTING pgs=0 cs=0 l=1 rev1=0 crypto rx=0 tx=0 comp rx=0 tx=0)._handle_peer_banner_payload supported=3 required=0
2023-08-25T08:33:29.579 INFO:teuthology.orchestra.run.smithi016.stdout:/usr/bin/ceph: stderr
2023-08-25T08:33:28.758+0000 7fa78effd700 1 --2- 172.21.15.16:0/1238725956 >> [v2:172.21.15.16:6800/3465687002,v1:172.21.15.16:6801/3465687002] conn(0x7fa778037ff0 0x7fa77803a4b0 secure :-1 s=READY pgs=7 cs=0 l=1 rev1=1 crypto rx=0x7fa784006fd0 tx=0x7fa784006e40 comp rx=0 tx=0).ready entity=mgr.14120 client_cookie=0 server_cookie=0 in_seq=0 out_seq=0
2023-08-25T08:33:29.579 INFO:teuthology.orchestra.run.smithi016.stdout:/usr/bin/ceph: stderr
2023-08-25T08:33:28.758+0000 7fa795a98700 1 -- 172.21.15.16:0/1238725956 --> [v2:172.21.15.16:3300/0,v1:172.21.15.16:6789/0] -- mon_command({"prefix": "get_command_descriptions"} v 0) v1 -- 0x7fa79010a240 con 0x7fa790106b60
2023-08-25T08:33:29.579 INFO:teuthology.orchestra.run.smithi016.stdout:/usr/bin/ceph: stderr
2023-08-25T08:33:28.763+0000 7fa78cff9700 1 -- 172.21.15.16:0/1238725956 <== mon.0 v2:172.21.15.16:3300/0 6 ==== mon_command_ack([{"prefix": "get_command_descriptions"}]=0 v0) v1 ==== 72+0+179682 (secure 0 0 0) 0x7fa78001ac30 con 0x7fa790106b60
2023-08-25T08:33:29.579 INFO:teuthology.orchestra.run.smithi016.stdout:/usr/bin/ceph: stderr
2023-08-25T08:33:29.153+0000 7fa795a98700 1 -- 172.21.15.16:0/1238725956 --> [v2:172.21.15.16:6800/3465687002,v1:172.21.15.16:6801/3465687002] -- mgr_command(tid 0: {"prefix": "orch set backend", "module_name": "cephadm", "target": ["mon-mgr", ""]}) v1 -- 0x7fa7901056e0 con 0x7fa778037ff0
2023-08-25T08:33:29.580 INFO:teuthology.orchestra.run.smithi016.stdout:/usr/bin/ceph: stderr
2023-08-25T08:33:29.159+0000 7fa78cff9700 1 -- 172.21.15.16:0/1238725956 <== mgr.14120 v2:172.21.15.16:6800/3465687002 1 ==== mgr_command_reply(tid 0: 0 ) v1 ==== 8+0+0 (secure 0 0 0) 0x7fa7901056e0 con 0x7fa778037ff0
2023-08-25T08:33:29.580 INFO:teuthology.orchestra.run.smithi016.stdout:/usr/bin/ceph: stderr
2023-08-25T08:33:29.161+0000 7fa795a98700 1 -- 172.21.15.16:0/1238725956 >> [v2:172.21.15.16:6800/3465687002,v1:172.21.15.16:6801/3465687002] conn(0x7fa778037ff0 msgr2=0x7fa77803a4b0 secure :-1 s=STATE_CONNECTION_ESTABLISHED l=1).mark_down
2023-08-25T08:33:29.580 INFO:teuthology.orchestra.run.smithi016.stdout:/usr/bin/ceph: stderr
2023-08-25T08:33:29.161+0000 7fa795a98700 1 --2- 172.21.15.16:0/1238725956 >> [v2:172.21.15.16:6800/3465687002,v1:172.21.15.16:6801/3465687002] conn(0x7fa778037ff0 0x7fa77803a4b0 secure :-1 s=READY pgs=7 cs=0 l=1 rev1=1 crypto rx=0x7fa784006fd0 tx=0x7fa784006e40 comp rx=0 tx=0).stop
2023-08-25T08:33:29.580 INFO:teuthology.orchestra.run.smithi016.stdout:/usr/bin/ceph: stderr
2023-08-25T08:33:29.161+0000 7fa795a98700 1 -- 172.21.15.16:0/1238725956 >> [v2:172.21.15.16:3300/0,v1:172.21.15.16:6789/0] conn(0x7fa790106b60 msgr2=0x7fa7901064c0 secure :-1 s=STATE_CONNECTION_ESTABLISHED l=1).mark_down
2023-08-25T08:33:29.581 INFO:teuthology.orchestra.run.smithi016.stdout:/usr/bin/ceph: stderr
2023-08-25T08:33:29.161+0000 7fa795a98700 1 --2- 172.21.15.16:0/1238725956 >> [v2:172.21.15.16:3300/0,v1:172.21.15.16:6789/0] conn(0x7fa790106b60 0x7fa7901064c0 secure :-1 s=READY pgs=38 cs=0 l=1 rev1=1 crypto rx=0x7fa780009fb0 tx=0x7fa780011ad0 comp rx=0 tx=0).stop
2023-08-25T08:33:29.581 INFO:teuthology.orchestra.run.smithi016.stdout:/usr/bin/ceph: stderr
2023-08-25T08:33:29.161+0000 7fa795a98700 1 -- 172.21.15.16:0/1238725956 shutdown_connections
2023-08-25T08:33:29.581 INFO:teuthology.orchestra.run.smithi016.stdout:/usr/bin/ceph: stderr
2023-08-25T08:33:29.161+0000 7fa795a98700 1 --2- 172.21.15.16:0/1238725956 >> [v2:172.21.15.16:6800/3465687002,v1:172.21.15.16:6801/3465687002] conn(0x7fa778037ff0 0x7fa77803a4b0 unknown :-1 s=CLOSED pgs=7 cs=0 l=1 rev1=1 crypto rx=0 tx=0 comp rx=0 tx=0).stop
2023-08-25T08:33:29.581 INFO:teuthology.orchestra.run.smithi016.stdout:/usr/bin/ceph: stderr
2023-08-25T08:33:29.161+0000 7fa795a98700 1 --2- 172.21.15.16:0/1238725956 >> [v2:172.21.15.16:3300/0,v1:172.21.15.16:6789/0] conn(0x7fa790106b60 0x7fa7901064c0 unknown :-1 s=CLOSED pgs=38 cs=0 l=1 rev1=1 crypto rx=0 tx=0 comp rx=0 tx=0).stop
2023-08-25T08:33:29.582 INFO:teuthology.orchestra.run.smithi016.stdout:/usr/bin/ceph: stderr
2023-08-25T08:33:29.161+0000 7fa795a98700 1 -- 172.21.15.16:0/1238725956 >> 172.21.15.16:0/1238725956 conn(0x7fa790100590 msgr2=0x7fa790101c40 unknown :-1 s=STATE_NONE l=0).mark_down
2023-08-25T08:33:29.582 INFO:teuthology.orchestra.run.smithi016.stdout:/usr/bin/ceph: stderr
2023-08-25T08:33:29.162+0000 7fa795a98700 1 -- 172.21.15.16:0/1238725956 shutdown_connections
2023-08-25T08:33:29.582 INFO:teuthology.orchestra.run.smithi016.stdout:/usr/bin/ceph: stderr
2023-08-25T08:33:29.162+0000 7fa795a98700 1 -- 172.21.15.16:0/1238725956 wait complete.
2023-08-25T08:33:30.447 INFO:journalctl@ceph.mon.a.smithi016.stdout:Aug 25 08:33:30 smithi016 ceph-mon[98651]: from='client.14132 -' entity='client.admin' cmd=[{"prefix": "orch set backend", "module_name": "cephadm", "target": ["mon-mgr", ""]}]: dispatch
2023-08-25T08:33:30.447 INFO:journalctl@ceph.mon.a.smithi016.stdout:Aug 25 08:33:30 smithi016 ceph-mon[98651]: from='mgr.14120 172.21.15.16:0/2204991629' entity='mgr.x'
2023-08-25T08:33:30.447 INFO:journalctl@ceph.mon.a.smithi016.stdout:Aug 25 08:33:30 smithi016 ceph-mon[98651]: from='mgr.14120 172.21.15.16:0/2204991629' entity='mgr.x' cmd=[{"prefix": "config dump", "format": "json"}]: dispatch
2023-08-25T08:33:30.448 INFO:journalctl@ceph.mon.a.smithi016.stdout:Aug 25 08:33:30 smithi016 ceph-mon[98651]: mgrmap e8: x(active, since 3s)
2023-08-25T08:33:30.817 INFO:teuthology.orchestra.run.smithi016.stdout:/usr/bin/ceph: stdout value unchanged
2023-08-25T08:33:30.817 INFO:teuthology.orchestra.run.smithi016.stdout:/usr/bin/ceph: stderr
2023-08-25T08:33:30.041+0000 7fbf3b231700 1 Processor -- start
2023-08-25T08:33:30.817 INFO:teuthology.orchestra.run.smithi016.stdout:/usr/bin/ceph: stderr
2023-08-25T08:33:30.041+0000 7fbf3b231700 1 -- start start
2023-08-25T08:33:30.818 INFO:teuthology.orchestra.run.smithi016.stdout:/usr/bin/ceph: stderr
2023-08-25T08:33:30.041+0000 7fbf3b231700 1 --2- >> [v2:172.21.15.16:3300/0,v1:172.21.15.16:6789/0] conn(0x7fbf34106b40 0x7fbf34108f30 unknown :-1 s=NONE pgs=0 cs=0 l=0 rev1=0 crypto rx=0 tx=0 comp rx=0 tx=0).connect
2023-08-25T08:33:30.818 INFO:teuthology.orchestra.run.smithi016.stdout:/usr/bin/ceph: stderr
2023-08-25T08:33:30.041+0000 7fbf3b231700 1 -- --> [v2:172.21.15.16:3300/0,v1:172.21.15.16:6789/0] -- mon_getmap magic: 0 v1 -- 0x7fbf34079ed0 con 0x7fbf34106b40
2023-08-25T08:33:30.818 INFO:teuthology.orchestra.run.smithi016.stdout:/usr/bin/ceph: stderr
2023-08-25T08:33:30.041+0000 7fbf38fcd700 1 --2- >> [v2:172.21.15.16:3300/0,v1:172.21.15.16:6789/0] conn(0x7fbf34106b40 0x7fbf34108f30 unknown :-1 s=BANNER_CONNECTING pgs=0 cs=0 l=0 rev1=0 crypto rx=0 tx=0 comp rx=0 tx=0)._handle_peer_banner_payload supported=3 required=0
2023-08-25T08:33:30.818 INFO:teuthology.orchestra.run.smithi016.stdout:/usr/bin/ceph: stderr
2023-08-25T08:33:30.041+0000 7fbf38fcd700 1 --2- >> [v2:172.21.15.16:3300/0,v1:172.21.15.16:6789/0] conn(0x7fbf34106b40 0x7fbf34108f30 unknown :-1 s=HELLO_CONNECTING pgs=0 cs=0 l=0 rev1=1 crypto rx=0 tx=0 comp rx=0 tx=0).handle_hello peer v2:172.21.15.16:3300/0 says I am v2:172.21.15.16:42848/0 (socket says 172.21.15.16:42848)
2023-08-25T08:33:30.818 INFO:teuthology.orchestra.run.smithi016.stdout:/usr/bin/ceph: stderr
2023-08-25T08:33:30.041+0000 7fbf38fcd700 1 -- 172.21.15.16:0/1555515313 learned_addr learned my addr 172.21.15.16:0/1555515313 (peer_addr_for_me v2:172.21.15.16:0/0)
2023-08-25T08:33:30.818 INFO:teuthology.orchestra.run.smithi016.stdout:/usr/bin/ceph: stderr
2023-08-25T08:33:30.041+0000 7fbf38fcd700 1 -- 172.21.15.16:0/1555515313 --> [v2:172.21.15.16:3300/0,v1:172.21.15.16:6789/0] -- mon_subscribe({config=0+,monmap=0+}) v3 -- 0x7fbf34109470 con 0x7fbf34106b40
2023-08-25T08:33:30.818 INFO:teuthology.orchestra.run.smithi016.stdout:/usr/bin/ceph: stderr
2023-08-25T08:33:30.042+0000 7fbf38fcd700 1 --2- 172.21.15.16:0/1555515313 >> [v2:172.21.15.16:3300/0,v1:172.21.15.16:6789/0] conn(0x7fbf34106b40 0x7fbf34108f30 secure :-1 s=READY pgs=39 cs=0 l=1 rev1=1 crypto rx=0x7fbf280098a0 tx=0x7fbf28009bb0 comp rx=0 tx=0).ready entity=mon.0 client_cookie=8e578acef1586a63 server_cookie=0 in_seq=0 out_seq=0
2023-08-25T08:33:30.819 INFO:teuthology.orchestra.run.smithi016.stdout:/usr/bin/ceph: stderr
2023-08-25T08:33:30.042+0000 7fbf337fe700 1 -- 172.21.15.16:0/1555515313 <== mon.0 v2:172.21.15.16:3300/0 1 ==== mon_map magic: 0 v1 ==== 205+0+0 (secure 0 0 0) 0x7fbf28004160 con 0x7fbf34106b40
2023-08-25T08:33:30.819 INFO:teuthology.orchestra.run.smithi016.stdout:/usr/bin/ceph: stderr
2023-08-25T08:33:30.042+0000 7fbf337fe700 1 -- 172.21.15.16:0/1555515313 <== mon.0 v2:172.21.15.16:3300/0 2 ==== config(26 keys) v1 ==== 1074+0+0 (secure 0 0 0) 0x7fbf280042c0 con 0x7fbf34106b40
2023-08-25T08:33:30.822 INFO:teuthology.orchestra.run.smithi016.stdout:/usr/bin/ceph: stderr
2023-08-25T08:33:30.042+0000 7fbf337fe700 1 -- 172.21.15.16:0/1555515313 <== mon.0 v2:172.21.15.16:3300/0 3 ==== mon_map magic: 0 v1 ==== 205+0+0 (secure 0 0 0) 0x7fbf28011a00 con 0x7fbf34106b40
2023-08-25T08:33:30.822 INFO:teuthology.orchestra.run.smithi016.stdout:/usr/bin/ceph: stderr
2023-08-25T08:33:30.042+0000 7fbf3b231700 1 -- 172.21.15.16:0/1555515313 >> [v2:172.21.15.16:3300/0,v1:172.21.15.16:6789/0] conn(0x7fbf34106b40 msgr2=0x7fbf34108f30 secure :-1 s=STATE_CONNECTION_ESTABLISHED l=1).mark_down
2023-08-25T08:33:30.823 INFO:teuthology.orchestra.run.smithi016.stdout:/usr/bin/ceph: stderr
2023-08-25T08:33:30.042+0000 7fbf3b231700 1 --2- 172.21.15.16:0/1555515313 >> [v2:172.21.15.16:3300/0,v1:172.21.15.16:6789/0] conn(0x7fbf34106b40 0x7fbf34108f30 secure :-1 s=READY pgs=39 cs=0 l=1 rev1=1 crypto rx=0x7fbf280098a0 tx=0x7fbf28009bb0 comp rx=0 tx=0).stop
2023-08-25T08:33:30.823 INFO:teuthology.orchestra.run.smithi016.stdout:/usr/bin/ceph: stderr
2023-08-25T08:33:30.043+0000 7fbf3b231700 1 -- 172.21.15.16:0/1555515313 shutdown_connections
2023-08-25T08:33:30.823 INFO:teuthology.orchestra.run.smithi016.stdout:/usr/bin/ceph: stderr
2023-08-25T08:33:30.043+0000 7fbf3b231700 1 --2- 172.21.15.16:0/1555515313 >> [v2:172.21.15.16:3300/0,v1:172.21.15.16:6789/0] conn(0x7fbf34106b40 0x7fbf34108f30 unknown :-1 s=CLOSED pgs=39 cs=0 l=1 rev1=1 crypto rx=0 tx=0 comp rx=0 tx=0).stop
2023-08-25T08:33:30.823 INFO:teuthology.orchestra.run.smithi016.stdout:/usr/bin/ceph: stderr
2023-08-25T08:33:30.043+0000 7fbf3b231700 1 -- 172.21.15.16:0/1555515313 >> 172.21.15.16:0/1555515313 conn(0x7fbf34100590 msgr2=0x7fbf341029b0 unknown :-1 s=STATE_NONE l=0).mark_down
2023-08-25T08:33:30.823 INFO:teuthology.orchestra.run.smithi016.stdout:/usr/bin/ceph: stderr
2023-08-25T08:33:30.043+0000 7fbf3b231700 1 -- 172.21.15.16:0/1555515313 shutdown_connections
2023-08-25T08:33:30.823 INFO:teuthology.orchestra.run.smithi016.stdout:/usr/bin/ceph: stderr
2023-08-25T08:33:30.043+0000 7fbf3b231700 1 -- 172.21.15.16:0/1555515313 wait complete.
2023-08-25T08:33:30.824 INFO:teuthology.orchestra.run.smithi016.stdout:/usr/bin/ceph: stderr
2023-08-25T08:33:30.043+0000 7fbf3b231700 1 Processor -- start
2023-08-25T08:33:30.824 INFO:teuthology.orchestra.run.smithi016.stdout:/usr/bin/ceph: stderr
2023-08-25T08:33:30.043+0000 7fbf3b231700 1 -- start start
2023-08-25T08:33:30.824 INFO:teuthology.orchestra.run.smithi016.stdout:/usr/bin/ceph: stderr
2023-08-25T08:33:30.044+0000 7fbf3b231700 1 --2- >> [v2:172.21.15.16:3300/0,v1:172.21.15.16:6789/0] conn(0x7fbf34106b40 0x7fbf34199dd0 unknown :-1 s=NONE pgs=0 cs=0 l=1 rev1=0 crypto rx=0 tx=0 comp rx=0 tx=0).connect
2023-08-25T08:33:30.824 INFO:teuthology.orchestra.run.smithi016.stdout:/usr/bin/ceph: stderr
2023-08-25T08:33:30.044+0000 7fbf3b231700 1 -- --> [v2:172.21.15.16:3300/0,v1:172.21.15.16:6789/0] -- mon_getmap magic: 0 v1 -- 0x7fbf3419a310 con 0x7fbf34106b40
2023-08-25T08:33:30.824 INFO:teuthology.orchestra.run.smithi016.stdout:/usr/bin/ceph: stderr
2023-08-25T08:33:30.044+0000 7fbf38fcd700 1 --2- >> [v2:172.21.15.16:3300/0,v1:172.21.15.16:6789/0] conn(0x7fbf34106b40 0x7fbf34199dd0 unknown :-1 s=BANNER_CONNECTING pgs=0 cs=0 l=1 rev1=0 crypto rx=0 tx=0 comp rx=0 tx=0)._handle_peer_banner_payload supported=3 required=0
2023-08-25T08:33:30.824 INFO:teuthology.orchestra.run.smithi016.stdout:/usr/bin/ceph: stderr
2023-08-25T08:33:30.044+0000 7fbf38fcd700 1 --2- >> [v2:172.21.15.16:3300/0,v1:172.21.15.16:6789/0] conn(0x7fbf34106b40 0x7fbf34199dd0 unknown :-1 s=HELLO_CONNECTING pgs=0 cs=0 l=1 rev1=1 crypto rx=0 tx=0 comp rx=0 tx=0).handle_hello peer v2:172.21.15.16:3300/0 says I am v2:172.21.15.16:42850/0 (socket says 172.21.15.16:42850)
2023-08-25T08:33:30.824 INFO:teuthology.orchestra.run.smithi016.stdout:/usr/bin/ceph: stderr
2023-08-25T08:33:30.044+0000 7fbf38fcd700 1 -- 172.21.15.16:0/1289766648 learned_addr learned my addr 172.21.15.16:0/1289766648 (peer_addr_for_me v2:172.21.15.16:0/0)
2023-08-25T08:33:30.825 INFO:teuthology.orchestra.run.smithi016.stdout:/usr/bin/ceph: stderr
2023-08-25T08:33:30.044+0000 7fbf38fcd700 1 -- 172.21.15.16:0/1289766648 --> [v2:172.21.15.16:3300/0,v1:172.21.15.16:6789/0] -- mon_subscribe({config=0+,monmap=0+}) v3 -- 0x7fbf28009550 con 0x7fbf34106b40
2023-08-25T08:33:30.825 INFO:teuthology.orchestra.run.smithi016.stdout:/usr/bin/ceph: stderr
2023-08-25T08:33:30.044+0000 7fbf38fcd700 1 --2- 172.21.15.16:0/1289766648 >> [v2:172.21.15.16:3300/0,v1:172.21.15.16:6789/0] conn(0x7fbf34106b40 0x7fbf34199dd0 secure :-1 s=READY pgs=40 cs=0 l=1 rev1=1 crypto rx=0x7fbf28009fb0 tx=0x7fbf28011ad0 comp rx=0 tx=0).ready entity=mon.0 client_cookie=0 server_cookie=0 in_seq=0 out_seq=0
2023-08-25T08:33:30.825 INFO:teuthology.orchestra.run.smithi016.stdout:/usr/bin/ceph: stderr
2023-08-25T08:33:30.044+0000 7fbf31ffb700 1 -- 172.21.15.16:0/1289766648 <== mon.0 v2:172.21.15.16:3300/0 1 ==== mon_map magic: 0 v1 ==== 205+0+0 (secure 0 0 0) 0x7fbf28003a40 con 0x7fbf34106b40
2023-08-25T08:33:30.825 INFO:teuthology.orchestra.run.smithi016.stdout:/usr/bin/ceph: stderr
2023-08-25T08:33:30.044+0000 7fbf31ffb700 1 -- 172.21.15.16:0/1289766648 <== mon.0 v2:172.21.15.16:3300/0 2 ==== config(26 keys) v1 ==== 1074+0+0 (secure 0 0 0) 0x7fbf28003ba0 con 0x7fbf34106b40
2023-08-25T08:33:30.825 INFO:teuthology.orchestra.run.smithi016.stdout:/usr/bin/ceph: stderr
2023-08-25T08:33:30.044+0000 7fbf3b231700 1 -- 172.21.15.16:0/1289766648 --> [v2:172.21.15.16:3300/0,v1:172.21.15.16:6789/0] -- mon_subscribe({mgrmap=0+}) v3 -- 0x7fbf3419a510 con 0x7fbf34106b40
2023-08-25T08:33:30.825 INFO:teuthology.orchestra.run.smithi016.stdout:/usr/bin/ceph: stderr
2023-08-25T08:33:30.044+0000 7fbf31ffb700 1 -- 172.21.15.16:0/1289766648 <== mon.0 v2:172.21.15.16:3300/0 3 ==== mon_map magic: 0 v1 ==== 205+0+0 (secure 0 0 0) 0x7fbf2801a750 con 0x7fbf34106b40
2023-08-25T08:33:30.825 INFO:teuthology.orchestra.run.smithi016.stdout:/usr/bin/ceph: stderr
2023-08-25T08:33:30.045+0000 7fbf3b231700 1 -- 172.21.15.16:0/1289766648 --> [v2:172.21.15.16:3300/0,v1:172.21.15.16:6789/0] -- mon_subscribe({osdmap=0}) v3 -- 0x7fbf3419a930 con 0x7fbf34106b40
2023-08-25T08:33:30.826 INFO:teuthology.orchestra.run.smithi016.stdout:/usr/bin/ceph: stderr
2023-08-25T08:33:30.045+0000 7fbf31ffb700 1 -- 172.21.15.16:0/1289766648 <== mon.0 v2:172.21.15.16:3300/0 4 ==== mgrmap(e 8) v1 ==== 45135+0+0 (secure 0 0 0) 0x7fbf2801a980 con 0x7fbf34106b40
2023-08-25T08:33:30.826 INFO:teuthology.orchestra.run.smithi016.stdout:/usr/bin/ceph: stderr
2023-08-25T08:33:30.045+0000 7fbf31ffb700 1 --2- 172.21.15.16:0/1289766648 >> [v2:172.21.15.16:6800/3465687002,v1:172.21.15.16:6801/3465687002] conn(0x7fbf24038110 0x7fbf2403a5d0 unknown :-1 s=NONE pgs=0 cs=0 l=1 rev1=0 crypto rx=0 tx=0 comp rx=0 tx=0).connect
2023-08-25T08:33:30.826 INFO:teuthology.orchestra.run.smithi016.stdout:/usr/bin/ceph: stderr
2023-08-25T08:33:30.046+0000 7fbf31ffb700 1 -- 172.21.15.16:0/1289766648 <== mon.0 v2:172.21.15.16:3300/0 5 ==== osd_map(2..2 src has 1..2) v4 ==== 940+0+0 (secure 0 0 0) 0x7fbf2804bf20 con 0x7fbf34106b40
2023-08-25T08:33:30.826 INFO:teuthology.orchestra.run.smithi016.stdout:/usr/bin/ceph: stderr
2023-08-25T08:33:30.046+0000 7fbf33fff700 1 --2- 172.21.15.16:0/1289766648 >> [v2:172.21.15.16:6800/3465687002,v1:172.21.15.16:6801/3465687002] conn(0x7fbf24038110 0x7fbf2403a5d0 unknown :-1 s=BANNER_CONNECTING pgs=0 cs=0 l=1 rev1=0 crypto rx=0 tx=0 comp rx=0 tx=0)._handle_peer_banner_payload supported=3 required=0
2023-08-25T08:33:30.826 INFO:teuthology.orchestra.run.smithi016.stdout:/usr/bin/ceph: stderr
2023-08-25T08:33:30.046+0000 7fbf3b231700 1 -- 172.21.15.16:0/1289766648 --> [v2:172.21.15.16:3300/0,v1:172.21.15.16:6789/0] -- mon_command({"prefix": "get_command_descriptions"} v 0) v1 -- 0x7fbf34061f50 con 0x7fbf34106b40
2023-08-25T08:33:30.826 INFO:teuthology.orchestra.run.smithi016.stdout:/usr/bin/ceph: stderr
2023-08-25T08:33:30.046+0000 7fbf33fff700 1 --2- 172.21.15.16:0/1289766648 >> [v2:172.21.15.16:6800/3465687002,v1:172.21.15.16:6801/3465687002] conn(0x7fbf24038110 0x7fbf2403a5d0 secure :-1 s=READY pgs=8 cs=0 l=1 rev1=1 crypto rx=0x7fbf20006fd0 tx=0x7fbf20006e40 comp rx=0 tx=0).ready entity=mgr.14120 client_cookie=0 server_cookie=0 in_seq=0 out_seq=0
2023-08-25T08:33:30.826 INFO:teuthology.orchestra.run.smithi016.stdout:/usr/bin/ceph: stderr
2023-08-25T08:33:30.051+0000 7fbf31ffb700 1 -- 172.21.15.16:0/1289766648 <== mon.0 v2:172.21.15.16:3300/0 6 ==== mon_command_ack([{"prefix": "get_command_descriptions"}]=0 v0) v1 ==== 72+0+179682 (secure 0 0 0) 0x7fbf2801ac30 con 0x7fbf34106b40
2023-08-25T08:33:30.827 INFO:teuthology.orchestra.run.smithi016.stdout:/usr/bin/ceph: stderr
2023-08-25T08:33:30.413+0000 7fbf3b231700 1 -- 172.21.15.16:0/1289766648 --> [v2:172.21.15.16:6800/3465687002,v1:172.21.15.16:6801/3465687002] -- mgr_command(tid 0: {"prefix": "cephadm set-user", "user": "root", "target": ["mon-mgr", ""]}) v1 -- 0x7fbf341028a0 con 0x7fbf24038110
2023-08-25T08:33:30.827 INFO:teuthology.orchestra.run.smithi016.stdout:/usr/bin/ceph: stderr
2023-08-25T08:33:30.414+0000 7fbf31ffb700 1 -- 172.21.15.16:0/1289766648 <== mgr.14120 v2:172.21.15.16:6800/3465687002 1 ==== mgr_command_reply(tid 0: 0 ) v1 ==== 8+0+16 (secure 0 0 0) 0x7fbf341028a0 con 0x7fbf24038110
2023-08-25T08:33:30.827 INFO:teuthology.orchestra.run.smithi016.stdout:/usr/bin/ceph: stderr
2023-08-25T08:33:30.417+0000 7fbf3b231700 1 -- 172.21.15.16:0/1289766648 >> [v2:172.21.15.16:6800/3465687002,v1:172.21.15.16:6801/3465687002] conn(0x7fbf24038110 msgr2=0x7fbf2403a5d0 secure :-1 s=STATE_CONNECTION_ESTABLISHED l=1).mark_down
2023-08-25T08:33:30.827 INFO:teuthology.orchestra.run.smithi016.stdout:/usr/bin/ceph: stderr
2023-08-25T08:33:30.417+0000 7fbf3b231700 1 --2- 172.21.15.16:0/1289766648 >> [v2:172.21.15.16:6800/3465687002,v1:172.21.15.16:6801/3465687002] conn(0x7fbf24038110 0x7fbf2403a5d0 secure :-1 s=READY pgs=8 cs=0 l=1 rev1=1 crypto rx=0x7fbf20006fd0 tx=0x7fbf20006e40 comp rx=0 tx=0).stop
2023-08-25T08:33:30.827 INFO:teuthology.orchestra.run.smithi016.stdout:/usr/bin/ceph: stderr
2023-08-25T08:33:30.417+0000 7fbf3b231700 1 -- 172.21.15.16:0/1289766648 >> [v2:172.21.15.16:3300/0,v1:172.21.15.16:6789/0] conn(0x7fbf34106b40 msgr2=0x7fbf34199dd0 secure :-1 s=STATE_CONNECTION_ESTABLISHED l=1).mark_down
2023-08-25T08:33:30.827 INFO:teuthology.orchestra.run.smithi016.stdout:/usr/bin/ceph: stderr
2023-08-25T08:33:30.417+0000 7fbf3b231700 1 --2- 172.21.15.16:0/1289766648 >> [v2:172.21.15.16:3300/0,v1:172.21.15.16:6789/0] conn(0x7fbf34106b40 0x7fbf34199dd0 secure :-1 s=READY pgs=40 cs=0 l=1 rev1=1 crypto rx=0x7fbf28009fb0 tx=0x7fbf28011ad0 comp rx=0 tx=0).stop
2023-08-25T08:33:30.827 INFO:teuthology.orchestra.run.smithi016.stdout:/usr/bin/ceph: stderr
2023-08-25T08:33:30.417+0000 7fbf3b231700 1 -- 172.21.15.16:0/1289766648 shutdown_connections
2023-08-25T08:33:30.828 INFO:teuthology.orchestra.run.smithi016.stdout:/usr/bin/ceph: stderr
2023-08-25T08:33:30.417+0000 7fbf3b231700 1 --2- 172.21.15.16:0/1289766648 >> [v2:172.21.15.16:6800/3465687002,v1:172.21.15.16:6801/3465687002] conn(0x7fbf24038110 0x7fbf2403a5d0 unknown :-1 s=CLOSED pgs=8 cs=0 l=1 rev1=1 crypto rx=0 tx=0 comp rx=0 tx=0).stop
2023-08-25T08:33:30.828 INFO:teuthology.orchestra.run.smithi016.stdout:/usr/bin/ceph: stderr
2023-08-25T08:33:30.417+0000 7fbf3b231700 1 --2- 172.21.15.16:0/1289766648 >> [v2:172.21.15.16:3300/0,v1:172.21.15.16:6789/0] conn(0x7fbf34106b40 0x7fbf34199dd0 unknown :-1 s=CLOSED pgs=40 cs=0 l=1 rev1=1 crypto rx=0 tx=0 comp rx=0 tx=0).stop
2023-08-25T08:33:30.828 INFO:teuthology.orchestra.run.smithi016.stdout:/usr/bin/ceph: stderr
2023-08-25T08:33:30.417+0000 7fbf3b231700 1 -- 172.21.15.16:0/1289766648 >> 172.21.15.16:0/1289766648 conn(0x7fbf34100590 msgr2=0x7fbf34101c40 unknown :-1 s=STATE_NONE l=0).mark_down
2023-08-25T08:33:30.828 INFO:teuthology.orchestra.run.smithi016.stdout:/usr/bin/ceph: stderr
2023-08-25T08:33:30.417+0000 7fbf3b231700 1 -- 172.21.15.16:0/1289766648 shutdown_connections
2023-08-25T08:33:30.828 INFO:teuthology.orchestra.run.smithi016.stdout:/usr/bin/ceph: stderr
2023-08-25T08:33:30.417+0000 7fbf3b231700 1 -- 172.21.15.16:0/1289766648 wait complete.
2023-08-25T08:33:30.828 INFO:teuthology.orchestra.run.smithi016.stdout:Generating ssh key...
2023-08-25T08:33:31.498 INFO:journalctl@ceph.mon.a.smithi016.stdout:Aug 25 08:33:31 smithi016 ceph-mon[98651]: from='client.14134 -' entity='client.admin' cmd=[{"prefix": "cephadm set-user", "user": "root", "target": ["mon-mgr", ""]}]: dispatch
2023-08-25T08:33:32.486 INFO:journalctl@ceph.mon.a.smithi016.stdout:Aug 25 08:33:32 smithi016 ceph-mon[98651]: from='client.14136 -' entity='client.admin' cmd=[{"prefix": "cephadm generate-key", "target": ["mon-mgr", ""]}]: dispatch
2023-08-25T08:33:32.486 INFO:journalctl@ceph.mon.a.smithi016.stdout:Aug 25 08:33:32 smithi016 ceph-mon[98651]: Generating ssh key...
2023-08-25T08:33:32.486 INFO:journalctl@ceph.mgr.x.smithi016.stdout:Aug 25 08:33:32 smithi016 ceph-dc90e1ca-4321-11ee-9b3d-001a4aab830c-mgr-x[98900]: Generating public/private rsa key pair.
2023-08-25T08:33:32.486 INFO:journalctl@ceph.mgr.x.smithi016.stdout:Aug 25 08:33:32 smithi016 ceph-dc90e1ca-4321-11ee-9b3d-001a4aab830c-mgr-x[98900]: Your identification has been saved in /tmp/tmp11s721tx/key.
2023-08-25T08:33:32.487 INFO:journalctl@ceph.mgr.x.smithi016.stdout:Aug 25 08:33:32 smithi016 ceph-dc90e1ca-4321-11ee-9b3d-001a4aab830c-mgr-x[98900]: Your public key has been saved in /tmp/tmp11s721tx/key.pub.
2023-08-25T08:33:32.487 INFO:journalctl@ceph.mgr.x.smithi016.stdout:Aug 25 08:33:32 smithi016 ceph-dc90e1ca-4321-11ee-9b3d-001a4aab830c-mgr-x[98900]: The key fingerprint is:
2023-08-25T08:33:32.487 INFO:journalctl@ceph.mgr.x.smithi016.stdout:Aug 25 08:33:32 smithi016 ceph-dc90e1ca-4321-11ee-9b3d-001a4aab830c-mgr-x[98900]: SHA256:XRa7UKUXr1VCgvw7rmtn0ahmHx1eQW7c1NaM7v4+FOk ceph-dc90e1ca-4321-11ee-9b3d-001a4aab830c
2023-08-25T08:33:32.487 INFO:journalctl@ceph.mgr.x.smithi016.stdout:Aug 25 08:33:32 smithi016 ceph-dc90e1ca-4321-11ee-9b3d-001a4aab830c-mgr-x[98900]: The key's randomart image is:
2023-08-25T08:33:32.488 INFO:journalctl@ceph.mgr.x.smithi016.stdout:Aug 25 08:33:32 smithi016 ceph-dc90e1ca-4321-11ee-9b3d-001a4aab830c-mgr-x[98900]: +---[RSA 3072]----+
2023-08-25T08:33:32.488 INFO:journalctl@ceph.mgr.x.smithi016.stdout:Aug 25 08:33:32 smithi016 ceph-dc90e1ca-4321-11ee-9b3d-001a4aab830c-mgr-x[98900]: | . .+o=+=|
2023-08-25T08:33:32.488 INFO:journalctl@ceph.mgr.x.smithi016.stdout:Aug 25 08:33:32 smithi016 ceph-dc90e1ca-4321-11ee-9b3d-001a4aab830c-mgr-x[98900]: | o. ===B|
2023-08-25T08:33:32.489 INFO:journalctl@ceph.mgr.x.smithi016.stdout:Aug 25 08:33:32 smithi016 ceph-dc90e1ca-4321-11ee-9b3d-001a4aab830c-mgr-x[98900]: | ..=..*=|
2023-08-25T08:33:32.489 INFO:journalctl@ceph.mgr.x.smithi016.stdout:Aug 25 08:33:32 smithi016 ceph-dc90e1ca-4321-11ee-9b3d-001a4aab830c-mgr-x[98900]: | . +.oo=.|
2023-08-25T08:33:32.489 INFO:journalctl@ceph.mgr.x.smithi016.stdout:Aug 25 08:33:32 smithi016 ceph-dc90e1ca-4321-11ee-9b3d-001a4aab830c-mgr-x[98900]: | S . .=+ o|
2023-08-25T08:33:32.489 INFO:journalctl@ceph.mgr.x.smithi016.stdout:Aug 25 08:33:32 smithi016 ceph-dc90e1ca-4321-11ee-9b3d-001a4aab830c-mgr-x[98900]: | =ooE |
2023-08-25T08:33:32.490 INFO:journalctl@ceph.mgr.x.smithi016.stdout:Aug 25 08:33:32 smithi016 ceph-dc90e1ca-4321-11ee-9b3d-001a4aab830c-mgr-x[98900]: | o.++ |
2023-08-25T08:33:32.490 INFO:journalctl@ceph.mgr.x.smithi016.stdout:Aug 25 08:33:32 smithi016 ceph-dc90e1ca-4321-11ee-9b3d-001a4aab830c-mgr-x[98900]: | = +... |
2023-08-25T08:33:32.490 INFO:journalctl@ceph.mgr.x.smithi016.stdout:Aug 25 08:33:32 smithi016 ceph-dc90e1ca-4321-11ee-9b3d-001a4aab830c-mgr-x[98900]: | +o*. o+|
2023-08-25T08:33:32.491 INFO:journalctl@ceph.mgr.x.smithi016.stdout:Aug 25 08:33:32 smithi016 ceph-dc90e1ca-4321-11ee-9b3d-001a4aab830c-mgr-x[98900]: +----[SHA256]-----+
2023-08-25T08:33:32.771 INFO:teuthology.orchestra.run.smithi016.stdout:/usr/bin/ceph: stderr
2023-08-25T08:33:31.315+0000 7fb209b40700 1 Processor -- start
2023-08-25T08:33:32.771 INFO:teuthology.orchestra.run.smithi016.stdout:/usr/bin/ceph: stderr
2023-08-25T08:33:31.315+0000 7fb209b40700 1 -- start start
2023-08-25T08:33:32.771 INFO:teuthology.orchestra.run.smithi016.stdout:/usr/bin/ceph: stderr
2023-08-25T08:33:31.315+0000 7fb209b40700 1 --2- >> [v2:172.21.15.16:3300/0,v1:172.21.15.16:6789/0] conn(0x7fb204106ba0 0x7fb204108f90 unknown :-1 s=NONE pgs=0 cs=0 l=0 rev1=0 crypto rx=0 tx=0 comp rx=0 tx=0).connect
2023-08-25T08:33:32.771 INFO:teuthology.orchestra.run.smithi016.stdout:/usr/bin/ceph: stderr
2023-08-25T08:33:31.315+0000 7fb209b40700 1 -- --> [v2:172.21.15.16:3300/0,v1:172.21.15.16:6789/0] -- mon_getmap magic: 0 v1 -- 0x7fb204079e70 con 0x7fb204106ba0
2023-08-25T08:33:32.772 INFO:teuthology.orchestra.run.smithi016.stdout:/usr/bin/ceph: stderr
2023-08-25T08:33:31.315+0000 7fb2037fe700 1 --2- >> [v2:172.21.15.16:3300/0,v1:172.21.15.16:6789/0] conn(0x7fb204106ba0 0x7fb204108f90 unknown :-1 s=BANNER_CONNECTING pgs=0 cs=0 l=0 rev1=0 crypto rx=0 tx=0 comp rx=0 tx=0)._handle_peer_banner_payload supported=3 required=0
2023-08-25T08:33:32.772 INFO:teuthology.orchestra.run.smithi016.stdout:/usr/bin/ceph: stderr
2023-08-25T08:33:31.315+0000 7fb2037fe700 1 --2- >> [v2:172.21.15.16:3300/0,v1:172.21.15.16:6789/0] conn(0x7fb204106ba0 0x7fb204108f90 unknown :-1 s=HELLO_CONNECTING pgs=0 cs=0 l=0 rev1=1 crypto rx=0 tx=0 comp rx=0 tx=0).handle_hello peer v2:172.21.15.16:3300/0 says I am v2:172.21.15.16:42854/0 (socket says 172.21.15.16:42854)
2023-08-25T08:33:32.772 INFO:teuthology.orchestra.run.smithi016.stdout:/usr/bin/ceph: stderr
2023-08-25T08:33:31.315+0000 7fb2037fe700 1 -- 172.21.15.16:0/1241092614 learned_addr learned my addr 172.21.15.16:0/1241092614 (peer_addr_for_me v2:172.21.15.16:0/0)
2023-08-25T08:33:32.772 INFO:teuthology.orchestra.run.smithi016.stdout:/usr/bin/ceph: stderr
2023-08-25T08:33:31.316+0000 7fb2037fe700 1 -- 172.21.15.16:0/1241092614 --> [v2:172.21.15.16:3300/0,v1:172.21.15.16:6789/0] -- mon_subscribe({config=0+,monmap=0+}) v3 -- 0x7fb2041094d0 con 0x7fb204106ba0
2023-08-25T08:33:32.772 INFO:teuthology.orchestra.run.smithi016.stdout:/usr/bin/ceph: stderr
2023-08-25T08:33:31.316+0000 7fb2037fe700 1 --2- 172.21.15.16:0/1241092614 >> [v2:172.21.15.16:3300/0,v1:172.21.15.16:6789/0] conn(0x7fb204106ba0 0x7fb204108f90 secure :-1 s=READY pgs=41 cs=0 l=1 rev1=1 crypto rx=0x7fb1f40098a0 tx=0x7fb1f4009bb0 comp rx=0 tx=0).ready entity=mon.0 client_cookie=abc0b495421f2f6f server_cookie=0 in_seq=0 out_seq=0
2023-08-25T08:33:32.772 INFO:teuthology.orchestra.run.smithi016.stdout:/usr/bin/ceph: stderr
2023-08-25T08:33:31.316+0000 7fb2027fc700 1 -- 172.21.15.16:0/1241092614 <== mon.0 v2:172.21.15.16:3300/0 1 ==== mon_map magic: 0 v1 ==== 205+0+0 (secure 0 0 0) 0x7fb1f4004160 con 0x7fb204106ba0
2023-08-25T08:33:32.772 INFO:teuthology.orchestra.run.smithi016.stdout:/usr/bin/ceph: stderr
2023-08-25T08:33:31.316+0000 7fb2027fc700 1 -- 172.21.15.16:0/1241092614 <== mon.0 v2:172.21.15.16:3300/0 2 ==== config(26 keys) v1 ==== 1074+0+0 (secure 0 0 0) 0x7fb1f40042c0 con 0x7fb204106ba0
2023-08-25T08:33:32.773 INFO:teuthology.orchestra.run.smithi016.stdout:/usr/bin/ceph: stderr
2023-08-25T08:33:31.316+0000 7fb2027fc700 1 -- 172.21.15.16:0/1241092614 <== mon.0 v2:172.21.15.16:3300/0 3 ==== mon_map magic: 0 v1 ==== 205+0+0 (secure 0 0 0) 0x7fb1f4011a00 con 0x7fb204106ba0
2023-08-25T08:33:32.773 INFO:teuthology.orchestra.run.smithi016.stdout:/usr/bin/ceph: stderr
2023-08-25T08:33:31.317+0000 7fb209b40700 1 -- 172.21.15.16:0/1241092614 >> [v2:172.21.15.16:3300/0,v1:172.21.15.16:6789/0] conn(0x7fb204106ba0 msgr2=0x7fb204108f90 secure :-1 s=STATE_CONNECTION_ESTABLISHED l=1).mark_down
2023-08-25T08:33:32.773 INFO:teuthology.orchestra.run.smithi016.stdout:/usr/bin/ceph: stderr
2023-08-25T08:33:31.317+0000 7fb209b40700 1 --2- 172.21.15.16:0/1241092614 >> [v2:172.21.15.16:3300/0,v1:172.21.15.16:6789/0] conn(0x7fb204106ba0 0x7fb204108f90 secure :-1 s=READY pgs=41 cs=0 l=1 rev1=1 crypto rx=0x7fb1f40098a0 tx=0x7fb1f4009bb0 comp rx=0 tx=0).stop
2023-08-25T08:33:32.773 INFO:teuthology.orchestra.run.smithi016.stdout:/usr/bin/ceph: stderr
2023-08-25T08:33:31.317+0000 7fb209b40700 1 -- 172.21.15.16:0/1241092614 shutdown_connections
2023-08-25T08:33:32.773 INFO:teuthology.orchestra.run.smithi016.stdout:/usr/bin/ceph: stderr
2023-08-25T08:33:31.317+0000 7fb209b40700 1 --2- 172.21.15.16:0/1241092614 >> [v2:172.21.15.16:3300/0,v1:172.21.15.16:6789/0] conn(0x7fb204106ba0 0x7fb204108f90 unknown :-1 s=CLOSED pgs=41 cs=0 l=1 rev1=1 crypto rx=0 tx=0 comp rx=0 tx=0).stop
2023-08-25T08:33:32.773 INFO:teuthology.orchestra.run.smithi016.stdout:/usr/bin/ceph: stderr
2023-08-25T08:33:31.317+0000 7fb209b40700 1 -- 172.21.15.16:0/1241092614 >> 172.21.15.16:0/1241092614 conn(0x7fb204100590 msgr2=0x7fb2041029b0 unknown :-1 s=STATE_NONE l=0).mark_down
2023-08-25T08:33:32.773 INFO:teuthology.orchestra.run.smithi016.stdout:/usr/bin/ceph: stderr
2023-08-25T08:33:31.317+0000 7fb209b40700 1 -- 172.21.15.16:0/1241092614 shutdown_connections
2023-08-25T08:33:32.773 INFO:teuthology.orchestra.run.smithi016.stdout:/usr/bin/ceph: stderr
2023-08-25T08:33:31.317+0000 7fb209b40700 1 -- 172.21.15.16:0/1241092614 wait complete.
2023-08-25T08:33:32.774 INFO:teuthology.orchestra.run.smithi016.stdout:/usr/bin/ceph: stderr
2023-08-25T08:33:31.317+0000 7fb209b40700 1 Processor -- start
2023-08-25T08:33:32.774 INFO:teuthology.orchestra.run.smithi016.stdout:/usr/bin/ceph: stderr
2023-08-25T08:33:31.318+0000 7fb209b40700 1 -- start start
2023-08-25T08:33:32.774 INFO:teuthology.orchestra.run.smithi016.stdout:/usr/bin/ceph: stderr
2023-08-25T08:33:31.318+0000 7fb209b40700 1 --2- >> [v2:172.21.15.16:3300/0,v1:172.21.15.16:6789/0] conn(0x7fb204106ba0 0x7fb204106500 unknown :-1 s=NONE pgs=0 cs=0 l=1 rev1=0 crypto rx=0 tx=0 comp rx=0 tx=0).connect
2023-08-25T08:33:32.774 INFO:teuthology.orchestra.run.smithi016.stdout:/usr/bin/ceph: stderr
2023-08-25T08:33:31.318+0000 7fb209b40700 1 -- --> [v2:172.21.15.16:3300/0,v1:172.21.15.16:6789/0] -- mon_getmap magic: 0 v1 -- 0x7fb204106a40 con 0x7fb204106ba0
2023-08-25T08:33:32.774 INFO:teuthology.orchestra.run.smithi016.stdout:/usr/bin/ceph: stderr
2023-08-25T08:33:31.318+0000 7fb2037fe700 1 --2- >> [v2:172.21.15.16:3300/0,v1:172.21.15.16:6789/0] conn(0x7fb204106ba0 0x7fb204106500 unknown :-1 s=BANNER_CONNECTING pgs=0 cs=0 l=1 rev1=0 crypto rx=0 tx=0 comp rx=0 tx=0)._handle_peer_banner_payload supported=3 required=0
2023-08-25T08:33:32.774 INFO:teuthology.orchestra.run.smithi016.stdout:/usr/bin/ceph: stderr
2023-08-25T08:33:31.318+0000 7fb2037fe700 1 --2- >> [v2:172.21.15.16:3300/0,v1:172.21.15.16:6789/0] conn(0x7fb204106ba0 0x7fb204106500 unknown :-1 s=HELLO_CONNECTING pgs=0 cs=0 l=1 rev1=1 crypto rx=0 tx=0 comp rx=0 tx=0).handle_hello peer v2:172.21.15.16:3300/0 says I am v2:172.21.15.16:42856/0 (socket says 172.21.15.16:42856)
2023-08-25T08:33:32.774 INFO:teuthology.orchestra.run.smithi016.stdout:/usr/bin/ceph: stderr
2023-08-25T08:33:31.318+0000 7fb2037fe700 1 -- 172.21.15.16:0/2070464932 learned_addr learned my addr 172.21.15.16:0/2070464932 (peer_addr_for_me v2:172.21.15.16:0/0)
2023-08-25T08:33:32.775 INFO:teuthology.orchestra.run.smithi016.stdout:/usr/bin/ceph: stderr
2023-08-25T08:33:31.318+0000 7fb2037fe700 1 -- 172.21.15.16:0/2070464932 --> [v2:172.21.15.16:3300/0,v1:172.21.15.16:6789/0] -- mon_subscribe({config=0+,monmap=0+}) v3 -- 0x7fb1f4009550 con 0x7fb204106ba0
2023-08-25T08:33:32.775 INFO:teuthology.orchestra.run.smithi016.stdout:/usr/bin/ceph: stderr
2023-08-25T08:33:31.318+0000 7fb2037fe700 1 --2- 172.21.15.16:0/2070464932 >> [v2:172.21.15.16:3300/0,v1:172.21.15.16:6789/0] conn(0x7fb204106ba0 0x7fb204106500 secure :-1 s=READY pgs=42 cs=0 l=1 rev1=1 crypto rx=0x7fb1f4009130 tx=0x7fb1f4011ad0 comp rx=0 tx=0).ready entity=mon.0 client_cookie=0 server_cookie=0 in_seq=0 out_seq=0
2023-08-25T08:33:32.775 INFO:teuthology.orchestra.run.smithi016.stdout:/usr/bin/ceph: stderr
2023-08-25T08:33:31.318+0000 7fb200ff9700 1 -- 172.21.15.16:0/2070464932 <== mon.0 v2:172.21.15.16:3300/0 1 ==== mon_map magic: 0 v1 ==== 205+0+0 (secure 0 0 0) 0x7fb1f4003b70 con 0x7fb204106ba0
2023-08-25T08:33:32.775 INFO:teuthology.orchestra.run.smithi016.stdout:/usr/bin/ceph: stderr
2023-08-25T08:33:31.319+0000 7fb209b40700 1 -- 172.21.15.16:0/2070464932 --> [v2:172.21.15.16:3300/0,v1:172.21.15.16:6789/0] -- mon_subscribe({mgrmap=0+}) v3 -- 0x7fb204104b50 con 0x7fb204106ba0
2023-08-25T08:33:32.775 INFO:teuthology.orchestra.run.smithi016.stdout:/usr/bin/ceph: stderr
2023-08-25T08:33:31.319+0000 7fb200ff9700 1 -- 172.21.15.16:0/2070464932 <== mon.0 v2:172.21.15.16:3300/0 2 ==== config(26 keys) v1 ==== 1074+0+0 (secure 0 0 0) 0x7fb1f4003cd0 con 0x7fb204106ba0
2023-08-25T08:33:32.775 INFO:teuthology.orchestra.run.smithi016.stdout:/usr/bin/ceph: stderr
2023-08-25T08:33:31.319+0000 7fb200ff9700 1 -- 172.21.15.16:0/2070464932 <== mon.0 v2:172.21.15.16:3300/0 3 ==== mon_map magic: 0 v1 ==== 205+0+0 (secure 0 0 0) 0x7fb1f40197d0 con 0x7fb204106ba0
2023-08-25T08:33:32.775 INFO:teuthology.orchestra.run.smithi016.stdout:/usr/bin/ceph: stderr
2023-08-25T08:33:31.319+0000 7fb209b40700 1 -- 172.21.15.16:0/2070464932 --> [v2:172.21.15.16:3300/0,v1:172.21.15.16:6789/0] -- mon_subscribe({osdmap=0}) v3 -- 0x7fb204104f70 con 0x7fb204106ba0
2023-08-25T08:33:32.776 INFO:teuthology.orchestra.run.smithi016.stdout:/usr/bin/ceph: stderr
2023-08-25T08:33:31.319+0000 7fb200ff9700 1 -- 172.21.15.16:0/2070464932 <== mon.0 v2:172.21.15.16:3300/0 4 ==== mgrmap(e 8) v1 ==== 45135+0+0 (secure 0 0 0) 0x7fb1f4019a10 con 0x7fb204106ba0
2023-08-25T08:33:32.776 INFO:teuthology.orchestra.run.smithi016.stdout:/usr/bin/ceph: stderr
2023-08-25T08:33:31.320+0000 7fb200ff9700 1 --2- 172.21.15.16:0/2070464932 >> [v2:172.21.15.16:6800/3465687002,v1:172.21.15.16:6801/3465687002] conn(0x7fb1f0038110 0x7fb1f003a5d0 unknown :-1 s=NONE pgs=0 cs=0 l=1 rev1=0 crypto rx=0 tx=0 comp rx=0 tx=0).connect
2023-08-25T08:33:32.776 INFO:teuthology.orchestra.run.smithi016.stdout:/usr/bin/ceph: stderr
2023-08-25T08:33:31.320+0000 7fb200ff9700 1 -- 172.21.15.16:0/2070464932 <== mon.0 v2:172.21.15.16:3300/0 5 ==== osd_map(2..2 src has 1..2) v4 ==== 940+0+0 (secure 0 0 0) 0x7fb1f404c1a0 con 0x7fb204106ba0
2023-08-25T08:33:32.776 INFO:teuthology.orchestra.run.smithi016.stdout:/usr/bin/ceph: stderr
2023-08-25T08:33:31.320+0000 7fb202ffd700 1 --2- 172.21.15.16:0/2070464932 >> [v2:172.21.15.16:6800/3465687002,v1:172.21.15.16:6801/3465687002] conn(0x7fb1f0038110 0x7fb1f003a5d0 unknown :-1 s=BANNER_CONNECTING pgs=0 cs=0 l=1 rev1=0 crypto rx=0 tx=0 comp rx=0 tx=0)._handle_peer_banner_payload supported=3 required=0
2023-08-25T08:33:32.776 INFO:teuthology.orchestra.run.smithi016.stdout:/usr/bin/ceph: stderr
2023-08-25T08:33:31.320+0000 7fb209b40700 1 -- 172.21.15.16:0/2070464932 --> [v2:172.21.15.16:3300/0,v1:172.21.15.16:6789/0] -- mon_command({"prefix": "get_command_descriptions"} v 0) v1 -- 0x7fb20410a270 con 0x7fb204106ba0
2023-08-25T08:33:32.776 INFO:teuthology.orchestra.run.smithi016.stdout:/usr/bin/ceph: stderr
2023-08-25T08:33:31.320+0000 7fb202ffd700 1 --2- 172.21.15.16:0/2070464932 >> [v2:172.21.15.16:6800/3465687002,v1:172.21.15.16:6801/3465687002] conn(0x7fb1f0038110 0x7fb1f003a5d0 secure :-1 s=READY pgs=9 cs=0 l=1 rev1=1 crypto rx=0x7fb1ec006fd0 tx=0x7fb1ec006e40 comp rx=0 tx=0).ready entity=mgr.14120 client_cookie=0 server_cookie=0 in_seq=0 out_seq=0
2023-08-25T08:33:32.776 INFO:teuthology.orchestra.run.smithi016.stdout:/usr/bin/ceph: stderr
2023-08-25T08:33:31.325+0000 7fb200ff9700 1 -- 172.21.15.16:0/2070464932 <== mon.0 v2:172.21.15.16:3300/0 6 ==== mon_command_ack([{"prefix": "get_command_descriptions"}]=0 v0) v1 ==== 72+0+179682 (secure 0 0 0) 0x7fb1f402a080 con 0x7fb204106ba0
2023-08-25T08:33:32.777 INFO:teuthology.orchestra.run.smithi016.stdout:/usr/bin/ceph: stderr
2023-08-25T08:33:31.688+0000 7fb209b40700 1 -- 172.21.15.16:0/2070464932 --> [v2:172.21.15.16:6800/3465687002,v1:172.21.15.16:6801/3465687002] -- mgr_command(tid 0: {"prefix": "cephadm generate-key", "target": ["mon-mgr", ""]}) v1 -- 0x7fb204105720 con 0x7fb1f0038110
2023-08-25T08:33:32.777 INFO:teuthology.orchestra.run.smithi016.stdout:/usr/bin/ceph: stderr
2023-08-25T08:33:32.286+0000 7fb200ff9700 1 -- 172.21.15.16:0/2070464932 <== mgr.14120 v2:172.21.15.16:6800/3465687002 1 ==== mgr_command_reply(tid 0: 0 ) v1 ==== 8+0+0 (secure 0 0 0) 0x7fb204105720 con 0x7fb1f0038110
2023-08-25T08:33:32.777 INFO:teuthology.orchestra.run.smithi016.stdout:/usr/bin/ceph: stderr
2023-08-25T08:33:32.289+0000 7fb209b40700 1 -- 172.21.15.16:0/2070464932 >> [v2:172.21.15.16:6800/3465687002,v1:172.21.15.16:6801/3465687002] conn(0x7fb1f0038110 msgr2=0x7fb1f003a5d0 secure :-1 s=STATE_CONNECTION_ESTABLISHED l=1).mark_down
2023-08-25T08:33:32.777 INFO:teuthology.orchestra.run.smithi016.stdout:/usr/bin/ceph: stderr
2023-08-25T08:33:32.289+0000 7fb209b40700 1 --2- 172.21.15.16:0/2070464932 >> [v2:172.21.15.16:6800/3465687002,v1:172.21.15.16:6801/3465687002] conn(0x7fb1f0038110 0x7fb1f003a5d0 secure :-1 s=READY pgs=9 cs=0 l=1 rev1=1 crypto rx=0x7fb1ec006fd0 tx=0x7fb1ec006e40 comp rx=0 tx=0).stop
2023-08-25T08:33:32.777 INFO:teuthology.orchestra.run.smithi016.stdout:/usr/bin/ceph: stderr
2023-08-25T08:33:32.289+0000 7fb209b40700 1 -- 172.21.15.16:0/2070464932 >> [v2:172.21.15.16:3300/0,v1:172.21.15.16:6789/0] conn(0x7fb204106ba0 msgr2=0x7fb204106500 secure :-1 s=STATE_CONNECTION_ESTABLISHED l=1).mark_down
2023-08-25T08:33:32.777 INFO:teuthology.orchestra.run.smithi016.stdout:/usr/bin/ceph: stderr
2023-08-25T08:33:32.289+0000 7fb209b40700 1 --2- 172.21.15.16:0/2070464932 >> [v2:172.21.15.16:3300/0,v1:172.21.15.16:6789/0] conn(0x7fb204106ba0 0x7fb204106500 secure :-1 s=READY pgs=42 cs=0 l=1 rev1=1 crypto rx=0x7fb1f4009130 tx=0x7fb1f4011ad0 comp rx=0 tx=0).stop
2023-08-25T08:33:32.777 INFO:teuthology.orchestra.run.smithi016.stdout:/usr/bin/ceph: stderr
2023-08-25T08:33:32.289+0000 7fb209b40700 1 -- 172.21.15.16:0/2070464932 shutdown_connections
2023-08-25T08:33:32.777 INFO:teuthology.orchestra.run.smithi016.stdout:/usr/bin/ceph: stderr
2023-08-25T08:33:32.289+0000 7fb209b40700 1 --2- 172.21.15.16:0/2070464932 >> [v2:172.21.15.16:6800/3465687002,v1:172.21.15.16:6801/3465687002] conn(0x7fb1f0038110 0x7fb1f003a5d0 unknown :-1 s=CLOSED pgs=9 cs=0 l=1 rev1=1 crypto rx=0 tx=0 comp rx=0 tx=0).stop
2023-08-25T08:33:32.778 INFO:teuthology.orchestra.run.smithi016.stdout:/usr/bin/ceph: stderr
2023-08-25T08:33:32.289+0000 7fb209b40700 1 --2- 172.21.15.16:0/2070464932 >> [v2:172.21.15.16:3300/0,v1:172.21.15.16:6789/0] conn(0x7fb204106ba0 0x7fb204106500 unknown :-1 s=CLOSED pgs=42 cs=0 l=1 rev1=1 crypto rx=0 tx=0 comp rx=0 tx=0).stop
2023-08-25T08:33:32.778 INFO:teuthology.orchestra.run.smithi016.stdout:/usr/bin/ceph: stderr
2023-08-25T08:33:32.289+0000 7fb209b40700 1 -- 172.21.15.16:0/2070464932 >> 172.21.15.16:0/2070464932 conn(0x7fb204100590 msgr2=0x7fb204101c60 unknown :-1 s=STATE_NONE l=0).mark_down
2023-08-25T08:33:32.778 INFO:teuthology.orchestra.run.smithi016.stdout:/usr/bin/ceph: stderr
2023-08-25T08:33:32.289+0000 7fb209b40700 1 -- 172.21.15.16:0/2070464932 shutdown_connections
2023-08-25T08:33:32.778 INFO:teuthology.orchestra.run.smithi016.stdout:/usr/bin/ceph: stderr
2023-08-25T08:33:32.289+0000 7fb209b40700 1 -- 172.21.15.16:0/2070464932 wait complete.
2023-08-25T08:33:33.647 INFO:journalctl@ceph.mon.a.smithi016.stdout:Aug 25 08:33:33 smithi016 ceph-mon[98651]: from='mgr.14120 172.21.15.16:0/2204991629' entity='mgr.x'
2023-08-25T08:33:33.647 INFO:journalctl@ceph.mon.a.smithi016.stdout:Aug 25 08:33:33 smithi016 ceph-mon[98651]: from='mgr.14120 172.21.15.16:0/2204991629' entity='mgr.x'
2023-08-25T08:33:34.013 INFO:teuthology.orchestra.run.smithi016.stdout:/usr/bin/ceph: stdout ssh-rsa AAAAB3NzaC1yc2EAAAADAQABAAABgQDLRhC+w2zRHTLhdh3xYg35hosO2MTNwJ/TIEd0K9wi0hnGMC9zhWtAJ8Ill7gIJG2EtUZ6o5Y/bvbdCd0LpL/DaU2ZD9gv9xh2oIrBl5zfgFsDBVoNFdFZ2NzWEEcCZ1d95yU4YZFfLrItralZGcsicCoIs23K/ObKaYlw8y/2zJffF1SWq2/WZEMRS8nphu6Y6LTj/fAhP8RJiSUUtv7CfDvArh2zmFQV5qEp41bCrDEknT9l3awqSZP9NJs2Hu9eEnsMHfI/+Exi8eSWFHw80zGAgs0s/2/a1pausBmxyKFyQqHjdAvk2iZWVoPKLxhcWqNVf+TrybEMBgxJMIIJWa61WvJaPr08oqDWZ7El2V1hqYCSS2M5+C2eya2LIfNnS0IRV9JW7lgy10nxvjGbk3Dhsd0sM0fZllEW+/Y7ikYQy97P2qivG1AbIKMBNLIfp1f8tRG8uHnQ7JWUWDh9Ti+qYr5W4M1IT8kmL2jQ/PzwD4tIoZQS7/LCu+OV2zc= ceph-dc90e1ca-4321-11ee-9b3d-001a4aab830c
2023-08-25T08:33:34.018 INFO:teuthology.orchestra.run.smithi016.stdout:/usr/bin/ceph: stderr
2023-08-25T08:33:33.248+0000 7f742bf42700 1 Processor -- start
2023-08-25T08:33:34.018 INFO:teuthology.orchestra.run.smithi016.stdout:/usr/bin/ceph: stderr
2023-08-25T08:33:33.248+0000 7f742bf42700 1 -- start start
2023-08-25T08:33:34.018 INFO:teuthology.orchestra.run.smithi016.stdout:/usr/bin/ceph: stderr
2023-08-25T08:33:33.248+0000 7f742bf42700 1 --2- >> [v2:172.21.15.16:3300/0,v1:172.21.15.16:6789/0] conn(0x7f7424106b80 0x7f7424108f70 unknown :-1 s=NONE pgs=0 cs=0 l=0 rev1=0 crypto rx=0 tx=0 comp rx=0 tx=0).connect
2023-08-25T08:33:34.019 INFO:teuthology.orchestra.run.smithi016.stdout:/usr/bin/ceph: stderr
2023-08-25T08:33:33.248+0000 7f742bf42700 1 -- --> [v2:172.21.15.16:3300/0,v1:172.21.15.16:6789/0] -- mon_getmap magic: 0 v1 -- 0x7f7424079e90 con 0x7f7424106b80
2023-08-25T08:33:34.019 INFO:teuthology.orchestra.run.smithi016.stdout:/usr/bin/ceph: stderr
2023-08-25T08:33:33.248+0000 7f7429cde700 1 --2- >> [v2:172.21.15.16:3300/0,v1:172.21.15.16:6789/0] conn(0x7f7424106b80 0x7f7424108f70 unknown :-1 s=BANNER_CONNECTING pgs=0 cs=0 l=0 rev1=0 crypto rx=0 tx=0 comp rx=0 tx=0)._handle_peer_banner_payload supported=3 required=0
2023-08-25T08:33:34.019 INFO:teuthology.orchestra.run.smithi016.stdout:/usr/bin/ceph: stderr
2023-08-25T08:33:33.248+0000 7f7429cde700 1 --2- >> [v2:172.21.15.16:3300/0,v1:172.21.15.16:6789/0] conn(0x7f7424106b80 0x7f7424108f70 unknown :-1 s=HELLO_CONNECTING pgs=0 cs=0 l=0 rev1=1 crypto rx=0 tx=0 comp rx=0 tx=0).handle_hello peer v2:172.21.15.16:3300/0 says I am v2:172.21.15.16:42860/0 (socket says 172.21.15.16:42860)
2023-08-25T08:33:34.019 INFO:teuthology.orchestra.run.smithi016.stdout:/usr/bin/ceph: stderr
2023-08-25T08:33:33.248+0000 7f7429cde700 1 -- 172.21.15.16:0/651788263 learned_addr learned my addr 172.21.15.16:0/651788263 (peer_addr_for_me v2:172.21.15.16:0/0)
2023-08-25T08:33:34.019 INFO:teuthology.orchestra.run.smithi016.stdout:/usr/bin/ceph: stderr
2023-08-25T08:33:33.249+0000 7f7429cde700 1 -- 172.21.15.16:0/651788263 --> [v2:172.21.15.16:3300/0,v1:172.21.15.16:6789/0] -- mon_subscribe({config=0+,monmap=0+}) v3 -- 0x7f74241094b0 con 0x7f7424106b80
2023-08-25T08:33:34.020 INFO:teuthology.orchestra.run.smithi016.stdout:/usr/bin/ceph: stderr
2023-08-25T08:33:33.249+0000 7f7429cde700 1 --2- 172.21.15.16:0/651788263 >> [v2:172.21.15.16:3300/0,v1:172.21.15.16:6789/0] conn(0x7f7424106b80 0x7f7424108f70 secure :-1 s=READY pgs=43 cs=0 l=1 rev1=1 crypto rx=0x7f74200098a0 tx=0x7f7420009bb0 comp rx=0 tx=0).ready entity=mon.0 client_cookie=d2480022a0e519a8 server_cookie=0 in_seq=0 out_seq=0
2023-08-25T08:33:34.020 INFO:teuthology.orchestra.run.smithi016.stdout:/usr/bin/ceph: stderr
2023-08-25T08:33:33.249+0000 7f7428cdc700 1 -- 172.21.15.16:0/651788263 <== mon.0 v2:172.21.15.16:3300/0 1 ==== mon_map magic: 0 v1 ==== 205+0+0 (secure 0 0 0) 0x7f7420004160 con 0x7f7424106b80
2023-08-25T08:33:34.020 INFO:teuthology.orchestra.run.smithi016.stdout:/usr/bin/ceph: stderr
2023-08-25T08:33:33.249+0000 7f7428cdc700 1 -- 172.21.15.16:0/651788263 <== mon.0 v2:172.21.15.16:3300/0 2 ==== config(26 keys) v1 ==== 1074+0+0 (secure 0 0 0) 0x7f74200042c0 con 0x7f7424106b80
2023-08-25T08:33:34.020 INFO:teuthology.orchestra.run.smithi016.stdout:/usr/bin/ceph: stderr
2023-08-25T08:33:33.249+0000 7f7428cdc700 1 -- 172.21.15.16:0/651788263 <== mon.0 v2:172.21.15.16:3300/0 3 ==== mon_map magic: 0 v1 ==== 205+0+0 (secure 0 0 0) 0x7f7420011a00 con 0x7f7424106b80
2023-08-25T08:33:34.020 INFO:teuthology.orchestra.run.smithi016.stdout:/usr/bin/ceph: stderr
2023-08-25T08:33:33.250+0000 7f742bf42700 1 -- 172.21.15.16:0/651788263 >> [v2:172.21.15.16:3300/0,v1:172.21.15.16:6789/0] conn(0x7f7424106b80 msgr2=0x7f7424108f70 secure :-1 s=STATE_CONNECTION_ESTABLISHED l=1).mark_down
2023-08-25T08:33:34.020 INFO:teuthology.orchestra.run.smithi016.stdout:/usr/bin/ceph: stderr
2023-08-25T08:33:33.250+0000 7f742bf42700 1 --2- 172.21.15.16:0/651788263 >> [v2:172.21.15.16:3300/0,v1:172.21.15.16:6789/0] conn(0x7f7424106b80 0x7f7424108f70 secure :-1 s=READY pgs=43 cs=0 l=1 rev1=1 crypto rx=0x7f74200098a0 tx=0x7f7420009bb0 comp rx=0 tx=0).stop
2023-08-25T08:33:34.020 INFO:teuthology.orchestra.run.smithi016.stdout:/usr/bin/ceph: stderr
2023-08-25T08:33:33.250+0000 7f742bf42700 1 -- 172.21.15.16:0/651788263 shutdown_connections
2023-08-25T08:33:34.021 INFO:teuthology.orchestra.run.smithi016.stdout:/usr/bin/ceph: stderr
