2023-08-25T08:33:33.250+0000 7f742bf42700 1 --2- 172.21.15.16:0/651788263 >> [v2:172.21.15.16:3300/0,v1:172.21.15.16:6789/0] conn(0x7f7424106b80 0x7f7424108f70 unknown :-1 s=CLOSED pgs=43 cs=0 l=1 rev1=1 crypto rx=0 tx=0 comp rx=0 tx=0).stop
2023-08-25T08:33:34.021 INFO:teuthology.orchestra.run.smithi016.stdout:/usr/bin/ceph: stderr
2023-08-25T08:33:33.250+0000 7f742bf42700 1 -- 172.21.15.16:0/651788263 >> 172.21.15.16:0/651788263 conn(0x7f7424100590 msgr2=0x7f74241029b0 unknown :-1 s=STATE_NONE l=0).mark_down
2023-08-25T08:33:34.021 INFO:teuthology.orchestra.run.smithi016.stdout:/usr/bin/ceph: stderr
2023-08-25T08:33:33.250+0000 7f742bf42700 1 -- 172.21.15.16:0/651788263 shutdown_connections
2023-08-25T08:33:34.021 INFO:teuthology.orchestra.run.smithi016.stdout:/usr/bin/ceph: stderr
2023-08-25T08:33:33.250+0000 7f742bf42700 1 -- 172.21.15.16:0/651788263 wait complete.
2023-08-25T08:33:34.021 INFO:teuthology.orchestra.run.smithi016.stdout:/usr/bin/ceph: stderr
2023-08-25T08:33:33.250+0000 7f742bf42700 1 Processor -- start
2023-08-25T08:33:34.021 INFO:teuthology.orchestra.run.smithi016.stdout:/usr/bin/ceph: stderr
2023-08-25T08:33:33.250+0000 7f742bf42700 1 -- start start
2023-08-25T08:33:34.021 INFO:teuthology.orchestra.run.smithi016.stdout:/usr/bin/ceph: stderr
2023-08-25T08:33:33.251+0000 7f742bf42700 1 --2- >> [v2:172.21.15.16:3300/0,v1:172.21.15.16:6789/0] conn(0x7f7424106b80 0x7f74241064e0 unknown :-1 s=NONE pgs=0 cs=0 l=1 rev1=0 crypto rx=0 tx=0 comp rx=0 tx=0).connect
2023-08-25T08:33:34.021 INFO:teuthology.orchestra.run.smithi016.stdout:/usr/bin/ceph: stderr
2023-08-25T08:33:33.251+0000 7f742bf42700 1 -- --> [v2:172.21.15.16:3300/0,v1:172.21.15.16:6789/0] -- mon_getmap magic: 0 v1 -- 0x7f7424106a20 con 0x7f7424106b80
2023-08-25T08:33:34.022 INFO:teuthology.orchestra.run.smithi016.stdout:/usr/bin/ceph: stderr
2023-08-25T08:33:33.251+0000 7f7429cde700 1 --2- >> [v2:172.21.15.16:3300/0,v1:172.21.15.16:6789/0] conn(0x7f7424106b80 0x7f74241064e0 unknown :-1 s=BANNER_CONNECTING pgs=0 cs=0 l=1 rev1=0 crypto rx=0 tx=0 comp rx=0 tx=0)._handle_peer_banner_payload supported=3 required=0
2023-08-25T08:33:34.022 INFO:teuthology.orchestra.run.smithi016.stdout:/usr/bin/ceph: stderr
2023-08-25T08:33:33.251+0000 7f7429cde700 1 --2- >> [v2:172.21.15.16:3300/0,v1:172.21.15.16:6789/0] conn(0x7f7424106b80 0x7f74241064e0 unknown :-1 s=HELLO_CONNECTING pgs=0 cs=0 l=1 rev1=1 crypto rx=0 tx=0 comp rx=0 tx=0).handle_hello peer v2:172.21.15.16:3300/0 says I am v2:172.21.15.16:42862/0 (socket says 172.21.15.16:42862)
2023-08-25T08:33:34.022 INFO:teuthology.orchestra.run.smithi016.stdout:/usr/bin/ceph: stderr
2023-08-25T08:33:33.251+0000 7f7429cde700 1 -- 172.21.15.16:0/3579013761 learned_addr learned my addr 172.21.15.16:0/3579013761 (peer_addr_for_me v2:172.21.15.16:0/0)
2023-08-25T08:33:34.022 INFO:teuthology.orchestra.run.smithi016.stdout:/usr/bin/ceph: stderr
2023-08-25T08:33:33.251+0000 7f7429cde700 1 -- 172.21.15.16:0/3579013761 --> [v2:172.21.15.16:3300/0,v1:172.21.15.16:6789/0] -- mon_subscribe({config=0+,monmap=0+}) v3 -- 0x7f7420009550 con 0x7f7424106b80
2023-08-25T08:33:34.022 INFO:teuthology.orchestra.run.smithi016.stdout:/usr/bin/ceph: stderr
2023-08-25T08:33:33.251+0000 7f7429cde700 1 --2- 172.21.15.16:0/3579013761 >> [v2:172.21.15.16:3300/0,v1:172.21.15.16:6789/0] conn(0x7f7424106b80 0x7f74241064e0 secure :-1 s=READY pgs=44 cs=0 l=1 rev1=1 crypto rx=0x7f7420009130 tx=0x7f7420011ad0 comp rx=0 tx=0).ready entity=mon.0 client_cookie=0 server_cookie=0 in_seq=0 out_seq=0
2023-08-25T08:33:34.022 INFO:teuthology.orchestra.run.smithi016.stdout:/usr/bin/ceph: stderr
2023-08-25T08:33:33.251+0000 7f741affd700 1 -- 172.21.15.16:0/3579013761 <== mon.0 v2:172.21.15.16:3300/0 1 ==== mon_map magic: 0 v1 ==== 205+0+0 (secure 0 0 0) 0x7f7420003b70 con 0x7f7424106b80
2023-08-25T08:33:34.023 INFO:teuthology.orchestra.run.smithi016.stdout:/usr/bin/ceph: stderr
2023-08-25T08:33:33.251+0000 7f741affd700 1 -- 172.21.15.16:0/3579013761 <== mon.0 v2:172.21.15.16:3300/0 2 ==== config(26 keys) v1 ==== 1074+0+0 (secure 0 0 0) 0x7f7420003cd0 con 0x7f7424106b80
2023-08-25T08:33:34.023 INFO:teuthology.orchestra.run.smithi016.stdout:/usr/bin/ceph: stderr
2023-08-25T08:33:33.251+0000 7f742bf42700 1 -- 172.21.15.16:0/3579013761 --> [v2:172.21.15.16:3300/0,v1:172.21.15.16:6789/0] -- mon_subscribe({mgrmap=0+}) v3 -- 0x7f7424104b30 con 0x7f7424106b80
2023-08-25T08:33:34.023 INFO:teuthology.orchestra.run.smithi016.stdout:/usr/bin/ceph: stderr
2023-08-25T08:33:33.251+0000 7f741affd700 1 -- 172.21.15.16:0/3579013761 <== mon.0 v2:172.21.15.16:3300/0 3 ==== mon_map magic: 0 v1 ==== 205+0+0 (secure 0 0 0) 0x7f74200197d0 con 0x7f7424106b80
2023-08-25T08:33:34.023 INFO:teuthology.orchestra.run.smithi016.stdout:/usr/bin/ceph: stderr
2023-08-25T08:33:33.251+0000 7f742bf42700 1 -- 172.21.15.16:0/3579013761 --> [v2:172.21.15.16:3300/0,v1:172.21.15.16:6789/0] -- mon_subscribe({osdmap=0}) v3 -- 0x7f7424104f50 con 0x7f7424106b80
2023-08-25T08:33:34.023 INFO:teuthology.orchestra.run.smithi016.stdout:/usr/bin/ceph: stderr
2023-08-25T08:33:33.252+0000 7f742bf42700 1 -- 172.21.15.16:0/3579013761 --> [v2:172.21.15.16:3300/0,v1:172.21.15.16:6789/0] -- mon_command({"prefix": "get_command_descriptions"} v 0) v1 -- 0x7f742410a250 con 0x7f7424106b80
2023-08-25T08:33:34.023 INFO:teuthology.orchestra.run.smithi016.stdout:/usr/bin/ceph: stderr
2023-08-25T08:33:33.253+0000 7f741affd700 1 -- 172.21.15.16:0/3579013761 <== mon.0 v2:172.21.15.16:3300/0 4 ==== mgrmap(e 8) v1 ==== 45135+0+0 (secure 0 0 0) 0x7f742001abb0 con 0x7f7424106b80
2023-08-25T08:33:34.023 INFO:teuthology.orchestra.run.smithi016.stdout:/usr/bin/ceph: stderr
2023-08-25T08:33:33.253+0000 7f741affd700 1 --2- 172.21.15.16:0/3579013761 >> [v2:172.21.15.16:6800/3465687002,v1:172.21.15.16:6801/3465687002] conn(0x7f7410038110 0x7f741003a5d0 unknown :-1 s=NONE pgs=0 cs=0 l=1 rev1=0 crypto rx=0 tx=0 comp rx=0 tx=0).connect
2023-08-25T08:33:34.024 INFO:teuthology.orchestra.run.smithi016.stdout:/usr/bin/ceph: stderr
2023-08-25T08:33:33.253+0000 7f741affd700 1 -- 172.21.15.16:0/3579013761 <== mon.0 v2:172.21.15.16:3300/0 5 ==== osd_map(2..2 src has 1..2) v4 ==== 940+0+0 (secure 0 0 0) 0x7f742004c390 con 0x7f7424106b80
2023-08-25T08:33:34.024 INFO:teuthology.orchestra.run.smithi016.stdout:/usr/bin/ceph: stderr
2023-08-25T08:33:33.253+0000 7f74294dd700 1 --2- 172.21.15.16:0/3579013761 >> [v2:172.21.15.16:6800/3465687002,v1:172.21.15.16:6801/3465687002] conn(0x7f7410038110 0x7f741003a5d0 unknown :-1 s=BANNER_CONNECTING pgs=0 cs=0 l=1 rev1=0 crypto rx=0 tx=0 comp rx=0 tx=0)._handle_peer_banner_payload supported=3 required=0
2023-08-25T08:33:34.024 INFO:teuthology.orchestra.run.smithi016.stdout:/usr/bin/ceph: stderr
2023-08-25T08:33:33.254+0000 7f74294dd700 1 --2- 172.21.15.16:0/3579013761 >> [v2:172.21.15.16:6800/3465687002,v1:172.21.15.16:6801/3465687002] conn(0x7f7410038110 0x7f741003a5d0 secure :-1 s=READY pgs=10 cs=0 l=1 rev1=1 crypto rx=0x7f7414006fd0 tx=0x7f7414006e40 comp rx=0 tx=0).ready entity=mgr.14120 client_cookie=0 server_cookie=0 in_seq=0 out_seq=0
2023-08-25T08:33:34.024 INFO:teuthology.orchestra.run.smithi016.stdout:/usr/bin/ceph: stderr
2023-08-25T08:33:33.258+0000 7f741affd700 1 -- 172.21.15.16:0/3579013761 <== mon.0 v2:172.21.15.16:3300/0 6 ==== mon_command_ack([{"prefix": "get_command_descriptions"}]=0 v0) v1 ==== 72+0+179682 (secure 0 0 0) 0x7f742001a430 con 0x7f7424106b80
2023-08-25T08:33:34.024 INFO:teuthology.orchestra.run.smithi016.stdout:/usr/bin/ceph: stderr
2023-08-25T08:33:33.622+0000 7f742bf42700 1 -- 172.21.15.16:0/3579013761 --> [v2:172.21.15.16:6800/3465687002,v1:172.21.15.16:6801/3465687002] -- mgr_command(tid 0: {"prefix": "cephadm get-pub-key", "target": ["mon-mgr", ""]}) v1 -- 0x7f74241056c0 con 0x7f7410038110
2023-08-25T08:33:34.024 INFO:teuthology.orchestra.run.smithi016.stdout:/usr/bin/ceph: stderr
2023-08-25T08:33:33.623+0000 7f741affd700 1 -- 172.21.15.16:0/3579013761 <== mgr.14120 v2:172.21.15.16:6800/3465687002 1 ==== mgr_command_reply(tid 0: 0 ) v1 ==== 8+0+595 (secure 0 0 0) 0x7f74241056c0 con 0x7f7410038110
2023-08-25T08:33:34.024 INFO:teuthology.orchestra.run.smithi016.stdout:/usr/bin/ceph: stderr
2023-08-25T08:33:33.625+0000 7f742bf42700 1 -- 172.21.15.16:0/3579013761 >> [v2:172.21.15.16:6800/3465687002,v1:172.21.15.16:6801/3465687002] conn(0x7f7410038110 msgr2=0x7f741003a5d0 secure :-1 s=STATE_CONNECTION_ESTABLISHED l=1).mark_down
2023-08-25T08:33:34.025 INFO:teuthology.orchestra.run.smithi016.stdout:/usr/bin/ceph: stderr
2023-08-25T08:33:33.625+0000 7f742bf42700 1 --2- 172.21.15.16:0/3579013761 >> [v2:172.21.15.16:6800/3465687002,v1:172.21.15.16:6801/3465687002] conn(0x7f7410038110 0x7f741003a5d0 secure :-1 s=READY pgs=10 cs=0 l=1 rev1=1 crypto rx=0x7f7414006fd0 tx=0x7f7414006e40 comp rx=0 tx=0).stop
2023-08-25T08:33:34.025 INFO:teuthology.orchestra.run.smithi016.stdout:/usr/bin/ceph: stderr
2023-08-25T08:33:33.625+0000 7f742bf42700 1 -- 172.21.15.16:0/3579013761 >> [v2:172.21.15.16:3300/0,v1:172.21.15.16:6789/0] conn(0x7f7424106b80 msgr2=0x7f74241064e0 secure :-1 s=STATE_CONNECTION_ESTABLISHED l=1).mark_down
2023-08-25T08:33:34.025 INFO:teuthology.orchestra.run.smithi016.stdout:/usr/bin/ceph: stderr
2023-08-25T08:33:33.625+0000 7f742bf42700 1 --2- 172.21.15.16:0/3579013761 >> [v2:172.21.15.16:3300/0,v1:172.21.15.16:6789/0] conn(0x7f7424106b80 0x7f74241064e0 secure :-1 s=READY pgs=44 cs=0 l=1 rev1=1 crypto rx=0x7f7420009130 tx=0x7f7420011ad0 comp rx=0 tx=0).stop
2023-08-25T08:33:34.025 INFO:teuthology.orchestra.run.smithi016.stdout:/usr/bin/ceph: stderr
2023-08-25T08:33:33.625+0000 7f742bf42700 1 -- 172.21.15.16:0/3579013761 shutdown_connections
2023-08-25T08:33:34.025 INFO:teuthology.orchestra.run.smithi016.stdout:/usr/bin/ceph: stderr
2023-08-25T08:33:33.625+0000 7f742bf42700 1 --2- 172.21.15.16:0/3579013761 >> [v2:172.21.15.16:6800/3465687002,v1:172.21.15.16:6801/3465687002] conn(0x7f7410038110 0x7f741003a5d0 unknown :-1 s=CLOSED pgs=10 cs=0 l=1 rev1=1 crypto rx=0 tx=0 comp rx=0 tx=0).stop
2023-08-25T08:33:34.025 INFO:teuthology.orchestra.run.smithi016.stdout:/usr/bin/ceph: stderr
2023-08-25T08:33:33.625+0000 7f742bf42700 1 --2- 172.21.15.16:0/3579013761 >> [v2:172.21.15.16:3300/0,v1:172.21.15.16:6789/0] conn(0x7f7424106b80 0x7f74241064e0 unknown :-1 s=CLOSED pgs=44 cs=0 l=1 rev1=1 crypto rx=0 tx=0 comp rx=0 tx=0).stop
2023-08-25T08:33:34.025 INFO:teuthology.orchestra.run.smithi016.stdout:/usr/bin/ceph: stderr
2023-08-25T08:33:33.625+0000 7f742bf42700 1 -- 172.21.15.16:0/3579013761 >> 172.21.15.16:0/3579013761 conn(0x7f7424100590 msgr2=0x7f7424101c50 unknown :-1 s=STATE_NONE l=0).mark_down
2023-08-25T08:33:34.026 INFO:teuthology.orchestra.run.smithi016.stdout:/usr/bin/ceph: stderr
2023-08-25T08:33:33.625+0000 7f742bf42700 1 -- 172.21.15.16:0/3579013761 shutdown_connections
2023-08-25T08:33:34.026 INFO:teuthology.orchestra.run.smithi016.stdout:/usr/bin/ceph: stderr
2023-08-25T08:33:33.625+0000 7f742bf42700 1 -- 172.21.15.16:0/3579013761 wait complete.
2023-08-25T08:33:34.026 INFO:teuthology.orchestra.run.smithi016.stdout:Wrote public SSH key to /home/ubuntu/cephtest/ceph.pub
2023-08-25T08:33:34.026 INFO:teuthology.orchestra.run.smithi016.stdout:Adding key to root@localhost authorized_keys...
2023-08-25T08:33:34.026 INFO:teuthology.orchestra.run.smithi016.stdout:Adding host smithi016...
2023-08-25T08:33:34.748 INFO:journalctl@ceph.mon.a.smithi016.stdout:Aug 25 08:33:34 smithi016 ceph-mon[98651]: from='client.14138 -' entity='client.admin' cmd=[{"prefix": "cephadm get-pub-key", "target": ["mon-mgr", ""]}]: dispatch
2023-08-25T08:33:35.998 INFO:journalctl@ceph.mon.a.smithi016.stdout:Aug 25 08:33:35 smithi016 ceph-mon[98651]: from='client.14140 -' entity='client.admin' cmd=[{"prefix": "orch host add", "hostname": "smithi016", "addr": "172.21.15.16", "target": ["mon-mgr", ""]}]: dispatch
2023-08-25T08:33:35.998 INFO:journalctl@ceph.mon.a.smithi016.stdout:Aug 25 08:33:35 smithi016 ceph-mon[98651]: Deploying cephadm binary to smithi016
2023-08-25T08:33:38.173 INFO:teuthology.orchestra.run.smithi016.stdout:/usr/bin/ceph: stdout Added host 'smithi016' with addr '172.21.15.16'
2023-08-25T08:33:38.173 INFO:teuthology.orchestra.run.smithi016.stdout:/usr/bin/ceph: stderr
2023-08-25T08:33:34.508+0000 7f4751f38700 1 Processor -- start
2023-08-25T08:33:38.174 INFO:teuthology.orchestra.run.smithi016.stdout:/usr/bin/ceph: stderr
2023-08-25T08:33:34.508+0000 7f4751f38700 1 -- start start
2023-08-25T08:33:38.174 INFO:teuthology.orchestra.run.smithi016.stdout:/usr/bin/ceph: stderr
2023-08-25T08:33:34.508+0000 7f4751f38700 1 --2- >> [v2:172.21.15.16:3300/0,v1:172.21.15.16:6789/0] conn(0x7f474c104740 0x7f474c104b60 unknown :-1 s=NONE pgs=0 cs=0 l=0 rev1=0 crypto rx=0 tx=0 comp rx=0 tx=0).connect
2023-08-25T08:33:38.174 INFO:teuthology.orchestra.run.smithi016.stdout:/usr/bin/ceph: stderr
2023-08-25T08:33:34.508+0000 7f4751f38700 1 -- --> [v2:172.21.15.16:3300/0,v1:172.21.15.16:6789/0] -- mon_getmap magic: 0 v1 -- 0x7f474c105130 con 0x7f474c104740
2023-08-25T08:33:38.174 INFO:teuthology.orchestra.run.smithi016.stdout:/usr/bin/ceph: stderr
2023-08-25T08:33:34.509+0000 7f474b7fe700 1 --2- >> [v2:172.21.15.16:3300/0,v1:172.21.15.16:6789/0] conn(0x7f474c104740 0x7f474c104b60 unknown :-1 s=BANNER_CONNECTING pgs=0 cs=0 l=0 rev1=0 crypto rx=0 tx=0 comp rx=0 tx=0)._handle_peer_banner_payload supported=3 required=0
2023-08-25T08:33:38.174 INFO:teuthology.orchestra.run.smithi016.stdout:/usr/bin/ceph: stderr
2023-08-25T08:33:34.509+0000 7f474b7fe700 1 --2- >> [v2:172.21.15.16:3300/0,v1:172.21.15.16:6789/0] conn(0x7f474c104740 0x7f474c104b60 unknown :-1 s=HELLO_CONNECTING pgs=0 cs=0 l=0 rev1=1 crypto rx=0 tx=0 comp rx=0 tx=0).handle_hello peer v2:172.21.15.16:3300/0 says I am v2:172.21.15.16:42866/0 (socket says 172.21.15.16:42866)
2023-08-25T08:33:38.174 INFO:teuthology.orchestra.run.smithi016.stdout:/usr/bin/ceph: stderr
2023-08-25T08:33:34.509+0000 7f474b7fe700 1 -- 172.21.15.16:0/1030825100 learned_addr learned my addr 172.21.15.16:0/1030825100 (peer_addr_for_me v2:172.21.15.16:0/0)
2023-08-25T08:33:38.175 INFO:teuthology.orchestra.run.smithi016.stdout:/usr/bin/ceph: stderr
2023-08-25T08:33:34.509+0000 7f474b7fe700 1 -- 172.21.15.16:0/1030825100 --> [v2:172.21.15.16:3300/0,v1:172.21.15.16:6789/0] -- mon_subscribe({config=0+,monmap=0+}) v3 -- 0x7f474c105940 con 0x7f474c104740
2023-08-25T08:33:38.175 INFO:teuthology.orchestra.run.smithi016.stdout:/usr/bin/ceph: stderr
2023-08-25T08:33:34.509+0000 7f474b7fe700 1 --2- 172.21.15.16:0/1030825100 >> [v2:172.21.15.16:3300/0,v1:172.21.15.16:6789/0] conn(0x7f474c104740 0x7f474c104b60 secure :-1 s=READY pgs=45 cs=0 l=1 rev1=1 crypto rx=0x7f473c0098a0 tx=0x7f473c009bb0 comp rx=0 tx=0).ready entity=mon.0 client_cookie=49c976e7ec166959 server_cookie=0 in_seq=0 out_seq=0
2023-08-25T08:33:38.175 INFO:teuthology.orchestra.run.smithi016.stdout:/usr/bin/ceph: stderr
2023-08-25T08:33:34.509+0000 7f474a7fc700 1 -- 172.21.15.16:0/1030825100 <== mon.0 v2:172.21.15.16:3300/0 1 ==== mon_map magic: 0 v1 ==== 205+0+0 (secure 0 0 0) 0x7f473c004160 con 0x7f474c104740
2023-08-25T08:33:38.175 INFO:teuthology.orchestra.run.smithi016.stdout:/usr/bin/ceph: stderr
2023-08-25T08:33:34.509+0000 7f474a7fc700 1 -- 172.21.15.16:0/1030825100 <== mon.0 v2:172.21.15.16:3300/0 2 ==== config(26 keys) v1 ==== 1074+0+0 (secure 0 0 0) 0x7f473c0042c0 con 0x7f474c104740
2023-08-25T08:33:38.175 INFO:teuthology.orchestra.run.smithi016.stdout:/usr/bin/ceph: stderr
2023-08-25T08:33:34.509+0000 7f474a7fc700 1 -- 172.21.15.16:0/1030825100 <== mon.0 v2:172.21.15.16:3300/0 3 ==== mon_map magic: 0 v1 ==== 205+0+0 (secure 0 0 0) 0x7f473c011a00 con 0x7f474c104740
2023-08-25T08:33:38.175 INFO:teuthology.orchestra.run.smithi016.stdout:/usr/bin/ceph: stderr
2023-08-25T08:33:34.510+0000 7f4751f38700 1 -- 172.21.15.16:0/1030825100 >> [v2:172.21.15.16:3300/0,v1:172.21.15.16:6789/0] conn(0x7f474c104740 msgr2=0x7f474c104b60 secure :-1 s=STATE_CONNECTION_ESTABLISHED l=1).mark_down
2023-08-25T08:33:38.175 INFO:teuthology.orchestra.run.smithi016.stdout:/usr/bin/ceph: stderr
2023-08-25T08:33:34.510+0000 7f4751f38700 1 --2- 172.21.15.16:0/1030825100 >> [v2:172.21.15.16:3300/0,v1:172.21.15.16:6789/0] conn(0x7f474c104740 0x7f474c104b60 secure :-1 s=READY pgs=45 cs=0 l=1 rev1=1 crypto rx=0x7f473c0098a0 tx=0x7f473c009bb0 comp rx=0 tx=0).stop
2023-08-25T08:33:38.176 INFO:teuthology.orchestra.run.smithi016.stdout:/usr/bin/ceph: stderr
2023-08-25T08:33:34.510+0000 7f4751f38700 1 -- 172.21.15.16:0/1030825100 shutdown_connections
2023-08-25T08:33:38.176 INFO:teuthology.orchestra.run.smithi016.stdout:/usr/bin/ceph: stderr
2023-08-25T08:33:34.510+0000 7f4751f38700 1 --2- 172.21.15.16:0/1030825100 >> [v2:172.21.15.16:3300/0,v1:172.21.15.16:6789/0] conn(0x7f474c104740 0x7f474c104b60 unknown :-1 s=CLOSED pgs=45 cs=0 l=1 rev1=1 crypto rx=0 tx=0 comp rx=0 tx=0).stop
2023-08-25T08:33:38.176 INFO:teuthology.orchestra.run.smithi016.stdout:/usr/bin/ceph: stderr
2023-08-25T08:33:34.510+0000 7f4751f38700 1 -- 172.21.15.16:0/1030825100 >> 172.21.15.16:0/1030825100 conn(0x7f474c0ffd20 msgr2=0x7f474c102140 unknown :-1 s=STATE_NONE l=0).mark_down
2023-08-25T08:33:38.176 INFO:teuthology.orchestra.run.smithi016.stdout:/usr/bin/ceph: stderr
2023-08-25T08:33:34.510+0000 7f4751f38700 1 -- 172.21.15.16:0/1030825100 shutdown_connections
2023-08-25T08:33:38.176 INFO:teuthology.orchestra.run.smithi016.stdout:/usr/bin/ceph: stderr
2023-08-25T08:33:34.510+0000 7f4751f38700 1 -- 172.21.15.16:0/1030825100 wait complete.
2023-08-25T08:33:38.176 INFO:teuthology.orchestra.run.smithi016.stdout:/usr/bin/ceph: stderr
2023-08-25T08:33:34.511+0000 7f4751f38700 1 Processor -- start
2023-08-25T08:33:38.177 INFO:teuthology.orchestra.run.smithi016.stdout:/usr/bin/ceph: stderr
2023-08-25T08:33:34.511+0000 7f4751f38700 1 -- start start
2023-08-25T08:33:38.177 INFO:teuthology.orchestra.run.smithi016.stdout:/usr/bin/ceph: stderr
2023-08-25T08:33:34.511+0000 7f4751f38700 1 --2- >> [v2:172.21.15.16:3300/0,v1:172.21.15.16:6789/0] conn(0x7f474c104740 0x7f474c199e30 unknown :-1 s=NONE pgs=0 cs=0 l=1 rev1=0 crypto rx=0 tx=0 comp rx=0 tx=0).connect
2023-08-25T08:33:38.177 INFO:teuthology.orchestra.run.smithi016.stdout:/usr/bin/ceph: stderr
2023-08-25T08:33:34.511+0000 7f4751f38700 1 -- --> [v2:172.21.15.16:3300/0,v1:172.21.15.16:6789/0] -- mon_getmap magic: 0 v1 -- 0x7f474c19a370 con 0x7f474c104740
2023-08-25T08:33:38.177 INFO:teuthology.orchestra.run.smithi016.stdout:/usr/bin/ceph: stderr
2023-08-25T08:33:34.511+0000 7f474b7fe700 1 --2- >> [v2:172.21.15.16:3300/0,v1:172.21.15.16:6789/0] conn(0x7f474c104740 0x7f474c199e30 unknown :-1 s=BANNER_CONNECTING pgs=0 cs=0 l=1 rev1=0 crypto rx=0 tx=0 comp rx=0 tx=0)._handle_peer_banner_payload supported=3 required=0
2023-08-25T08:33:38.178 INFO:teuthology.orchestra.run.smithi016.stdout:/usr/bin/ceph: stderr
2023-08-25T08:33:34.511+0000 7f474b7fe700 1 --2- >> [v2:172.21.15.16:3300/0,v1:172.21.15.16:6789/0] conn(0x7f474c104740 0x7f474c199e30 unknown :-1 s=HELLO_CONNECTING pgs=0 cs=0 l=1 rev1=1 crypto rx=0 tx=0 comp rx=0 tx=0).handle_hello peer v2:172.21.15.16:3300/0 says I am v2:172.21.15.16:42868/0 (socket says 172.21.15.16:42868)
2023-08-25T08:33:38.178 INFO:teuthology.orchestra.run.smithi016.stdout:/usr/bin/ceph: stderr
2023-08-25T08:33:34.511+0000 7f474b7fe700 1 -- 172.21.15.16:0/1074963326 learned_addr learned my addr 172.21.15.16:0/1074963326 (peer_addr_for_me v2:172.21.15.16:0/0)
2023-08-25T08:33:38.178 INFO:teuthology.orchestra.run.smithi016.stdout:/usr/bin/ceph: stderr
2023-08-25T08:33:34.511+0000 7f474b7fe700 1 -- 172.21.15.16:0/1074963326 --> [v2:172.21.15.16:3300/0,v1:172.21.15.16:6789/0] -- mon_subscribe({config=0+,monmap=0+}) v3 -- 0x7f473c009550 con 0x7f474c104740
2023-08-25T08:33:38.178 INFO:teuthology.orchestra.run.smithi016.stdout:/usr/bin/ceph: stderr
2023-08-25T08:33:34.511+0000 7f474b7fe700 1 --2- 172.21.15.16:0/1074963326 >> [v2:172.21.15.16:3300/0,v1:172.21.15.16:6789/0] conn(0x7f474c104740 0x7f474c199e30 secure :-1 s=READY pgs=46 cs=0 l=1 rev1=1 crypto rx=0x7f473c006af0 tx=0x7f473c011ad0 comp rx=0 tx=0).ready entity=mon.0 client_cookie=0 server_cookie=0 in_seq=0 out_seq=0
2023-08-25T08:33:38.178 INFO:teuthology.orchestra.run.smithi016.stdout:/usr/bin/ceph: stderr
2023-08-25T08:33:34.512+0000 7f4748ff9700 1 -- 172.21.15.16:0/1074963326 <== mon.0 v2:172.21.15.16:3300/0 1 ==== mon_map magic: 0 v1 ==== 205+0+0 (secure 0 0 0) 0x7f473c0038b0 con 0x7f474c104740
2023-08-25T08:33:38.179 INFO:teuthology.orchestra.run.smithi016.stdout:/usr/bin/ceph: stderr
2023-08-25T08:33:34.512+0000 7f4748ff9700 1 -- 172.21.15.16:0/1074963326 <== mon.0 v2:172.21.15.16:3300/0 2 ==== config(26 keys) v1 ==== 1074+0+0 (secure 0 0 0) 0x7f473c003a10 con 0x7f474c104740
2023-08-25T08:33:38.179 INFO:teuthology.orchestra.run.smithi016.stdout:/usr/bin/ceph: stderr
2023-08-25T08:33:34.512+0000 7f4751f38700 1 -- 172.21.15.16:0/1074963326 --> [v2:172.21.15.16:3300/0,v1:172.21.15.16:6789/0] -- mon_subscribe({mgrmap=0+}) v3 -- 0x7f474c19a570 con 0x7f474c104740
2023-08-25T08:33:38.179 INFO:teuthology.orchestra.run.smithi016.stdout:/usr/bin/ceph: stderr
2023-08-25T08:33:34.512+0000 7f4748ff9700 1 -- 172.21.15.16:0/1074963326 <== mon.0 v2:172.21.15.16:3300/0 3 ==== mon_map magic: 0 v1 ==== 205+0+0 (secure 0 0 0) 0x7f473c0195c0 con 0x7f474c104740
2023-08-25T08:33:38.179 INFO:teuthology.orchestra.run.smithi016.stdout:/usr/bin/ceph: stderr
2023-08-25T08:33:34.512+0000 7f4751f38700 1 -- 172.21.15.16:0/1074963326 --> [v2:172.21.15.16:3300/0,v1:172.21.15.16:6789/0] -- mon_subscribe({osdmap=0}) v3 -- 0x7f474c19a990 con 0x7f474c104740
2023-08-25T08:33:38.179 INFO:teuthology.orchestra.run.smithi016.stdout:/usr/bin/ceph: stderr
2023-08-25T08:33:34.513+0000 7f4748ff9700 1 -- 172.21.15.16:0/1074963326 <== mon.0 v2:172.21.15.16:3300/0 4 ==== mgrmap(e 8) v1 ==== 45135+0+0 (secure 0 0 0) 0x7f473c01a430 con 0x7f474c104740
2023-08-25T08:33:38.179 INFO:teuthology.orchestra.run.smithi016.stdout:/usr/bin/ceph: stderr
2023-08-25T08:33:34.513+0000 7f4748ff9700 1 --2- 172.21.15.16:0/1074963326 >> [v2:172.21.15.16:6800/3465687002,v1:172.21.15.16:6801/3465687002] conn(0x7f47380380a0 0x7f473803a560 unknown :-1 s=NONE pgs=0 cs=0 l=1 rev1=0 crypto rx=0 tx=0 comp rx=0 tx=0).connect
2023-08-25T08:33:38.179 INFO:teuthology.orchestra.run.smithi016.stdout:/usr/bin/ceph: stderr
2023-08-25T08:33:34.513+0000 7f4751f38700 1 -- 172.21.15.16:0/1074963326 --> [v2:172.21.15.16:3300/0,v1:172.21.15.16:6789/0] -- mon_command({"prefix": "get_command_descriptions"} v 0) v1 -- 0x7f474c1914f0 con 0x7f474c104740
2023-08-25T08:33:38.180 INFO:teuthology.orchestra.run.smithi016.stdout:/usr/bin/ceph: stderr
2023-08-25T08:33:34.513+0000 7f4748ff9700 1 -- 172.21.15.16:0/1074963326 <== mon.0 v2:172.21.15.16:3300/0 5 ==== osd_map(2..2 src has 1..2) v4 ==== 940+0+0 (secure 0 0 0) 0x7f473c04bd10 con 0x7f474c104740
2023-08-25T08:33:38.180 INFO:teuthology.orchestra.run.smithi016.stdout:/usr/bin/ceph: stderr
2023-08-25T08:33:34.513+0000 7f474affd700 1 --2- 172.21.15.16:0/1074963326 >> [v2:172.21.15.16:6800/3465687002,v1:172.21.15.16:6801/3465687002] conn(0x7f47380380a0 0x7f473803a560 unknown :-1 s=BANNER_CONNECTING pgs=0 cs=0 l=1 rev1=0 crypto rx=0 tx=0 comp rx=0 tx=0)._handle_peer_banner_payload supported=3 required=0
2023-08-25T08:33:38.180 INFO:teuthology.orchestra.run.smithi016.stdout:/usr/bin/ceph: stderr
2023-08-25T08:33:34.513+0000 7f474affd700 1 --2- 172.21.15.16:0/1074963326 >> [v2:172.21.15.16:6800/3465687002,v1:172.21.15.16:6801/3465687002] conn(0x7f47380380a0 0x7f473803a560 secure :-1 s=READY pgs=11 cs=0 l=1 rev1=1 crypto rx=0x7f4734006fd0 tx=0x7f4734006e40 comp rx=0 tx=0).ready entity=mgr.14120 client_cookie=0 server_cookie=0 in_seq=0 out_seq=0
2023-08-25T08:33:38.181 INFO:teuthology.orchestra.run.smithi016.stdout:/usr/bin/ceph: stderr
2023-08-25T08:33:34.518+0000 7f4748ff9700 1 -- 172.21.15.16:0/1074963326 <== mon.0 v2:172.21.15.16:3300/0 6 ==== mon_command_ack([{"prefix": "get_command_descriptions"}]=0 v0) v1 ==== 72+0+179682 (secure 0 0 0) 0x7f473c00bbd0 con 0x7f474c104740
2023-08-25T08:33:38.181 INFO:teuthology.orchestra.run.smithi016.stdout:/usr/bin/ceph: stderr
2023-08-25T08:33:34.887+0000 7f4751f38700 1 -- 172.21.15.16:0/1074963326 --> [v2:172.21.15.16:6800/3465687002,v1:172.21.15.16:6801/3465687002] -- mgr_command(tid 0: {"prefix": "orch host add", "hostname": "smithi016", "addr": "172.21.15.16", "target": ["mon-mgr", ""]}) v1 -- 0x7f474c02cce0 con 0x7f47380380a0
2023-08-25T08:33:38.181 INFO:teuthology.orchestra.run.smithi016.stdout:/usr/bin/ceph: stderr
2023-08-25T08:33:37.826+0000 7f4748ff9700 1 -- 172.21.15.16:0/1074963326 <== mgr.14120 v2:172.21.15.16:6800/3465687002 1 ==== mgr_command_reply(tid 0: 0 ) v1 ==== 8+0+48 (secure 0 0 0) 0x7f474c02cce0 con 0x7f47380380a0
2023-08-25T08:33:38.181 INFO:teuthology.orchestra.run.smithi016.stdout:/usr/bin/ceph: stderr
2023-08-25T08:33:37.830+0000 7f4751f38700 1 -- 172.21.15.16:0/1074963326 >> [v2:172.21.15.16:6800/3465687002,v1:172.21.15.16:6801/3465687002] conn(0x7f47380380a0 msgr2=0x7f473803a560 secure :-1 s=STATE_CONNECTION_ESTABLISHED l=1).mark_down
2023-08-25T08:33:38.181 INFO:teuthology.orchestra.run.smithi016.stdout:/usr/bin/ceph: stderr
2023-08-25T08:33:37.830+0000 7f4751f38700 1 --2- 172.21.15.16:0/1074963326 >> [v2:172.21.15.16:6800/3465687002,v1:172.21.15.16:6801/3465687002] conn(0x7f47380380a0 0x7f473803a560 secure :-1 s=READY pgs=11 cs=0 l=1 rev1=1 crypto rx=0x7f4734006fd0 tx=0x7f4734006e40 comp rx=0 tx=0).stop
2023-08-25T08:33:38.181 INFO:teuthology.orchestra.run.smithi016.stdout:/usr/bin/ceph: stderr
2023-08-25T08:33:37.830+0000 7f4751f38700 1 -- 172.21.15.16:0/1074963326 >> [v2:172.21.15.16:3300/0,v1:172.21.15.16:6789/0] conn(0x7f474c104740 msgr2=0x7f474c199e30 secure :-1 s=STATE_CONNECTION_ESTABLISHED l=1).mark_down
2023-08-25T08:33:38.182 INFO:teuthology.orchestra.run.smithi016.stdout:/usr/bin/ceph: stderr
2023-08-25T08:33:37.830+0000 7f4751f38700 1 --2- 172.21.15.16:0/1074963326 >> [v2:172.21.15.16:3300/0,v1:172.21.15.16:6789/0] conn(0x7f474c104740 0x7f474c199e30 secure :-1 s=READY pgs=46 cs=0 l=1 rev1=1 crypto rx=0x7f473c006af0 tx=0x7f473c011ad0 comp rx=0 tx=0).stop
2023-08-25T08:33:38.182 INFO:teuthology.orchestra.run.smithi016.stdout:/usr/bin/ceph: stderr
2023-08-25T08:33:37.830+0000 7f4751f38700 1 -- 172.21.15.16:0/1074963326 shutdown_connections
2023-08-25T08:33:38.182 INFO:teuthology.orchestra.run.smithi016.stdout:/usr/bin/ceph: stderr
2023-08-25T08:33:37.830+0000 7f4751f38700 1 --2- 172.21.15.16:0/1074963326 >> [v2:172.21.15.16:6800/3465687002,v1:172.21.15.16:6801/3465687002] conn(0x7f47380380a0 0x7f473803a560 unknown :-1 s=CLOSED pgs=11 cs=0 l=1 rev1=1 crypto rx=0 tx=0 comp rx=0 tx=0).stop
2023-08-25T08:33:38.182 INFO:teuthology.orchestra.run.smithi016.stdout:/usr/bin/ceph: stderr
2023-08-25T08:33:37.830+0000 7f4751f38700 1 --2- 172.21.15.16:0/1074963326 >> [v2:172.21.15.16:3300/0,v1:172.21.15.16:6789/0] conn(0x7f474c104740 0x7f474c199e30 unknown :-1 s=CLOSED pgs=46 cs=0 l=1 rev1=1 crypto rx=0 tx=0 comp rx=0 tx=0).stop
2023-08-25T08:33:38.182 INFO:teuthology.orchestra.run.smithi016.stdout:/usr/bin/ceph: stderr
2023-08-25T08:33:37.830+0000 7f4751f38700 1 -- 172.21.15.16:0/1074963326 >> 172.21.15.16:0/1074963326 conn(0x7f474c0ffd20 msgr2=0x7f474c18c100 unknown :-1 s=STATE_NONE l=0).mark_down
2023-08-25T08:33:38.182 INFO:teuthology.orchestra.run.smithi016.stdout:/usr/bin/ceph: stderr
2023-08-25T08:33:37.830+0000 7f4751f38700 1 -- 172.21.15.16:0/1074963326 shutdown_connections
2023-08-25T08:33:38.183 INFO:teuthology.orchestra.run.smithi016.stdout:/usr/bin/ceph: stderr
2023-08-25T08:33:37.830+0000 7f4751f38700 1 -- 172.21.15.16:0/1074963326 wait complete.
2023-08-25T08:33:38.183 INFO:teuthology.orchestra.run.smithi016.stdout:Deploying unmanaged mon service...
2023-08-25T08:33:39.106 INFO:journalctl@ceph.mon.a.smithi016.stdout:Aug 25 08:33:38 smithi016 ceph-mon[98651]: from='mgr.14120 172.21.15.16:0/2204991629' entity='mgr.x'
2023-08-25T08:33:39.106 INFO:journalctl@ceph.mon.a.smithi016.stdout:Aug 25 08:33:38 smithi016 ceph-mon[98651]: Added host smithi016
2023-08-25T08:33:39.106 INFO:journalctl@ceph.mon.a.smithi016.stdout:Aug 25 08:33:38 smithi016 ceph-mon[98651]: from='mgr.14120 172.21.15.16:0/2204991629' entity='mgr.x' cmd=[{"prefix": "config dump", "format": "json"}]: dispatch
2023-08-25T08:33:39.612 INFO:teuthology.orchestra.run.smithi016.stdout:/usr/bin/ceph: stdout Scheduled mon update...
2023-08-25T08:33:39.616 INFO:teuthology.orchestra.run.smithi016.stdout:/usr/bin/ceph: stderr
2023-08-25T08:33:38.668+0000 7f2b6ba84700 1 Processor -- start
2023-08-25T08:33:39.616 INFO:teuthology.orchestra.run.smithi016.stdout:/usr/bin/ceph: stderr
2023-08-25T08:33:38.668+0000 7f2b6ba84700 1 -- start start
2023-08-25T08:33:39.617 INFO:teuthology.orchestra.run.smithi016.stdout:/usr/bin/ceph: stderr
2023-08-25T08:33:38.668+0000 7f2b6ba84700 1 --2- >> [v2:172.21.15.16:3300/0,v1:172.21.15.16:6789/0] conn(0x7f2b64104740 0x7f2b64104b60 unknown :-1 s=NONE pgs=0 cs=0 l=0 rev1=0 crypto rx=0 tx=0 comp rx=0 tx=0).connect
2023-08-25T08:33:39.617 INFO:teuthology.orchestra.run.smithi016.stdout:/usr/bin/ceph: stderr
2023-08-25T08:33:38.668+0000 7f2b6ba84700 1 -- --> [v2:172.21.15.16:3300/0,v1:172.21.15.16:6789/0] -- mon_getmap magic: 0 v1 -- 0x7f2b64105130 con 0x7f2b64104740
2023-08-25T08:33:39.617 INFO:teuthology.orchestra.run.smithi016.stdout:/usr/bin/ceph: stderr
2023-08-25T08:33:38.669+0000 7f2b69820700 1 --2- >> [v2:172.21.15.16:3300/0,v1:172.21.15.16:6789/0] conn(0x7f2b64104740 0x7f2b64104b60 unknown :-1 s=BANNER_CONNECTING pgs=0 cs=0 l=0 rev1=0 crypto rx=0 tx=0 comp rx=0 tx=0)._handle_peer_banner_payload supported=3 required=0
2023-08-25T08:33:39.618 INFO:teuthology.orchestra.run.smithi016.stdout:/usr/bin/ceph: stderr
2023-08-25T08:33:38.669+0000 7f2b69820700 1 --2- >> [v2:172.21.15.16:3300/0,v1:172.21.15.16:6789/0] conn(0x7f2b64104740 0x7f2b64104b60 unknown :-1 s=HELLO_CONNECTING pgs=0 cs=0 l=0 rev1=1 crypto rx=0 tx=0 comp rx=0 tx=0).handle_hello peer v2:172.21.15.16:3300/0 says I am v2:172.21.15.16:42902/0 (socket says 172.21.15.16:42902)
2023-08-25T08:33:39.618 INFO:teuthology.orchestra.run.smithi016.stdout:/usr/bin/ceph: stderr
2023-08-25T08:33:38.669+0000 7f2b69820700 1 -- 172.21.15.16:0/179825637 learned_addr learned my addr 172.21.15.16:0/179825637 (peer_addr_for_me v2:172.21.15.16:0/0)
2023-08-25T08:33:39.618 INFO:teuthology.orchestra.run.smithi016.stdout:/usr/bin/ceph: stderr
2023-08-25T08:33:38.669+0000 7f2b69820700 1 -- 172.21.15.16:0/179825637 --> [v2:172.21.15.16:3300/0,v1:172.21.15.16:6789/0] -- mon_subscribe({config=0+,monmap=0+}) v3 -- 0x7f2b64105940 con 0x7f2b64104740
2023-08-25T08:33:39.618 INFO:teuthology.orchestra.run.smithi016.stdout:/usr/bin/ceph: stderr
2023-08-25T08:33:38.669+0000 7f2b69820700 1 --2- 172.21.15.16:0/179825637 >> [v2:172.21.15.16:3300/0,v1:172.21.15.16:6789/0] conn(0x7f2b64104740 0x7f2b64104b60 secure :-1 s=READY pgs=47 cs=0 l=1 rev1=1 crypto rx=0x7f2b540098a0 tx=0x7f2b54009bb0 comp rx=0 tx=0).ready entity=mon.0 client_cookie=a19347e8126133fd server_cookie=0 in_seq=0 out_seq=0
2023-08-25T08:33:39.618 INFO:teuthology.orchestra.run.smithi016.stdout:/usr/bin/ceph: stderr
2023-08-25T08:33:38.670+0000 7f2b6881e700 1 -- 172.21.15.16:0/179825637 <== mon.0 v2:172.21.15.16:3300/0 1 ==== mon_map magic: 0 v1 ==== 205+0+0 (secure 0 0 0) 0x7f2b54004160 con 0x7f2b64104740
2023-08-25T08:33:39.618 INFO:teuthology.orchestra.run.smithi016.stdout:/usr/bin/ceph: stderr
2023-08-25T08:33:38.670+0000 7f2b6881e700 1 -- 172.21.15.16:0/179825637 <== mon.0 v2:172.21.15.16:3300/0 2 ==== config(26 keys) v1 ==== 1074+0+0 (secure 0 0 0) 0x7f2b540042c0 con 0x7f2b64104740
2023-08-25T08:33:39.618 INFO:teuthology.orchestra.run.smithi016.stdout:/usr/bin/ceph: stderr
2023-08-25T08:33:38.670+0000 7f2b6881e700 1 -- 172.21.15.16:0/179825637 <== mon.0 v2:172.21.15.16:3300/0 3 ==== mon_map magic: 0 v1 ==== 205+0+0 (secure 0 0 0) 0x7f2b54011a00 con 0x7f2b64104740
2023-08-25T08:33:39.618 INFO:teuthology.orchestra.run.smithi016.stdout:/usr/bin/ceph: stderr
2023-08-25T08:33:38.670+0000 7f2b6ba84700 1 -- 172.21.15.16:0/179825637 >> [v2:172.21.15.16:3300/0,v1:172.21.15.16:6789/0] conn(0x7f2b64104740 msgr2=0x7f2b64104b60 secure :-1 s=STATE_CONNECTION_ESTABLISHED l=1).mark_down
2023-08-25T08:33:39.619 INFO:teuthology.orchestra.run.smithi016.stdout:/usr/bin/ceph: stderr
2023-08-25T08:33:38.670+0000 7f2b6ba84700 1 --2- 172.21.15.16:0/179825637 >> [v2:172.21.15.16:3300/0,v1:172.21.15.16:6789/0] conn(0x7f2b64104740 0x7f2b64104b60 secure :-1 s=READY pgs=47 cs=0 l=1 rev1=1 crypto rx=0x7f2b540098a0 tx=0x7f2b54009bb0 comp rx=0 tx=0).stop
2023-08-25T08:33:39.619 INFO:teuthology.orchestra.run.smithi016.stdout:/usr/bin/ceph: stderr
2023-08-25T08:33:38.670+0000 7f2b6ba84700 1 -- 172.21.15.16:0/179825637 shutdown_connections
2023-08-25T08:33:39.619 INFO:teuthology.orchestra.run.smithi016.stdout:/usr/bin/ceph: stderr
2023-08-25T08:33:38.670+0000 7f2b6ba84700 1 --2- 172.21.15.16:0/179825637 >> [v2:172.21.15.16:3300/0,v1:172.21.15.16:6789/0] conn(0x7f2b64104740 0x7f2b64104b60 unknown :-1 s=CLOSED pgs=47 cs=0 l=1 rev1=1 crypto rx=0 tx=0 comp rx=0 tx=0).stop
2023-08-25T08:33:39.619 INFO:teuthology.orchestra.run.smithi016.stdout:/usr/bin/ceph: stderr
2023-08-25T08:33:38.670+0000 7f2b6ba84700 1 -- 172.21.15.16:0/179825637 >> 172.21.15.16:0/179825637 conn(0x7f2b640ffd20 msgr2=0x7f2b64102140 unknown :-1 s=STATE_NONE l=0).mark_down
2023-08-25T08:33:39.619 INFO:teuthology.orchestra.run.smithi016.stdout:/usr/bin/ceph: stderr
2023-08-25T08:33:38.670+0000 7f2b6ba84700 1 -- 172.21.15.16:0/179825637 shutdown_connections
2023-08-25T08:33:39.619 INFO:teuthology.orchestra.run.smithi016.stdout:/usr/bin/ceph: stderr
2023-08-25T08:33:38.670+0000 7f2b6ba84700 1 -- 172.21.15.16:0/179825637 wait complete.
2023-08-25T08:33:39.619 INFO:teuthology.orchestra.run.smithi016.stdout:/usr/bin/ceph: stderr
2023-08-25T08:33:38.671+0000 7f2b6ba84700 1 Processor -- start
2023-08-25T08:33:39.620 INFO:teuthology.orchestra.run.smithi016.stdout:/usr/bin/ceph: stderr
2023-08-25T08:33:38.671+0000 7f2b6ba84700 1 -- start start
2023-08-25T08:33:39.620 INFO:teuthology.orchestra.run.smithi016.stdout:/usr/bin/ceph: stderr
2023-08-25T08:33:38.671+0000 7f2b6ba84700 1 --2- >> [v2:172.21.15.16:3300/0,v1:172.21.15.16:6789/0] conn(0x7f2b64104740 0x7f2b641015a0 unknown :-1 s=NONE pgs=0 cs=0 l=1 rev1=0 crypto rx=0 tx=0 comp rx=0 tx=0).connect
2023-08-25T08:33:39.620 INFO:teuthology.orchestra.run.smithi016.stdout:/usr/bin/ceph: stderr
2023-08-25T08:33:38.671+0000 7f2b6ba84700 1 -- --> [v2:172.21.15.16:3300/0,v1:172.21.15.16:6789/0] -- mon_getmap magic: 0 v1 -- 0x7f2b6419cb50 con 0x7f2b64104740
2023-08-25T08:33:39.620 INFO:teuthology.orchestra.run.smithi016.stdout:/usr/bin/ceph: stderr
2023-08-25T08:33:38.671+0000 7f2b69820700 1 --2- >> [v2:172.21.15.16:3300/0,v1:172.21.15.16:6789/0] conn(0x7f2b64104740 0x7f2b641015a0 unknown :-1 s=BANNER_CONNECTING pgs=0 cs=0 l=1 rev1=0 crypto rx=0 tx=0 comp rx=0 tx=0)._handle_peer_banner_payload supported=3 required=0
2023-08-25T08:33:39.620 INFO:teuthology.orchestra.run.smithi016.stdout:/usr/bin/ceph: stderr
2023-08-25T08:33:38.672+0000 7f2b69820700 1 --2- >> [v2:172.21.15.16:3300/0,v1:172.21.15.16:6789/0] conn(0x7f2b64104740 0x7f2b641015a0 unknown :-1 s=HELLO_CONNECTING pgs=0 cs=0 l=1 rev1=1 crypto rx=0 tx=0 comp rx=0 tx=0).handle_hello peer v2:172.21.15.16:3300/0 says I am v2:172.21.15.16:42904/0 (socket says 172.21.15.16:42904)
2023-08-25T08:33:39.620 INFO:teuthology.orchestra.run.smithi016.stdout:/usr/bin/ceph: stderr
2023-08-25T08:33:38.672+0000 7f2b69820700 1 -- 172.21.15.16:0/3353173097 learned_addr learned my addr 172.21.15.16:0/3353173097 (peer_addr_for_me v2:172.21.15.16:0/0)
2023-08-25T08:33:39.621 INFO:teuthology.orchestra.run.smithi016.stdout:/usr/bin/ceph: stderr
2023-08-25T08:33:38.672+0000 7f2b69820700 1 -- 172.21.15.16:0/3353173097 --> [v2:172.21.15.16:3300/0,v1:172.21.15.16:6789/0] -- mon_subscribe({config=0+,monmap=0+}) v3 -- 0x7f2b54009550 con 0x7f2b64104740
2023-08-25T08:33:39.621 INFO:teuthology.orchestra.run.smithi016.stdout:/usr/bin/ceph: stderr
2023-08-25T08:33:38.672+0000 7f2b69820700 1 --2- 172.21.15.16:0/3353173097 >> [v2:172.21.15.16:3300/0,v1:172.21.15.16:6789/0] conn(0x7f2b64104740 0x7f2b641015a0 secure :-1 s=READY pgs=48 cs=0 l=1 rev1=1 crypto rx=0x7f2b54009fb0 tx=0x7f2b54011ad0 comp rx=0 tx=0).ready entity=mon.0 client_cookie=0 server_cookie=0 in_seq=0 out_seq=0
2023-08-25T08:33:39.621 INFO:teuthology.orchestra.run.smithi016.stdout:/usr/bin/ceph: stderr
2023-08-25T08:33:38.672+0000 7f2b5affd700 1 -- 172.21.15.16:0/3353173097 <== mon.0 v2:172.21.15.16:3300/0 1 ==== mon_map magic: 0 v1 ==== 205+0+0 (secure 0 0 0) 0x7f2b54003a40 con 0x7f2b64104740
2023-08-25T08:33:39.621 INFO:teuthology.orchestra.run.smithi016.stdout:/usr/bin/ceph: stderr
2023-08-25T08:33:38.672+0000 7f2b5affd700 1 -- 172.21.15.16:0/3353173097 <== mon.0 v2:172.21.15.16:3300/0 2 ==== config(26 keys) v1 ==== 1074+0+0 (secure 0 0 0) 0x7f2b54003ba0 con 0x7f2b64104740
2023-08-25T08:33:39.621 INFO:teuthology.orchestra.run.smithi016.stdout:/usr/bin/ceph: stderr
2023-08-25T08:33:38.672+0000 7f2b6ba84700 1 -- 172.21.15.16:0/3353173097 --> [v2:172.21.15.16:3300/0,v1:172.21.15.16:6789/0] -- mon_subscribe({mgrmap=0+}) v3 -- 0x7f2b6419cc90 con 0x7f2b64104740
2023-08-25T08:33:39.621 INFO:teuthology.orchestra.run.smithi016.stdout:/usr/bin/ceph: stderr
2023-08-25T08:33:38.672+0000 7f2b5affd700 1 -- 172.21.15.16:0/3353173097 <== mon.0 v2:172.21.15.16:3300/0 3 ==== mon_map magic: 0 v1 ==== 205+0+0 (secure 0 0 0) 0x7f2b5401a750 con 0x7f2b64104740
2023-08-25T08:33:39.621 INFO:teuthology.orchestra.run.smithi016.stdout:/usr/bin/ceph: stderr
2023-08-25T08:33:38.672+0000 7f2b6ba84700 1 -- 172.21.15.16:0/3353173097 --> [v2:172.21.15.16:3300/0,v1:172.21.15.16:6789/0] -- mon_subscribe({osdmap=0}) v3 -- 0x7f2b6419d0b0 con 0x7f2b64104740
2023-08-25T08:33:39.622 INFO:teuthology.orchestra.run.smithi016.stdout:/usr/bin/ceph: stderr
2023-08-25T08:33:38.673+0000 7f2b5affd700 1 -- 172.21.15.16:0/3353173097 <== mon.0 v2:172.21.15.16:3300/0 4 ==== mgrmap(e 8) v1 ==== 45135+0+0 (secure 0 0 0) 0x7f2b5401a980 con 0x7f2b64104740
2023-08-25T08:33:39.622 INFO:teuthology.orchestra.run.smithi016.stdout:/usr/bin/ceph: stderr
2023-08-25T08:33:38.673+0000 7f2b5affd700 1 --2- 172.21.15.16:0/3353173097 >> [v2:172.21.15.16:6800/3465687002,v1:172.21.15.16:6801/3465687002] conn(0x7f2b50038110 0x7f2b5003a5d0 unknown :-1 s=NONE pgs=0 cs=0 l=1 rev1=0 crypto rx=0 tx=0 comp rx=0 tx=0).connect
2023-08-25T08:33:39.622 INFO:teuthology.orchestra.run.smithi016.stdout:/usr/bin/ceph: stderr
2023-08-25T08:33:38.673+0000 7f2b5affd700 1 -- 172.21.15.16:0/3353173097 <== mon.0 v2:172.21.15.16:3300/0 5 ==== osd_map(2..2 src has 1..2) v4 ==== 940+0+0 (secure 0 0 0) 0x7f2b5404c0b0 con 0x7f2b64104740
2023-08-25T08:33:39.622 INFO:teuthology.orchestra.run.smithi016.stdout:/usr/bin/ceph: stderr
2023-08-25T08:33:38.673+0000 7f2b6ba84700 1 -- 172.21.15.16:0/3353173097 --> [v2:172.21.15.16:3300/0,v1:172.21.15.16:6789/0] -- mon_command({"prefix": "get_command_descriptions"} v 0) v1 -- 0x7f2b64192c30 con 0x7f2b64104740
2023-08-25T08:33:39.623 INFO:teuthology.orchestra.run.smithi016.stdout:/usr/bin/ceph: stderr
2023-08-25T08:33:38.673+0000 7f2b6901f700 1 --2- 172.21.15.16:0/3353173097 >> [v2:172.21.15.16:6800/3465687002,v1:172.21.15.16:6801/3465687002] conn(0x7f2b50038110 0x7f2b5003a5d0 unknown :-1 s=BANNER_CONNECTING pgs=0 cs=0 l=1 rev1=0 crypto rx=0 tx=0 comp rx=0 tx=0)._handle_peer_banner_payload supported=3 required=0
2023-08-25T08:33:39.623 INFO:teuthology.orchestra.run.smithi016.stdout:/usr/bin/ceph: stderr
2023-08-25T08:33:38.674+0000 7f2b6901f700 1 --2- 172.21.15.16:0/3353173097 >> [v2:172.21.15.16:6800/3465687002,v1:172.21.15.16:6801/3465687002] conn(0x7f2b50038110 0x7f2b5003a5d0 secure :-1 s=READY pgs=12 cs=0 l=1 rev1=1 crypto rx=0x7f2b60006fd0 tx=0x7f2b60006e40 comp rx=0 tx=0).ready entity=mgr.14120 client_cookie=0 server_cookie=0 in_seq=0 out_seq=0
2023-08-25T08:33:39.623 INFO:teuthology.orchestra.run.smithi016.stdout:/usr/bin/ceph: stderr
2023-08-25T08:33:38.678+0000 7f2b5affd700 1 -- 172.21.15.16:0/3353173097 <== mon.0 v2:172.21.15.16:3300/0 6 ==== mon_command_ack([{"prefix": "get_command_descriptions"}]=0 v0) v1 ==== 72+0+179682 (secure 0 0 0) 0x7f2b5401ac30 con 0x7f2b64104740
2023-08-25T08:33:39.623 INFO:teuthology.orchestra.run.smithi016.stdout:/usr/bin/ceph: stderr
2023-08-25T08:33:39.071+0000 7f2b6ba84700 1 -- 172.21.15.16:0/3353173097 --> [v2:172.21.15.16:6800/3465687002,v1:172.21.15.16:6801/3465687002] -- mgr_command(tid 0: {"prefix": "orch apply", "service_type": "mon", "unmanaged": true, "target": ["mon-mgr", ""]}) v1 -- 0x7f2b6402cc80 con 0x7f2b50038110
2023-08-25T08:33:39.623 INFO:teuthology.orchestra.run.smithi016.stdout:/usr/bin/ceph: stderr
2023-08-25T08:33:39.076+0000 7f2b5affd700 1 -- 172.21.15.16:0/3353173097 <== mgr.14120 v2:172.21.15.16:6800/3465687002 1 ==== mgr_command_reply(tid 0: 0 ) v1 ==== 8+0+24 (secure 0 0 0) 0x7f2b6402cc80 con 0x7f2b50038110
2023-08-25T08:33:39.623 INFO:teuthology.orchestra.run.smithi016.stdout:/usr/bin/ceph: stderr
2023-08-25T08:33:39.078+0000 7f2b6ba84700 1 -- 172.21.15.16:0/3353173097 >> [v2:172.21.15.16:6800/3465687002,v1:172.21.15.16:6801/3465687002] conn(0x7f2b50038110 msgr2=0x7f2b5003a5d0 secure :-1 s=STATE_CONNECTION_ESTABLISHED l=1).mark_down
2023-08-25T08:33:39.624 INFO:teuthology.orchestra.run.smithi016.stdout:/usr/bin/ceph: stderr
2023-08-25T08:33:39.078+0000 7f2b6ba84700 1 --2- 172.21.15.16:0/3353173097 >> [v2:172.21.15.16:6800/3465687002,v1:172.21.15.16:6801/3465687002] conn(0x7f2b50038110 0x7f2b5003a5d0 secure :-1 s=READY pgs=12 cs=0 l=1 rev1=1 crypto rx=0x7f2b60006fd0 tx=0x7f2b60006e40 comp rx=0 tx=0).stop
2023-08-25T08:33:39.624 INFO:teuthology.orchestra.run.smithi016.stdout:/usr/bin/ceph: stderr
2023-08-25T08:33:39.078+0000 7f2b6ba84700 1 -- 172.21.15.16:0/3353173097 >> [v2:172.21.15.16:3300/0,v1:172.21.15.16:6789/0] conn(0x7f2b64104740 msgr2=0x7f2b641015a0 secure :-1 s=STATE_CONNECTION_ESTABLISHED l=1).mark_down
2023-08-25T08:33:39.624 INFO:teuthology.orchestra.run.smithi016.stdout:/usr/bin/ceph: stderr
2023-08-25T08:33:39.078+0000 7f2b6ba84700 1 --2- 172.21.15.16:0/3353173097 >> [v2:172.21.15.16:3300/0,v1:172.21.15.16:6789/0] conn(0x7f2b64104740 0x7f2b641015a0 secure :-1 s=READY pgs=48 cs=0 l=1 rev1=1 crypto rx=0x7f2b54009fb0 tx=0x7f2b54011ad0 comp rx=0 tx=0).stop
2023-08-25T08:33:39.624 INFO:teuthology.orchestra.run.smithi016.stdout:/usr/bin/ceph: stderr
2023-08-25T08:33:39.079+0000 7f2b6ba84700 1 -- 172.21.15.16:0/3353173097 shutdown_connections
2023-08-25T08:33:39.624 INFO:teuthology.orchestra.run.smithi016.stdout:/usr/bin/ceph: stderr
2023-08-25T08:33:39.079+0000 7f2b6ba84700 1 --2- 172.21.15.16:0/3353173097 >> [v2:172.21.15.16:6800/3465687002,v1:172.21.15.16:6801/3465687002] conn(0x7f2b50038110 0x7f2b5003a5d0 unknown :-1 s=CLOSED pgs=12 cs=0 l=1 rev1=1 crypto rx=0 tx=0 comp rx=0 tx=0).stop
2023-08-25T08:33:39.624 INFO:teuthology.orchestra.run.smithi016.stdout:/usr/bin/ceph: stderr
2023-08-25T08:33:39.079+0000 7f2b6ba84700 1 --2- 172.21.15.16:0/3353173097 >> [v2:172.21.15.16:3300/0,v1:172.21.15.16:6789/0] conn(0x7f2b64104740 0x7f2b641015a0 unknown :-1 s=CLOSED pgs=48 cs=0 l=1 rev1=1 crypto rx=0 tx=0 comp rx=0 tx=0).stop
2023-08-25T08:33:39.624 INFO:teuthology.orchestra.run.smithi016.stdout:/usr/bin/ceph: stderr
2023-08-25T08:33:39.079+0000 7f2b6ba84700 1 -- 172.21.15.16:0/3353173097 >> 172.21.15.16:0/3353173097 conn(0x7f2b640ffd20 msgr2=0x7f2b6418fd70 unknown :-1 s=STATE_NONE l=0).mark_down
2023-08-25T08:33:39.625 INFO:teuthology.orchestra.run.smithi016.stdout:/usr/bin/ceph: stderr
2023-08-25T08:33:39.079+0000 7f2b6ba84700 1 -- 172.21.15.16:0/3353173097 shutdown_connections
2023-08-25T08:33:39.625 INFO:teuthology.orchestra.run.smithi016.stdout:/usr/bin/ceph: stderr
2023-08-25T08:33:39.079+0000 7f2b6ba84700 1 -- 172.21.15.16:0/3353173097 wait complete.
2023-08-25T08:33:39.625 INFO:teuthology.orchestra.run.smithi016.stdout:Deploying unmanaged mgr service...
2023-08-25T08:33:40.248 INFO:journalctl@ceph.mon.a.smithi016.stdout:Aug 25 08:33:40 smithi016 ceph-mon[98651]: from='client.14142 -' entity='client.admin' cmd=[{"prefix": "orch apply", "service_type": "mon", "unmanaged": true, "target": ["mon-mgr", ""]}]: dispatch
2023-08-25T08:33:40.248 INFO:journalctl@ceph.mon.a.smithi016.stdout:Aug 25 08:33:40 smithi016 ceph-mon[98651]: Saving service mon spec with placement count:5
2023-08-25T08:33:40.248 INFO:journalctl@ceph.mon.a.smithi016.stdout:Aug 25 08:33:40 smithi016 ceph-mon[98651]: from='mgr.14120 172.21.15.16:0/2204991629' entity='mgr.x'
2023-08-25T08:33:41.064 INFO:teuthology.orchestra.run.smithi016.stdout:/usr/bin/ceph: stdout Scheduled mgr update...
2023-08-25T08:33:41.064 INFO:teuthology.orchestra.run.smithi016.stdout:/usr/bin/ceph: stderr
2023-08-25T08:33:40.291+0000 7fc7a7fd0700 1 Processor -- start
2023-08-25T08:33:41.064 INFO:teuthology.orchestra.run.smithi016.stdout:/usr/bin/ceph: stderr
2023-08-25T08:33:40.291+0000 7fc7a7fd0700 1 -- start start
2023-08-25T08:33:41.065 INFO:teuthology.orchestra.run.smithi016.stdout:/usr/bin/ceph: stderr
2023-08-25T08:33:40.291+0000 7fc7a7fd0700 1 --2- >> [v2:172.21.15.16:3300/0,v1:172.21.15.16:6789/0] conn(0x7fc7a01049b0 0x7fc7a0104dd0 unknown :-1 s=NONE pgs=0 cs=0 l=0 rev1=0 crypto rx=0 tx=0 comp rx=0 tx=0).connect
2023-08-25T08:33:41.065 INFO:teuthology.orchestra.run.smithi016.stdout:/usr/bin/ceph: stderr
2023-08-25T08:33:40.291+0000 7fc7a7fd0700 1 -- --> [v2:172.21.15.16:3300/0,v1:172.21.15.16:6789/0] -- mon_getmap magic: 0 v1 -- 0x7fc7a0079e50 con 0x7fc7a01049b0
2023-08-25T08:33:41.065 INFO:teuthology.orchestra.run.smithi016.stdout:/usr/bin/ceph: stderr
2023-08-25T08:33:40.292+0000 7fc7a5d6c700 1 --2- >> [v2:172.21.15.16:3300/0,v1:172.21.15.16:6789/0] conn(0x7fc7a01049b0 0x7fc7a0104dd0 unknown :-1 s=BANNER_CONNECTING pgs=0 cs=0 l=0 rev1=0 crypto rx=0 tx=0 comp rx=0 tx=0)._handle_peer_banner_payload supported=3 required=0
2023-08-25T08:33:41.065 INFO:teuthology.orchestra.run.smithi016.stdout:/usr/bin/ceph: stderr
2023-08-25T08:33:40.292+0000 7fc7a5d6c700 1 --2- >> [v2:172.21.15.16:3300/0,v1:172.21.15.16:6789/0] conn(0x7fc7a01049b0 0x7fc7a0104dd0 unknown :-1 s=HELLO_CONNECTING pgs=0 cs=0 l=0 rev1=1 crypto rx=0 tx=0 comp rx=0 tx=0).handle_hello peer v2:172.21.15.16:3300/0 says I am v2:172.21.15.16:42908/0 (socket says 172.21.15.16:42908)
2023-08-25T08:33:41.065 INFO:teuthology.orchestra.run.smithi016.stdout:/usr/bin/ceph: stderr
2023-08-25T08:33:40.292+0000 7fc7a5d6c700 1 -- 172.21.15.16:0/3029243672 learned_addr learned my addr 172.21.15.16:0/3029243672 (peer_addr_for_me v2:172.21.15.16:0/0)
2023-08-25T08:33:41.065 INFO:teuthology.orchestra.run.smithi016.stdout:/usr/bin/ceph: stderr
2023-08-25T08:33:40.292+0000 7fc7a5d6c700 1 -- 172.21.15.16:0/3029243672 --> [v2:172.21.15.16:3300/0,v1:172.21.15.16:6789/0] -- mon_subscribe({config=0+,monmap=0+}) v3 -- 0x7fc7a0105310 con 0x7fc7a01049b0
2023-08-25T08:33:41.066 INFO:teuthology.orchestra.run.smithi016.stdout:/usr/bin/ceph: stderr
2023-08-25T08:33:40.292+0000 7fc7a5d6c700 1 --2- 172.21.15.16:0/3029243672 >> [v2:172.21.15.16:3300/0,v1:172.21.15.16:6789/0] conn(0x7fc7a01049b0 0x7fc7a0104dd0 secure :-1 s=READY pgs=49 cs=0 l=1 rev1=1 crypto rx=0x7fc7900098a0 tx=0x7fc790009bb0 comp rx=0 tx=0).ready entity=mon.0 client_cookie=1b4bb84923313f66 server_cookie=0 in_seq=0 out_seq=0
2023-08-25T08:33:41.066 INFO:teuthology.orchestra.run.smithi016.stdout:/usr/bin/ceph: stderr
2023-08-25T08:33:40.292+0000 7fc7a4d6a700 1 -- 172.21.15.16:0/3029243672 <== mon.0 v2:172.21.15.16:3300/0 1 ==== mon_map magic: 0 v1 ==== 205+0+0 (secure 0 0 0) 0x7fc790004160 con 0x7fc7a01049b0
2023-08-25T08:33:41.066 INFO:teuthology.orchestra.run.smithi016.stdout:/usr/bin/ceph: stderr
2023-08-25T08:33:40.292+0000 7fc7a4d6a700 1 -- 172.21.15.16:0/3029243672 <== mon.0 v2:172.21.15.16:3300/0 2 ==== config(26 keys) v1 ==== 1074+0+0 (secure 0 0 0) 0x7fc7900042c0 con 0x7fc7a01049b0
2023-08-25T08:33:41.066 INFO:teuthology.orchestra.run.smithi016.stdout:/usr/bin/ceph: stderr
2023-08-25T08:33:40.292+0000 7fc7a4d6a700 1 -- 172.21.15.16:0/3029243672 <== mon.0 v2:172.21.15.16:3300/0 3 ==== mon_map magic: 0 v1 ==== 205+0+0 (secure 0 0 0) 0x7fc790011a00 con 0x7fc7a01049b0
2023-08-25T08:33:41.066 INFO:teuthology.orchestra.run.smithi016.stdout:/usr/bin/ceph: stderr
2023-08-25T08:33:40.293+0000 7fc7a7fd0700 1 -- 172.21.15.16:0/3029243672 >> [v2:172.21.15.16:3300/0,v1:172.21.15.16:6789/0] conn(0x7fc7a01049b0 msgr2=0x7fc7a0104dd0 secure :-1 s=STATE_CONNECTION_ESTABLISHED l=1).mark_down
2023-08-25T08:33:41.066 INFO:teuthology.orchestra.run.smithi016.stdout:/usr/bin/ceph: stderr
2023-08-25T08:33:40.293+0000 7fc7a7fd0700 1 --2- 172.21.15.16:0/3029243672 >> [v2:172.21.15.16:3300/0,v1:172.21.15.16:6789/0] conn(0x7fc7a01049b0 0x7fc7a0104dd0 secure :-1 s=READY pgs=49 cs=0 l=1 rev1=1 crypto rx=0x7fc7900098a0 tx=0x7fc790009bb0 comp rx=0 tx=0).stop
2023-08-25T08:33:41.067 INFO:teuthology.orchestra.run.smithi016.stdout:/usr/bin/ceph: stderr
2023-08-25T08:33:40.293+0000 7fc7a7fd0700 1 -- 172.21.15.16:0/3029243672 shutdown_connections
2023-08-25T08:33:41.067 INFO:teuthology.orchestra.run.smithi016.stdout:/usr/bin/ceph: stderr
2023-08-25T08:33:40.293+0000 7fc7a7fd0700 1 --2- 172.21.15.16:0/3029243672 >> [v2:172.21.15.16:3300/0,v1:172.21.15.16:6789/0] conn(0x7fc7a01049b0 0x7fc7a0104dd0 unknown :-1 s=CLOSED pgs=49 cs=0 l=1 rev1=1 crypto rx=0 tx=0 comp rx=0 tx=0).stop
2023-08-25T08:33:41.067 INFO:teuthology.orchestra.run.smithi016.stdout:/usr/bin/ceph: stderr
2023-08-25T08:33:40.293+0000 7fc7a7fd0700 1 -- 172.21.15.16:0/3029243672 >> 172.21.15.16:0/3029243672 conn(0x7fc7a0100590 msgr2=0x7fc7a01029b0 unknown :-1 s=STATE_NONE l=0).mark_down
2023-08-25T08:33:41.067 INFO:teuthology.orchestra.run.smithi016.stdout:/usr/bin/ceph: stderr
2023-08-25T08:33:40.294+0000 7fc7a7fd0700 1 -- 172.21.15.16:0/3029243672 shutdown_connections
2023-08-25T08:33:41.067 INFO:teuthology.orchestra.run.smithi016.stdout:/usr/bin/ceph: stderr
