2023-08-25T08:50:32.711+0000 7fb439ffb700 1 -- 172.21.15.99:0/3538684992 <== mon.0 v2:172.21.15.99:3300/0 3 ==== mon_map magic: 0 v1 ==== 205+0+0 (secure 0 0 0) 0x7fb42c011a00 con 0x7fb43c07be90
2023-08-25T08:50:33.589 INFO:teuthology.orchestra.run.smithi099.stdout:/usr/bin/ceph: stderr
2023-08-25T08:50:32.711+0000 7fb44158c700 1 -- 172.21.15.99:0/3538684992 >> [v2:172.21.15.99:3300/0,v1:172.21.15.99:6789/0] conn(0x7fb43c07be90 msgr2=0x7fb43c07a2f0 secure :-1 s=STATE_CONNECTION_ESTABLISHED l=1).mark_down
2023-08-25T08:50:33.590 INFO:teuthology.orchestra.run.smithi099.stdout:/usr/bin/ceph: stderr
2023-08-25T08:50:32.711+0000 7fb44158c700 1 --2- 172.21.15.99:0/3538684992 >> [v2:172.21.15.99:3300/0,v1:172.21.15.99:6789/0] conn(0x7fb43c07be90 0x7fb43c07a2f0 secure :-1 s=READY pgs=39 cs=0 l=1 rev1=1 crypto rx=0x7fb42c0098a0 tx=0x7fb42c009bb0 comp rx=0 tx=0).stop
2023-08-25T08:50:33.590 INFO:teuthology.orchestra.run.smithi099.stdout:/usr/bin/ceph: stderr
2023-08-25T08:50:32.711+0000 7fb44158c700 1 -- 172.21.15.99:0/3538684992 shutdown_connections
2023-08-25T08:50:33.590 INFO:teuthology.orchestra.run.smithi099.stdout:/usr/bin/ceph: stderr
2023-08-25T08:50:32.711+0000 7fb44158c700 1 --2- 172.21.15.99:0/3538684992 >> [v2:172.21.15.99:3300/0,v1:172.21.15.99:6789/0] conn(0x7fb43c07be90 0x7fb43c07a2f0 unknown :-1 s=CLOSED pgs=39 cs=0 l=1 rev1=1 crypto rx=0 tx=0 comp rx=0 tx=0).stop
2023-08-25T08:50:33.590 INFO:teuthology.orchestra.run.smithi099.stdout:/usr/bin/ceph: stderr
2023-08-25T08:50:32.711+0000 7fb44158c700 1 -- 172.21.15.99:0/3538684992 >> 172.21.15.99:0/3538684992 conn(0x7fb43c1016e0 msgr2=0x7fb43c103b00 unknown :-1 s=STATE_NONE l=0).mark_down
2023-08-25T08:50:33.590 INFO:teuthology.orchestra.run.smithi099.stdout:/usr/bin/ceph: stderr
2023-08-25T08:50:32.711+0000 7fb44158c700 1 -- 172.21.15.99:0/3538684992 shutdown_connections
2023-08-25T08:50:33.590 INFO:teuthology.orchestra.run.smithi099.stdout:/usr/bin/ceph: stderr
2023-08-25T08:50:32.711+0000 7fb44158c700 1 -- 172.21.15.99:0/3538684992 wait complete.
2023-08-25T08:50:33.590 INFO:teuthology.orchestra.run.smithi099.stdout:/usr/bin/ceph: stderr
2023-08-25T08:50:32.712+0000 7fb44158c700 1 Processor -- start
2023-08-25T08:50:33.591 INFO:teuthology.orchestra.run.smithi099.stdout:/usr/bin/ceph: stderr
2023-08-25T08:50:32.712+0000 7fb44158c700 1 -- start start
2023-08-25T08:50:33.591 INFO:teuthology.orchestra.run.smithi099.stdout:/usr/bin/ceph: stderr
2023-08-25T08:50:32.713+0000 7fb44158c700 1 --2- >> [v2:172.21.15.99:3300/0,v1:172.21.15.99:6789/0] conn(0x7fb43c07be90 0x7fb43c19c0b0 unknown :-1 s=NONE pgs=0 cs=0 l=1 rev1=0 crypto rx=0 tx=0 comp rx=0 tx=0).connect
2023-08-25T08:50:33.591 INFO:teuthology.orchestra.run.smithi099.stdout:/usr/bin/ceph: stderr
2023-08-25T08:50:32.713+0000 7fb44158c700 1 -- --> [v2:172.21.15.99:3300/0,v1:172.21.15.99:6789/0] -- mon_getmap magic: 0 v1 -- 0x7fb43c19c5f0 con 0x7fb43c07be90
2023-08-25T08:50:33.591 INFO:teuthology.orchestra.run.smithi099.stdout:/usr/bin/ceph: stderr
2023-08-25T08:50:32.713+0000 7fb43affd700 1 --2- >> [v2:172.21.15.99:3300/0,v1:172.21.15.99:6789/0] conn(0x7fb43c07be90 0x7fb43c19c0b0 unknown :-1 s=BANNER_CONNECTING pgs=0 cs=0 l=1 rev1=0 crypto rx=0 tx=0 comp rx=0 tx=0)._handle_peer_banner_payload supported=3 required=0
2023-08-25T08:50:33.591 INFO:teuthology.orchestra.run.smithi099.stdout:/usr/bin/ceph: stderr
2023-08-25T08:50:32.713+0000 7fb43affd700 1 --2- >> [v2:172.21.15.99:3300/0,v1:172.21.15.99:6789/0] conn(0x7fb43c07be90 0x7fb43c19c0b0 unknown :-1 s=HELLO_CONNECTING pgs=0 cs=0 l=1 rev1=1 crypto rx=0 tx=0 comp rx=0 tx=0).handle_hello peer v2:172.21.15.99:3300/0 says I am v2:172.21.15.99:46882/0 (socket says 172.21.15.99:46882)
2023-08-25T08:50:33.592 INFO:teuthology.orchestra.run.smithi099.stdout:/usr/bin/ceph: stderr
2023-08-25T08:50:32.713+0000 7fb43affd700 1 -- 172.21.15.99:0/2561537280 learned_addr learned my addr 172.21.15.99:0/2561537280 (peer_addr_for_me v2:172.21.15.99:0/0)
2023-08-25T08:50:33.592 INFO:teuthology.orchestra.run.smithi099.stdout:/usr/bin/ceph: stderr
2023-08-25T08:50:32.713+0000 7fb43affd700 1 -- 172.21.15.99:0/2561537280 --> [v2:172.21.15.99:3300/0,v1:172.21.15.99:6789/0] -- mon_subscribe({config=0+,monmap=0+}) v3 -- 0x7fb42c009550 con 0x7fb43c07be90
2023-08-25T08:50:33.592 INFO:teuthology.orchestra.run.smithi099.stdout:/usr/bin/ceph: stderr
2023-08-25T08:50:32.714+0000 7fb43affd700 1 --2- 172.21.15.99:0/2561537280 >> [v2:172.21.15.99:3300/0,v1:172.21.15.99:6789/0] conn(0x7fb43c07be90 0x7fb43c19c0b0 secure :-1 s=READY pgs=40 cs=0 l=1 rev1=1 crypto rx=0x7fb42c009fb0 tx=0x7fb42c011ad0 comp rx=0 tx=0).ready entity=mon.0 client_cookie=0 server_cookie=0 in_seq=0 out_seq=0
2023-08-25T08:50:33.592 INFO:teuthology.orchestra.run.smithi099.stdout:/usr/bin/ceph: stderr
2023-08-25T08:50:32.714+0000 7fb423fff700 1 -- 172.21.15.99:0/2561537280 <== mon.0 v2:172.21.15.99:3300/0 1 ==== mon_map magic: 0 v1 ==== 205+0+0 (secure 0 0 0) 0x7fb42c003a40 con 0x7fb43c07be90
2023-08-25T08:50:33.592 INFO:teuthology.orchestra.run.smithi099.stdout:/usr/bin/ceph: stderr
2023-08-25T08:50:32.714+0000 7fb423fff700 1 -- 172.21.15.99:0/2561537280 <== mon.0 v2:172.21.15.99:3300/0 2 ==== config(26 keys) v1 ==== 1074+0+0 (secure 0 0 0) 0x7fb42c003ba0 con 0x7fb43c07be90
2023-08-25T08:50:33.592 INFO:teuthology.orchestra.run.smithi099.stdout:/usr/bin/ceph: stderr
2023-08-25T08:50:32.714+0000 7fb44158c700 1 -- 172.21.15.99:0/2561537280 --> [v2:172.21.15.99:3300/0,v1:172.21.15.99:6789/0] -- mon_subscribe({mgrmap=0+}) v3 -- 0x7fb43c19c7f0 con 0x7fb43c07be90
2023-08-25T08:50:33.593 INFO:teuthology.orchestra.run.smithi099.stdout:/usr/bin/ceph: stderr
2023-08-25T08:50:32.714+0000 7fb423fff700 1 -- 172.21.15.99:0/2561537280 <== mon.0 v2:172.21.15.99:3300/0 3 ==== mon_map magic: 0 v1 ==== 205+0+0 (secure 0 0 0) 0x7fb42c01a750 con 0x7fb43c07be90
2023-08-25T08:50:33.593 INFO:teuthology.orchestra.run.smithi099.stdout:/usr/bin/ceph: stderr
2023-08-25T08:50:32.714+0000 7fb44158c700 1 -- 172.21.15.99:0/2561537280 --> [v2:172.21.15.99:3300/0,v1:172.21.15.99:6789/0] -- mon_subscribe({osdmap=0}) v3 -- 0x7fb43c19cc10 con 0x7fb43c07be90
2023-08-25T08:50:33.593 INFO:teuthology.orchestra.run.smithi099.stdout:/usr/bin/ceph: stderr
2023-08-25T08:50:32.715+0000 7fb423fff700 1 -- 172.21.15.99:0/2561537280 <== mon.0 v2:172.21.15.99:3300/0 4 ==== mgrmap(e 8) v1 ==== 45135+0+0 (secure 0 0 0) 0x7fb42c024b60 con 0x7fb43c07be90
2023-08-25T08:50:33.593 INFO:teuthology.orchestra.run.smithi099.stdout:/usr/bin/ceph: stderr
2023-08-25T08:50:32.715+0000 7fb44158c700 1 -- 172.21.15.99:0/2561537280 --> [v2:172.21.15.99:3300/0,v1:172.21.15.99:6789/0] -- mon_command({"prefix": "get_command_descriptions"} v 0) v1 -- 0x7fb43c196100 con 0x7fb43c07be90
2023-08-25T08:50:33.593 INFO:teuthology.orchestra.run.smithi099.stdout:/usr/bin/ceph: stderr
2023-08-25T08:50:32.715+0000 7fb423fff700 1 --2- 172.21.15.99:0/2561537280 >> [v2:172.21.15.99:6800/2336486699,v1:172.21.15.99:6801/2336486699] conn(0x7fb424038110 0x7fb42403a5d0 unknown :-1 s=NONE pgs=0 cs=0 l=1 rev1=0 crypto rx=0 tx=0 comp rx=0 tx=0).connect
2023-08-25T08:50:33.593 INFO:teuthology.orchestra.run.smithi099.stdout:/usr/bin/ceph: stderr
2023-08-25T08:50:32.715+0000 7fb423fff700 1 -- 172.21.15.99:0/2561537280 <== mon.0 v2:172.21.15.99:3300/0 5 ==== osd_map(2..2 src has 1..2) v4 ==== 940+0+0 (secure 0 0 0) 0x7fb42c04bfc0 con 0x7fb43c07be90
2023-08-25T08:50:33.594 INFO:teuthology.orchestra.run.smithi099.stdout:/usr/bin/ceph: stderr
2023-08-25T08:50:32.716+0000 7fb43a7fc700 1 --2- 172.21.15.99:0/2561537280 >> [v2:172.21.15.99:6800/2336486699,v1:172.21.15.99:6801/2336486699] conn(0x7fb424038110 0x7fb42403a5d0 unknown :-1 s=BANNER_CONNECTING pgs=0 cs=0 l=1 rev1=0 crypto rx=0 tx=0 comp rx=0 tx=0)._handle_peer_banner_payload supported=3 required=0
2023-08-25T08:50:33.594 INFO:teuthology.orchestra.run.smithi099.stdout:/usr/bin/ceph: stderr
2023-08-25T08:50:32.716+0000 7fb43a7fc700 1 --2- 172.21.15.99:0/2561537280 >> [v2:172.21.15.99:6800/2336486699,v1:172.21.15.99:6801/2336486699] conn(0x7fb424038110 0x7fb42403a5d0 secure :-1 s=READY pgs=9 cs=0 l=1 rev1=1 crypto rx=0x7fb430006fd0 tx=0x7fb430006e40 comp rx=0 tx=0).ready entity=mgr.14118 client_cookie=0 server_cookie=0 in_seq=0 out_seq=0
2023-08-25T08:50:33.594 INFO:teuthology.orchestra.run.smithi099.stdout:/usr/bin/ceph: stderr
2023-08-25T08:50:32.720+0000 7fb423fff700 1 -- 172.21.15.99:0/2561537280 <== mon.0 v2:172.21.15.99:3300/0 6 ==== mon_command_ack([{"prefix": "get_command_descriptions"}]=0 v0) v1 ==== 72+0+179682 (secure 0 0 0) 0x7fb42c024430 con 0x7fb43c07be90
2023-08-25T08:50:33.594 INFO:teuthology.orchestra.run.smithi099.stdout:/usr/bin/ceph: stderr
2023-08-25T08:50:32.916+0000 7fb44158c700 1 -- 172.21.15.99:0/2561537280 --> [v2:172.21.15.99:6800/2336486699,v1:172.21.15.99:6801/2336486699] -- mgr_command(tid 0: {"prefix": "cephadm generate-key", "target": ["mon-mgr", ""]}) v1 -- 0x7fb43c02cd20 con 0x7fb424038110
2023-08-25T08:50:33.594 INFO:teuthology.orchestra.run.smithi099.stdout:/usr/bin/ceph: stderr
2023-08-25T08:50:33.082+0000 7fb423fff700 1 -- 172.21.15.99:0/2561537280 <== mgr.14118 v2:172.21.15.99:6800/2336486699 1 ==== mgr_command_reply(tid 0: 0 ) v1 ==== 8+0+0 (secure 0 0 0) 0x7fb43c02cd20 con 0x7fb424038110
2023-08-25T08:50:33.594 INFO:teuthology.orchestra.run.smithi099.stdout:/usr/bin/ceph: stderr
2023-08-25T08:50:33.084+0000 7fb44158c700 1 -- 172.21.15.99:0/2561537280 >> [v2:172.21.15.99:6800/2336486699,v1:172.21.15.99:6801/2336486699] conn(0x7fb424038110 msgr2=0x7fb42403a5d0 secure :-1 s=STATE_CONNECTION_ESTABLISHED l=1).mark_down
2023-08-25T08:50:33.594 INFO:teuthology.orchestra.run.smithi099.stdout:/usr/bin/ceph: stderr
2023-08-25T08:50:33.084+0000 7fb44158c700 1 --2- 172.21.15.99:0/2561537280 >> [v2:172.21.15.99:6800/2336486699,v1:172.21.15.99:6801/2336486699] conn(0x7fb424038110 0x7fb42403a5d0 secure :-1 s=READY pgs=9 cs=0 l=1 rev1=1 crypto rx=0x7fb430006fd0 tx=0x7fb430006e40 comp rx=0 tx=0).stop
2023-08-25T08:50:33.595 INFO:teuthology.orchestra.run.smithi099.stdout:/usr/bin/ceph: stderr
2023-08-25T08:50:33.084+0000 7fb44158c700 1 -- 172.21.15.99:0/2561537280 >> [v2:172.21.15.99:3300/0,v1:172.21.15.99:6789/0] conn(0x7fb43c07be90 msgr2=0x7fb43c19c0b0 secure :-1 s=STATE_CONNECTION_ESTABLISHED l=1).mark_down
2023-08-25T08:50:33.595 INFO:teuthology.orchestra.run.smithi099.stdout:/usr/bin/ceph: stderr
2023-08-25T08:50:33.084+0000 7fb44158c700 1 --2- 172.21.15.99:0/2561537280 >> [v2:172.21.15.99:3300/0,v1:172.21.15.99:6789/0] conn(0x7fb43c07be90 0x7fb43c19c0b0 secure :-1 s=READY pgs=40 cs=0 l=1 rev1=1 crypto rx=0x7fb42c009fb0 tx=0x7fb42c011ad0 comp rx=0 tx=0).stop
2023-08-25T08:50:33.595 INFO:teuthology.orchestra.run.smithi099.stdout:/usr/bin/ceph: stderr
2023-08-25T08:50:33.084+0000 7fb44158c700 1 -- 172.21.15.99:0/2561537280 shutdown_connections
2023-08-25T08:50:33.595 INFO:teuthology.orchestra.run.smithi099.stdout:/usr/bin/ceph: stderr
2023-08-25T08:50:33.084+0000 7fb44158c700 1 --2- 172.21.15.99:0/2561537280 >> [v2:172.21.15.99:6800/2336486699,v1:172.21.15.99:6801/2336486699] conn(0x7fb424038110 0x7fb42403a5d0 unknown :-1 s=CLOSED pgs=9 cs=0 l=1 rev1=1 crypto rx=0 tx=0 comp rx=0 tx=0).stop
2023-08-25T08:50:33.595 INFO:teuthology.orchestra.run.smithi099.stdout:/usr/bin/ceph: stderr
2023-08-25T08:50:33.084+0000 7fb44158c700 1 --2- 172.21.15.99:0/2561537280 >> [v2:172.21.15.99:3300/0,v1:172.21.15.99:6789/0] conn(0x7fb43c07be90 0x7fb43c19c0b0 unknown :-1 s=CLOSED pgs=40 cs=0 l=1 rev1=1 crypto rx=0 tx=0 comp rx=0 tx=0).stop
2023-08-25T08:50:33.595 INFO:teuthology.orchestra.run.smithi099.stdout:/usr/bin/ceph: stderr
2023-08-25T08:50:33.084+0000 7fb44158c700 1 -- 172.21.15.99:0/2561537280 >> 172.21.15.99:0/2561537280 conn(0x7fb43c1016e0 msgr2=0x7fb43c102e10 unknown :-1 s=STATE_NONE l=0).mark_down
2023-08-25T08:50:33.595 INFO:teuthology.orchestra.run.smithi099.stdout:/usr/bin/ceph: stderr
2023-08-25T08:50:33.084+0000 7fb44158c700 1 -- 172.21.15.99:0/2561537280 shutdown_connections
2023-08-25T08:50:33.595 INFO:teuthology.orchestra.run.smithi099.stdout:/usr/bin/ceph: stderr
2023-08-25T08:50:33.084+0000 7fb44158c700 1 -- 172.21.15.99:0/2561537280 wait complete.
2023-08-25T08:50:33.812 INFO:journalctl@ceph.mon.a.smithi099.stdout:Aug 25 08:50:33 smithi099 ceph-mon[97641]: from='client.14134 -' entity='client.admin' cmd=[{"prefix": "cephadm generate-key", "target": ["mon-mgr", ""]}]: dispatch
2023-08-25T08:50:33.812 INFO:journalctl@ceph.mon.a.smithi099.stdout:Aug 25 08:50:33 smithi099 ceph-mon[97641]: Generating ssh key...
2023-08-25T08:50:33.812 INFO:journalctl@ceph.mon.a.smithi099.stdout:Aug 25 08:50:33 smithi099 ceph-mon[97641]: from='mgr.14118 172.21.15.99:0/3969471178' entity='mgr.x'
2023-08-25T08:50:33.813 INFO:journalctl@ceph.mon.a.smithi099.stdout:Aug 25 08:50:33 smithi099 ceph-mon[97641]: from='mgr.14118 172.21.15.99:0/3969471178' entity='mgr.x'
2023-08-25T08:50:34.672 INFO:teuthology.orchestra.run.smithi099.stdout:/usr/bin/ceph: stdout ssh-rsa AAAAB3NzaC1yc2EAAAADAQABAAABgQC9EUT+ijUfNGmrLF9rb81WnRaSi7HTCONvfh+nzI9qFlmVa4ESSP6QUC9dIDZjKTqfrlKTOGyyIV+HMwi7DH/Z4B+gvDirB8SuodrfM2CUhTMbUKmBMmPnjktZNKGItNpc+Xg9qDbVWk4XjfQ/p1buvVVjJYWi6c5N+qHHt6nk8acFZAxTn41p71swBUMe4BpKaSM2aS3acVyn3dF/XNl0aPcULtd6YJlZbvaFsR/rOIg+GlM8f6KLdfT55xSb6wmE/yLS2VQQ6Wy6SUJUqXEzV3jBmBSrTz+MmEzXgyBy48xrLQaseyyU1waT65ZUSJ25uhssBjYzyQkVwOF98jUd1FzFrz+CtdrAiu5k21yIJ76dJgF8dYBiqTxU/R0WJleVHpim8xC7WKN7+YNhG4ckh1ZYVsEc5lR0ywjM4v3fWQbp2TXDDFYypDuWg6A51Wy2XSj2w/jYhozN+Aunf3SXbIcJ4vDRrMvsmHXcoBHMXTWvNOPE5uR4e3cvZ6sJNYs= ceph-3d4188ec-4324-11ee-9b3d-001a4aab830c
2023-08-25T08:50:34.672 INFO:teuthology.orchestra.run.smithi099.stdout:/usr/bin/ceph: stderr
2023-08-25T08:50:34.093+0000 7f793acec700 1 Processor -- start
2023-08-25T08:50:34.673 INFO:teuthology.orchestra.run.smithi099.stdout:/usr/bin/ceph: stderr
2023-08-25T08:50:34.093+0000 7f793acec700 1 -- start start
2023-08-25T08:50:34.673 INFO:teuthology.orchestra.run.smithi099.stdout:/usr/bin/ceph: stderr
2023-08-25T08:50:34.093+0000 7f793acec700 1 --2- >> [v2:172.21.15.99:3300/0,v1:172.21.15.99:6789/0] conn(0x7f793407beb0 0x7f793407a310 unknown :-1 s=NONE pgs=0 cs=0 l=0 rev1=0 crypto rx=0 tx=0 comp rx=0 tx=0).connect
2023-08-25T08:50:34.673 INFO:teuthology.orchestra.run.smithi099.stdout:/usr/bin/ceph: stderr
2023-08-25T08:50:34.093+0000 7f793acec700 1 -- --> [v2:172.21.15.99:3300/0,v1:172.21.15.99:6789/0] -- mon_getmap magic: 0 v1 -- 0x7f793407a8e0 con 0x7f793407beb0
2023-08-25T08:50:34.673 INFO:teuthology.orchestra.run.smithi099.stdout:/usr/bin/ceph: stderr
2023-08-25T08:50:34.094+0000 7f7938a88700 1 --2- >> [v2:172.21.15.99:3300/0,v1:172.21.15.99:6789/0] conn(0x7f793407beb0 0x7f793407a310 unknown :-1 s=BANNER_CONNECTING pgs=0 cs=0 l=0 rev1=0 crypto rx=0 tx=0 comp rx=0 tx=0)._handle_peer_banner_payload supported=3 required=0
2023-08-25T08:50:34.674 INFO:teuthology.orchestra.run.smithi099.stdout:/usr/bin/ceph: stderr
2023-08-25T08:50:34.094+0000 7f7938a88700 1 --2- >> [v2:172.21.15.99:3300/0,v1:172.21.15.99:6789/0] conn(0x7f793407beb0 0x7f793407a310 unknown :-1 s=HELLO_CONNECTING pgs=0 cs=0 l=0 rev1=1 crypto rx=0 tx=0 comp rx=0 tx=0).handle_hello peer v2:172.21.15.99:3300/0 says I am v2:172.21.15.99:46884/0 (socket says 172.21.15.99:46884)
2023-08-25T08:50:34.674 INFO:teuthology.orchestra.run.smithi099.stdout:/usr/bin/ceph: stderr
2023-08-25T08:50:34.094+0000 7f7938a88700 1 -- 172.21.15.99:0/1321555599 learned_addr learned my addr 172.21.15.99:0/1321555599 (peer_addr_for_me v2:172.21.15.99:0/0)
2023-08-25T08:50:34.674 INFO:teuthology.orchestra.run.smithi099.stdout:/usr/bin/ceph: stderr
2023-08-25T08:50:34.094+0000 7f7938a88700 1 -- 172.21.15.99:0/1321555599 --> [v2:172.21.15.99:3300/0,v1:172.21.15.99:6789/0] -- mon_subscribe({config=0+,monmap=0+}) v3 -- 0x7f793407aa20 con 0x7f793407beb0
2023-08-25T08:50:34.674 INFO:teuthology.orchestra.run.smithi099.stdout:/usr/bin/ceph: stderr
2023-08-25T08:50:34.094+0000 7f7938a88700 1 --2- 172.21.15.99:0/1321555599 >> [v2:172.21.15.99:3300/0,v1:172.21.15.99:6789/0] conn(0x7f793407beb0 0x7f793407a310 secure :-1 s=READY pgs=41 cs=0 l=1 rev1=1 crypto rx=0x7f79280098a0 tx=0x7f7928009bb0 comp rx=0 tx=0).ready entity=mon.0 client_cookie=8df779312c8f7854 server_cookie=0 in_seq=0 out_seq=0
2023-08-25T08:50:34.675 INFO:teuthology.orchestra.run.smithi099.stdout:/usr/bin/ceph: stderr
2023-08-25T08:50:34.095+0000 7f79337fe700 1 -- 172.21.15.99:0/1321555599 <== mon.0 v2:172.21.15.99:3300/0 1 ==== mon_map magic: 0 v1 ==== 205+0+0 (secure 0 0 0) 0x7f7928004160 con 0x7f793407beb0
2023-08-25T08:50:34.675 INFO:teuthology.orchestra.run.smithi099.stdout:/usr/bin/ceph: stderr
2023-08-25T08:50:34.095+0000 7f79337fe700 1 -- 172.21.15.99:0/1321555599 <== mon.0 v2:172.21.15.99:3300/0 2 ==== config(26 keys) v1 ==== 1074+0+0 (secure 0 0 0) 0x7f79280042c0 con 0x7f793407beb0
2023-08-25T08:50:34.675 INFO:teuthology.orchestra.run.smithi099.stdout:/usr/bin/ceph: stderr
2023-08-25T08:50:34.095+0000 7f79337fe700 1 -- 172.21.15.99:0/1321555599 <== mon.0 v2:172.21.15.99:3300/0 3 ==== mon_map magic: 0 v1 ==== 205+0+0 (secure 0 0 0) 0x7f7928011a00 con 0x7f793407beb0
2023-08-25T08:50:34.676 INFO:teuthology.orchestra.run.smithi099.stdout:/usr/bin/ceph: stderr
2023-08-25T08:50:34.095+0000 7f793acec700 1 -- 172.21.15.99:0/1321555599 >> [v2:172.21.15.99:3300/0,v1:172.21.15.99:6789/0] conn(0x7f793407beb0 msgr2=0x7f793407a310 secure :-1 s=STATE_CONNECTION_ESTABLISHED l=1).mark_down
2023-08-25T08:50:34.677 INFO:teuthology.orchestra.run.smithi099.stdout:/usr/bin/ceph: stderr
2023-08-25T08:50:34.095+0000 7f793acec700 1 --2- 172.21.15.99:0/1321555599 >> [v2:172.21.15.99:3300/0,v1:172.21.15.99:6789/0] conn(0x7f793407beb0 0x7f793407a310 secure :-1 s=READY pgs=41 cs=0 l=1 rev1=1 crypto rx=0x7f79280098a0 tx=0x7f7928009bb0 comp rx=0 tx=0).stop
2023-08-25T08:50:34.677 INFO:teuthology.orchestra.run.smithi099.stdout:/usr/bin/ceph: stderr
2023-08-25T08:50:34.095+0000 7f793acec700 1 -- 172.21.15.99:0/1321555599 shutdown_connections
2023-08-25T08:50:34.678 INFO:teuthology.orchestra.run.smithi099.stdout:/usr/bin/ceph: stderr
2023-08-25T08:50:34.095+0000 7f793acec700 1 --2- 172.21.15.99:0/1321555599 >> [v2:172.21.15.99:3300/0,v1:172.21.15.99:6789/0] conn(0x7f793407beb0 0x7f793407a310 unknown :-1 s=CLOSED pgs=41 cs=0 l=1 rev1=1 crypto rx=0 tx=0 comp rx=0 tx=0).stop
2023-08-25T08:50:34.678 INFO:teuthology.orchestra.run.smithi099.stdout:/usr/bin/ceph: stderr
2023-08-25T08:50:34.095+0000 7f793acec700 1 -- 172.21.15.99:0/1321555599 >> 172.21.15.99:0/1321555599 conn(0x7f79341016e0 msgr2=0x7f7934103b00 unknown :-1 s=STATE_NONE l=0).mark_down
2023-08-25T08:50:34.680 INFO:teuthology.orchestra.run.smithi099.stdout:/usr/bin/ceph: stderr
2023-08-25T08:50:34.095+0000 7f793acec700 1 -- 172.21.15.99:0/1321555599 shutdown_connections
2023-08-25T08:50:34.681 INFO:teuthology.orchestra.run.smithi099.stdout:/usr/bin/ceph: stderr
2023-08-25T08:50:34.095+0000 7f793acec700 1 -- 172.21.15.99:0/1321555599 wait complete.
2023-08-25T08:50:34.682 INFO:teuthology.orchestra.run.smithi099.stdout:/usr/bin/ceph: stderr
2023-08-25T08:50:34.096+0000 7f793acec700 1 Processor -- start
2023-08-25T08:50:34.682 INFO:teuthology.orchestra.run.smithi099.stdout:/usr/bin/ceph: stderr
2023-08-25T08:50:34.096+0000 7f793acec700 1 -- start start
2023-08-25T08:50:34.682 INFO:teuthology.orchestra.run.smithi099.stdout:/usr/bin/ceph: stderr
2023-08-25T08:50:34.097+0000 7f793acec700 1 --2- >> [v2:172.21.15.99:3300/0,v1:172.21.15.99:6789/0] conn(0x7f793407beb0 0x7f793419c090 unknown :-1 s=NONE pgs=0 cs=0 l=1 rev1=0 crypto rx=0 tx=0 comp rx=0 tx=0).connect
2023-08-25T08:50:34.683 INFO:teuthology.orchestra.run.smithi099.stdout:/usr/bin/ceph: stderr
2023-08-25T08:50:34.097+0000 7f793acec700 1 -- --> [v2:172.21.15.99:3300/0,v1:172.21.15.99:6789/0] -- mon_getmap magic: 0 v1 -- 0x7f793419c5d0 con 0x7f793407beb0
2023-08-25T08:50:34.683 INFO:teuthology.orchestra.run.smithi099.stdout:/usr/bin/ceph: stderr
2023-08-25T08:50:34.097+0000 7f7938a88700 1 --2- >> [v2:172.21.15.99:3300/0,v1:172.21.15.99:6789/0] conn(0x7f793407beb0 0x7f793419c090 unknown :-1 s=BANNER_CONNECTING pgs=0 cs=0 l=1 rev1=0 crypto rx=0 tx=0 comp rx=0 tx=0)._handle_peer_banner_payload supported=3 required=0
2023-08-25T08:50:34.683 INFO:teuthology.orchestra.run.smithi099.stdout:/usr/bin/ceph: stderr
2023-08-25T08:50:34.097+0000 7f7938a88700 1 --2- >> [v2:172.21.15.99:3300/0,v1:172.21.15.99:6789/0] conn(0x7f793407beb0 0x7f793419c090 unknown :-1 s=HELLO_CONNECTING pgs=0 cs=0 l=1 rev1=1 crypto rx=0 tx=0 comp rx=0 tx=0).handle_hello peer v2:172.21.15.99:3300/0 says I am v2:172.21.15.99:46886/0 (socket says 172.21.15.99:46886)
2023-08-25T08:50:34.683 INFO:teuthology.orchestra.run.smithi099.stdout:/usr/bin/ceph: stderr
2023-08-25T08:50:34.097+0000 7f7938a88700 1 -- 172.21.15.99:0/1438458617 learned_addr learned my addr 172.21.15.99:0/1438458617 (peer_addr_for_me v2:172.21.15.99:0/0)
2023-08-25T08:50:34.684 INFO:teuthology.orchestra.run.smithi099.stdout:/usr/bin/ceph: stderr
2023-08-25T08:50:34.097+0000 7f7938a88700 1 -- 172.21.15.99:0/1438458617 --> [v2:172.21.15.99:3300/0,v1:172.21.15.99:6789/0] -- mon_subscribe({config=0+,monmap=0+}) v3 -- 0x7f7928009550 con 0x7f793407beb0
2023-08-25T08:50:34.684 INFO:teuthology.orchestra.run.smithi099.stdout:/usr/bin/ceph: stderr
2023-08-25T08:50:34.097+0000 7f7938a88700 1 --2- 172.21.15.99:0/1438458617 >> [v2:172.21.15.99:3300/0,v1:172.21.15.99:6789/0] conn(0x7f793407beb0 0x7f793419c090 secure :-1 s=READY pgs=42 cs=0 l=1 rev1=1 crypto rx=0x7f7928009130 tx=0x7f7928011ad0 comp rx=0 tx=0).ready entity=mon.0 client_cookie=0 server_cookie=0 in_seq=0 out_seq=0
2023-08-25T08:50:34.684 INFO:teuthology.orchestra.run.smithi099.stdout:/usr/bin/ceph: stderr
2023-08-25T08:50:34.098+0000 7f7931ffb700 1 -- 172.21.15.99:0/1438458617 <== mon.0 v2:172.21.15.99:3300/0 1 ==== mon_map magic: 0 v1 ==== 205+0+0 (secure 0 0 0) 0x7f7928003ab0 con 0x7f793407beb0
2023-08-25T08:50:34.685 INFO:teuthology.orchestra.run.smithi099.stdout:/usr/bin/ceph: stderr
2023-08-25T08:50:34.098+0000 7f7931ffb700 1 -- 172.21.15.99:0/1438458617 <== mon.0 v2:172.21.15.99:3300/0 2 ==== config(26 keys) v1 ==== 1074+0+0 (secure 0 0 0) 0x7f7928003c10 con 0x7f793407beb0
2023-08-25T08:50:34.685 INFO:teuthology.orchestra.run.smithi099.stdout:/usr/bin/ceph: stderr
2023-08-25T08:50:34.098+0000 7f793acec700 1 -- 172.21.15.99:0/1438458617 --> [v2:172.21.15.99:3300/0,v1:172.21.15.99:6789/0] -- mon_subscribe({mgrmap=0+}) v3 -- 0x7f793419c7d0 con 0x7f793407beb0
2023-08-25T08:50:34.685 INFO:teuthology.orchestra.run.smithi099.stdout:/usr/bin/ceph: stderr
2023-08-25T08:50:34.098+0000 7f7931ffb700 1 -- 172.21.15.99:0/1438458617 <== mon.0 v2:172.21.15.99:3300/0 3 ==== mon_map magic: 0 v1 ==== 205+0+0 (secure 0 0 0) 0x7f79280247d0 con 0x7f793407beb0
2023-08-25T08:50:34.685 INFO:teuthology.orchestra.run.smithi099.stdout:/usr/bin/ceph: stderr
2023-08-25T08:50:34.098+0000 7f793acec700 1 -- 172.21.15.99:0/1438458617 --> [v2:172.21.15.99:3300/0,v1:172.21.15.99:6789/0] -- mon_subscribe({osdmap=0}) v3 -- 0x7f793419cbf0 con 0x7f793407beb0
2023-08-25T08:50:34.686 INFO:teuthology.orchestra.run.smithi099.stdout:/usr/bin/ceph: stderr
2023-08-25T08:50:34.099+0000 7f7931ffb700 1 -- 172.21.15.99:0/1438458617 <== mon.0 v2:172.21.15.99:3300/0 4 ==== mgrmap(e 8) v1 ==== 45135+0+0 (secure 0 0 0) 0x7f792801a430 con 0x7f793407beb0
2023-08-25T08:50:34.686 INFO:teuthology.orchestra.run.smithi099.stdout:/usr/bin/ceph: stderr
2023-08-25T08:50:34.099+0000 7f793acec700 1 -- 172.21.15.99:0/1438458617 --> [v2:172.21.15.99:3300/0,v1:172.21.15.99:6789/0] -- mon_command({"prefix": "get_command_descriptions"} v 0) v1 -- 0x7f7934196100 con 0x7f793407beb0
2023-08-25T08:50:34.686 INFO:teuthology.orchestra.run.smithi099.stdout:/usr/bin/ceph: stderr
2023-08-25T08:50:34.099+0000 7f7931ffb700 1 --2- 172.21.15.99:0/1438458617 >> [v2:172.21.15.99:6800/2336486699,v1:172.21.15.99:6801/2336486699] conn(0x7f7924038160 0x7f792403a620 unknown :-1 s=NONE pgs=0 cs=0 l=1 rev1=0 crypto rx=0 tx=0 comp rx=0 tx=0).connect
2023-08-25T08:50:34.687 INFO:teuthology.orchestra.run.smithi099.stdout:/usr/bin/ceph: stderr
2023-08-25T08:50:34.099+0000 7f7931ffb700 1 -- 172.21.15.99:0/1438458617 <== mon.0 v2:172.21.15.99:3300/0 5 ==== osd_map(2..2 src has 1..2) v4 ==== 940+0+0 (secure 0 0 0) 0x7f792804c0c0 con 0x7f793407beb0
2023-08-25T08:50:34.687 INFO:teuthology.orchestra.run.smithi099.stdout:/usr/bin/ceph: stderr
2023-08-25T08:50:34.100+0000 7f7933fff700 1 --2- 172.21.15.99:0/1438458617 >> [v2:172.21.15.99:6800/2336486699,v1:172.21.15.99:6801/2336486699] conn(0x7f7924038160 0x7f792403a620 unknown :-1 s=BANNER_CONNECTING pgs=0 cs=0 l=1 rev1=0 crypto rx=0 tx=0 comp rx=0 tx=0)._handle_peer_banner_payload supported=3 required=0
2023-08-25T08:50:34.687 INFO:teuthology.orchestra.run.smithi099.stdout:/usr/bin/ceph: stderr
2023-08-25T08:50:34.100+0000 7f7933fff700 1 --2- 172.21.15.99:0/1438458617 >> [v2:172.21.15.99:6800/2336486699,v1:172.21.15.99:6801/2336486699] conn(0x7f7924038160 0x7f792403a620 secure :-1 s=READY pgs=10 cs=0 l=1 rev1=1 crypto rx=0x7f7920006fd0 tx=0x7f7920006e40 comp rx=0 tx=0).ready entity=mgr.14118 client_cookie=0 server_cookie=0 in_seq=0 out_seq=0
2023-08-25T08:50:34.687 INFO:teuthology.orchestra.run.smithi099.stdout:/usr/bin/ceph: stderr
2023-08-25T08:50:34.105+0000 7f7931ffb700 1 -- 172.21.15.99:0/1438458617 <== mon.0 v2:172.21.15.99:3300/0 6 ==== mon_command_ack([{"prefix": "get_command_descriptions"}]=0 v0) v1 ==== 72+0+179682 (secure 0 0 0) 0x7f792807ee00 con 0x7f793407beb0
2023-08-25T08:50:34.688 INFO:teuthology.orchestra.run.smithi099.stdout:/usr/bin/ceph: stderr
2023-08-25T08:50:34.303+0000 7f793acec700 1 -- 172.21.15.99:0/1438458617 --> [v2:172.21.15.99:6800/2336486699,v1:172.21.15.99:6801/2336486699] -- mgr_command(tid 0: {"prefix": "cephadm get-pub-key", "target": ["mon-mgr", ""]}) v1 -- 0x7f793402cd20 con 0x7f7924038160
2023-08-25T08:50:34.688 INFO:teuthology.orchestra.run.smithi099.stdout:/usr/bin/ceph: stderr
2023-08-25T08:50:34.304+0000 7f7931ffb700 1 -- 172.21.15.99:0/1438458617 <== mgr.14118 v2:172.21.15.99:6800/2336486699 1 ==== mgr_command_reply(tid 0: 0 ) v1 ==== 8+0+595 (secure 0 0 0) 0x7f793402cd20 con 0x7f7924038160
2023-08-25T08:50:34.689 INFO:teuthology.orchestra.run.smithi099.stdout:/usr/bin/ceph: stderr
2023-08-25T08:50:34.306+0000 7f793acec700 1 -- 172.21.15.99:0/1438458617 >> [v2:172.21.15.99:6800/2336486699,v1:172.21.15.99:6801/2336486699] conn(0x7f7924038160 msgr2=0x7f792403a620 secure :-1 s=STATE_CONNECTION_ESTABLISHED l=1).mark_down
2023-08-25T08:50:34.689 INFO:teuthology.orchestra.run.smithi099.stdout:/usr/bin/ceph: stderr
2023-08-25T08:50:34.306+0000 7f793acec700 1 --2- 172.21.15.99:0/1438458617 >> [v2:172.21.15.99:6800/2336486699,v1:172.21.15.99:6801/2336486699] conn(0x7f7924038160 0x7f792403a620 secure :-1 s=READY pgs=10 cs=0 l=1 rev1=1 crypto rx=0x7f7920006fd0 tx=0x7f7920006e40 comp rx=0 tx=0).stop
2023-08-25T08:50:34.689 INFO:teuthology.orchestra.run.smithi099.stdout:/usr/bin/ceph: stderr
2023-08-25T08:50:34.306+0000 7f793acec700 1 -- 172.21.15.99:0/1438458617 >> [v2:172.21.15.99:3300/0,v1:172.21.15.99:6789/0] conn(0x7f793407beb0 msgr2=0x7f793419c090 secure :-1 s=STATE_CONNECTION_ESTABLISHED l=1).mark_down
2023-08-25T08:50:34.690 INFO:teuthology.orchestra.run.smithi099.stdout:/usr/bin/ceph: stderr
2023-08-25T08:50:34.306+0000 7f793acec700 1 --2- 172.21.15.99:0/1438458617 >> [v2:172.21.15.99:3300/0,v1:172.21.15.99:6789/0] conn(0x7f793407beb0 0x7f793419c090 secure :-1 s=READY pgs=42 cs=0 l=1 rev1=1 crypto rx=0x7f7928009130 tx=0x7f7928011ad0 comp rx=0 tx=0).stop
2023-08-25T08:50:34.690 INFO:teuthology.orchestra.run.smithi099.stdout:/usr/bin/ceph: stderr
2023-08-25T08:50:34.306+0000 7f793acec700 1 -- 172.21.15.99:0/1438458617 shutdown_connections
2023-08-25T08:50:34.690 INFO:teuthology.orchestra.run.smithi099.stdout:/usr/bin/ceph: stderr
2023-08-25T08:50:34.306+0000 7f793acec700 1 --2- 172.21.15.99:0/1438458617 >> [v2:172.21.15.99:6800/2336486699,v1:172.21.15.99:6801/2336486699] conn(0x7f7924038160 0x7f792403a620 unknown :-1 s=CLOSED pgs=10 cs=0 l=1 rev1=1 crypto rx=0 tx=0 comp rx=0 tx=0).stop
2023-08-25T08:50:34.690 INFO:teuthology.orchestra.run.smithi099.stdout:/usr/bin/ceph: stderr
2023-08-25T08:50:34.306+0000 7f793acec700 1 --2- 172.21.15.99:0/1438458617 >> [v2:172.21.15.99:3300/0,v1:172.21.15.99:6789/0] conn(0x7f793407beb0 0x7f793419c090 unknown :-1 s=CLOSED pgs=42 cs=0 l=1 rev1=1 crypto rx=0 tx=0 comp rx=0 tx=0).stop
2023-08-25T08:50:34.691 INFO:teuthology.orchestra.run.smithi099.stdout:/usr/bin/ceph: stderr
2023-08-25T08:50:34.306+0000 7f793acec700 1 -- 172.21.15.99:0/1438458617 >> 172.21.15.99:0/1438458617 conn(0x7f79341016e0 msgr2=0x7f7934102df0 unknown :-1 s=STATE_NONE l=0).mark_down
2023-08-25T08:50:34.691 INFO:teuthology.orchestra.run.smithi099.stdout:/usr/bin/ceph: stderr
2023-08-25T08:50:34.306+0000 7f793acec700 1 -- 172.21.15.99:0/1438458617 shutdown_connections
2023-08-25T08:50:34.692 INFO:teuthology.orchestra.run.smithi099.stdout:/usr/bin/ceph: stderr
2023-08-25T08:50:34.306+0000 7f793acec700 1 -- 172.21.15.99:0/1438458617 wait complete.
2023-08-25T08:50:34.692 INFO:teuthology.orchestra.run.smithi099.stdout:Wrote public SSH key to /home/ubuntu/cephtest/ceph.pub
2023-08-25T08:50:34.692 INFO:teuthology.orchestra.run.smithi099.stdout:Adding key to root@localhost authorized_keys...
2023-08-25T08:50:34.693 INFO:teuthology.orchestra.run.smithi099.stdout:Adding host smithi099...
2023-08-25T08:50:35.422 INFO:journalctl@ceph.mon.a.smithi099.stdout:Aug 25 08:50:35 smithi099 ceph-mon[97641]: from='client.14136 -' entity='client.admin' cmd=[{"prefix": "cephadm get-pub-key", "target": ["mon-mgr", ""]}]: dispatch
2023-08-25T08:50:36.444 INFO:journalctl@ceph.mon.a.smithi099.stdout:Aug 25 08:50:36 smithi099 ceph-mon[97641]: from='client.14138 -' entity='client.admin' cmd=[{"prefix": "orch host add", "hostname": "smithi099", "addr": "172.21.15.99", "target": ["mon-mgr", ""]}]: dispatch
2023-08-25T08:50:37.561 INFO:journalctl@ceph.mon.a.smithi099.stdout:Aug 25 08:50:37 smithi099 ceph-mon[97641]: Deploying cephadm binary to smithi099
2023-08-25T08:50:38.957 INFO:teuthology.orchestra.run.smithi099.stdout:/usr/bin/ceph: stdout Added host 'smithi099' with addr '172.21.15.99'
2023-08-25T08:50:38.957 INFO:teuthology.orchestra.run.smithi099.stdout:/usr/bin/ceph: stderr
2023-08-25T08:50:35.180+0000 7f3831219700 1 Processor -- start
2023-08-25T08:50:38.957 INFO:teuthology.orchestra.run.smithi099.stdout:/usr/bin/ceph: stderr
2023-08-25T08:50:35.181+0000 7f3831219700 1 -- start start
2023-08-25T08:50:38.957 INFO:teuthology.orchestra.run.smithi099.stdout:/usr/bin/ceph: stderr
2023-08-25T08:50:35.181+0000 7f3831219700 1 --2- >> [v2:172.21.15.99:3300/0,v1:172.21.15.99:6789/0] conn(0x7f382c07be50 0x7f382c07a2b0 unknown :-1 s=NONE pgs=0 cs=0 l=0 rev1=0 crypto rx=0 tx=0 comp rx=0 tx=0).connect
2023-08-25T08:50:38.958 INFO:teuthology.orchestra.run.smithi099.stdout:/usr/bin/ceph: stderr
2023-08-25T08:50:35.181+0000 7f3831219700 1 -- --> [v2:172.21.15.99:3300/0,v1:172.21.15.99:6789/0] -- mon_getmap magic: 0 v1 -- 0x7f382c07a880 con 0x7f382c07be50
2023-08-25T08:50:38.958 INFO:teuthology.orchestra.run.smithi099.stdout:/usr/bin/ceph: stderr
2023-08-25T08:50:35.181+0000 7f382ad9d700 1 --2- >> [v2:172.21.15.99:3300/0,v1:172.21.15.99:6789/0] conn(0x7f382c07be50 0x7f382c07a2b0 unknown :-1 s=BANNER_CONNECTING pgs=0 cs=0 l=0 rev1=0 crypto rx=0 tx=0 comp rx=0 tx=0)._handle_peer_banner_payload supported=3 required=0
2023-08-25T08:50:38.958 INFO:teuthology.orchestra.run.smithi099.stdout:/usr/bin/ceph: stderr
2023-08-25T08:50:35.181+0000 7f382ad9d700 1 --2- >> [v2:172.21.15.99:3300/0,v1:172.21.15.99:6789/0] conn(0x7f382c07be50 0x7f382c07a2b0 unknown :-1 s=HELLO_CONNECTING pgs=0 cs=0 l=0 rev1=1 crypto rx=0 tx=0 comp rx=0 tx=0).handle_hello peer v2:172.21.15.99:3300/0 says I am v2:172.21.15.99:46892/0 (socket says 172.21.15.99:46892)
2023-08-25T08:50:38.958 INFO:teuthology.orchestra.run.smithi099.stdout:/usr/bin/ceph: stderr
2023-08-25T08:50:35.181+0000 7f382ad9d700 1 -- 172.21.15.99:0/303427730 learned_addr learned my addr 172.21.15.99:0/303427730 (peer_addr_for_me v2:172.21.15.99:0/0)
2023-08-25T08:50:38.958 INFO:teuthology.orchestra.run.smithi099.stdout:/usr/bin/ceph: stderr
2023-08-25T08:50:35.182+0000 7f382ad9d700 1 -- 172.21.15.99:0/303427730 --> [v2:172.21.15.99:3300/0,v1:172.21.15.99:6789/0] -- mon_subscribe({config=0+,monmap=0+}) v3 -- 0x7f382c07a9c0 con 0x7f382c07be50
2023-08-25T08:50:38.958 INFO:teuthology.orchestra.run.smithi099.stdout:/usr/bin/ceph: stderr
2023-08-25T08:50:35.182+0000 7f382ad9d700 1 --2- 172.21.15.99:0/303427730 >> [v2:172.21.15.99:3300/0,v1:172.21.15.99:6789/0] conn(0x7f382c07be50 0x7f382c07a2b0 secure :-1 s=READY pgs=43 cs=0 l=1 rev1=1 crypto rx=0x7f381c0098a0 tx=0x7f381c009bb0 comp rx=0 tx=0).ready entity=mon.0 client_cookie=74eab7ece7f931ae server_cookie=0 in_seq=0 out_seq=0
2023-08-25T08:50:38.958 INFO:teuthology.orchestra.run.smithi099.stdout:/usr/bin/ceph: stderr
2023-08-25T08:50:35.182+0000 7f3829d9b700 1 -- 172.21.15.99:0/303427730 <== mon.0 v2:172.21.15.99:3300/0 1 ==== mon_map magic: 0 v1 ==== 205+0+0 (secure 0 0 0) 0x7f381c004160 con 0x7f382c07be50
2023-08-25T08:50:38.958 INFO:teuthology.orchestra.run.smithi099.stdout:/usr/bin/ceph: stderr
2023-08-25T08:50:35.182+0000 7f3829d9b700 1 -- 172.21.15.99:0/303427730 <== mon.0 v2:172.21.15.99:3300/0 2 ==== config(26 keys) v1 ==== 1074+0+0 (secure 0 0 0) 0x7f381c0042c0 con 0x7f382c07be50
2023-08-25T08:50:38.959 INFO:teuthology.orchestra.run.smithi099.stdout:/usr/bin/ceph: stderr
2023-08-25T08:50:35.182+0000 7f3829d9b700 1 -- 172.21.15.99:0/303427730 <== mon.0 v2:172.21.15.99:3300/0 3 ==== mon_map magic: 0 v1 ==== 205+0+0 (secure 0 0 0) 0x7f381c011a00 con 0x7f382c07be50
2023-08-25T08:50:38.959 INFO:teuthology.orchestra.run.smithi099.stdout:/usr/bin/ceph: stderr
2023-08-25T08:50:35.183+0000 7f3831219700 1 -- 172.21.15.99:0/303427730 >> [v2:172.21.15.99:3300/0,v1:172.21.15.99:6789/0] conn(0x7f382c07be50 msgr2=0x7f382c07a2b0 secure :-1 s=STATE_CONNECTION_ESTABLISHED l=1).mark_down
2023-08-25T08:50:38.959 INFO:teuthology.orchestra.run.smithi099.stdout:/usr/bin/ceph: stderr
2023-08-25T08:50:35.183+0000 7f3831219700 1 --2- 172.21.15.99:0/303427730 >> [v2:172.21.15.99:3300/0,v1:172.21.15.99:6789/0] conn(0x7f382c07be50 0x7f382c07a2b0 secure :-1 s=READY pgs=43 cs=0 l=1 rev1=1 crypto rx=0x7f381c0098a0 tx=0x7f381c009bb0 comp rx=0 tx=0).stop
2023-08-25T08:50:38.959 INFO:teuthology.orchestra.run.smithi099.stdout:/usr/bin/ceph: stderr
2023-08-25T08:50:35.183+0000 7f3831219700 1 -- 172.21.15.99:0/303427730 shutdown_connections
2023-08-25T08:50:38.959 INFO:teuthology.orchestra.run.smithi099.stdout:/usr/bin/ceph: stderr
2023-08-25T08:50:35.183+0000 7f3831219700 1 --2- 172.21.15.99:0/303427730 >> [v2:172.21.15.99:3300/0,v1:172.21.15.99:6789/0] conn(0x7f382c07be50 0x7f382c07a2b0 unknown :-1 s=CLOSED pgs=43 cs=0 l=1 rev1=1 crypto rx=0 tx=0 comp rx=0 tx=0).stop
2023-08-25T08:50:38.959 INFO:teuthology.orchestra.run.smithi099.stdout:/usr/bin/ceph: stderr
2023-08-25T08:50:35.183+0000 7f3831219700 1 -- 172.21.15.99:0/303427730 >> 172.21.15.99:0/303427730 conn(0x7f382c1016e0 msgr2=0x7f382c103b00 unknown :-1 s=STATE_NONE l=0).mark_down
2023-08-25T08:50:38.959 INFO:teuthology.orchestra.run.smithi099.stdout:/usr/bin/ceph: stderr
2023-08-25T08:50:35.183+0000 7f3831219700 1 -- 172.21.15.99:0/303427730 shutdown_connections
2023-08-25T08:50:38.960 INFO:teuthology.orchestra.run.smithi099.stdout:/usr/bin/ceph: stderr
2023-08-25T08:50:35.183+0000 7f3831219700 1 -- 172.21.15.99:0/303427730 wait complete.
2023-08-25T08:50:38.960 INFO:teuthology.orchestra.run.smithi099.stdout:/usr/bin/ceph: stderr
2023-08-25T08:50:35.184+0000 7f3831219700 1 Processor -- start
2023-08-25T08:50:38.960 INFO:teuthology.orchestra.run.smithi099.stdout:/usr/bin/ceph: stderr
2023-08-25T08:50:35.184+0000 7f3831219700 1 -- start start
2023-08-25T08:50:38.960 INFO:teuthology.orchestra.run.smithi099.stdout:/usr/bin/ceph: stderr
2023-08-25T08:50:35.184+0000 7f3831219700 1 --2- >> [v2:172.21.15.99:3300/0,v1:172.21.15.99:6789/0] conn(0x7f382c07be50 0x7f382c19c080 unknown :-1 s=NONE pgs=0 cs=0 l=1 rev1=0 crypto rx=0 tx=0 comp rx=0 tx=0).connect
2023-08-25T08:50:38.960 INFO:teuthology.orchestra.run.smithi099.stdout:/usr/bin/ceph: stderr
2023-08-25T08:50:35.184+0000 7f3831219700 1 -- --> [v2:172.21.15.99:3300/0,v1:172.21.15.99:6789/0] -- mon_getmap magic: 0 v1 -- 0x7f382c19c5c0 con 0x7f382c07be50
2023-08-25T08:50:38.960 INFO:teuthology.orchestra.run.smithi099.stdout:/usr/bin/ceph: stderr
2023-08-25T08:50:35.185+0000 7f382ad9d700 1 --2- >> [v2:172.21.15.99:3300/0,v1:172.21.15.99:6789/0] conn(0x7f382c07be50 0x7f382c19c080 unknown :-1 s=BANNER_CONNECTING pgs=0 cs=0 l=1 rev1=0 crypto rx=0 tx=0 comp rx=0 tx=0)._handle_peer_banner_payload supported=3 required=0
2023-08-25T08:50:38.960 INFO:teuthology.orchestra.run.smithi099.stdout:/usr/bin/ceph: stderr
2023-08-25T08:50:35.185+0000 7f382ad9d700 1 --2- >> [v2:172.21.15.99:3300/0,v1:172.21.15.99:6789/0] conn(0x7f382c07be50 0x7f382c19c080 unknown :-1 s=HELLO_CONNECTING pgs=0 cs=0 l=1 rev1=1 crypto rx=0 tx=0 comp rx=0 tx=0).handle_hello peer v2:172.21.15.99:3300/0 says I am v2:172.21.15.99:46894/0 (socket says 172.21.15.99:46894)
2023-08-25T08:50:38.960 INFO:teuthology.orchestra.run.smithi099.stdout:/usr/bin/ceph: stderr
2023-08-25T08:50:35.185+0000 7f382ad9d700 1 -- 172.21.15.99:0/2386032670 learned_addr learned my addr 172.21.15.99:0/2386032670 (peer_addr_for_me v2:172.21.15.99:0/0)
2023-08-25T08:50:38.961 INFO:teuthology.orchestra.run.smithi099.stdout:/usr/bin/ceph: stderr
2023-08-25T08:50:35.185+0000 7f382ad9d700 1 -- 172.21.15.99:0/2386032670 --> [v2:172.21.15.99:3300/0,v1:172.21.15.99:6789/0] -- mon_subscribe({config=0+,monmap=0+}) v3 -- 0x7f381c009550 con 0x7f382c07be50
2023-08-25T08:50:38.961 INFO:teuthology.orchestra.run.smithi099.stdout:/usr/bin/ceph: stderr
2023-08-25T08:50:35.185+0000 7f382ad9d700 1 --2- 172.21.15.99:0/2386032670 >> [v2:172.21.15.99:3300/0,v1:172.21.15.99:6789/0] conn(0x7f382c07be50 0x7f382c19c080 secure :-1 s=READY pgs=44 cs=0 l=1 rev1=1 crypto rx=0x7f381c009130 tx=0x7f381c011ad0 comp rx=0 tx=0).ready entity=mon.0 client_cookie=0 server_cookie=0 in_seq=0 out_seq=0
2023-08-25T08:50:38.961 INFO:teuthology.orchestra.run.smithi099.stdout:/usr/bin/ceph: stderr
2023-08-25T08:50:35.185+0000 7f3813fff700 1 -- 172.21.15.99:0/2386032670 <== mon.0 v2:172.21.15.99:3300/0 1 ==== mon_map magic: 0 v1 ==== 205+0+0 (secure 0 0 0) 0x7f381c003b70 con 0x7f382c07be50
2023-08-25T08:50:38.961 INFO:teuthology.orchestra.run.smithi099.stdout:/usr/bin/ceph: stderr
2023-08-25T08:50:35.185+0000 7f3813fff700 1 -- 172.21.15.99:0/2386032670 <== mon.0 v2:172.21.15.99:3300/0 2 ==== config(26 keys) v1 ==== 1074+0+0 (secure 0 0 0) 0x7f381c003cd0 con 0x7f382c07be50
2023-08-25T08:50:38.961 INFO:teuthology.orchestra.run.smithi099.stdout:/usr/bin/ceph: stderr
2023-08-25T08:50:35.185+0000 7f3831219700 1 -- 172.21.15.99:0/2386032670 --> [v2:172.21.15.99:3300/0,v1:172.21.15.99:6789/0] -- mon_subscribe({mgrmap=0+}) v3 -- 0x7f382c19c7c0 con 0x7f382c07be50
2023-08-25T08:50:38.961 INFO:teuthology.orchestra.run.smithi099.stdout:/usr/bin/ceph: stderr
2023-08-25T08:50:35.186+0000 7f3813fff700 1 -- 172.21.15.99:0/2386032670 <== mon.0 v2:172.21.15.99:3300/0 3 ==== mon_map magic: 0 v1 ==== 205+0+0 (secure 0 0 0) 0x7f381c0197d0 con 0x7f382c07be50
2023-08-25T08:50:38.961 INFO:teuthology.orchestra.run.smithi099.stdout:/usr/bin/ceph: stderr
2023-08-25T08:50:35.186+0000 7f3831219700 1 -- 172.21.15.99:0/2386032670 --> [v2:172.21.15.99:3300/0,v1:172.21.15.99:6789/0] -- mon_subscribe({osdmap=0}) v3 -- 0x7f382c19cbe0 con 0x7f382c07be50
2023-08-25T08:50:38.962 INFO:teuthology.orchestra.run.smithi099.stdout:/usr/bin/ceph: stderr
2023-08-25T08:50:35.187+0000 7f3813fff700 1 -- 172.21.15.99:0/2386032670 <== mon.0 v2:172.21.15.99:3300/0 4 ==== mgrmap(e 8) v1 ==== 45135+0+0 (secure 0 0 0) 0x7f381c01abb0 con 0x7f382c07be50
2023-08-25T08:50:38.962 INFO:teuthology.orchestra.run.smithi099.stdout:/usr/bin/ceph: stderr
2023-08-25T08:50:35.187+0000 7f3831219700 1 -- 172.21.15.99:0/2386032670 --> [v2:172.21.15.99:3300/0,v1:172.21.15.99:6789/0] -- mon_command({"prefix": "get_command_descriptions"} v 0) v1 -- 0x7f382c1960f0 con 0x7f382c07be50
2023-08-25T08:50:38.962 INFO:teuthology.orchestra.run.smithi099.stdout:/usr/bin/ceph: stderr
2023-08-25T08:50:35.187+0000 7f3813fff700 1 --2- 172.21.15.99:0/2386032670 >> [v2:172.21.15.99:6800/2336486699,v1:172.21.15.99:6801/2336486699] conn(0x7f3814038160 0x7f381403a620 unknown :-1 s=NONE pgs=0 cs=0 l=1 rev1=0 crypto rx=0 tx=0 comp rx=0 tx=0).connect
2023-08-25T08:50:38.962 INFO:teuthology.orchestra.run.smithi099.stdout:/usr/bin/ceph: stderr
2023-08-25T08:50:35.187+0000 7f3813fff700 1 -- 172.21.15.99:0/2386032670 <== mon.0 v2:172.21.15.99:3300/0 5 ==== osd_map(2..2 src has 1..2) v4 ==== 940+0+0 (secure 0 0 0) 0x7f381c04c200 con 0x7f382c07be50
2023-08-25T08:50:38.962 INFO:teuthology.orchestra.run.smithi099.stdout:/usr/bin/ceph: stderr
2023-08-25T08:50:35.187+0000 7f382a59c700 1 --2- 172.21.15.99:0/2386032670 >> [v2:172.21.15.99:6800/2336486699,v1:172.21.15.99:6801/2336486699] conn(0x7f3814038160 0x7f381403a620 unknown :-1 s=BANNER_CONNECTING pgs=0 cs=0 l=1 rev1=0 crypto rx=0 tx=0 comp rx=0 tx=0)._handle_peer_banner_payload supported=3 required=0
2023-08-25T08:50:38.962 INFO:teuthology.orchestra.run.smithi099.stdout:/usr/bin/ceph: stderr
2023-08-25T08:50:35.188+0000 7f382a59c700 1 --2- 172.21.15.99:0/2386032670 >> [v2:172.21.15.99:6800/2336486699,v1:172.21.15.99:6801/2336486699] conn(0x7f3814038160 0x7f381403a620 secure :-1 s=READY pgs=11 cs=0 l=1 rev1=1 crypto rx=0x7f3820006fd0 tx=0x7f3820006e40 comp rx=0 tx=0).ready entity=mgr.14118 client_cookie=0 server_cookie=0 in_seq=0 out_seq=0
2023-08-25T08:50:38.962 INFO:teuthology.orchestra.run.smithi099.stdout:/usr/bin/ceph: stderr
2023-08-25T08:50:35.192+0000 7f3813fff700 1 -- 172.21.15.99:0/2386032670 <== mon.0 v2:172.21.15.99:3300/0 6 ==== mon_command_ack([{"prefix": "get_command_descriptions"}]=0 v0) v1 ==== 72+0+179682 (secure 0 0 0) 0x7f381c01a430 con 0x7f382c07be50
2023-08-25T08:50:38.962 INFO:teuthology.orchestra.run.smithi099.stdout:/usr/bin/ceph: stderr
2023-08-25T08:50:35.395+0000 7f3831219700 1 -- 172.21.15.99:0/2386032670 --> [v2:172.21.15.99:6800/2336486699,v1:172.21.15.99:6801/2336486699] -- mgr_command(tid 0: {"prefix": "orch host add", "hostname": "smithi099", "addr": "172.21.15.99", "target": ["mon-mgr", ""]}) v1 -- 0x7f382c02cce0 con 0x7f3814038160
2023-08-25T08:50:38.963 INFO:teuthology.orchestra.run.smithi099.stdout:/usr/bin/ceph: stderr
2023-08-25T08:50:38.558+0000 7f3813fff700 1 -- 172.21.15.99:0/2386032670 <== mgr.14118 v2:172.21.15.99:6800/2336486699 1 ==== mgr_command_reply(tid 0: 0 ) v1 ==== 8+0+48 (secure 0 0 0) 0x7f382c02cce0 con 0x7f3814038160
2023-08-25T08:50:38.963 INFO:teuthology.orchestra.run.smithi099.stdout:/usr/bin/ceph: stderr
2023-08-25T08:50:38.561+0000 7f3831219700 1 -- 172.21.15.99:0/2386032670 >> [v2:172.21.15.99:6800/2336486699,v1:172.21.15.99:6801/2336486699] conn(0x7f3814038160 msgr2=0x7f381403a620 secure :-1 s=STATE_CONNECTION_ESTABLISHED l=1).mark_down
2023-08-25T08:50:38.963 INFO:teuthology.orchestra.run.smithi099.stdout:/usr/bin/ceph: stderr
2023-08-25T08:50:38.561+0000 7f3831219700 1 --2- 172.21.15.99:0/2386032670 >> [v2:172.21.15.99:6800/2336486699,v1:172.21.15.99:6801/2336486699] conn(0x7f3814038160 0x7f381403a620 secure :-1 s=READY pgs=11 cs=0 l=1 rev1=1 crypto rx=0x7f3820006fd0 tx=0x7f3820006e40 comp rx=0 tx=0).stop
2023-08-25T08:50:38.963 INFO:teuthology.orchestra.run.smithi099.stdout:/usr/bin/ceph: stderr
2023-08-25T08:50:38.561+0000 7f3831219700 1 -- 172.21.15.99:0/2386032670 >> [v2:172.21.15.99:3300/0,v1:172.21.15.99:6789/0] conn(0x7f382c07be50 msgr2=0x7f382c19c080 secure :-1 s=STATE_CONNECTION_ESTABLISHED l=1).mark_down
2023-08-25T08:50:38.963 INFO:teuthology.orchestra.run.smithi099.stdout:/usr/bin/ceph: stderr
2023-08-25T08:50:38.561+0000 7f3831219700 1 --2- 172.21.15.99:0/2386032670 >> [v2:172.21.15.99:3300/0,v1:172.21.15.99:6789/0] conn(0x7f382c07be50 0x7f382c19c080 secure :-1 s=READY pgs=44 cs=0 l=1 rev1=1 crypto rx=0x7f381c009130 tx=0x7f381c011ad0 comp rx=0 tx=0).stop
2023-08-25T08:50:38.964 INFO:teuthology.orchestra.run.smithi099.stdout:/usr/bin/ceph: stderr
2023-08-25T08:50:38.561+0000 7f3831219700 1 -- 172.21.15.99:0/2386032670 shutdown_connections
2023-08-25T08:50:38.964 INFO:teuthology.orchestra.run.smithi099.stdout:/usr/bin/ceph: stderr
2023-08-25T08:50:38.561+0000 7f3831219700 1 --2- 172.21.15.99:0/2386032670 >> [v2:172.21.15.99:6800/2336486699,v1:172.21.15.99:6801/2336486699] conn(0x7f3814038160 0x7f381403a620 unknown :-1 s=CLOSED pgs=11 cs=0 l=1 rev1=1 crypto rx=0 tx=0 comp rx=0 tx=0).stop
2023-08-25T08:50:38.964 INFO:teuthology.orchestra.run.smithi099.stdout:/usr/bin/ceph: stderr
2023-08-25T08:50:38.561+0000 7f3831219700 1 --2- 172.21.15.99:0/2386032670 >> [v2:172.21.15.99:3300/0,v1:172.21.15.99:6789/0] conn(0x7f382c07be50 0x7f382c19c080 unknown :-1 s=CLOSED pgs=44 cs=0 l=1 rev1=1 crypto rx=0 tx=0 comp rx=0 tx=0).stop
2023-08-25T08:50:38.964 INFO:teuthology.orchestra.run.smithi099.stdout:/usr/bin/ceph: stderr
2023-08-25T08:50:38.561+0000 7f3831219700 1 -- 172.21.15.99:0/2386032670 >> 172.21.15.99:0/2386032670 conn(0x7f382c1016e0 msgr2=0x7f382c102df0 unknown :-1 s=STATE_NONE l=0).mark_down
2023-08-25T08:50:38.964 INFO:teuthology.orchestra.run.smithi099.stdout:/usr/bin/ceph: stderr
2023-08-25T08:50:38.561+0000 7f3831219700 1 -- 172.21.15.99:0/2386032670 shutdown_connections
2023-08-25T08:50:38.964 INFO:teuthology.orchestra.run.smithi099.stdout:/usr/bin/ceph: stderr
2023-08-25T08:50:38.561+0000 7f3831219700 1 -- 172.21.15.99:0/2386032670 wait complete.
2023-08-25T08:50:38.964 INFO:teuthology.orchestra.run.smithi099.stdout:Deploying unmanaged mon service...
2023-08-25T08:50:39.812 INFO:journalctl@ceph.mon.a.smithi099.stdout:Aug 25 08:50:39 smithi099 ceph-mon[97641]: from='mgr.14118 172.21.15.99:0/3969471178' entity='mgr.x'
2023-08-25T08:50:39.812 INFO:journalctl@ceph.mon.a.smithi099.stdout:Aug 25 08:50:39 smithi099 ceph-mon[97641]: Added host smithi099
2023-08-25T08:50:39.813 INFO:journalctl@ceph.mon.a.smithi099.stdout:Aug 25 08:50:39 smithi099 ceph-mon[97641]: from='mgr.14118 172.21.15.99:0/3969471178' entity='mgr.x' cmd=[{"prefix": "config dump", "format": "json"}]: dispatch
2023-08-25T08:50:40.166 INFO:teuthology.orchestra.run.smithi099.stdout:/usr/bin/ceph: stdout Scheduled mon update...
2023-08-25T08:50:40.166 INFO:teuthology.orchestra.run.smithi099.stdout:/usr/bin/ceph: stderr
2023-08-25T08:50:39.483+0000 7f1b24cc5700 1 Processor -- start
2023-08-25T08:50:40.166 INFO:teuthology.orchestra.run.smithi099.stdout:/usr/bin/ceph: stderr
2023-08-25T08:50:39.483+0000 7f1b24cc5700 1 -- start start
2023-08-25T08:50:40.167 INFO:teuthology.orchestra.run.smithi099.stdout:/usr/bin/ceph: stderr
2023-08-25T08:50:39.483+0000 7f1b24cc5700 1 --2- >> [v2:172.21.15.99:3300/0,v1:172.21.15.99:6789/0] conn(0x7f1b2007beb0 0x7f1b2007a310 unknown :-1 s=NONE pgs=0 cs=0 l=0 rev1=0 crypto rx=0 tx=0 comp rx=0 tx=0).connect
2023-08-25T08:50:40.167 INFO:teuthology.orchestra.run.smithi099.stdout:/usr/bin/ceph: stderr
2023-08-25T08:50:39.483+0000 7f1b24cc5700 1 -- --> [v2:172.21.15.99:3300/0,v1:172.21.15.99:6789/0] -- mon_getmap magic: 0 v1 -- 0x7f1b2007a8e0 con 0x7f1b2007beb0
2023-08-25T08:50:40.167 INFO:teuthology.orchestra.run.smithi099.stdout:/usr/bin/ceph: stderr
2023-08-25T08:50:39.484+0000 7f1b1e59c700 1 --2- >> [v2:172.21.15.99:3300/0,v1:172.21.15.99:6789/0] conn(0x7f1b2007beb0 0x7f1b2007a310 unknown :-1 s=BANNER_CONNECTING pgs=0 cs=0 l=0 rev1=0 crypto rx=0 tx=0 comp rx=0 tx=0)._handle_peer_banner_payload supported=3 required=0
2023-08-25T08:50:40.167 INFO:teuthology.orchestra.run.smithi099.stdout:/usr/bin/ceph: stderr
2023-08-25T08:50:39.484+0000 7f1b1e59c700 1 --2- >> [v2:172.21.15.99:3300/0,v1:172.21.15.99:6789/0] conn(0x7f1b2007beb0 0x7f1b2007a310 unknown :-1 s=HELLO_CONNECTING pgs=0 cs=0 l=0 rev1=1 crypto rx=0 tx=0 comp rx=0 tx=0).handle_hello peer v2:172.21.15.99:3300/0 says I am v2:172.21.15.99:59992/0 (socket says 172.21.15.99:59992)
2023-08-25T08:50:40.167 INFO:teuthology.orchestra.run.smithi099.stdout:/usr/bin/ceph: stderr
2023-08-25T08:50:39.484+0000 7f1b1e59c700 1 -- 172.21.15.99:0/3385161122 learned_addr learned my addr 172.21.15.99:0/3385161122 (peer_addr_for_me v2:172.21.15.99:0/0)
2023-08-25T08:50:40.167 INFO:teuthology.orchestra.run.smithi099.stdout:/usr/bin/ceph: stderr
2023-08-25T08:50:39.484+0000 7f1b1e59c700 1 -- 172.21.15.99:0/3385161122 --> [v2:172.21.15.99:3300/0,v1:172.21.15.99:6789/0] -- mon_subscribe({config=0+,monmap=0+}) v3 -- 0x7f1b2007aa20 con 0x7f1b2007beb0
2023-08-25T08:50:40.168 INFO:teuthology.orchestra.run.smithi099.stdout:/usr/bin/ceph: stderr
2023-08-25T08:50:39.484+0000 7f1b1e59c700 1 --2- 172.21.15.99:0/3385161122 >> [v2:172.21.15.99:3300/0,v1:172.21.15.99:6789/0] conn(0x7f1b2007beb0 0x7f1b2007a310 secure :-1 s=READY pgs=45 cs=0 l=1 rev1=1 crypto rx=0x7f1b100098a0 tx=0x7f1b10009bb0 comp rx=0 tx=0).ready entity=mon.0 client_cookie=72f4afcdf0b2f9b5 server_cookie=0 in_seq=0 out_seq=0
2023-08-25T08:50:40.168 INFO:teuthology.orchestra.run.smithi099.stdout:/usr/bin/ceph: stderr
2023-08-25T08:50:39.484+0000 7f1b1d59a700 1 -- 172.21.15.99:0/3385161122 <== mon.0 v2:172.21.15.99:3300/0 1 ==== mon_map magic: 0 v1 ==== 205+0+0 (secure 0 0 0) 0x7f1b10004160 con 0x7f1b2007beb0
2023-08-25T08:50:40.168 INFO:teuthology.orchestra.run.smithi099.stdout:/usr/bin/ceph: stderr
2023-08-25T08:50:39.484+0000 7f1b1d59a700 1 -- 172.21.15.99:0/3385161122 <== mon.0 v2:172.21.15.99:3300/0 2 ==== config(26 keys) v1 ==== 1074+0+0 (secure 0 0 0) 0x7f1b100042c0 con 0x7f1b2007beb0
2023-08-25T08:50:40.168 INFO:teuthology.orchestra.run.smithi099.stdout:/usr/bin/ceph: stderr
2023-08-25T08:50:39.484+0000 7f1b1d59a700 1 -- 172.21.15.99:0/3385161122 <== mon.0 v2:172.21.15.99:3300/0 3 ==== mon_map magic: 0 v1 ==== 205+0+0 (secure 0 0 0) 0x7f1b10011a00 con 0x7f1b2007beb0
