2023-08-25T08:50:40.168 INFO:teuthology.orchestra.run.smithi099.stdout:/usr/bin/ceph: stderr
2023-08-25T08:50:39.485+0000 7f1b24cc5700 1 -- 172.21.15.99:0/3385161122 >> [v2:172.21.15.99:3300/0,v1:172.21.15.99:6789/0] conn(0x7f1b2007beb0 msgr2=0x7f1b2007a310 secure :-1 s=STATE_CONNECTION_ESTABLISHED l=1).mark_down
2023-08-25T08:50:40.169 INFO:teuthology.orchestra.run.smithi099.stdout:/usr/bin/ceph: stderr
2023-08-25T08:50:39.485+0000 7f1b24cc5700 1 --2- 172.21.15.99:0/3385161122 >> [v2:172.21.15.99:3300/0,v1:172.21.15.99:6789/0] conn(0x7f1b2007beb0 0x7f1b2007a310 secure :-1 s=READY pgs=45 cs=0 l=1 rev1=1 crypto rx=0x7f1b100098a0 tx=0x7f1b10009bb0 comp rx=0 tx=0).stop
2023-08-25T08:50:40.169 INFO:teuthology.orchestra.run.smithi099.stdout:/usr/bin/ceph: stderr
2023-08-25T08:50:39.485+0000 7f1b24cc5700 1 -- 172.21.15.99:0/3385161122 shutdown_connections
2023-08-25T08:50:40.169 INFO:teuthology.orchestra.run.smithi099.stdout:/usr/bin/ceph: stderr
2023-08-25T08:50:39.485+0000 7f1b24cc5700 1 --2- 172.21.15.99:0/3385161122 >> [v2:172.21.15.99:3300/0,v1:172.21.15.99:6789/0] conn(0x7f1b2007beb0 0x7f1b2007a310 unknown :-1 s=CLOSED pgs=45 cs=0 l=1 rev1=1 crypto rx=0 tx=0 comp rx=0 tx=0).stop
2023-08-25T08:50:40.169 INFO:teuthology.orchestra.run.smithi099.stdout:/usr/bin/ceph: stderr
2023-08-25T08:50:39.485+0000 7f1b24cc5700 1 -- 172.21.15.99:0/3385161122 >> 172.21.15.99:0/3385161122 conn(0x7f1b201016e0 msgr2=0x7f1b20103b00 unknown :-1 s=STATE_NONE l=0).mark_down
2023-08-25T08:50:40.169 INFO:teuthology.orchestra.run.smithi099.stdout:/usr/bin/ceph: stderr
2023-08-25T08:50:39.485+0000 7f1b24cc5700 1 -- 172.21.15.99:0/3385161122 shutdown_connections
2023-08-25T08:50:40.169 INFO:teuthology.orchestra.run.smithi099.stdout:/usr/bin/ceph: stderr
2023-08-25T08:50:39.485+0000 7f1b24cc5700 1 -- 172.21.15.99:0/3385161122 wait complete.
2023-08-25T08:50:40.169 INFO:teuthology.orchestra.run.smithi099.stdout:/usr/bin/ceph: stderr
2023-08-25T08:50:39.486+0000 7f1b24cc5700 1 Processor -- start
2023-08-25T08:50:40.170 INFO:teuthology.orchestra.run.smithi099.stdout:/usr/bin/ceph: stderr
2023-08-25T08:50:39.486+0000 7f1b24cc5700 1 -- start start
2023-08-25T08:50:40.170 INFO:teuthology.orchestra.run.smithi099.stdout:/usr/bin/ceph: stderr
2023-08-25T08:50:39.487+0000 7f1b24cc5700 1 --2- >> [v2:172.21.15.99:3300/0,v1:172.21.15.99:6789/0] conn(0x7f1b2007beb0 0x7f1b2019c090 unknown :-1 s=NONE pgs=0 cs=0 l=1 rev1=0 crypto rx=0 tx=0 comp rx=0 tx=0).connect
2023-08-25T08:50:40.170 INFO:teuthology.orchestra.run.smithi099.stdout:/usr/bin/ceph: stderr
2023-08-25T08:50:39.487+0000 7f1b24cc5700 1 -- --> [v2:172.21.15.99:3300/0,v1:172.21.15.99:6789/0] -- mon_getmap magic: 0 v1 -- 0x7f1b2019c5d0 con 0x7f1b2007beb0
2023-08-25T08:50:40.170 INFO:teuthology.orchestra.run.smithi099.stdout:/usr/bin/ceph: stderr
2023-08-25T08:50:39.487+0000 7f1b1e59c700 1 --2- >> [v2:172.21.15.99:3300/0,v1:172.21.15.99:6789/0] conn(0x7f1b2007beb0 0x7f1b2019c090 unknown :-1 s=BANNER_CONNECTING pgs=0 cs=0 l=1 rev1=0 crypto rx=0 tx=0 comp rx=0 tx=0)._handle_peer_banner_payload supported=3 required=0
2023-08-25T08:50:40.170 INFO:teuthology.orchestra.run.smithi099.stdout:/usr/bin/ceph: stderr
2023-08-25T08:50:39.487+0000 7f1b1e59c700 1 --2- >> [v2:172.21.15.99:3300/0,v1:172.21.15.99:6789/0] conn(0x7f1b2007beb0 0x7f1b2019c090 unknown :-1 s=HELLO_CONNECTING pgs=0 cs=0 l=1 rev1=1 crypto rx=0 tx=0 comp rx=0 tx=0).handle_hello peer v2:172.21.15.99:3300/0 says I am v2:172.21.15.99:60002/0 (socket says 172.21.15.99:60002)
2023-08-25T08:50:40.170 INFO:teuthology.orchestra.run.smithi099.stdout:/usr/bin/ceph: stderr
2023-08-25T08:50:39.487+0000 7f1b1e59c700 1 -- 172.21.15.99:0/4207460865 learned_addr learned my addr 172.21.15.99:0/4207460865 (peer_addr_for_me v2:172.21.15.99:0/0)
2023-08-25T08:50:40.170 INFO:teuthology.orchestra.run.smithi099.stdout:/usr/bin/ceph: stderr
2023-08-25T08:50:39.487+0000 7f1b1e59c700 1 -- 172.21.15.99:0/4207460865 --> [v2:172.21.15.99:3300/0,v1:172.21.15.99:6789/0] -- mon_subscribe({config=0+,monmap=0+}) v3 -- 0x7f1b10009550 con 0x7f1b2007beb0
2023-08-25T08:50:40.170 INFO:teuthology.orchestra.run.smithi099.stdout:/usr/bin/ceph: stderr
2023-08-25T08:50:39.488+0000 7f1b1e59c700 1 --2- 172.21.15.99:0/4207460865 >> [v2:172.21.15.99:3300/0,v1:172.21.15.99:6789/0] conn(0x7f1b2007beb0 0x7f1b2019c090 secure :-1 s=READY pgs=46 cs=0 l=1 rev1=1 crypto rx=0x7f1b10009130 tx=0x7f1b10011ad0 comp rx=0 tx=0).ready entity=mon.0 client_cookie=0 server_cookie=0 in_seq=0 out_seq=0
2023-08-25T08:50:40.171 INFO:teuthology.orchestra.run.smithi099.stdout:/usr/bin/ceph: stderr
2023-08-25T08:50:39.488+0000 7f1b0f7fe700 1 -- 172.21.15.99:0/4207460865 <== mon.0 v2:172.21.15.99:3300/0 1 ==== mon_map magic: 0 v1 ==== 205+0+0 (secure 0 0 0) 0x7f1b10003ab0 con 0x7f1b2007beb0
2023-08-25T08:50:40.171 INFO:teuthology.orchestra.run.smithi099.stdout:/usr/bin/ceph: stderr
2023-08-25T08:50:39.488+0000 7f1b0f7fe700 1 -- 172.21.15.99:0/4207460865 <== mon.0 v2:172.21.15.99:3300/0 2 ==== config(26 keys) v1 ==== 1074+0+0 (secure 0 0 0) 0x7f1b10003c10 con 0x7f1b2007beb0
2023-08-25T08:50:40.171 INFO:teuthology.orchestra.run.smithi099.stdout:/usr/bin/ceph: stderr
2023-08-25T08:50:39.488+0000 7f1b24cc5700 1 -- 172.21.15.99:0/4207460865 --> [v2:172.21.15.99:3300/0,v1:172.21.15.99:6789/0] -- mon_subscribe({mgrmap=0+}) v3 -- 0x7f1b2019c7d0 con 0x7f1b2007beb0
2023-08-25T08:50:40.171 INFO:teuthology.orchestra.run.smithi099.stdout:/usr/bin/ceph: stderr
2023-08-25T08:50:39.488+0000 7f1b0f7fe700 1 -- 172.21.15.99:0/4207460865 <== mon.0 v2:172.21.15.99:3300/0 3 ==== mon_map magic: 0 v1 ==== 205+0+0 (secure 0 0 0) 0x7f1b100247d0 con 0x7f1b2007beb0
2023-08-25T08:50:40.171 INFO:teuthology.orchestra.run.smithi099.stdout:/usr/bin/ceph: stderr
2023-08-25T08:50:39.488+0000 7f1b24cc5700 1 -- 172.21.15.99:0/4207460865 --> [v2:172.21.15.99:3300/0,v1:172.21.15.99:6789/0] -- mon_subscribe({osdmap=0}) v3 -- 0x7f1b2019cbf0 con 0x7f1b2007beb0
2023-08-25T08:50:40.171 INFO:teuthology.orchestra.run.smithi099.stdout:/usr/bin/ceph: stderr
2023-08-25T08:50:39.489+0000 7f1b0f7fe700 1 -- 172.21.15.99:0/4207460865 <== mon.0 v2:172.21.15.99:3300/0 4 ==== mgrmap(e 8) v1 ==== 45135+0+0 (secure 0 0 0) 0x7f1b1002d3f0 con 0x7f1b2007beb0
2023-08-25T08:50:40.171 INFO:teuthology.orchestra.run.smithi099.stdout:/usr/bin/ceph: stderr
2023-08-25T08:50:39.489+0000 7f1b24cc5700 1 -- 172.21.15.99:0/4207460865 --> [v2:172.21.15.99:3300/0,v1:172.21.15.99:6789/0] -- mon_command({"prefix": "get_command_descriptions"} v 0) v1 -- 0x7f1b20196100 con 0x7f1b2007beb0
2023-08-25T08:50:40.172 INFO:teuthology.orchestra.run.smithi099.stdout:/usr/bin/ceph: stderr
2023-08-25T08:50:39.489+0000 7f1b0f7fe700 1 --2- 172.21.15.99:0/4207460865 >> [v2:172.21.15.99:6800/2336486699,v1:172.21.15.99:6801/2336486699] conn(0x7f1b08038160 0x7f1b0803a620 unknown :-1 s=NONE pgs=0 cs=0 l=1 rev1=0 crypto rx=0 tx=0 comp rx=0 tx=0).connect
2023-08-25T08:50:40.172 INFO:teuthology.orchestra.run.smithi099.stdout:/usr/bin/ceph: stderr
2023-08-25T08:50:39.489+0000 7f1b0f7fe700 1 -- 172.21.15.99:0/4207460865 <== mon.0 v2:172.21.15.99:3300/0 5 ==== osd_map(2..2 src has 1..2) v4 ==== 940+0+0 (secure 0 0 0) 0x7f1b1004c300 con 0x7f1b2007beb0
2023-08-25T08:50:40.172 INFO:teuthology.orchestra.run.smithi099.stdout:/usr/bin/ceph: stderr
2023-08-25T08:50:39.490+0000 7f1b1dd9b700 1 --2- 172.21.15.99:0/4207460865 >> [v2:172.21.15.99:6800/2336486699,v1:172.21.15.99:6801/2336486699] conn(0x7f1b08038160 0x7f1b0803a620 unknown :-1 s=BANNER_CONNECTING pgs=0 cs=0 l=1 rev1=0 crypto rx=0 tx=0 comp rx=0 tx=0)._handle_peer_banner_payload supported=3 required=0
2023-08-25T08:50:40.172 INFO:teuthology.orchestra.run.smithi099.stdout:/usr/bin/ceph: stderr
2023-08-25T08:50:39.490+0000 7f1b1dd9b700 1 --2- 172.21.15.99:0/4207460865 >> [v2:172.21.15.99:6800/2336486699,v1:172.21.15.99:6801/2336486699] conn(0x7f1b08038160 0x7f1b0803a620 secure :-1 s=READY pgs=12 cs=0 l=1 rev1=1 crypto rx=0x7f1b14006fd0 tx=0x7f1b14006e40 comp rx=0 tx=0).ready entity=mgr.14118 client_cookie=0 server_cookie=0 in_seq=0 out_seq=0
2023-08-25T08:50:40.172 INFO:teuthology.orchestra.run.smithi099.stdout:/usr/bin/ceph: stderr
2023-08-25T08:50:39.495+0000 7f1b0f7fe700 1 -- 172.21.15.99:0/4207460865 <== mon.0 v2:172.21.15.99:3300/0 6 ==== mon_command_ack([{"prefix": "get_command_descriptions"}]=0 v0) v1 ==== 72+0+179682 (secure 0 0 0) 0x7f1b1001a610 con 0x7f1b2007beb0
2023-08-25T08:50:40.172 INFO:teuthology.orchestra.run.smithi099.stdout:/usr/bin/ceph: stderr
2023-08-25T08:50:39.711+0000 7f1b24cc5700 1 -- 172.21.15.99:0/4207460865 --> [v2:172.21.15.99:6800/2336486699,v1:172.21.15.99:6801/2336486699] -- mgr_command(tid 0: {"prefix": "orch apply", "service_type": "mon", "unmanaged": true, "target": ["mon-mgr", ""]}) v1 -- 0x7f1b2002cd20 con 0x7f1b08038160
2023-08-25T08:50:40.173 INFO:teuthology.orchestra.run.smithi099.stdout:/usr/bin/ceph: stderr
2023-08-25T08:50:39.717+0000 7f1b0f7fe700 1 -- 172.21.15.99:0/4207460865 <== mgr.14118 v2:172.21.15.99:6800/2336486699 1 ==== mgr_command_reply(tid 0: 0 ) v1 ==== 8+0+24 (secure 0 0 0) 0x7f1b2002cd20 con 0x7f1b08038160
2023-08-25T08:50:40.173 INFO:teuthology.orchestra.run.smithi099.stdout:/usr/bin/ceph: stderr
2023-08-25T08:50:39.720+0000 7f1b24cc5700 1 -- 172.21.15.99:0/4207460865 >> [v2:172.21.15.99:6800/2336486699,v1:172.21.15.99:6801/2336486699] conn(0x7f1b08038160 msgr2=0x7f1b0803a620 secure :-1 s=STATE_CONNECTION_ESTABLISHED l=1).mark_down
2023-08-25T08:50:40.173 INFO:teuthology.orchestra.run.smithi099.stdout:/usr/bin/ceph: stderr
2023-08-25T08:50:39.720+0000 7f1b24cc5700 1 --2- 172.21.15.99:0/4207460865 >> [v2:172.21.15.99:6800/2336486699,v1:172.21.15.99:6801/2336486699] conn(0x7f1b08038160 0x7f1b0803a620 secure :-1 s=READY pgs=12 cs=0 l=1 rev1=1 crypto rx=0x7f1b14006fd0 tx=0x7f1b14006e40 comp rx=0 tx=0).stop
2023-08-25T08:50:40.173 INFO:teuthology.orchestra.run.smithi099.stdout:/usr/bin/ceph: stderr
2023-08-25T08:50:39.720+0000 7f1b24cc5700 1 -- 172.21.15.99:0/4207460865 >> [v2:172.21.15.99:3300/0,v1:172.21.15.99:6789/0] conn(0x7f1b2007beb0 msgr2=0x7f1b2019c090 secure :-1 s=STATE_CONNECTION_ESTABLISHED l=1).mark_down
2023-08-25T08:50:40.173 INFO:teuthology.orchestra.run.smithi099.stdout:/usr/bin/ceph: stderr
2023-08-25T08:50:39.720+0000 7f1b24cc5700 1 --2- 172.21.15.99:0/4207460865 >> [v2:172.21.15.99:3300/0,v1:172.21.15.99:6789/0] conn(0x7f1b2007beb0 0x7f1b2019c090 secure :-1 s=READY pgs=46 cs=0 l=1 rev1=1 crypto rx=0x7f1b10009130 tx=0x7f1b10011ad0 comp rx=0 tx=0).stop
2023-08-25T08:50:40.174 INFO:teuthology.orchestra.run.smithi099.stdout:/usr/bin/ceph: stderr
2023-08-25T08:50:39.720+0000 7f1b24cc5700 1 -- 172.21.15.99:0/4207460865 shutdown_connections
2023-08-25T08:50:40.174 INFO:teuthology.orchestra.run.smithi099.stdout:/usr/bin/ceph: stderr
2023-08-25T08:50:39.720+0000 7f1b24cc5700 1 --2- 172.21.15.99:0/4207460865 >> [v2:172.21.15.99:6800/2336486699,v1:172.21.15.99:6801/2336486699] conn(0x7f1b08038160 0x7f1b0803a620 unknown :-1 s=CLOSED pgs=12 cs=0 l=1 rev1=1 crypto rx=0 tx=0 comp rx=0 tx=0).stop
2023-08-25T08:50:40.174 INFO:teuthology.orchestra.run.smithi099.stdout:/usr/bin/ceph: stderr
2023-08-25T08:50:39.720+0000 7f1b24cc5700 1 --2- 172.21.15.99:0/4207460865 >> [v2:172.21.15.99:3300/0,v1:172.21.15.99:6789/0] conn(0x7f1b2007beb0 0x7f1b2019c090 unknown :-1 s=CLOSED pgs=46 cs=0 l=1 rev1=1 crypto rx=0 tx=0 comp rx=0 tx=0).stop
2023-08-25T08:50:40.174 INFO:teuthology.orchestra.run.smithi099.stdout:/usr/bin/ceph: stderr
2023-08-25T08:50:39.720+0000 7f1b24cc5700 1 -- 172.21.15.99:0/4207460865 >> 172.21.15.99:0/4207460865 conn(0x7f1b201016e0 msgr2=0x7f1b20102df0 unknown :-1 s=STATE_NONE l=0).mark_down
2023-08-25T08:50:40.174 INFO:teuthology.orchestra.run.smithi099.stdout:/usr/bin/ceph: stderr
2023-08-25T08:50:39.720+0000 7f1b24cc5700 1 -- 172.21.15.99:0/4207460865 shutdown_connections
2023-08-25T08:50:40.174 INFO:teuthology.orchestra.run.smithi099.stdout:/usr/bin/ceph: stderr
2023-08-25T08:50:39.720+0000 7f1b24cc5700 1 -- 172.21.15.99:0/4207460865 wait complete.
2023-08-25T08:50:40.174 INFO:teuthology.orchestra.run.smithi099.stdout:Deploying unmanaged mgr service...
2023-08-25T08:50:40.872 INFO:journalctl@ceph.mon.a.smithi099.stdout:Aug 25 08:50:40 smithi099 ceph-mon[97641]: from='client.14140 -' entity='client.admin' cmd=[{"prefix": "orch apply", "service_type": "mon", "unmanaged": true, "target": ["mon-mgr", ""]}]: dispatch
2023-08-25T08:50:40.872 INFO:journalctl@ceph.mon.a.smithi099.stdout:Aug 25 08:50:40 smithi099 ceph-mon[97641]: Saving service mon spec with placement count:5
2023-08-25T08:50:40.872 INFO:journalctl@ceph.mon.a.smithi099.stdout:Aug 25 08:50:40 smithi099 ceph-mon[97641]: from='mgr.14118 172.21.15.99:0/3969471178' entity='mgr.x'
2023-08-25T08:50:41.496 INFO:teuthology.orchestra.run.smithi099.stdout:/usr/bin/ceph: stdout Scheduled mgr update...
2023-08-25T08:50:41.496 INFO:teuthology.orchestra.run.smithi099.stdout:/usr/bin/ceph: stderr
2023-08-25T08:50:40.864+0000 7fb4a99b3700 1 Processor -- start
2023-08-25T08:50:41.497 INFO:teuthology.orchestra.run.smithi099.stdout:/usr/bin/ceph: stderr
2023-08-25T08:50:40.865+0000 7fb4a99b3700 1 -- start start
2023-08-25T08:50:41.497 INFO:teuthology.orchestra.run.smithi099.stdout:/usr/bin/ceph: stderr
2023-08-25T08:50:40.865+0000 7fb4a99b3700 1 --2- >> [v2:172.21.15.99:3300/0,v1:172.21.15.99:6789/0] conn(0x7fb4a407beb0 0x7fb4a407a310 unknown :-1 s=NONE pgs=0 cs=0 l=0 rev1=0 crypto rx=0 tx=0 comp rx=0 tx=0).connect
2023-08-25T08:50:41.497 INFO:teuthology.orchestra.run.smithi099.stdout:/usr/bin/ceph: stderr
2023-08-25T08:50:40.865+0000 7fb4a99b3700 1 -- --> [v2:172.21.15.99:3300/0,v1:172.21.15.99:6789/0] -- mon_getmap magic: 0 v1 -- 0x7fb4a407a8e0 con 0x7fb4a407beb0
2023-08-25T08:50:41.498 INFO:teuthology.orchestra.run.smithi099.stdout:/usr/bin/ceph: stderr
2023-08-25T08:50:40.865+0000 7fb4a2ffd700 1 --2- >> [v2:172.21.15.99:3300/0,v1:172.21.15.99:6789/0] conn(0x7fb4a407beb0 0x7fb4a407a310 unknown :-1 s=BANNER_CONNECTING pgs=0 cs=0 l=0 rev1=0 crypto rx=0 tx=0 comp rx=0 tx=0)._handle_peer_banner_payload supported=3 required=0
2023-08-25T08:50:41.498 INFO:teuthology.orchestra.run.smithi099.stdout:/usr/bin/ceph: stderr
2023-08-25T08:50:40.865+0000 7fb4a2ffd700 1 --2- >> [v2:172.21.15.99:3300/0,v1:172.21.15.99:6789/0] conn(0x7fb4a407beb0 0x7fb4a407a310 unknown :-1 s=HELLO_CONNECTING pgs=0 cs=0 l=0 rev1=1 crypto rx=0 tx=0 comp rx=0 tx=0).handle_hello peer v2:172.21.15.99:3300/0 says I am v2:172.21.15.99:60018/0 (socket says 172.21.15.99:60018)
2023-08-25T08:50:41.499 INFO:teuthology.orchestra.run.smithi099.stdout:/usr/bin/ceph: stderr
2023-08-25T08:50:40.865+0000 7fb4a2ffd700 1 -- 172.21.15.99:0/2508834141 learned_addr learned my addr 172.21.15.99:0/2508834141 (peer_addr_for_me v2:172.21.15.99:0/0)
2023-08-25T08:50:41.499 INFO:teuthology.orchestra.run.smithi099.stdout:/usr/bin/ceph: stderr
2023-08-25T08:50:40.866+0000 7fb4a2ffd700 1 -- 172.21.15.99:0/2508834141 --> [v2:172.21.15.99:3300/0,v1:172.21.15.99:6789/0] -- mon_subscribe({config=0+,monmap=0+}) v3 -- 0x7fb4a407aa20 con 0x7fb4a407beb0
2023-08-25T08:50:41.499 INFO:teuthology.orchestra.run.smithi099.stdout:/usr/bin/ceph: stderr
2023-08-25T08:50:40.866+0000 7fb4a2ffd700 1 --2- 172.21.15.99:0/2508834141 >> [v2:172.21.15.99:3300/0,v1:172.21.15.99:6789/0] conn(0x7fb4a407beb0 0x7fb4a407a310 secure :-1 s=READY pgs=47 cs=0 l=1 rev1=1 crypto rx=0x7fb4940098a0 tx=0x7fb494009bb0 comp rx=0 tx=0).ready entity=mon.0 client_cookie=4f0102d3dabea4eb server_cookie=0 in_seq=0 out_seq=0
2023-08-25T08:50:41.499 INFO:teuthology.orchestra.run.smithi099.stdout:/usr/bin/ceph: stderr
2023-08-25T08:50:40.866+0000 7fb4a1ffb700 1 -- 172.21.15.99:0/2508834141 <== mon.0 v2:172.21.15.99:3300/0 1 ==== mon_map magic: 0 v1 ==== 205+0+0 (secure 0 0 0) 0x7fb494004160 con 0x7fb4a407beb0
2023-08-25T08:50:41.499 INFO:teuthology.orchestra.run.smithi099.stdout:/usr/bin/ceph: stderr
2023-08-25T08:50:40.866+0000 7fb4a1ffb700 1 -- 172.21.15.99:0/2508834141 <== mon.0 v2:172.21.15.99:3300/0 2 ==== config(26 keys) v1 ==== 1074+0+0 (secure 0 0 0) 0x7fb4940042c0 con 0x7fb4a407beb0
2023-08-25T08:50:41.500 INFO:teuthology.orchestra.run.smithi099.stdout:/usr/bin/ceph: stderr
2023-08-25T08:50:40.866+0000 7fb4a1ffb700 1 -- 172.21.15.99:0/2508834141 <== mon.0 v2:172.21.15.99:3300/0 3 ==== mon_map magic: 0 v1 ==== 205+0+0 (secure 0 0 0) 0x7fb494011a00 con 0x7fb4a407beb0
2023-08-25T08:50:41.500 INFO:teuthology.orchestra.run.smithi099.stdout:/usr/bin/ceph: stderr
2023-08-25T08:50:40.867+0000 7fb4a99b3700 1 -- 172.21.15.99:0/2508834141 >> [v2:172.21.15.99:3300/0,v1:172.21.15.99:6789/0] conn(0x7fb4a407beb0 msgr2=0x7fb4a407a310 secure :-1 s=STATE_CONNECTION_ESTABLISHED l=1).mark_down
2023-08-25T08:50:41.500 INFO:teuthology.orchestra.run.smithi099.stdout:/usr/bin/ceph: stderr
2023-08-25T08:50:40.867+0000 7fb4a99b3700 1 --2- 172.21.15.99:0/2508834141 >> [v2:172.21.15.99:3300/0,v1:172.21.15.99:6789/0] conn(0x7fb4a407beb0 0x7fb4a407a310 secure :-1 s=READY pgs=47 cs=0 l=1 rev1=1 crypto rx=0x7fb4940098a0 tx=0x7fb494009bb0 comp rx=0 tx=0).stop
2023-08-25T08:50:41.500 INFO:teuthology.orchestra.run.smithi099.stdout:/usr/bin/ceph: stderr
2023-08-25T08:50:40.867+0000 7fb4a99b3700 1 -- 172.21.15.99:0/2508834141 shutdown_connections
2023-08-25T08:50:41.500 INFO:teuthology.orchestra.run.smithi099.stdout:/usr/bin/ceph: stderr
2023-08-25T08:50:40.867+0000 7fb4a99b3700 1 --2- 172.21.15.99:0/2508834141 >> [v2:172.21.15.99:3300/0,v1:172.21.15.99:6789/0] conn(0x7fb4a407beb0 0x7fb4a407a310 unknown :-1 s=CLOSED pgs=47 cs=0 l=1 rev1=1 crypto rx=0 tx=0 comp rx=0 tx=0).stop
2023-08-25T08:50:41.501 INFO:teuthology.orchestra.run.smithi099.stdout:/usr/bin/ceph: stderr
2023-08-25T08:50:40.867+0000 7fb4a99b3700 1 -- 172.21.15.99:0/2508834141 >> 172.21.15.99:0/2508834141 conn(0x7fb4a41016e0 msgr2=0x7fb4a4103b00 unknown :-1 s=STATE_NONE l=0).mark_down
2023-08-25T08:50:41.501 INFO:teuthology.orchestra.run.smithi099.stdout:/usr/bin/ceph: stderr
2023-08-25T08:50:40.867+0000 7fb4a99b3700 1 -- 172.21.15.99:0/2508834141 shutdown_connections
2023-08-25T08:50:41.501 INFO:teuthology.orchestra.run.smithi099.stdout:/usr/bin/ceph: stderr
2023-08-25T08:50:40.867+0000 7fb4a99b3700 1 -- 172.21.15.99:0/2508834141 wait complete.
2023-08-25T08:50:41.501 INFO:teuthology.orchestra.run.smithi099.stdout:/usr/bin/ceph: stderr
2023-08-25T08:50:40.868+0000 7fb4a99b3700 1 Processor -- start
2023-08-25T08:50:41.501 INFO:teuthology.orchestra.run.smithi099.stdout:/usr/bin/ceph: stderr
2023-08-25T08:50:40.868+0000 7fb4a99b3700 1 -- start start
2023-08-25T08:50:41.501 INFO:teuthology.orchestra.run.smithi099.stdout:/usr/bin/ceph: stderr
2023-08-25T08:50:40.869+0000 7fb4a99b3700 1 --2- >> [v2:172.21.15.99:3300/0,v1:172.21.15.99:6789/0] conn(0x7fb4a407beb0 0x7fb4a419c090 unknown :-1 s=NONE pgs=0 cs=0 l=1 rev1=0 crypto rx=0 tx=0 comp rx=0 tx=0).connect
2023-08-25T08:50:41.501 INFO:teuthology.orchestra.run.smithi099.stdout:/usr/bin/ceph: stderr
2023-08-25T08:50:40.869+0000 7fb4a99b3700 1 -- --> [v2:172.21.15.99:3300/0,v1:172.21.15.99:6789/0] -- mon_getmap magic: 0 v1 -- 0x7fb4a419c5d0 con 0x7fb4a407beb0
2023-08-25T08:50:41.501 INFO:teuthology.orchestra.run.smithi099.stdout:/usr/bin/ceph: stderr
2023-08-25T08:50:40.869+0000 7fb4a2ffd700 1 --2- >> [v2:172.21.15.99:3300/0,v1:172.21.15.99:6789/0] conn(0x7fb4a407beb0 0x7fb4a419c090 unknown :-1 s=BANNER_CONNECTING pgs=0 cs=0 l=1 rev1=0 crypto rx=0 tx=0 comp rx=0 tx=0)._handle_peer_banner_payload supported=3 required=0
2023-08-25T08:50:41.502 INFO:teuthology.orchestra.run.smithi099.stdout:/usr/bin/ceph: stderr
2023-08-25T08:50:40.869+0000 7fb4a2ffd700 1 --2- >> [v2:172.21.15.99:3300/0,v1:172.21.15.99:6789/0] conn(0x7fb4a407beb0 0x7fb4a419c090 unknown :-1 s=HELLO_CONNECTING pgs=0 cs=0 l=1 rev1=1 crypto rx=0 tx=0 comp rx=0 tx=0).handle_hello peer v2:172.21.15.99:3300/0 says I am v2:172.21.15.99:60034/0 (socket says 172.21.15.99:60034)
2023-08-25T08:50:41.502 INFO:teuthology.orchestra.run.smithi099.stdout:/usr/bin/ceph: stderr
2023-08-25T08:50:40.869+0000 7fb4a2ffd700 1 -- 172.21.15.99:0/2432123752 learned_addr learned my addr 172.21.15.99:0/2432123752 (peer_addr_for_me v2:172.21.15.99:0/0)
2023-08-25T08:50:41.502 INFO:teuthology.orchestra.run.smithi099.stdout:/usr/bin/ceph: stderr
2023-08-25T08:50:40.869+0000 7fb4a2ffd700 1 -- 172.21.15.99:0/2432123752 --> [v2:172.21.15.99:3300/0,v1:172.21.15.99:6789/0] -- mon_subscribe({config=0+,monmap=0+}) v3 -- 0x7fb494009550 con 0x7fb4a407beb0
2023-08-25T08:50:41.502 INFO:teuthology.orchestra.run.smithi099.stdout:/usr/bin/ceph: stderr
2023-08-25T08:50:40.869+0000 7fb4a2ffd700 1 --2- 172.21.15.99:0/2432123752 >> [v2:172.21.15.99:3300/0,v1:172.21.15.99:6789/0] conn(0x7fb4a407beb0 0x7fb4a419c090 secure :-1 s=READY pgs=48 cs=0 l=1 rev1=1 crypto rx=0x7fb494009130 tx=0x7fb494011ad0 comp rx=0 tx=0).ready entity=mon.0 client_cookie=0 server_cookie=0 in_seq=0 out_seq=0
2023-08-25T08:50:41.502 INFO:teuthology.orchestra.run.smithi099.stdout:/usr/bin/ceph: stderr
2023-08-25T08:50:40.870+0000 7fb4a89b1700 1 -- 172.21.15.99:0/2432123752 <== mon.0 v2:172.21.15.99:3300/0 1 ==== mon_map magic: 0 v1 ==== 205+0+0 (secure 0 0 0) 0x7fb494003ab0 con 0x7fb4a407beb0
2023-08-25T08:50:41.502 INFO:teuthology.orchestra.run.smithi099.stdout:/usr/bin/ceph: stderr
2023-08-25T08:50:40.870+0000 7fb4a89b1700 1 -- 172.21.15.99:0/2432123752 <== mon.0 v2:172.21.15.99:3300/0 2 ==== config(26 keys) v1 ==== 1074+0+0 (secure 0 0 0) 0x7fb494003c10 con 0x7fb4a407beb0
2023-08-25T08:50:41.502 INFO:teuthology.orchestra.run.smithi099.stdout:/usr/bin/ceph: stderr
2023-08-25T08:50:40.870+0000 7fb4a99b3700 1 -- 172.21.15.99:0/2432123752 --> [v2:172.21.15.99:3300/0,v1:172.21.15.99:6789/0] -- mon_subscribe({mgrmap=0+}) v3 -- 0x7fb4a419c7d0 con 0x7fb4a407beb0
2023-08-25T08:50:41.503 INFO:teuthology.orchestra.run.smithi099.stdout:/usr/bin/ceph: stderr
2023-08-25T08:50:40.870+0000 7fb4a89b1700 1 -- 172.21.15.99:0/2432123752 <== mon.0 v2:172.21.15.99:3300/0 3 ==== mon_map magic: 0 v1 ==== 205+0+0 (secure 0 0 0) 0x7fb4940247d0 con 0x7fb4a407beb0
2023-08-25T08:50:41.503 INFO:teuthology.orchestra.run.smithi099.stdout:/usr/bin/ceph: stderr
2023-08-25T08:50:40.870+0000 7fb4a99b3700 1 -- 172.21.15.99:0/2432123752 --> [v2:172.21.15.99:3300/0,v1:172.21.15.99:6789/0] -- mon_subscribe({osdmap=0}) v3 -- 0x7fb4a419cbf0 con 0x7fb4a407beb0
2023-08-25T08:50:41.503 INFO:teuthology.orchestra.run.smithi099.stdout:/usr/bin/ceph: stderr
2023-08-25T08:50:40.871+0000 7fb4a89b1700 1 -- 172.21.15.99:0/2432123752 <== mon.0 v2:172.21.15.99:3300/0 4 ==== mgrmap(e 8) v1 ==== 45135+0+0 (secure 0 0 0) 0x7fb49402d3f0 con 0x7fb4a407beb0
2023-08-25T08:50:41.503 INFO:teuthology.orchestra.run.smithi099.stdout:/usr/bin/ceph: stderr
2023-08-25T08:50:40.872+0000 7fb4a89b1700 1 --2- 172.21.15.99:0/2432123752 >> [v2:172.21.15.99:6800/2336486699,v1:172.21.15.99:6801/2336486699] conn(0x7fb48c038160 0x7fb48c03a620 unknown :-1 s=NONE pgs=0 cs=0 l=1 rev1=0 crypto rx=0 tx=0 comp rx=0 tx=0).connect
2023-08-25T08:50:41.503 INFO:teuthology.orchestra.run.smithi099.stdout:/usr/bin/ceph: stderr
2023-08-25T08:50:40.872+0000 7fb4a89b1700 1 -- 172.21.15.99:0/2432123752 <== mon.0 v2:172.21.15.99:3300/0 5 ==== osd_map(2..2 src has 1..2) v4 ==== 940+0+0 (secure 0 0 0) 0x7fb49404d100 con 0x7fb4a407beb0
2023-08-25T08:50:41.503 INFO:teuthology.orchestra.run.smithi099.stdout:/usr/bin/ceph: stderr
2023-08-25T08:50:40.872+0000 7fb4a99b3700 1 -- 172.21.15.99:0/2432123752 --> [v2:172.21.15.99:3300/0,v1:172.21.15.99:6789/0] -- mon_command({"prefix": "get_command_descriptions"} v 0) v1 -- 0x7fb4a4196100 con 0x7fb4a407beb0
2023-08-25T08:50:41.503 INFO:teuthology.orchestra.run.smithi099.stdout:/usr/bin/ceph: stderr
2023-08-25T08:50:40.872+0000 7fb4a27fc700 1 --2- 172.21.15.99:0/2432123752 >> [v2:172.21.15.99:6800/2336486699,v1:172.21.15.99:6801/2336486699] conn(0x7fb48c038160 0x7fb48c03a620 unknown :-1 s=BANNER_CONNECTING pgs=0 cs=0 l=1 rev1=0 crypto rx=0 tx=0 comp rx=0 tx=0)._handle_peer_banner_payload supported=3 required=0
2023-08-25T08:50:41.503 INFO:teuthology.orchestra.run.smithi099.stdout:/usr/bin/ceph: stderr
2023-08-25T08:50:40.873+0000 7fb4a27fc700 1 --2- 172.21.15.99:0/2432123752 >> [v2:172.21.15.99:6800/2336486699,v1:172.21.15.99:6801/2336486699] conn(0x7fb48c038160 0x7fb48c03a620 secure :-1 s=READY pgs=13 cs=0 l=1 rev1=1 crypto rx=0x7fb498006fd0 tx=0x7fb498006e40 comp rx=0 tx=0).ready entity=mgr.14118 client_cookie=0 server_cookie=0 in_seq=0 out_seq=0
2023-08-25T08:50:41.504 INFO:teuthology.orchestra.run.smithi099.stdout:/usr/bin/ceph: stderr
2023-08-25T08:50:40.877+0000 7fb4a89b1700 1 -- 172.21.15.99:0/2432123752 <== mon.0 v2:172.21.15.99:3300/0 6 ==== mon_command_ack([{"prefix": "get_command_descriptions"}]=0 v0) v1 ==== 72+0+179682 (secure 0 0 0) 0x7fb494010970 con 0x7fb4a407beb0
2023-08-25T08:50:41.504 INFO:teuthology.orchestra.run.smithi099.stdout:/usr/bin/ceph: stderr
2023-08-25T08:50:41.091+0000 7fb4a89b1700 1 -- 172.21.15.99:0/2432123752 <== mon.0 v2:172.21.15.99:3300/0 7 ==== config(26 keys) v1 ==== 1105+0+0 (secure 0 0 0) 0x7fb494010970 con 0x7fb4a407beb0
2023-08-25T08:50:41.504 INFO:teuthology.orchestra.run.smithi099.stdout:/usr/bin/ceph: stderr
2023-08-25T08:50:41.095+0000 7fb4a99b3700 1 -- 172.21.15.99:0/2432123752 --> [v2:172.21.15.99:6800/2336486699,v1:172.21.15.99:6801/2336486699] -- mgr_command(tid 0: {"prefix": "orch apply", "service_type": "mgr", "unmanaged": true, "target": ["mon-mgr", ""]}) v1 -- 0x7fb4a402cc80 con 0x7fb48c038160
2023-08-25T08:50:41.504 INFO:teuthology.orchestra.run.smithi099.stdout:/usr/bin/ceph: stderr
2023-08-25T08:50:41.102+0000 7fb4a89b1700 1 -- 172.21.15.99:0/2432123752 <== mgr.14118 v2:172.21.15.99:6800/2336486699 1 ==== mgr_command_reply(tid 0: 0 ) v1 ==== 8+0+24 (secure 0 0 0) 0x7fb4a402cc80 con 0x7fb48c038160
2023-08-25T08:50:41.504 INFO:teuthology.orchestra.run.smithi099.stdout:/usr/bin/ceph: stderr
2023-08-25T08:50:41.105+0000 7fb4a99b3700 1 -- 172.21.15.99:0/2432123752 >> [v2:172.21.15.99:6800/2336486699,v1:172.21.15.99:6801/2336486699] conn(0x7fb48c038160 msgr2=0x7fb48c03a620 secure :-1 s=STATE_CONNECTION_ESTABLISHED l=1).mark_down
2023-08-25T08:50:41.504 INFO:teuthology.orchestra.run.smithi099.stdout:/usr/bin/ceph: stderr
2023-08-25T08:50:41.105+0000 7fb4a99b3700 1 --2- 172.21.15.99:0/2432123752 >> [v2:172.21.15.99:6800/2336486699,v1:172.21.15.99:6801/2336486699] conn(0x7fb48c038160 0x7fb48c03a620 secure :-1 s=READY pgs=13 cs=0 l=1 rev1=1 crypto rx=0x7fb498006fd0 tx=0x7fb498006e40 comp rx=0 tx=0).stop
2023-08-25T08:50:41.505 INFO:teuthology.orchestra.run.smithi099.stdout:/usr/bin/ceph: stderr
2023-08-25T08:50:41.105+0000 7fb4a99b3700 1 -- 172.21.15.99:0/2432123752 >> [v2:172.21.15.99:3300/0,v1:172.21.15.99:6789/0] conn(0x7fb4a407beb0 msgr2=0x7fb4a419c090 secure :-1 s=STATE_CONNECTION_ESTABLISHED l=1).mark_down
2023-08-25T08:50:41.505 INFO:teuthology.orchestra.run.smithi099.stdout:/usr/bin/ceph: stderr
2023-08-25T08:50:41.105+0000 7fb4a99b3700 1 --2- 172.21.15.99:0/2432123752 >> [v2:172.21.15.99:3300/0,v1:172.21.15.99:6789/0] conn(0x7fb4a407beb0 0x7fb4a419c090 secure :-1 s=READY pgs=48 cs=0 l=1 rev1=1 crypto rx=0x7fb494009130 tx=0x7fb494011ad0 comp rx=0 tx=0).stop
2023-08-25T08:50:41.505 INFO:teuthology.orchestra.run.smithi099.stdout:/usr/bin/ceph: stderr
2023-08-25T08:50:41.105+0000 7fb4a99b3700 1 -- 172.21.15.99:0/2432123752 shutdown_connections
2023-08-25T08:50:41.505 INFO:teuthology.orchestra.run.smithi099.stdout:/usr/bin/ceph: stderr
2023-08-25T08:50:41.105+0000 7fb4a99b3700 1 --2- 172.21.15.99:0/2432123752 >> [v2:172.21.15.99:6800/2336486699,v1:172.21.15.99:6801/2336486699] conn(0x7fb48c038160 0x7fb48c03a620 unknown :-1 s=CLOSED pgs=13 cs=0 l=1 rev1=1 crypto rx=0 tx=0 comp rx=0 tx=0).stop
2023-08-25T08:50:41.505 INFO:teuthology.orchestra.run.smithi099.stdout:/usr/bin/ceph: stderr
2023-08-25T08:50:41.105+0000 7fb4a99b3700 1 --2- 172.21.15.99:0/2432123752 >> [v2:172.21.15.99:3300/0,v1:172.21.15.99:6789/0] conn(0x7fb4a407beb0 0x7fb4a419c090 unknown :-1 s=CLOSED pgs=48 cs=0 l=1 rev1=1 crypto rx=0 tx=0 comp rx=0 tx=0).stop
2023-08-25T08:50:41.505 INFO:teuthology.orchestra.run.smithi099.stdout:/usr/bin/ceph: stderr
2023-08-25T08:50:41.105+0000 7fb4a99b3700 1 -- 172.21.15.99:0/2432123752 >> 172.21.15.99:0/2432123752 conn(0x7fb4a41016e0 msgr2=0x7fb4a4102df0 unknown :-1 s=STATE_NONE l=0).mark_down
2023-08-25T08:50:41.505 INFO:teuthology.orchestra.run.smithi099.stdout:/usr/bin/ceph: stderr
2023-08-25T08:50:41.105+0000 7fb4a99b3700 1 -- 172.21.15.99:0/2432123752 shutdown_connections
2023-08-25T08:50:41.506 INFO:teuthology.orchestra.run.smithi099.stdout:/usr/bin/ceph: stderr
2023-08-25T08:50:41.105+0000 7fb4a99b3700 1 -- 172.21.15.99:0/2432123752 wait complete.
2023-08-25T08:50:42.562 INFO:journalctl@ceph.mon.a.smithi099.stdout:Aug 25 08:50:42 smithi099 ceph-mon[97641]: from='mgr.14118 172.21.15.99:0/3969471178' entity='mgr.x'
2023-08-25T08:50:42.562 INFO:journalctl@ceph.mon.a.smithi099.stdout:Aug 25 08:50:42 smithi099 ceph-mon[97641]: from='client.14142 -' entity='client.admin' cmd=[{"prefix": "orch apply", "service_type": "mgr", "unmanaged": true, "target": ["mon-mgr", ""]}]: dispatch
2023-08-25T08:50:42.562 INFO:journalctl@ceph.mon.a.smithi099.stdout:Aug 25 08:50:42 smithi099 ceph-mon[97641]: Saving service mgr spec with placement count:2
2023-08-25T08:50:42.562 INFO:journalctl@ceph.mon.a.smithi099.stdout:Aug 25 08:50:42 smithi099 ceph-mon[97641]: from='mgr.14118 172.21.15.99:0/3969471178' entity='mgr.x'
2023-08-25T08:50:42.562 INFO:journalctl@ceph.mon.a.smithi099.stdout:Aug 25 08:50:42 smithi099 ceph-mon[97641]: from='mgr.14118 172.21.15.99:0/3969471178' entity='mgr.x'
2023-08-25T08:50:42.872 INFO:teuthology.orchestra.run.smithi099.stdout:/usr/bin/ceph: stderr
2023-08-25T08:50:42.076+0000 7f1e98226700 1 Processor -- start
2023-08-25T08:50:42.872 INFO:teuthology.orchestra.run.smithi099.stdout:/usr/bin/ceph: stderr
2023-08-25T08:50:42.077+0000 7f1e98226700 1 -- start start
2023-08-25T08:50:42.872 INFO:teuthology.orchestra.run.smithi099.stdout:/usr/bin/ceph: stderr
2023-08-25T08:50:42.077+0000 7f1e98226700 1 --2- >> [v2:172.21.15.99:3300/0,v1:172.21.15.99:6789/0] conn(0x7f1e9007beb0 0x7f1e9007a310 unknown :-1 s=NONE pgs=0 cs=0 l=0 rev1=0 crypto rx=0 tx=0 comp rx=0 tx=0).connect
2023-08-25T08:50:42.873 INFO:teuthology.orchestra.run.smithi099.stdout:/usr/bin/ceph: stderr
2023-08-25T08:50:42.077+0000 7f1e98226700 1 -- --> [v2:172.21.15.99:3300/0,v1:172.21.15.99:6789/0] -- mon_getmap magic: 0 v1 -- 0x7f1e9007a8e0 con 0x7f1e9007beb0
2023-08-25T08:50:42.873 INFO:teuthology.orchestra.run.smithi099.stdout:/usr/bin/ceph: stderr
2023-08-25T08:50:42.077+0000 7f1e95fc2700 1 --2- >> [v2:172.21.15.99:3300/0,v1:172.21.15.99:6789/0] conn(0x7f1e9007beb0 0x7f1e9007a310 unknown :-1 s=BANNER_CONNECTING pgs=0 cs=0 l=0 rev1=0 crypto rx=0 tx=0 comp rx=0 tx=0)._handle_peer_banner_payload supported=3 required=0
2023-08-25T08:50:42.873 INFO:teuthology.orchestra.run.smithi099.stdout:/usr/bin/ceph: stderr
2023-08-25T08:50:42.077+0000 7f1e95fc2700 1 --2- >> [v2:172.21.15.99:3300/0,v1:172.21.15.99:6789/0] conn(0x7f1e9007beb0 0x7f1e9007a310 unknown :-1 s=HELLO_CONNECTING pgs=0 cs=0 l=0 rev1=1 crypto rx=0 tx=0 comp rx=0 tx=0).handle_hello peer v2:172.21.15.99:3300/0 says I am v2:172.21.15.99:60050/0 (socket says 172.21.15.99:60050)
2023-08-25T08:50:42.873 INFO:teuthology.orchestra.run.smithi099.stdout:/usr/bin/ceph: stderr
2023-08-25T08:50:42.077+0000 7f1e95fc2700 1 -- 172.21.15.99:0/295504985 learned_addr learned my addr 172.21.15.99:0/295504985 (peer_addr_for_me v2:172.21.15.99:0/0)
2023-08-25T08:50:42.873 INFO:teuthology.orchestra.run.smithi099.stdout:/usr/bin/ceph: stderr
2023-08-25T08:50:42.078+0000 7f1e95fc2700 1 -- 172.21.15.99:0/295504985 --> [v2:172.21.15.99:3300/0,v1:172.21.15.99:6789/0] -- mon_subscribe({config=0+,monmap=0+}) v3 -- 0x7f1e9007aa20 con 0x7f1e9007beb0
2023-08-25T08:50:42.874 INFO:teuthology.orchestra.run.smithi099.stdout:/usr/bin/ceph: stderr
2023-08-25T08:50:42.078+0000 7f1e95fc2700 1 --2- 172.21.15.99:0/295504985 >> [v2:172.21.15.99:3300/0,v1:172.21.15.99:6789/0] conn(0x7f1e9007beb0 0x7f1e9007a310 secure :-1 s=READY pgs=49 cs=0 l=1 rev1=1 crypto rx=0x7f1e8c0098a0 tx=0x7f1e8c009bb0 comp rx=0 tx=0).ready entity=mon.0 client_cookie=2f2385a24da77c20 server_cookie=0 in_seq=0 out_seq=0
2023-08-25T08:50:42.874 INFO:teuthology.orchestra.run.smithi099.stdout:/usr/bin/ceph: stderr
2023-08-25T08:50:42.078+0000 7f1e94fc0700 1 -- 172.21.15.99:0/295504985 <== mon.0 v2:172.21.15.99:3300/0 1 ==== mon_map magic: 0 v1 ==== 205+0+0 (secure 0 0 0) 0x7f1e8c004160 con 0x7f1e9007beb0
2023-08-25T08:50:42.874 INFO:teuthology.orchestra.run.smithi099.stdout:/usr/bin/ceph: stderr
2023-08-25T08:50:42.078+0000 7f1e94fc0700 1 -- 172.21.15.99:0/295504985 <== mon.0 v2:172.21.15.99:3300/0 2 ==== config(26 keys) v1 ==== 1105+0+0 (secure 0 0 0) 0x7f1e8c0042c0 con 0x7f1e9007beb0
2023-08-25T08:50:42.874 INFO:teuthology.orchestra.run.smithi099.stdout:/usr/bin/ceph: stderr
2023-08-25T08:50:42.078+0000 7f1e94fc0700 1 -- 172.21.15.99:0/295504985 <== mon.0 v2:172.21.15.99:3300/0 3 ==== mon_map magic: 0 v1 ==== 205+0+0 (secure 0 0 0) 0x7f1e8c0119b0 con 0x7f1e9007beb0
2023-08-25T08:50:42.874 INFO:teuthology.orchestra.run.smithi099.stdout:/usr/bin/ceph: stderr
2023-08-25T08:50:42.079+0000 7f1e98226700 1 -- 172.21.15.99:0/295504985 >> [v2:172.21.15.99:3300/0,v1:172.21.15.99:6789/0] conn(0x7f1e9007beb0 msgr2=0x7f1e9007a310 secure :-1 s=STATE_CONNECTION_ESTABLISHED l=1).mark_down
2023-08-25T08:50:42.874 INFO:teuthology.orchestra.run.smithi099.stdout:/usr/bin/ceph: stderr
2023-08-25T08:50:42.079+0000 7f1e98226700 1 --2- 172.21.15.99:0/295504985 >> [v2:172.21.15.99:3300/0,v1:172.21.15.99:6789/0] conn(0x7f1e9007beb0 0x7f1e9007a310 secure :-1 s=READY pgs=49 cs=0 l=1 rev1=1 crypto rx=0x7f1e8c0098a0 tx=0x7f1e8c009bb0 comp rx=0 tx=0).stop
2023-08-25T08:50:42.874 INFO:teuthology.orchestra.run.smithi099.stdout:/usr/bin/ceph: stderr
2023-08-25T08:50:42.079+0000 7f1e98226700 1 -- 172.21.15.99:0/295504985 shutdown_connections
2023-08-25T08:50:42.874 INFO:teuthology.orchestra.run.smithi099.stdout:/usr/bin/ceph: stderr
2023-08-25T08:50:42.079+0000 7f1e98226700 1 --2- 172.21.15.99:0/295504985 >> [v2:172.21.15.99:3300/0,v1:172.21.15.99:6789/0] conn(0x7f1e9007beb0 0x7f1e9007a310 unknown :-1 s=CLOSED pgs=49 cs=0 l=1 rev1=1 crypto rx=0 tx=0 comp rx=0 tx=0).stop
2023-08-25T08:50:42.875 INFO:teuthology.orchestra.run.smithi099.stdout:/usr/bin/ceph: stderr
2023-08-25T08:50:42.079+0000 7f1e98226700 1 -- 172.21.15.99:0/295504985 >> 172.21.15.99:0/295504985 conn(0x7f1e901016e0 msgr2=0x7f1e90103b00 unknown :-1 s=STATE_NONE l=0).mark_down
2023-08-25T08:50:42.875 INFO:teuthology.orchestra.run.smithi099.stdout:/usr/bin/ceph: stderr
2023-08-25T08:50:42.079+0000 7f1e98226700 1 -- 172.21.15.99:0/295504985 shutdown_connections
2023-08-25T08:50:42.875 INFO:teuthology.orchestra.run.smithi099.stdout:/usr/bin/ceph: stderr
2023-08-25T08:50:42.079+0000 7f1e98226700 1 -- 172.21.15.99:0/295504985 wait complete.
2023-08-25T08:50:42.875 INFO:teuthology.orchestra.run.smithi099.stdout:/usr/bin/ceph: stderr
2023-08-25T08:50:42.080+0000 7f1e98226700 1 Processor -- start
2023-08-25T08:50:42.875 INFO:teuthology.orchestra.run.smithi099.stdout:/usr/bin/ceph: stderr
2023-08-25T08:50:42.081+0000 7f1e98226700 1 -- start start
2023-08-25T08:50:42.875 INFO:teuthology.orchestra.run.smithi099.stdout:/usr/bin/ceph: stderr
2023-08-25T08:50:42.081+0000 7f1e98226700 1 --2- >> [v2:172.21.15.99:3300/0,v1:172.21.15.99:6789/0] conn(0x7f1e9007beb0 0x7f1e9019c0b0 unknown :-1 s=NONE pgs=0 cs=0 l=1 rev1=0 crypto rx=0 tx=0 comp rx=0 tx=0).connect
2023-08-25T08:50:42.875 INFO:teuthology.orchestra.run.smithi099.stdout:/usr/bin/ceph: stderr
2023-08-25T08:50:42.081+0000 7f1e98226700 1 -- --> [v2:172.21.15.99:3300/0,v1:172.21.15.99:6789/0] -- mon_getmap magic: 0 v1 -- 0x7f1e9019c5f0 con 0x7f1e9007beb0
2023-08-25T08:50:42.876 INFO:teuthology.orchestra.run.smithi099.stdout:/usr/bin/ceph: stderr
2023-08-25T08:50:42.081+0000 7f1e95fc2700 1 --2- >> [v2:172.21.15.99:3300/0,v1:172.21.15.99:6789/0] conn(0x7f1e9007beb0 0x7f1e9019c0b0 unknown :-1 s=BANNER_CONNECTING pgs=0 cs=0 l=1 rev1=0 crypto rx=0 tx=0 comp rx=0 tx=0)._handle_peer_banner_payload supported=3 required=0
2023-08-25T08:50:42.876 INFO:teuthology.orchestra.run.smithi099.stdout:/usr/bin/ceph: stderr
2023-08-25T08:50:42.081+0000 7f1e95fc2700 1 --2- >> [v2:172.21.15.99:3300/0,v1:172.21.15.99:6789/0] conn(0x7f1e9007beb0 0x7f1e9019c0b0 unknown :-1 s=HELLO_CONNECTING pgs=0 cs=0 l=1 rev1=1 crypto rx=0 tx=0 comp rx=0 tx=0).handle_hello peer v2:172.21.15.99:3300/0 says I am v2:172.21.15.99:60062/0 (socket says 172.21.15.99:60062)
2023-08-25T08:50:42.876 INFO:teuthology.orchestra.run.smithi099.stdout:/usr/bin/ceph: stderr
2023-08-25T08:50:42.081+0000 7f1e95fc2700 1 -- 172.21.15.99:0/1863009784 learned_addr learned my addr 172.21.15.99:0/1863009784 (peer_addr_for_me v2:172.21.15.99:0/0)
2023-08-25T08:50:42.876 INFO:teuthology.orchestra.run.smithi099.stdout:/usr/bin/ceph: stderr
2023-08-25T08:50:42.082+0000 7f1e95fc2700 1 -- 172.21.15.99:0/1863009784 --> [v2:172.21.15.99:3300/0,v1:172.21.15.99:6789/0] -- mon_subscribe({config=0+,monmap=0+}) v3 -- 0x7f1e8c009550 con 0x7f1e9007beb0
2023-08-25T08:50:42.876 INFO:teuthology.orchestra.run.smithi099.stdout:/usr/bin/ceph: stderr
2023-08-25T08:50:42.082+0000 7f1e95fc2700 1 --2- 172.21.15.99:0/1863009784 >> [v2:172.21.15.99:3300/0,v1:172.21.15.99:6789/0] conn(0x7f1e9007beb0 0x7f1e9019c0b0 secure :-1 s=READY pgs=50 cs=0 l=1 rev1=1 crypto rx=0x7f1e8c003e60 tx=0x7f1e8c011a30 comp rx=0 tx=0).ready entity=mon.0 client_cookie=0 server_cookie=0 in_seq=0 out_seq=0
2023-08-25T08:50:42.876 INFO:teuthology.orchestra.run.smithi099.stdout:/usr/bin/ceph: stderr
2023-08-25T08:50:42.082+0000 7f1e86ffd700 1 -- 172.21.15.99:0/1863009784 <== mon.0 v2:172.21.15.99:3300/0 1 ==== mon_map magic: 0 v1 ==== 205+0+0 (secure 0 0 0) 0x7f1e8c003a60 con 0x7f1e9007beb0
2023-08-25T08:50:42.876 INFO:teuthology.orchestra.run.smithi099.stdout:/usr/bin/ceph: stderr
2023-08-25T08:50:42.082+0000 7f1e86ffd700 1 -- 172.21.15.99:0/1863009784 <== mon.0 v2:172.21.15.99:3300/0 2 ==== config(26 keys) v1 ==== 1105+0+0 (secure 0 0 0) 0x7f1e8c003bc0 con 0x7f1e9007beb0
2023-08-25T08:50:42.876 INFO:teuthology.orchestra.run.smithi099.stdout:/usr/bin/ceph: stderr
2023-08-25T08:50:42.082+0000 7f1e86ffd700 1 -- 172.21.15.99:0/1863009784 <== mon.0 v2:172.21.15.99:3300/0 3 ==== mon_map magic: 0 v1 ==== 205+0+0 (secure 0 0 0) 0x7f1e8c0196c0 con 0x7f1e9007beb0
2023-08-25T08:50:42.877 INFO:teuthology.orchestra.run.smithi099.stdout:/usr/bin/ceph: stderr
2023-08-25T08:50:42.082+0000 7f1e98226700 1 -- 172.21.15.99:0/1863009784 --> [v2:172.21.15.99:3300/0,v1:172.21.15.99:6789/0] -- mon_subscribe({mgrmap=0+}) v3 -- 0x7f1e9019c7f0 con 0x7f1e9007beb0
2023-08-25T08:50:42.877 INFO:teuthology.orchestra.run.smithi099.stdout:/usr/bin/ceph: stderr
2023-08-25T08:50:42.082+0000 7f1e98226700 1 -- 172.21.15.99:0/1863009784 --> [v2:172.21.15.99:3300/0,v1:172.21.15.99:6789/0] -- mon_subscribe({osdmap=0}) v3 -- 0x7f1e9019cc10 con 0x7f1e9007beb0
2023-08-25T08:50:42.877 INFO:teuthology.orchestra.run.smithi099.stdout:/usr/bin/ceph: stderr
2023-08-25T08:50:42.083+0000 7f1e86ffd700 1 -- 172.21.15.99:0/1863009784 <== mon.0 v2:172.21.15.99:3300/0 4 ==== mgrmap(e 8) v1 ==== 45135+0+0 (secure 0 0 0) 0x7f1e8c01ab60 con 0x7f1e9007beb0
2023-08-25T08:50:42.877 INFO:teuthology.orchestra.run.smithi099.stdout:/usr/bin/ceph: stderr
2023-08-25T08:50:42.083+0000 7f1e98226700 1 -- 172.21.15.99:0/1863009784 --> [v2:172.21.15.99:3300/0,v1:172.21.15.99:6789/0] -- mon_command({"prefix": "get_command_descriptions"} v 0) v1 -- 0x7f1e90196120 con 0x7f1e9007beb0
2023-08-25T08:50:42.877 INFO:teuthology.orchestra.run.smithi099.stdout:/usr/bin/ceph: stderr
2023-08-25T08:50:42.084+0000 7f1e86ffd700 1 --2- 172.21.15.99:0/1863009784 >> [v2:172.21.15.99:6800/2336486699,v1:172.21.15.99:6801/2336486699] conn(0x7f1e7c038140 0x7f1e7c03a600 unknown :-1 s=NONE pgs=0 cs=0 l=1 rev1=0 crypto rx=0 tx=0 comp rx=0 tx=0).connect
2023-08-25T08:50:42.877 INFO:teuthology.orchestra.run.smithi099.stdout:/usr/bin/ceph: stderr
2023-08-25T08:50:42.084+0000 7f1e86ffd700 1 -- 172.21.15.99:0/1863009784 <== mon.0 v2:172.21.15.99:3300/0 5 ==== osd_map(2..2 src has 1..2) v4 ==== 940+0+0 (secure 0 0 0) 0x7f1e8c04c110 con 0x7f1e9007beb0
2023-08-25T08:50:42.877 INFO:teuthology.orchestra.run.smithi099.stdout:/usr/bin/ceph: stderr
2023-08-25T08:50:42.084+0000 7f1e957c1700 1 --2- 172.21.15.99:0/1863009784 >> [v2:172.21.15.99:6800/2336486699,v1:172.21.15.99:6801/2336486699] conn(0x7f1e7c038140 0x7f1e7c03a600 unknown :-1 s=BANNER_CONNECTING pgs=0 cs=0 l=1 rev1=0 crypto rx=0 tx=0 comp rx=0 tx=0)._handle_peer_banner_payload supported=3 required=0
2023-08-25T08:50:42.878 INFO:teuthology.orchestra.run.smithi099.stdout:/usr/bin/ceph: stderr
2023-08-25T08:50:42.085+0000 7f1e957c1700 1 --2- 172.21.15.99:0/1863009784 >> [v2:172.21.15.99:6800/2336486699,v1:172.21.15.99:6801/2336486699] conn(0x7f1e7c038140 0x7f1e7c03a600 secure :-1 s=READY pgs=14 cs=0 l=1 rev1=1 crypto rx=0x7f1e80006fd0 tx=0x7f1e80006e40 comp rx=0 tx=0).ready entity=mgr.14118 client_cookie=0 server_cookie=0 in_seq=0 out_seq=0
2023-08-25T08:50:42.878 INFO:teuthology.orchestra.run.smithi099.stdout:/usr/bin/ceph: stderr
2023-08-25T08:50:42.088+0000 7f1e86ffd700 1 -- 172.21.15.99:0/1863009784 <== mon.0 v2:172.21.15.99:3300/0 6 ==== mon_command_ack([{"prefix": "get_command_descriptions"}]=0 v0) v1 ==== 72+0+179682 (secure 0 0 0) 0x7f1e8c018b00 con 0x7f1e9007beb0
2023-08-25T08:50:42.878 INFO:teuthology.orchestra.run.smithi099.stdout:/usr/bin/ceph: stderr
2023-08-25T08:50:42.292+0000 7f1e98226700 1 -- 172.21.15.99:0/1863009784 --> [v2:172.21.15.99:3300/0,v1:172.21.15.99:6789/0] -- mon_command([{prefix=config set, name=mgr/cephadm/container_init}] v 0) v1 -- 0x7f1e90061f50 con 0x7f1e9007beb0
2023-08-25T08:50:42.878 INFO:teuthology.orchestra.run.smithi099.stdout:/usr/bin/ceph: stderr
2023-08-25T08:50:42.298+0000 7f1e86ffd700 1 -- 172.21.15.99:0/1863009784 <== mon.0 v2:172.21.15.99:3300/0 7 ==== mon_command_ack([{prefix=config set, name=mgr/cephadm/container_init}]=0 v7)=0 v7) v1 ==== 142+0+0 (secure 0 0 0) 0x7f1e8c018b00 con 0x7f1e9007beb0
2023-08-25T08:50:42.878 INFO:teuthology.orchestra.run.smithi099.stdout:/usr/bin/ceph: stderr
2023-08-25T08:50:42.300+0000 7f1e98226700 1 -- 172.21.15.99:0/1863009784 >> [v2:172.21.15.99:6800/2336486699,v1:172.21.15.99:6801/2336486699] conn(0x7f1e7c038140 msgr2=0x7f1e7c03a600 secure :-1 s=STATE_CONNECTION_ESTABLISHED l=1).mark_down
2023-08-25T08:50:42.878 INFO:teuthology.orchestra.run.smithi099.stdout:/usr/bin/ceph: stderr
2023-08-25T08:50:42.300+0000 7f1e98226700 1 --2- 172.21.15.99:0/1863009784 >> [v2:172.21.15.99:6800/2336486699,v1:172.21.15.99:6801/2336486699] conn(0x7f1e7c038140 0x7f1e7c03a600 secure :-1 s=READY pgs=14 cs=0 l=1 rev1=1 crypto rx=0x7f1e80006fd0 tx=0x7f1e80006e40 comp rx=0 tx=0).stop
2023-08-25T08:50:42.878 INFO:teuthology.orchestra.run.smithi099.stdout:/usr/bin/ceph: stderr
2023-08-25T08:50:42.300+0000 7f1e98226700 1 -- 172.21.15.99:0/1863009784 >> [v2:172.21.15.99:3300/0,v1:172.21.15.99:6789/0] conn(0x7f1e9007beb0 msgr2=0x7f1e9019c0b0 secure :-1 s=STATE_CONNECTION_ESTABLISHED l=1).mark_down
2023-08-25T08:50:42.878 INFO:teuthology.orchestra.run.smithi099.stdout:/usr/bin/ceph: stderr
2023-08-25T08:50:42.300+0000 7f1e98226700 1 --2- 172.21.15.99:0/1863009784 >> [v2:172.21.15.99:3300/0,v1:172.21.15.99:6789/0] conn(0x7f1e9007beb0 0x7f1e9019c0b0 secure :-1 s=READY pgs=50 cs=0 l=1 rev1=1 crypto rx=0x7f1e8c003e60 tx=0x7f1e8c011a30 comp rx=0 tx=0).stop
2023-08-25T08:50:42.879 INFO:teuthology.orchestra.run.smithi099.stdout:/usr/bin/ceph: stderr
2023-08-25T08:50:42.300+0000 7f1e98226700 1 -- 172.21.15.99:0/1863009784 shutdown_connections
2023-08-25T08:50:42.879 INFO:teuthology.orchestra.run.smithi099.stdout:/usr/bin/ceph: stderr
2023-08-25T08:50:42.300+0000 7f1e98226700 1 --2- 172.21.15.99:0/1863009784 >> [v2:172.21.15.99:6800/2336486699,v1:172.21.15.99:6801/2336486699] conn(0x7f1e7c038140 0x7f1e7c03a600 unknown :-1 s=CLOSED pgs=14 cs=0 l=1 rev1=1 crypto rx=0 tx=0 comp rx=0 tx=0).stop
2023-08-25T08:50:42.879 INFO:teuthology.orchestra.run.smithi099.stdout:/usr/bin/ceph: stderr
2023-08-25T08:50:42.300+0000 7f1e98226700 1 --2- 172.21.15.99:0/1863009784 >> [v2:172.21.15.99:3300/0,v1:172.21.15.99:6789/0] conn(0x7f1e9007beb0 0x7f1e9019c0b0 unknown :-1 s=CLOSED pgs=50 cs=0 l=1 rev1=1 crypto rx=0 tx=0 comp rx=0 tx=0).stop
2023-08-25T08:50:42.879 INFO:teuthology.orchestra.run.smithi099.stdout:/usr/bin/ceph: stderr
2023-08-25T08:50:42.300+0000 7f1e98226700 1 -- 172.21.15.99:0/1863009784 >> 172.21.15.99:0/1863009784 conn(0x7f1e901016e0 msgr2=0x7f1e90102df0 unknown :-1 s=STATE_NONE l=0).mark_down
2023-08-25T08:50:42.879 INFO:teuthology.orchestra.run.smithi099.stdout:/usr/bin/ceph: stderr
2023-08-25T08:50:42.300+0000 7f1e98226700 1 -- 172.21.15.99:0/1863009784 shutdown_connections
2023-08-25T08:50:42.879 INFO:teuthology.orchestra.run.smithi099.stdout:/usr/bin/ceph: stderr
2023-08-25T08:50:42.300+0000 7f1e98226700 1 -- 172.21.15.99:0/1863009784 wait complete.
2023-08-25T08:50:43.561 INFO:journalctl@ceph.mon.a.smithi099.stdout:Aug 25 08:50:43 smithi099 ceph-mon[97641]: from='client.? 172.21.15.99:0/1863009784' entity='client.admin'
2023-08-25T08:50:44.050 INFO:teuthology.orchestra.run.smithi099.stdout:/usr/bin/ceph: stderr
2023-08-25T08:50:43.461+0000 7f4531e82700 1 Processor -- start
2023-08-25T08:50:44.050 INFO:teuthology.orchestra.run.smithi099.stdout:/usr/bin/ceph: stderr
2023-08-25T08:50:43.461+0000 7f4531e82700 1 -- start start
2023-08-25T08:50:44.050 INFO:teuthology.orchestra.run.smithi099.stdout:/usr/bin/ceph: stderr
2023-08-25T08:50:43.461+0000 7f4531e82700 1 --2- >> [v2:172.21.15.99:3300/0,v1:172.21.15.99:6789/0] conn(0x7f452c07be90 0x7f452c07a2f0 unknown :-1 s=NONE pgs=0 cs=0 l=0 rev1=0 crypto rx=0 tx=0 comp rx=0 tx=0).connect
2023-08-25T08:50:44.050 INFO:teuthology.orchestra.run.smithi099.stdout:/usr/bin/ceph: stderr
2023-08-25T08:50:43.461+0000 7f4531e82700 1 -- --> [v2:172.21.15.99:3300/0,v1:172.21.15.99:6789/0] -- mon_getmap magic: 0 v1 -- 0x7f452c07a8c0 con 0x7f452c07be90
2023-08-25T08:50:44.050 INFO:teuthology.orchestra.run.smithi099.stdout:/usr/bin/ceph: stderr
2023-08-25T08:50:43.462+0000 7f452b7fe700 1 --2- >> [v2:172.21.15.99:3300/0,v1:172.21.15.99:6789/0] conn(0x7f452c07be90 0x7f452c07a2f0 unknown :-1 s=BANNER_CONNECTING pgs=0 cs=0 l=0 rev1=0 crypto rx=0 tx=0 comp rx=0 tx=0)._handle_peer_banner_payload supported=3 required=0
2023-08-25T08:50:44.051 INFO:teuthology.orchestra.run.smithi099.stdout:/usr/bin/ceph: stderr
2023-08-25T08:50:43.462+0000 7f452b7fe700 1 --2- >> [v2:172.21.15.99:3300/0,v1:172.21.15.99:6789/0] conn(0x7f452c07be90 0x7f452c07a2f0 unknown :-1 s=HELLO_CONNECTING pgs=0 cs=0 l=0 rev1=1 crypto rx=0 tx=0 comp rx=0 tx=0).handle_hello peer v2:172.21.15.99:3300/0 says I am v2:172.21.15.99:60074/0 (socket says 172.21.15.99:60074)
2023-08-25T08:50:44.051 INFO:teuthology.orchestra.run.smithi099.stdout:/usr/bin/ceph: stderr
2023-08-25T08:50:43.462+0000 7f452b7fe700 1 -- 172.21.15.99:0/4270484228 learned_addr learned my addr 172.21.15.99:0/4270484228 (peer_addr_for_me v2:172.21.15.99:0/0)
2023-08-25T08:50:44.051 INFO:teuthology.orchestra.run.smithi099.stdout:/usr/bin/ceph: stderr
2023-08-25T08:50:43.462+0000 7f452b7fe700 1 -- 172.21.15.99:0/4270484228 --> [v2:172.21.15.99:3300/0,v1:172.21.15.99:6789/0] -- mon_subscribe({config=0+,monmap=0+}) v3 -- 0x7f452c07aa00 con 0x7f452c07be90
2023-08-25T08:50:44.051 INFO:teuthology.orchestra.run.smithi099.stdout:/usr/bin/ceph: stderr
2023-08-25T08:50:43.462+0000 7f452b7fe700 1 --2- 172.21.15.99:0/4270484228 >> [v2:172.21.15.99:3300/0,v1:172.21.15.99:6789/0] conn(0x7f452c07be90 0x7f452c07a2f0 secure :-1 s=READY pgs=51 cs=0 l=1 rev1=1 crypto rx=0x7f451c0098a0 tx=0x7f451c009bb0 comp rx=0 tx=0).ready entity=mon.0 client_cookie=aaf783cd9400fe76 server_cookie=0 in_seq=0 out_seq=0
2023-08-25T08:50:44.051 INFO:teuthology.orchestra.run.smithi099.stdout:/usr/bin/ceph: stderr
2023-08-25T08:50:43.463+0000 7f452a7fc700 1 -- 172.21.15.99:0/4270484228 <== mon.0 v2:172.21.15.99:3300/0 1 ==== mon_map magic: 0 v1 ==== 205+0+0 (secure 0 0 0) 0x7f451c004160 con 0x7f452c07be90
2023-08-25T08:50:44.051 INFO:teuthology.orchestra.run.smithi099.stdout:/usr/bin/ceph: stderr
2023-08-25T08:50:43.463+0000 7f452a7fc700 1 -- 172.21.15.99:0/4270484228 <== mon.0 v2:172.21.15.99:3300/0 2 ==== config(26 keys) v1 ==== 1105+0+0 (secure 0 0 0) 0x7f451c0042c0 con 0x7f452c07be90
2023-08-25T08:50:44.052 INFO:teuthology.orchestra.run.smithi099.stdout:/usr/bin/ceph: stderr
2023-08-25T08:50:43.463+0000 7f452a7fc700 1 -- 172.21.15.99:0/4270484228 <== mon.0 v2:172.21.15.99:3300/0 3 ==== mon_map magic: 0 v1 ==== 205+0+0 (secure 0 0 0) 0x7f451c0119b0 con 0x7f452c07be90
2023-08-25T08:50:44.052 INFO:teuthology.orchestra.run.smithi099.stdout:/usr/bin/ceph: stderr
2023-08-25T08:50:43.463+0000 7f4531e82700 1 -- 172.21.15.99:0/4270484228 >> [v2:172.21.15.99:3300/0,v1:172.21.15.99:6789/0] conn(0x7f452c07be90 msgr2=0x7f452c07a2f0 secure :-1 s=STATE_CONNECTION_ESTABLISHED l=1).mark_down
2023-08-25T08:50:44.052 INFO:teuthology.orchestra.run.smithi099.stdout:/usr/bin/ceph: stderr
2023-08-25T08:50:43.463+0000 7f4531e82700 1 --2- 172.21.15.99:0/4270484228 >> [v2:172.21.15.99:3300/0,v1:172.21.15.99:6789/0] conn(0x7f452c07be90 0x7f452c07a2f0 secure :-1 s=READY pgs=51 cs=0 l=1 rev1=1 crypto rx=0x7f451c0098a0 tx=0x7f451c009bb0 comp rx=0 tx=0).stop
2023-08-25T08:50:44.052 INFO:teuthology.orchestra.run.smithi099.stdout:/usr/bin/ceph: stderr
2023-08-25T08:50:43.464+0000 7f4531e82700 1 -- 172.21.15.99:0/4270484228 shutdown_connections
2023-08-25T08:50:44.052 INFO:teuthology.orchestra.run.smithi099.stdout:/usr/bin/ceph: stderr
2023-08-25T08:50:43.464+0000 7f4531e82700 1 --2- 172.21.15.99:0/4270484228 >> [v2:172.21.15.99:3300/0,v1:172.21.15.99:6789/0] conn(0x7f452c07be90 0x7f452c07a2f0 unknown :-1 s=CLOSED pgs=51 cs=0 l=1 rev1=1 crypto rx=0 tx=0 comp rx=0 tx=0).stop
2023-08-25T08:50:44.052 INFO:teuthology.orchestra.run.smithi099.stdout:/usr/bin/ceph: stderr
