2023-09-13T04:44:03.018 INFO:teuthology.orchestra.run.smithi151.stdout:/usr/bin/ceph: stderr
2023-09-13T04:44:02.678+0000 7ff88ebc9700 1 --2- 172.21.15.151:0/4108259757 >> [v2:172.21.15.151:3300/0,v1:172.21.15.151:6789/0] conn(0x7ff8881022b0 0x7ff888113230 secure :-1 s=READY pgs=38 cs=0 l=1 rev1=1 crypto rx=0x7ff87c000c00 tx=0x7ff87c009250 comp rx=0 tx=0).stop
2023-09-13T04:44:03.018 INFO:teuthology.orchestra.run.smithi151.stdout:/usr/bin/ceph: stderr
2023-09-13T04:44:02.678+0000 7ff88ebc9700 1 -- 172.21.15.151:0/4108259757 shutdown_connections
2023-09-13T04:44:03.018 INFO:teuthology.orchestra.run.smithi151.stdout:/usr/bin/ceph: stderr
2023-09-13T04:44:02.678+0000 7ff88ebc9700 1 --2- 172.21.15.151:0/4108259757 >> [v2:172.21.15.151:6800/471388347,v1:172.21.15.151:6801/471388347] conn(0x7ff8780364c0 0x7ff878038970 unknown :-1 s=CLOSED pgs=7 cs=0 l=1 rev1=1 crypto rx=0 tx=0 comp rx=0 tx=0).stop
2023-09-13T04:44:03.018 INFO:teuthology.orchestra.run.smithi151.stdout:/usr/bin/ceph: stderr
2023-09-13T04:44:02.678+0000 7ff88ebc9700 1 --2- 172.21.15.151:0/4108259757 >> [v2:172.21.15.151:3300/0,v1:172.21.15.151:6789/0] conn(0x7ff8881022b0 0x7ff888113230 unknown :-1 s=CLOSED pgs=38 cs=0 l=1 rev1=1 crypto rx=0 tx=0 comp rx=0 tx=0).stop
2023-09-13T04:44:03.018 INFO:teuthology.orchestra.run.smithi151.stdout:/usr/bin/ceph: stderr
2023-09-13T04:44:02.679+0000 7ff88ebc9700 1 -- 172.21.15.151:0/4108259757 >> 172.21.15.151:0/4108259757 conn(0x7ff8880fda10 msgr2=0x7ff8880fe7a0 unknown :-1 s=STATE_NONE l=0).mark_down
2023-09-13T04:44:03.019 INFO:teuthology.orchestra.run.smithi151.stdout:/usr/bin/ceph: stderr
2023-09-13T04:44:02.679+0000 7ff88ebc9700 1 -- 172.21.15.151:0/4108259757 shutdown_connections
2023-09-13T04:44:03.019 INFO:teuthology.orchestra.run.smithi151.stdout:/usr/bin/ceph: stderr
2023-09-13T04:44:02.679+0000 7ff88ebc9700 1 -- 172.21.15.151:0/4108259757 wait complete.
2023-09-13T04:44:03.796 INFO:journalctl@ceph.mon.smithi151.smithi151.stdout:Sep 13 04:44:03 smithi151 ceph-mon[106877]: [13/Sep/2023:04:44:01] ENGINE Serving on https://172.21.15.151:7150
2023-09-13T04:44:03.796 INFO:journalctl@ceph.mon.smithi151.smithi151.stdout:Sep 13 04:44:03 smithi151 ceph-mon[106877]: [13/Sep/2023:04:44:01] ENGINE Bus STARTED
2023-09-13T04:44:03.797 INFO:journalctl@ceph.mon.smithi151.smithi151.stdout:Sep 13 04:44:03 smithi151 ceph-mon[106877]: from='client.14124 -' entity='client.admin' cmd=[{"prefix": "get_command_descriptions"}]: dispatch
2023-09-13T04:44:03.797 INFO:journalctl@ceph.mon.smithi151.smithi151.stdout:Sep 13 04:44:03 smithi151 ceph-mon[106877]: from='client.14124 -' entity='client.admin' cmd=[{"prefix": "mgr_status"}]: dispatch
2023-09-13T04:44:03.797 INFO:journalctl@ceph.mon.smithi151.smithi151.stdout:Sep 13 04:44:03 smithi151 ceph-mon[106877]: from='mgr.14120 172.21.15.151:0/1410849484' entity='mgr.smithi151.uhldvg'
2023-09-13T04:44:03.797 INFO:journalctl@ceph.mon.smithi151.smithi151.stdout:Sep 13 04:44:03 smithi151 ceph-mon[106877]: from='mgr.14120 172.21.15.151:0/1410849484' entity='mgr.smithi151.uhldvg' cmd=[{"prefix": "config dump", "format": "json"}]: dispatch
2023-09-13T04:44:03.958 INFO:teuthology.orchestra.run.smithi151.stdout:/usr/bin/ceph: stdout value unchanged
2023-09-13T04:44:03.958 INFO:teuthology.orchestra.run.smithi151.stdout:/usr/bin/ceph: stderr
2023-09-13T04:44:03.410+0000 7f911e7a3700 1 Processor -- start
2023-09-13T04:44:03.958 INFO:teuthology.orchestra.run.smithi151.stdout:/usr/bin/ceph: stderr
2023-09-13T04:44:03.410+0000 7f911e7a3700 1 -- start start
2023-09-13T04:44:03.959 INFO:teuthology.orchestra.run.smithi151.stdout:/usr/bin/ceph: stderr
2023-09-13T04:44:03.410+0000 7f911e7a3700 1 --2- >> [v2:172.21.15.151:3300/0,v1:172.21.15.151:6789/0] conn(0x7f91181022b0 0x7f91181026c0 unknown :-1 s=NONE pgs=0 cs=0 l=0 rev1=0 crypto rx=0 tx=0 comp rx=0 tx=0).connect
2023-09-13T04:44:03.959 INFO:teuthology.orchestra.run.smithi151.stdout:/usr/bin/ceph: stderr
2023-09-13T04:44:03.410+0000 7f911e7a3700 1 -- --> [v2:172.21.15.151:3300/0,v1:172.21.15.151:6789/0] -- mon_getmap magic: 0 v1 -- 0x7f9118102c00 con 0x7f91181022b0
2023-09-13T04:44:03.959 INFO:teuthology.orchestra.run.smithi151.stdout:/usr/bin/ceph: stderr
2023-09-13T04:44:03.411+0000 7f9117fff700 1 --2- >> [v2:172.21.15.151:3300/0,v1:172.21.15.151:6789/0] conn(0x7f91181022b0 0x7f91181026c0 unknown :-1 s=BANNER_CONNECTING pgs=0 cs=0 l=0 rev1=0 crypto rx=0 tx=0 comp rx=0 tx=0)._handle_peer_banner_payload supported=3 required=0
2023-09-13T04:44:03.959 INFO:teuthology.orchestra.run.smithi151.stdout:/usr/bin/ceph: stderr
2023-09-13T04:44:03.411+0000 7f9117fff700 1 --2- >> [v2:172.21.15.151:3300/0,v1:172.21.15.151:6789/0] conn(0x7f91181022b0 0x7f91181026c0 unknown :-1 s=HELLO_CONNECTING pgs=0 cs=0 l=0 rev1=1 crypto rx=0 tx=0 comp rx=0 tx=0).handle_hello peer v2:172.21.15.151:3300/0 says I am v2:172.21.15.151:58968/0 (socket says 172.21.15.151:58968)
2023-09-13T04:44:03.959 INFO:teuthology.orchestra.run.smithi151.stdout:/usr/bin/ceph: stderr
2023-09-13T04:44:03.411+0000 7f9117fff700 1 -- 172.21.15.151:0/4240228864 learned_addr learned my addr 172.21.15.151:0/4240228864 (peer_addr_for_me v2:172.21.15.151:0/0)
2023-09-13T04:44:03.960 INFO:teuthology.orchestra.run.smithi151.stdout:/usr/bin/ceph: stderr
2023-09-13T04:44:03.411+0000 7f9117fff700 1 -- 172.21.15.151:0/4240228864 --> [v2:172.21.15.151:3300/0,v1:172.21.15.151:6789/0] -- mon_subscribe({config=0+,monmap=0+}) v3 -- 0x7f9118102d40 con 0x7f91181022b0
2023-09-13T04:44:03.960 INFO:teuthology.orchestra.run.smithi151.stdout:/usr/bin/ceph: stderr
2023-09-13T04:44:03.411+0000 7f9117fff700 1 --2- 172.21.15.151:0/4240228864 >> [v2:172.21.15.151:3300/0,v1:172.21.15.151:6789/0] conn(0x7f91181022b0 0x7f91181026c0 secure :-1 s=READY pgs=39 cs=0 l=1 rev1=1 crypto rx=0x7f91080098e0 tx=0x7f9108009250 comp rx=0 tx=0).ready entity=mon.0 client_cookie=98f64f1941af5251 server_cookie=0 in_seq=0 out_seq=0
2023-09-13T04:44:03.960 INFO:teuthology.orchestra.run.smithi151.stdout:/usr/bin/ceph: stderr
2023-09-13T04:44:03.412+0000 7f9116ffd700 1 -- 172.21.15.151:0/4240228864 <== mon.0 v2:172.21.15.151:3300/0 1 ==== mon_map magic: 0 v1 ==== 229+0+0 (secure 0 0 0) 0x7f910800b860 con 0x7f91181022b0
2023-09-13T04:44:03.960 INFO:teuthology.orchestra.run.smithi151.stdout:/usr/bin/ceph: stderr
2023-09-13T04:44:03.412+0000 7f9116ffd700 1 -- 172.21.15.151:0/4240228864 <== mon.0 v2:172.21.15.151:3300/0 2 ==== config(26 keys) v1 ==== 1009+0+0 (secure 0 0 0) 0x7f910800be30 con 0x7f91181022b0
2023-09-13T04:44:03.960 INFO:teuthology.orchestra.run.smithi151.stdout:/usr/bin/ceph: stderr
2023-09-13T04:44:03.412+0000 7f9116ffd700 1 -- 172.21.15.151:0/4240228864 <== mon.0 v2:172.21.15.151:3300/0 3 ==== mon_map magic: 0 v1 ==== 229+0+0 (secure 0 0 0) 0x7f9108010380 con 0x7f91181022b0
2023-09-13T04:44:03.961 INFO:teuthology.orchestra.run.smithi151.stdout:/usr/bin/ceph: stderr
2023-09-13T04:44:03.412+0000 7f911e7a3700 1 -- 172.21.15.151:0/4240228864 >> [v2:172.21.15.151:3300/0,v1:172.21.15.151:6789/0] conn(0x7f91181022b0 msgr2=0x7f91181026c0 secure :-1 s=STATE_CONNECTION_ESTABLISHED l=1).mark_down
2023-09-13T04:44:03.961 INFO:teuthology.orchestra.run.smithi151.stdout:/usr/bin/ceph: stderr
2023-09-13T04:44:03.412+0000 7f911e7a3700 1 --2- 172.21.15.151:0/4240228864 >> [v2:172.21.15.151:3300/0,v1:172.21.15.151:6789/0] conn(0x7f91181022b0 0x7f91181026c0 secure :-1 s=READY pgs=39 cs=0 l=1 rev1=1 crypto rx=0x7f91080098e0 tx=0x7f9108009250 comp rx=0 tx=0).stop
2023-09-13T04:44:03.961 INFO:teuthology.orchestra.run.smithi151.stdout:/usr/bin/ceph: stderr
2023-09-13T04:44:03.412+0000 7f911e7a3700 1 -- 172.21.15.151:0/4240228864 shutdown_connections
2023-09-13T04:44:03.961 INFO:teuthology.orchestra.run.smithi151.stdout:/usr/bin/ceph: stderr
2023-09-13T04:44:03.412+0000 7f911e7a3700 1 --2- 172.21.15.151:0/4240228864 >> [v2:172.21.15.151:3300/0,v1:172.21.15.151:6789/0] conn(0x7f91181022b0 0x7f91181026c0 unknown :-1 s=CLOSED pgs=39 cs=0 l=1 rev1=1 crypto rx=0 tx=0 comp rx=0 tx=0).stop
2023-09-13T04:44:03.961 INFO:teuthology.orchestra.run.smithi151.stdout:/usr/bin/ceph: stderr
2023-09-13T04:44:03.412+0000 7f911e7a3700 1 -- 172.21.15.151:0/4240228864 >> 172.21.15.151:0/4240228864 conn(0x7f91180fda10 msgr2=0x7f91180ffe40 unknown :-1 s=STATE_NONE l=0).mark_down
2023-09-13T04:44:03.962 INFO:teuthology.orchestra.run.smithi151.stdout:/usr/bin/ceph: stderr
2023-09-13T04:44:03.412+0000 7f911e7a3700 1 -- 172.21.15.151:0/4240228864 shutdown_connections
2023-09-13T04:44:03.962 INFO:teuthology.orchestra.run.smithi151.stdout:/usr/bin/ceph: stderr
2023-09-13T04:44:03.412+0000 7f911e7a3700 1 -- 172.21.15.151:0/4240228864 wait complete.
2023-09-13T04:44:03.962 INFO:teuthology.orchestra.run.smithi151.stdout:/usr/bin/ceph: stderr
2023-09-13T04:44:03.413+0000 7f911e7a3700 1 Processor -- start
2023-09-13T04:44:03.962 INFO:teuthology.orchestra.run.smithi151.stdout:/usr/bin/ceph: stderr
2023-09-13T04:44:03.413+0000 7f911e7a3700 1 -- start start
2023-09-13T04:44:03.962 INFO:teuthology.orchestra.run.smithi151.stdout:/usr/bin/ceph: stderr
2023-09-13T04:44:03.414+0000 7f911e7a3700 1 --2- >> [v2:172.21.15.151:3300/0,v1:172.21.15.151:6789/0] conn(0x7f91181022b0 0x7f9118111070 unknown :-1 s=NONE pgs=0 cs=0 l=1 rev1=0 crypto rx=0 tx=0 comp rx=0 tx=0).connect
2023-09-13T04:44:03.962 INFO:teuthology.orchestra.run.smithi151.stdout:/usr/bin/ceph: stderr
2023-09-13T04:44:03.414+0000 7f911e7a3700 1 -- --> [v2:172.21.15.151:3300/0,v1:172.21.15.151:6789/0] -- mon_getmap magic: 0 v1 -- 0x7f91181115b0 con 0x7f91181022b0
2023-09-13T04:44:03.963 INFO:teuthology.orchestra.run.smithi151.stdout:/usr/bin/ceph: stderr
2023-09-13T04:44:03.414+0000 7f9117fff700 1 --2- >> [v2:172.21.15.151:3300/0,v1:172.21.15.151:6789/0] conn(0x7f91181022b0 0x7f9118111070 unknown :-1 s=BANNER_CONNECTING pgs=0 cs=0 l=1 rev1=0 crypto rx=0 tx=0 comp rx=0 tx=0)._handle_peer_banner_payload supported=3 required=0
2023-09-13T04:44:03.963 INFO:teuthology.orchestra.run.smithi151.stdout:/usr/bin/ceph: stderr
2023-09-13T04:44:03.414+0000 7f9117fff700 1 --2- >> [v2:172.21.15.151:3300/0,v1:172.21.15.151:6789/0] conn(0x7f91181022b0 0x7f9118111070 unknown :-1 s=HELLO_CONNECTING pgs=0 cs=0 l=1 rev1=1 crypto rx=0 tx=0 comp rx=0 tx=0).handle_hello peer v2:172.21.15.151:3300/0 says I am v2:172.21.15.151:58984/0 (socket says 172.21.15.151:58984)
2023-09-13T04:44:03.963 INFO:teuthology.orchestra.run.smithi151.stdout:/usr/bin/ceph: stderr
2023-09-13T04:44:03.414+0000 7f9117fff700 1 -- 172.21.15.151:0/4120070112 learned_addr learned my addr 172.21.15.151:0/4120070112 (peer_addr_for_me v2:172.21.15.151:0/0)
2023-09-13T04:44:03.963 INFO:teuthology.orchestra.run.smithi151.stdout:/usr/bin/ceph: stderr
2023-09-13T04:44:03.414+0000 7f9117fff700 1 -- 172.21.15.151:0/4120070112 --> [v2:172.21.15.151:3300/0,v1:172.21.15.151:6789/0] -- mon_subscribe({config=0+,monmap=0+}) v3 -- 0x7f91080094f0 con 0x7f91181022b0
2023-09-13T04:44:03.963 INFO:teuthology.orchestra.run.smithi151.stdout:/usr/bin/ceph: stderr
2023-09-13T04:44:03.414+0000 7f9117fff700 1 --2- 172.21.15.151:0/4120070112 >> [v2:172.21.15.151:3300/0,v1:172.21.15.151:6789/0] conn(0x7f91181022b0 0x7f9118111070 secure :-1 s=READY pgs=40 cs=0 l=1 rev1=1 crypto rx=0x7f9108000c00 tx=0x7f9108009250 comp rx=0 tx=0).ready entity=mon.0 client_cookie=0 server_cookie=0 in_seq=0 out_seq=0
2023-09-13T04:44:03.964 INFO:teuthology.orchestra.run.smithi151.stdout:/usr/bin/ceph: stderr
2023-09-13T04:44:03.415+0000 7f9114ff9700 1 -- 172.21.15.151:0/4120070112 <== mon.0 v2:172.21.15.151:3300/0 1 ==== mon_map magic: 0 v1 ==== 229+0+0 (secure 0 0 0) 0x7f9108010a80 con 0x7f91181022b0
2023-09-13T04:44:03.964 INFO:teuthology.orchestra.run.smithi151.stdout:/usr/bin/ceph: stderr
2023-09-13T04:44:03.415+0000 7f9114ff9700 1 -- 172.21.15.151:0/4120070112 <== mon.0 v2:172.21.15.151:3300/0 2 ==== config(26 keys) v1 ==== 1009+0+0 (secure 0 0 0) 0x7f910801a430 con 0x7f91181022b0
2023-09-13T04:44:03.964 INFO:teuthology.orchestra.run.smithi151.stdout:/usr/bin/ceph: stderr
2023-09-13T04:44:03.415+0000 7f9114ff9700 1 -- 172.21.15.151:0/4120070112 <== mon.0 v2:172.21.15.151:3300/0 3 ==== mon_map magic: 0 v1 ==== 229+0+0 (secure 0 0 0) 0x7f91080245b0 con 0x7f91181022b0
2023-09-13T04:44:03.964 INFO:teuthology.orchestra.run.smithi151.stdout:/usr/bin/ceph: stderr
2023-09-13T04:44:03.415+0000 7f911e7a3700 1 -- 172.21.15.151:0/4120070112 --> [v2:172.21.15.151:3300/0,v1:172.21.15.151:6789/0] -- mon_subscribe({mgrmap=0+}) v3 -- 0x7f91181117b0 con 0x7f91181022b0
2023-09-13T04:44:03.964 INFO:teuthology.orchestra.run.smithi151.stdout:/usr/bin/ceph: stderr
2023-09-13T04:44:03.415+0000 7f911e7a3700 1 -- 172.21.15.151:0/4120070112 --> [v2:172.21.15.151:3300/0,v1:172.21.15.151:6789/0] -- mon_subscribe({osdmap=0}) v3 -- 0x7f9118111bc0 con 0x7f91181022b0
2023-09-13T04:44:03.965 INFO:teuthology.orchestra.run.smithi151.stdout:/usr/bin/ceph: stderr
2023-09-13T04:44:03.416+0000 7f9114ff9700 1 -- 172.21.15.151:0/4120070112 <== mon.0 v2:172.21.15.151:3300/0 4 ==== mgrmap(e 7) v1 ==== 43128+0+0 (secure 0 0 0) 0x7f9108010be0 con 0x7f91181022b0
2023-09-13T04:44:03.965 INFO:teuthology.orchestra.run.smithi151.stdout:/usr/bin/ceph: stderr
2023-09-13T04:44:03.416+0000 7f911e7a3700 1 -- 172.21.15.151:0/4120070112 --> [v2:172.21.15.151:3300/0,v1:172.21.15.151:6789/0] -- mon_command({"prefix": "get_command_descriptions"} v 0) v1 -- 0x7f911804bb40 con 0x7f91181022b0
2023-09-13T04:44:03.965 INFO:teuthology.orchestra.run.smithi151.stdout:/usr/bin/ceph: stderr
2023-09-13T04:44:03.416+0000 7f9114ff9700 1 --2- 172.21.15.151:0/4120070112 >> [v2:172.21.15.151:6800/471388347,v1:172.21.15.151:6801/471388347] conn(0x7f9100036470 0x7f9100038920 unknown :-1 s=NONE pgs=0 cs=0 l=1 rev1=0 crypto rx=0 tx=0 comp rx=0 tx=0).connect
2023-09-13T04:44:03.965 INFO:teuthology.orchestra.run.smithi151.stdout:/usr/bin/ceph: stderr
2023-09-13T04:44:03.416+0000 7f9114ff9700 1 -- 172.21.15.151:0/4120070112 <== mon.0 v2:172.21.15.151:3300/0 5 ==== osd_map(2..2 src has 1..2) v4 ==== 936+0+0 (secure 0 0 0) 0x7f910804a4b0 con 0x7f91181022b0
2023-09-13T04:44:03.965 INFO:teuthology.orchestra.run.smithi151.stdout:/usr/bin/ceph: stderr
2023-09-13T04:44:03.417+0000 7f91177fe700 1 --2- 172.21.15.151:0/4120070112 >> [v2:172.21.15.151:6800/471388347,v1:172.21.15.151:6801/471388347] conn(0x7f9100036470 0x7f9100038920 unknown :-1 s=BANNER_CONNECTING pgs=0 cs=0 l=1 rev1=0 crypto rx=0 tx=0 comp rx=0 tx=0)._handle_peer_banner_payload supported=3 required=0
2023-09-13T04:44:03.966 INFO:teuthology.orchestra.run.smithi151.stdout:/usr/bin/ceph: stderr
2023-09-13T04:44:03.417+0000 7f91177fe700 1 --2- 172.21.15.151:0/4120070112 >> [v2:172.21.15.151:6800/471388347,v1:172.21.15.151:6801/471388347] conn(0x7f9100036470 0x7f9100038920 secure :-1 s=READY pgs=8 cs=0 l=1 rev1=1 crypto rx=0x7f910c009990 tx=0x7f910c006e40 comp rx=0 tx=0).ready entity=mgr.14120 client_cookie=0 server_cookie=0 in_seq=0 out_seq=0
2023-09-13T04:44:03.966 INFO:teuthology.orchestra.run.smithi151.stdout:/usr/bin/ceph: stderr
2023-09-13T04:44:03.421+0000 7f9114ff9700 1 -- 172.21.15.151:0/4120070112 <== mon.0 v2:172.21.15.151:3300/0 6 ==== mon_command_ack([{"prefix": "get_command_descriptions"}]=0 v0) v1 ==== 72+0+174521 (secure 0 0 0) 0x7f910802c340 con 0x7f91181022b0
2023-09-13T04:44:03.966 INFO:teuthology.orchestra.run.smithi151.stdout:/usr/bin/ceph: stderr
2023-09-13T04:44:03.614+0000 7f911e7a3700 1 -- 172.21.15.151:0/4120070112 --> [v2:172.21.15.151:6800/471388347,v1:172.21.15.151:6801/471388347] -- mgr_command(tid 0: {"prefix": "cephadm set-user", "user": "root", "target": ["mon-mgr", ""]}) v1 -- 0x7f91180ffd20 con 0x7f9100036470
2023-09-13T04:44:03.966 INFO:teuthology.orchestra.run.smithi151.stdout:/usr/bin/ceph: stderr
2023-09-13T04:44:03.615+0000 7f9114ff9700 1 -- 172.21.15.151:0/4120070112 <== mgr.14120 v2:172.21.15.151:6800/471388347 1 ==== mgr_command_reply(tid 0: 0 ) v1 ==== 8+0+16 (secure 0 0 0) 0x7f91180ffd20 con 0x7f9100036470
2023-09-13T04:44:03.966 INFO:teuthology.orchestra.run.smithi151.stdout:/usr/bin/ceph: stderr
2023-09-13T04:44:03.617+0000 7f911e7a3700 1 -- 172.21.15.151:0/4120070112 >> [v2:172.21.15.151:6800/471388347,v1:172.21.15.151:6801/471388347] conn(0x7f9100036470 msgr2=0x7f9100038920 secure :-1 s=STATE_CONNECTION_ESTABLISHED l=1).mark_down
2023-09-13T04:44:03.967 INFO:teuthology.orchestra.run.smithi151.stdout:/usr/bin/ceph: stderr
2023-09-13T04:44:03.617+0000 7f911e7a3700 1 --2- 172.21.15.151:0/4120070112 >> [v2:172.21.15.151:6800/471388347,v1:172.21.15.151:6801/471388347] conn(0x7f9100036470 0x7f9100038920 secure :-1 s=READY pgs=8 cs=0 l=1 rev1=1 crypto rx=0x7f910c009990 tx=0x7f910c006e40 comp rx=0 tx=0).stop
2023-09-13T04:44:03.967 INFO:teuthology.orchestra.run.smithi151.stdout:/usr/bin/ceph: stderr
2023-09-13T04:44:03.617+0000 7f911e7a3700 1 -- 172.21.15.151:0/4120070112 >> [v2:172.21.15.151:3300/0,v1:172.21.15.151:6789/0] conn(0x7f91181022b0 msgr2=0x7f9118111070 secure :-1 s=STATE_CONNECTION_ESTABLISHED l=1).mark_down
2023-09-13T04:44:03.967 INFO:teuthology.orchestra.run.smithi151.stdout:/usr/bin/ceph: stderr
2023-09-13T04:44:03.617+0000 7f911e7a3700 1 --2- 172.21.15.151:0/4120070112 >> [v2:172.21.15.151:3300/0,v1:172.21.15.151:6789/0] conn(0x7f91181022b0 0x7f9118111070 secure :-1 s=READY pgs=40 cs=0 l=1 rev1=1 crypto rx=0x7f9108000c00 tx=0x7f9108009250 comp rx=0 tx=0).stop
2023-09-13T04:44:03.967 INFO:teuthology.orchestra.run.smithi151.stdout:/usr/bin/ceph: stderr
2023-09-13T04:44:03.617+0000 7f911e7a3700 1 -- 172.21.15.151:0/4120070112 shutdown_connections
2023-09-13T04:44:03.967 INFO:teuthology.orchestra.run.smithi151.stdout:/usr/bin/ceph: stderr
2023-09-13T04:44:03.617+0000 7f911e7a3700 1 --2- 172.21.15.151:0/4120070112 >> [v2:172.21.15.151:6800/471388347,v1:172.21.15.151:6801/471388347] conn(0x7f9100036470 0x7f9100038920 unknown :-1 s=CLOSED pgs=8 cs=0 l=1 rev1=1 crypto rx=0 tx=0 comp rx=0 tx=0).stop
2023-09-13T04:44:03.968 INFO:teuthology.orchestra.run.smithi151.stdout:/usr/bin/ceph: stderr
2023-09-13T04:44:03.617+0000 7f911e7a3700 1 --2- 172.21.15.151:0/4120070112 >> [v2:172.21.15.151:3300/0,v1:172.21.15.151:6789/0] conn(0x7f91181022b0 0x7f9118111070 unknown :-1 s=CLOSED pgs=40 cs=0 l=1 rev1=1 crypto rx=0 tx=0 comp rx=0 tx=0).stop
2023-09-13T04:44:03.968 INFO:teuthology.orchestra.run.smithi151.stdout:/usr/bin/ceph: stderr
2023-09-13T04:44:03.617+0000 7f911e7a3700 1 -- 172.21.15.151:0/4120070112 >> 172.21.15.151:0/4120070112 conn(0x7f91180fda10 msgr2=0x7f91180ff100 unknown :-1 s=STATE_NONE l=0).mark_down
2023-09-13T04:44:03.968 INFO:teuthology.orchestra.run.smithi151.stdout:/usr/bin/ceph: stderr
2023-09-13T04:44:03.617+0000 7f911e7a3700 1 -- 172.21.15.151:0/4120070112 shutdown_connections
2023-09-13T04:44:03.968 INFO:teuthology.orchestra.run.smithi151.stdout:/usr/bin/ceph: stderr
2023-09-13T04:44:03.617+0000 7f911e7a3700 1 -- 172.21.15.151:0/4120070112 wait complete.
2023-09-13T04:44:03.968 INFO:teuthology.orchestra.run.smithi151.stdout:Generating ssh key...
2023-09-13T04:44:04.873 INFO:journalctl@ceph.mon.smithi151.smithi151.stdout:Sep 13 04:44:04 smithi151 ceph-mon[106877]: from='client.14132 -' entity='client.admin' cmd=[{"prefix": "orch set backend", "module_name": "cephadm", "target": ["mon-mgr", ""]}]: dispatch
2023-09-13T04:44:04.873 INFO:journalctl@ceph.mon.smithi151.smithi151.stdout:Sep 13 04:44:04 smithi151 ceph-mon[106877]: mgrmap e8: smithi151.uhldvg(active, since 2s)
2023-09-13T04:44:05.032 INFO:teuthology.orchestra.run.smithi151.stdout:/usr/bin/ceph: stderr
2023-09-13T04:44:04.332+0000 7fd43b1a4700 1 Processor -- start
2023-09-13T04:44:05.033 INFO:teuthology.orchestra.run.smithi151.stdout:/usr/bin/ceph: stderr
2023-09-13T04:44:04.332+0000 7fd43b1a4700 1 -- start start
2023-09-13T04:44:05.033 INFO:teuthology.orchestra.run.smithi151.stdout:/usr/bin/ceph: stderr
2023-09-13T04:44:04.332+0000 7fd43b1a4700 1 --2- >> [v2:172.21.15.151:3300/0,v1:172.21.15.151:6789/0] conn(0x7fd434077c20 0x7fd434076130 unknown :-1 s=NONE pgs=0 cs=0 l=0 rev1=0 crypto rx=0 tx=0 comp rx=0 tx=0).connect
2023-09-13T04:44:05.033 INFO:teuthology.orchestra.run.smithi151.stdout:/usr/bin/ceph: stderr
2023-09-13T04:44:04.332+0000 7fd43b1a4700 1 -- --> [v2:172.21.15.151:3300/0,v1:172.21.15.151:6789/0] -- mon_getmap magic: 0 v1 -- 0x7fd434078030 con 0x7fd434077c20
2023-09-13T04:44:05.033 INFO:teuthology.orchestra.run.smithi151.stdout:/usr/bin/ceph: stderr
2023-09-13T04:44:04.333+0000 7fd438f40700 1 --2- >> [v2:172.21.15.151:3300/0,v1:172.21.15.151:6789/0] conn(0x7fd434077c20 0x7fd434076130 unknown :-1 s=BANNER_CONNECTING pgs=0 cs=0 l=0 rev1=0 crypto rx=0 tx=0 comp rx=0 tx=0)._handle_peer_banner_payload supported=3 required=0
2023-09-13T04:44:05.034 INFO:teuthology.orchestra.run.smithi151.stdout:/usr/bin/ceph: stderr
2023-09-13T04:44:04.333+0000 7fd438f40700 1 --2- >> [v2:172.21.15.151:3300/0,v1:172.21.15.151:6789/0] conn(0x7fd434077c20 0x7fd434076130 unknown :-1 s=HELLO_CONNECTING pgs=0 cs=0 l=0 rev1=1 crypto rx=0 tx=0 comp rx=0 tx=0).handle_hello peer v2:172.21.15.151:3300/0 says I am v2:172.21.15.151:58986/0 (socket says 172.21.15.151:58986)
2023-09-13T04:44:05.034 INFO:teuthology.orchestra.run.smithi151.stdout:/usr/bin/ceph: stderr
2023-09-13T04:44:04.333+0000 7fd438f40700 1 -- 172.21.15.151:0/555927359 learned_addr learned my addr 172.21.15.151:0/555927359 (peer_addr_for_me v2:172.21.15.151:0/0)
2023-09-13T04:44:05.034 INFO:teuthology.orchestra.run.smithi151.stdout:/usr/bin/ceph: stderr
2023-09-13T04:44:04.333+0000 7fd438f40700 1 -- 172.21.15.151:0/555927359 --> [v2:172.21.15.151:3300/0,v1:172.21.15.151:6789/0] -- mon_subscribe({config=0+,monmap=0+}) v3 -- 0x7fd434076670 con 0x7fd434077c20
2023-09-13T04:44:05.034 INFO:teuthology.orchestra.run.smithi151.stdout:/usr/bin/ceph: stderr
2023-09-13T04:44:04.333+0000 7fd438f40700 1 --2- 172.21.15.151:0/555927359 >> [v2:172.21.15.151:3300/0,v1:172.21.15.151:6789/0] conn(0x7fd434077c20 0x7fd434076130 secure :-1 s=READY pgs=41 cs=0 l=1 rev1=1 crypto rx=0x7fd4280098e0 tx=0x7fd428009250 comp rx=0 tx=0).ready entity=mon.0 client_cookie=c35f15042140780c server_cookie=0 in_seq=0 out_seq=0
2023-09-13T04:44:05.034 INFO:teuthology.orchestra.run.smithi151.stdout:/usr/bin/ceph: stderr
2023-09-13T04:44:04.333+0000 7fd4337fe700 1 -- 172.21.15.151:0/555927359 <== mon.0 v2:172.21.15.151:3300/0 1 ==== mon_map magic: 0 v1 ==== 229+0+0 (secure 0 0 0) 0x7fd42800b860 con 0x7fd434077c20
2023-09-13T04:44:05.035 INFO:teuthology.orchestra.run.smithi151.stdout:/usr/bin/ceph: stderr
2023-09-13T04:44:04.334+0000 7fd4337fe700 1 -- 172.21.15.151:0/555927359 <== mon.0 v2:172.21.15.151:3300/0 2 ==== config(26 keys) v1 ==== 1009+0+0 (secure 0 0 0) 0x7fd42800be30 con 0x7fd434077c20
2023-09-13T04:44:05.035 INFO:teuthology.orchestra.run.smithi151.stdout:/usr/bin/ceph: stderr
2023-09-13T04:44:04.334+0000 7fd4337fe700 1 -- 172.21.15.151:0/555927359 <== mon.0 v2:172.21.15.151:3300/0 3 ==== mon_map magic: 0 v1 ==== 229+0+0 (secure 0 0 0) 0x7fd428010380 con 0x7fd434077c20
2023-09-13T04:44:05.035 INFO:teuthology.orchestra.run.smithi151.stdout:/usr/bin/ceph: stderr
2023-09-13T04:44:04.334+0000 7fd43b1a4700 1 -- 172.21.15.151:0/555927359 >> [v2:172.21.15.151:3300/0,v1:172.21.15.151:6789/0] conn(0x7fd434077c20 msgr2=0x7fd434076130 secure :-1 s=STATE_CONNECTION_ESTABLISHED l=1).mark_down
2023-09-13T04:44:05.035 INFO:teuthology.orchestra.run.smithi151.stdout:/usr/bin/ceph: stderr
2023-09-13T04:44:04.334+0000 7fd43b1a4700 1 --2- 172.21.15.151:0/555927359 >> [v2:172.21.15.151:3300/0,v1:172.21.15.151:6789/0] conn(0x7fd434077c20 0x7fd434076130 secure :-1 s=READY pgs=41 cs=0 l=1 rev1=1 crypto rx=0x7fd4280098e0 tx=0x7fd428009250 comp rx=0 tx=0).stop
2023-09-13T04:44:05.035 INFO:teuthology.orchestra.run.smithi151.stdout:/usr/bin/ceph: stderr
2023-09-13T04:44:04.334+0000 7fd43b1a4700 1 -- 172.21.15.151:0/555927359 shutdown_connections
2023-09-13T04:44:05.036 INFO:teuthology.orchestra.run.smithi151.stdout:/usr/bin/ceph: stderr
2023-09-13T04:44:04.334+0000 7fd43b1a4700 1 --2- 172.21.15.151:0/555927359 >> [v2:172.21.15.151:3300/0,v1:172.21.15.151:6789/0] conn(0x7fd434077c20 0x7fd434076130 unknown :-1 s=CLOSED pgs=41 cs=0 l=1 rev1=1 crypto rx=0 tx=0 comp rx=0 tx=0).stop
2023-09-13T04:44:05.036 INFO:teuthology.orchestra.run.smithi151.stdout:/usr/bin/ceph: stderr
2023-09-13T04:44:04.334+0000 7fd43b1a4700 1 -- 172.21.15.151:0/555927359 >> 172.21.15.151:0/555927359 conn(0x7fd4340fda10 msgr2=0x7fd4340ffe40 unknown :-1 s=STATE_NONE l=0).mark_down
2023-09-13T04:44:05.036 INFO:teuthology.orchestra.run.smithi151.stdout:/usr/bin/ceph: stderr
2023-09-13T04:44:04.334+0000 7fd43b1a4700 1 -- 172.21.15.151:0/555927359 shutdown_connections
2023-09-13T04:44:05.036 INFO:teuthology.orchestra.run.smithi151.stdout:/usr/bin/ceph: stderr
2023-09-13T04:44:04.334+0000 7fd43b1a4700 1 -- 172.21.15.151:0/555927359 wait complete.
2023-09-13T04:44:05.036 INFO:teuthology.orchestra.run.smithi151.stdout:/usr/bin/ceph: stderr
2023-09-13T04:44:04.335+0000 7fd43b1a4700 1 Processor -- start
2023-09-13T04:44:05.037 INFO:teuthology.orchestra.run.smithi151.stdout:/usr/bin/ceph: stderr
2023-09-13T04:44:04.335+0000 7fd43b1a4700 1 -- start start
2023-09-13T04:44:05.037 INFO:teuthology.orchestra.run.smithi151.stdout:/usr/bin/ceph: stderr
2023-09-13T04:44:04.335+0000 7fd43b1a4700 1 --2- >> [v2:172.21.15.151:3300/0,v1:172.21.15.151:6789/0] conn(0x7fd434077c20 0x7fd4341132e0 unknown :-1 s=NONE pgs=0 cs=0 l=1 rev1=0 crypto rx=0 tx=0 comp rx=0 tx=0).connect
2023-09-13T04:44:05.037 INFO:teuthology.orchestra.run.smithi151.stdout:/usr/bin/ceph: stderr
2023-09-13T04:44:04.335+0000 7fd43b1a4700 1 -- --> [v2:172.21.15.151:3300/0,v1:172.21.15.151:6789/0] -- mon_getmap magic: 0 v1 -- 0x7fd434113820 con 0x7fd434077c20
2023-09-13T04:44:05.037 INFO:teuthology.orchestra.run.smithi151.stdout:/usr/bin/ceph: stderr
2023-09-13T04:44:04.336+0000 7fd438f40700 1 --2- >> [v2:172.21.15.151:3300/0,v1:172.21.15.151:6789/0] conn(0x7fd434077c20 0x7fd4341132e0 unknown :-1 s=BANNER_CONNECTING pgs=0 cs=0 l=1 rev1=0 crypto rx=0 tx=0 comp rx=0 tx=0)._handle_peer_banner_payload supported=3 required=0
2023-09-13T04:44:05.037 INFO:teuthology.orchestra.run.smithi151.stdout:/usr/bin/ceph: stderr
2023-09-13T04:44:04.336+0000 7fd438f40700 1 --2- >> [v2:172.21.15.151:3300/0,v1:172.21.15.151:6789/0] conn(0x7fd434077c20 0x7fd4341132e0 unknown :-1 s=HELLO_CONNECTING pgs=0 cs=0 l=1 rev1=1 crypto rx=0 tx=0 comp rx=0 tx=0).handle_hello peer v2:172.21.15.151:3300/0 says I am v2:172.21.15.151:58994/0 (socket says 172.21.15.151:58994)
2023-09-13T04:44:05.037 INFO:teuthology.orchestra.run.smithi151.stdout:/usr/bin/ceph: stderr
2023-09-13T04:44:04.336+0000 7fd438f40700 1 -- 172.21.15.151:0/888587955 learned_addr learned my addr 172.21.15.151:0/888587955 (peer_addr_for_me v2:172.21.15.151:0/0)
2023-09-13T04:44:05.038 INFO:teuthology.orchestra.run.smithi151.stdout:/usr/bin/ceph: stderr
2023-09-13T04:44:04.336+0000 7fd438f40700 1 -- 172.21.15.151:0/888587955 --> [v2:172.21.15.151:3300/0,v1:172.21.15.151:6789/0] -- mon_subscribe({config=0+,monmap=0+}) v3 -- 0x7fd4280094f0 con 0x7fd434077c20
2023-09-13T04:44:05.038 INFO:teuthology.orchestra.run.smithi151.stdout:/usr/bin/ceph: stderr
2023-09-13T04:44:04.336+0000 7fd438f40700 1 --2- 172.21.15.151:0/888587955 >> [v2:172.21.15.151:3300/0,v1:172.21.15.151:6789/0] conn(0x7fd434077c20 0x7fd4341132e0 secure :-1 s=READY pgs=42 cs=0 l=1 rev1=1 crypto rx=0x7fd428006d40 tx=0x7fd428009250 comp rx=0 tx=0).ready entity=mon.0 client_cookie=0 server_cookie=0 in_seq=0 out_seq=0
2023-09-13T04:44:05.038 INFO:teuthology.orchestra.run.smithi151.stdout:/usr/bin/ceph: stderr
2023-09-13T04:44:04.336+0000 7fd4317fa700 1 -- 172.21.15.151:0/888587955 <== mon.0 v2:172.21.15.151:3300/0 1 ==== mon_map magic: 0 v1 ==== 229+0+0 (secure 0 0 0) 0x7fd4280107a0 con 0x7fd434077c20
2023-09-13T04:44:05.038 INFO:teuthology.orchestra.run.smithi151.stdout:/usr/bin/ceph: stderr
2023-09-13T04:44:04.337+0000 7fd4317fa700 1 -- 172.21.15.151:0/888587955 <== mon.0 v2:172.21.15.151:3300/0 2 ==== config(26 keys) v1 ==== 1009+0+0 (secure 0 0 0) 0x7fd428010d70 con 0x7fd434077c20
2023-09-13T04:44:05.038 INFO:teuthology.orchestra.run.smithi151.stdout:/usr/bin/ceph: stderr
2023-09-13T04:44:04.337+0000 7fd4317fa700 1 -- 172.21.15.151:0/888587955 <== mon.0 v2:172.21.15.151:3300/0 3 ==== mon_map magic: 0 v1 ==== 229+0+0 (secure 0 0 0) 0x7fd42801ad60 con 0x7fd434077c20
2023-09-13T04:44:05.039 INFO:teuthology.orchestra.run.smithi151.stdout:/usr/bin/ceph: stderr
2023-09-13T04:44:04.337+0000 7fd43b1a4700 1 -- 172.21.15.151:0/888587955 --> [v2:172.21.15.151:3300/0,v1:172.21.15.151:6789/0] -- mon_subscribe({mgrmap=0+}) v3 -- 0x7fd434113a20 con 0x7fd434077c20
2023-09-13T04:44:05.039 INFO:teuthology.orchestra.run.smithi151.stdout:/usr/bin/ceph: stderr
2023-09-13T04:44:04.337+0000 7fd43b1a4700 1 -- 172.21.15.151:0/888587955 --> [v2:172.21.15.151:3300/0,v1:172.21.15.151:6789/0] -- mon_subscribe({osdmap=0}) v3 -- 0x7fd434113e30 con 0x7fd434077c20
2023-09-13T04:44:05.039 INFO:teuthology.orchestra.run.smithi151.stdout:/usr/bin/ceph: stderr
2023-09-13T04:44:04.338+0000 7fd4317fa700 1 -- 172.21.15.151:0/888587955 <== mon.0 v2:172.21.15.151:3300/0 4 ==== mgrmap(e 8) v1 ==== 43234+0+0 (secure 0 0 0) 0x7fd428010900 con 0x7fd434077c20
2023-09-13T04:44:05.039 INFO:teuthology.orchestra.run.smithi151.stdout:/usr/bin/ceph: stderr
2023-09-13T04:44:04.338+0000 7fd41effd700 1 -- 172.21.15.151:0/888587955 --> [v2:172.21.15.151:3300/0,v1:172.21.15.151:6789/0] -- mon_command({"prefix": "get_command_descriptions"} v 0) v1 -- 0x7fd43404bb40 con 0x7fd434077c20
2023-09-13T04:44:05.039 INFO:teuthology.orchestra.run.smithi151.stdout:/usr/bin/ceph: stderr
2023-09-13T04:44:04.338+0000 7fd4317fa700 1 --2- 172.21.15.151:0/888587955 >> [v2:172.21.15.151:6800/471388347,v1:172.21.15.151:6801/471388347] conn(0x7fd4240365f0 0x7fd424038aa0 unknown :-1 s=NONE pgs=0 cs=0 l=1 rev1=0 crypto rx=0 tx=0 comp rx=0 tx=0).connect
2023-09-13T04:44:05.040 INFO:teuthology.orchestra.run.smithi151.stdout:/usr/bin/ceph: stderr
2023-09-13T04:44:04.338+0000 7fd4317fa700 1 -- 172.21.15.151:0/888587955 <== mon.0 v2:172.21.15.151:3300/0 5 ==== osd_map(2..2 src has 1..2) v4 ==== 936+0+0 (secure 0 0 0) 0x7fd42801e070 con 0x7fd434077c20
2023-09-13T04:44:05.040 INFO:teuthology.orchestra.run.smithi151.stdout:/usr/bin/ceph: stderr
2023-09-13T04:44:04.338+0000 7fd433fff700 1 --2- 172.21.15.151:0/888587955 >> [v2:172.21.15.151:6800/471388347,v1:172.21.15.151:6801/471388347] conn(0x7fd4240365f0 0x7fd424038aa0 unknown :-1 s=BANNER_CONNECTING pgs=0 cs=0 l=1 rev1=0 crypto rx=0 tx=0 comp rx=0 tx=0)._handle_peer_banner_payload supported=3 required=0
2023-09-13T04:44:05.040 INFO:teuthology.orchestra.run.smithi151.stdout:/usr/bin/ceph: stderr
2023-09-13T04:44:04.339+0000 7fd433fff700 1 --2- 172.21.15.151:0/888587955 >> [v2:172.21.15.151:6800/471388347,v1:172.21.15.151:6801/471388347] conn(0x7fd4240365f0 0x7fd424038aa0 secure :-1 s=READY pgs=9 cs=0 l=1 rev1=1 crypto rx=0x7fd420009990 tx=0x7fd420006e40 comp rx=0 tx=0).ready entity=mgr.14120 client_cookie=0 server_cookie=0 in_seq=0 out_seq=0
2023-09-13T04:44:05.040 INFO:teuthology.orchestra.run.smithi151.stdout:/usr/bin/ceph: stderr
2023-09-13T04:44:04.343+0000 7fd4317fa700 1 -- 172.21.15.151:0/888587955 <== mon.0 v2:172.21.15.151:3300/0 6 ==== mon_command_ack([{"prefix": "get_command_descriptions"}]=0 v0) v1 ==== 72+0+174521 (secure 0 0 0) 0x7fd428020960 con 0x7fd434077c20
2023-09-13T04:44:05.040 INFO:teuthology.orchestra.run.smithi151.stdout:/usr/bin/ceph: stderr
2023-09-13T04:44:04.539+0000 7fd41effd700 1 -- 172.21.15.151:0/888587955 --> [v2:172.21.15.151:6800/471388347,v1:172.21.15.151:6801/471388347] -- mgr_command(tid 0: {"prefix": "cephadm generate-key", "target": ["mon-mgr", ""]}) v1 -- 0x7fd434108530 con 0x7fd4240365f0
2023-09-13T04:44:05.041 INFO:teuthology.orchestra.run.smithi151.stdout:/usr/bin/ceph: stderr
2023-09-13T04:44:04.676+0000 7fd4317fa700 1 -- 172.21.15.151:0/888587955 <== mgr.14120 v2:172.21.15.151:6800/471388347 1 ==== mgr_command_reply(tid 0: 0 ) v1 ==== 8+0+0 (secure 0 0 0) 0x7fd434108530 con 0x7fd4240365f0
2023-09-13T04:44:05.041 INFO:teuthology.orchestra.run.smithi151.stdout:/usr/bin/ceph: stderr
2023-09-13T04:44:04.678+0000 7fd41effd700 1 -- 172.21.15.151:0/888587955 >> [v2:172.21.15.151:6800/471388347,v1:172.21.15.151:6801/471388347] conn(0x7fd4240365f0 msgr2=0x7fd424038aa0 secure :-1 s=STATE_CONNECTION_ESTABLISHED l=1).mark_down
2023-09-13T04:44:05.041 INFO:teuthology.orchestra.run.smithi151.stdout:/usr/bin/ceph: stderr
2023-09-13T04:44:04.678+0000 7fd41effd700 1 --2- 172.21.15.151:0/888587955 >> [v2:172.21.15.151:6800/471388347,v1:172.21.15.151:6801/471388347] conn(0x7fd4240365f0 0x7fd424038aa0 secure :-1 s=READY pgs=9 cs=0 l=1 rev1=1 crypto rx=0x7fd420009990 tx=0x7fd420006e40 comp rx=0 tx=0).stop
2023-09-13T04:44:05.041 INFO:teuthology.orchestra.run.smithi151.stdout:/usr/bin/ceph: stderr
2023-09-13T04:44:04.678+0000 7fd41effd700 1 -- 172.21.15.151:0/888587955 >> [v2:172.21.15.151:3300/0,v1:172.21.15.151:6789/0] conn(0x7fd434077c20 msgr2=0x7fd4341132e0 secure :-1 s=STATE_CONNECTION_ESTABLISHED l=1).mark_down
2023-09-13T04:44:05.041 INFO:teuthology.orchestra.run.smithi151.stdout:/usr/bin/ceph: stderr
2023-09-13T04:44:04.678+0000 7fd41effd700 1 --2- 172.21.15.151:0/888587955 >> [v2:172.21.15.151:3300/0,v1:172.21.15.151:6789/0] conn(0x7fd434077c20 0x7fd4341132e0 secure :-1 s=READY pgs=42 cs=0 l=1 rev1=1 crypto rx=0x7fd428006d40 tx=0x7fd428009250 comp rx=0 tx=0).stop
2023-09-13T04:44:05.042 INFO:teuthology.orchestra.run.smithi151.stdout:/usr/bin/ceph: stderr
2023-09-13T04:44:04.678+0000 7fd41effd700 1 -- 172.21.15.151:0/888587955 shutdown_connections
2023-09-13T04:44:05.042 INFO:teuthology.orchestra.run.smithi151.stdout:/usr/bin/ceph: stderr
2023-09-13T04:44:04.678+0000 7fd41effd700 1 --2- 172.21.15.151:0/888587955 >> [v2:172.21.15.151:6800/471388347,v1:172.21.15.151:6801/471388347] conn(0x7fd4240365f0 0x7fd424038aa0 unknown :-1 s=CLOSED pgs=9 cs=0 l=1 rev1=1 crypto rx=0 tx=0 comp rx=0 tx=0).stop
2023-09-13T04:44:05.042 INFO:teuthology.orchestra.run.smithi151.stdout:/usr/bin/ceph: stderr
2023-09-13T04:44:04.678+0000 7fd41effd700 1 --2- 172.21.15.151:0/888587955 >> [v2:172.21.15.151:3300/0,v1:172.21.15.151:6789/0] conn(0x7fd434077c20 0x7fd4341132e0 unknown :-1 s=CLOSED pgs=42 cs=0 l=1 rev1=1 crypto rx=0 tx=0 comp rx=0 tx=0).stop
2023-09-13T04:44:05.042 INFO:teuthology.orchestra.run.smithi151.stdout:/usr/bin/ceph: stderr
2023-09-13T04:44:04.678+0000 7fd41effd700 1 -- 172.21.15.151:0/888587955 >> 172.21.15.151:0/888587955 conn(0x7fd4340fda10 msgr2=0x7fd4340ff100 unknown :-1 s=STATE_NONE l=0).mark_down
2023-09-13T04:44:05.042 INFO:teuthology.orchestra.run.smithi151.stdout:/usr/bin/ceph: stderr
2023-09-13T04:44:04.679+0000 7fd41effd700 1 -- 172.21.15.151:0/888587955 shutdown_connections
2023-09-13T04:44:05.043 INFO:teuthology.orchestra.run.smithi151.stdout:/usr/bin/ceph: stderr
2023-09-13T04:44:04.679+0000 7fd41effd700 1 -- 172.21.15.151:0/888587955 wait complete.
2023-09-13T04:44:05.853 INFO:journalctl@ceph.mon.smithi151.smithi151.stdout:Sep 13 04:44:05 smithi151 ceph-mon[106877]: from='client.14134 -' entity='client.admin' cmd=[{"prefix": "cephadm set-user", "user": "root", "target": ["mon-mgr", ""]}]: dispatch
2023-09-13T04:44:05.853 INFO:journalctl@ceph.mon.smithi151.smithi151.stdout:Sep 13 04:44:05 smithi151 ceph-mon[106877]: from='client.14136 -' entity='client.admin' cmd=[{"prefix": "cephadm generate-key", "target": ["mon-mgr", ""]}]: dispatch
2023-09-13T04:44:05.854 INFO:journalctl@ceph.mon.smithi151.smithi151.stdout:Sep 13 04:44:05 smithi151 ceph-mon[106877]: Generating ssh key...
2023-09-13T04:44:05.854 INFO:journalctl@ceph.mon.smithi151.smithi151.stdout:Sep 13 04:44:05 smithi151 ceph-mon[106877]: from='mgr.14120 172.21.15.151:0/1410849484' entity='mgr.smithi151.uhldvg'
2023-09-13T04:44:05.854 INFO:journalctl@ceph.mon.smithi151.smithi151.stdout:Sep 13 04:44:05 smithi151 ceph-mon[106877]: from='mgr.14120 172.21.15.151:0/1410849484' entity='mgr.smithi151.uhldvg'
2023-09-13T04:44:06.011 INFO:teuthology.orchestra.run.smithi151.stdout:/usr/bin/ceph: stdout ssh-rsa AAAAB3NzaC1yc2EAAAADAQABAAABgQDKasWvKhrjGeGsJItRT2iBJ8eZfcef2jlvRirO09p/RLXL7Sm2lgQIxwAQYvxa0nviLJ6U0BN4fLGjbvMoqCUfwVjgEhW4OgUAF5ePauUpBS+zKkDWikvCSX/wsKarLCWTXz6hXLanAUmakmysO5S/nwcJ37WnTmNkQagniPCDeoFoEZpo++Z5QXfJSx/H1ytNZVHOoXrgUgOHm6PWsNVoTz4vmyOjSdoAeG+fPGANnSNGgR/ws9zdBCcDJBSDTs9WNYinMJIbNqaB+ecTOGboIrDBreKwgNznEgM976uMa3XTgRN3qJ74Qtg7vpz1Sj9fPqsnFUYJEHMk0+XGWs+/Bl8f4eKsFqNy6d2LDI3velsGyRoRJgexLEKvxx8WNLAHMv/kuvBMKyhdGVQasJbjM40U/Jvx99ClHiTe8AHrDVoYYQEGJOQevmRwVM5SogspVjeoGo5miGW7rAEvmpLiR2PCUrmoU3AZ4j3s5JMk6xrpzzmXSi6T/NORP/YVvyk= ceph-fc2c9902-51ef-11ee-9ab8-7b867c8bd7da
2023-09-13T04:44:06.011 INFO:teuthology.orchestra.run.smithi151.stdout:/usr/bin/ceph: stderr
2023-09-13T04:44:05.469+0000 7f504d080700 1 Processor -- start
2023-09-13T04:44:06.011 INFO:teuthology.orchestra.run.smithi151.stdout:/usr/bin/ceph: stderr
2023-09-13T04:44:05.469+0000 7f504d080700 1 -- start start
2023-09-13T04:44:06.012 INFO:teuthology.orchestra.run.smithi151.stdout:/usr/bin/ceph: stderr
2023-09-13T04:44:05.470+0000 7f504d080700 1 --2- >> [v2:172.21.15.151:3300/0,v1:172.21.15.151:6789/0] conn(0x7f5048077c00 0x7f5048076110 unknown :-1 s=NONE pgs=0 cs=0 l=0 rev1=0 crypto rx=0 tx=0 comp rx=0 tx=0).connect
2023-09-13T04:44:06.012 INFO:teuthology.orchestra.run.smithi151.stdout:/usr/bin/ceph: stderr
2023-09-13T04:44:05.470+0000 7f504d080700 1 -- --> [v2:172.21.15.151:3300/0,v1:172.21.15.151:6789/0] -- mon_getmap magic: 0 v1 -- 0x7f5048078010 con 0x7f5048077c00
2023-09-13T04:44:06.012 INFO:teuthology.orchestra.run.smithi151.stdout:/usr/bin/ceph: stderr
2023-09-13T04:44:05.470+0000 7f5046d9d700 1 --2- >> [v2:172.21.15.151:3300/0,v1:172.21.15.151:6789/0] conn(0x7f5048077c00 0x7f5048076110 unknown :-1 s=BANNER_CONNECTING pgs=0 cs=0 l=0 rev1=0 crypto rx=0 tx=0 comp rx=0 tx=0)._handle_peer_banner_payload supported=3 required=0
2023-09-13T04:44:06.013 INFO:teuthology.orchestra.run.smithi151.stdout:/usr/bin/ceph: stderr
2023-09-13T04:44:05.470+0000 7f5046d9d700 1 --2- >> [v2:172.21.15.151:3300/0,v1:172.21.15.151:6789/0] conn(0x7f5048077c00 0x7f5048076110 unknown :-1 s=HELLO_CONNECTING pgs=0 cs=0 l=0 rev1=1 crypto rx=0 tx=0 comp rx=0 tx=0).handle_hello peer v2:172.21.15.151:3300/0 says I am v2:172.21.15.151:59006/0 (socket says 172.21.15.151:59006)
2023-09-13T04:44:06.013 INFO:teuthology.orchestra.run.smithi151.stdout:/usr/bin/ceph: stderr
2023-09-13T04:44:05.470+0000 7f5046d9d700 1 -- 172.21.15.151:0/3579098427 learned_addr learned my addr 172.21.15.151:0/3579098427 (peer_addr_for_me v2:172.21.15.151:0/0)
2023-09-13T04:44:06.013 INFO:teuthology.orchestra.run.smithi151.stdout:/usr/bin/ceph: stderr
2023-09-13T04:44:05.470+0000 7f5046d9d700 1 -- 172.21.15.151:0/3579098427 --> [v2:172.21.15.151:3300/0,v1:172.21.15.151:6789/0] -- mon_subscribe({config=0+,monmap=0+}) v3 -- 0x7f5048076650 con 0x7f5048077c00
2023-09-13T04:44:06.013 INFO:teuthology.orchestra.run.smithi151.stdout:/usr/bin/ceph: stderr
2023-09-13T04:44:05.471+0000 7f5046d9d700 1 --2- 172.21.15.151:0/3579098427 >> [v2:172.21.15.151:3300/0,v1:172.21.15.151:6789/0] conn(0x7f5048077c00 0x7f5048076110 secure :-1 s=READY pgs=43 cs=0 l=1 rev1=1 crypto rx=0x7f50380098e0 tx=0x7f5038009250 comp rx=0 tx=0).ready entity=mon.0 client_cookie=c1f61ce781f228dd server_cookie=0 in_seq=0 out_seq=0
2023-09-13T04:44:06.014 INFO:teuthology.orchestra.run.smithi151.stdout:/usr/bin/ceph: stderr
2023-09-13T04:44:05.471+0000 7f5045d9b700 1 -- 172.21.15.151:0/3579098427 <== mon.0 v2:172.21.15.151:3300/0 1 ==== mon_map magic: 0 v1 ==== 229+0+0 (secure 0 0 0) 0x7f503800b860 con 0x7f5048077c00
2023-09-13T04:44:06.014 INFO:teuthology.orchestra.run.smithi151.stdout:/usr/bin/ceph: stderr
2023-09-13T04:44:05.471+0000 7f5045d9b700 1 -- 172.21.15.151:0/3579098427 <== mon.0 v2:172.21.15.151:3300/0 2 ==== config(26 keys) v1 ==== 1009+0+0 (secure 0 0 0) 0x7f503800be30 con 0x7f5048077c00
2023-09-13T04:44:06.014 INFO:teuthology.orchestra.run.smithi151.stdout:/usr/bin/ceph: stderr
2023-09-13T04:44:05.471+0000 7f5045d9b700 1 -- 172.21.15.151:0/3579098427 <== mon.0 v2:172.21.15.151:3300/0 3 ==== mon_map magic: 0 v1 ==== 229+0+0 (secure 0 0 0) 0x7f5038010380 con 0x7f5048077c00
2023-09-13T04:44:06.015 INFO:teuthology.orchestra.run.smithi151.stdout:/usr/bin/ceph: stderr
2023-09-13T04:44:05.472+0000 7f504d080700 1 -- 172.21.15.151:0/3579098427 >> [v2:172.21.15.151:3300/0,v1:172.21.15.151:6789/0] conn(0x7f5048077c00 msgr2=0x7f5048076110 secure :-1 s=STATE_CONNECTION_ESTABLISHED l=1).mark_down
2023-09-13T04:44:06.015 INFO:teuthology.orchestra.run.smithi151.stdout:/usr/bin/ceph: stderr
2023-09-13T04:44:05.472+0000 7f504d080700 1 --2- 172.21.15.151:0/3579098427 >> [v2:172.21.15.151:3300/0,v1:172.21.15.151:6789/0] conn(0x7f5048077c00 0x7f5048076110 secure :-1 s=READY pgs=43 cs=0 l=1 rev1=1 crypto rx=0x7f50380098e0 tx=0x7f5038009250 comp rx=0 tx=0).stop
2023-09-13T04:44:06.015 INFO:teuthology.orchestra.run.smithi151.stdout:/usr/bin/ceph: stderr
2023-09-13T04:44:05.472+0000 7f504d080700 1 -- 172.21.15.151:0/3579098427 shutdown_connections
2023-09-13T04:44:06.015 INFO:teuthology.orchestra.run.smithi151.stdout:/usr/bin/ceph: stderr
2023-09-13T04:44:05.472+0000 7f504d080700 1 --2- 172.21.15.151:0/3579098427 >> [v2:172.21.15.151:3300/0,v1:172.21.15.151:6789/0] conn(0x7f5048077c00 0x7f5048076110 unknown :-1 s=CLOSED pgs=43 cs=0 l=1 rev1=1 crypto rx=0 tx=0 comp rx=0 tx=0).stop
2023-09-13T04:44:06.016 INFO:teuthology.orchestra.run.smithi151.stdout:/usr/bin/ceph: stderr
2023-09-13T04:44:05.472+0000 7f504d080700 1 -- 172.21.15.151:0/3579098427 >> 172.21.15.151:0/3579098427 conn(0x7f50480fda10 msgr2=0x7f50480ffe40 unknown :-1 s=STATE_NONE l=0).mark_down
2023-09-13T04:44:06.016 INFO:teuthology.orchestra.run.smithi151.stdout:/usr/bin/ceph: stderr
2023-09-13T04:44:05.472+0000 7f504d080700 1 -- 172.21.15.151:0/3579098427 shutdown_connections
2023-09-13T04:44:06.016 INFO:teuthology.orchestra.run.smithi151.stdout:/usr/bin/ceph: stderr
2023-09-13T04:44:05.472+0000 7f504d080700 1 -- 172.21.15.151:0/3579098427 wait complete.
2023-09-13T04:44:06.017 INFO:teuthology.orchestra.run.smithi151.stdout:/usr/bin/ceph: stderr
2023-09-13T04:44:05.473+0000 7f504d080700 1 Processor -- start
2023-09-13T04:44:06.017 INFO:teuthology.orchestra.run.smithi151.stdout:/usr/bin/ceph: stderr
2023-09-13T04:44:05.473+0000 7f504d080700 1 -- start start
2023-09-13T04:44:06.017 INFO:teuthology.orchestra.run.smithi151.stdout:/usr/bin/ceph: stderr
2023-09-13T04:44:05.473+0000 7f504d080700 1 --2- >> [v2:172.21.15.151:3300/0,v1:172.21.15.151:6789/0] conn(0x7f5048077c00 0x7f50481132b0 unknown :-1 s=NONE pgs=0 cs=0 l=1 rev1=0 crypto rx=0 tx=0 comp rx=0 tx=0).connect
2023-09-13T04:44:06.017 INFO:teuthology.orchestra.run.smithi151.stdout:/usr/bin/ceph: stderr
2023-09-13T04:44:05.473+0000 7f504d080700 1 -- --> [v2:172.21.15.151:3300/0,v1:172.21.15.151:6789/0] -- mon_getmap magic: 0 v1 -- 0x7f50481137f0 con 0x7f5048077c00
2023-09-13T04:44:06.017 INFO:teuthology.orchestra.run.smithi151.stdout:/usr/bin/ceph: stderr
2023-09-13T04:44:05.473+0000 7f5046d9d700 1 --2- >> [v2:172.21.15.151:3300/0,v1:172.21.15.151:6789/0] conn(0x7f5048077c00 0x7f50481132b0 unknown :-1 s=BANNER_CONNECTING pgs=0 cs=0 l=1 rev1=0 crypto rx=0 tx=0 comp rx=0 tx=0)._handle_peer_banner_payload supported=3 required=0
2023-09-13T04:44:06.018 INFO:teuthology.orchestra.run.smithi151.stdout:/usr/bin/ceph: stderr
2023-09-13T04:44:05.473+0000 7f5046d9d700 1 --2- >> [v2:172.21.15.151:3300/0,v1:172.21.15.151:6789/0] conn(0x7f5048077c00 0x7f50481132b0 unknown :-1 s=HELLO_CONNECTING pgs=0 cs=0 l=1 rev1=1 crypto rx=0 tx=0 comp rx=0 tx=0).handle_hello peer v2:172.21.15.151:3300/0 says I am v2:172.21.15.151:59018/0 (socket says 172.21.15.151:59018)
2023-09-13T04:44:06.018 INFO:teuthology.orchestra.run.smithi151.stdout:/usr/bin/ceph: stderr
2023-09-13T04:44:05.473+0000 7f5046d9d700 1 -- 172.21.15.151:0/3261148906 learned_addr learned my addr 172.21.15.151:0/3261148906 (peer_addr_for_me v2:172.21.15.151:0/0)
2023-09-13T04:44:06.018 INFO:teuthology.orchestra.run.smithi151.stdout:/usr/bin/ceph: stderr
2023-09-13T04:44:05.474+0000 7f5046d9d700 1 -- 172.21.15.151:0/3261148906 --> [v2:172.21.15.151:3300/0,v1:172.21.15.151:6789/0] -- mon_subscribe({config=0+,monmap=0+}) v3 -- 0x7f50380094f0 con 0x7f5048077c00
2023-09-13T04:44:06.018 INFO:teuthology.orchestra.run.smithi151.stdout:/usr/bin/ceph: stderr
2023-09-13T04:44:05.474+0000 7f5046d9d700 1 --2- 172.21.15.151:0/3261148906 >> [v2:172.21.15.151:3300/0,v1:172.21.15.151:6789/0] conn(0x7f5048077c00 0x7f50481132b0 secure :-1 s=READY pgs=44 cs=0 l=1 rev1=1 crypto rx=0x7f50380090b0 tx=0x7f5038009250 comp rx=0 tx=0).ready entity=mon.0 client_cookie=0 server_cookie=0 in_seq=0 out_seq=0
2023-09-13T04:44:06.018 INFO:teuthology.orchestra.run.smithi151.stdout:/usr/bin/ceph: stderr
2023-09-13T04:44:05.474+0000 7f502f7fe700 1 -- 172.21.15.151:0/3261148906 <== mon.0 v2:172.21.15.151:3300/0 1 ==== mon_map magic: 0 v1 ==== 229+0+0 (secure 0 0 0) 0x7f5038010a80 con 0x7f5048077c00
2023-09-13T04:44:06.019 INFO:teuthology.orchestra.run.smithi151.stdout:/usr/bin/ceph: stderr
2023-09-13T04:44:05.474+0000 7f504d080700 1 -- 172.21.15.151:0/3261148906 --> [v2:172.21.15.151:3300/0,v1:172.21.15.151:6789/0] -- mon_subscribe({mgrmap=0+}) v3 -- 0x7f50481139f0 con 0x7f5048077c00
2023-09-13T04:44:06.019 INFO:teuthology.orchestra.run.smithi151.stdout:/usr/bin/ceph: stderr
2023-09-13T04:44:05.474+0000 7f502f7fe700 1 -- 172.21.15.151:0/3261148906 <== mon.0 v2:172.21.15.151:3300/0 2 ==== config(26 keys) v1 ==== 1009+0+0 (secure 0 0 0) 0x7f503801a430 con 0x7f5048077c00
2023-09-13T04:44:06.019 INFO:teuthology.orchestra.run.smithi151.stdout:/usr/bin/ceph: stderr
2023-09-13T04:44:05.474+0000 7f502f7fe700 1 -- 172.21.15.151:0/3261148906 <== mon.0 v2:172.21.15.151:3300/0 3 ==== mon_map magic: 0 v1 ==== 229+0+0 (secure 0 0 0) 0x7f50380245b0 con 0x7f5048077c00
2023-09-13T04:44:06.019 INFO:teuthology.orchestra.run.smithi151.stdout:/usr/bin/ceph: stderr
2023-09-13T04:44:05.474+0000 7f504d080700 1 -- 172.21.15.151:0/3261148906 --> [v2:172.21.15.151:3300/0,v1:172.21.15.151:6789/0] -- mon_subscribe({osdmap=0}) v3 -- 0x7f5048113e00 con 0x7f5048077c00
2023-09-13T04:44:06.020 INFO:teuthology.orchestra.run.smithi151.stdout:/usr/bin/ceph: stderr
2023-09-13T04:44:05.475+0000 7f502f7fe700 1 -- 172.21.15.151:0/3261148906 <== mon.0 v2:172.21.15.151:3300/0 4 ==== mgrmap(e 8) v1 ==== 43234+0+0 (secure 0 0 0) 0x7f5038010be0 con 0x7f5048077c00
2023-09-13T04:44:06.020 INFO:teuthology.orchestra.run.smithi151.stdout:/usr/bin/ceph: stderr
2023-09-13T04:44:05.475+0000 7f504d080700 1 -- 172.21.15.151:0/3261148906 --> [v2:172.21.15.151:3300/0,v1:172.21.15.151:6789/0] -- mon_command({"prefix": "get_command_descriptions"} v 0) v1 -- 0x7f504804bb40 con 0x7f5048077c00
2023-09-13T04:44:06.020 INFO:teuthology.orchestra.run.smithi151.stdout:/usr/bin/ceph: stderr
2023-09-13T04:44:05.476+0000 7f502f7fe700 1 --2- 172.21.15.151:0/3261148906 >> [v2:172.21.15.151:6800/471388347,v1:172.21.15.151:6801/471388347] conn(0x7f50300365f0 0x7f5030038aa0 unknown :-1 s=NONE pgs=0 cs=0 l=1 rev1=0 crypto rx=0 tx=0 comp rx=0 tx=0).connect
2023-09-13T04:44:06.020 INFO:teuthology.orchestra.run.smithi151.stdout:/usr/bin/ceph: stderr
2023-09-13T04:44:05.476+0000 7f502f7fe700 1 -- 172.21.15.151:0/3261148906 <== mon.0 v2:172.21.15.151:3300/0 5 ==== osd_map(2..2 src has 1..2) v4 ==== 936+0+0 (secure 0 0 0) 0x7f503804a270 con 0x7f5048077c00
2023-09-13T04:44:06.021 INFO:teuthology.orchestra.run.smithi151.stdout:/usr/bin/ceph: stderr
2023-09-13T04:44:05.476+0000 7f504659c700 1 --2- 172.21.15.151:0/3261148906 >> [v2:172.21.15.151:6800/471388347,v1:172.21.15.151:6801/471388347] conn(0x7f50300365f0 0x7f5030038aa0 unknown :-1 s=BANNER_CONNECTING pgs=0 cs=0 l=1 rev1=0 crypto rx=0 tx=0 comp rx=0 tx=0)._handle_peer_banner_payload supported=3 required=0
2023-09-13T04:44:06.021 INFO:teuthology.orchestra.run.smithi151.stdout:/usr/bin/ceph: stderr
2023-09-13T04:44:05.476+0000 7f504659c700 1 --2- 172.21.15.151:0/3261148906 >> [v2:172.21.15.151:6800/471388347,v1:172.21.15.151:6801/471388347] conn(0x7f50300365f0 0x7f5030038aa0 secure :-1 s=READY pgs=10 cs=0 l=1 rev1=1 crypto rx=0x7f503c009990 tx=0x7f503c006e40 comp rx=0 tx=0).ready entity=mgr.14120 client_cookie=0 server_cookie=0 in_seq=0 out_seq=0
2023-09-13T04:44:06.021 INFO:teuthology.orchestra.run.smithi151.stdout:/usr/bin/ceph: stderr
2023-09-13T04:44:05.481+0000 7f502f7fe700 1 -- 172.21.15.151:0/3261148906 <== mon.0 v2:172.21.15.151:3300/0 6 ==== mon_command_ack([{"prefix": "get_command_descriptions"}]=0 v0) v1 ==== 72+0+174521 (secure 0 0 0) 0x7f503802b4d0 con 0x7f5048077c00
2023-09-13T04:44:06.021 INFO:teuthology.orchestra.run.smithi151.stdout:/usr/bin/ceph: stderr
2023-09-13T04:44:05.674+0000 7f504d080700 1 -- 172.21.15.151:0/3261148906 --> [v2:172.21.15.151:6800/471388347,v1:172.21.15.151:6801/471388347] -- mgr_command(tid 0: {"prefix": "cephadm get-pub-key", "target": ["mon-mgr", ""]}) v1 -- 0x7f504810d170 con 0x7f50300365f0
2023-09-13T04:44:06.021 INFO:teuthology.orchestra.run.smithi151.stdout:/usr/bin/ceph: stderr
2023-09-13T04:44:05.675+0000 7f502f7fe700 1 -- 172.21.15.151:0/3261148906 <== mgr.14120 v2:172.21.15.151:6800/471388347 1 ==== mgr_command_reply(tid 0: 0 ) v1 ==== 8+0+595 (secure 0 0 0) 0x7f504810d170 con 0x7f50300365f0
2023-09-13T04:44:06.022 INFO:teuthology.orchestra.run.smithi151.stdout:/usr/bin/ceph: stderr
2023-09-13T04:44:05.677+0000 7f504d080700 1 -- 172.21.15.151:0/3261148906 >> [v2:172.21.15.151:6800/471388347,v1:172.21.15.151:6801/471388347] conn(0x7f50300365f0 msgr2=0x7f5030038aa0 secure :-1 s=STATE_CONNECTION_ESTABLISHED l=1).mark_down
2023-09-13T04:44:06.022 INFO:teuthology.orchestra.run.smithi151.stdout:/usr/bin/ceph: stderr
2023-09-13T04:44:05.677+0000 7f504d080700 1 --2- 172.21.15.151:0/3261148906 >> [v2:172.21.15.151:6800/471388347,v1:172.21.15.151:6801/471388347] conn(0x7f50300365f0 0x7f5030038aa0 secure :-1 s=READY pgs=10 cs=0 l=1 rev1=1 crypto rx=0x7f503c009990 tx=0x7f503c006e40 comp rx=0 tx=0).stop
