2023-09-13T07:21:52.980+0000 7f9c072ee700 1 -- 172.21.15.46:0/1895944534 --> [v2:172.21.15.46:6800/237204210,v1:172.21.15.46:6801/237204210] -- mgr_command(tid 0: {"prefix": "orch apply", "service_type": "mgr", "target": ["mon-mgr", ""]}) v1 -- 0x7f9be0000d70 con 0x7f9bec0365e0
2023-09-13T07:21:53.365 INFO:teuthology.orchestra.run.smithi046.stdout:/usr/bin/ceph: stderr
2023-09-13T07:21:52.985+0000 7f9bf5ffb700 1 -- 172.21.15.46:0/1895944534 <== mgr.14122 v2:172.21.15.46:6800/237204210 1 ==== mgr_command_reply(tid 0: 0 ) v1 ==== 8+0+24 (secure 0 0 0) 0x7f9be0000d70 con 0x7f9bec0365e0
2023-09-13T07:21:53.365 INFO:teuthology.orchestra.run.smithi046.stdout:/usr/bin/ceph: stderr
2023-09-13T07:21:52.987+0000 7f9c072ee700 1 -- 172.21.15.46:0/1895944534 >> [v2:172.21.15.46:6800/237204210,v1:172.21.15.46:6801/237204210] conn(0x7f9bec0365e0 msgr2=0x7f9bec038a90 secure :-1 s=STATE_CONNECTION_ESTABLISHED l=1).mark_down
2023-09-13T07:21:53.366 INFO:teuthology.orchestra.run.smithi046.stdout:/usr/bin/ceph: stderr
2023-09-13T07:21:52.987+0000 7f9c072ee700 1 --2- 172.21.15.46:0/1895944534 >> [v2:172.21.15.46:6800/237204210,v1:172.21.15.46:6801/237204210] conn(0x7f9bec0365e0 0x7f9bec038a90 secure :-1 s=READY pgs=13 cs=0 l=1 rev1=1 crypto rx=0x7f9bf0009990 tx=0x7f9bf0006e40 comp rx=0 tx=0).stop
2023-09-13T07:21:53.366 INFO:teuthology.orchestra.run.smithi046.stdout:/usr/bin/ceph: stderr
2023-09-13T07:21:52.987+0000 7f9c072ee700 1 -- 172.21.15.46:0/1895944534 >> [v2:172.21.15.46:3300/0,v1:172.21.15.46:6789/0] conn(0x7f9c001013c0 msgr2=0x7f9c00113470 secure :-1 s=STATE_CONNECTION_ESTABLISHED l=1).mark_down
2023-09-13T07:21:53.366 INFO:teuthology.orchestra.run.smithi046.stdout:/usr/bin/ceph: stderr
2023-09-13T07:21:52.987+0000 7f9c072ee700 1 --2- 172.21.15.46:0/1895944534 >> [v2:172.21.15.46:3300/0,v1:172.21.15.46:6789/0] conn(0x7f9c001013c0 0x7f9c00113470 secure :-1 s=READY pgs=52 cs=0 l=1 rev1=1 crypto rx=0x7f9bfc000c00 tx=0x7f9bfc009250 comp rx=0 tx=0).stop
2023-09-13T07:21:53.366 INFO:teuthology.orchestra.run.smithi046.stdout:/usr/bin/ceph: stderr
2023-09-13T07:21:52.987+0000 7f9c072ee700 1 -- 172.21.15.46:0/1895944534 shutdown_connections
2023-09-13T07:21:53.366 INFO:teuthology.orchestra.run.smithi046.stdout:/usr/bin/ceph: stderr
2023-09-13T07:21:52.987+0000 7f9c072ee700 1 --2- 172.21.15.46:0/1895944534 >> [v2:172.21.15.46:6800/237204210,v1:172.21.15.46:6801/237204210] conn(0x7f9bec0365e0 0x7f9bec038a90 unknown :-1 s=CLOSED pgs=13 cs=0 l=1 rev1=1 crypto rx=0 tx=0 comp rx=0 tx=0).stop
2023-09-13T07:21:53.367 INFO:teuthology.orchestra.run.smithi046.stdout:/usr/bin/ceph: stderr
2023-09-13T07:21:52.987+0000 7f9c072ee700 1 --2- 172.21.15.46:0/1895944534 >> [v2:172.21.15.46:3300/0,v1:172.21.15.46:6789/0] conn(0x7f9c001013c0 0x7f9c00113470 unknown :-1 s=CLOSED pgs=52 cs=0 l=1 rev1=1 crypto rx=0 tx=0 comp rx=0 tx=0).stop
2023-09-13T07:21:53.367 INFO:teuthology.orchestra.run.smithi046.stdout:/usr/bin/ceph: stderr
2023-09-13T07:21:52.987+0000 7f9c072ee700 1 -- 172.21.15.46:0/1895944534 >> 172.21.15.46:0/1895944534 conn(0x7f9c000fcb40 msgr2=0x7f9c00106130 unknown :-1 s=STATE_NONE l=0).mark_down
2023-09-13T07:21:53.367 INFO:teuthology.orchestra.run.smithi046.stdout:/usr/bin/ceph: stderr
2023-09-13T07:21:52.987+0000 7f9c072ee700 1 -- 172.21.15.46:0/1895944534 shutdown_connections
2023-09-13T07:21:53.367 INFO:teuthology.orchestra.run.smithi046.stdout:/usr/bin/ceph: stderr
2023-09-13T07:21:52.987+0000 7f9c072ee700 1 -- 172.21.15.46:0/1895944534 wait complete.
2023-09-13T07:21:53.367 INFO:teuthology.orchestra.run.smithi046.stdout:Deploying crash service with default placement...
2023-09-13T07:21:54.012 INFO:journalctl@ceph.mon.smithi046.smithi046.stdout:Sep 13 07:21:53 smithi046 ceph-mon[106850]: from='client.14144 -' entity='client.admin' cmd=[{"prefix": "orch apply", "service_type": "mon", "target": ["mon-mgr", ""]}]: dispatch
2023-09-13T07:21:54.012 INFO:journalctl@ceph.mon.smithi046.smithi046.stdout:Sep 13 07:21:53 smithi046 ceph-mon[106850]: Saving service mon spec with placement count:5
2023-09-13T07:21:54.013 INFO:journalctl@ceph.mon.smithi046.smithi046.stdout:Sep 13 07:21:53 smithi046 ceph-mon[106850]: from='mgr.14122 172.21.15.46:0/643241760' entity='mgr.smithi046.mwnwiv'
2023-09-13T07:21:54.013 INFO:journalctl@ceph.mon.smithi046.smithi046.stdout:Sep 13 07:21:53 smithi046 ceph-mon[106850]: from='mgr.14122 172.21.15.46:0/643241760' entity='mgr.smithi046.mwnwiv'
2023-09-13T07:21:54.013 INFO:journalctl@ceph.mon.smithi046.smithi046.stdout:Sep 13 07:21:53 smithi046 ceph-mon[106850]: from='mgr.14122 172.21.15.46:0/643241760' entity='mgr.smithi046.mwnwiv'
2023-09-13T07:21:54.406 INFO:teuthology.orchestra.run.smithi046.stdout:/usr/bin/ceph: stdout Scheduled crash update...
2023-09-13T07:21:54.407 INFO:teuthology.orchestra.run.smithi046.stdout:/usr/bin/ceph: stderr
2023-09-13T07:21:53.751+0000 7fbba9f43700 1 Processor -- start
2023-09-13T07:21:54.407 INFO:teuthology.orchestra.run.smithi046.stdout:/usr/bin/ceph: stderr
2023-09-13T07:21:53.752+0000 7fbba9f43700 1 -- start start
2023-09-13T07:21:54.407 INFO:teuthology.orchestra.run.smithi046.stdout:/usr/bin/ceph: stderr
2023-09-13T07:21:53.752+0000 7fbba9f43700 1 --2- >> [v2:172.21.15.46:3300/0,v1:172.21.15.46:6789/0] conn(0x7fbba4077c20 0x7fbba4076130 unknown :-1 s=NONE pgs=0 cs=0 l=0 rev1=0 crypto rx=0 tx=0 comp rx=0 tx=0).connect
2023-09-13T07:21:54.407 INFO:teuthology.orchestra.run.smithi046.stdout:/usr/bin/ceph: stderr
2023-09-13T07:21:53.752+0000 7fbba9f43700 1 -- --> [v2:172.21.15.46:3300/0,v1:172.21.15.46:6789/0] -- mon_getmap magic: 0 v1 -- 0x7fbba4078030 con 0x7fbba4077c20
2023-09-13T07:21:54.407 INFO:teuthology.orchestra.run.smithi046.stdout:/usr/bin/ceph: stderr
2023-09-13T07:21:53.752+0000 7fbba37fe700 1 --2- >> [v2:172.21.15.46:3300/0,v1:172.21.15.46:6789/0] conn(0x7fbba4077c20 0x7fbba4076130 unknown :-1 s=BANNER_CONNECTING pgs=0 cs=0 l=0 rev1=0 crypto rx=0 tx=0 comp rx=0 tx=0)._handle_peer_banner_payload supported=3 required=0
2023-09-13T07:21:54.408 INFO:teuthology.orchestra.run.smithi046.stdout:/usr/bin/ceph: stderr
2023-09-13T07:21:53.752+0000 7fbba37fe700 1 --2- >> [v2:172.21.15.46:3300/0,v1:172.21.15.46:6789/0] conn(0x7fbba4077c20 0x7fbba4076130 unknown :-1 s=HELLO_CONNECTING pgs=0 cs=0 l=0 rev1=1 crypto rx=0 tx=0 comp rx=0 tx=0).handle_hello peer v2:172.21.15.46:3300/0 says I am v2:172.21.15.46:37894/0 (socket says 172.21.15.46:37894)
2023-09-13T07:21:54.408 INFO:teuthology.orchestra.run.smithi046.stdout:/usr/bin/ceph: stderr
2023-09-13T07:21:53.752+0000 7fbba37fe700 1 -- 172.21.15.46:0/4059553137 learned_addr learned my addr 172.21.15.46:0/4059553137 (peer_addr_for_me v2:172.21.15.46:0/0)
2023-09-13T07:21:54.408 INFO:teuthology.orchestra.run.smithi046.stdout:/usr/bin/ceph: stderr
2023-09-13T07:21:53.753+0000 7fbba37fe700 1 -- 172.21.15.46:0/4059553137 --> [v2:172.21.15.46:3300/0,v1:172.21.15.46:6789/0] -- mon_subscribe({config=0+,monmap=0+}) v3 -- 0x7fbba4076670 con 0x7fbba4077c20
2023-09-13T07:21:54.413 INFO:teuthology.orchestra.run.smithi046.stdout:/usr/bin/ceph: stderr
2023-09-13T07:21:53.753+0000 7fbba37fe700 1 --2- 172.21.15.46:0/4059553137 >> [v2:172.21.15.46:3300/0,v1:172.21.15.46:6789/0] conn(0x7fbba4077c20 0x7fbba4076130 secure :-1 s=READY pgs=53 cs=0 l=1 rev1=1 crypto rx=0x7fbb940098e0 tx=0x7fbb94009250 comp rx=0 tx=0).ready entity=mon.0 client_cookie=7c7b44ce0fd95720 server_cookie=0 in_seq=0 out_seq=0
2023-09-13T07:21:54.413 INFO:teuthology.orchestra.run.smithi046.stdout:/usr/bin/ceph: stderr
2023-09-13T07:21:53.753+0000 7fbba27fc700 1 -- 172.21.15.46:0/4059553137 <== mon.0 v2:172.21.15.46:3300/0 1 ==== mon_map magic: 0 v1 ==== 229+0+0 (secure 0 0 0) 0x7fbb9400b860 con 0x7fbba4077c20
2023-09-13T07:21:54.413 INFO:teuthology.orchestra.run.smithi046.stdout:/usr/bin/ceph: stderr
2023-09-13T07:21:53.753+0000 7fbba27fc700 1 -- 172.21.15.46:0/4059553137 <== mon.0 v2:172.21.15.46:3300/0 2 ==== config(26 keys) v1 ==== 1074+0+0 (secure 0 0 0) 0x7fbb9400be70 con 0x7fbba4077c20
2023-09-13T07:21:54.413 INFO:teuthology.orchestra.run.smithi046.stdout:/usr/bin/ceph: stderr
2023-09-13T07:21:53.753+0000 7fbba27fc700 1 -- 172.21.15.46:0/4059553137 <== mon.0 v2:172.21.15.46:3300/0 3 ==== mon_map magic: 0 v1 ==== 229+0+0 (secure 0 0 0) 0x7fbb94010380 con 0x7fbba4077c20
2023-09-13T07:21:54.413 INFO:teuthology.orchestra.run.smithi046.stdout:/usr/bin/ceph: stderr
2023-09-13T07:21:53.754+0000 7fbba9f43700 1 -- 172.21.15.46:0/4059553137 >> [v2:172.21.15.46:3300/0,v1:172.21.15.46:6789/0] conn(0x7fbba4077c20 msgr2=0x7fbba4076130 secure :-1 s=STATE_CONNECTION_ESTABLISHED l=1).mark_down
2023-09-13T07:21:54.414 INFO:teuthology.orchestra.run.smithi046.stdout:/usr/bin/ceph: stderr
2023-09-13T07:21:53.754+0000 7fbba9f43700 1 --2- 172.21.15.46:0/4059553137 >> [v2:172.21.15.46:3300/0,v1:172.21.15.46:6789/0] conn(0x7fbba4077c20 0x7fbba4076130 secure :-1 s=READY pgs=53 cs=0 l=1 rev1=1 crypto rx=0x7fbb940098e0 tx=0x7fbb94009250 comp rx=0 tx=0).stop
2023-09-13T07:21:54.414 INFO:teuthology.orchestra.run.smithi046.stdout:/usr/bin/ceph: stderr
2023-09-13T07:21:53.754+0000 7fbba9f43700 1 -- 172.21.15.46:0/4059553137 shutdown_connections
2023-09-13T07:21:54.414 INFO:teuthology.orchestra.run.smithi046.stdout:/usr/bin/ceph: stderr
2023-09-13T07:21:53.754+0000 7fbba9f43700 1 --2- 172.21.15.46:0/4059553137 >> [v2:172.21.15.46:3300/0,v1:172.21.15.46:6789/0] conn(0x7fbba4077c20 0x7fbba4076130 unknown :-1 s=CLOSED pgs=53 cs=0 l=1 rev1=1 crypto rx=0 tx=0 comp rx=0 tx=0).stop
2023-09-13T07:21:54.414 INFO:teuthology.orchestra.run.smithi046.stdout:/usr/bin/ceph: stderr
2023-09-13T07:21:53.754+0000 7fbba9f43700 1 -- 172.21.15.46:0/4059553137 >> 172.21.15.46:0/4059553137 conn(0x7fbba40fda10 msgr2=0x7fbba40ffe40 unknown :-1 s=STATE_NONE l=0).mark_down
2023-09-13T07:21:54.414 INFO:teuthology.orchestra.run.smithi046.stdout:/usr/bin/ceph: stderr
2023-09-13T07:21:53.754+0000 7fbba9f43700 1 -- 172.21.15.46:0/4059553137 shutdown_connections
2023-09-13T07:21:54.415 INFO:teuthology.orchestra.run.smithi046.stdout:/usr/bin/ceph: stderr
2023-09-13T07:21:53.754+0000 7fbba9f43700 1 -- 172.21.15.46:0/4059553137 wait complete.
2023-09-13T07:21:54.415 INFO:teuthology.orchestra.run.smithi046.stdout:/usr/bin/ceph: stderr
2023-09-13T07:21:53.755+0000 7fbba9f43700 1 Processor -- start
2023-09-13T07:21:54.415 INFO:teuthology.orchestra.run.smithi046.stdout:/usr/bin/ceph: stderr
2023-09-13T07:21:53.755+0000 7fbba9f43700 1 -- start start
2023-09-13T07:21:54.415 INFO:teuthology.orchestra.run.smithi046.stdout:/usr/bin/ceph: stderr
2023-09-13T07:21:53.756+0000 7fbba9f43700 1 --2- >> [v2:172.21.15.46:3300/0,v1:172.21.15.46:6789/0] conn(0x7fbba4077c20 0x7fbba41132e0 unknown :-1 s=NONE pgs=0 cs=0 l=1 rev1=0 crypto rx=0 tx=0 comp rx=0 tx=0).connect
2023-09-13T07:21:54.415 INFO:teuthology.orchestra.run.smithi046.stdout:/usr/bin/ceph: stderr
2023-09-13T07:21:53.756+0000 7fbba9f43700 1 -- --> [v2:172.21.15.46:3300/0,v1:172.21.15.46:6789/0] -- mon_getmap magic: 0 v1 -- 0x7fbba4113820 con 0x7fbba4077c20
2023-09-13T07:21:54.416 INFO:teuthology.orchestra.run.smithi046.stdout:/usr/bin/ceph: stderr
2023-09-13T07:21:53.756+0000 7fbba37fe700 1 --2- >> [v2:172.21.15.46:3300/0,v1:172.21.15.46:6789/0] conn(0x7fbba4077c20 0x7fbba41132e0 unknown :-1 s=BANNER_CONNECTING pgs=0 cs=0 l=1 rev1=0 crypto rx=0 tx=0 comp rx=0 tx=0)._handle_peer_banner_payload supported=3 required=0
2023-09-13T07:21:54.416 INFO:teuthology.orchestra.run.smithi046.stdout:/usr/bin/ceph: stderr
2023-09-13T07:21:53.756+0000 7fbba37fe700 1 --2- >> [v2:172.21.15.46:3300/0,v1:172.21.15.46:6789/0] conn(0x7fbba4077c20 0x7fbba41132e0 unknown :-1 s=HELLO_CONNECTING pgs=0 cs=0 l=1 rev1=1 crypto rx=0 tx=0 comp rx=0 tx=0).handle_hello peer v2:172.21.15.46:3300/0 says I am v2:172.21.15.46:37906/0 (socket says 172.21.15.46:37906)
2023-09-13T07:21:54.416 INFO:teuthology.orchestra.run.smithi046.stdout:/usr/bin/ceph: stderr
2023-09-13T07:21:53.756+0000 7fbba37fe700 1 -- 172.21.15.46:0/1683470193 learned_addr learned my addr 172.21.15.46:0/1683470193 (peer_addr_for_me v2:172.21.15.46:0/0)
2023-09-13T07:21:54.416 INFO:teuthology.orchestra.run.smithi046.stdout:/usr/bin/ceph: stderr
2023-09-13T07:21:53.756+0000 7fbba37fe700 1 -- 172.21.15.46:0/1683470193 --> [v2:172.21.15.46:3300/0,v1:172.21.15.46:6789/0] -- mon_subscribe({config=0+,monmap=0+}) v3 -- 0x7fbb940094f0 con 0x7fbba4077c20
2023-09-13T07:21:54.416 INFO:teuthology.orchestra.run.smithi046.stdout:/usr/bin/ceph: stderr
2023-09-13T07:21:53.756+0000 7fbba37fe700 1 --2- 172.21.15.46:0/1683470193 >> [v2:172.21.15.46:3300/0,v1:172.21.15.46:6789/0] conn(0x7fbba4077c20 0x7fbba41132e0 secure :-1 s=READY pgs=54 cs=0 l=1 rev1=1 crypto rx=0x7fbb9400ba70 tx=0x7fbb94009250 comp rx=0 tx=0).ready entity=mon.0 client_cookie=0 server_cookie=0 in_seq=0 out_seq=0
2023-09-13T07:21:54.417 INFO:teuthology.orchestra.run.smithi046.stdout:/usr/bin/ceph: stderr
2023-09-13T07:21:53.757+0000 7fbb8bfff700 1 -- 172.21.15.46:0/1683470193 <== mon.0 v2:172.21.15.46:3300/0 1 ==== mon_map magic: 0 v1 ==== 229+0+0 (secure 0 0 0) 0x7fbb94010960 con 0x7fbba4077c20
2023-09-13T07:21:54.417 INFO:teuthology.orchestra.run.smithi046.stdout:/usr/bin/ceph: stderr
2023-09-13T07:21:53.757+0000 7fbba9f43700 1 -- 172.21.15.46:0/1683470193 --> [v2:172.21.15.46:3300/0,v1:172.21.15.46:6789/0] -- mon_subscribe({mgrmap=0+}) v3 -- 0x7fbba4113a20 con 0x7fbba4077c20
2023-09-13T07:21:54.417 INFO:teuthology.orchestra.run.smithi046.stdout:/usr/bin/ceph: stderr
2023-09-13T07:21:53.757+0000 7fbb8bfff700 1 -- 172.21.15.46:0/1683470193 <== mon.0 v2:172.21.15.46:3300/0 2 ==== config(26 keys) v1 ==== 1074+0+0 (secure 0 0 0) 0x7fbb94024430 con 0x7fbba4077c20
2023-09-13T07:21:54.417 INFO:teuthology.orchestra.run.smithi046.stdout:/usr/bin/ceph: stderr
2023-09-13T07:21:53.757+0000 7fbb8bfff700 1 -- 172.21.15.46:0/1683470193 <== mon.0 v2:172.21.15.46:3300/0 3 ==== mon_map magic: 0 v1 ==== 229+0+0 (secure 0 0 0) 0x7fbb9401a5f0 con 0x7fbba4077c20
2023-09-13T07:21:54.417 INFO:teuthology.orchestra.run.smithi046.stdout:/usr/bin/ceph: stderr
2023-09-13T07:21:53.757+0000 7fbba9f43700 1 -- 172.21.15.46:0/1683470193 --> [v2:172.21.15.46:3300/0,v1:172.21.15.46:6789/0] -- mon_subscribe({osdmap=0}) v3 -- 0x7fbba4113e30 con 0x7fbba4077c20
2023-09-13T07:21:54.418 INFO:teuthology.orchestra.run.smithi046.stdout:/usr/bin/ceph: stderr
2023-09-13T07:21:53.758+0000 7fbb8bfff700 1 -- 172.21.15.46:0/1683470193 <== mon.0 v2:172.21.15.46:3300/0 4 ==== mgrmap(e 8) v1 ==== 43234+0+0 (secure 0 0 0) 0x7fbb940249f0 con 0x7fbba4077c20
2023-09-13T07:21:54.418 INFO:teuthology.orchestra.run.smithi046.stdout:/usr/bin/ceph: stderr
2023-09-13T07:21:53.758+0000 7fbba9f43700 1 -- 172.21.15.46:0/1683470193 --> [v2:172.21.15.46:3300/0,v1:172.21.15.46:6789/0] -- mon_command({"prefix": "get_command_descriptions"} v 0) v1 -- 0x7fbba404bb40 con 0x7fbba4077c20
2023-09-13T07:21:54.418 INFO:teuthology.orchestra.run.smithi046.stdout:/usr/bin/ceph: stderr
2023-09-13T07:21:53.759+0000 7fbb8bfff700 1 --2- 172.21.15.46:0/1683470193 >> [v2:172.21.15.46:6800/237204210,v1:172.21.15.46:6801/237204210] conn(0x7fbb8c0365f0 0x7fbb8c038aa0 unknown :-1 s=NONE pgs=0 cs=0 l=1 rev1=0 crypto rx=0 tx=0 comp rx=0 tx=0).connect
2023-09-13T07:21:54.418 INFO:teuthology.orchestra.run.smithi046.stdout:/usr/bin/ceph: stderr
2023-09-13T07:21:53.759+0000 7fbb8bfff700 1 -- 172.21.15.46:0/1683470193 <== mon.0 v2:172.21.15.46:3300/0 5 ==== osd_map(2..2 src has 1..2) v4 ==== 936+0+0 (secure 0 0 0) 0x7fbb9404a2a0 con 0x7fbba4077c20
2023-09-13T07:21:54.418 INFO:teuthology.orchestra.run.smithi046.stdout:/usr/bin/ceph: stderr
2023-09-13T07:21:53.759+0000 7fbba2ffd700 1 --2- 172.21.15.46:0/1683470193 >> [v2:172.21.15.46:6800/237204210,v1:172.21.15.46:6801/237204210] conn(0x7fbb8c0365f0 0x7fbb8c038aa0 unknown :-1 s=BANNER_CONNECTING pgs=0 cs=0 l=1 rev1=0 crypto rx=0 tx=0 comp rx=0 tx=0)._handle_peer_banner_payload supported=3 required=0
2023-09-13T07:21:54.419 INFO:teuthology.orchestra.run.smithi046.stdout:/usr/bin/ceph: stderr
2023-09-13T07:21:53.760+0000 7fbba2ffd700 1 --2- 172.21.15.46:0/1683470193 >> [v2:172.21.15.46:6800/237204210,v1:172.21.15.46:6801/237204210] conn(0x7fbb8c0365f0 0x7fbb8c038aa0 secure :-1 s=READY pgs=14 cs=0 l=1 rev1=1 crypto rx=0x7fbb98009990 tx=0x7fbb98006e40 comp rx=0 tx=0).ready entity=mgr.14122 client_cookie=0 server_cookie=0 in_seq=0 out_seq=0
2023-09-13T07:21:54.419 INFO:teuthology.orchestra.run.smithi046.stdout:/usr/bin/ceph: stderr
2023-09-13T07:21:53.764+0000 7fbb8bfff700 1 -- 172.21.15.46:0/1683470193 <== mon.0 v2:172.21.15.46:3300/0 6 ==== mon_command_ack([{"prefix": "get_command_descriptions"}]=0 v0) v1 ==== 72+0+174521 (secure 0 0 0) 0x7fbb94022920 con 0x7fbba4077c20
2023-09-13T07:21:54.419 INFO:teuthology.orchestra.run.smithi046.stdout:/usr/bin/ceph: stderr
2023-09-13T07:21:53.983+0000 7fbba9f43700 1 -- 172.21.15.46:0/1683470193 --> [v2:172.21.15.46:6800/237204210,v1:172.21.15.46:6801/237204210] -- mgr_command(tid 0: {"prefix": "orch apply", "service_type": "crash", "target": ["mon-mgr", ""]}) v1 -- 0x7fbba40ffd20 con 0x7fbb8c0365f0
2023-09-13T07:21:54.419 INFO:teuthology.orchestra.run.smithi046.stdout:/usr/bin/ceph: stderr
2023-09-13T07:21:53.987+0000 7fbb8bfff700 1 -- 172.21.15.46:0/1683470193 <== mgr.14122 v2:172.21.15.46:6800/237204210 1 ==== mgr_command_reply(tid 0: 0 ) v1 ==== 8+0+26 (secure 0 0 0) 0x7fbba40ffd20 con 0x7fbb8c0365f0
2023-09-13T07:21:54.419 INFO:teuthology.orchestra.run.smithi046.stdout:/usr/bin/ceph: stderr
2023-09-13T07:21:53.990+0000 7fbba9f43700 1 -- 172.21.15.46:0/1683470193 >> [v2:172.21.15.46:6800/237204210,v1:172.21.15.46:6801/237204210] conn(0x7fbb8c0365f0 msgr2=0x7fbb8c038aa0 secure :-1 s=STATE_CONNECTION_ESTABLISHED l=1).mark_down
2023-09-13T07:21:54.420 INFO:teuthology.orchestra.run.smithi046.stdout:/usr/bin/ceph: stderr
2023-09-13T07:21:53.990+0000 7fbba9f43700 1 --2- 172.21.15.46:0/1683470193 >> [v2:172.21.15.46:6800/237204210,v1:172.21.15.46:6801/237204210] conn(0x7fbb8c0365f0 0x7fbb8c038aa0 secure :-1 s=READY pgs=14 cs=0 l=1 rev1=1 crypto rx=0x7fbb98009990 tx=0x7fbb98006e40 comp rx=0 tx=0).stop
2023-09-13T07:21:54.420 INFO:teuthology.orchestra.run.smithi046.stdout:/usr/bin/ceph: stderr
2023-09-13T07:21:53.990+0000 7fbba9f43700 1 -- 172.21.15.46:0/1683470193 >> [v2:172.21.15.46:3300/0,v1:172.21.15.46:6789/0] conn(0x7fbba4077c20 msgr2=0x7fbba41132e0 secure :-1 s=STATE_CONNECTION_ESTABLISHED l=1).mark_down
2023-09-13T07:21:54.420 INFO:teuthology.orchestra.run.smithi046.stdout:/usr/bin/ceph: stderr
2023-09-13T07:21:53.990+0000 7fbba9f43700 1 --2- 172.21.15.46:0/1683470193 >> [v2:172.21.15.46:3300/0,v1:172.21.15.46:6789/0] conn(0x7fbba4077c20 0x7fbba41132e0 secure :-1 s=READY pgs=54 cs=0 l=1 rev1=1 crypto rx=0x7fbb9400ba70 tx=0x7fbb94009250 comp rx=0 tx=0).stop
2023-09-13T07:21:54.420 INFO:teuthology.orchestra.run.smithi046.stdout:/usr/bin/ceph: stderr
2023-09-13T07:21:53.990+0000 7fbba9f43700 1 -- 172.21.15.46:0/1683470193 shutdown_connections
2023-09-13T07:21:54.420 INFO:teuthology.orchestra.run.smithi046.stdout:/usr/bin/ceph: stderr
2023-09-13T07:21:53.990+0000 7fbba9f43700 1 --2- 172.21.15.46:0/1683470193 >> [v2:172.21.15.46:6800/237204210,v1:172.21.15.46:6801/237204210] conn(0x7fbb8c0365f0 0x7fbb8c038aa0 unknown :-1 s=CLOSED pgs=14 cs=0 l=1 rev1=1 crypto rx=0 tx=0 comp rx=0 tx=0).stop
2023-09-13T07:21:54.421 INFO:teuthology.orchestra.run.smithi046.stdout:/usr/bin/ceph: stderr
2023-09-13T07:21:53.990+0000 7fbba9f43700 1 --2- 172.21.15.46:0/1683470193 >> [v2:172.21.15.46:3300/0,v1:172.21.15.46:6789/0] conn(0x7fbba4077c20 0x7fbba41132e0 unknown :-1 s=CLOSED pgs=54 cs=0 l=1 rev1=1 crypto rx=0 tx=0 comp rx=0 tx=0).stop
2023-09-13T07:21:54.421 INFO:teuthology.orchestra.run.smithi046.stdout:/usr/bin/ceph: stderr
2023-09-13T07:21:53.990+0000 7fbba9f43700 1 -- 172.21.15.46:0/1683470193 >> 172.21.15.46:0/1683470193 conn(0x7fbba40fda10 msgr2=0x7fbba40ff100 unknown :-1 s=STATE_NONE l=0).mark_down
2023-09-13T07:21:54.421 INFO:teuthology.orchestra.run.smithi046.stdout:/usr/bin/ceph: stderr
2023-09-13T07:21:53.990+0000 7fbba9f43700 1 -- 172.21.15.46:0/1683470193 shutdown_connections
2023-09-13T07:21:54.421 INFO:teuthology.orchestra.run.smithi046.stdout:/usr/bin/ceph: stderr
2023-09-13T07:21:53.990+0000 7fbba9f43700 1 -- 172.21.15.46:0/1683470193 wait complete.
2023-09-13T07:21:54.421 INFO:teuthology.orchestra.run.smithi046.stdout:Deploying prometheus service with default placement...
2023-09-13T07:21:55.012 INFO:journalctl@ceph.mon.smithi046.smithi046.stdout:Sep 13 07:21:54 smithi046 ceph-mon[106850]: from='client.14146 -' entity='client.admin' cmd=[{"prefix": "orch apply", "service_type": "mgr", "target": ["mon-mgr", ""]}]: dispatch
2023-09-13T07:21:55.012 INFO:journalctl@ceph.mon.smithi046.smithi046.stdout:Sep 13 07:21:54 smithi046 ceph-mon[106850]: Saving service mgr spec with placement count:2
2023-09-13T07:21:55.012 INFO:journalctl@ceph.mon.smithi046.smithi046.stdout:Sep 13 07:21:54 smithi046 ceph-mon[106850]: from='mgr.14122 172.21.15.46:0/643241760' entity='mgr.smithi046.mwnwiv'
2023-09-13T07:21:55.623 INFO:teuthology.orchestra.run.smithi046.stdout:/usr/bin/ceph: stdout Scheduled prometheus update...
2023-09-13T07:21:55.629 INFO:teuthology.orchestra.run.smithi046.stdout:/usr/bin/ceph: stderr
2023-09-13T07:21:55.018+0000 7f2602502700 1 Processor -- start
2023-09-13T07:21:55.629 INFO:teuthology.orchestra.run.smithi046.stdout:/usr/bin/ceph: stderr
2023-09-13T07:21:55.018+0000 7f2602502700 1 -- start start
2023-09-13T07:21:55.629 INFO:teuthology.orchestra.run.smithi046.stdout:/usr/bin/ceph: stderr
2023-09-13T07:21:55.019+0000 7f2602502700 1 --2- >> [v2:172.21.15.46:3300/0,v1:172.21.15.46:6789/0] conn(0x7f25fc077c20 0x7f25fc076130 unknown :-1 s=NONE pgs=0 cs=0 l=0 rev1=0 crypto rx=0 tx=0 comp rx=0 tx=0).connect
2023-09-13T07:21:55.629 INFO:teuthology.orchestra.run.smithi046.stdout:/usr/bin/ceph: stderr
2023-09-13T07:21:55.019+0000 7f2602502700 1 -- --> [v2:172.21.15.46:3300/0,v1:172.21.15.46:6789/0] -- mon_getmap magic: 0 v1 -- 0x7f25fc078030 con 0x7f25fc077c20
2023-09-13T07:21:55.629 INFO:teuthology.orchestra.run.smithi046.stdout:/usr/bin/ceph: stderr
2023-09-13T07:21:55.019+0000 7f25fbfff700 1 --2- >> [v2:172.21.15.46:3300/0,v1:172.21.15.46:6789/0] conn(0x7f25fc077c20 0x7f25fc076130 unknown :-1 s=BANNER_CONNECTING pgs=0 cs=0 l=0 rev1=0 crypto rx=0 tx=0 comp rx=0 tx=0)._handle_peer_banner_payload supported=3 required=0
2023-09-13T07:21:55.630 INFO:teuthology.orchestra.run.smithi046.stdout:/usr/bin/ceph: stderr
2023-09-13T07:21:55.019+0000 7f25fbfff700 1 --2- >> [v2:172.21.15.46:3300/0,v1:172.21.15.46:6789/0] conn(0x7f25fc077c20 0x7f25fc076130 unknown :-1 s=HELLO_CONNECTING pgs=0 cs=0 l=0 rev1=1 crypto rx=0 tx=0 comp rx=0 tx=0).handle_hello peer v2:172.21.15.46:3300/0 says I am v2:172.21.15.46:37912/0 (socket says 172.21.15.46:37912)
2023-09-13T07:21:55.630 INFO:teuthology.orchestra.run.smithi046.stdout:/usr/bin/ceph: stderr
2023-09-13T07:21:55.019+0000 7f25fbfff700 1 -- 172.21.15.46:0/3619971955 learned_addr learned my addr 172.21.15.46:0/3619971955 (peer_addr_for_me v2:172.21.15.46:0/0)
2023-09-13T07:21:55.630 INFO:teuthology.orchestra.run.smithi046.stdout:/usr/bin/ceph: stderr
2023-09-13T07:21:55.019+0000 7f25fbfff700 1 -- 172.21.15.46:0/3619971955 --> [v2:172.21.15.46:3300/0,v1:172.21.15.46:6789/0] -- mon_subscribe({config=0+,monmap=0+}) v3 -- 0x7f25fc076670 con 0x7f25fc077c20
2023-09-13T07:21:55.630 INFO:teuthology.orchestra.run.smithi046.stdout:/usr/bin/ceph: stderr
2023-09-13T07:21:55.020+0000 7f25fbfff700 1 --2- 172.21.15.46:0/3619971955 >> [v2:172.21.15.46:3300/0,v1:172.21.15.46:6789/0] conn(0x7f25fc077c20 0x7f25fc076130 secure :-1 s=READY pgs=55 cs=0 l=1 rev1=1 crypto rx=0x7f25ec0098e0 tx=0x7f25ec009250 comp rx=0 tx=0).ready entity=mon.0 client_cookie=ffa8422f8085489b server_cookie=0 in_seq=0 out_seq=0
2023-09-13T07:21:55.631 INFO:teuthology.orchestra.run.smithi046.stdout:/usr/bin/ceph: stderr
2023-09-13T07:21:55.020+0000 7f25faffd700 1 -- 172.21.15.46:0/3619971955 <== mon.0 v2:172.21.15.46:3300/0 1 ==== mon_map magic: 0 v1 ==== 229+0+0 (secure 0 0 0) 0x7f25ec00b860 con 0x7f25fc077c20
2023-09-13T07:21:55.631 INFO:teuthology.orchestra.run.smithi046.stdout:/usr/bin/ceph: stderr
2023-09-13T07:21:55.020+0000 7f25faffd700 1 -- 172.21.15.46:0/3619971955 <== mon.0 v2:172.21.15.46:3300/0 2 ==== config(26 keys) v1 ==== 1074+0+0 (secure 0 0 0) 0x7f25ec00be70 con 0x7f25fc077c20
2023-09-13T07:21:55.631 INFO:teuthology.orchestra.run.smithi046.stdout:/usr/bin/ceph: stderr
2023-09-13T07:21:55.020+0000 7f25faffd700 1 -- 172.21.15.46:0/3619971955 <== mon.0 v2:172.21.15.46:3300/0 3 ==== mon_map magic: 0 v1 ==== 229+0+0 (secure 0 0 0) 0x7f25ec010380 con 0x7f25fc077c20
2023-09-13T07:21:55.631 INFO:teuthology.orchestra.run.smithi046.stdout:/usr/bin/ceph: stderr
2023-09-13T07:21:55.020+0000 7f2602502700 1 -- 172.21.15.46:0/3619971955 >> [v2:172.21.15.46:3300/0,v1:172.21.15.46:6789/0] conn(0x7f25fc077c20 msgr2=0x7f25fc076130 secure :-1 s=STATE_CONNECTION_ESTABLISHED l=1).mark_down
2023-09-13T07:21:55.631 INFO:teuthology.orchestra.run.smithi046.stdout:/usr/bin/ceph: stderr
2023-09-13T07:21:55.020+0000 7f2602502700 1 --2- 172.21.15.46:0/3619971955 >> [v2:172.21.15.46:3300/0,v1:172.21.15.46:6789/0] conn(0x7f25fc077c20 0x7f25fc076130 secure :-1 s=READY pgs=55 cs=0 l=1 rev1=1 crypto rx=0x7f25ec0098e0 tx=0x7f25ec009250 comp rx=0 tx=0).stop
2023-09-13T07:21:55.632 INFO:teuthology.orchestra.run.smithi046.stdout:/usr/bin/ceph: stderr
2023-09-13T07:21:55.021+0000 7f2602502700 1 -- 172.21.15.46:0/3619971955 shutdown_connections
2023-09-13T07:21:55.632 INFO:teuthology.orchestra.run.smithi046.stdout:/usr/bin/ceph: stderr
2023-09-13T07:21:55.021+0000 7f2602502700 1 --2- 172.21.15.46:0/3619971955 >> [v2:172.21.15.46:3300/0,v1:172.21.15.46:6789/0] conn(0x7f25fc077c20 0x7f25fc076130 unknown :-1 s=CLOSED pgs=55 cs=0 l=1 rev1=1 crypto rx=0 tx=0 comp rx=0 tx=0).stop
2023-09-13T07:21:55.632 INFO:teuthology.orchestra.run.smithi046.stdout:/usr/bin/ceph: stderr
2023-09-13T07:21:55.021+0000 7f2602502700 1 -- 172.21.15.46:0/3619971955 >> 172.21.15.46:0/3619971955 conn(0x7f25fc0fda10 msgr2=0x7f25fc0ffe40 unknown :-1 s=STATE_NONE l=0).mark_down
2023-09-13T07:21:55.632 INFO:teuthology.orchestra.run.smithi046.stdout:/usr/bin/ceph: stderr
2023-09-13T07:21:55.021+0000 7f2602502700 1 -- 172.21.15.46:0/3619971955 shutdown_connections
2023-09-13T07:21:55.632 INFO:teuthology.orchestra.run.smithi046.stdout:/usr/bin/ceph: stderr
2023-09-13T07:21:55.021+0000 7f2602502700 1 -- 172.21.15.46:0/3619971955 wait complete.
2023-09-13T07:21:55.633 INFO:teuthology.orchestra.run.smithi046.stdout:/usr/bin/ceph: stderr
2023-09-13T07:21:55.022+0000 7f2602502700 1 Processor -- start
2023-09-13T07:21:55.633 INFO:teuthology.orchestra.run.smithi046.stdout:/usr/bin/ceph: stderr
2023-09-13T07:21:55.022+0000 7f2602502700 1 -- start start
2023-09-13T07:21:55.633 INFO:teuthology.orchestra.run.smithi046.stdout:/usr/bin/ceph: stderr
2023-09-13T07:21:55.022+0000 7f2602502700 1 --2- >> [v2:172.21.15.46:3300/0,v1:172.21.15.46:6789/0] conn(0x7f25fc077c20 0x7f25fc1132e0 unknown :-1 s=NONE pgs=0 cs=0 l=1 rev1=0 crypto rx=0 tx=0 comp rx=0 tx=0).connect
2023-09-13T07:21:55.633 INFO:teuthology.orchestra.run.smithi046.stdout:/usr/bin/ceph: stderr
2023-09-13T07:21:55.022+0000 7f2602502700 1 -- --> [v2:172.21.15.46:3300/0,v1:172.21.15.46:6789/0] -- mon_getmap magic: 0 v1 -- 0x7f25fc113820 con 0x7f25fc077c20
2023-09-13T07:21:55.633 INFO:teuthology.orchestra.run.smithi046.stdout:/usr/bin/ceph: stderr
2023-09-13T07:21:55.022+0000 7f25fbfff700 1 --2- >> [v2:172.21.15.46:3300/0,v1:172.21.15.46:6789/0] conn(0x7f25fc077c20 0x7f25fc1132e0 unknown :-1 s=BANNER_CONNECTING pgs=0 cs=0 l=1 rev1=0 crypto rx=0 tx=0 comp rx=0 tx=0)._handle_peer_banner_payload supported=3 required=0
2023-09-13T07:21:55.634 INFO:teuthology.orchestra.run.smithi046.stdout:/usr/bin/ceph: stderr
2023-09-13T07:21:55.022+0000 7f25fbfff700 1 --2- >> [v2:172.21.15.46:3300/0,v1:172.21.15.46:6789/0] conn(0x7f25fc077c20 0x7f25fc1132e0 unknown :-1 s=HELLO_CONNECTING pgs=0 cs=0 l=1 rev1=1 crypto rx=0 tx=0 comp rx=0 tx=0).handle_hello peer v2:172.21.15.46:3300/0 says I am v2:172.21.15.46:37920/0 (socket says 172.21.15.46:37920)
2023-09-13T07:21:55.634 INFO:teuthology.orchestra.run.smithi046.stdout:/usr/bin/ceph: stderr
2023-09-13T07:21:55.022+0000 7f25fbfff700 1 -- 172.21.15.46:0/751440497 learned_addr learned my addr 172.21.15.46:0/751440497 (peer_addr_for_me v2:172.21.15.46:0/0)
2023-09-13T07:21:55.634 INFO:teuthology.orchestra.run.smithi046.stdout:/usr/bin/ceph: stderr
2023-09-13T07:21:55.023+0000 7f25fbfff700 1 -- 172.21.15.46:0/751440497 --> [v2:172.21.15.46:3300/0,v1:172.21.15.46:6789/0] -- mon_subscribe({config=0+,monmap=0+}) v3 -- 0x7f25ec0094f0 con 0x7f25fc077c20
2023-09-13T07:21:55.634 INFO:teuthology.orchestra.run.smithi046.stdout:/usr/bin/ceph: stderr
2023-09-13T07:21:55.023+0000 7f25fbfff700 1 --2- 172.21.15.46:0/751440497 >> [v2:172.21.15.46:3300/0,v1:172.21.15.46:6789/0] conn(0x7f25fc077c20 0x7f25fc1132e0 secure :-1 s=READY pgs=56 cs=0 l=1 rev1=1 crypto rx=0x7f25ec00ba70 tx=0x7f25ec009250 comp rx=0 tx=0).ready entity=mon.0 client_cookie=0 server_cookie=0 in_seq=0 out_seq=0
2023-09-13T07:21:55.634 INFO:teuthology.orchestra.run.smithi046.stdout:/usr/bin/ceph: stderr
2023-09-13T07:21:55.023+0000 7f25f8ff9700 1 -- 172.21.15.46:0/751440497 <== mon.0 v2:172.21.15.46:3300/0 1 ==== mon_map magic: 0 v1 ==== 229+0+0 (secure 0 0 0) 0x7f25ec010960 con 0x7f25fc077c20
2023-09-13T07:21:55.635 INFO:teuthology.orchestra.run.smithi046.stdout:/usr/bin/ceph: stderr
2023-09-13T07:21:55.023+0000 7f25f8ff9700 1 -- 172.21.15.46:0/751440497 <== mon.0 v2:172.21.15.46:3300/0 2 ==== config(26 keys) v1 ==== 1074+0+0 (secure 0 0 0) 0x7f25ec024430 con 0x7f25fc077c20
2023-09-13T07:21:55.635 INFO:teuthology.orchestra.run.smithi046.stdout:/usr/bin/ceph: stderr
2023-09-13T07:21:55.023+0000 7f25f8ff9700 1 -- 172.21.15.46:0/751440497 <== mon.0 v2:172.21.15.46:3300/0 3 ==== mon_map magic: 0 v1 ==== 229+0+0 (secure 0 0 0) 0x7f25ec01a5f0 con 0x7f25fc077c20
2023-09-13T07:21:55.635 INFO:teuthology.orchestra.run.smithi046.stdout:/usr/bin/ceph: stderr
2023-09-13T07:21:55.023+0000 7f2602502700 1 -- 172.21.15.46:0/751440497 --> [v2:172.21.15.46:3300/0,v1:172.21.15.46:6789/0] -- mon_subscribe({mgrmap=0+}) v3 -- 0x7f25fc113a20 con 0x7f25fc077c20
2023-09-13T07:21:55.635 INFO:teuthology.orchestra.run.smithi046.stdout:/usr/bin/ceph: stderr
2023-09-13T07:21:55.023+0000 7f2602502700 1 -- 172.21.15.46:0/751440497 --> [v2:172.21.15.46:3300/0,v1:172.21.15.46:6789/0] -- mon_subscribe({osdmap=0}) v3 -- 0x7f25fc113e30 con 0x7f25fc077c20
2023-09-13T07:21:55.635 INFO:teuthology.orchestra.run.smithi046.stdout:/usr/bin/ceph: stderr
2023-09-13T07:21:55.024+0000 7f25f8ff9700 1 -- 172.21.15.46:0/751440497 <== mon.0 v2:172.21.15.46:3300/0 4 ==== mgrmap(e 8) v1 ==== 43234+0+0 (secure 0 0 0) 0x7f25ec0249f0 con 0x7f25fc077c20
2023-09-13T07:21:55.636 INFO:teuthology.orchestra.run.smithi046.stdout:/usr/bin/ceph: stderr
2023-09-13T07:21:55.025+0000 7f2602502700 1 -- 172.21.15.46:0/751440497 --> [v2:172.21.15.46:3300/0,v1:172.21.15.46:6789/0] -- mon_command({"prefix": "get_command_descriptions"} v 0) v1 -- 0x7f25fc04bb40 con 0x7f25fc077c20
2023-09-13T07:21:55.636 INFO:teuthology.orchestra.run.smithi046.stdout:/usr/bin/ceph: stderr
2023-09-13T07:21:55.025+0000 7f25f8ff9700 1 --2- 172.21.15.46:0/751440497 >> [v2:172.21.15.46:6800/237204210,v1:172.21.15.46:6801/237204210] conn(0x7f25e40365f0 0x7f25e4038aa0 unknown :-1 s=NONE pgs=0 cs=0 l=1 rev1=0 crypto rx=0 tx=0 comp rx=0 tx=0).connect
2023-09-13T07:21:55.636 INFO:teuthology.orchestra.run.smithi046.stdout:/usr/bin/ceph: stderr
2023-09-13T07:21:55.025+0000 7f25f8ff9700 1 -- 172.21.15.46:0/751440497 <== mon.0 v2:172.21.15.46:3300/0 5 ==== osd_map(2..2 src has 1..2) v4 ==== 936+0+0 (secure 0 0 0) 0x7f25ec04a2a0 con 0x7f25fc077c20
2023-09-13T07:21:55.636 INFO:teuthology.orchestra.run.smithi046.stdout:/usr/bin/ceph: stderr
2023-09-13T07:21:55.025+0000 7f25fb7fe700 1 --2- 172.21.15.46:0/751440497 >> [v2:172.21.15.46:6800/237204210,v1:172.21.15.46:6801/237204210] conn(0x7f25e40365f0 0x7f25e4038aa0 unknown :-1 s=BANNER_CONNECTING pgs=0 cs=0 l=1 rev1=0 crypto rx=0 tx=0 comp rx=0 tx=0)._handle_peer_banner_payload supported=3 required=0
2023-09-13T07:21:55.636 INFO:teuthology.orchestra.run.smithi046.stdout:/usr/bin/ceph: stderr
2023-09-13T07:21:55.026+0000 7f25fb7fe700 1 --2- 172.21.15.46:0/751440497 >> [v2:172.21.15.46:6800/237204210,v1:172.21.15.46:6801/237204210] conn(0x7f25e40365f0 0x7f25e4038aa0 secure :-1 s=READY pgs=15 cs=0 l=1 rev1=1 crypto rx=0x7f25f0009990 tx=0x7f25f0006e40 comp rx=0 tx=0).ready entity=mgr.14122 client_cookie=0 server_cookie=0 in_seq=0 out_seq=0
2023-09-13T07:21:55.637 INFO:teuthology.orchestra.run.smithi046.stdout:/usr/bin/ceph: stderr
2023-09-13T07:21:55.030+0000 7f25f8ff9700 1 -- 172.21.15.46:0/751440497 <== mon.0 v2:172.21.15.46:3300/0 6 ==== mon_command_ack([{"prefix": "get_command_descriptions"}]=0 v0) v1 ==== 72+0+174521 (secure 0 0 0) 0x7f25ec022920 con 0x7f25fc077c20
2023-09-13T07:21:55.637 INFO:teuthology.orchestra.run.smithi046.stdout:/usr/bin/ceph: stderr
2023-09-13T07:21:55.247+0000 7f2602502700 1 -- 172.21.15.46:0/751440497 --> [v2:172.21.15.46:6800/237204210,v1:172.21.15.46:6801/237204210] -- mgr_command(tid 0: {"prefix": "orch apply", "service_type": "prometheus", "target": ["mon-mgr", ""]}) v1 -- 0x7f25fc0ffd20 con 0x7f25e40365f0
2023-09-13T07:21:55.637 INFO:teuthology.orchestra.run.smithi046.stdout:/usr/bin/ceph: stderr
2023-09-13T07:21:55.253+0000 7f25f8ff9700 1 -- 172.21.15.46:0/751440497 <== mgr.14122 v2:172.21.15.46:6800/237204210 1 ==== mgr_command_reply(tid 0: 0 ) v1 ==== 8+0+31 (secure 0 0 0) 0x7f25fc0ffd20 con 0x7f25e40365f0
2023-09-13T07:21:55.637 INFO:teuthology.orchestra.run.smithi046.stdout:/usr/bin/ceph: stderr
2023-09-13T07:21:55.255+0000 7f2602502700 1 -- 172.21.15.46:0/751440497 >> [v2:172.21.15.46:6800/237204210,v1:172.21.15.46:6801/237204210] conn(0x7f25e40365f0 msgr2=0x7f25e4038aa0 secure :-1 s=STATE_CONNECTION_ESTABLISHED l=1).mark_down
2023-09-13T07:21:55.638 INFO:teuthology.orchestra.run.smithi046.stdout:/usr/bin/ceph: stderr
2023-09-13T07:21:55.255+0000 7f2602502700 1 --2- 172.21.15.46:0/751440497 >> [v2:172.21.15.46:6800/237204210,v1:172.21.15.46:6801/237204210] conn(0x7f25e40365f0 0x7f25e4038aa0 secure :-1 s=READY pgs=15 cs=0 l=1 rev1=1 crypto rx=0x7f25f0009990 tx=0x7f25f0006e40 comp rx=0 tx=0).stop
2023-09-13T07:21:55.638 INFO:teuthology.orchestra.run.smithi046.stdout:/usr/bin/ceph: stderr
2023-09-13T07:21:55.255+0000 7f2602502700 1 -- 172.21.15.46:0/751440497 >> [v2:172.21.15.46:3300/0,v1:172.21.15.46:6789/0] conn(0x7f25fc077c20 msgr2=0x7f25fc1132e0 secure :-1 s=STATE_CONNECTION_ESTABLISHED l=1).mark_down
2023-09-13T07:21:55.638 INFO:teuthology.orchestra.run.smithi046.stdout:/usr/bin/ceph: stderr
2023-09-13T07:21:55.255+0000 7f2602502700 1 --2- 172.21.15.46:0/751440497 >> [v2:172.21.15.46:3300/0,v1:172.21.15.46:6789/0] conn(0x7f25fc077c20 0x7f25fc1132e0 secure :-1 s=READY pgs=56 cs=0 l=1 rev1=1 crypto rx=0x7f25ec00ba70 tx=0x7f25ec009250 comp rx=0 tx=0).stop
2023-09-13T07:21:55.638 INFO:teuthology.orchestra.run.smithi046.stdout:/usr/bin/ceph: stderr
2023-09-13T07:21:55.255+0000 7f2602502700 1 -- 172.21.15.46:0/751440497 shutdown_connections
2023-09-13T07:21:55.638 INFO:teuthology.orchestra.run.smithi046.stdout:/usr/bin/ceph: stderr
2023-09-13T07:21:55.255+0000 7f2602502700 1 --2- 172.21.15.46:0/751440497 >> [v2:172.21.15.46:6800/237204210,v1:172.21.15.46:6801/237204210] conn(0x7f25e40365f0 0x7f25e4038aa0 unknown :-1 s=CLOSED pgs=15 cs=0 l=1 rev1=1 crypto rx=0 tx=0 comp rx=0 tx=0).stop
2023-09-13T07:21:55.639 INFO:teuthology.orchestra.run.smithi046.stdout:/usr/bin/ceph: stderr
2023-09-13T07:21:55.255+0000 7f2602502700 1 --2- 172.21.15.46:0/751440497 >> [v2:172.21.15.46:3300/0,v1:172.21.15.46:6789/0] conn(0x7f25fc077c20 0x7f25fc1132e0 unknown :-1 s=CLOSED pgs=56 cs=0 l=1 rev1=1 crypto rx=0 tx=0 comp rx=0 tx=0).stop
2023-09-13T07:21:55.639 INFO:teuthology.orchestra.run.smithi046.stdout:/usr/bin/ceph: stderr
2023-09-13T07:21:55.255+0000 7f2602502700 1 -- 172.21.15.46:0/751440497 >> 172.21.15.46:0/751440497 conn(0x7f25fc0fda10 msgr2=0x7f25fc0ff100 unknown :-1 s=STATE_NONE l=0).mark_down
2023-09-13T07:21:55.639 INFO:teuthology.orchestra.run.smithi046.stdout:/usr/bin/ceph: stderr
2023-09-13T07:21:55.255+0000 7f2602502700 1 -- 172.21.15.46:0/751440497 shutdown_connections
2023-09-13T07:21:55.639 INFO:teuthology.orchestra.run.smithi046.stdout:/usr/bin/ceph: stderr
2023-09-13T07:21:55.255+0000 7f2602502700 1 -- 172.21.15.46:0/751440497 wait complete.
2023-09-13T07:21:55.639 INFO:teuthology.orchestra.run.smithi046.stdout:Deploying grafana service with default placement...
2023-09-13T07:21:56.012 INFO:journalctl@ceph.mon.smithi046.smithi046.stdout:Sep 13 07:21:55 smithi046 ceph-mon[106850]: from='client.14148 -' entity='client.admin' cmd=[{"prefix": "orch apply", "service_type": "crash", "target": ["mon-mgr", ""]}]: dispatch
2023-09-13T07:21:56.012 INFO:journalctl@ceph.mon.smithi046.smithi046.stdout:Sep 13 07:21:55 smithi046 ceph-mon[106850]: Saving service crash spec with placement *
2023-09-13T07:21:56.012 INFO:journalctl@ceph.mon.smithi046.smithi046.stdout:Sep 13 07:21:55 smithi046 ceph-mon[106850]: from='mgr.14122 172.21.15.46:0/643241760' entity='mgr.smithi046.mwnwiv'
2023-09-13T07:21:56.012 INFO:journalctl@ceph.mon.smithi046.smithi046.stdout:Sep 13 07:21:55 smithi046 ceph-mon[106850]: from='mgr.14122 172.21.15.46:0/643241760' entity='mgr.smithi046.mwnwiv'
2023-09-13T07:21:56.628 INFO:teuthology.orchestra.run.smithi046.stdout:/usr/bin/ceph: stdout Scheduled grafana update...
2023-09-13T07:21:56.628 INFO:teuthology.orchestra.run.smithi046.stdout:/usr/bin/ceph: stderr
2023-09-13T07:21:56.061+0000 7f983a123700 1 Processor -- start
2023-09-13T07:21:56.628 INFO:teuthology.orchestra.run.smithi046.stdout:/usr/bin/ceph: stderr
2023-09-13T07:21:56.062+0000 7f983a123700 1 -- start start
2023-09-13T07:21:56.629 INFO:teuthology.orchestra.run.smithi046.stdout:/usr/bin/ceph: stderr
2023-09-13T07:21:56.062+0000 7f983a123700 1 --2- >> [v2:172.21.15.46:3300/0,v1:172.21.15.46:6789/0] conn(0x7f98341022b0 0x7f98341026c0 unknown :-1 s=NONE pgs=0 cs=0 l=0 rev1=0 crypto rx=0 tx=0 comp rx=0 tx=0).connect
2023-09-13T07:21:56.629 INFO:teuthology.orchestra.run.smithi046.stdout:/usr/bin/ceph: stderr
2023-09-13T07:21:56.062+0000 7f983a123700 1 -- --> [v2:172.21.15.46:3300/0,v1:172.21.15.46:6789/0] -- mon_getmap magic: 0 v1 -- 0x7f9834102c00 con 0x7f98341022b0
2023-09-13T07:21:56.629 INFO:teuthology.orchestra.run.smithi046.stdout:/usr/bin/ceph: stderr
2023-09-13T07:21:56.063+0000 7f98337fe700 1 --2- >> [v2:172.21.15.46:3300/0,v1:172.21.15.46:6789/0] conn(0x7f98341022b0 0x7f98341026c0 unknown :-1 s=BANNER_CONNECTING pgs=0 cs=0 l=0 rev1=0 crypto rx=0 tx=0 comp rx=0 tx=0)._handle_peer_banner_payload supported=3 required=0
2023-09-13T07:21:56.629 INFO:teuthology.orchestra.run.smithi046.stdout:/usr/bin/ceph: stderr
2023-09-13T07:21:56.063+0000 7f98337fe700 1 --2- >> [v2:172.21.15.46:3300/0,v1:172.21.15.46:6789/0] conn(0x7f98341022b0 0x7f98341026c0 unknown :-1 s=HELLO_CONNECTING pgs=0 cs=0 l=0 rev1=1 crypto rx=0 tx=0 comp rx=0 tx=0).handle_hello peer v2:172.21.15.46:3300/0 says I am v2:172.21.15.46:37922/0 (socket says 172.21.15.46:37922)
2023-09-13T07:21:56.629 INFO:teuthology.orchestra.run.smithi046.stdout:/usr/bin/ceph: stderr
2023-09-13T07:21:56.063+0000 7f98337fe700 1 -- 172.21.15.46:0/1838281330 learned_addr learned my addr 172.21.15.46:0/1838281330 (peer_addr_for_me v2:172.21.15.46:0/0)
2023-09-13T07:21:56.634 INFO:teuthology.orchestra.run.smithi046.stdout:/usr/bin/ceph: stderr
2023-09-13T07:21:56.063+0000 7f98337fe700 1 -- 172.21.15.46:0/1838281330 --> [v2:172.21.15.46:3300/0,v1:172.21.15.46:6789/0] -- mon_subscribe({config=0+,monmap=0+}) v3 -- 0x7f9834102d40 con 0x7f98341022b0
2023-09-13T07:21:56.634 INFO:teuthology.orchestra.run.smithi046.stdout:/usr/bin/ceph: stderr
2023-09-13T07:21:56.063+0000 7f98337fe700 1 --2- 172.21.15.46:0/1838281330 >> [v2:172.21.15.46:3300/0,v1:172.21.15.46:6789/0] conn(0x7f98341022b0 0x7f98341026c0 secure :-1 s=READY pgs=57 cs=0 l=1 rev1=1 crypto rx=0x7f98240098e0 tx=0x7f9824009250 comp rx=0 tx=0).ready entity=mon.0 client_cookie=c49748a7bdec110f server_cookie=0 in_seq=0 out_seq=0
2023-09-13T07:21:56.634 INFO:teuthology.orchestra.run.smithi046.stdout:/usr/bin/ceph: stderr
2023-09-13T07:21:56.063+0000 7f98327fc700 1 -- 172.21.15.46:0/1838281330 <== mon.0 v2:172.21.15.46:3300/0 1 ==== mon_map magic: 0 v1 ==== 229+0+0 (secure 0 0 0) 0x7f982400b860 con 0x7f98341022b0
2023-09-13T07:21:56.634 INFO:teuthology.orchestra.run.smithi046.stdout:/usr/bin/ceph: stderr
2023-09-13T07:21:56.064+0000 7f98327fc700 1 -- 172.21.15.46:0/1838281330 <== mon.0 v2:172.21.15.46:3300/0 2 ==== config(26 keys) v1 ==== 1074+0+0 (secure 0 0 0) 0x7f982400be70 con 0x7f98341022b0
2023-09-13T07:21:56.634 INFO:teuthology.orchestra.run.smithi046.stdout:/usr/bin/ceph: stderr
2023-09-13T07:21:56.064+0000 7f98327fc700 1 -- 172.21.15.46:0/1838281330 <== mon.0 v2:172.21.15.46:3300/0 3 ==== mon_map magic: 0 v1 ==== 229+0+0 (secure 0 0 0) 0x7f9824010380 con 0x7f98341022b0
2023-09-13T07:21:56.635 INFO:teuthology.orchestra.run.smithi046.stdout:/usr/bin/ceph: stderr
2023-09-13T07:21:56.064+0000 7f983a123700 1 -- 172.21.15.46:0/1838281330 >> [v2:172.21.15.46:3300/0,v1:172.21.15.46:6789/0] conn(0x7f98341022b0 msgr2=0x7f98341026c0 secure :-1 s=STATE_CONNECTION_ESTABLISHED l=1).mark_down
2023-09-13T07:21:56.635 INFO:teuthology.orchestra.run.smithi046.stdout:/usr/bin/ceph: stderr
2023-09-13T07:21:56.064+0000 7f983a123700 1 --2- 172.21.15.46:0/1838281330 >> [v2:172.21.15.46:3300/0,v1:172.21.15.46:6789/0] conn(0x7f98341022b0 0x7f98341026c0 secure :-1 s=READY pgs=57 cs=0 l=1 rev1=1 crypto rx=0x7f98240098e0 tx=0x7f9824009250 comp rx=0 tx=0).stop
2023-09-13T07:21:56.635 INFO:teuthology.orchestra.run.smithi046.stdout:/usr/bin/ceph: stderr
2023-09-13T07:21:56.064+0000 7f983a123700 1 -- 172.21.15.46:0/1838281330 shutdown_connections
2023-09-13T07:21:56.635 INFO:teuthology.orchestra.run.smithi046.stdout:/usr/bin/ceph: stderr
2023-09-13T07:21:56.064+0000 7f983a123700 1 --2- 172.21.15.46:0/1838281330 >> [v2:172.21.15.46:3300/0,v1:172.21.15.46:6789/0] conn(0x7f98341022b0 0x7f98341026c0 unknown :-1 s=CLOSED pgs=57 cs=0 l=1 rev1=1 crypto rx=0 tx=0 comp rx=0 tx=0).stop
2023-09-13T07:21:56.635 INFO:teuthology.orchestra.run.smithi046.stdout:/usr/bin/ceph: stderr
2023-09-13T07:21:56.064+0000 7f983a123700 1 -- 172.21.15.46:0/1838281330 >> 172.21.15.46:0/1838281330 conn(0x7f98340fda10 msgr2=0x7f98340ffe40 unknown :-1 s=STATE_NONE l=0).mark_down
2023-09-13T07:21:56.636 INFO:teuthology.orchestra.run.smithi046.stdout:/usr/bin/ceph: stderr
2023-09-13T07:21:56.064+0000 7f983a123700 1 -- 172.21.15.46:0/1838281330 shutdown_connections
2023-09-13T07:21:56.636 INFO:teuthology.orchestra.run.smithi046.stdout:/usr/bin/ceph: stderr
2023-09-13T07:21:56.064+0000 7f983a123700 1 -- 172.21.15.46:0/1838281330 wait complete.
2023-09-13T07:21:56.636 INFO:teuthology.orchestra.run.smithi046.stdout:/usr/bin/ceph: stderr
2023-09-13T07:21:56.065+0000 7f983a123700 1 Processor -- start
2023-09-13T07:21:56.636 INFO:teuthology.orchestra.run.smithi046.stdout:/usr/bin/ceph: stderr
2023-09-13T07:21:56.065+0000 7f983a123700 1 -- start start
2023-09-13T07:21:56.636 INFO:teuthology.orchestra.run.smithi046.stdout:/usr/bin/ceph: stderr
2023-09-13T07:21:56.066+0000 7f983a123700 1 --2- >> [v2:172.21.15.46:3300/0,v1:172.21.15.46:6789/0] conn(0x7f98341022b0 0x7f98341132b0 unknown :-1 s=NONE pgs=0 cs=0 l=1 rev1=0 crypto rx=0 tx=0 comp rx=0 tx=0).connect
2023-09-13T07:21:56.637 INFO:teuthology.orchestra.run.smithi046.stdout:/usr/bin/ceph: stderr
2023-09-13T07:21:56.066+0000 7f983a123700 1 -- --> [v2:172.21.15.46:3300/0,v1:172.21.15.46:6789/0] -- mon_getmap magic: 0 v1 -- 0x7f98341137f0 con 0x7f98341022b0
2023-09-13T07:21:56.637 INFO:teuthology.orchestra.run.smithi046.stdout:/usr/bin/ceph: stderr
2023-09-13T07:21:56.066+0000 7f98337fe700 1 --2- >> [v2:172.21.15.46:3300/0,v1:172.21.15.46:6789/0] conn(0x7f98341022b0 0x7f98341132b0 unknown :-1 s=BANNER_CONNECTING pgs=0 cs=0 l=1 rev1=0 crypto rx=0 tx=0 comp rx=0 tx=0)._handle_peer_banner_payload supported=3 required=0
2023-09-13T07:21:56.637 INFO:teuthology.orchestra.run.smithi046.stdout:/usr/bin/ceph: stderr
2023-09-13T07:21:56.066+0000 7f98337fe700 1 --2- >> [v2:172.21.15.46:3300/0,v1:172.21.15.46:6789/0] conn(0x7f98341022b0 0x7f98341132b0 unknown :-1 s=HELLO_CONNECTING pgs=0 cs=0 l=1 rev1=1 crypto rx=0 tx=0 comp rx=0 tx=0).handle_hello peer v2:172.21.15.46:3300/0 says I am v2:172.21.15.46:37934/0 (socket says 172.21.15.46:37934)
2023-09-13T07:21:56.637 INFO:teuthology.orchestra.run.smithi046.stdout:/usr/bin/ceph: stderr
2023-09-13T07:21:56.066+0000 7f98337fe700 1 -- 172.21.15.46:0/2327251614 learned_addr learned my addr 172.21.15.46:0/2327251614 (peer_addr_for_me v2:172.21.15.46:0/0)
2023-09-13T07:21:56.637 INFO:teuthology.orchestra.run.smithi046.stdout:/usr/bin/ceph: stderr
2023-09-13T07:21:56.066+0000 7f98337fe700 1 -- 172.21.15.46:0/2327251614 --> [v2:172.21.15.46:3300/0,v1:172.21.15.46:6789/0] -- mon_subscribe({config=0+,monmap=0+}) v3 -- 0x7f98240094f0 con 0x7f98341022b0
2023-09-13T07:21:56.638 INFO:teuthology.orchestra.run.smithi046.stdout:/usr/bin/ceph: stderr
2023-09-13T07:21:56.067+0000 7f98337fe700 1 --2- 172.21.15.46:0/2327251614 >> [v2:172.21.15.46:3300/0,v1:172.21.15.46:6789/0] conn(0x7f98341022b0 0x7f98341132b0 secure :-1 s=READY pgs=58 cs=0 l=1 rev1=1 crypto rx=0x7f9824003080 tx=0x7f9824009250 comp rx=0 tx=0).ready entity=mon.0 client_cookie=0 server_cookie=0 in_seq=0 out_seq=0
2023-09-13T07:21:56.638 INFO:teuthology.orchestra.run.smithi046.stdout:/usr/bin/ceph: stderr
2023-09-13T07:21:56.067+0000 7f981bfff700 1 -- 172.21.15.46:0/2327251614 <== mon.0 v2:172.21.15.46:3300/0 1 ==== mon_map magic: 0 v1 ==== 229+0+0 (secure 0 0 0) 0x7f9824010800 con 0x7f98341022b0
2023-09-13T07:21:56.638 INFO:teuthology.orchestra.run.smithi046.stdout:/usr/bin/ceph: stderr
2023-09-13T07:21:56.067+0000 7f981bfff700 1 -- 172.21.15.46:0/2327251614 <== mon.0 v2:172.21.15.46:3300/0 2 ==== config(26 keys) v1 ==== 1074+0+0 (secure 0 0 0) 0x7f9824010e10 con 0x7f98341022b0
2023-09-13T07:21:56.638 INFO:teuthology.orchestra.run.smithi046.stdout:/usr/bin/ceph: stderr
2023-09-13T07:21:56.067+0000 7f983a123700 1 -- 172.21.15.46:0/2327251614 --> [v2:172.21.15.46:3300/0,v1:172.21.15.46:6789/0] -- mon_subscribe({mgrmap=0+}) v3 -- 0x7f98341139f0 con 0x7f98341022b0
2023-09-13T07:21:56.638 INFO:teuthology.orchestra.run.smithi046.stdout:/usr/bin/ceph: stderr
2023-09-13T07:21:56.067+0000 7f981bfff700 1 -- 172.21.15.46:0/2327251614 <== mon.0 v2:172.21.15.46:3300/0 3 ==== mon_map magic: 0 v1 ==== 229+0+0 (secure 0 0 0) 0x7f982401a430 con 0x7f98341022b0
2023-09-13T07:21:56.639 INFO:teuthology.orchestra.run.smithi046.stdout:/usr/bin/ceph: stderr
2023-09-13T07:21:56.067+0000 7f983a123700 1 -- 172.21.15.46:0/2327251614 --> [v2:172.21.15.46:3300/0,v1:172.21.15.46:6789/0] -- mon_subscribe({osdmap=0}) v3 -- 0x7f9834113e00 con 0x7f98341022b0
2023-09-13T07:21:56.639 INFO:teuthology.orchestra.run.smithi046.stdout:/usr/bin/ceph: stderr
2023-09-13T07:21:56.068+0000 7f981bfff700 1 -- 172.21.15.46:0/2327251614 <== mon.0 v2:172.21.15.46:3300/0 4 ==== mgrmap(e 8) v1 ==== 43234+0+0 (secure 0 0 0) 0x7f9824010960 con 0x7f98341022b0
2023-09-13T07:21:56.639 INFO:teuthology.orchestra.run.smithi046.stdout:/usr/bin/ceph: stderr
2023-09-13T07:21:56.068+0000 7f983a123700 1 -- 172.21.15.46:0/2327251614 --> [v2:172.21.15.46:3300/0,v1:172.21.15.46:6789/0] -- mon_command({"prefix": "get_command_descriptions"} v 0) v1 -- 0x7f983404bb40 con 0x7f98341022b0
2023-09-13T07:21:56.639 INFO:teuthology.orchestra.run.smithi046.stdout:/usr/bin/ceph: stderr
2023-09-13T07:21:56.069+0000 7f981bfff700 1 --2- 172.21.15.46:0/2327251614 >> [v2:172.21.15.46:6800/237204210,v1:172.21.15.46:6801/237204210] conn(0x7f981c0365a0 0x7f981c038a50 unknown :-1 s=NONE pgs=0 cs=0 l=1 rev1=0 crypto rx=0 tx=0 comp rx=0 tx=0).connect
2023-09-13T07:21:56.639 INFO:teuthology.orchestra.run.smithi046.stdout:/usr/bin/ceph: stderr
2023-09-13T07:21:56.069+0000 7f981bfff700 1 -- 172.21.15.46:0/2327251614 <== mon.0 v2:172.21.15.46:3300/0 5 ==== osd_map(2..2 src has 1..2) v4 ==== 936+0+0 (secure 0 0 0) 0x7f982404a590 con 0x7f98341022b0
2023-09-13T07:21:56.640 INFO:teuthology.orchestra.run.smithi046.stdout:/usr/bin/ceph: stderr
2023-09-13T07:21:56.069+0000 7f9832ffd700 1 --2- 172.21.15.46:0/2327251614 >> [v2:172.21.15.46:6800/237204210,v1:172.21.15.46:6801/237204210] conn(0x7f981c0365a0 0x7f981c038a50 unknown :-1 s=BANNER_CONNECTING pgs=0 cs=0 l=1 rev1=0 crypto rx=0 tx=0 comp rx=0 tx=0)._handle_peer_banner_payload supported=3 required=0
2023-09-13T07:21:56.640 INFO:teuthology.orchestra.run.smithi046.stdout:/usr/bin/ceph: stderr
2023-09-13T07:21:56.070+0000 7f9832ffd700 1 --2- 172.21.15.46:0/2327251614 >> [v2:172.21.15.46:6800/237204210,v1:172.21.15.46:6801/237204210] conn(0x7f981c0365a0 0x7f981c038a50 secure :-1 s=READY pgs=16 cs=0 l=1 rev1=1 crypto rx=0x7f9828009990 tx=0x7f9828006e40 comp rx=0 tx=0).ready entity=mgr.14122 client_cookie=0 server_cookie=0 in_seq=0 out_seq=0
2023-09-13T07:21:56.640 INFO:teuthology.orchestra.run.smithi046.stdout:/usr/bin/ceph: stderr
2023-09-13T07:21:56.077+0000 7f981bfff700 1 -- 172.21.15.46:0/2327251614 <== mon.0 v2:172.21.15.46:3300/0 6 ==== mon_command_ack([{"prefix": "get_command_descriptions"}]=0 v0) v1 ==== 72+0+174521 (secure 0 0 0) 0x7f9824022990 con 0x7f98341022b0
2023-09-13T07:21:56.640 INFO:teuthology.orchestra.run.smithi046.stdout:/usr/bin/ceph: stderr
2023-09-13T07:21:56.300+0000 7f983a123700 1 -- 172.21.15.46:0/2327251614 --> [v2:172.21.15.46:6800/237204210,v1:172.21.15.46:6801/237204210] -- mgr_command(tid 0: {"prefix": "orch apply", "service_type": "grafana", "target": ["mon-mgr", ""]}) v1 -- 0x7f98340ffce0 con 0x7f981c0365a0
2023-09-13T07:21:56.640 INFO:teuthology.orchestra.run.smithi046.stdout:/usr/bin/ceph: stderr
