2023-09-13T07:21:35.042 INFO:teuthology.orchestra.run.smithi046.stdout:/usr/bin/ceph: stderr
2023-09-13T07:21:34.446+0000 7f9a2cfdf700 1 Processor -- start
2023-09-13T07:21:35.043 INFO:teuthology.orchestra.run.smithi046.stdout:/usr/bin/ceph: stderr
2023-09-13T07:21:34.446+0000 7f9a2cfdf700 1 -- start start
2023-09-13T07:21:35.043 INFO:teuthology.orchestra.run.smithi046.stdout:/usr/bin/ceph: stderr
2023-09-13T07:21:34.447+0000 7f9a2cfdf700 1 --2- >> [v2:172.21.15.46:3300/0,v1:172.21.15.46:6789/0] conn(0x7f9a28077c20 0x7f9a281132e0 unknown :-1 s=NONE pgs=0 cs=0 l=1 rev1=0 crypto rx=0 tx=0 comp rx=0 tx=0).connect
2023-09-13T07:21:35.043 INFO:teuthology.orchestra.run.smithi046.stdout:/usr/bin/ceph: stderr
2023-09-13T07:21:34.447+0000 7f9a2cfdf700 1 -- --> [v2:172.21.15.46:3300/0,v1:172.21.15.46:6789/0] -- mon_getmap magic: 0 v1 -- 0x7f9a28113820 con 0x7f9a28077c20
2023-09-13T07:21:35.043 INFO:teuthology.orchestra.run.smithi046.stdout:/usr/bin/ceph: stderr
2023-09-13T07:21:34.447+0000 7f9a2659c700 1 --2- >> [v2:172.21.15.46:3300/0,v1:172.21.15.46:6789/0] conn(0x7f9a28077c20 0x7f9a281132e0 unknown :-1 s=BANNER_CONNECTING pgs=0 cs=0 l=1 rev1=0 crypto rx=0 tx=0 comp rx=0 tx=0)._handle_peer_banner_payload supported=3 required=0
2023-09-13T07:21:35.044 INFO:teuthology.orchestra.run.smithi046.stdout:/usr/bin/ceph: stderr
2023-09-13T07:21:34.447+0000 7f9a2659c700 1 --2- >> [v2:172.21.15.46:3300/0,v1:172.21.15.46:6789/0] conn(0x7f9a28077c20 0x7f9a281132e0 unknown :-1 s=HELLO_CONNECTING pgs=0 cs=0 l=1 rev1=1 crypto rx=0 tx=0 comp rx=0 tx=0).handle_hello peer v2:172.21.15.46:3300/0 says I am v2:172.21.15.46:47100/0 (socket says 172.21.15.46:47100)
2023-09-13T07:21:35.044 INFO:teuthology.orchestra.run.smithi046.stdout:/usr/bin/ceph: stderr
2023-09-13T07:21:34.447+0000 7f9a2659c700 1 -- 172.21.15.46:0/945035331 learned_addr learned my addr 172.21.15.46:0/945035331 (peer_addr_for_me v2:172.21.15.46:0/0)
2023-09-13T07:21:35.044 INFO:teuthology.orchestra.run.smithi046.stdout:/usr/bin/ceph: stderr
2023-09-13T07:21:34.447+0000 7f9a2659c700 1 -- 172.21.15.46:0/945035331 --> [v2:172.21.15.46:3300/0,v1:172.21.15.46:6789/0] -- mon_subscribe({config=0+,monmap=0+}) v3 -- 0x7f9a180094f0 con 0x7f9a28077c20
2023-09-13T07:21:35.044 INFO:teuthology.orchestra.run.smithi046.stdout:/usr/bin/ceph: stderr
2023-09-13T07:21:34.448+0000 7f9a2659c700 1 --2- 172.21.15.46:0/945035331 >> [v2:172.21.15.46:3300/0,v1:172.21.15.46:6789/0] conn(0x7f9a28077c20 0x7f9a281132e0 secure :-1 s=READY pgs=29 cs=0 l=1 rev1=1 crypto rx=0x7f9a18006fd0 tx=0x7f9a18009250 comp rx=0 tx=0).ready entity=mon.0 client_cookie=0 server_cookie=0 in_seq=0 out_seq=0
2023-09-13T07:21:35.044 INFO:teuthology.orchestra.run.smithi046.stdout:/usr/bin/ceph: stderr
2023-09-13T07:21:34.448+0000 7f9a16ffd700 1 -- 172.21.15.46:0/945035331 <== mon.0 v2:172.21.15.46:3300/0 1 ==== mon_map magic: 0 v1 ==== 229+0+0 (secure 0 0 0) 0x7f9a18010800 con 0x7f9a28077c20
2023-09-13T07:21:35.045 INFO:teuthology.orchestra.run.smithi046.stdout:/usr/bin/ceph: stderr
2023-09-13T07:21:34.448+0000 7f9a16ffd700 1 -- 172.21.15.46:0/945035331 <== mon.0 v2:172.21.15.46:3300/0 2 ==== config(26 keys) v1 ==== 1009+0+0 (secure 0 0 0) 0x7f9a18010dd0 con 0x7f9a28077c20
2023-09-13T07:21:35.045 INFO:teuthology.orchestra.run.smithi046.stdout:/usr/bin/ceph: stderr
2023-09-13T07:21:34.448+0000 7f9a16ffd700 1 -- 172.21.15.46:0/945035331 <== mon.0 v2:172.21.15.46:3300/0 3 ==== mon_map magic: 0 v1 ==== 229+0+0 (secure 0 0 0) 0x7f9a1801add0 con 0x7f9a28077c20
2023-09-13T07:21:35.045 INFO:teuthology.orchestra.run.smithi046.stdout:/usr/bin/ceph: stderr
2023-09-13T07:21:34.448+0000 7f9a2cfdf700 1 -- 172.21.15.46:0/945035331 --> [v2:172.21.15.46:3300/0,v1:172.21.15.46:6789/0] -- mon_subscribe({mgrmap=0+}) v3 -- 0x7f9a28113a20 con 0x7f9a28077c20
2023-09-13T07:21:35.045 INFO:teuthology.orchestra.run.smithi046.stdout:/usr/bin/ceph: stderr
2023-09-13T07:21:34.448+0000 7f9a2cfdf700 1 -- 172.21.15.46:0/945035331 --> [v2:172.21.15.46:3300/0,v1:172.21.15.46:6789/0] -- mon_subscribe({osdmap=0}) v3 -- 0x7f9a28113e30 con 0x7f9a28077c20
2023-09-13T07:21:35.046 INFO:teuthology.orchestra.run.smithi046.stdout:/usr/bin/ceph: stderr
2023-09-13T07:21:34.449+0000 7f9a16ffd700 1 -- 172.21.15.46:0/945035331 <== mon.0 v2:172.21.15.46:3300/0 4 ==== mgrmap(e 5) v1 ==== 43234+0+0 (secure 0 0 0) 0x7f9a18010960 con 0x7f9a28077c20
2023-09-13T07:21:35.046 INFO:teuthology.orchestra.run.smithi046.stdout:/usr/bin/ceph: stderr
2023-09-13T07:21:34.449+0000 7f9a2cfdf700 1 -- 172.21.15.46:0/945035331 --> [v2:172.21.15.46:3300/0,v1:172.21.15.46:6789/0] -- mon_command({"prefix": "get_command_descriptions"} v 0) v1 -- 0x7f9a2804bb40 con 0x7f9a28077c20
2023-09-13T07:21:35.046 INFO:teuthology.orchestra.run.smithi046.stdout:/usr/bin/ceph: stderr
2023-09-13T07:21:34.450+0000 7f9a16ffd700 1 --2- 172.21.15.46:0/945035331 >> [v2:172.21.15.46:6800/2166017004,v1:172.21.15.46:6801/2166017004] conn(0x7f9a100365a0 0x7f9a10038a50 unknown :-1 s=NONE pgs=0 cs=0 l=1 rev1=0 crypto rx=0 tx=0 comp rx=0 tx=0).connect
2023-09-13T07:21:35.046 INFO:teuthology.orchestra.run.smithi046.stdout:/usr/bin/ceph: stderr
2023-09-13T07:21:34.450+0000 7f9a16ffd700 1 -- 172.21.15.46:0/945035331 <== mon.0 v2:172.21.15.46:3300/0 5 ==== osd_map(1..1 src has 1..1) v4 ==== 721+0+0 (secure 0 0 0) 0x7f9a1801e070 con 0x7f9a28077c20
2023-09-13T07:21:35.047 INFO:teuthology.orchestra.run.smithi046.stdout:/usr/bin/ceph: stderr
2023-09-13T07:21:34.450+0000 7f9a25d9b700 1 -- 172.21.15.46:0/945035331 >> [v2:172.21.15.46:6800/2166017004,v1:172.21.15.46:6801/2166017004] conn(0x7f9a100365a0 msgr2=0x7f9a10038a50 unknown :-1 s=STATE_CONNECTING_RE l=1).process reconnect failed to v2:172.21.15.46:6800/2166017004
2023-09-13T07:21:35.047 INFO:teuthology.orchestra.run.smithi046.stdout:/usr/bin/ceph: stderr
2023-09-13T07:21:34.450+0000 7f9a25d9b700 1 --2- 172.21.15.46:0/945035331 >> [v2:172.21.15.46:6800/2166017004,v1:172.21.15.46:6801/2166017004] conn(0x7f9a100365a0 0x7f9a10038a50 unknown :-1 s=START_CONNECT pgs=0 cs=0 l=1 rev1=0 crypto rx=0 tx=0 comp rx=0 tx=0)._fault waiting 0.200000
2023-09-13T07:21:35.047 INFO:teuthology.orchestra.run.smithi046.stdout:/usr/bin/ceph: stderr
2023-09-13T07:21:34.455+0000 7f9a16ffd700 1 -- 172.21.15.46:0/945035331 <== mon.0 v2:172.21.15.46:3300/0 6 ==== mon_command_ack([{"prefix": "get_command_descriptions"}]=0 v0) v1 ==== 72+0+174521 (secure 0 0 0) 0x7f9a1801a5c0 con 0x7f9a28077c20
2023-09-13T07:21:35.047 INFO:teuthology.orchestra.run.smithi046.stdout:/usr/bin/ceph: stderr
2023-09-13T07:21:34.651+0000 7f9a25d9b700 1 -- 172.21.15.46:0/945035331 >> [v2:172.21.15.46:6800/2166017004,v1:172.21.15.46:6801/2166017004] conn(0x7f9a100365a0 msgr2=0x7f9a10038a50 unknown :-1 s=STATE_CONNECTING_RE l=1).process reconnect failed to v2:172.21.15.46:6800/2166017004
2023-09-13T07:21:35.048 INFO:teuthology.orchestra.run.smithi046.stdout:/usr/bin/ceph: stderr
2023-09-13T07:21:34.651+0000 7f9a25d9b700 1 --2- 172.21.15.46:0/945035331 >> [v2:172.21.15.46:6800/2166017004,v1:172.21.15.46:6801/2166017004] conn(0x7f9a100365a0 0x7f9a10038a50 unknown :-1 s=START_CONNECT pgs=0 cs=0 l=1 rev1=0 crypto rx=0 tx=0 comp rx=0 tx=0)._fault waiting 0.400000
2023-09-13T07:21:35.048 INFO:teuthology.orchestra.run.smithi046.stdout:/usr/bin/ceph: stderr
2023-09-13T07:21:34.715+0000 7f9a2cfdf700 1 -- 172.21.15.46:0/945035331 --> [v2:172.21.15.46:3300/0,v1:172.21.15.46:6789/0] -- mon_command({"prefix": "mgr stat"} v 0) v1 -- 0x7f9a28114bf0 con 0x7f9a28077c20
2023-09-13T07:21:35.048 INFO:teuthology.orchestra.run.smithi046.stdout:/usr/bin/ceph: stderr
2023-09-13T07:21:34.716+0000 7f9a16ffd700 1 -- 172.21.15.46:0/945035331 <== mon.0 v2:172.21.15.46:3300/0 7 ==== mon_command_ack([{"prefix": "mgr stat"}]=0 v5) v1 ==== 56+0+103 (secure 0 0 0) 0x7f9a18020370 con 0x7f9a28077c20
2023-09-13T07:21:35.048 INFO:teuthology.orchestra.run.smithi046.stdout:/usr/bin/ceph: stderr
2023-09-13T07:21:34.718+0000 7f9a2cfdf700 1 -- 172.21.15.46:0/945035331 >> [v2:172.21.15.46:6800/2166017004,v1:172.21.15.46:6801/2166017004] conn(0x7f9a100365a0 msgr2=0x7f9a10038a50 unknown :-1 s=STATE_CONNECTING l=1).mark_down
2023-09-13T07:21:35.048 INFO:teuthology.orchestra.run.smithi046.stdout:/usr/bin/ceph: stderr
2023-09-13T07:21:34.718+0000 7f9a2cfdf700 1 --2- 172.21.15.46:0/945035331 >> [v2:172.21.15.46:6800/2166017004,v1:172.21.15.46:6801/2166017004] conn(0x7f9a100365a0 0x7f9a10038a50 unknown :-1 s=START_CONNECT pgs=0 cs=0 l=1 rev1=0 crypto rx=0 tx=0 comp rx=0 tx=0).stop
2023-09-13T07:21:35.049 INFO:teuthology.orchestra.run.smithi046.stdout:/usr/bin/ceph: stderr
2023-09-13T07:21:34.718+0000 7f9a2cfdf700 1 -- 172.21.15.46:0/945035331 >> [v2:172.21.15.46:3300/0,v1:172.21.15.46:6789/0] conn(0x7f9a28077c20 msgr2=0x7f9a281132e0 secure :-1 s=STATE_CONNECTION_ESTABLISHED l=1).mark_down
2023-09-13T07:21:35.049 INFO:teuthology.orchestra.run.smithi046.stdout:/usr/bin/ceph: stderr
2023-09-13T07:21:34.718+0000 7f9a2cfdf700 1 --2- 172.21.15.46:0/945035331 >> [v2:172.21.15.46:3300/0,v1:172.21.15.46:6789/0] conn(0x7f9a28077c20 0x7f9a281132e0 secure :-1 s=READY pgs=29 cs=0 l=1 rev1=1 crypto rx=0x7f9a18006fd0 tx=0x7f9a18009250 comp rx=0 tx=0).stop
2023-09-13T07:21:35.049 INFO:teuthology.orchestra.run.smithi046.stdout:/usr/bin/ceph: stderr
2023-09-13T07:21:34.719+0000 7f9a2cfdf700 1 -- 172.21.15.46:0/945035331 shutdown_connections
2023-09-13T07:21:35.049 INFO:teuthology.orchestra.run.smithi046.stdout:/usr/bin/ceph: stderr
2023-09-13T07:21:34.719+0000 7f9a2cfdf700 1 --2- 172.21.15.46:0/945035331 >> [v2:172.21.15.46:6800/2166017004,v1:172.21.15.46:6801/2166017004] conn(0x7f9a100365a0 0x7f9a10038a50 unknown :-1 s=CLOSED pgs=0 cs=0 l=1 rev1=0 crypto rx=0 tx=0 comp rx=0 tx=0).stop
2023-09-13T07:21:35.049 INFO:teuthology.orchestra.run.smithi046.stdout:/usr/bin/ceph: stderr
2023-09-13T07:21:34.719+0000 7f9a2cfdf700 1 --2- 172.21.15.46:0/945035331 >> [v2:172.21.15.46:3300/0,v1:172.21.15.46:6789/0] conn(0x7f9a28077c20 0x7f9a281132e0 unknown :-1 s=CLOSED pgs=29 cs=0 l=1 rev1=1 crypto rx=0 tx=0 comp rx=0 tx=0).stop
2023-09-13T07:21:35.050 INFO:teuthology.orchestra.run.smithi046.stdout:/usr/bin/ceph: stderr
2023-09-13T07:21:34.719+0000 7f9a2cfdf700 1 -- 172.21.15.46:0/945035331 >> 172.21.15.46:0/945035331 conn(0x7f9a280fda10 msgr2=0x7f9a280ff100 unknown :-1 s=STATE_NONE l=0).mark_down
2023-09-13T07:21:35.050 INFO:teuthology.orchestra.run.smithi046.stdout:/usr/bin/ceph: stderr
2023-09-13T07:21:34.719+0000 7f9a2cfdf700 1 -- 172.21.15.46:0/945035331 shutdown_connections
2023-09-13T07:21:35.050 INFO:teuthology.orchestra.run.smithi046.stdout:/usr/bin/ceph: stderr
2023-09-13T07:21:34.719+0000 7f9a2cfdf700 1 -- 172.21.15.46:0/945035331 wait complete.
2023-09-13T07:21:35.050 INFO:teuthology.orchestra.run.smithi046.stdout:Waiting for the mgr to restart...
2023-09-13T07:21:35.051 INFO:teuthology.orchestra.run.smithi046.stdout:Waiting for mgr epoch 5...
2023-09-13T07:21:36.012 INFO:journalctl@ceph.mon.smithi046.smithi046.stdout:Sep 13 07:21:35 smithi046 ceph-mon[106850]: from='client.? 172.21.15.46:0/945035331' entity='client.admin' cmd=[{"prefix": "mgr stat"}]: dispatch
2023-09-13T07:21:42.512 INFO:journalctl@ceph.mon.smithi046.smithi046.stdout:Sep 13 07:21:42 smithi046 ceph-mon[106850]: Active manager daemon smithi046.mwnwiv restarted
2023-09-13T07:21:42.512 INFO:journalctl@ceph.mon.smithi046.smithi046.stdout:Sep 13 07:21:42 smithi046 ceph-mon[106850]: Activating manager daemon smithi046.mwnwiv
2023-09-13T07:21:42.512 INFO:journalctl@ceph.mon.smithi046.smithi046.stdout:Sep 13 07:21:42 smithi046 ceph-mon[106850]: osdmap e2: 0 total, 0 up, 0 in
2023-09-13T07:21:42.512 INFO:journalctl@ceph.mon.smithi046.smithi046.stdout:Sep 13 07:21:42 smithi046 ceph-mon[106850]: mgrmap e6: smithi046.mwnwiv(active, starting, since 0.00378831s)
2023-09-13T07:21:42.513 INFO:journalctl@ceph.mon.smithi046.smithi046.stdout:Sep 13 07:21:42 smithi046 ceph-mon[106850]: from='mgr.14122 172.21.15.46:0/643241760' entity='mgr.smithi046.mwnwiv' cmd=[{"prefix": "mon metadata", "id": "smithi046"}]: dispatch
2023-09-13T07:21:42.513 INFO:journalctl@ceph.mon.smithi046.smithi046.stdout:Sep 13 07:21:42 smithi046 ceph-mon[106850]: from='mgr.14122 172.21.15.46:0/643241760' entity='mgr.smithi046.mwnwiv' cmd=[{"prefix": "mgr metadata", "who": "smithi046.mwnwiv", "id": "smithi046.mwnwiv"}]: dispatch
2023-09-13T07:21:42.513 INFO:journalctl@ceph.mon.smithi046.smithi046.stdout:Sep 13 07:21:42 smithi046 ceph-mon[106850]: from='mgr.14122 172.21.15.46:0/643241760' entity='mgr.smithi046.mwnwiv' cmd=[{"prefix": "mds metadata"}]: dispatch
2023-09-13T07:21:42.513 INFO:journalctl@ceph.mon.smithi046.smithi046.stdout:Sep 13 07:21:42 smithi046 ceph-mon[106850]: from='mgr.14122 172.21.15.46:0/643241760' entity='mgr.smithi046.mwnwiv' cmd=[{"prefix": "osd metadata"}]: dispatch
2023-09-13T07:21:42.513 INFO:journalctl@ceph.mon.smithi046.smithi046.stdout:Sep 13 07:21:42 smithi046 ceph-mon[106850]: from='mgr.14122 172.21.15.46:0/643241760' entity='mgr.smithi046.mwnwiv' cmd=[{"prefix": "mon metadata"}]: dispatch
2023-09-13T07:21:42.514 INFO:journalctl@ceph.mon.smithi046.smithi046.stdout:Sep 13 07:21:42 smithi046 ceph-mon[106850]: Manager daemon smithi046.mwnwiv is now available
2023-09-13T07:21:42.514 INFO:journalctl@ceph.mon.smithi046.smithi046.stdout:Sep 13 07:21:42 smithi046 ceph-mon[106850]: from='mgr.14122 172.21.15.46:0/643241760' entity='mgr.smithi046.mwnwiv'
2023-09-13T07:21:42.514 INFO:journalctl@ceph.mon.smithi046.smithi046.stdout:Sep 13 07:21:42 smithi046 ceph-mon[106850]: from='mgr.14122 172.21.15.46:0/643241760' entity='mgr.smithi046.mwnwiv'
2023-09-13T07:21:42.514 INFO:journalctl@ceph.mon.smithi046.smithi046.stdout:Sep 13 07:21:42 smithi046 ceph-mon[106850]: from='mgr.14122 172.21.15.46:0/643241760' entity='mgr.smithi046.mwnwiv' cmd=[{"prefix": "config dump", "format": "json"}]: dispatch
2023-09-13T07:21:42.515 INFO:journalctl@ceph.mon.smithi046.smithi046.stdout:Sep 13 07:21:42 smithi046 ceph-mon[106850]: from='mgr.14122 172.21.15.46:0/643241760' entity='mgr.smithi046.mwnwiv' cmd=[{"prefix": "config dump", "format": "json"}]: dispatch
2023-09-13T07:21:42.515 INFO:journalctl@ceph.mon.smithi046.smithi046.stdout:Sep 13 07:21:42 smithi046 ceph-mon[106850]: from='mgr.14122 172.21.15.46:0/643241760' entity='mgr.smithi046.mwnwiv' cmd=[{"prefix": "config dump", "format": "json"}]: dispatch
2023-09-13T07:21:43.565 INFO:teuthology.orchestra.run.smithi046.stdout:/usr/bin/ceph: stdout {
2023-09-13T07:21:43.565 INFO:journalctl@ceph.mon.smithi046.smithi046.stdout:Sep 13 07:21:43 smithi046 ceph-mon[106850]: Found migration_current of "None". Setting to last migration.
2023-09-13T07:21:43.565 INFO:journalctl@ceph.mon.smithi046.smithi046.stdout:Sep 13 07:21:43 smithi046 ceph-mon[106850]: from='mgr.14122 172.21.15.46:0/643241760' entity='mgr.smithi046.mwnwiv' cmd=[{"prefix":"config rm","who":"mgr","name":"mgr/rbd_support/smithi046.mwnwiv/mirror_snapshot_schedule"}]: dispatch
2023-09-13T07:21:43.566 INFO:journalctl@ceph.mon.smithi046.smithi046.stdout:Sep 13 07:21:43 smithi046 ceph-mon[106850]: from='mgr.14122 172.21.15.46:0/643241760' entity='mgr.smithi046.mwnwiv' cmd=[{"prefix":"config rm","who":"mgr","name":"mgr/rbd_support/smithi046.mwnwiv/trash_purge_schedule"}]: dispatch
2023-09-13T07:21:43.566 INFO:journalctl@ceph.mon.smithi046.smithi046.stdout:Sep 13 07:21:43 smithi046 ceph-mon[106850]: mgrmap e7: smithi046.mwnwiv(active, since 1.00667s)
2023-09-13T07:21:43.573 INFO:teuthology.orchestra.run.smithi046.stdout:/usr/bin/ceph: stdout "mgrmap_epoch": 7,
2023-09-13T07:21:43.573 INFO:teuthology.orchestra.run.smithi046.stdout:/usr/bin/ceph: stdout "initialized": true
2023-09-13T07:21:43.574 INFO:teuthology.orchestra.run.smithi046.stdout:/usr/bin/ceph: stdout }
2023-09-13T07:21:43.574 INFO:teuthology.orchestra.run.smithi046.stdout:/usr/bin/ceph: stderr
2023-09-13T07:21:35.426+0000 7fdc5e11e700 1 Processor -- start
2023-09-13T07:21:43.574 INFO:teuthology.orchestra.run.smithi046.stdout:/usr/bin/ceph: stderr
2023-09-13T07:21:35.426+0000 7fdc5e11e700 1 -- start start
2023-09-13T07:21:43.574 INFO:teuthology.orchestra.run.smithi046.stdout:/usr/bin/ceph: stderr
2023-09-13T07:21:35.426+0000 7fdc5e11e700 1 --2- >> [v2:172.21.15.46:3300/0,v1:172.21.15.46:6789/0] conn(0x7fdc58077c20 0x7fdc58076130 unknown :-1 s=NONE pgs=0 cs=0 l=0 rev1=0 crypto rx=0 tx=0 comp rx=0 tx=0).connect
2023-09-13T07:21:43.574 INFO:teuthology.orchestra.run.smithi046.stdout:/usr/bin/ceph: stderr
2023-09-13T07:21:35.426+0000 7fdc5e11e700 1 -- --> [v2:172.21.15.46:3300/0,v1:172.21.15.46:6789/0] -- mon_getmap magic: 0 v1 -- 0x7fdc58078030 con 0x7fdc58077c20
2023-09-13T07:21:43.575 INFO:teuthology.orchestra.run.smithi046.stdout:/usr/bin/ceph: stderr
2023-09-13T07:21:35.427+0000 7fdc577fe700 1 --2- >> [v2:172.21.15.46:3300/0,v1:172.21.15.46:6789/0] conn(0x7fdc58077c20 0x7fdc58076130 unknown :-1 s=BANNER_CONNECTING pgs=0 cs=0 l=0 rev1=0 crypto rx=0 tx=0 comp rx=0 tx=0)._handle_peer_banner_payload supported=3 required=0
2023-09-13T07:21:43.575 INFO:teuthology.orchestra.run.smithi046.stdout:/usr/bin/ceph: stderr
2023-09-13T07:21:35.427+0000 7fdc577fe700 1 --2- >> [v2:172.21.15.46:3300/0,v1:172.21.15.46:6789/0] conn(0x7fdc58077c20 0x7fdc58076130 unknown :-1 s=HELLO_CONNECTING pgs=0 cs=0 l=0 rev1=1 crypto rx=0 tx=0 comp rx=0 tx=0).handle_hello peer v2:172.21.15.46:3300/0 says I am v2:172.21.15.46:47112/0 (socket says 172.21.15.46:47112)
2023-09-13T07:21:43.575 INFO:teuthology.orchestra.run.smithi046.stdout:/usr/bin/ceph: stderr
2023-09-13T07:21:35.427+0000 7fdc577fe700 1 -- 172.21.15.46:0/3422726453 learned_addr learned my addr 172.21.15.46:0/3422726453 (peer_addr_for_me v2:172.21.15.46:0/0)
2023-09-13T07:21:43.575 INFO:teuthology.orchestra.run.smithi046.stdout:/usr/bin/ceph: stderr
2023-09-13T07:21:35.427+0000 7fdc577fe700 1 -- 172.21.15.46:0/3422726453 --> [v2:172.21.15.46:3300/0,v1:172.21.15.46:6789/0] -- mon_subscribe({config=0+,monmap=0+}) v3 -- 0x7fdc58076670 con 0x7fdc58077c20
2023-09-13T07:21:43.576 INFO:teuthology.orchestra.run.smithi046.stdout:/usr/bin/ceph: stderr
2023-09-13T07:21:35.427+0000 7fdc577fe700 1 --2- 172.21.15.46:0/3422726453 >> [v2:172.21.15.46:3300/0,v1:172.21.15.46:6789/0] conn(0x7fdc58077c20 0x7fdc58076130 secure :-1 s=READY pgs=30 cs=0 l=1 rev1=1 crypto rx=0x7fdc480098e0 tx=0x7fdc48009250 comp rx=0 tx=0).ready entity=mon.0 client_cookie=79c1676ea9d77839 server_cookie=0 in_seq=0 out_seq=0
2023-09-13T07:21:43.576 INFO:teuthology.orchestra.run.smithi046.stdout:/usr/bin/ceph: stderr
2023-09-13T07:21:35.428+0000 7fdc567fc700 1 -- 172.21.15.46:0/3422726453 <== mon.0 v2:172.21.15.46:3300/0 1 ==== mon_map magic: 0 v1 ==== 229+0+0 (secure 0 0 0) 0x7fdc4800b860 con 0x7fdc58077c20
2023-09-13T07:21:43.576 INFO:teuthology.orchestra.run.smithi046.stdout:/usr/bin/ceph: stderr
2023-09-13T07:21:35.428+0000 7fdc567fc700 1 -- 172.21.15.46:0/3422726453 <== mon.0 v2:172.21.15.46:3300/0 2 ==== config(26 keys) v1 ==== 1009+0+0 (secure 0 0 0) 0x7fdc4800be30 con 0x7fdc58077c20
2023-09-13T07:21:43.576 INFO:teuthology.orchestra.run.smithi046.stdout:/usr/bin/ceph: stderr
2023-09-13T07:21:35.428+0000 7fdc567fc700 1 -- 172.21.15.46:0/3422726453 <== mon.0 v2:172.21.15.46:3300/0 3 ==== mon_map magic: 0 v1 ==== 229+0+0 (secure 0 0 0) 0x7fdc48010380 con 0x7fdc58077c20
2023-09-13T07:21:43.576 INFO:teuthology.orchestra.run.smithi046.stdout:/usr/bin/ceph: stderr
2023-09-13T07:21:35.428+0000 7fdc5e11e700 1 -- 172.21.15.46:0/3422726453 >> [v2:172.21.15.46:3300/0,v1:172.21.15.46:6789/0] conn(0x7fdc58077c20 msgr2=0x7fdc58076130 secure :-1 s=STATE_CONNECTION_ESTABLISHED l=1).mark_down
2023-09-13T07:21:43.577 INFO:teuthology.orchestra.run.smithi046.stdout:/usr/bin/ceph: stderr
2023-09-13T07:21:35.428+0000 7fdc5e11e700 1 --2- 172.21.15.46:0/3422726453 >> [v2:172.21.15.46:3300/0,v1:172.21.15.46:6789/0] conn(0x7fdc58077c20 0x7fdc58076130 secure :-1 s=READY pgs=30 cs=0 l=1 rev1=1 crypto rx=0x7fdc480098e0 tx=0x7fdc48009250 comp rx=0 tx=0).stop
2023-09-13T07:21:43.577 INFO:teuthology.orchestra.run.smithi046.stdout:/usr/bin/ceph: stderr
2023-09-13T07:21:35.428+0000 7fdc5e11e700 1 -- 172.21.15.46:0/3422726453 shutdown_connections
2023-09-13T07:21:43.577 INFO:teuthology.orchestra.run.smithi046.stdout:/usr/bin/ceph: stderr
2023-09-13T07:21:35.428+0000 7fdc5e11e700 1 --2- 172.21.15.46:0/3422726453 >> [v2:172.21.15.46:3300/0,v1:172.21.15.46:6789/0] conn(0x7fdc58077c20 0x7fdc58076130 unknown :-1 s=CLOSED pgs=30 cs=0 l=1 rev1=1 crypto rx=0 tx=0 comp rx=0 tx=0).stop
2023-09-13T07:21:43.577 INFO:teuthology.orchestra.run.smithi046.stdout:/usr/bin/ceph: stderr
2023-09-13T07:21:35.428+0000 7fdc5e11e700 1 -- 172.21.15.46:0/3422726453 >> 172.21.15.46:0/3422726453 conn(0x7fdc580fda10 msgr2=0x7fdc580ffe40 unknown :-1 s=STATE_NONE l=0).mark_down
2023-09-13T07:21:43.577 INFO:teuthology.orchestra.run.smithi046.stdout:/usr/bin/ceph: stderr
2023-09-13T07:21:35.428+0000 7fdc5e11e700 1 -- 172.21.15.46:0/3422726453 shutdown_connections
2023-09-13T07:21:43.578 INFO:teuthology.orchestra.run.smithi046.stdout:/usr/bin/ceph: stderr
2023-09-13T07:21:35.429+0000 7fdc5e11e700 1 -- 172.21.15.46:0/3422726453 wait complete.
2023-09-13T07:21:43.578 INFO:teuthology.orchestra.run.smithi046.stdout:/usr/bin/ceph: stderr
2023-09-13T07:21:35.429+0000 7fdc5e11e700 1 Processor -- start
2023-09-13T07:21:43.578 INFO:teuthology.orchestra.run.smithi046.stdout:/usr/bin/ceph: stderr
2023-09-13T07:21:35.429+0000 7fdc5e11e700 1 -- start start
2023-09-13T07:21:43.578 INFO:teuthology.orchestra.run.smithi046.stdout:/usr/bin/ceph: stderr
2023-09-13T07:21:35.430+0000 7fdc5e11e700 1 --2- >> [v2:172.21.15.46:3300/0,v1:172.21.15.46:6789/0] conn(0x7fdc58077c20 0x7fdc581132e0 unknown :-1 s=NONE pgs=0 cs=0 l=1 rev1=0 crypto rx=0 tx=0 comp rx=0 tx=0).connect
2023-09-13T07:21:43.578 INFO:teuthology.orchestra.run.smithi046.stdout:/usr/bin/ceph: stderr
2023-09-13T07:21:35.430+0000 7fdc5e11e700 1 -- --> [v2:172.21.15.46:3300/0,v1:172.21.15.46:6789/0] -- mon_getmap magic: 0 v1 -- 0x7fdc58113820 con 0x7fdc58077c20
2023-09-13T07:21:43.579 INFO:teuthology.orchestra.run.smithi046.stdout:/usr/bin/ceph: stderr
2023-09-13T07:21:35.430+0000 7fdc577fe700 1 --2- >> [v2:172.21.15.46:3300/0,v1:172.21.15.46:6789/0] conn(0x7fdc58077c20 0x7fdc581132e0 unknown :-1 s=BANNER_CONNECTING pgs=0 cs=0 l=1 rev1=0 crypto rx=0 tx=0 comp rx=0 tx=0)._handle_peer_banner_payload supported=3 required=0
2023-09-13T07:21:43.579 INFO:teuthology.orchestra.run.smithi046.stdout:/usr/bin/ceph: stderr
2023-09-13T07:21:35.430+0000 7fdc577fe700 1 --2- >> [v2:172.21.15.46:3300/0,v1:172.21.15.46:6789/0] conn(0x7fdc58077c20 0x7fdc581132e0 unknown :-1 s=HELLO_CONNECTING pgs=0 cs=0 l=1 rev1=1 crypto rx=0 tx=0 comp rx=0 tx=0).handle_hello peer v2:172.21.15.46:3300/0 says I am v2:172.21.15.46:47128/0 (socket says 172.21.15.46:47128)
2023-09-13T07:21:43.579 INFO:teuthology.orchestra.run.smithi046.stdout:/usr/bin/ceph: stderr
2023-09-13T07:21:35.430+0000 7fdc577fe700 1 -- 172.21.15.46:0/1567512225 learned_addr learned my addr 172.21.15.46:0/1567512225 (peer_addr_for_me v2:172.21.15.46:0/0)
2023-09-13T07:21:43.579 INFO:teuthology.orchestra.run.smithi046.stdout:/usr/bin/ceph: stderr
2023-09-13T07:21:35.430+0000 7fdc577fe700 1 -- 172.21.15.46:0/1567512225 --> [v2:172.21.15.46:3300/0,v1:172.21.15.46:6789/0] -- mon_subscribe({config=0+,monmap=0+}) v3 -- 0x7fdc480094f0 con 0x7fdc58077c20
2023-09-13T07:21:43.579 INFO:teuthology.orchestra.run.smithi046.stdout:/usr/bin/ceph: stderr
2023-09-13T07:21:35.431+0000 7fdc577fe700 1 --2- 172.21.15.46:0/1567512225 >> [v2:172.21.15.46:3300/0,v1:172.21.15.46:6789/0] conn(0x7fdc58077c20 0x7fdc581132e0 secure :-1 s=READY pgs=31 cs=0 l=1 rev1=1 crypto rx=0x7fdc48006fd0 tx=0x7fdc48009250 comp rx=0 tx=0).ready entity=mon.0 client_cookie=0 server_cookie=0 in_seq=0 out_seq=0
2023-09-13T07:21:43.580 INFO:teuthology.orchestra.run.smithi046.stdout:/usr/bin/ceph: stderr
2023-09-13T07:21:35.431+0000 7fdc3ffff700 1 -- 172.21.15.46:0/1567512225 <== mon.0 v2:172.21.15.46:3300/0 1 ==== mon_map magic: 0 v1 ==== 229+0+0 (secure 0 0 0) 0x7fdc48010800 con 0x7fdc58077c20
2023-09-13T07:21:43.580 INFO:teuthology.orchestra.run.smithi046.stdout:/usr/bin/ceph: stderr
2023-09-13T07:21:35.431+0000 7fdc3ffff700 1 -- 172.21.15.46:0/1567512225 <== mon.0 v2:172.21.15.46:3300/0 2 ==== config(26 keys) v1 ==== 1009+0+0 (secure 0 0 0) 0x7fdc48010dd0 con 0x7fdc58077c20
2023-09-13T07:21:43.580 INFO:teuthology.orchestra.run.smithi046.stdout:/usr/bin/ceph: stderr
2023-09-13T07:21:35.431+0000 7fdc5e11e700 1 -- 172.21.15.46:0/1567512225 --> [v2:172.21.15.46:3300/0,v1:172.21.15.46:6789/0] -- mon_subscribe({mgrmap=0+}) v3 -- 0x7fdc58113a20 con 0x7fdc58077c20
2023-09-13T07:21:43.580 INFO:teuthology.orchestra.run.smithi046.stdout:/usr/bin/ceph: stderr
2023-09-13T07:21:35.431+0000 7fdc3ffff700 1 -- 172.21.15.46:0/1567512225 <== mon.0 v2:172.21.15.46:3300/0 3 ==== mon_map magic: 0 v1 ==== 229+0+0 (secure 0 0 0) 0x7fdc4801add0 con 0x7fdc58077c20
2023-09-13T07:21:43.580 INFO:teuthology.orchestra.run.smithi046.stdout:/usr/bin/ceph: stderr
2023-09-13T07:21:35.431+0000 7fdc5e11e700 1 -- 172.21.15.46:0/1567512225 --> [v2:172.21.15.46:3300/0,v1:172.21.15.46:6789/0] -- mon_subscribe({osdmap=0}) v3 -- 0x7fdc58113e30 con 0x7fdc58077c20
2023-09-13T07:21:43.581 INFO:teuthology.orchestra.run.smithi046.stdout:/usr/bin/ceph: stderr
2023-09-13T07:21:35.432+0000 7fdc3ffff700 1 -- 172.21.15.46:0/1567512225 <== mon.0 v2:172.21.15.46:3300/0 4 ==== mgrmap(e 5) v1 ==== 43234+0+0 (secure 0 0 0) 0x7fdc48010960 con 0x7fdc58077c20
2023-09-13T07:21:43.581 INFO:teuthology.orchestra.run.smithi046.stdout:/usr/bin/ceph: stderr
2023-09-13T07:21:35.433+0000 7fdc3ffff700 1 --2- 172.21.15.46:0/1567512225 >> [v2:172.21.15.46:6800/2166017004,v1:172.21.15.46:6801/2166017004] conn(0x7fdc400365a0 0x7fdc40038a50 unknown :-1 s=NONE pgs=0 cs=0 l=1 rev1=0 crypto rx=0 tx=0 comp rx=0 tx=0).connect
2023-09-13T07:21:43.581 INFO:teuthology.orchestra.run.smithi046.stdout:/usr/bin/ceph: stderr
2023-09-13T07:21:35.433+0000 7fdc3ffff700 1 -- 172.21.15.46:0/1567512225 --> [v2:172.21.15.46:6800/2166017004,v1:172.21.15.46:6801/2166017004] -- command(tid 0: {"prefix": "get_command_descriptions"}) v1 -- 0x7fdc40039160 con 0x7fdc400365a0
2023-09-13T07:21:43.581 INFO:teuthology.orchestra.run.smithi046.stdout:/usr/bin/ceph: stderr
2023-09-13T07:21:35.433+0000 7fdc3ffff700 1 -- 172.21.15.46:0/1567512225 <== mon.0 v2:172.21.15.46:3300/0 5 ==== osd_map(1..1 src has 1..1) v4 ==== 721+0+0 (secure 0 0 0) 0x7fdc4801e070 con 0x7fdc58077c20
2023-09-13T07:21:43.581 INFO:teuthology.orchestra.run.smithi046.stdout:/usr/bin/ceph: stderr
2023-09-13T07:21:35.433+0000 7fdc56ffd700 1 -- 172.21.15.46:0/1567512225 >> [v2:172.21.15.46:6800/2166017004,v1:172.21.15.46:6801/2166017004] conn(0x7fdc400365a0 msgr2=0x7fdc40038a50 unknown :-1 s=STATE_CONNECTING_RE l=1).process reconnect failed to v2:172.21.15.46:6800/2166017004
2023-09-13T07:21:43.582 INFO:teuthology.orchestra.run.smithi046.stdout:/usr/bin/ceph: stderr
2023-09-13T07:21:35.433+0000 7fdc56ffd700 1 --2- 172.21.15.46:0/1567512225 >> [v2:172.21.15.46:6800/2166017004,v1:172.21.15.46:6801/2166017004] conn(0x7fdc400365a0 0x7fdc40038a50 unknown :-1 s=START_CONNECT pgs=0 cs=0 l=1 rev1=0 crypto rx=0 tx=0 comp rx=0 tx=0)._fault waiting 0.200000
2023-09-13T07:21:43.582 INFO:teuthology.orchestra.run.smithi046.stdout:/usr/bin/ceph: stderr
2023-09-13T07:21:35.634+0000 7fdc56ffd700 1 -- 172.21.15.46:0/1567512225 >> [v2:172.21.15.46:6800/2166017004,v1:172.21.15.46:6801/2166017004] conn(0x7fdc400365a0 msgr2=0x7fdc40038a50 unknown :-1 s=STATE_CONNECTING_RE l=1).process reconnect failed to v2:172.21.15.46:6800/2166017004
2023-09-13T07:21:43.582 INFO:teuthology.orchestra.run.smithi046.stdout:/usr/bin/ceph: stderr
2023-09-13T07:21:35.634+0000 7fdc56ffd700 1 --2- 172.21.15.46:0/1567512225 >> [v2:172.21.15.46:6800/2166017004,v1:172.21.15.46:6801/2166017004] conn(0x7fdc400365a0 0x7fdc40038a50 unknown :-1 s=START_CONNECT pgs=0 cs=0 l=1 rev1=0 crypto rx=0 tx=0 comp rx=0 tx=0)._fault waiting 0.400000
2023-09-13T07:21:43.582 INFO:teuthology.orchestra.run.smithi046.stdout:/usr/bin/ceph: stderr
2023-09-13T07:21:36.035+0000 7fdc56ffd700 1 -- 172.21.15.46:0/1567512225 >> [v2:172.21.15.46:6800/2166017004,v1:172.21.15.46:6801/2166017004] conn(0x7fdc400365a0 msgr2=0x7fdc40038a50 unknown :-1 s=STATE_CONNECTING_RE l=1).process reconnect failed to v2:172.21.15.46:6800/2166017004
2023-09-13T07:21:43.582 INFO:teuthology.orchestra.run.smithi046.stdout:/usr/bin/ceph: stderr
2023-09-13T07:21:36.035+0000 7fdc56ffd700 1 --2- 172.21.15.46:0/1567512225 >> [v2:172.21.15.46:6800/2166017004,v1:172.21.15.46:6801/2166017004] conn(0x7fdc400365a0 0x7fdc40038a50 unknown :-1 s=START_CONNECT pgs=0 cs=0 l=1 rev1=0 crypto rx=0 tx=0 comp rx=0 tx=0)._fault waiting 0.800000
2023-09-13T07:21:43.583 INFO:teuthology.orchestra.run.smithi046.stdout:/usr/bin/ceph: stderr
2023-09-13T07:21:36.837+0000 7fdc56ffd700 1 -- 172.21.15.46:0/1567512225 >> [v2:172.21.15.46:6800/2166017004,v1:172.21.15.46:6801/2166017004] conn(0x7fdc400365a0 msgr2=0x7fdc40038a50 unknown :-1 s=STATE_CONNECTING_RE l=1).process reconnect failed to v2:172.21.15.46:6800/2166017004
2023-09-13T07:21:43.583 INFO:teuthology.orchestra.run.smithi046.stdout:/usr/bin/ceph: stderr
2023-09-13T07:21:36.837+0000 7fdc56ffd700 1 --2- 172.21.15.46:0/1567512225 >> [v2:172.21.15.46:6800/2166017004,v1:172.21.15.46:6801/2166017004] conn(0x7fdc400365a0 0x7fdc40038a50 unknown :-1 s=START_CONNECT pgs=0 cs=0 l=1 rev1=0 crypto rx=0 tx=0 comp rx=0 tx=0)._fault waiting 1.600000
2023-09-13T07:21:43.583 INFO:teuthology.orchestra.run.smithi046.stdout:/usr/bin/ceph: stderr
2023-09-13T07:21:38.439+0000 7fdc56ffd700 1 -- 172.21.15.46:0/1567512225 >> [v2:172.21.15.46:6800/2166017004,v1:172.21.15.46:6801/2166017004] conn(0x7fdc400365a0 msgr2=0x7fdc40038a50 unknown :-1 s=STATE_CONNECTING_RE l=1).process reconnect failed to v2:172.21.15.46:6800/2166017004
2023-09-13T07:21:43.583 INFO:teuthology.orchestra.run.smithi046.stdout:/usr/bin/ceph: stderr
2023-09-13T07:21:38.439+0000 7fdc56ffd700 1 --2- 172.21.15.46:0/1567512225 >> [v2:172.21.15.46:6800/2166017004,v1:172.21.15.46:6801/2166017004] conn(0x7fdc400365a0 0x7fdc40038a50 unknown :-1 s=START_CONNECT pgs=0 cs=0 l=1 rev1=0 crypto rx=0 tx=0 comp rx=0 tx=0)._fault waiting 3.200000
2023-09-13T07:21:43.583 INFO:teuthology.orchestra.run.smithi046.stdout:/usr/bin/ceph: stderr
2023-09-13T07:21:41.642+0000 7fdc56ffd700 1 -- 172.21.15.46:0/1567512225 >> [v2:172.21.15.46:6800/2166017004,v1:172.21.15.46:6801/2166017004] conn(0x7fdc400365a0 msgr2=0x7fdc40038a50 unknown :-1 s=STATE_CONNECTING_RE l=1).process reconnect failed to v2:172.21.15.46:6800/2166017004
2023-09-13T07:21:43.584 INFO:teuthology.orchestra.run.smithi046.stdout:/usr/bin/ceph: stderr
2023-09-13T07:21:41.642+0000 7fdc56ffd700 1 --2- 172.21.15.46:0/1567512225 >> [v2:172.21.15.46:6800/2166017004,v1:172.21.15.46:6801/2166017004] conn(0x7fdc400365a0 0x7fdc40038a50 unknown :-1 s=START_CONNECT pgs=0 cs=0 l=1 rev1=0 crypto rx=0 tx=0 comp rx=0 tx=0)._fault waiting 6.400000
2023-09-13T07:21:43.584 INFO:teuthology.orchestra.run.smithi046.stdout:/usr/bin/ceph: stderr
2023-09-13T07:21:42.272+0000 7fdc3ffff700 1 -- 172.21.15.46:0/1567512225 <== mon.0 v2:172.21.15.46:3300/0 6 ==== mgrmap(e 6) v1 ==== 43001+0+0 (secure 0 0 0) 0x7fdc4802cce0 con 0x7fdc58077c20
2023-09-13T07:21:43.584 INFO:teuthology.orchestra.run.smithi046.stdout:/usr/bin/ceph: stderr
2023-09-13T07:21:42.272+0000 7fdc3ffff700 1 -- 172.21.15.46:0/1567512225 >> [v2:172.21.15.46:6800/2166017004,v1:172.21.15.46:6801/2166017004] conn(0x7fdc400365a0 msgr2=0x7fdc40038a50 unknown :-1 s=STATE_CONNECTING l=1).mark_down
2023-09-13T07:21:43.584 INFO:teuthology.orchestra.run.smithi046.stdout:/usr/bin/ceph: stderr
2023-09-13T07:21:42.272+0000 7fdc3ffff700 1 --2- 172.21.15.46:0/1567512225 >> [v2:172.21.15.46:6800/2166017004,v1:172.21.15.46:6801/2166017004] conn(0x7fdc400365a0 0x7fdc40038a50 unknown :-1 s=START_CONNECT pgs=0 cs=0 l=1 rev1=0 crypto rx=0 tx=0 comp rx=0 tx=0).stop
2023-09-13T07:21:43.584 INFO:teuthology.orchestra.run.smithi046.stdout:/usr/bin/ceph: stderr
2023-09-13T07:21:43.273+0000 7fdc3ffff700 1 -- 172.21.15.46:0/1567512225 <== mon.0 v2:172.21.15.46:3300/0 7 ==== mgrmap(e 7) v1 ==== 43128+0+0 (secure 0 0 0) 0x7fdc48016d40 con 0x7fdc58077c20
2023-09-13T07:21:43.585 INFO:teuthology.orchestra.run.smithi046.stdout:/usr/bin/ceph: stderr
2023-09-13T07:21:43.274+0000 7fdc3ffff700 1 --2- 172.21.15.46:0/1567512225 >> [v2:172.21.15.46:6800/237204210,v1:172.21.15.46:6801/237204210] conn(0x7fdc40039f10 0x7fdc4003c2f0 unknown :-1 s=NONE pgs=0 cs=0 l=1 rev1=0 crypto rx=0 tx=0 comp rx=0 tx=0).connect
2023-09-13T07:21:43.585 INFO:teuthology.orchestra.run.smithi046.stdout:/usr/bin/ceph: stderr
2023-09-13T07:21:43.274+0000 7fdc3ffff700 1 -- 172.21.15.46:0/1567512225 --> [v2:172.21.15.46:6800/237204210,v1:172.21.15.46:6801/237204210] -- command(tid 0: {"prefix": "get_command_descriptions"}) v1 -- 0x7fdc40039160 con 0x7fdc40039f10
2023-09-13T07:21:43.585 INFO:teuthology.orchestra.run.smithi046.stdout:/usr/bin/ceph: stderr
2023-09-13T07:21:43.274+0000 7fdc56ffd700 1 --2- 172.21.15.46:0/1567512225 >> [v2:172.21.15.46:6800/237204210,v1:172.21.15.46:6801/237204210] conn(0x7fdc40039f10 0x7fdc4003c2f0 unknown :-1 s=BANNER_CONNECTING pgs=0 cs=0 l=1 rev1=0 crypto rx=0 tx=0 comp rx=0 tx=0)._handle_peer_banner_payload supported=3 required=0
2023-09-13T07:21:43.585 INFO:teuthology.orchestra.run.smithi046.stdout:/usr/bin/ceph: stderr
2023-09-13T07:21:43.276+0000 7fdc56ffd700 1 --2- 172.21.15.46:0/1567512225 >> [v2:172.21.15.46:6800/237204210,v1:172.21.15.46:6801/237204210] conn(0x7fdc40039f10 0x7fdc4003c2f0 secure :-1 s=READY pgs=2 cs=0 l=1 rev1=1 crypto rx=0x7fdc4c0039d0 tx=0x7fdc4c009350 comp rx=0 tx=0).ready entity=mgr.14122 client_cookie=0 server_cookie=0 in_seq=0 out_seq=0
2023-09-13T07:21:43.585 INFO:teuthology.orchestra.run.smithi046.stdout:/usr/bin/ceph: stderr
2023-09-13T07:21:43.277+0000 7fdc3ffff700 1 -- 172.21.15.46:0/1567512225 <== mgr.14122 v2:172.21.15.46:6800/237204210 1 ==== command_reply(tid 0: 0 ) v1 ==== 8+0+6549 (secure 0 0 0) 0x7fdc40039160 con 0x7fdc40039f10
2023-09-13T07:21:43.586 INFO:teuthology.orchestra.run.smithi046.stdout:/usr/bin/ceph: stderr
2023-09-13T07:21:43.283+0000 7fdc5e11e700 1 -- 172.21.15.46:0/1567512225 --> [v2:172.21.15.46:6800/237204210,v1:172.21.15.46:6801/237204210] -- command(tid 1: {"prefix": "mgr_status"}) v1 -- 0x7fdc5804bb40 con 0x7fdc40039f10
2023-09-13T07:21:43.586 INFO:teuthology.orchestra.run.smithi046.stdout:/usr/bin/ceph: stderr
2023-09-13T07:21:43.283+0000 7fdc3ffff700 1 -- 172.21.15.46:0/1567512225 <== mgr.14122 v2:172.21.15.46:6800/237204210 2 ==== command_reply(tid 1: 0 ) v1 ==== 8+0+51 (secure 0 0 0) 0x7fdc5804bb40 con 0x7fdc40039f10
2023-09-13T07:21:43.586 INFO:teuthology.orchestra.run.smithi046.stdout:/usr/bin/ceph: stderr
2023-09-13T07:21:43.284+0000 7fdc5e11e700 1 -- 172.21.15.46:0/1567512225 >> [v2:172.21.15.46:6800/237204210,v1:172.21.15.46:6801/237204210] conn(0x7fdc40039f10 msgr2=0x7fdc4003c2f0 secure :-1 s=STATE_CONNECTION_ESTABLISHED l=1).mark_down
2023-09-13T07:21:43.586 INFO:teuthology.orchestra.run.smithi046.stdout:/usr/bin/ceph: stderr
2023-09-13T07:21:43.284+0000 7fdc5e11e700 1 --2- 172.21.15.46:0/1567512225 >> [v2:172.21.15.46:6800/237204210,v1:172.21.15.46:6801/237204210] conn(0x7fdc40039f10 0x7fdc4003c2f0 secure :-1 s=READY pgs=2 cs=0 l=1 rev1=1 crypto rx=0x7fdc4c0039d0 tx=0x7fdc4c009350 comp rx=0 tx=0).stop
2023-09-13T07:21:43.586 INFO:teuthology.orchestra.run.smithi046.stdout:/usr/bin/ceph: stderr
2023-09-13T07:21:43.284+0000 7fdc5e11e700 1 -- 172.21.15.46:0/1567512225 >> [v2:172.21.15.46:3300/0,v1:172.21.15.46:6789/0] conn(0x7fdc58077c20 msgr2=0x7fdc581132e0 secure :-1 s=STATE_CONNECTION_ESTABLISHED l=1).mark_down
2023-09-13T07:21:43.586 INFO:teuthology.orchestra.run.smithi046.stdout:/usr/bin/ceph: stderr
2023-09-13T07:21:43.284+0000 7fdc5e11e700 1 --2- 172.21.15.46:0/1567512225 >> [v2:172.21.15.46:3300/0,v1:172.21.15.46:6789/0] conn(0x7fdc58077c20 0x7fdc581132e0 secure :-1 s=READY pgs=31 cs=0 l=1 rev1=1 crypto rx=0x7fdc48006fd0 tx=0x7fdc48009250 comp rx=0 tx=0).stop
2023-09-13T07:21:43.587 INFO:teuthology.orchestra.run.smithi046.stdout:/usr/bin/ceph: stderr
2023-09-13T07:21:43.284+0000 7fdc5e11e700 1 -- 172.21.15.46:0/1567512225 shutdown_connections
2023-09-13T07:21:43.587 INFO:teuthology.orchestra.run.smithi046.stdout:/usr/bin/ceph: stderr
2023-09-13T07:21:43.284+0000 7fdc5e11e700 1 --2- 172.21.15.46:0/1567512225 >> [v2:172.21.15.46:6800/237204210,v1:172.21.15.46:6801/237204210] conn(0x7fdc40039f10 0x7fdc4003c2f0 unknown :-1 s=CLOSED pgs=2 cs=0 l=1 rev1=1 crypto rx=0 tx=0 comp rx=0 tx=0).stop
2023-09-13T07:21:43.587 INFO:teuthology.orchestra.run.smithi046.stdout:/usr/bin/ceph: stderr
2023-09-13T07:21:43.284+0000 7fdc5e11e700 1 --2- 172.21.15.46:0/1567512225 >> [v2:172.21.15.46:3300/0,v1:172.21.15.46:6789/0] conn(0x7fdc58077c20 0x7fdc581132e0 unknown :-1 s=CLOSED pgs=31 cs=0 l=1 rev1=1 crypto rx=0 tx=0 comp rx=0 tx=0).stop
2023-09-13T07:21:43.587 INFO:teuthology.orchestra.run.smithi046.stdout:/usr/bin/ceph: stderr
2023-09-13T07:21:43.284+0000 7fdc5e11e700 1 --2- 172.21.15.46:0/1567512225 >> [v2:172.21.15.46:6800/2166017004,v1:172.21.15.46:6801/2166017004] conn(0x7fdc400365a0 0x7fdc40038a50 unknown :-1 s=CLOSED pgs=0 cs=0 l=1 rev1=0 crypto rx=0 tx=0 comp rx=0 tx=0).stop
2023-09-13T07:21:43.587 INFO:teuthology.orchestra.run.smithi046.stdout:/usr/bin/ceph: stderr
2023-09-13T07:21:43.284+0000 7fdc5e11e700 1 -- 172.21.15.46:0/1567512225 >> 172.21.15.46:0/1567512225 conn(0x7fdc580fda10 msgr2=0x7fdc580ff100 unknown :-1 s=STATE_NONE l=0).mark_down
2023-09-13T07:21:43.588 INFO:teuthology.orchestra.run.smithi046.stdout:/usr/bin/ceph: stderr
2023-09-13T07:21:43.284+0000 7fdc5e11e700 1 -- 172.21.15.46:0/1567512225 shutdown_connections
2023-09-13T07:21:43.588 INFO:teuthology.orchestra.run.smithi046.stdout:/usr/bin/ceph: stderr
2023-09-13T07:21:43.284+0000 7fdc5e11e700 1 -- 172.21.15.46:0/1567512225 wait complete.
2023-09-13T07:21:43.588 INFO:teuthology.orchestra.run.smithi046.stdout:mgr epoch 5 is available
2023-09-13T07:21:43.588 INFO:teuthology.orchestra.run.smithi046.stdout:Setting orchestrator backend to cephadm...
2023-09-13T07:21:44.511 INFO:journalctl@ceph.mon.smithi046.smithi046.stdout:Sep 13 07:21:44 smithi046 ceph-mon[106850]: from='client.14126 -' entity='client.admin' cmd=[{"prefix": "get_command_descriptions"}]: dispatch
2023-09-13T07:21:44.512 INFO:journalctl@ceph.mon.smithi046.smithi046.stdout:Sep 13 07:21:44 smithi046 ceph-mon[106850]: from='client.14126 -' entity='client.admin' cmd=[{"prefix": "mgr_status"}]: dispatch
2023-09-13T07:21:44.512 INFO:journalctl@ceph.mon.smithi046.smithi046.stdout:Sep 13 07:21:44 smithi046 ceph-mon[106850]: from='mgr.14122 172.21.15.46:0/643241760' entity='mgr.smithi046.mwnwiv'
2023-09-13T07:21:44.512 INFO:journalctl@ceph.mon.smithi046.smithi046.stdout:Sep 13 07:21:44 smithi046 ceph-mon[106850]: from='mgr.14122 172.21.15.46:0/643241760' entity='mgr.smithi046.mwnwiv' cmd=[{"prefix": "config dump", "format": "json"}]: dispatch
2023-09-13T07:21:44.512 INFO:journalctl@ceph.mon.smithi046.smithi046.stdout:Sep 13 07:21:44 smithi046 ceph-mon[106850]: from='mgr.14122 172.21.15.46:0/643241760' entity='mgr.smithi046.mwnwiv'
2023-09-13T07:21:44.513 INFO:journalctl@ceph.mon.smithi046.smithi046.stdout:Sep 13 07:21:44 smithi046 ceph-mon[106850]: from='mgr.14122 172.21.15.46:0/643241760' entity='mgr.smithi046.mwnwiv' cmd=[{"prefix": "config dump", "format": "json"}]: dispatch
2023-09-13T07:21:44.518 INFO:teuthology.orchestra.run.smithi046.stdout:/usr/bin/ceph: stderr
2023-09-13T07:21:43.950+0000 7fde3725e700 1 Processor -- start
2023-09-13T07:21:44.518 INFO:teuthology.orchestra.run.smithi046.stdout:/usr/bin/ceph: stderr
2023-09-13T07:21:43.950+0000 7fde3725e700 1 -- start start
2023-09-13T07:21:44.519 INFO:teuthology.orchestra.run.smithi046.stdout:/usr/bin/ceph: stderr
2023-09-13T07:21:43.951+0000 7fde3725e700 1 --2- >> [v2:172.21.15.46:3300/0,v1:172.21.15.46:6789/0] conn(0x7fde301022b0 0x7fde301026c0 unknown :-1 s=NONE pgs=0 cs=0 l=0 rev1=0 crypto rx=0 tx=0 comp rx=0 tx=0).connect
2023-09-13T07:21:44.519 INFO:teuthology.orchestra.run.smithi046.stdout:/usr/bin/ceph: stderr
2023-09-13T07:21:43.951+0000 7fde3725e700 1 -- --> [v2:172.21.15.46:3300/0,v1:172.21.15.46:6789/0] -- mon_getmap magic: 0 v1 -- 0x7fde30102c00 con 0x7fde301022b0
2023-09-13T07:21:44.519 INFO:teuthology.orchestra.run.smithi046.stdout:/usr/bin/ceph: stderr
2023-09-13T07:21:43.951+0000 7fde34ffa700 1 --2- >> [v2:172.21.15.46:3300/0,v1:172.21.15.46:6789/0] conn(0x7fde301022b0 0x7fde301026c0 unknown :-1 s=BANNER_CONNECTING pgs=0 cs=0 l=0 rev1=0 crypto rx=0 tx=0 comp rx=0 tx=0)._handle_peer_banner_payload supported=3 required=0
2023-09-13T07:21:44.519 INFO:teuthology.orchestra.run.smithi046.stdout:/usr/bin/ceph: stderr
2023-09-13T07:21:43.951+0000 7fde34ffa700 1 --2- >> [v2:172.21.15.46:3300/0,v1:172.21.15.46:6789/0] conn(0x7fde301022b0 0x7fde301026c0 unknown :-1 s=HELLO_CONNECTING pgs=0 cs=0 l=0 rev1=1 crypto rx=0 tx=0 comp rx=0 tx=0).handle_hello peer v2:172.21.15.46:3300/0 says I am v2:172.21.15.46:60500/0 (socket says 172.21.15.46:60500)
2023-09-13T07:21:44.520 INFO:teuthology.orchestra.run.smithi046.stdout:/usr/bin/ceph: stderr
2023-09-13T07:21:43.951+0000 7fde34ffa700 1 -- 172.21.15.46:0/3373347504 learned_addr learned my addr 172.21.15.46:0/3373347504 (peer_addr_for_me v2:172.21.15.46:0/0)
2023-09-13T07:21:44.520 INFO:teuthology.orchestra.run.smithi046.stdout:/usr/bin/ceph: stderr
2023-09-13T07:21:43.951+0000 7fde34ffa700 1 -- 172.21.15.46:0/3373347504 --> [v2:172.21.15.46:3300/0,v1:172.21.15.46:6789/0] -- mon_subscribe({config=0+,monmap=0+}) v3 -- 0x7fde30102d40 con 0x7fde301022b0
2023-09-13T07:21:44.520 INFO:teuthology.orchestra.run.smithi046.stdout:/usr/bin/ceph: stderr
2023-09-13T07:21:43.952+0000 7fde34ffa700 1 --2- 172.21.15.46:0/3373347504 >> [v2:172.21.15.46:3300/0,v1:172.21.15.46:6789/0] conn(0x7fde301022b0 0x7fde301026c0 secure :-1 s=READY pgs=39 cs=0 l=1 rev1=1 crypto rx=0x7fde240098e0 tx=0x7fde24009250 comp rx=0 tx=0).ready entity=mon.0 client_cookie=94a8cb65d8e26184 server_cookie=0 in_seq=0 out_seq=0
2023-09-13T07:21:44.520 INFO:teuthology.orchestra.run.smithi046.stdout:/usr/bin/ceph: stderr
2023-09-13T07:21:43.952+0000 7fde2f7fe700 1 -- 172.21.15.46:0/3373347504 <== mon.0 v2:172.21.15.46:3300/0 1 ==== mon_map magic: 0 v1 ==== 229+0+0 (secure 0 0 0) 0x7fde2400b860 con 0x7fde301022b0
2023-09-13T07:21:44.520 INFO:teuthology.orchestra.run.smithi046.stdout:/usr/bin/ceph: stderr
2023-09-13T07:21:43.952+0000 7fde2f7fe700 1 -- 172.21.15.46:0/3373347504 <== mon.0 v2:172.21.15.46:3300/0 2 ==== config(26 keys) v1 ==== 1009+0+0 (secure 0 0 0) 0x7fde2400be30 con 0x7fde301022b0
2023-09-13T07:21:44.521 INFO:teuthology.orchestra.run.smithi046.stdout:/usr/bin/ceph: stderr
2023-09-13T07:21:43.952+0000 7fde2f7fe700 1 -- 172.21.15.46:0/3373347504 <== mon.0 v2:172.21.15.46:3300/0 3 ==== mon_map magic: 0 v1 ==== 229+0+0 (secure 0 0 0) 0x7fde24010380 con 0x7fde301022b0
2023-09-13T07:21:44.521 INFO:teuthology.orchestra.run.smithi046.stdout:/usr/bin/ceph: stderr
2023-09-13T07:21:43.953+0000 7fde3725e700 1 -- 172.21.15.46:0/3373347504 >> [v2:172.21.15.46:3300/0,v1:172.21.15.46:6789/0] conn(0x7fde301022b0 msgr2=0x7fde301026c0 secure :-1 s=STATE_CONNECTION_ESTABLISHED l=1).mark_down
2023-09-13T07:21:44.521 INFO:teuthology.orchestra.run.smithi046.stdout:/usr/bin/ceph: stderr
2023-09-13T07:21:43.953+0000 7fde3725e700 1 --2- 172.21.15.46:0/3373347504 >> [v2:172.21.15.46:3300/0,v1:172.21.15.46:6789/0] conn(0x7fde301022b0 0x7fde301026c0 secure :-1 s=READY pgs=39 cs=0 l=1 rev1=1 crypto rx=0x7fde240098e0 tx=0x7fde24009250 comp rx=0 tx=0).stop
2023-09-13T07:21:44.521 INFO:teuthology.orchestra.run.smithi046.stdout:/usr/bin/ceph: stderr
2023-09-13T07:21:43.953+0000 7fde3725e700 1 -- 172.21.15.46:0/3373347504 shutdown_connections
2023-09-13T07:21:44.521 INFO:teuthology.orchestra.run.smithi046.stdout:/usr/bin/ceph: stderr
2023-09-13T07:21:43.953+0000 7fde3725e700 1 --2- 172.21.15.46:0/3373347504 >> [v2:172.21.15.46:3300/0,v1:172.21.15.46:6789/0] conn(0x7fde301022b0 0x7fde301026c0 unknown :-1 s=CLOSED pgs=39 cs=0 l=1 rev1=1 crypto rx=0 tx=0 comp rx=0 tx=0).stop
2023-09-13T07:21:44.522 INFO:teuthology.orchestra.run.smithi046.stdout:/usr/bin/ceph: stderr
2023-09-13T07:21:43.953+0000 7fde3725e700 1 -- 172.21.15.46:0/3373347504 >> 172.21.15.46:0/3373347504 conn(0x7fde300fda10 msgr2=0x7fde300ffe40 unknown :-1 s=STATE_NONE l=0).mark_down
2023-09-13T07:21:44.522 INFO:teuthology.orchestra.run.smithi046.stdout:/usr/bin/ceph: stderr
2023-09-13T07:21:43.953+0000 7fde3725e700 1 -- 172.21.15.46:0/3373347504 shutdown_connections
2023-09-13T07:21:44.522 INFO:teuthology.orchestra.run.smithi046.stdout:/usr/bin/ceph: stderr
2023-09-13T07:21:43.953+0000 7fde3725e700 1 -- 172.21.15.46:0/3373347504 wait complete.
2023-09-13T07:21:44.522 INFO:teuthology.orchestra.run.smithi046.stdout:/usr/bin/ceph: stderr
2023-09-13T07:21:43.954+0000 7fde3725e700 1 Processor -- start
2023-09-13T07:21:44.523 INFO:teuthology.orchestra.run.smithi046.stdout:/usr/bin/ceph: stderr
2023-09-13T07:21:43.954+0000 7fde3725e700 1 -- start start
2023-09-13T07:21:44.523 INFO:teuthology.orchestra.run.smithi046.stdout:/usr/bin/ceph: stderr
2023-09-13T07:21:43.955+0000 7fde3725e700 1 --2- >> [v2:172.21.15.46:3300/0,v1:172.21.15.46:6789/0] conn(0x7fde301022b0 0x7fde30111020 unknown :-1 s=NONE pgs=0 cs=0 l=1 rev1=0 crypto rx=0 tx=0 comp rx=0 tx=0).connect
2023-09-13T07:21:44.523 INFO:teuthology.orchestra.run.smithi046.stdout:/usr/bin/ceph: stderr
2023-09-13T07:21:43.955+0000 7fde3725e700 1 -- --> [v2:172.21.15.46:3300/0,v1:172.21.15.46:6789/0] -- mon_getmap magic: 0 v1 -- 0x7fde30111560 con 0x7fde301022b0
2023-09-13T07:21:44.523 INFO:teuthology.orchestra.run.smithi046.stdout:/usr/bin/ceph: stderr
2023-09-13T07:21:43.955+0000 7fde34ffa700 1 --2- >> [v2:172.21.15.46:3300/0,v1:172.21.15.46:6789/0] conn(0x7fde301022b0 0x7fde30111020 unknown :-1 s=BANNER_CONNECTING pgs=0 cs=0 l=1 rev1=0 crypto rx=0 tx=0 comp rx=0 tx=0)._handle_peer_banner_payload supported=3 required=0
2023-09-13T07:21:44.523 INFO:teuthology.orchestra.run.smithi046.stdout:/usr/bin/ceph: stderr
2023-09-13T07:21:43.955+0000 7fde34ffa700 1 --2- >> [v2:172.21.15.46:3300/0,v1:172.21.15.46:6789/0] conn(0x7fde301022b0 0x7fde30111020 unknown :-1 s=HELLO_CONNECTING pgs=0 cs=0 l=1 rev1=1 crypto rx=0 tx=0 comp rx=0 tx=0).handle_hello peer v2:172.21.15.46:3300/0 says I am v2:172.21.15.46:60508/0 (socket says 172.21.15.46:60508)
2023-09-13T07:21:44.524 INFO:teuthology.orchestra.run.smithi046.stdout:/usr/bin/ceph: stderr
2023-09-13T07:21:43.955+0000 7fde34ffa700 1 -- 172.21.15.46:0/2414889381 learned_addr learned my addr 172.21.15.46:0/2414889381 (peer_addr_for_me v2:172.21.15.46:0/0)
2023-09-13T07:21:44.524 INFO:teuthology.orchestra.run.smithi046.stdout:/usr/bin/ceph: stderr
2023-09-13T07:21:43.955+0000 7fde34ffa700 1 -- 172.21.15.46:0/2414889381 --> [v2:172.21.15.46:3300/0,v1:172.21.15.46:6789/0] -- mon_subscribe({config=0+,monmap=0+}) v3 -- 0x7fde240094f0 con 0x7fde301022b0
2023-09-13T07:21:44.524 INFO:teuthology.orchestra.run.smithi046.stdout:/usr/bin/ceph: stderr
2023-09-13T07:21:43.956+0000 7fde34ffa700 1 --2- 172.21.15.46:0/2414889381 >> [v2:172.21.15.46:3300/0,v1:172.21.15.46:6789/0] conn(0x7fde301022b0 0x7fde30111020 secure :-1 s=READY pgs=40 cs=0 l=1 rev1=1 crypto rx=0x7fde24006b00 tx=0x7fde24009250 comp rx=0 tx=0).ready entity=mon.0 client_cookie=0 server_cookie=0 in_seq=0 out_seq=0
2023-09-13T07:21:44.524 INFO:teuthology.orchestra.run.smithi046.stdout:/usr/bin/ceph: stderr
2023-09-13T07:21:43.956+0000 7fde2d7fa700 1 -- 172.21.15.46:0/2414889381 <== mon.0 v2:172.21.15.46:3300/0 1 ==== mon_map magic: 0 v1 ==== 229+0+0 (secure 0 0 0) 0x7fde240109b0 con 0x7fde301022b0
2023-09-13T07:21:44.524 INFO:teuthology.orchestra.run.smithi046.stdout:/usr/bin/ceph: stderr
2023-09-13T07:21:43.956+0000 7fde2d7fa700 1 -- 172.21.15.46:0/2414889381 <== mon.0 v2:172.21.15.46:3300/0 2 ==== config(26 keys) v1 ==== 1009+0+0 (secure 0 0 0) 0x7fde2401a430 con 0x7fde301022b0
2023-09-13T07:21:44.525 INFO:teuthology.orchestra.run.smithi046.stdout:/usr/bin/ceph: stderr
2023-09-13T07:21:43.956+0000 7fde2d7fa700 1 -- 172.21.15.46:0/2414889381 <== mon.0 v2:172.21.15.46:3300/0 3 ==== mon_map magic: 0 v1 ==== 229+0+0 (secure 0 0 0) 0x7fde240245b0 con 0x7fde301022b0
2023-09-13T07:21:44.525 INFO:teuthology.orchestra.run.smithi046.stdout:/usr/bin/ceph: stderr
2023-09-13T07:21:43.956+0000 7fde3725e700 1 -- 172.21.15.46:0/2414889381 --> [v2:172.21.15.46:3300/0,v1:172.21.15.46:6789/0] -- mon_subscribe({mgrmap=0+}) v3 -- 0x7fde30111760 con 0x7fde301022b0
2023-09-13T07:21:44.525 INFO:teuthology.orchestra.run.smithi046.stdout:/usr/bin/ceph: stderr
2023-09-13T07:21:43.956+0000 7fde3725e700 1 -- 172.21.15.46:0/2414889381 --> [v2:172.21.15.46:3300/0,v1:172.21.15.46:6789/0] -- mon_subscribe({osdmap=0}) v3 -- 0x7fde30111b70 con 0x7fde301022b0
2023-09-13T07:21:44.525 INFO:teuthology.orchestra.run.smithi046.stdout:/usr/bin/ceph: stderr
2023-09-13T07:21:43.957+0000 7fde3725e700 1 -- 172.21.15.46:0/2414889381 --> [v2:172.21.15.46:3300/0,v1:172.21.15.46:6789/0] -- mon_command({"prefix": "get_command_descriptions"} v 0) v1 -- 0x7fde3004bb40 con 0x7fde301022b0
2023-09-13T07:21:44.525 INFO:teuthology.orchestra.run.smithi046.stdout:/usr/bin/ceph: stderr
2023-09-13T07:21:43.957+0000 7fde2d7fa700 1 -- 172.21.15.46:0/2414889381 <== mon.0 v2:172.21.15.46:3300/0 4 ==== mgrmap(e 7) v1 ==== 43128+0+0 (secure 0 0 0) 0x7fde2401a9c0 con 0x7fde301022b0
2023-09-13T07:21:44.526 INFO:teuthology.orchestra.run.smithi046.stdout:/usr/bin/ceph: stderr
2023-09-13T07:21:43.958+0000 7fde2d7fa700 1 --2- 172.21.15.46:0/2414889381 >> [v2:172.21.15.46:6800/237204210,v1:172.21.15.46:6801/237204210] conn(0x7fde200364c0 0x7fde20038970 unknown :-1 s=NONE pgs=0 cs=0 l=1 rev1=0 crypto rx=0 tx=0 comp rx=0 tx=0).connect
2023-09-13T07:21:44.526 INFO:teuthology.orchestra.run.smithi046.stdout:/usr/bin/ceph: stderr
