2023-09-13T07:22:02.321+0000 7f632c07a700 1 --2- 172.21.15.46:0/3122514003 >> [v2:172.21.15.46:3300/0,v1:172.21.15.46:6789/0] conn(0x7f6324070fc0 0x7f6324102b10 secure :-1 s=READY pgs=72 cs=0 l=1 rev1=1 crypto rx=0x7f632000ba70 tx=0x7f6320009250 comp rx=0 tx=0).stop
2023-09-13T07:22:02.854 INFO:teuthology.orchestra.run.smithi046.stdout:/usr/bin/ceph: stderr
2023-09-13T07:22:02.321+0000 7f632c07a700 1 -- 172.21.15.46:0/3122514003 shutdown_connections
2023-09-13T07:22:02.854 INFO:teuthology.orchestra.run.smithi046.stdout:/usr/bin/ceph: stderr
2023-09-13T07:22:02.321+0000 7f632c07a700 1 --2- 172.21.15.46:0/3122514003 >> [v2:172.21.15.46:6800/237204210,v1:172.21.15.46:6801/237204210] conn(0x7f6310036640 0x7f6310038af0 unknown :-1 s=CLOSED pgs=0 cs=0 l=1 rev1=0 crypto rx=0 tx=0 comp rx=0 tx=0).stop
2023-09-13T07:22:02.855 INFO:teuthology.orchestra.run.smithi046.stdout:/usr/bin/ceph: stderr
2023-09-13T07:22:02.321+0000 7f632c07a700 1 --2- 172.21.15.46:0/3122514003 >> [v2:172.21.15.46:3300/0,v1:172.21.15.46:6789/0] conn(0x7f6324070fc0 0x7f6324102b10 unknown :-1 s=CLOSED pgs=72 cs=0 l=1 rev1=1 crypto rx=0 tx=0 comp rx=0 tx=0).stop
2023-09-13T07:22:02.855 INFO:teuthology.orchestra.run.smithi046.stdout:/usr/bin/ceph: stderr
2023-09-13T07:22:02.321+0000 7f632c07a700 1 -- 172.21.15.46:0/3122514003 >> 172.21.15.46:0/3122514003 conn(0x7f63240fcb40 msgr2=0x7f63240fe1f0 unknown :-1 s=STATE_NONE l=0).mark_down
2023-09-13T07:22:02.855 INFO:teuthology.orchestra.run.smithi046.stdout:/usr/bin/ceph: stderr
2023-09-13T07:22:02.322+0000 7f632c07a700 1 -- 172.21.15.46:0/3122514003 shutdown_connections
2023-09-13T07:22:02.856 INFO:teuthology.orchestra.run.smithi046.stdout:/usr/bin/ceph: stderr
2023-09-13T07:22:02.322+0000 7f632c07a700 1 -- 172.21.15.46:0/3122514003 wait complete.
2023-09-13T07:22:02.856 INFO:teuthology.orchestra.run.smithi046.stdout:Waiting for the mgr to restart...
2023-09-13T07:22:02.857 INFO:teuthology.orchestra.run.smithi046.stdout:Waiting for mgr epoch 9...
2023-09-13T07:22:03.650 INFO:journalctl@ceph.mon.smithi046.smithi046.stdout:Sep 13 07:22:03 smithi046 ceph-mon[106850]: from='client.? 172.21.15.46:0/3122514003' entity='client.admin' cmd=[{"prefix": "mgr stat"}]: dispatch
2023-09-13T07:22:10.059 INFO:journalctl@ceph.mon.smithi046.smithi046.stdout:Sep 13 07:22:09 smithi046 ceph-mon[106850]: Active manager daemon smithi046.mwnwiv restarted
2023-09-13T07:22:10.059 INFO:journalctl@ceph.mon.smithi046.smithi046.stdout:Sep 13 07:22:09 smithi046 ceph-mon[106850]: Activating manager daemon smithi046.mwnwiv
2023-09-13T07:22:10.059 INFO:journalctl@ceph.mon.smithi046.smithi046.stdout:Sep 13 07:22:09 smithi046 ceph-mon[106850]: osdmap e3: 0 total, 0 up, 0 in
2023-09-13T07:22:10.059 INFO:journalctl@ceph.mon.smithi046.smithi046.stdout:Sep 13 07:22:09 smithi046 ceph-mon[106850]: mgrmap e10: smithi046.mwnwiv(active, starting, since 0.00384408s)
2023-09-13T07:22:10.060 INFO:journalctl@ceph.mon.smithi046.smithi046.stdout:Sep 13 07:22:09 smithi046 ceph-mon[106850]: from='mgr.14164 172.21.15.46:0/4035738173' entity='mgr.smithi046.mwnwiv' cmd=[{"prefix": "mon metadata", "id": "smithi046"}]: dispatch
2023-09-13T07:22:10.060 INFO:journalctl@ceph.mon.smithi046.smithi046.stdout:Sep 13 07:22:09 smithi046 ceph-mon[106850]: from='mgr.14164 172.21.15.46:0/4035738173' entity='mgr.smithi046.mwnwiv' cmd=[{"prefix": "mgr metadata", "who": "smithi046.mwnwiv", "id": "smithi046.mwnwiv"}]: dispatch
2023-09-13T07:22:10.060 INFO:journalctl@ceph.mon.smithi046.smithi046.stdout:Sep 13 07:22:09 smithi046 ceph-mon[106850]: from='mgr.14164 172.21.15.46:0/4035738173' entity='mgr.smithi046.mwnwiv' cmd=[{"prefix": "mds metadata"}]: dispatch
2023-09-13T07:22:10.060 INFO:journalctl@ceph.mon.smithi046.smithi046.stdout:Sep 13 07:22:09 smithi046 ceph-mon[106850]: from='mgr.14164 172.21.15.46:0/4035738173' entity='mgr.smithi046.mwnwiv' cmd=[{"prefix": "osd metadata"}]: dispatch
2023-09-13T07:22:10.060 INFO:journalctl@ceph.mon.smithi046.smithi046.stdout:Sep 13 07:22:09 smithi046 ceph-mon[106850]: from='mgr.14164 172.21.15.46:0/4035738173' entity='mgr.smithi046.mwnwiv' cmd=[{"prefix": "mon metadata"}]: dispatch
2023-09-13T07:22:10.061 INFO:journalctl@ceph.mon.smithi046.smithi046.stdout:Sep 13 07:22:09 smithi046 ceph-mon[106850]: Manager daemon smithi046.mwnwiv is now available
2023-09-13T07:22:10.061 INFO:journalctl@ceph.mon.smithi046.smithi046.stdout:Sep 13 07:22:09 smithi046 ceph-mon[106850]: from='mgr.14164 172.21.15.46:0/4035738173' entity='mgr.smithi046.mwnwiv' cmd=[{"prefix": "config dump", "format": "json"}]: dispatch
2023-09-13T07:22:10.061 INFO:journalctl@ceph.mon.smithi046.smithi046.stdout:Sep 13 07:22:09 smithi046 ceph-mon[106850]: from='mgr.14164 172.21.15.46:0/4035738173' entity='mgr.smithi046.mwnwiv' cmd=[{"prefix": "config dump", "format": "json"}]: dispatch
2023-09-13T07:22:11.227 INFO:journalctl@ceph.mon.smithi046.smithi046.stdout:Sep 13 07:22:10 smithi046 ceph-mon[106850]: from='mgr.14164 172.21.15.46:0/4035738173' entity='mgr.smithi046.mwnwiv' cmd=[{"prefix":"config rm","who":"mgr","name":"mgr/rbd_support/smithi046.mwnwiv/mirror_snapshot_schedule"}]: dispatch
2023-09-13T07:22:11.227 INFO:journalctl@ceph.mon.smithi046.smithi046.stdout:Sep 13 07:22:10 smithi046 ceph-mon[106850]: from='mgr.14164 172.21.15.46:0/4035738173' entity='mgr.smithi046.mwnwiv' cmd=[{"prefix":"config rm","who":"mgr","name":"mgr/rbd_support/smithi046.mwnwiv/trash_purge_schedule"}]: dispatch
2023-09-13T07:22:11.227 INFO:journalctl@ceph.mon.smithi046.smithi046.stdout:Sep 13 07:22:10 smithi046 ceph-mon[106850]: [13/Sep/2023:07:22:10] ENGINE Bus STARTING
2023-09-13T07:22:11.227 INFO:journalctl@ceph.mon.smithi046.smithi046.stdout:Sep 13 07:22:10 smithi046 ceph-mon[106850]: [13/Sep/2023:07:22:10] ENGINE Serving on https://172.21.15.46:7150
2023-09-13T07:22:11.228 INFO:journalctl@ceph.mon.smithi046.smithi046.stdout:Sep 13 07:22:10 smithi046 ceph-mon[106850]: [13/Sep/2023:07:22:10] ENGINE Bus STARTED
2023-09-13T07:22:11.228 INFO:journalctl@ceph.mon.smithi046.smithi046.stdout:Sep 13 07:22:10 smithi046 ceph-mon[106850]: from='mgr.14164 172.21.15.46:0/4035738173' entity='mgr.smithi046.mwnwiv'
2023-09-13T07:22:11.228 INFO:journalctl@ceph.mon.smithi046.smithi046.stdout:Sep 13 07:22:10 smithi046 ceph-mon[106850]: mgrmap e11: smithi046.mwnwiv(active, since 1.00738s)
2023-09-13T07:22:11.406 INFO:teuthology.orchestra.run.smithi046.stdout:/usr/bin/ceph: stdout {
2023-09-13T07:22:11.406 INFO:teuthology.orchestra.run.smithi046.stdout:/usr/bin/ceph: stdout "mgrmap_epoch": 11,
2023-09-13T07:22:11.406 INFO:teuthology.orchestra.run.smithi046.stdout:/usr/bin/ceph: stdout "initialized": true
2023-09-13T07:22:11.407 INFO:teuthology.orchestra.run.smithi046.stdout:/usr/bin/ceph: stdout }
2023-09-13T07:22:11.407 INFO:teuthology.orchestra.run.smithi046.stdout:/usr/bin/ceph: stderr
2023-09-13T07:22:03.233+0000 7fbe660f2700 1 Processor -- start
2023-09-13T07:22:11.407 INFO:teuthology.orchestra.run.smithi046.stdout:/usr/bin/ceph: stderr
2023-09-13T07:22:03.234+0000 7fbe660f2700 1 -- start start
2023-09-13T07:22:11.414 INFO:teuthology.orchestra.run.smithi046.stdout:/usr/bin/ceph: stderr
2023-09-13T07:22:03.234+0000 7fbe660f2700 1 --2- >> [v2:172.21.15.46:3300/0,v1:172.21.15.46:6789/0] conn(0x7fbe60077c60 0x7fbe60076170 unknown :-1 s=NONE pgs=0 cs=0 l=0 rev1=0 crypto rx=0 tx=0 comp rx=0 tx=0).connect
2023-09-13T07:22:11.414 INFO:teuthology.orchestra.run.smithi046.stdout:/usr/bin/ceph: stderr
2023-09-13T07:22:03.234+0000 7fbe660f2700 1 -- --> [v2:172.21.15.46:3300/0,v1:172.21.15.46:6789/0] -- mon_getmap magic: 0 v1 -- 0x7fbe60078070 con 0x7fbe60077c60
2023-09-13T07:22:11.414 INFO:teuthology.orchestra.run.smithi046.stdout:/usr/bin/ceph: stderr
2023-09-13T07:22:03.234+0000 7fbe5f7fe700 1 --2- >> [v2:172.21.15.46:3300/0,v1:172.21.15.46:6789/0] conn(0x7fbe60077c60 0x7fbe60076170 unknown :-1 s=BANNER_CONNECTING pgs=0 cs=0 l=0 rev1=0 crypto rx=0 tx=0 comp rx=0 tx=0)._handle_peer_banner_payload supported=3 required=0
2023-09-13T07:22:11.414 INFO:teuthology.orchestra.run.smithi046.stdout:/usr/bin/ceph: stderr
2023-09-13T07:22:03.235+0000 7fbe5f7fe700 1 --2- >> [v2:172.21.15.46:3300/0,v1:172.21.15.46:6789/0] conn(0x7fbe60077c60 0x7fbe60076170 unknown :-1 s=HELLO_CONNECTING pgs=0 cs=0 l=0 rev1=1 crypto rx=0 tx=0 comp rx=0 tx=0).handle_hello peer v2:172.21.15.46:3300/0 says I am v2:172.21.15.46:36882/0 (socket says 172.21.15.46:36882)
2023-09-13T07:22:11.415 INFO:teuthology.orchestra.run.smithi046.stdout:/usr/bin/ceph: stderr
2023-09-13T07:22:03.235+0000 7fbe5f7fe700 1 -- 172.21.15.46:0/3501974675 learned_addr learned my addr 172.21.15.46:0/3501974675 (peer_addr_for_me v2:172.21.15.46:0/0)
2023-09-13T07:22:11.415 INFO:teuthology.orchestra.run.smithi046.stdout:/usr/bin/ceph: stderr
2023-09-13T07:22:03.235+0000 7fbe5f7fe700 1 -- 172.21.15.46:0/3501974675 --> [v2:172.21.15.46:3300/0,v1:172.21.15.46:6789/0] -- mon_subscribe({config=0+,monmap=0+}) v3 -- 0x7fbe600766b0 con 0x7fbe60077c60
2023-09-13T07:22:11.415 INFO:teuthology.orchestra.run.smithi046.stdout:/usr/bin/ceph: stderr
2023-09-13T07:22:03.235+0000 7fbe5f7fe700 1 --2- 172.21.15.46:0/3501974675 >> [v2:172.21.15.46:3300/0,v1:172.21.15.46:6789/0] conn(0x7fbe60077c60 0x7fbe60076170 secure :-1 s=READY pgs=73 cs=0 l=1 rev1=1 crypto rx=0x7fbe500098e0 tx=0x7fbe50009250 comp rx=0 tx=0).ready entity=mon.0 client_cookie=b892fb33110a8042 server_cookie=0 in_seq=0 out_seq=0
2023-09-13T07:22:11.415 INFO:teuthology.orchestra.run.smithi046.stdout:/usr/bin/ceph: stderr
2023-09-13T07:22:03.235+0000 7fbe5e7fc700 1 -- 172.21.15.46:0/3501974675 <== mon.0 v2:172.21.15.46:3300/0 1 ==== mon_map magic: 0 v1 ==== 229+0+0 (secure 0 0 0) 0x7fbe5000b860 con 0x7fbe60077c60
2023-09-13T07:22:11.415 INFO:teuthology.orchestra.run.smithi046.stdout:/usr/bin/ceph: stderr
2023-09-13T07:22:03.236+0000 7fbe5e7fc700 1 -- 172.21.15.46:0/3501974675 <== mon.0 v2:172.21.15.46:3300/0 2 ==== config(26 keys) v1 ==== 1074+0+0 (secure 0 0 0) 0x7fbe5000be70 con 0x7fbe60077c60
2023-09-13T07:22:11.415 INFO:teuthology.orchestra.run.smithi046.stdout:/usr/bin/ceph: stderr
2023-09-13T07:22:03.236+0000 7fbe5e7fc700 1 -- 172.21.15.46:0/3501974675 <== mon.0 v2:172.21.15.46:3300/0 3 ==== mon_map magic: 0 v1 ==== 229+0+0 (secure 0 0 0) 0x7fbe50010380 con 0x7fbe60077c60
2023-09-13T07:22:11.416 INFO:teuthology.orchestra.run.smithi046.stdout:/usr/bin/ceph: stderr
2023-09-13T07:22:03.236+0000 7fbe660f2700 1 -- 172.21.15.46:0/3501974675 >> [v2:172.21.15.46:3300/0,v1:172.21.15.46:6789/0] conn(0x7fbe60077c60 msgr2=0x7fbe60076170 secure :-1 s=STATE_CONNECTION_ESTABLISHED l=1).mark_down
2023-09-13T07:22:11.416 INFO:teuthology.orchestra.run.smithi046.stdout:/usr/bin/ceph: stderr
2023-09-13T07:22:03.236+0000 7fbe660f2700 1 --2- 172.21.15.46:0/3501974675 >> [v2:172.21.15.46:3300/0,v1:172.21.15.46:6789/0] conn(0x7fbe60077c60 0x7fbe60076170 secure :-1 s=READY pgs=73 cs=0 l=1 rev1=1 crypto rx=0x7fbe500098e0 tx=0x7fbe50009250 comp rx=0 tx=0).stop
2023-09-13T07:22:11.416 INFO:teuthology.orchestra.run.smithi046.stdout:/usr/bin/ceph: stderr
2023-09-13T07:22:03.236+0000 7fbe660f2700 1 -- 172.21.15.46:0/3501974675 shutdown_connections
2023-09-13T07:22:11.416 INFO:teuthology.orchestra.run.smithi046.stdout:/usr/bin/ceph: stderr
2023-09-13T07:22:03.236+0000 7fbe660f2700 1 --2- 172.21.15.46:0/3501974675 >> [v2:172.21.15.46:3300/0,v1:172.21.15.46:6789/0] conn(0x7fbe60077c60 0x7fbe60076170 unknown :-1 s=CLOSED pgs=73 cs=0 l=1 rev1=1 crypto rx=0 tx=0 comp rx=0 tx=0).stop
2023-09-13T07:22:11.416 INFO:teuthology.orchestra.run.smithi046.stdout:/usr/bin/ceph: stderr
2023-09-13T07:22:03.236+0000 7fbe660f2700 1 -- 172.21.15.46:0/3501974675 >> 172.21.15.46:0/3501974675 conn(0x7fbe600fd990 msgr2=0x7fbe600ffdc0 unknown :-1 s=STATE_NONE l=0).mark_down
2023-09-13T07:22:11.417 INFO:teuthology.orchestra.run.smithi046.stdout:/usr/bin/ceph: stderr
2023-09-13T07:22:03.236+0000 7fbe660f2700 1 -- 172.21.15.46:0/3501974675 shutdown_connections
2023-09-13T07:22:11.417 INFO:teuthology.orchestra.run.smithi046.stdout:/usr/bin/ceph: stderr
2023-09-13T07:22:03.236+0000 7fbe660f2700 1 -- 172.21.15.46:0/3501974675 wait complete.
2023-09-13T07:22:11.417 INFO:teuthology.orchestra.run.smithi046.stdout:/usr/bin/ceph: stderr
2023-09-13T07:22:03.237+0000 7fbe660f2700 1 Processor -- start
2023-09-13T07:22:11.417 INFO:teuthology.orchestra.run.smithi046.stdout:/usr/bin/ceph: stderr
2023-09-13T07:22:03.237+0000 7fbe660f2700 1 -- start start
2023-09-13T07:22:11.417 INFO:teuthology.orchestra.run.smithi046.stdout:/usr/bin/ceph: stderr
2023-09-13T07:22:03.238+0000 7fbe660f2700 1 --2- >> [v2:172.21.15.46:3300/0,v1:172.21.15.46:6789/0] conn(0x7fbe60077c60 0x7fbe60113250 unknown :-1 s=NONE pgs=0 cs=0 l=1 rev1=0 crypto rx=0 tx=0 comp rx=0 tx=0).connect
2023-09-13T07:22:11.418 INFO:teuthology.orchestra.run.smithi046.stdout:/usr/bin/ceph: stderr
2023-09-13T07:22:03.238+0000 7fbe660f2700 1 -- --> [v2:172.21.15.46:3300/0,v1:172.21.15.46:6789/0] -- mon_getmap magic: 0 v1 -- 0x7fbe60113790 con 0x7fbe60077c60
2023-09-13T07:22:11.418 INFO:teuthology.orchestra.run.smithi046.stdout:/usr/bin/ceph: stderr
2023-09-13T07:22:03.238+0000 7fbe5f7fe700 1 --2- >> [v2:172.21.15.46:3300/0,v1:172.21.15.46:6789/0] conn(0x7fbe60077c60 0x7fbe60113250 unknown :-1 s=BANNER_CONNECTING pgs=0 cs=0 l=1 rev1=0 crypto rx=0 tx=0 comp rx=0 tx=0)._handle_peer_banner_payload supported=3 required=0
2023-09-13T07:22:11.418 INFO:teuthology.orchestra.run.smithi046.stdout:/usr/bin/ceph: stderr
2023-09-13T07:22:03.238+0000 7fbe5f7fe700 1 --2- >> [v2:172.21.15.46:3300/0,v1:172.21.15.46:6789/0] conn(0x7fbe60077c60 0x7fbe60113250 unknown :-1 s=HELLO_CONNECTING pgs=0 cs=0 l=1 rev1=1 crypto rx=0 tx=0 comp rx=0 tx=0).handle_hello peer v2:172.21.15.46:3300/0 says I am v2:172.21.15.46:36884/0 (socket says 172.21.15.46:36884)
2023-09-13T07:22:11.418 INFO:teuthology.orchestra.run.smithi046.stdout:/usr/bin/ceph: stderr
2023-09-13T07:22:03.238+0000 7fbe5f7fe700 1 -- 172.21.15.46:0/2814413104 learned_addr learned my addr 172.21.15.46:0/2814413104 (peer_addr_for_me v2:172.21.15.46:0/0)
2023-09-13T07:22:11.418 INFO:teuthology.orchestra.run.smithi046.stdout:/usr/bin/ceph: stderr
2023-09-13T07:22:03.238+0000 7fbe5f7fe700 1 -- 172.21.15.46:0/2814413104 --> [v2:172.21.15.46:3300/0,v1:172.21.15.46:6789/0] -- mon_subscribe({config=0+,monmap=0+}) v3 -- 0x7fbe500094f0 con 0x7fbe60077c60
2023-09-13T07:22:11.419 INFO:teuthology.orchestra.run.smithi046.stdout:/usr/bin/ceph: stderr
2023-09-13T07:22:03.239+0000 7fbe5f7fe700 1 --2- 172.21.15.46:0/2814413104 >> [v2:172.21.15.46:3300/0,v1:172.21.15.46:6789/0] conn(0x7fbe60077c60 0x7fbe60113250 secure :-1 s=READY pgs=74 cs=0 l=1 rev1=1 crypto rx=0x7fbe5000ba70 tx=0x7fbe50009250 comp rx=0 tx=0).ready entity=mon.0 client_cookie=0 server_cookie=0 in_seq=0 out_seq=0
2023-09-13T07:22:11.419 INFO:teuthology.orchestra.run.smithi046.stdout:/usr/bin/ceph: stderr
2023-09-13T07:22:03.239+0000 7fbe47fff700 1 -- 172.21.15.46:0/2814413104 <== mon.0 v2:172.21.15.46:3300/0 1 ==== mon_map magic: 0 v1 ==== 229+0+0 (secure 0 0 0) 0x7fbe50010960 con 0x7fbe60077c60
2023-09-13T07:22:11.419 INFO:teuthology.orchestra.run.smithi046.stdout:/usr/bin/ceph: stderr
2023-09-13T07:22:03.239+0000 7fbe47fff700 1 -- 172.21.15.46:0/2814413104 <== mon.0 v2:172.21.15.46:3300/0 2 ==== config(26 keys) v1 ==== 1074+0+0 (secure 0 0 0) 0x7fbe50024430 con 0x7fbe60077c60
2023-09-13T07:22:11.419 INFO:teuthology.orchestra.run.smithi046.stdout:/usr/bin/ceph: stderr
2023-09-13T07:22:03.239+0000 7fbe660f2700 1 -- 172.21.15.46:0/2814413104 --> [v2:172.21.15.46:3300/0,v1:172.21.15.46:6789/0] -- mon_subscribe({mgrmap=0+}) v3 -- 0x7fbe60113990 con 0x7fbe60077c60
2023-09-13T07:22:11.419 INFO:teuthology.orchestra.run.smithi046.stdout:/usr/bin/ceph: stderr
2023-09-13T07:22:03.239+0000 7fbe47fff700 1 -- 172.21.15.46:0/2814413104 <== mon.0 v2:172.21.15.46:3300/0 3 ==== mon_map magic: 0 v1 ==== 229+0+0 (secure 0 0 0) 0x7fbe5001a5f0 con 0x7fbe60077c60
2023-09-13T07:22:11.420 INFO:teuthology.orchestra.run.smithi046.stdout:/usr/bin/ceph: stderr
2023-09-13T07:22:03.239+0000 7fbe660f2700 1 -- 172.21.15.46:0/2814413104 --> [v2:172.21.15.46:3300/0,v1:172.21.15.46:6789/0] -- mon_subscribe({osdmap=0}) v3 -- 0x7fbe60113da0 con 0x7fbe60077c60
2023-09-13T07:22:11.420 INFO:teuthology.orchestra.run.smithi046.stdout:/usr/bin/ceph: stderr
2023-09-13T07:22:03.240+0000 7fbe47fff700 1 -- 172.21.15.46:0/2814413104 <== mon.0 v2:172.21.15.46:3300/0 4 ==== mgrmap(e 9) v1 ==== 43247+0+0 (secure 0 0 0) 0x7fbe500249f0 con 0x7fbe60077c60
2023-09-13T07:22:11.420 INFO:teuthology.orchestra.run.smithi046.stdout:/usr/bin/ceph: stderr
2023-09-13T07:22:03.240+0000 7fbe47fff700 1 --2- 172.21.15.46:0/2814413104 >> [v2:172.21.15.46:6800/237204210,v1:172.21.15.46:6801/237204210] conn(0x7fbe48036640 0x7fbe48038af0 unknown :-1 s=NONE pgs=0 cs=0 l=1 rev1=0 crypto rx=0 tx=0 comp rx=0 tx=0).connect
2023-09-13T07:22:11.420 INFO:teuthology.orchestra.run.smithi046.stdout:/usr/bin/ceph: stderr
2023-09-13T07:22:03.241+0000 7fbe660f2700 1 -- 172.21.15.46:0/2814413104 --> [v2:172.21.15.46:6800/237204210,v1:172.21.15.46:6801/237204210] -- command(tid 0: {"prefix": "get_command_descriptions"}) v1 -- 0x7fbe6004bb40 con 0x7fbe48036640
2023-09-13T07:22:11.420 INFO:teuthology.orchestra.run.smithi046.stdout:/usr/bin/ceph: stderr
2023-09-13T07:22:03.241+0000 7fbe47fff700 1 -- 172.21.15.46:0/2814413104 <== mon.0 v2:172.21.15.46:3300/0 5 ==== osd_map(2..2 src has 1..2) v4 ==== 936+0+0 (secure 0 0 0) 0x7fbe5004a2f0 con 0x7fbe60077c60
2023-09-13T07:22:11.421 INFO:teuthology.orchestra.run.smithi046.stdout:/usr/bin/ceph: stderr
2023-09-13T07:22:03.241+0000 7fbe5effd700 1 -- 172.21.15.46:0/2814413104 >> [v2:172.21.15.46:6800/237204210,v1:172.21.15.46:6801/237204210] conn(0x7fbe48036640 msgr2=0x7fbe48038af0 unknown :-1 s=STATE_CONNECTING_RE l=1).process reconnect failed to v2:172.21.15.46:6800/237204210
2023-09-13T07:22:11.421 INFO:teuthology.orchestra.run.smithi046.stdout:/usr/bin/ceph: stderr
2023-09-13T07:22:03.241+0000 7fbe5effd700 1 --2- 172.21.15.46:0/2814413104 >> [v2:172.21.15.46:6800/237204210,v1:172.21.15.46:6801/237204210] conn(0x7fbe48036640 0x7fbe48038af0 unknown :-1 s=START_CONNECT pgs=0 cs=0 l=1 rev1=0 crypto rx=0 tx=0 comp rx=0 tx=0)._fault waiting 0.200000
2023-09-13T07:22:11.421 INFO:teuthology.orchestra.run.smithi046.stdout:/usr/bin/ceph: stderr
2023-09-13T07:22:03.442+0000 7fbe5effd700 1 -- 172.21.15.46:0/2814413104 >> [v2:172.21.15.46:6800/237204210,v1:172.21.15.46:6801/237204210] conn(0x7fbe48036640 msgr2=0x7fbe48038af0 unknown :-1 s=STATE_CONNECTING_RE l=1).process reconnect failed to v2:172.21.15.46:6800/237204210
2023-09-13T07:22:11.421 INFO:teuthology.orchestra.run.smithi046.stdout:/usr/bin/ceph: stderr
2023-09-13T07:22:03.442+0000 7fbe5effd700 1 --2- 172.21.15.46:0/2814413104 >> [v2:172.21.15.46:6800/237204210,v1:172.21.15.46:6801/237204210] conn(0x7fbe48036640 0x7fbe48038af0 unknown :-1 s=START_CONNECT pgs=0 cs=0 l=1 rev1=0 crypto rx=0 tx=0 comp rx=0 tx=0)._fault waiting 0.400000
2023-09-13T07:22:11.421 INFO:teuthology.orchestra.run.smithi046.stdout:/usr/bin/ceph: stderr
2023-09-13T07:22:03.843+0000 7fbe5effd700 1 -- 172.21.15.46:0/2814413104 >> [v2:172.21.15.46:6800/237204210,v1:172.21.15.46:6801/237204210] conn(0x7fbe48036640 msgr2=0x7fbe48038af0 unknown :-1 s=STATE_CONNECTING_RE l=1).process reconnect failed to v2:172.21.15.46:6800/237204210
2023-09-13T07:22:11.421 INFO:teuthology.orchestra.run.smithi046.stdout:/usr/bin/ceph: stderr
2023-09-13T07:22:03.843+0000 7fbe5effd700 1 --2- 172.21.15.46:0/2814413104 >> [v2:172.21.15.46:6800/237204210,v1:172.21.15.46:6801/237204210] conn(0x7fbe48036640 0x7fbe48038af0 unknown :-1 s=START_CONNECT pgs=0 cs=0 l=1 rev1=0 crypto rx=0 tx=0 comp rx=0 tx=0)._fault waiting 0.800000
2023-09-13T07:22:11.422 INFO:teuthology.orchestra.run.smithi046.stdout:/usr/bin/ceph: stderr
2023-09-13T07:22:04.644+0000 7fbe5effd700 1 -- 172.21.15.46:0/2814413104 >> [v2:172.21.15.46:6800/237204210,v1:172.21.15.46:6801/237204210] conn(0x7fbe48036640 msgr2=0x7fbe48038af0 unknown :-1 s=STATE_CONNECTING_RE l=1).process reconnect failed to v2:172.21.15.46:6800/237204210
2023-09-13T07:22:11.422 INFO:teuthology.orchestra.run.smithi046.stdout:/usr/bin/ceph: stderr
2023-09-13T07:22:04.644+0000 7fbe5effd700 1 --2- 172.21.15.46:0/2814413104 >> [v2:172.21.15.46:6800/237204210,v1:172.21.15.46:6801/237204210] conn(0x7fbe48036640 0x7fbe48038af0 unknown :-1 s=START_CONNECT pgs=0 cs=0 l=1 rev1=0 crypto rx=0 tx=0 comp rx=0 tx=0)._fault waiting 1.600000
2023-09-13T07:22:11.422 INFO:teuthology.orchestra.run.smithi046.stdout:/usr/bin/ceph: stderr
2023-09-13T07:22:06.245+0000 7fbe5effd700 1 -- 172.21.15.46:0/2814413104 >> [v2:172.21.15.46:6800/237204210,v1:172.21.15.46:6801/237204210] conn(0x7fbe48036640 msgr2=0x7fbe48038af0 unknown :-1 s=STATE_CONNECTING_RE l=1).process reconnect failed to v2:172.21.15.46:6800/237204210
2023-09-13T07:22:11.422 INFO:teuthology.orchestra.run.smithi046.stdout:/usr/bin/ceph: stderr
2023-09-13T07:22:06.245+0000 7fbe5effd700 1 --2- 172.21.15.46:0/2814413104 >> [v2:172.21.15.46:6800/237204210,v1:172.21.15.46:6801/237204210] conn(0x7fbe48036640 0x7fbe48038af0 unknown :-1 s=START_CONNECT pgs=0 cs=0 l=1 rev1=0 crypto rx=0 tx=0 comp rx=0 tx=0)._fault waiting 3.200000
2023-09-13T07:22:11.423 INFO:teuthology.orchestra.run.smithi046.stdout:/usr/bin/ceph: stderr
2023-09-13T07:22:09.449+0000 7fbe5effd700 1 -- 172.21.15.46:0/2814413104 >> [v2:172.21.15.46:6800/237204210,v1:172.21.15.46:6801/237204210] conn(0x7fbe48036640 msgr2=0x7fbe48038af0 unknown :-1 s=STATE_CONNECTING_RE l=1).process reconnect failed to v2:172.21.15.46:6800/237204210
2023-09-13T07:22:11.423 INFO:teuthology.orchestra.run.smithi046.stdout:/usr/bin/ceph: stderr
2023-09-13T07:22:09.449+0000 7fbe5effd700 1 --2- 172.21.15.46:0/2814413104 >> [v2:172.21.15.46:6800/237204210,v1:172.21.15.46:6801/237204210] conn(0x7fbe48036640 0x7fbe48038af0 unknown :-1 s=START_CONNECT pgs=0 cs=0 l=1 rev1=0 crypto rx=0 tx=0 comp rx=0 tx=0)._fault waiting 6.400000
2023-09-13T07:22:11.423 INFO:teuthology.orchestra.run.smithi046.stdout:/usr/bin/ceph: stderr
2023-09-13T07:22:09.927+0000 7fbe47fff700 1 -- 172.21.15.46:0/2814413104 <== mon.0 v2:172.21.15.46:3300/0 6 ==== mgrmap(e 10) v1 ==== 43014+0+0 (secure 0 0 0) 0x7fbe5000fda0 con 0x7fbe60077c60
2023-09-13T07:22:11.423 INFO:teuthology.orchestra.run.smithi046.stdout:/usr/bin/ceph: stderr
2023-09-13T07:22:09.927+0000 7fbe47fff700 1 -- 172.21.15.46:0/2814413104 >> [v2:172.21.15.46:6800/237204210,v1:172.21.15.46:6801/237204210] conn(0x7fbe48036640 msgr2=0x7fbe48038af0 unknown :-1 s=STATE_CONNECTING l=1).mark_down
2023-09-13T07:22:11.423 INFO:teuthology.orchestra.run.smithi046.stdout:/usr/bin/ceph: stderr
2023-09-13T07:22:09.927+0000 7fbe47fff700 1 --2- 172.21.15.46:0/2814413104 >> [v2:172.21.15.46:6800/237204210,v1:172.21.15.46:6801/237204210] conn(0x7fbe48036640 0x7fbe48038af0 unknown :-1 s=START_CONNECT pgs=0 cs=0 l=1 rev1=0 crypto rx=0 tx=0 comp rx=0 tx=0).stop
2023-09-13T07:22:11.424 INFO:teuthology.orchestra.run.smithi046.stdout:/usr/bin/ceph: stderr
2023-09-13T07:22:10.930+0000 7fbe47fff700 1 -- 172.21.15.46:0/2814413104 <== mon.0 v2:172.21.15.46:3300/0 7 ==== mgrmap(e 11) v1 ==== 43141+0+0 (secure 0 0 0) 0x7fbe50010ac0 con 0x7fbe60077c60
2023-09-13T07:22:11.424 INFO:teuthology.orchestra.run.smithi046.stdout:/usr/bin/ceph: stderr
2023-09-13T07:22:10.930+0000 7fbe47fff700 1 --2- 172.21.15.46:0/2814413104 >> [v2:172.21.15.46:6800/3037325000,v1:172.21.15.46:6801/3037325000] conn(0x7fbe48039f40 0x7fbe4803c320 unknown :-1 s=NONE pgs=0 cs=0 l=1 rev1=0 crypto rx=0 tx=0 comp rx=0 tx=0).connect
2023-09-13T07:22:11.424 INFO:teuthology.orchestra.run.smithi046.stdout:/usr/bin/ceph: stderr
2023-09-13T07:22:10.930+0000 7fbe47fff700 1 -- 172.21.15.46:0/2814413104 --> [v2:172.21.15.46:6800/3037325000,v1:172.21.15.46:6801/3037325000] -- command(tid 0: {"prefix": "get_command_descriptions"}) v1 -- 0x7fbe6004bb40 con 0x7fbe48039f40
2023-09-13T07:22:11.424 INFO:teuthology.orchestra.run.smithi046.stdout:/usr/bin/ceph: stderr
2023-09-13T07:22:10.931+0000 7fbe5effd700 1 --2- 172.21.15.46:0/2814413104 >> [v2:172.21.15.46:6800/3037325000,v1:172.21.15.46:6801/3037325000] conn(0x7fbe48039f40 0x7fbe4803c320 unknown :-1 s=BANNER_CONNECTING pgs=0 cs=0 l=1 rev1=0 crypto rx=0 tx=0 comp rx=0 tx=0)._handle_peer_banner_payload supported=3 required=0
2023-09-13T07:22:11.424 INFO:teuthology.orchestra.run.smithi046.stdout:/usr/bin/ceph: stderr
2023-09-13T07:22:10.932+0000 7fbe5effd700 1 --2- 172.21.15.46:0/2814413104 >> [v2:172.21.15.46:6800/3037325000,v1:172.21.15.46:6801/3037325000] conn(0x7fbe48039f40 0x7fbe4803c320 secure :-1 s=READY pgs=5 cs=0 l=1 rev1=1 crypto rx=0x7fbe540039d0 tx=0x7fbe54009350 comp rx=0 tx=0).ready entity=mgr.14164 client_cookie=0 server_cookie=0 in_seq=0 out_seq=0
2023-09-13T07:22:11.424 INFO:teuthology.orchestra.run.smithi046.stdout:/usr/bin/ceph: stderr
2023-09-13T07:22:10.933+0000 7fbe47fff700 1 -- 172.21.15.46:0/2814413104 <== mgr.14164 v2:172.21.15.46:6800/3037325000 1 ==== command_reply(tid 0: 0 ) v1 ==== 8+0+6549 (secure 0 0 0) 0x7fbe6004bb40 con 0x7fbe48039f40
2023-09-13T07:22:11.425 INFO:teuthology.orchestra.run.smithi046.stdout:/usr/bin/ceph: stderr
2023-09-13T07:22:10.939+0000 7fbe660f2700 1 -- 172.21.15.46:0/2814413104 --> [v2:172.21.15.46:6800/3037325000,v1:172.21.15.46:6801/3037325000] -- command(tid 1: {"prefix": "mgr_status"}) v1 -- 0x7fbe601084d0 con 0x7fbe48039f40
2023-09-13T07:22:11.425 INFO:teuthology.orchestra.run.smithi046.stdout:/usr/bin/ceph: stderr
2023-09-13T07:22:10.940+0000 7fbe47fff700 1 -- 172.21.15.46:0/2814413104 <== mgr.14164 v2:172.21.15.46:6800/3037325000 2 ==== command_reply(tid 1: 0 ) v1 ==== 8+0+52 (secure 0 0 0) 0x7fbe601084d0 con 0x7fbe48039f40
2023-09-13T07:22:11.425 INFO:teuthology.orchestra.run.smithi046.stdout:/usr/bin/ceph: stderr
2023-09-13T07:22:10.940+0000 7fbe660f2700 1 -- 172.21.15.46:0/2814413104 >> [v2:172.21.15.46:6800/3037325000,v1:172.21.15.46:6801/3037325000] conn(0x7fbe48039f40 msgr2=0x7fbe4803c320 secure :-1 s=STATE_CONNECTION_ESTABLISHED l=1).mark_down
2023-09-13T07:22:11.425 INFO:teuthology.orchestra.run.smithi046.stdout:/usr/bin/ceph: stderr
2023-09-13T07:22:10.940+0000 7fbe660f2700 1 --2- 172.21.15.46:0/2814413104 >> [v2:172.21.15.46:6800/3037325000,v1:172.21.15.46:6801/3037325000] conn(0x7fbe48039f40 0x7fbe4803c320 secure :-1 s=READY pgs=5 cs=0 l=1 rev1=1 crypto rx=0x7fbe540039d0 tx=0x7fbe54009350 comp rx=0 tx=0).stop
2023-09-13T07:22:11.425 INFO:teuthology.orchestra.run.smithi046.stdout:/usr/bin/ceph: stderr
2023-09-13T07:22:10.940+0000 7fbe660f2700 1 -- 172.21.15.46:0/2814413104 >> [v2:172.21.15.46:3300/0,v1:172.21.15.46:6789/0] conn(0x7fbe60077c60 msgr2=0x7fbe60113250 secure :-1 s=STATE_CONNECTION_ESTABLISHED l=1).mark_down
2023-09-13T07:22:11.426 INFO:teuthology.orchestra.run.smithi046.stdout:/usr/bin/ceph: stderr
2023-09-13T07:22:10.940+0000 7fbe660f2700 1 --2- 172.21.15.46:0/2814413104 >> [v2:172.21.15.46:3300/0,v1:172.21.15.46:6789/0] conn(0x7fbe60077c60 0x7fbe60113250 secure :-1 s=READY pgs=74 cs=0 l=1 rev1=1 crypto rx=0x7fbe5000ba70 tx=0x7fbe50009250 comp rx=0 tx=0).stop
2023-09-13T07:22:11.426 INFO:teuthology.orchestra.run.smithi046.stdout:/usr/bin/ceph: stderr
2023-09-13T07:22:10.940+0000 7fbe660f2700 1 -- 172.21.15.46:0/2814413104 shutdown_connections
2023-09-13T07:22:11.426 INFO:teuthology.orchestra.run.smithi046.stdout:/usr/bin/ceph: stderr
2023-09-13T07:22:10.940+0000 7fbe660f2700 1 --2- 172.21.15.46:0/2814413104 >> [v2:172.21.15.46:6800/3037325000,v1:172.21.15.46:6801/3037325000] conn(0x7fbe48039f40 0x7fbe4803c320 unknown :-1 s=CLOSED pgs=5 cs=0 l=1 rev1=1 crypto rx=0 tx=0 comp rx=0 tx=0).stop
2023-09-13T07:22:11.426 INFO:teuthology.orchestra.run.smithi046.stdout:/usr/bin/ceph: stderr
2023-09-13T07:22:10.940+0000 7fbe660f2700 1 --2- 172.21.15.46:0/2814413104 >> [v2:172.21.15.46:3300/0,v1:172.21.15.46:6789/0] conn(0x7fbe60077c60 0x7fbe60113250 unknown :-1 s=CLOSED pgs=74 cs=0 l=1 rev1=1 crypto rx=0 tx=0 comp rx=0 tx=0).stop
2023-09-13T07:22:11.426 INFO:teuthology.orchestra.run.smithi046.stdout:/usr/bin/ceph: stderr
2023-09-13T07:22:10.940+0000 7fbe660f2700 1 --2- 172.21.15.46:0/2814413104 >> [v2:172.21.15.46:6800/237204210,v1:172.21.15.46:6801/237204210] conn(0x7fbe48036640 0x7fbe48038af0 unknown :-1 s=CLOSED pgs=0 cs=0 l=1 rev1=0 crypto rx=0 tx=0 comp rx=0 tx=0).stop
2023-09-13T07:22:11.427 INFO:teuthology.orchestra.run.smithi046.stdout:/usr/bin/ceph: stderr
2023-09-13T07:22:10.940+0000 7fbe660f2700 1 -- 172.21.15.46:0/2814413104 >> 172.21.15.46:0/2814413104 conn(0x7fbe600fd990 msgr2=0x7fbe600ff0d0 unknown :-1 s=STATE_NONE l=0).mark_down
2023-09-13T07:22:11.427 INFO:teuthology.orchestra.run.smithi046.stdout:/usr/bin/ceph: stderr
2023-09-13T07:22:10.940+0000 7fbe660f2700 1 -- 172.21.15.46:0/2814413104 shutdown_connections
2023-09-13T07:22:11.427 INFO:teuthology.orchestra.run.smithi046.stdout:/usr/bin/ceph: stderr
2023-09-13T07:22:10.941+0000 7fbe660f2700 1 -- 172.21.15.46:0/2814413104 wait complete.
2023-09-13T07:22:11.427 INFO:teuthology.orchestra.run.smithi046.stdout:mgr epoch 9 is available
2023-09-13T07:22:11.428 INFO:teuthology.orchestra.run.smithi046.stdout:Generating a dashboard self-signed certificate...
2023-09-13T07:22:12.494 INFO:teuthology.orchestra.run.smithi046.stdout:/usr/bin/ceph: stdout Self-signed certificate created
2023-09-13T07:22:12.494 INFO:teuthology.orchestra.run.smithi046.stdout:/usr/bin/ceph: stderr
2023-09-13T07:22:11.835+0000 7fca5e38d700 1 Processor -- start
2023-09-13T07:22:12.494 INFO:teuthology.orchestra.run.smithi046.stdout:/usr/bin/ceph: stderr
2023-09-13T07:22:11.835+0000 7fca5e38d700 1 -- start start
2023-09-13T07:22:12.495 INFO:teuthology.orchestra.run.smithi046.stdout:/usr/bin/ceph: stderr
2023-09-13T07:22:11.836+0000 7fca5e38d700 1 --2- >> [v2:172.21.15.46:3300/0,v1:172.21.15.46:6789/0] conn(0x7fca581022b0 0x7fca581026c0 unknown :-1 s=NONE pgs=0 cs=0 l=0 rev1=0 crypto rx=0 tx=0 comp rx=0 tx=0).connect
2023-09-13T07:22:12.495 INFO:teuthology.orchestra.run.smithi046.stdout:/usr/bin/ceph: stderr
2023-09-13T07:22:11.836+0000 7fca5e38d700 1 -- --> [v2:172.21.15.46:3300/0,v1:172.21.15.46:6789/0] -- mon_getmap magic: 0 v1 -- 0x7fca58102c00 con 0x7fca581022b0
2023-09-13T07:22:12.495 INFO:teuthology.orchestra.run.smithi046.stdout:/usr/bin/ceph: stderr
2023-09-13T07:22:11.836+0000 7fca57fff700 1 --2- >> [v2:172.21.15.46:3300/0,v1:172.21.15.46:6789/0] conn(0x7fca581022b0 0x7fca581026c0 unknown :-1 s=BANNER_CONNECTING pgs=0 cs=0 l=0 rev1=0 crypto rx=0 tx=0 comp rx=0 tx=0)._handle_peer_banner_payload supported=3 required=0
2023-09-13T07:22:12.495 INFO:teuthology.orchestra.run.smithi046.stdout:/usr/bin/ceph: stderr
2023-09-13T07:22:11.837+0000 7fca57fff700 1 --2- >> [v2:172.21.15.46:3300/0,v1:172.21.15.46:6789/0] conn(0x7fca581022b0 0x7fca581026c0 unknown :-1 s=HELLO_CONNECTING pgs=0 cs=0 l=0 rev1=1 crypto rx=0 tx=0 comp rx=0 tx=0).handle_hello peer v2:172.21.15.46:3300/0 says I am v2:172.21.15.46:55102/0 (socket says 172.21.15.46:55102)
2023-09-13T07:22:12.495 INFO:teuthology.orchestra.run.smithi046.stdout:/usr/bin/ceph: stderr
2023-09-13T07:22:11.837+0000 7fca57fff700 1 -- 172.21.15.46:0/777804104 learned_addr learned my addr 172.21.15.46:0/777804104 (peer_addr_for_me v2:172.21.15.46:0/0)
2023-09-13T07:22:12.496 INFO:teuthology.orchestra.run.smithi046.stdout:/usr/bin/ceph: stderr
2023-09-13T07:22:11.837+0000 7fca57fff700 1 -- 172.21.15.46:0/777804104 --> [v2:172.21.15.46:3300/0,v1:172.21.15.46:6789/0] -- mon_subscribe({config=0+,monmap=0+}) v3 -- 0x7fca58102d40 con 0x7fca581022b0
2023-09-13T07:22:12.496 INFO:teuthology.orchestra.run.smithi046.stdout:/usr/bin/ceph: stderr
2023-09-13T07:22:11.837+0000 7fca57fff700 1 --2- 172.21.15.46:0/777804104 >> [v2:172.21.15.46:3300/0,v1:172.21.15.46:6789/0] conn(0x7fca581022b0 0x7fca581026c0 secure :-1 s=READY pgs=82 cs=0 l=1 rev1=1 crypto rx=0x7fca480098e0 tx=0x7fca48009250 comp rx=0 tx=0).ready entity=mon.0 client_cookie=f9de8cca9c64661f server_cookie=0 in_seq=0 out_seq=0
2023-09-13T07:22:12.496 INFO:teuthology.orchestra.run.smithi046.stdout:/usr/bin/ceph: stderr
2023-09-13T07:22:11.837+0000 7fca56ffd700 1 -- 172.21.15.46:0/777804104 <== mon.0 v2:172.21.15.46:3300/0 1 ==== mon_map magic: 0 v1 ==== 229+0+0 (secure 0 0 0) 0x7fca4800b860 con 0x7fca581022b0
2023-09-13T07:22:12.496 INFO:teuthology.orchestra.run.smithi046.stdout:/usr/bin/ceph: stderr
2023-09-13T07:22:11.838+0000 7fca56ffd700 1 -- 172.21.15.46:0/777804104 <== mon.0 v2:172.21.15.46:3300/0 2 ==== config(26 keys) v1 ==== 1074+0+0 (secure 0 0 0) 0x7fca4800be70 con 0x7fca581022b0
2023-09-13T07:22:12.496 INFO:teuthology.orchestra.run.smithi046.stdout:/usr/bin/ceph: stderr
2023-09-13T07:22:11.838+0000 7fca56ffd700 1 -- 172.21.15.46:0/777804104 <== mon.0 v2:172.21.15.46:3300/0 3 ==== mon_map magic: 0 v1 ==== 229+0+0 (secure 0 0 0) 0x7fca48010380 con 0x7fca581022b0
2023-09-13T07:22:12.497 INFO:teuthology.orchestra.run.smithi046.stdout:/usr/bin/ceph: stderr
2023-09-13T07:22:11.838+0000 7fca5e38d700 1 -- 172.21.15.46:0/777804104 >> [v2:172.21.15.46:3300/0,v1:172.21.15.46:6789/0] conn(0x7fca581022b0 msgr2=0x7fca581026c0 secure :-1 s=STATE_CONNECTION_ESTABLISHED l=1).mark_down
2023-09-13T07:22:12.497 INFO:teuthology.orchestra.run.smithi046.stdout:/usr/bin/ceph: stderr
2023-09-13T07:22:11.838+0000 7fca5e38d700 1 --2- 172.21.15.46:0/777804104 >> [v2:172.21.15.46:3300/0,v1:172.21.15.46:6789/0] conn(0x7fca581022b0 0x7fca581026c0 secure :-1 s=READY pgs=82 cs=0 l=1 rev1=1 crypto rx=0x7fca480098e0 tx=0x7fca48009250 comp rx=0 tx=0).stop
2023-09-13T07:22:12.497 INFO:teuthology.orchestra.run.smithi046.stdout:/usr/bin/ceph: stderr
2023-09-13T07:22:11.838+0000 7fca5e38d700 1 -- 172.21.15.46:0/777804104 shutdown_connections
2023-09-13T07:22:12.497 INFO:teuthology.orchestra.run.smithi046.stdout:/usr/bin/ceph: stderr
2023-09-13T07:22:11.838+0000 7fca5e38d700 1 --2- 172.21.15.46:0/777804104 >> [v2:172.21.15.46:3300/0,v1:172.21.15.46:6789/0] conn(0x7fca581022b0 0x7fca581026c0 unknown :-1 s=CLOSED pgs=82 cs=0 l=1 rev1=1 crypto rx=0 tx=0 comp rx=0 tx=0).stop
2023-09-13T07:22:12.497 INFO:teuthology.orchestra.run.smithi046.stdout:/usr/bin/ceph: stderr
2023-09-13T07:22:11.838+0000 7fca5e38d700 1 -- 172.21.15.46:0/777804104 >> 172.21.15.46:0/777804104 conn(0x7fca580fda10 msgr2=0x7fca580ffe40 unknown :-1 s=STATE_NONE l=0).mark_down
2023-09-13T07:22:12.498 INFO:teuthology.orchestra.run.smithi046.stdout:/usr/bin/ceph: stderr
2023-09-13T07:22:11.838+0000 7fca5e38d700 1 -- 172.21.15.46:0/777804104 shutdown_connections
2023-09-13T07:22:12.498 INFO:teuthology.orchestra.run.smithi046.stdout:/usr/bin/ceph: stderr
2023-09-13T07:22:11.838+0000 7fca5e38d700 1 -- 172.21.15.46:0/777804104 wait complete.
2023-09-13T07:22:12.498 INFO:journalctl@ceph.mon.smithi046.smithi046.stdout:Sep 13 07:22:12 smithi046 ceph-mon[106850]: from='client.14168 -' entity='client.admin' cmd=[{"prefix": "get_command_descriptions"}]: dispatch
2023-09-13T07:22:12.498 INFO:journalctl@ceph.mon.smithi046.smithi046.stdout:Sep 13 07:22:12 smithi046 ceph-mon[106850]: from='client.14168 -' entity='client.admin' cmd=[{"prefix": "mgr_status"}]: dispatch
2023-09-13T07:22:12.499 INFO:journalctl@ceph.mon.smithi046.smithi046.stdout:Sep 13 07:22:12 smithi046 ceph-mon[106850]: from='mgr.14164 172.21.15.46:0/4035738173' entity='mgr.smithi046.mwnwiv'
2023-09-13T07:22:12.499 INFO:journalctl@ceph.mon.smithi046.smithi046.stdout:Sep 13 07:22:12 smithi046 ceph-mon[106850]: from='mgr.14164 172.21.15.46:0/4035738173' entity='mgr.smithi046.mwnwiv'
2023-09-13T07:22:12.499 INFO:journalctl@ceph.mon.smithi046.smithi046.stdout:Sep 13 07:22:12 smithi046 ceph-mon[106850]: from='mgr.14164 172.21.15.46:0/4035738173' entity='mgr.smithi046.mwnwiv'
2023-09-13T07:22:12.503 INFO:teuthology.orchestra.run.smithi046.stdout:/usr/bin/ceph: stderr
2023-09-13T07:22:11.840+0000 7fca5e38d700 1 Processor -- start
2023-09-13T07:22:12.503 INFO:teuthology.orchestra.run.smithi046.stdout:/usr/bin/ceph: stderr
2023-09-13T07:22:11.840+0000 7fca5e38d700 1 -- start start
2023-09-13T07:22:12.503 INFO:teuthology.orchestra.run.smithi046.stdout:/usr/bin/ceph: stderr
2023-09-13T07:22:11.840+0000 7fca5e38d700 1 --2- >> [v2:172.21.15.46:3300/0,v1:172.21.15.46:6789/0] conn(0x7fca581022b0 0x7fca58077c70 unknown :-1 s=NONE pgs=0 cs=0 l=1 rev1=0 crypto rx=0 tx=0 comp rx=0 tx=0).connect
2023-09-13T07:22:12.503 INFO:teuthology.orchestra.run.smithi046.stdout:/usr/bin/ceph: stderr
2023-09-13T07:22:11.840+0000 7fca5e38d700 1 -- --> [v2:172.21.15.46:3300/0,v1:172.21.15.46:6789/0] -- mon_getmap magic: 0 v1 -- 0x7fca580760f0 con 0x7fca581022b0
2023-09-13T07:22:12.503 INFO:teuthology.orchestra.run.smithi046.stdout:/usr/bin/ceph: stderr
2023-09-13T07:22:11.841+0000 7fca57fff700 1 --2- >> [v2:172.21.15.46:3300/0,v1:172.21.15.46:6789/0] conn(0x7fca581022b0 0x7fca58077c70 unknown :-1 s=BANNER_CONNECTING pgs=0 cs=0 l=1 rev1=0 crypto rx=0 tx=0 comp rx=0 tx=0)._handle_peer_banner_payload supported=3 required=0
2023-09-13T07:22:12.504 INFO:teuthology.orchestra.run.smithi046.stdout:/usr/bin/ceph: stderr
2023-09-13T07:22:11.841+0000 7fca57fff700 1 --2- >> [v2:172.21.15.46:3300/0,v1:172.21.15.46:6789/0] conn(0x7fca581022b0 0x7fca58077c70 unknown :-1 s=HELLO_CONNECTING pgs=0 cs=0 l=1 rev1=1 crypto rx=0 tx=0 comp rx=0 tx=0).handle_hello peer v2:172.21.15.46:3300/0 says I am v2:172.21.15.46:55116/0 (socket says 172.21.15.46:55116)
2023-09-13T07:22:12.504 INFO:teuthology.orchestra.run.smithi046.stdout:/usr/bin/ceph: stderr
2023-09-13T07:22:11.841+0000 7fca57fff700 1 -- 172.21.15.46:0/3886845495 learned_addr learned my addr 172.21.15.46:0/3886845495 (peer_addr_for_me v2:172.21.15.46:0/0)
2023-09-13T07:22:12.504 INFO:teuthology.orchestra.run.smithi046.stdout:/usr/bin/ceph: stderr
2023-09-13T07:22:11.841+0000 7fca57fff700 1 -- 172.21.15.46:0/3886845495 --> [v2:172.21.15.46:3300/0,v1:172.21.15.46:6789/0] -- mon_subscribe({config=0+,monmap=0+}) v3 -- 0x7fca480094f0 con 0x7fca581022b0
2023-09-13T07:22:12.504 INFO:teuthology.orchestra.run.smithi046.stdout:/usr/bin/ceph: stderr
2023-09-13T07:22:11.841+0000 7fca57fff700 1 --2- 172.21.15.46:0/3886845495 >> [v2:172.21.15.46:3300/0,v1:172.21.15.46:6789/0] conn(0x7fca581022b0 0x7fca58077c70 secure :-1 s=READY pgs=83 cs=0 l=1 rev1=1 crypto rx=0x7fca48003080 tx=0x7fca48009250 comp rx=0 tx=0).ready entity=mon.0 client_cookie=0 server_cookie=0 in_seq=0 out_seq=0
2023-09-13T07:22:12.504 INFO:teuthology.orchestra.run.smithi046.stdout:/usr/bin/ceph: stderr
2023-09-13T07:22:11.841+0000 7fca54ff9700 1 -- 172.21.15.46:0/3886845495 <== mon.0 v2:172.21.15.46:3300/0 1 ==== mon_map magic: 0 v1 ==== 229+0+0 (secure 0 0 0) 0x7fca48010800 con 0x7fca581022b0
2023-09-13T07:22:12.505 INFO:teuthology.orchestra.run.smithi046.stdout:/usr/bin/ceph: stderr
2023-09-13T07:22:11.842+0000 7fca54ff9700 1 -- 172.21.15.46:0/3886845495 <== mon.0 v2:172.21.15.46:3300/0 2 ==== config(26 keys) v1 ==== 1074+0+0 (secure 0 0 0) 0x7fca48010e10 con 0x7fca581022b0
2023-09-13T07:22:12.505 INFO:teuthology.orchestra.run.smithi046.stdout:/usr/bin/ceph: stderr
2023-09-13T07:22:11.842+0000 7fca5e38d700 1 -- 172.21.15.46:0/3886845495 --> [v2:172.21.15.46:3300/0,v1:172.21.15.46:6789/0] -- mon_subscribe({mgrmap=0+}) v3 -- 0x7fca580762f0 con 0x7fca581022b0
2023-09-13T07:22:12.505 INFO:teuthology.orchestra.run.smithi046.stdout:/usr/bin/ceph: stderr
2023-09-13T07:22:11.842+0000 7fca54ff9700 1 -- 172.21.15.46:0/3886845495 <== mon.0 v2:172.21.15.46:3300/0 3 ==== mon_map magic: 0 v1 ==== 229+0+0 (secure 0 0 0) 0x7fca4801a430 con 0x7fca581022b0
2023-09-13T07:22:12.505 INFO:teuthology.orchestra.run.smithi046.stdout:/usr/bin/ceph: stderr
2023-09-13T07:22:11.842+0000 7fca5e38d700 1 -- 172.21.15.46:0/3886845495 --> [v2:172.21.15.46:3300/0,v1:172.21.15.46:6789/0] -- mon_subscribe({osdmap=0}) v3 -- 0x7fca58076700 con 0x7fca581022b0
2023-09-13T07:22:12.505 INFO:teuthology.orchestra.run.smithi046.stdout:/usr/bin/ceph: stderr
2023-09-13T07:22:11.843+0000 7fca5e38d700 1 -- 172.21.15.46:0/3886845495 --> [v2:172.21.15.46:3300/0,v1:172.21.15.46:6789/0] -- mon_command({"prefix": "get_command_descriptions"} v 0) v1 -- 0x7fca5804bb40 con 0x7fca581022b0
2023-09-13T07:22:12.506 INFO:teuthology.orchestra.run.smithi046.stdout:/usr/bin/ceph: stderr
2023-09-13T07:22:11.843+0000 7fca54ff9700 1 -- 172.21.15.46:0/3886845495 <== mon.0 v2:172.21.15.46:3300/0 4 ==== mgrmap(e 11) v1 ==== 43141+0+0 (secure 0 0 0) 0x7fca48024790 con 0x7fca581022b0
2023-09-13T07:22:12.506 INFO:teuthology.orchestra.run.smithi046.stdout:/usr/bin/ceph: stderr
2023-09-13T07:22:11.843+0000 7fca54ff9700 1 --2- 172.21.15.46:0/3886845495 >> [v2:172.21.15.46:6800/3037325000,v1:172.21.15.46:6801/3037325000] conn(0x7fca40036520 0x7fca400389d0 unknown :-1 s=NONE pgs=0 cs=0 l=1 rev1=0 crypto rx=0 tx=0 comp rx=0 tx=0).connect
2023-09-13T07:22:12.506 INFO:teuthology.orchestra.run.smithi046.stdout:/usr/bin/ceph: stderr
2023-09-13T07:22:11.844+0000 7fca54ff9700 1 -- 172.21.15.46:0/3886845495 <== mon.0 v2:172.21.15.46:3300/0 5 ==== osd_map(3..3 src has 1..3) v4 ==== 1151+0+0 (secure 0 0 0) 0x7fca4804a510 con 0x7fca581022b0
2023-09-13T07:22:12.506 INFO:teuthology.orchestra.run.smithi046.stdout:/usr/bin/ceph: stderr
2023-09-13T07:22:11.844+0000 7fca577fe700 1 --2- 172.21.15.46:0/3886845495 >> [v2:172.21.15.46:6800/3037325000,v1:172.21.15.46:6801/3037325000] conn(0x7fca40036520 0x7fca400389d0 unknown :-1 s=BANNER_CONNECTING pgs=0 cs=0 l=1 rev1=0 crypto rx=0 tx=0 comp rx=0 tx=0)._handle_peer_banner_payload supported=3 required=0
2023-09-13T07:22:12.506 INFO:teuthology.orchestra.run.smithi046.stdout:/usr/bin/ceph: stderr
2023-09-13T07:22:11.844+0000 7fca577fe700 1 --2- 172.21.15.46:0/3886845495 >> [v2:172.21.15.46:6800/3037325000,v1:172.21.15.46:6801/3037325000] conn(0x7fca40036520 0x7fca400389d0 secure :-1 s=READY pgs=7 cs=0 l=1 rev1=1 crypto rx=0x7fca4c009990 tx=0x7fca4c006e40 comp rx=0 tx=0).ready entity=mgr.14164 client_cookie=0 server_cookie=0 in_seq=0 out_seq=0
2023-09-13T07:22:12.507 INFO:teuthology.orchestra.run.smithi046.stdout:/usr/bin/ceph: stderr
2023-09-13T07:22:11.852+0000 7fca54ff9700 1 -- 172.21.15.46:0/3886845495 <== mon.0 v2:172.21.15.46:3300/0 6 ==== mon_command_ack([{"prefix": "get_command_descriptions"}]=0 v0) v1 ==== 72+0+174521 (secure 0 0 0) 0x7fca48022da0 con 0x7fca581022b0
2023-09-13T07:22:12.507 INFO:teuthology.orchestra.run.smithi046.stdout:/usr/bin/ceph: stderr
2023-09-13T07:22:12.061+0000 7fca5e38d700 1 -- 172.21.15.46:0/3886845495 --> [v2:172.21.15.46:6800/3037325000,v1:172.21.15.46:6801/3037325000] -- mgr_command(tid 0: {"prefix": "dashboard create-self-signed-cert", "target": ["mon-mgr", ""]}) v1 -- 0x7fca58076f40 con 0x7fca40036520
2023-09-13T07:22:12.507 INFO:teuthology.orchestra.run.smithi046.stdout:/usr/bin/ceph: stderr
2023-09-13T07:22:12.155+0000 7fca54ff9700 1 -- 172.21.15.46:0/3886845495 <== mgr.14164 v2:172.21.15.46:6800/3037325000 1 ==== mgr_command_reply(tid 0: 0 ) v1 ==== 8+0+32 (secure 0 0 0) 0x7fca58076f40 con 0x7fca40036520
2023-09-13T07:22:12.507 INFO:teuthology.orchestra.run.smithi046.stdout:/usr/bin/ceph: stderr
2023-09-13T07:22:12.158+0000 7fca5e38d700 1 -- 172.21.15.46:0/3886845495 >> [v2:172.21.15.46:6800/3037325000,v1:172.21.15.46:6801/3037325000] conn(0x7fca40036520 msgr2=0x7fca400389d0 secure :-1 s=STATE_CONNECTION_ESTABLISHED l=1).mark_down
2023-09-13T07:22:12.507 INFO:teuthology.orchestra.run.smithi046.stdout:/usr/bin/ceph: stderr
2023-09-13T07:22:12.158+0000 7fca5e38d700 1 --2- 172.21.15.46:0/3886845495 >> [v2:172.21.15.46:6800/3037325000,v1:172.21.15.46:6801/3037325000] conn(0x7fca40036520 0x7fca400389d0 secure :-1 s=READY pgs=7 cs=0 l=1 rev1=1 crypto rx=0x7fca4c009990 tx=0x7fca4c006e40 comp rx=0 tx=0).stop
2023-09-13T07:22:12.508 INFO:teuthology.orchestra.run.smithi046.stdout:/usr/bin/ceph: stderr
2023-09-13T07:22:12.158+0000 7fca5e38d700 1 -- 172.21.15.46:0/3886845495 >> [v2:172.21.15.46:3300/0,v1:172.21.15.46:6789/0] conn(0x7fca581022b0 msgr2=0x7fca58077c70 secure :-1 s=STATE_CONNECTION_ESTABLISHED l=1).mark_down
2023-09-13T07:22:12.508 INFO:teuthology.orchestra.run.smithi046.stdout:/usr/bin/ceph: stderr
2023-09-13T07:22:12.158+0000 7fca5e38d700 1 --2- 172.21.15.46:0/3886845495 >> [v2:172.21.15.46:3300/0,v1:172.21.15.46:6789/0] conn(0x7fca581022b0 0x7fca58077c70 secure :-1 s=READY pgs=83 cs=0 l=1 rev1=1 crypto rx=0x7fca48003080 tx=0x7fca48009250 comp rx=0 tx=0).stop
2023-09-13T07:22:12.508 INFO:teuthology.orchestra.run.smithi046.stdout:/usr/bin/ceph: stderr
2023-09-13T07:22:12.158+0000 7fca5e38d700 1 -- 172.21.15.46:0/3886845495 shutdown_connections
2023-09-13T07:22:12.508 INFO:teuthology.orchestra.run.smithi046.stdout:/usr/bin/ceph: stderr
2023-09-13T07:22:12.158+0000 7fca5e38d700 1 --2- 172.21.15.46:0/3886845495 >> [v2:172.21.15.46:6800/3037325000,v1:172.21.15.46:6801/3037325000] conn(0x7fca40036520 0x7fca400389d0 unknown :-1 s=CLOSED pgs=7 cs=0 l=1 rev1=1 crypto rx=0 tx=0 comp rx=0 tx=0).stop
2023-09-13T07:22:12.508 INFO:teuthology.orchestra.run.smithi046.stdout:/usr/bin/ceph: stderr
2023-09-13T07:22:12.158+0000 7fca5e38d700 1 --2- 172.21.15.46:0/3886845495 >> [v2:172.21.15.46:3300/0,v1:172.21.15.46:6789/0] conn(0x7fca581022b0 0x7fca58077c70 unknown :-1 s=CLOSED pgs=83 cs=0 l=1 rev1=1 crypto rx=0 tx=0 comp rx=0 tx=0).stop
2023-09-13T07:22:12.509 INFO:teuthology.orchestra.run.smithi046.stdout:/usr/bin/ceph: stderr
2023-09-13T07:22:12.158+0000 7fca5e38d700 1 -- 172.21.15.46:0/3886845495 >> 172.21.15.46:0/3886845495 conn(0x7fca580fda10 msgr2=0x7fca580ff100 unknown :-1 s=STATE_NONE l=0).mark_down
2023-09-13T07:22:12.509 INFO:teuthology.orchestra.run.smithi046.stdout:/usr/bin/ceph: stderr
2023-09-13T07:22:12.158+0000 7fca5e38d700 1 -- 172.21.15.46:0/3886845495 shutdown_connections
2023-09-13T07:22:12.509 INFO:teuthology.orchestra.run.smithi046.stdout:/usr/bin/ceph: stderr
2023-09-13T07:22:12.158+0000 7fca5e38d700 1 -- 172.21.15.46:0/3886845495 wait complete.
2023-09-13T07:22:12.509 INFO:teuthology.orchestra.run.smithi046.stdout:Creating initial admin user...
2023-09-13T07:22:13.511 INFO:journalctl@ceph.mon.smithi046.smithi046.stdout:Sep 13 07:22:13 smithi046 ceph-mon[106850]: from='client.14176 -' entity='client.admin' cmd=[{"prefix": "dashboard create-self-signed-cert", "target": ["mon-mgr", ""]}]: dispatch
2023-09-13T07:22:13.512 INFO:journalctl@ceph.mon.smithi046.smithi046.stdout:Sep 13 07:22:13 smithi046 ceph-mon[106850]: mgrmap e12: smithi046.mwnwiv(active, since 2s)
2023-09-13T07:22:13.512 INFO:journalctl@ceph.mon.smithi046.smithi046.stdout:Sep 13 07:22:13 smithi046 ceph-mon[106850]: from='mgr.14164 172.21.15.46:0/4035738173' entity='mgr.smithi046.mwnwiv'
2023-09-13T07:22:13.764 INFO:teuthology.orchestra.run.smithi046.stdout:/usr/bin/ceph: stdout {"username": "admin", "password": "$2b$12$wOtEvm.DgTlfbOJWXlv62eC5ufqJAYewQD7KuT8GZ8EJgVYW7fDQe", "roles": ["administrator"], "name": null, "email": null, "lastUpdate": 1694589733, "enabled": true, "pwdExpirationDate": null, "pwdUpdateRequired": true}
2023-09-13T07:22:13.765 INFO:teuthology.orchestra.run.smithi046.stdout:/usr/bin/ceph: stderr
2023-09-13T07:22:12.901+0000 7f9150cb9700 1 Processor -- start
2023-09-13T07:22:13.765 INFO:teuthology.orchestra.run.smithi046.stdout:/usr/bin/ceph: stderr
2023-09-13T07:22:12.901+0000 7f9150cb9700 1 -- start start
2023-09-13T07:22:13.765 INFO:teuthology.orchestra.run.smithi046.stdout:/usr/bin/ceph: stderr
2023-09-13T07:22:12.901+0000 7f9150cb9700 1 --2- >> [v2:172.21.15.46:3300/0,v1:172.21.15.46:6789/0] conn(0x7f914c077c20 0x7f914c076130 unknown :-1 s=NONE pgs=0 cs=0 l=0 rev1=0 crypto rx=0 tx=0 comp rx=0 tx=0).connect
2023-09-13T07:22:13.766 INFO:teuthology.orchestra.run.smithi046.stdout:/usr/bin/ceph: stderr
2023-09-13T07:22:12.901+0000 7f9150cb9700 1 -- --> [v2:172.21.15.46:3300/0,v1:172.21.15.46:6789/0] -- mon_getmap magic: 0 v1 -- 0x7f914c078030 con 0x7f914c077c20
2023-09-13T07:22:13.766 INFO:teuthology.orchestra.run.smithi046.stdout:/usr/bin/ceph: stderr
2023-09-13T07:22:12.902+0000 7f914a59c700 1 --2- >> [v2:172.21.15.46:3300/0,v1:172.21.15.46:6789/0] conn(0x7f914c077c20 0x7f914c076130 unknown :-1 s=BANNER_CONNECTING pgs=0 cs=0 l=0 rev1=0 crypto rx=0 tx=0 comp rx=0 tx=0)._handle_peer_banner_payload supported=3 required=0
2023-09-13T07:22:13.766 INFO:teuthology.orchestra.run.smithi046.stdout:/usr/bin/ceph: stderr
2023-09-13T07:22:12.902+0000 7f914a59c700 1 --2- >> [v2:172.21.15.46:3300/0,v1:172.21.15.46:6789/0] conn(0x7f914c077c20 0x7f914c076130 unknown :-1 s=HELLO_CONNECTING pgs=0 cs=0 l=0 rev1=1 crypto rx=0 tx=0 comp rx=0 tx=0).handle_hello peer v2:172.21.15.46:3300/0 says I am v2:172.21.15.46:55118/0 (socket says 172.21.15.46:55118)
2023-09-13T07:22:13.766 INFO:teuthology.orchestra.run.smithi046.stdout:/usr/bin/ceph: stderr
2023-09-13T07:22:12.902+0000 7f914a59c700 1 -- 172.21.15.46:0/914845571 learned_addr learned my addr 172.21.15.46:0/914845571 (peer_addr_for_me v2:172.21.15.46:0/0)
2023-09-13T07:22:13.766 INFO:teuthology.orchestra.run.smithi046.stdout:/usr/bin/ceph: stderr
2023-09-13T07:22:12.902+0000 7f914a59c700 1 -- 172.21.15.46:0/914845571 --> [v2:172.21.15.46:3300/0,v1:172.21.15.46:6789/0] -- mon_subscribe({config=0+,monmap=0+}) v3 -- 0x7f914c076670 con 0x7f914c077c20
2023-09-13T07:22:13.767 INFO:teuthology.orchestra.run.smithi046.stdout:/usr/bin/ceph: stderr
2023-09-13T07:22:12.902+0000 7f914a59c700 1 --2- 172.21.15.46:0/914845571 >> [v2:172.21.15.46:3300/0,v1:172.21.15.46:6789/0] conn(0x7f914c077c20 0x7f914c076130 secure :-1 s=READY pgs=84 cs=0 l=1 rev1=1 crypto rx=0x7f913c0098e0 tx=0x7f913c009250 comp rx=0 tx=0).ready entity=mon.0 client_cookie=a981f4afffc985f0 server_cookie=0 in_seq=0 out_seq=0
2023-09-13T07:22:13.767 INFO:teuthology.orchestra.run.smithi046.stdout:/usr/bin/ceph: stderr
2023-09-13T07:22:12.903+0000 7f914959a700 1 -- 172.21.15.46:0/914845571 <== mon.0 v2:172.21.15.46:3300/0 1 ==== mon_map magic: 0 v1 ==== 229+0+0 (secure 0 0 0) 0x7f913c00b860 con 0x7f914c077c20
2023-09-13T07:22:13.767 INFO:teuthology.orchestra.run.smithi046.stdout:/usr/bin/ceph: stderr
