2023-09-13T07:21:31.369+0000 7f510eee0700 1 --2- >> [v2:172.21.15.46:3300/0,v1:172.21.15.46:6789/0] conn(0x7f51081022b0 0x7f5108113270 unknown :-1 s=NONE pgs=0 cs=0 l=1 rev1=0 crypto rx=0 tx=0 comp rx=0 tx=0).connect
2023-09-13T07:21:32.052 INFO:teuthology.orchestra.run.smithi046.stdout:/usr/bin/ceph: stderr
2023-09-13T07:21:31.369+0000 7f510eee0700 1 -- --> [v2:172.21.15.46:3300/0,v1:172.21.15.46:6789/0] -- mon_getmap magic: 0 v1 -- 0x7f51081137b0 con 0x7f51081022b0
2023-09-13T07:21:32.052 INFO:teuthology.orchestra.run.smithi046.stdout:/usr/bin/ceph: stderr
2023-09-13T07:21:31.370+0000 7f510cc7c700 1 --2- >> [v2:172.21.15.46:3300/0,v1:172.21.15.46:6789/0] conn(0x7f51081022b0 0x7f5108113270 unknown :-1 s=BANNER_CONNECTING pgs=0 cs=0 l=1 rev1=0 crypto rx=0 tx=0 comp rx=0 tx=0)._handle_peer_banner_payload supported=3 required=0
2023-09-13T07:21:32.052 INFO:teuthology.orchestra.run.smithi046.stdout:/usr/bin/ceph: stderr
2023-09-13T07:21:31.370+0000 7f510cc7c700 1 --2- >> [v2:172.21.15.46:3300/0,v1:172.21.15.46:6789/0] conn(0x7f51081022b0 0x7f5108113270 unknown :-1 s=HELLO_CONNECTING pgs=0 cs=0 l=1 rev1=1 crypto rx=0 tx=0 comp rx=0 tx=0).handle_hello peer v2:172.21.15.46:3300/0 says I am v2:172.21.15.46:47040/0 (socket says 172.21.15.46:47040)
2023-09-13T07:21:32.052 INFO:teuthology.orchestra.run.smithi046.stdout:/usr/bin/ceph: stderr
2023-09-13T07:21:31.370+0000 7f510cc7c700 1 -- 172.21.15.46:0/3252466307 learned_addr learned my addr 172.21.15.46:0/3252466307 (peer_addr_for_me v2:172.21.15.46:0/0)
2023-09-13T07:21:32.052 INFO:teuthology.orchestra.run.smithi046.stdout:/usr/bin/ceph: stderr
2023-09-13T07:21:31.370+0000 7f510cc7c700 1 -- 172.21.15.46:0/3252466307 --> [v2:172.21.15.46:3300/0,v1:172.21.15.46:6789/0] -- mon_subscribe({config=0+,monmap=0+}) v3 -- 0x7f50fc0094f0 con 0x7f51081022b0
2023-09-13T07:21:32.053 INFO:teuthology.orchestra.run.smithi046.stdout:/usr/bin/ceph: stderr
2023-09-13T07:21:31.370+0000 7f510cc7c700 1 --2- 172.21.15.46:0/3252466307 >> [v2:172.21.15.46:3300/0,v1:172.21.15.46:6789/0] conn(0x7f51081022b0 0x7f5108113270 secure :-1 s=READY pgs=21 cs=0 l=1 rev1=1 crypto rx=0x7f50fc000c00 tx=0x7f50fc009250 comp rx=0 tx=0).ready entity=mon.0 client_cookie=0 server_cookie=0 in_seq=0 out_seq=0
2023-09-13T07:21:32.053 INFO:teuthology.orchestra.run.smithi046.stdout:/usr/bin/ceph: stderr
2023-09-13T07:21:31.371+0000 7f51057fa700 1 -- 172.21.15.46:0/3252466307 <== mon.0 v2:172.21.15.46:3300/0 1 ==== mon_map magic: 0 v1 ==== 229+0+0 (secure 0 0 0) 0x7f50fc010a80 con 0x7f51081022b0
2023-09-13T07:21:32.053 INFO:teuthology.orchestra.run.smithi046.stdout:/usr/bin/ceph: stderr
2023-09-13T07:21:31.371+0000 7f51057fa700 1 -- 172.21.15.46:0/3252466307 <== mon.0 v2:172.21.15.46:3300/0 2 ==== config(26 keys) v1 ==== 1009+0+0 (secure 0 0 0) 0x7f50fc01a430 con 0x7f51081022b0
2023-09-13T07:21:32.053 INFO:teuthology.orchestra.run.smithi046.stdout:/usr/bin/ceph: stderr
2023-09-13T07:21:31.371+0000 7f510eee0700 1 -- 172.21.15.46:0/3252466307 --> [v2:172.21.15.46:3300/0,v1:172.21.15.46:6789/0] -- mon_subscribe({mgrmap=0+}) v3 -- 0x7f51081139b0 con 0x7f51081022b0
2023-09-13T07:21:32.053 INFO:teuthology.orchestra.run.smithi046.stdout:/usr/bin/ceph: stderr
2023-09-13T07:21:31.371+0000 7f51057fa700 1 -- 172.21.15.46:0/3252466307 <== mon.0 v2:172.21.15.46:3300/0 3 ==== mon_map magic: 0 v1 ==== 229+0+0 (secure 0 0 0) 0x7f50fc0245b0 con 0x7f51081022b0
2023-09-13T07:21:32.054 INFO:teuthology.orchestra.run.smithi046.stdout:/usr/bin/ceph: stderr
2023-09-13T07:21:31.371+0000 7f510eee0700 1 -- 172.21.15.46:0/3252466307 --> [v2:172.21.15.46:3300/0,v1:172.21.15.46:6789/0] -- mon_subscribe({osdmap=0}) v3 -- 0x7f5108113dc0 con 0x7f51081022b0
2023-09-13T07:21:32.054 INFO:teuthology.orchestra.run.smithi046.stdout:/usr/bin/ceph: stderr
2023-09-13T07:21:31.372+0000 7f51057fa700 1 -- 172.21.15.46:0/3252466307 <== mon.0 v2:172.21.15.46:3300/0 4 ==== mgrmap(e 4) v1 ==== 43223+0+0 (secure 0 0 0) 0x7f50fc010be0 con 0x7f51081022b0
2023-09-13T07:21:32.054 INFO:teuthology.orchestra.run.smithi046.stdout:/usr/bin/ceph: stderr
2023-09-13T07:21:31.372+0000 7f510eee0700 1 -- 172.21.15.46:0/3252466307 --> [v2:172.21.15.46:3300/0,v1:172.21.15.46:6789/0] -- mon_command({"prefix": "get_command_descriptions"} v 0) v1 -- 0x7f510804bb40 con 0x7f51081022b0
2023-09-13T07:21:32.054 INFO:teuthology.orchestra.run.smithi046.stdout:/usr/bin/ceph: stderr
2023-09-13T07:21:31.372+0000 7f51057fa700 1 --2- 172.21.15.46:0/3252466307 >> [v2:172.21.15.46:6800/2166017004,v1:172.21.15.46:6801/2166017004] conn(0x7f50f80365a0 0x7f50f8038a50 unknown :-1 s=NONE pgs=0 cs=0 l=1 rev1=0 crypto rx=0 tx=0 comp rx=0 tx=0).connect
2023-09-13T07:21:32.054 INFO:teuthology.orchestra.run.smithi046.stdout:/usr/bin/ceph: stderr
2023-09-13T07:21:31.372+0000 7f51057fa700 1 -- 172.21.15.46:0/3252466307 <== mon.0 v2:172.21.15.46:3300/0 5 ==== osd_map(1..1 src has 1..1) v4 ==== 721+0+0 (secure 0 0 0) 0x7f50fc04a4e0 con 0x7f51081022b0
2023-09-13T07:21:32.055 INFO:teuthology.orchestra.run.smithi046.stdout:/usr/bin/ceph: stderr
2023-09-13T07:21:31.372+0000 7f5107fff700 1 --2- 172.21.15.46:0/3252466307 >> [v2:172.21.15.46:6800/2166017004,v1:172.21.15.46:6801/2166017004] conn(0x7f50f80365a0 0x7f50f8038a50 unknown :-1 s=BANNER_CONNECTING pgs=0 cs=0 l=1 rev1=0 crypto rx=0 tx=0 comp rx=0 tx=0)._handle_peer_banner_payload supported=3 required=0
2023-09-13T07:21:32.055 INFO:teuthology.orchestra.run.smithi046.stdout:/usr/bin/ceph: stderr
2023-09-13T07:21:31.373+0000 7f5107fff700 1 --2- 172.21.15.46:0/3252466307 >> [v2:172.21.15.46:6800/2166017004,v1:172.21.15.46:6801/2166017004] conn(0x7f50f80365a0 0x7f50f8038a50 secure :-1 s=READY pgs=6 cs=0 l=1 rev1=1 crypto rx=0x7f50f4009990 tx=0x7f50f4006e40 comp rx=0 tx=0).ready entity=mgr.14100 client_cookie=0 server_cookie=0 in_seq=0 out_seq=0
2023-09-13T07:21:32.055 INFO:teuthology.orchestra.run.smithi046.stdout:/usr/bin/ceph: stderr
2023-09-13T07:21:31.378+0000 7f51057fa700 1 -- 172.21.15.46:0/3252466307 <== mon.0 v2:172.21.15.46:3300/0 6 ==== mon_command_ack([{"prefix": "get_command_descriptions"}]=0 v0) v1 ==== 72+0+174521 (secure 0 0 0) 0x7f50fc018ca0 con 0x7f51081022b0
2023-09-13T07:21:32.055 INFO:teuthology.orchestra.run.smithi046.stdout:/usr/bin/ceph: stderr
2023-09-13T07:21:31.660+0000 7f510eee0700 1 -- 172.21.15.46:0/3252466307 --> [v2:172.21.15.46:3300/0,v1:172.21.15.46:6789/0] -- mon_command({"prefix": "status", "format": "json-pretty"} v 0) v1 -- 0x7f5108114a10 con 0x7f51081022b0
2023-09-13T07:21:32.056 INFO:teuthology.orchestra.run.smithi046.stdout:/usr/bin/ceph: stderr
2023-09-13T07:21:31.660+0000 7f51057fa700 1 -- 172.21.15.46:0/3252466307 <== mon.0 v2:172.21.15.46:3300/0 7 ==== mon_command_ack([{"prefix": "status", "format": "json-pretty"}]=0 v0) v1 ==== 79+0+1248 (secure 0 0 0) 0x7f50fc02c340 con 0x7f51081022b0
2023-09-13T07:21:32.056 INFO:teuthology.orchestra.run.smithi046.stdout:/usr/bin/ceph: stderr
2023-09-13T07:21:31.662+0000 7f510eee0700 1 -- 172.21.15.46:0/3252466307 >> [v2:172.21.15.46:6800/2166017004,v1:172.21.15.46:6801/2166017004] conn(0x7f50f80365a0 msgr2=0x7f50f8038a50 secure :-1 s=STATE_CONNECTION_ESTABLISHED l=1).mark_down
2023-09-13T07:21:32.056 INFO:teuthology.orchestra.run.smithi046.stdout:/usr/bin/ceph: stderr
2023-09-13T07:21:31.662+0000 7f510eee0700 1 --2- 172.21.15.46:0/3252466307 >> [v2:172.21.15.46:6800/2166017004,v1:172.21.15.46:6801/2166017004] conn(0x7f50f80365a0 0x7f50f8038a50 secure :-1 s=READY pgs=6 cs=0 l=1 rev1=1 crypto rx=0x7f50f4009990 tx=0x7f50f4006e40 comp rx=0 tx=0).stop
2023-09-13T07:21:32.056 INFO:teuthology.orchestra.run.smithi046.stdout:/usr/bin/ceph: stderr
2023-09-13T07:21:31.662+0000 7f510eee0700 1 -- 172.21.15.46:0/3252466307 >> [v2:172.21.15.46:3300/0,v1:172.21.15.46:6789/0] conn(0x7f51081022b0 msgr2=0x7f5108113270 secure :-1 s=STATE_CONNECTION_ESTABLISHED l=1).mark_down
2023-09-13T07:21:32.056 INFO:teuthology.orchestra.run.smithi046.stdout:/usr/bin/ceph: stderr
2023-09-13T07:21:31.662+0000 7f510eee0700 1 --2- 172.21.15.46:0/3252466307 >> [v2:172.21.15.46:3300/0,v1:172.21.15.46:6789/0] conn(0x7f51081022b0 0x7f5108113270 secure :-1 s=READY pgs=21 cs=0 l=1 rev1=1 crypto rx=0x7f50fc000c00 tx=0x7f50fc009250 comp rx=0 tx=0).stop
2023-09-13T07:21:32.057 INFO:teuthology.orchestra.run.smithi046.stdout:/usr/bin/ceph: stderr
2023-09-13T07:21:31.663+0000 7f510eee0700 1 -- 172.21.15.46:0/3252466307 shutdown_connections
2023-09-13T07:21:32.057 INFO:teuthology.orchestra.run.smithi046.stdout:/usr/bin/ceph: stderr
2023-09-13T07:21:31.663+0000 7f510eee0700 1 --2- 172.21.15.46:0/3252466307 >> [v2:172.21.15.46:6800/2166017004,v1:172.21.15.46:6801/2166017004] conn(0x7f50f80365a0 0x7f50f8038a50 unknown :-1 s=CLOSED pgs=6 cs=0 l=1 rev1=1 crypto rx=0 tx=0 comp rx=0 tx=0).stop
2023-09-13T07:21:32.057 INFO:teuthology.orchestra.run.smithi046.stdout:/usr/bin/ceph: stderr
2023-09-13T07:21:31.663+0000 7f510eee0700 1 --2- 172.21.15.46:0/3252466307 >> [v2:172.21.15.46:3300/0,v1:172.21.15.46:6789/0] conn(0x7f51081022b0 0x7f5108113270 unknown :-1 s=CLOSED pgs=21 cs=0 l=1 rev1=1 crypto rx=0 tx=0 comp rx=0 tx=0).stop
2023-09-13T07:21:32.057 INFO:teuthology.orchestra.run.smithi046.stdout:/usr/bin/ceph: stderr
2023-09-13T07:21:31.663+0000 7f510eee0700 1 -- 172.21.15.46:0/3252466307 >> 172.21.15.46:0/3252466307 conn(0x7f51080fda10 msgr2=0x7f51080ff100 unknown :-1 s=STATE_NONE l=0).mark_down
2023-09-13T07:21:32.057 INFO:teuthology.orchestra.run.smithi046.stdout:/usr/bin/ceph: stderr
2023-09-13T07:21:31.663+0000 7f510eee0700 1 -- 172.21.15.46:0/3252466307 shutdown_connections
2023-09-13T07:21:32.058 INFO:teuthology.orchestra.run.smithi046.stdout:/usr/bin/ceph: stderr
2023-09-13T07:21:31.663+0000 7f510eee0700 1 -- 172.21.15.46:0/3252466307 wait complete.
2023-09-13T07:21:32.058 INFO:teuthology.orchestra.run.smithi046.stdout:mgr is available
2023-09-13T07:21:32.947 INFO:teuthology.orchestra.run.smithi046.stdout:/usr/bin/ceph: stdout
2023-09-13T07:21:32.947 INFO:teuthology.orchestra.run.smithi046.stdout:/usr/bin/ceph: stdout [global]
2023-09-13T07:21:32.947 INFO:teuthology.orchestra.run.smithi046.stdout:/usr/bin/ceph: stdout fsid = f98fee72-5205-11ee-9ab8-7b867c8bd7da
2023-09-13T07:21:32.947 INFO:teuthology.orchestra.run.smithi046.stdout:/usr/bin/ceph: stdout mon_osd_allow_pg_remap = true
2023-09-13T07:21:32.948 INFO:teuthology.orchestra.run.smithi046.stdout:/usr/bin/ceph: stdout mon_osd_allow_primary_affinity = true
2023-09-13T07:21:32.948 INFO:teuthology.orchestra.run.smithi046.stdout:/usr/bin/ceph: stdout mon_warn_on_no_sortbitwise = false
2023-09-13T07:21:32.948 INFO:teuthology.orchestra.run.smithi046.stdout:/usr/bin/ceph: stdout osd_crush_chooseleaf_type = 0
2023-09-13T07:21:32.949 INFO:journalctl@ceph.mon.smithi046.smithi046.stdout:Sep 13 07:21:32 smithi046 ceph-mon[106850]: from='client.? 172.21.15.46:0/2500766753' entity='client.admin' cmd=[{"prefix": "config assimilate-conf"}]: dispatch
2023-09-13T07:21:32.954 INFO:teuthology.orchestra.run.smithi046.stdout:/usr/bin/ceph: stdout
2023-09-13T07:21:32.955 INFO:teuthology.orchestra.run.smithi046.stdout:/usr/bin/ceph: stdout [mgr]
2023-09-13T07:21:32.955 INFO:teuthology.orchestra.run.smithi046.stdout:/usr/bin/ceph: stdout mgr/telemetry/nag = false
2023-09-13T07:21:32.955 INFO:teuthology.orchestra.run.smithi046.stdout:/usr/bin/ceph: stdout
2023-09-13T07:21:32.955 INFO:teuthology.orchestra.run.smithi046.stdout:/usr/bin/ceph: stdout [osd]
2023-09-13T07:21:32.956 INFO:teuthology.orchestra.run.smithi046.stdout:/usr/bin/ceph: stdout mon_osd_backfillfull_ratio = 0.85
2023-09-13T07:21:32.956 INFO:teuthology.orchestra.run.smithi046.stdout:/usr/bin/ceph: stdout mon_osd_full_ratio = 0.9
2023-09-13T07:21:32.956 INFO:teuthology.orchestra.run.smithi046.stdout:/usr/bin/ceph: stdout mon_osd_nearfull_ratio = 0.8
2023-09-13T07:21:32.956 INFO:teuthology.orchestra.run.smithi046.stdout:/usr/bin/ceph: stdout osd_map_max_advance = 10
2023-09-13T07:21:32.956 INFO:teuthology.orchestra.run.smithi046.stdout:/usr/bin/ceph: stdout osd_sloppy_crc = true
2023-09-13T07:21:32.956 INFO:teuthology.orchestra.run.smithi046.stdout:/usr/bin/ceph: stderr
2023-09-13T07:21:32.407+0000 7f225d17f700 1 Processor -- start
2023-09-13T07:21:32.957 INFO:teuthology.orchestra.run.smithi046.stdout:/usr/bin/ceph: stderr
2023-09-13T07:21:32.407+0000 7f225d17f700 1 -- start start
2023-09-13T07:21:32.957 INFO:teuthology.orchestra.run.smithi046.stdout:/usr/bin/ceph: stderr
2023-09-13T07:21:32.407+0000 7f225d17f700 1 --2- >> [v2:172.21.15.46:3300/0,v1:172.21.15.46:6789/0] conn(0x7f2258077c40 0x7f2258076150 unknown :-1 s=NONE pgs=0 cs=0 l=0 rev1=0 crypto rx=0 tx=0 comp rx=0 tx=0).connect
2023-09-13T07:21:32.957 INFO:teuthology.orchestra.run.smithi046.stdout:/usr/bin/ceph: stderr
2023-09-13T07:21:32.407+0000 7f225d17f700 1 -- --> [v2:172.21.15.46:3300/0,v1:172.21.15.46:6789/0] -- mon_getmap magic: 0 v1 -- 0x7f2258078050 con 0x7f2258077c40
2023-09-13T07:21:32.957 INFO:teuthology.orchestra.run.smithi046.stdout:/usr/bin/ceph: stderr
2023-09-13T07:21:32.408+0000 7f2256d9d700 1 --2- >> [v2:172.21.15.46:3300/0,v1:172.21.15.46:6789/0] conn(0x7f2258077c40 0x7f2258076150 unknown :-1 s=BANNER_CONNECTING pgs=0 cs=0 l=0 rev1=0 crypto rx=0 tx=0 comp rx=0 tx=0)._handle_peer_banner_payload supported=3 required=0
2023-09-13T07:21:32.957 INFO:teuthology.orchestra.run.smithi046.stdout:/usr/bin/ceph: stderr
2023-09-13T07:21:32.408+0000 7f2256d9d700 1 --2- >> [v2:172.21.15.46:3300/0,v1:172.21.15.46:6789/0] conn(0x7f2258077c40 0x7f2258076150 unknown :-1 s=HELLO_CONNECTING pgs=0 cs=0 l=0 rev1=1 crypto rx=0 tx=0 comp rx=0 tx=0).handle_hello peer v2:172.21.15.46:3300/0 says I am v2:172.21.15.46:47050/0 (socket says 172.21.15.46:47050)
2023-09-13T07:21:32.958 INFO:teuthology.orchestra.run.smithi046.stdout:/usr/bin/ceph: stderr
2023-09-13T07:21:32.408+0000 7f2256d9d700 1 -- 172.21.15.46:0/3075970421 learned_addr learned my addr 172.21.15.46:0/3075970421 (peer_addr_for_me v2:172.21.15.46:0/0)
2023-09-13T07:21:32.958 INFO:teuthology.orchestra.run.smithi046.stdout:/usr/bin/ceph: stderr
2023-09-13T07:21:32.409+0000 7f2256d9d700 1 -- 172.21.15.46:0/3075970421 --> [v2:172.21.15.46:3300/0,v1:172.21.15.46:6789/0] -- mon_subscribe({config=0+,monmap=0+}) v3 -- 0x7f2258076690 con 0x7f2258077c40
2023-09-13T07:21:32.958 INFO:teuthology.orchestra.run.smithi046.stdout:/usr/bin/ceph: stderr
2023-09-13T07:21:32.409+0000 7f2256d9d700 1 --2- 172.21.15.46:0/3075970421 >> [v2:172.21.15.46:3300/0,v1:172.21.15.46:6789/0] conn(0x7f2258077c40 0x7f2258076150 secure :-1 s=READY pgs=22 cs=0 l=1 rev1=1 crypto rx=0x7f22480098e0 tx=0x7f2248009250 comp rx=0 tx=0).ready entity=mon.0 client_cookie=21d507a7ca7f92eb server_cookie=0 in_seq=0 out_seq=0
2023-09-13T07:21:32.958 INFO:teuthology.orchestra.run.smithi046.stdout:/usr/bin/ceph: stderr
2023-09-13T07:21:32.409+0000 7f2255d9b700 1 -- 172.21.15.46:0/3075970421 <== mon.0 v2:172.21.15.46:3300/0 1 ==== mon_map magic: 0 v1 ==== 229+0+0 (secure 0 0 0) 0x7f224800b860 con 0x7f2258077c40
2023-09-13T07:21:32.958 INFO:teuthology.orchestra.run.smithi046.stdout:/usr/bin/ceph: stderr
2023-09-13T07:21:32.409+0000 7f2255d9b700 1 -- 172.21.15.46:0/3075970421 <== mon.0 v2:172.21.15.46:3300/0 2 ==== config(26 keys) v1 ==== 1009+0+0 (secure 0 0 0) 0x7f224800be30 con 0x7f2258077c40
2023-09-13T07:21:32.959 INFO:teuthology.orchestra.run.smithi046.stdout:/usr/bin/ceph: stderr
2023-09-13T07:21:32.409+0000 7f2255d9b700 1 -- 172.21.15.46:0/3075970421 <== mon.0 v2:172.21.15.46:3300/0 3 ==== mon_map magic: 0 v1 ==== 229+0+0 (secure 0 0 0) 0x7f2248010380 con 0x7f2258077c40
2023-09-13T07:21:32.959 INFO:teuthology.orchestra.run.smithi046.stdout:/usr/bin/ceph: stderr
2023-09-13T07:21:32.410+0000 7f225d17f700 1 -- 172.21.15.46:0/3075970421 >> [v2:172.21.15.46:3300/0,v1:172.21.15.46:6789/0] conn(0x7f2258077c40 msgr2=0x7f2258076150 secure :-1 s=STATE_CONNECTION_ESTABLISHED l=1).mark_down
2023-09-13T07:21:32.959 INFO:teuthology.orchestra.run.smithi046.stdout:/usr/bin/ceph: stderr
2023-09-13T07:21:32.410+0000 7f225d17f700 1 --2- 172.21.15.46:0/3075970421 >> [v2:172.21.15.46:3300/0,v1:172.21.15.46:6789/0] conn(0x7f2258077c40 0x7f2258076150 secure :-1 s=READY pgs=22 cs=0 l=1 rev1=1 crypto rx=0x7f22480098e0 tx=0x7f2248009250 comp rx=0 tx=0).stop
2023-09-13T07:21:32.959 INFO:teuthology.orchestra.run.smithi046.stdout:/usr/bin/ceph: stderr
2023-09-13T07:21:32.410+0000 7f225d17f700 1 -- 172.21.15.46:0/3075970421 shutdown_connections
2023-09-13T07:21:32.959 INFO:teuthology.orchestra.run.smithi046.stdout:/usr/bin/ceph: stderr
2023-09-13T07:21:32.410+0000 7f225d17f700 1 --2- 172.21.15.46:0/3075970421 >> [v2:172.21.15.46:3300/0,v1:172.21.15.46:6789/0] conn(0x7f2258077c40 0x7f2258076150 unknown :-1 s=CLOSED pgs=22 cs=0 l=1 rev1=1 crypto rx=0 tx=0 comp rx=0 tx=0).stop
2023-09-13T07:21:32.960 INFO:teuthology.orchestra.run.smithi046.stdout:/usr/bin/ceph: stderr
2023-09-13T07:21:32.410+0000 7f225d17f700 1 -- 172.21.15.46:0/3075970421 >> 172.21.15.46:0/3075970421 conn(0x7f22580fda10 msgr2=0x7f22580ffe40 unknown :-1 s=STATE_NONE l=0).mark_down
2023-09-13T07:21:32.960 INFO:teuthology.orchestra.run.smithi046.stdout:/usr/bin/ceph: stderr
2023-09-13T07:21:32.410+0000 7f225d17f700 1 -- 172.21.15.46:0/3075970421 shutdown_connections
2023-09-13T07:21:32.960 INFO:teuthology.orchestra.run.smithi046.stdout:/usr/bin/ceph: stderr
2023-09-13T07:21:32.410+0000 7f225d17f700 1 -- 172.21.15.46:0/3075970421 wait complete.
2023-09-13T07:21:32.960 INFO:teuthology.orchestra.run.smithi046.stdout:/usr/bin/ceph: stderr
2023-09-13T07:21:32.411+0000 7f225d17f700 1 Processor -- start
2023-09-13T07:21:32.960 INFO:teuthology.orchestra.run.smithi046.stdout:/usr/bin/ceph: stderr
2023-09-13T07:21:32.411+0000 7f225d17f700 1 -- start start
2023-09-13T07:21:32.961 INFO:teuthology.orchestra.run.smithi046.stdout:/usr/bin/ceph: stderr
2023-09-13T07:21:32.411+0000 7f225d17f700 1 --2- >> [v2:172.21.15.46:3300/0,v1:172.21.15.46:6789/0] conn(0x7f2258077c40 0x7f22581132d0 unknown :-1 s=NONE pgs=0 cs=0 l=1 rev1=0 crypto rx=0 tx=0 comp rx=0 tx=0).connect
2023-09-13T07:21:32.961 INFO:teuthology.orchestra.run.smithi046.stdout:/usr/bin/ceph: stderr
2023-09-13T07:21:32.411+0000 7f225d17f700 1 -- --> [v2:172.21.15.46:3300/0,v1:172.21.15.46:6789/0] -- mon_getmap magic: 0 v1 -- 0x7f2258113810 con 0x7f2258077c40
2023-09-13T07:21:32.961 INFO:teuthology.orchestra.run.smithi046.stdout:/usr/bin/ceph: stderr
2023-09-13T07:21:32.411+0000 7f2256d9d700 1 --2- >> [v2:172.21.15.46:3300/0,v1:172.21.15.46:6789/0] conn(0x7f2258077c40 0x7f22581132d0 unknown :-1 s=BANNER_CONNECTING pgs=0 cs=0 l=1 rev1=0 crypto rx=0 tx=0 comp rx=0 tx=0)._handle_peer_banner_payload supported=3 required=0
2023-09-13T07:21:32.961 INFO:teuthology.orchestra.run.smithi046.stdout:/usr/bin/ceph: stderr
2023-09-13T07:21:32.411+0000 7f2256d9d700 1 --2- >> [v2:172.21.15.46:3300/0,v1:172.21.15.46:6789/0] conn(0x7f2258077c40 0x7f22581132d0 unknown :-1 s=HELLO_CONNECTING pgs=0 cs=0 l=1 rev1=1 crypto rx=0 tx=0 comp rx=0 tx=0).handle_hello peer v2:172.21.15.46:3300/0 says I am v2:172.21.15.46:47064/0 (socket says 172.21.15.46:47064)
2023-09-13T07:21:32.961 INFO:teuthology.orchestra.run.smithi046.stdout:/usr/bin/ceph: stderr
2023-09-13T07:21:32.411+0000 7f2256d9d700 1 -- 172.21.15.46:0/2500766753 learned_addr learned my addr 172.21.15.46:0/2500766753 (peer_addr_for_me v2:172.21.15.46:0/0)
2023-09-13T07:21:32.962 INFO:teuthology.orchestra.run.smithi046.stdout:/usr/bin/ceph: stderr
2023-09-13T07:21:32.412+0000 7f2256d9d700 1 -- 172.21.15.46:0/2500766753 --> [v2:172.21.15.46:3300/0,v1:172.21.15.46:6789/0] -- mon_subscribe({config=0+,monmap=0+}) v3 -- 0x7f22480094f0 con 0x7f2258077c40
2023-09-13T07:21:32.962 INFO:teuthology.orchestra.run.smithi046.stdout:/usr/bin/ceph: stderr
2023-09-13T07:21:32.412+0000 7f2256d9d700 1 --2- 172.21.15.46:0/2500766753 >> [v2:172.21.15.46:3300/0,v1:172.21.15.46:6789/0] conn(0x7f2258077c40 0x7f22581132d0 secure :-1 s=READY pgs=23 cs=0 l=1 rev1=1 crypto rx=0x7f2248006d40 tx=0x7f2248009250 comp rx=0 tx=0).ready entity=mon.0 client_cookie=0 server_cookie=0 in_seq=0 out_seq=0
2023-09-13T07:21:32.962 INFO:teuthology.orchestra.run.smithi046.stdout:/usr/bin/ceph: stderr
2023-09-13T07:21:32.412+0000 7f223f7fe700 1 -- 172.21.15.46:0/2500766753 <== mon.0 v2:172.21.15.46:3300/0 1 ==== mon_map magic: 0 v1 ==== 229+0+0 (secure 0 0 0) 0x7f22480107a0 con 0x7f2258077c40
2023-09-13T07:21:32.962 INFO:teuthology.orchestra.run.smithi046.stdout:/usr/bin/ceph: stderr
2023-09-13T07:21:32.412+0000 7f223f7fe700 1 -- 172.21.15.46:0/2500766753 <== mon.0 v2:172.21.15.46:3300/0 2 ==== config(26 keys) v1 ==== 1009+0+0 (secure 0 0 0) 0x7f2248010d70 con 0x7f2258077c40
2023-09-13T07:21:32.962 INFO:teuthology.orchestra.run.smithi046.stdout:/usr/bin/ceph: stderr
2023-09-13T07:21:32.412+0000 7f223f7fe700 1 -- 172.21.15.46:0/2500766753 <== mon.0 v2:172.21.15.46:3300/0 3 ==== mon_map magic: 0 v1 ==== 229+0+0 (secure 0 0 0) 0x7f224801ad60 con 0x7f2258077c40
2023-09-13T07:21:32.963 INFO:teuthology.orchestra.run.smithi046.stdout:/usr/bin/ceph: stderr
2023-09-13T07:21:32.412+0000 7f225d17f700 1 -- 172.21.15.46:0/2500766753 --> [v2:172.21.15.46:3300/0,v1:172.21.15.46:6789/0] -- mon_subscribe({mgrmap=0+}) v3 -- 0x7f2258113a10 con 0x7f2258077c40
2023-09-13T07:21:32.963 INFO:teuthology.orchestra.run.smithi046.stdout:/usr/bin/ceph: stderr
2023-09-13T07:21:32.412+0000 7f225d17f700 1 -- 172.21.15.46:0/2500766753 --> [v2:172.21.15.46:3300/0,v1:172.21.15.46:6789/0] -- mon_subscribe({osdmap=0}) v3 -- 0x7f2258113e20 con 0x7f2258077c40
2023-09-13T07:21:32.963 INFO:teuthology.orchestra.run.smithi046.stdout:/usr/bin/ceph: stderr
2023-09-13T07:21:32.414+0000 7f225d17f700 1 -- 172.21.15.46:0/2500766753 --> [v2:172.21.15.46:3300/0,v1:172.21.15.46:6789/0] -- mon_command({"prefix": "get_command_descriptions"} v 0) v1 -- 0x7f225804bb40 con 0x7f2258077c40
2023-09-13T07:21:32.963 INFO:teuthology.orchestra.run.smithi046.stdout:/usr/bin/ceph: stderr
2023-09-13T07:21:32.414+0000 7f223f7fe700 1 -- 172.21.15.46:0/2500766753 <== mon.0 v2:172.21.15.46:3300/0 4 ==== mgrmap(e 4) v1 ==== 43223+0+0 (secure 0 0 0) 0x7f2248010900 con 0x7f2258077c40
2023-09-13T07:21:32.963 INFO:teuthology.orchestra.run.smithi046.stdout:/usr/bin/ceph: stderr
2023-09-13T07:21:32.414+0000 7f223f7fe700 1 --2- 172.21.15.46:0/2500766753 >> [v2:172.21.15.46:6800/2166017004,v1:172.21.15.46:6801/2166017004] conn(0x7f22400365a0 0x7f2240038a50 unknown :-1 s=NONE pgs=0 cs=0 l=1 rev1=0 crypto rx=0 tx=0 comp rx=0 tx=0).connect
2023-09-13T07:21:32.964 INFO:teuthology.orchestra.run.smithi046.stdout:/usr/bin/ceph: stderr
2023-09-13T07:21:32.414+0000 7f223f7fe700 1 -- 172.21.15.46:0/2500766753 <== mon.0 v2:172.21.15.46:3300/0 5 ==== osd_map(1..1 src has 1..1) v4 ==== 721+0+0 (secure 0 0 0) 0x7f224801e070 con 0x7f2258077c40
2023-09-13T07:21:32.964 INFO:teuthology.orchestra.run.smithi046.stdout:/usr/bin/ceph: stderr
2023-09-13T07:21:32.414+0000 7f225659c700 1 --2- 172.21.15.46:0/2500766753 >> [v2:172.21.15.46:6800/2166017004,v1:172.21.15.46:6801/2166017004] conn(0x7f22400365a0 0x7f2240038a50 unknown :-1 s=BANNER_CONNECTING pgs=0 cs=0 l=1 rev1=0 crypto rx=0 tx=0 comp rx=0 tx=0)._handle_peer_banner_payload supported=3 required=0
2023-09-13T07:21:32.964 INFO:teuthology.orchestra.run.smithi046.stdout:/usr/bin/ceph: stderr
2023-09-13T07:21:32.415+0000 7f225659c700 1 --2- 172.21.15.46:0/2500766753 >> [v2:172.21.15.46:6800/2166017004,v1:172.21.15.46:6801/2166017004] conn(0x7f22400365a0 0x7f2240038a50 secure :-1 s=READY pgs=7 cs=0 l=1 rev1=1 crypto rx=0x7f224c009990 tx=0x7f224c006e40 comp rx=0 tx=0).ready entity=mgr.14100 client_cookie=0 server_cookie=0 in_seq=0 out_seq=0
2023-09-13T07:21:32.964 INFO:teuthology.orchestra.run.smithi046.stdout:/usr/bin/ceph: stderr
2023-09-13T07:21:32.419+0000 7f223f7fe700 1 -- 172.21.15.46:0/2500766753 <== mon.0 v2:172.21.15.46:3300/0 6 ==== mon_command_ack([{"prefix": "get_command_descriptions"}]=0 v0) v1 ==== 72+0+174521 (secure 0 0 0) 0x7f2248020730 con 0x7f2258077c40
2023-09-13T07:21:32.964 INFO:teuthology.orchestra.run.smithi046.stdout:/usr/bin/ceph: stderr
2023-09-13T07:21:32.620+0000 7f225d17f700 1 -- 172.21.15.46:0/2500766753 --> [v2:172.21.15.46:3300/0,v1:172.21.15.46:6789/0] -- mon_command({"prefix": "config assimilate-conf"} v 0) v1 -- 0x7f2258114950 con 0x7f2258077c40
2023-09-13T07:21:32.965 INFO:teuthology.orchestra.run.smithi046.stdout:/usr/bin/ceph: stderr
2023-09-13T07:21:32.621+0000 7f223f7fe700 1 -- 172.21.15.46:0/2500766753 <== mon.0 v2:172.21.15.46:3300/0 7 ==== mon_command_ack([{"prefix": "config assimilate-conf"}]=0 v3) v1 ==== 70+0+373 (secure 0 0 0) 0x7f2248020370 con 0x7f2258077c40
2023-09-13T07:21:32.965 INFO:teuthology.orchestra.run.smithi046.stdout:/usr/bin/ceph: stderr
2023-09-13T07:21:32.624+0000 7f225d17f700 1 -- 172.21.15.46:0/2500766753 >> [v2:172.21.15.46:6800/2166017004,v1:172.21.15.46:6801/2166017004] conn(0x7f22400365a0 msgr2=0x7f2240038a50 secure :-1 s=STATE_CONNECTION_ESTABLISHED l=1).mark_down
2023-09-13T07:21:32.965 INFO:teuthology.orchestra.run.smithi046.stdout:/usr/bin/ceph: stderr
2023-09-13T07:21:32.624+0000 7f225d17f700 1 --2- 172.21.15.46:0/2500766753 >> [v2:172.21.15.46:6800/2166017004,v1:172.21.15.46:6801/2166017004] conn(0x7f22400365a0 0x7f2240038a50 secure :-1 s=READY pgs=7 cs=0 l=1 rev1=1 crypto rx=0x7f224c009990 tx=0x7f224c006e40 comp rx=0 tx=0).stop
2023-09-13T07:21:32.965 INFO:teuthology.orchestra.run.smithi046.stdout:/usr/bin/ceph: stderr
2023-09-13T07:21:32.624+0000 7f225d17f700 1 -- 172.21.15.46:0/2500766753 >> [v2:172.21.15.46:3300/0,v1:172.21.15.46:6789/0] conn(0x7f2258077c40 msgr2=0x7f22581132d0 secure :-1 s=STATE_CONNECTION_ESTABLISHED l=1).mark_down
2023-09-13T07:21:32.965 INFO:teuthology.orchestra.run.smithi046.stdout:/usr/bin/ceph: stderr
2023-09-13T07:21:32.624+0000 7f225d17f700 1 --2- 172.21.15.46:0/2500766753 >> [v2:172.21.15.46:3300/0,v1:172.21.15.46:6789/0] conn(0x7f2258077c40 0x7f22581132d0 secure :-1 s=READY pgs=23 cs=0 l=1 rev1=1 crypto rx=0x7f2248006d40 tx=0x7f2248009250 comp rx=0 tx=0).stop
2023-09-13T07:21:32.966 INFO:teuthology.orchestra.run.smithi046.stdout:/usr/bin/ceph: stderr
2023-09-13T07:21:32.624+0000 7f225d17f700 1 -- 172.21.15.46:0/2500766753 shutdown_connections
2023-09-13T07:21:32.966 INFO:teuthology.orchestra.run.smithi046.stdout:/usr/bin/ceph: stderr
2023-09-13T07:21:32.624+0000 7f225d17f700 1 --2- 172.21.15.46:0/2500766753 >> [v2:172.21.15.46:6800/2166017004,v1:172.21.15.46:6801/2166017004] conn(0x7f22400365a0 0x7f2240038a50 unknown :-1 s=CLOSED pgs=7 cs=0 l=1 rev1=1 crypto rx=0 tx=0 comp rx=0 tx=0).stop
2023-09-13T07:21:32.966 INFO:teuthology.orchestra.run.smithi046.stdout:/usr/bin/ceph: stderr
2023-09-13T07:21:32.624+0000 7f225d17f700 1 --2- 172.21.15.46:0/2500766753 >> [v2:172.21.15.46:3300/0,v1:172.21.15.46:6789/0] conn(0x7f2258077c40 0x7f22581132d0 unknown :-1 s=CLOSED pgs=23 cs=0 l=1 rev1=1 crypto rx=0 tx=0 comp rx=0 tx=0).stop
2023-09-13T07:21:32.966 INFO:teuthology.orchestra.run.smithi046.stdout:/usr/bin/ceph: stderr
2023-09-13T07:21:32.624+0000 7f225d17f700 1 -- 172.21.15.46:0/2500766753 >> 172.21.15.46:0/2500766753 conn(0x7f22580fda10 msgr2=0x7f22580ff100 unknown :-1 s=STATE_NONE l=0).mark_down
2023-09-13T07:21:32.966 INFO:teuthology.orchestra.run.smithi046.stdout:/usr/bin/ceph: stderr
2023-09-13T07:21:32.624+0000 7f225d17f700 1 -- 172.21.15.46:0/2500766753 shutdown_connections
2023-09-13T07:21:32.967 INFO:teuthology.orchestra.run.smithi046.stdout:/usr/bin/ceph: stderr
2023-09-13T07:21:32.624+0000 7f225d17f700 1 -- 172.21.15.46:0/2500766753 wait complete.
2023-09-13T07:21:32.967 INFO:teuthology.orchestra.run.smithi046.stdout:Enabling cephadm module...
2023-09-13T07:21:33.984 INFO:journalctl@ceph.mon.smithi046.smithi046.stdout:Sep 13 07:21:33 smithi046 ceph-mon[106850]: from='client.? 172.21.15.46:0/1141150775' entity='client.admin' cmd=[{"prefix": "mgr module enable", "module": "cephadm"}]: dispatch
2023-09-13T07:21:34.005 INFO:teuthology.orchestra.run.smithi046.stdout:/usr/bin/ceph: stderr
2023-09-13T07:21:33.352+0000 7fb1642d0700 1 Processor -- start
2023-09-13T07:21:34.005 INFO:teuthology.orchestra.run.smithi046.stdout:/usr/bin/ceph: stderr
2023-09-13T07:21:33.352+0000 7fb1642d0700 1 -- start start
2023-09-13T07:21:34.006 INFO:teuthology.orchestra.run.smithi046.stdout:/usr/bin/ceph: stderr
2023-09-13T07:21:33.352+0000 7fb1642d0700 1 --2- >> [v2:172.21.15.46:3300/0,v1:172.21.15.46:6789/0] conn(0x7fb15c1022b0 0x7fb15c1026c0 unknown :-1 s=NONE pgs=0 cs=0 l=0 rev1=0 crypto rx=0 tx=0 comp rx=0 tx=0).connect
2023-09-13T07:21:34.006 INFO:teuthology.orchestra.run.smithi046.stdout:/usr/bin/ceph: stderr
2023-09-13T07:21:33.352+0000 7fb1642d0700 1 -- --> [v2:172.21.15.46:3300/0,v1:172.21.15.46:6789/0] -- mon_getmap magic: 0 v1 -- 0x7fb15c102c00 con 0x7fb15c1022b0
2023-09-13T07:21:34.006 INFO:teuthology.orchestra.run.smithi046.stdout:/usr/bin/ceph: stderr
2023-09-13T07:21:33.352+0000 7fb16206c700 1 --2- >> [v2:172.21.15.46:3300/0,v1:172.21.15.46:6789/0] conn(0x7fb15c1022b0 0x7fb15c1026c0 unknown :-1 s=BANNER_CONNECTING pgs=0 cs=0 l=0 rev1=0 crypto rx=0 tx=0 comp rx=0 tx=0)._handle_peer_banner_payload supported=3 required=0
2023-09-13T07:21:34.006 INFO:teuthology.orchestra.run.smithi046.stdout:/usr/bin/ceph: stderr
2023-09-13T07:21:33.352+0000 7fb16206c700 1 --2- >> [v2:172.21.15.46:3300/0,v1:172.21.15.46:6789/0] conn(0x7fb15c1022b0 0x7fb15c1026c0 unknown :-1 s=HELLO_CONNECTING pgs=0 cs=0 l=0 rev1=1 crypto rx=0 tx=0 comp rx=0 tx=0).handle_hello peer v2:172.21.15.46:3300/0 says I am v2:172.21.15.46:47068/0 (socket says 172.21.15.46:47068)
2023-09-13T07:21:34.006 INFO:teuthology.orchestra.run.smithi046.stdout:/usr/bin/ceph: stderr
2023-09-13T07:21:33.353+0000 7fb16206c700 1 -- 172.21.15.46:0/1397550626 learned_addr learned my addr 172.21.15.46:0/1397550626 (peer_addr_for_me v2:172.21.15.46:0/0)
2023-09-13T07:21:34.007 INFO:teuthology.orchestra.run.smithi046.stdout:/usr/bin/ceph: stderr
2023-09-13T07:21:33.353+0000 7fb16206c700 1 -- 172.21.15.46:0/1397550626 --> [v2:172.21.15.46:3300/0,v1:172.21.15.46:6789/0] -- mon_subscribe({config=0+,monmap=0+}) v3 -- 0x7fb15c102d40 con 0x7fb15c1022b0
2023-09-13T07:21:34.007 INFO:teuthology.orchestra.run.smithi046.stdout:/usr/bin/ceph: stderr
2023-09-13T07:21:33.353+0000 7fb16206c700 1 --2- 172.21.15.46:0/1397550626 >> [v2:172.21.15.46:3300/0,v1:172.21.15.46:6789/0] conn(0x7fb15c1022b0 0x7fb15c1026c0 secure :-1 s=READY pgs=24 cs=0 l=1 rev1=1 crypto rx=0x7fb1580098e0 tx=0x7fb158009250 comp rx=0 tx=0).ready entity=mon.0 client_cookie=1f3b80987a019745 server_cookie=0 in_seq=0 out_seq=0
2023-09-13T07:21:34.007 INFO:teuthology.orchestra.run.smithi046.stdout:/usr/bin/ceph: stderr
2023-09-13T07:21:33.353+0000 7fb16106a700 1 -- 172.21.15.46:0/1397550626 <== mon.0 v2:172.21.15.46:3300/0 1 ==== mon_map magic: 0 v1 ==== 229+0+0 (secure 0 0 0) 0x7fb15800b860 con 0x7fb15c1022b0
2023-09-13T07:21:34.007 INFO:teuthology.orchestra.run.smithi046.stdout:/usr/bin/ceph: stderr
2023-09-13T07:21:33.353+0000 7fb16106a700 1 -- 172.21.15.46:0/1397550626 <== mon.0 v2:172.21.15.46:3300/0 2 ==== config(26 keys) v1 ==== 1009+0+0 (secure 0 0 0) 0x7fb15800be30 con 0x7fb15c1022b0
2023-09-13T07:21:34.007 INFO:teuthology.orchestra.run.smithi046.stdout:/usr/bin/ceph: stderr
2023-09-13T07:21:33.353+0000 7fb16106a700 1 -- 172.21.15.46:0/1397550626 <== mon.0 v2:172.21.15.46:3300/0 3 ==== mon_map magic: 0 v1 ==== 229+0+0 (secure 0 0 0) 0x7fb158010380 con 0x7fb15c1022b0
2023-09-13T07:21:34.008 INFO:teuthology.orchestra.run.smithi046.stdout:/usr/bin/ceph: stderr
2023-09-13T07:21:33.354+0000 7fb1642d0700 1 -- 172.21.15.46:0/1397550626 >> [v2:172.21.15.46:3300/0,v1:172.21.15.46:6789/0] conn(0x7fb15c1022b0 msgr2=0x7fb15c1026c0 secure :-1 s=STATE_CONNECTION_ESTABLISHED l=1).mark_down
2023-09-13T07:21:34.008 INFO:teuthology.orchestra.run.smithi046.stdout:/usr/bin/ceph: stderr
2023-09-13T07:21:33.354+0000 7fb1642d0700 1 --2- 172.21.15.46:0/1397550626 >> [v2:172.21.15.46:3300/0,v1:172.21.15.46:6789/0] conn(0x7fb15c1022b0 0x7fb15c1026c0 secure :-1 s=READY pgs=24 cs=0 l=1 rev1=1 crypto rx=0x7fb1580098e0 tx=0x7fb158009250 comp rx=0 tx=0).stop
2023-09-13T07:21:34.008 INFO:teuthology.orchestra.run.smithi046.stdout:/usr/bin/ceph: stderr
2023-09-13T07:21:33.354+0000 7fb1642d0700 1 -- 172.21.15.46:0/1397550626 shutdown_connections
2023-09-13T07:21:34.008 INFO:teuthology.orchestra.run.smithi046.stdout:/usr/bin/ceph: stderr
2023-09-13T07:21:33.354+0000 7fb1642d0700 1 --2- 172.21.15.46:0/1397550626 >> [v2:172.21.15.46:3300/0,v1:172.21.15.46:6789/0] conn(0x7fb15c1022b0 0x7fb15c1026c0 unknown :-1 s=CLOSED pgs=24 cs=0 l=1 rev1=1 crypto rx=0 tx=0 comp rx=0 tx=0).stop
2023-09-13T07:21:34.008 INFO:teuthology.orchestra.run.smithi046.stdout:/usr/bin/ceph: stderr
2023-09-13T07:21:33.354+0000 7fb1642d0700 1 -- 172.21.15.46:0/1397550626 >> 172.21.15.46:0/1397550626 conn(0x7fb15c0fda10 msgr2=0x7fb15c0ffe40 unknown :-1 s=STATE_NONE l=0).mark_down
2023-09-13T07:21:34.009 INFO:teuthology.orchestra.run.smithi046.stdout:/usr/bin/ceph: stderr
2023-09-13T07:21:33.354+0000 7fb1642d0700 1 -- 172.21.15.46:0/1397550626 shutdown_connections
2023-09-13T07:21:34.009 INFO:teuthology.orchestra.run.smithi046.stdout:/usr/bin/ceph: stderr
2023-09-13T07:21:33.354+0000 7fb1642d0700 1 -- 172.21.15.46:0/1397550626 wait complete.
2023-09-13T07:21:34.009 INFO:teuthology.orchestra.run.smithi046.stdout:/usr/bin/ceph: stderr
2023-09-13T07:21:33.355+0000 7fb1642d0700 1 Processor -- start
2023-09-13T07:21:34.009 INFO:teuthology.orchestra.run.smithi046.stdout:/usr/bin/ceph: stderr
2023-09-13T07:21:33.355+0000 7fb1642d0700 1 -- start start
2023-09-13T07:21:34.009 INFO:teuthology.orchestra.run.smithi046.stdout:/usr/bin/ceph: stderr
2023-09-13T07:21:33.355+0000 7fb1642d0700 1 --2- >> [v2:172.21.15.46:3300/0,v1:172.21.15.46:6789/0] conn(0x7fb15c1022b0 0x7fb15c113280 unknown :-1 s=NONE pgs=0 cs=0 l=1 rev1=0 crypto rx=0 tx=0 comp rx=0 tx=0).connect
2023-09-13T07:21:34.009 INFO:teuthology.orchestra.run.smithi046.stdout:/usr/bin/ceph: stderr
2023-09-13T07:21:33.355+0000 7fb1642d0700 1 -- --> [v2:172.21.15.46:3300/0,v1:172.21.15.46:6789/0] -- mon_getmap magic: 0 v1 -- 0x7fb15c1137c0 con 0x7fb15c1022b0
2023-09-13T07:21:34.010 INFO:teuthology.orchestra.run.smithi046.stdout:/usr/bin/ceph: stderr
2023-09-13T07:21:33.356+0000 7fb16206c700 1 --2- >> [v2:172.21.15.46:3300/0,v1:172.21.15.46:6789/0] conn(0x7fb15c1022b0 0x7fb15c113280 unknown :-1 s=BANNER_CONNECTING pgs=0 cs=0 l=1 rev1=0 crypto rx=0 tx=0 comp rx=0 tx=0)._handle_peer_banner_payload supported=3 required=0
2023-09-13T07:21:34.010 INFO:teuthology.orchestra.run.smithi046.stdout:/usr/bin/ceph: stderr
2023-09-13T07:21:33.356+0000 7fb16206c700 1 --2- >> [v2:172.21.15.46:3300/0,v1:172.21.15.46:6789/0] conn(0x7fb15c1022b0 0x7fb15c113280 unknown :-1 s=HELLO_CONNECTING pgs=0 cs=0 l=1 rev1=1 crypto rx=0 tx=0 comp rx=0 tx=0).handle_hello peer v2:172.21.15.46:3300/0 says I am v2:172.21.15.46:47080/0 (socket says 172.21.15.46:47080)
2023-09-13T07:21:34.010 INFO:teuthology.orchestra.run.smithi046.stdout:/usr/bin/ceph: stderr
2023-09-13T07:21:33.356+0000 7fb16206c700 1 -- 172.21.15.46:0/1141150775 learned_addr learned my addr 172.21.15.46:0/1141150775 (peer_addr_for_me v2:172.21.15.46:0/0)
2023-09-13T07:21:34.010 INFO:teuthology.orchestra.run.smithi046.stdout:/usr/bin/ceph: stderr
2023-09-13T07:21:33.356+0000 7fb16206c700 1 -- 172.21.15.46:0/1141150775 --> [v2:172.21.15.46:3300/0,v1:172.21.15.46:6789/0] -- mon_subscribe({config=0+,monmap=0+}) v3 -- 0x7fb1580094f0 con 0x7fb15c1022b0
2023-09-13T07:21:34.010 INFO:teuthology.orchestra.run.smithi046.stdout:/usr/bin/ceph: stderr
2023-09-13T07:21:33.356+0000 7fb16206c700 1 --2- 172.21.15.46:0/1141150775 >> [v2:172.21.15.46:3300/0,v1:172.21.15.46:6789/0] conn(0x7fb15c1022b0 0x7fb15c113280 secure :-1 s=READY pgs=25 cs=0 l=1 rev1=1 crypto rx=0x7fb158000c00 tx=0x7fb158009250 comp rx=0 tx=0).ready entity=mon.0 client_cookie=0 server_cookie=0 in_seq=0 out_seq=0
2023-09-13T07:21:34.011 INFO:teuthology.orchestra.run.smithi046.stdout:/usr/bin/ceph: stderr
2023-09-13T07:21:33.357+0000 7fb152ffd700 1 -- 172.21.15.46:0/1141150775 <== mon.0 v2:172.21.15.46:3300/0 1 ==== mon_map magic: 0 v1 ==== 229+0+0 (secure 0 0 0) 0x7fb158010a80 con 0x7fb15c1022b0
2023-09-13T07:21:34.011 INFO:teuthology.orchestra.run.smithi046.stdout:/usr/bin/ceph: stderr
2023-09-13T07:21:33.357+0000 7fb152ffd700 1 -- 172.21.15.46:0/1141150775 <== mon.0 v2:172.21.15.46:3300/0 2 ==== config(26 keys) v1 ==== 1009+0+0 (secure 0 0 0) 0x7fb15801a430 con 0x7fb15c1022b0
2023-09-13T07:21:34.011 INFO:teuthology.orchestra.run.smithi046.stdout:/usr/bin/ceph: stderr
2023-09-13T07:21:33.357+0000 7fb1642d0700 1 -- 172.21.15.46:0/1141150775 --> [v2:172.21.15.46:3300/0,v1:172.21.15.46:6789/0] -- mon_subscribe({mgrmap=0+}) v3 -- 0x7fb15c1139c0 con 0x7fb15c1022b0
2023-09-13T07:21:34.011 INFO:teuthology.orchestra.run.smithi046.stdout:/usr/bin/ceph: stderr
2023-09-13T07:21:33.357+0000 7fb152ffd700 1 -- 172.21.15.46:0/1141150775 <== mon.0 v2:172.21.15.46:3300/0 3 ==== mon_map magic: 0 v1 ==== 229+0+0 (secure 0 0 0) 0x7fb1580245b0 con 0x7fb15c1022b0
2023-09-13T07:21:34.011 INFO:teuthology.orchestra.run.smithi046.stdout:/usr/bin/ceph: stderr
2023-09-13T07:21:33.357+0000 7fb1642d0700 1 -- 172.21.15.46:0/1141150775 --> [v2:172.21.15.46:3300/0,v1:172.21.15.46:6789/0] -- mon_subscribe({osdmap=0}) v3 -- 0x7fb15c113dd0 con 0x7fb15c1022b0
2023-09-13T07:21:34.014 INFO:teuthology.orchestra.run.smithi046.stdout:/usr/bin/ceph: stderr
2023-09-13T07:21:33.358+0000 7fb1642d0700 1 -- 172.21.15.46:0/1141150775 --> [v2:172.21.15.46:3300/0,v1:172.21.15.46:6789/0] -- mon_command({"prefix": "get_command_descriptions"} v 0) v1 -- 0x7fb15c04bb40 con 0x7fb15c1022b0
2023-09-13T07:21:34.014 INFO:teuthology.orchestra.run.smithi046.stdout:/usr/bin/ceph: stderr
2023-09-13T07:21:33.358+0000 7fb152ffd700 1 -- 172.21.15.46:0/1141150775 <== mon.0 v2:172.21.15.46:3300/0 4 ==== mgrmap(e 4) v1 ==== 43223+0+0 (secure 0 0 0) 0x7fb158010be0 con 0x7fb15c1022b0
2023-09-13T07:21:34.014 INFO:teuthology.orchestra.run.smithi046.stdout:/usr/bin/ceph: stderr
2023-09-13T07:21:33.358+0000 7fb152ffd700 1 --2- 172.21.15.46:0/1141150775 >> [v2:172.21.15.46:6800/2166017004,v1:172.21.15.46:6801/2166017004] conn(0x7fb1480365a0 0x7fb148038a50 unknown :-1 s=NONE pgs=0 cs=0 l=1 rev1=0 crypto rx=0 tx=0 comp rx=0 tx=0).connect
2023-09-13T07:21:34.014 INFO:teuthology.orchestra.run.smithi046.stdout:/usr/bin/ceph: stderr
2023-09-13T07:21:33.358+0000 7fb152ffd700 1 -- 172.21.15.46:0/1141150775 <== mon.0 v2:172.21.15.46:3300/0 5 ==== osd_map(1..1 src has 1..1) v4 ==== 721+0+0 (secure 0 0 0) 0x7fb15804a4e0 con 0x7fb15c1022b0
2023-09-13T07:21:34.014 INFO:teuthology.orchestra.run.smithi046.stdout:/usr/bin/ceph: stderr
2023-09-13T07:21:33.359+0000 7fb16186b700 1 --2- 172.21.15.46:0/1141150775 >> [v2:172.21.15.46:6800/2166017004,v1:172.21.15.46:6801/2166017004] conn(0x7fb1480365a0 0x7fb148038a50 unknown :-1 s=BANNER_CONNECTING pgs=0 cs=0 l=1 rev1=0 crypto rx=0 tx=0 comp rx=0 tx=0)._handle_peer_banner_payload supported=3 required=0
2023-09-13T07:21:34.015 INFO:teuthology.orchestra.run.smithi046.stdout:/usr/bin/ceph: stderr
2023-09-13T07:21:33.359+0000 7fb16186b700 1 --2- 172.21.15.46:0/1141150775 >> [v2:172.21.15.46:6800/2166017004,v1:172.21.15.46:6801/2166017004] conn(0x7fb1480365a0 0x7fb148038a50 secure :-1 s=READY pgs=8 cs=0 l=1 rev1=1 crypto rx=0x7fb14c009990 tx=0x7fb14c006e40 comp rx=0 tx=0).ready entity=mgr.14100 client_cookie=0 server_cookie=0 in_seq=0 out_seq=0
2023-09-13T07:21:34.015 INFO:teuthology.orchestra.run.smithi046.stdout:/usr/bin/ceph: stderr
2023-09-13T07:21:33.363+0000 7fb152ffd700 1 -- 172.21.15.46:0/1141150775 <== mon.0 v2:172.21.15.46:3300/0 6 ==== mon_command_ack([{"prefix": "get_command_descriptions"}]=0 v0) v1 ==== 72+0+174521 (secure 0 0 0) 0x7fb158018ca0 con 0x7fb15c1022b0
2023-09-13T07:21:34.015 INFO:teuthology.orchestra.run.smithi046.stdout:/usr/bin/ceph: stderr
2023-09-13T07:21:33.622+0000 7fb1642d0700 1 -- 172.21.15.46:0/1141150775 --> [v2:172.21.15.46:3300/0,v1:172.21.15.46:6789/0] -- mon_command({"prefix": "mgr module enable", "module": "cephadm"} v 0) v1 -- 0x7fb15c1040c0 con 0x7fb15c1022b0
2023-09-13T07:21:34.015 INFO:teuthology.orchestra.run.smithi046.stdout:/usr/bin/ceph: stderr
2023-09-13T07:21:33.717+0000 7fb152ffd700 1 -- 172.21.15.46:0/1141150775 <== mon.0 v2:172.21.15.46:3300/0 7 ==== mgrmap(e 5) v1 ==== 43234+0+0 (secure 0 0 0) 0x7fb158024820 con 0x7fb15c1022b0
2023-09-13T07:21:34.016 INFO:teuthology.orchestra.run.smithi046.stdout:/usr/bin/ceph: stderr
2023-09-13T07:21:33.718+0000 7fb152ffd700 1 -- 172.21.15.46:0/1141150775 <== mon.0 v2:172.21.15.46:3300/0 8 ==== mon_command_ack([{"prefix": "mgr module enable", "module": "cephadm"}]=0 v5) v1 ==== 86+0+0 (secure 0 0 0) 0x7fb15802c7e0 con 0x7fb15c1022b0
2023-09-13T07:21:34.016 INFO:teuthology.orchestra.run.smithi046.stdout:/usr/bin/ceph: stderr
2023-09-13T07:21:33.721+0000 7fb1642d0700 1 -- 172.21.15.46:0/1141150775 >> [v2:172.21.15.46:6800/2166017004,v1:172.21.15.46:6801/2166017004] conn(0x7fb1480365a0 msgr2=0x7fb148038a50 secure :-1 s=STATE_CONNECTION_ESTABLISHED l=1).mark_down
2023-09-13T07:21:34.016 INFO:teuthology.orchestra.run.smithi046.stdout:/usr/bin/ceph: stderr
2023-09-13T07:21:33.721+0000 7fb1642d0700 1 --2- 172.21.15.46:0/1141150775 >> [v2:172.21.15.46:6800/2166017004,v1:172.21.15.46:6801/2166017004] conn(0x7fb1480365a0 0x7fb148038a50 secure :-1 s=READY pgs=8 cs=0 l=1 rev1=1 crypto rx=0x7fb14c009990 tx=0x7fb14c006e40 comp rx=0 tx=0).stop
2023-09-13T07:21:34.016 INFO:teuthology.orchestra.run.smithi046.stdout:/usr/bin/ceph: stderr
2023-09-13T07:21:33.721+0000 7fb1642d0700 1 -- 172.21.15.46:0/1141150775 >> [v2:172.21.15.46:3300/0,v1:172.21.15.46:6789/0] conn(0x7fb15c1022b0 msgr2=0x7fb15c113280 secure :-1 s=STATE_CONNECTION_ESTABLISHED l=1).mark_down
2023-09-13T07:21:34.016 INFO:teuthology.orchestra.run.smithi046.stdout:/usr/bin/ceph: stderr
2023-09-13T07:21:33.721+0000 7fb1642d0700 1 --2- 172.21.15.46:0/1141150775 >> [v2:172.21.15.46:3300/0,v1:172.21.15.46:6789/0] conn(0x7fb15c1022b0 0x7fb15c113280 secure :-1 s=READY pgs=25 cs=0 l=1 rev1=1 crypto rx=0x7fb158000c00 tx=0x7fb158009250 comp rx=0 tx=0).stop
2023-09-13T07:21:34.017 INFO:teuthology.orchestra.run.smithi046.stdout:/usr/bin/ceph: stderr
2023-09-13T07:21:33.722+0000 7fb1642d0700 1 -- 172.21.15.46:0/1141150775 shutdown_connections
2023-09-13T07:21:34.017 INFO:teuthology.orchestra.run.smithi046.stdout:/usr/bin/ceph: stderr
2023-09-13T07:21:33.722+0000 7fb1642d0700 1 --2- 172.21.15.46:0/1141150775 >> [v2:172.21.15.46:6800/2166017004,v1:172.21.15.46:6801/2166017004] conn(0x7fb1480365a0 0x7fb148038a50 unknown :-1 s=CLOSED pgs=8 cs=0 l=1 rev1=1 crypto rx=0 tx=0 comp rx=0 tx=0).stop
2023-09-13T07:21:34.017 INFO:teuthology.orchestra.run.smithi046.stdout:/usr/bin/ceph: stderr
2023-09-13T07:21:33.722+0000 7fb1642d0700 1 --2- 172.21.15.46:0/1141150775 >> [v2:172.21.15.46:3300/0,v1:172.21.15.46:6789/0] conn(0x7fb15c1022b0 0x7fb15c113280 unknown :-1 s=CLOSED pgs=25 cs=0 l=1 rev1=1 crypto rx=0 tx=0 comp rx=0 tx=0).stop
2023-09-13T07:21:34.017 INFO:teuthology.orchestra.run.smithi046.stdout:/usr/bin/ceph: stderr
2023-09-13T07:21:33.722+0000 7fb1642d0700 1 -- 172.21.15.46:0/1141150775 >> 172.21.15.46:0/1141150775 conn(0x7fb15c0fda10 msgr2=0x7fb15c0fe7e0 unknown :-1 s=STATE_NONE l=0).mark_down
2023-09-13T07:21:34.017 INFO:teuthology.orchestra.run.smithi046.stdout:/usr/bin/ceph: stderr
2023-09-13T07:21:33.722+0000 7fb1642d0700 1 -- 172.21.15.46:0/1141150775 shutdown_connections
2023-09-13T07:21:34.018 INFO:teuthology.orchestra.run.smithi046.stdout:/usr/bin/ceph: stderr
2023-09-13T07:21:33.722+0000 7fb1642d0700 1 -- 172.21.15.46:0/1141150775 wait complete.
2023-09-13T07:21:34.864 INFO:journalctl@ceph.mon.smithi046.smithi046.stdout:Sep 13 07:21:34 smithi046 ceph-mon[106850]: from='client.? 172.21.15.46:0/1141150775' entity='client.admin' cmd='[{"prefix": "mgr module enable", "module": "cephadm"}]': finished
2023-09-13T07:21:34.865 INFO:journalctl@ceph.mon.smithi046.smithi046.stdout:Sep 13 07:21:34 smithi046 ceph-mon[106850]: mgrmap e5: smithi046.mwnwiv(active, since 10s)
2023-09-13T07:21:35.037 INFO:teuthology.orchestra.run.smithi046.stdout:/usr/bin/ceph: stdout {
2023-09-13T07:21:35.037 INFO:teuthology.orchestra.run.smithi046.stdout:/usr/bin/ceph: stdout "epoch": 5,
2023-09-13T07:21:35.038 INFO:teuthology.orchestra.run.smithi046.stdout:/usr/bin/ceph: stdout "available": true,
2023-09-13T07:21:35.038 INFO:teuthology.orchestra.run.smithi046.stdout:/usr/bin/ceph: stdout "active_name": "smithi046.mwnwiv",
2023-09-13T07:21:35.038 INFO:teuthology.orchestra.run.smithi046.stdout:/usr/bin/ceph: stdout "num_standby": 0
2023-09-13T07:21:35.038 INFO:teuthology.orchestra.run.smithi046.stdout:/usr/bin/ceph: stdout }
2023-09-13T07:21:35.038 INFO:teuthology.orchestra.run.smithi046.stdout:/usr/bin/ceph: stderr
2023-09-13T07:21:34.442+0000 7f9a2cfdf700 1 Processor -- start
2023-09-13T07:21:35.039 INFO:teuthology.orchestra.run.smithi046.stdout:/usr/bin/ceph: stderr
2023-09-13T07:21:34.442+0000 7f9a2cfdf700 1 -- start start
2023-09-13T07:21:35.039 INFO:teuthology.orchestra.run.smithi046.stdout:/usr/bin/ceph: stderr
2023-09-13T07:21:34.442+0000 7f9a2cfdf700 1 --2- >> [v2:172.21.15.46:3300/0,v1:172.21.15.46:6789/0] conn(0x7f9a28077c20 0x7f9a28076130 unknown :-1 s=NONE pgs=0 cs=0 l=0 rev1=0 crypto rx=0 tx=0 comp rx=0 tx=0).connect
2023-09-13T07:21:35.039 INFO:teuthology.orchestra.run.smithi046.stdout:/usr/bin/ceph: stderr
2023-09-13T07:21:34.442+0000 7f9a2cfdf700 1 -- --> [v2:172.21.15.46:3300/0,v1:172.21.15.46:6789/0] -- mon_getmap magic: 0 v1 -- 0x7f9a28078030 con 0x7f9a28077c20
2023-09-13T07:21:35.039 INFO:teuthology.orchestra.run.smithi046.stdout:/usr/bin/ceph: stderr
2023-09-13T07:21:34.443+0000 7f9a2659c700 1 --2- >> [v2:172.21.15.46:3300/0,v1:172.21.15.46:6789/0] conn(0x7f9a28077c20 0x7f9a28076130 unknown :-1 s=BANNER_CONNECTING pgs=0 cs=0 l=0 rev1=0 crypto rx=0 tx=0 comp rx=0 tx=0)._handle_peer_banner_payload supported=3 required=0
2023-09-13T07:21:35.039 INFO:teuthology.orchestra.run.smithi046.stdout:/usr/bin/ceph: stderr
2023-09-13T07:21:34.443+0000 7f9a2659c700 1 --2- >> [v2:172.21.15.46:3300/0,v1:172.21.15.46:6789/0] conn(0x7f9a28077c20 0x7f9a28076130 unknown :-1 s=HELLO_CONNECTING pgs=0 cs=0 l=0 rev1=1 crypto rx=0 tx=0 comp rx=0 tx=0).handle_hello peer v2:172.21.15.46:3300/0 says I am v2:172.21.15.46:47098/0 (socket says 172.21.15.46:47098)
2023-09-13T07:21:35.040 INFO:teuthology.orchestra.run.smithi046.stdout:/usr/bin/ceph: stderr
2023-09-13T07:21:34.443+0000 7f9a2659c700 1 -- 172.21.15.46:0/1095650893 learned_addr learned my addr 172.21.15.46:0/1095650893 (peer_addr_for_me v2:172.21.15.46:0/0)
2023-09-13T07:21:35.040 INFO:teuthology.orchestra.run.smithi046.stdout:/usr/bin/ceph: stderr
2023-09-13T07:21:34.443+0000 7f9a2659c700 1 -- 172.21.15.46:0/1095650893 --> [v2:172.21.15.46:3300/0,v1:172.21.15.46:6789/0] -- mon_subscribe({config=0+,monmap=0+}) v3 -- 0x7f9a28076670 con 0x7f9a28077c20
2023-09-13T07:21:35.040 INFO:teuthology.orchestra.run.smithi046.stdout:/usr/bin/ceph: stderr
2023-09-13T07:21:34.443+0000 7f9a2659c700 1 --2- 172.21.15.46:0/1095650893 >> [v2:172.21.15.46:3300/0,v1:172.21.15.46:6789/0] conn(0x7f9a28077c20 0x7f9a28076130 secure :-1 s=READY pgs=28 cs=0 l=1 rev1=1 crypto rx=0x7f9a180098e0 tx=0x7f9a18009250 comp rx=0 tx=0).ready entity=mon.0 client_cookie=6d2ee5388edbe412 server_cookie=0 in_seq=0 out_seq=0
2023-09-13T07:21:35.040 INFO:teuthology.orchestra.run.smithi046.stdout:/usr/bin/ceph: stderr
2023-09-13T07:21:34.444+0000 7f9a2559a700 1 -- 172.21.15.46:0/1095650893 <== mon.0 v2:172.21.15.46:3300/0 1 ==== mon_map magic: 0 v1 ==== 229+0+0 (secure 0 0 0) 0x7f9a1800b860 con 0x7f9a28077c20
2023-09-13T07:21:35.040 INFO:teuthology.orchestra.run.smithi046.stdout:/usr/bin/ceph: stderr
2023-09-13T07:21:34.444+0000 7f9a2559a700 1 -- 172.21.15.46:0/1095650893 <== mon.0 v2:172.21.15.46:3300/0 2 ==== config(26 keys) v1 ==== 1009+0+0 (secure 0 0 0) 0x7f9a1800be30 con 0x7f9a28077c20
2023-09-13T07:21:35.041 INFO:teuthology.orchestra.run.smithi046.stdout:/usr/bin/ceph: stderr
2023-09-13T07:21:34.444+0000 7f9a2559a700 1 -- 172.21.15.46:0/1095650893 <== mon.0 v2:172.21.15.46:3300/0 3 ==== mon_map magic: 0 v1 ==== 229+0+0 (secure 0 0 0) 0x7f9a18010380 con 0x7f9a28077c20
2023-09-13T07:21:35.041 INFO:teuthology.orchestra.run.smithi046.stdout:/usr/bin/ceph: stderr
2023-09-13T07:21:34.444+0000 7f9a2cfdf700 1 -- 172.21.15.46:0/1095650893 >> [v2:172.21.15.46:3300/0,v1:172.21.15.46:6789/0] conn(0x7f9a28077c20 msgr2=0x7f9a28076130 secure :-1 s=STATE_CONNECTION_ESTABLISHED l=1).mark_down
2023-09-13T07:21:35.041 INFO:teuthology.orchestra.run.smithi046.stdout:/usr/bin/ceph: stderr
2023-09-13T07:21:34.444+0000 7f9a2cfdf700 1 --2- 172.21.15.46:0/1095650893 >> [v2:172.21.15.46:3300/0,v1:172.21.15.46:6789/0] conn(0x7f9a28077c20 0x7f9a28076130 secure :-1 s=READY pgs=28 cs=0 l=1 rev1=1 crypto rx=0x7f9a180098e0 tx=0x7f9a18009250 comp rx=0 tx=0).stop
2023-09-13T07:21:35.041 INFO:teuthology.orchestra.run.smithi046.stdout:/usr/bin/ceph: stderr
2023-09-13T07:21:34.444+0000 7f9a2cfdf700 1 -- 172.21.15.46:0/1095650893 shutdown_connections
2023-09-13T07:21:35.041 INFO:teuthology.orchestra.run.smithi046.stdout:/usr/bin/ceph: stderr
2023-09-13T07:21:34.444+0000 7f9a2cfdf700 1 --2- 172.21.15.46:0/1095650893 >> [v2:172.21.15.46:3300/0,v1:172.21.15.46:6789/0] conn(0x7f9a28077c20 0x7f9a28076130 unknown :-1 s=CLOSED pgs=28 cs=0 l=1 rev1=1 crypto rx=0 tx=0 comp rx=0 tx=0).stop
2023-09-13T07:21:35.042 INFO:teuthology.orchestra.run.smithi046.stdout:/usr/bin/ceph: stderr
2023-09-13T07:21:34.444+0000 7f9a2cfdf700 1 -- 172.21.15.46:0/1095650893 >> 172.21.15.46:0/1095650893 conn(0x7f9a280fda10 msgr2=0x7f9a280ffe40 unknown :-1 s=STATE_NONE l=0).mark_down
2023-09-13T07:21:35.042 INFO:teuthology.orchestra.run.smithi046.stdout:/usr/bin/ceph: stderr
2023-09-13T07:21:34.445+0000 7f9a2cfdf700 1 -- 172.21.15.46:0/1095650893 shutdown_connections
2023-09-13T07:21:35.042 INFO:teuthology.orchestra.run.smithi046.stdout:/usr/bin/ceph: stderr
2023-09-13T07:21:34.445+0000 7f9a2cfdf700 1 -- 172.21.15.46:0/1095650893 wait complete.
