2023-09-13T07:21:56.306+0000 7f981bfff700 1 -- 172.21.15.46:0/2327251614 <== mgr.14122 v2:172.21.15.46:6800/237204210 1 ==== mgr_command_reply(tid 0: 0 ) v1 ==== 8+0+28 (secure 0 0 0) 0x7f98340ffce0 con 0x7f981c0365a0
2023-09-13T07:21:56.641 INFO:teuthology.orchestra.run.smithi046.stdout:/usr/bin/ceph: stderr
2023-09-13T07:21:56.309+0000 7f983a123700 1 -- 172.21.15.46:0/2327251614 >> [v2:172.21.15.46:6800/237204210,v1:172.21.15.46:6801/237204210] conn(0x7f981c0365a0 msgr2=0x7f981c038a50 secure :-1 s=STATE_CONNECTION_ESTABLISHED l=1).mark_down
2023-09-13T07:21:56.641 INFO:teuthology.orchestra.run.smithi046.stdout:/usr/bin/ceph: stderr
2023-09-13T07:21:56.309+0000 7f983a123700 1 --2- 172.21.15.46:0/2327251614 >> [v2:172.21.15.46:6800/237204210,v1:172.21.15.46:6801/237204210] conn(0x7f981c0365a0 0x7f981c038a50 secure :-1 s=READY pgs=16 cs=0 l=1 rev1=1 crypto rx=0x7f9828009990 tx=0x7f9828006e40 comp rx=0 tx=0).stop
2023-09-13T07:21:56.641 INFO:teuthology.orchestra.run.smithi046.stdout:/usr/bin/ceph: stderr
2023-09-13T07:21:56.309+0000 7f983a123700 1 -- 172.21.15.46:0/2327251614 >> [v2:172.21.15.46:3300/0,v1:172.21.15.46:6789/0] conn(0x7f98341022b0 msgr2=0x7f98341132b0 secure :-1 s=STATE_CONNECTION_ESTABLISHED l=1).mark_down
2023-09-13T07:21:56.641 INFO:teuthology.orchestra.run.smithi046.stdout:/usr/bin/ceph: stderr
2023-09-13T07:21:56.309+0000 7f983a123700 1 --2- 172.21.15.46:0/2327251614 >> [v2:172.21.15.46:3300/0,v1:172.21.15.46:6789/0] conn(0x7f98341022b0 0x7f98341132b0 secure :-1 s=READY pgs=58 cs=0 l=1 rev1=1 crypto rx=0x7f9824003080 tx=0x7f9824009250 comp rx=0 tx=0).stop
2023-09-13T07:21:56.641 INFO:teuthology.orchestra.run.smithi046.stdout:/usr/bin/ceph: stderr
2023-09-13T07:21:56.309+0000 7f983a123700 1 -- 172.21.15.46:0/2327251614 shutdown_connections
2023-09-13T07:21:56.641 INFO:teuthology.orchestra.run.smithi046.stdout:/usr/bin/ceph: stderr
2023-09-13T07:21:56.309+0000 7f983a123700 1 --2- 172.21.15.46:0/2327251614 >> [v2:172.21.15.46:6800/237204210,v1:172.21.15.46:6801/237204210] conn(0x7f981c0365a0 0x7f981c038a50 unknown :-1 s=CLOSED pgs=16 cs=0 l=1 rev1=1 crypto rx=0 tx=0 comp rx=0 tx=0).stop
2023-09-13T07:21:56.642 INFO:teuthology.orchestra.run.smithi046.stdout:/usr/bin/ceph: stderr
2023-09-13T07:21:56.309+0000 7f983a123700 1 --2- 172.21.15.46:0/2327251614 >> [v2:172.21.15.46:3300/0,v1:172.21.15.46:6789/0] conn(0x7f98341022b0 0x7f98341132b0 unknown :-1 s=CLOSED pgs=58 cs=0 l=1 rev1=1 crypto rx=0 tx=0 comp rx=0 tx=0).stop
2023-09-13T07:21:56.642 INFO:teuthology.orchestra.run.smithi046.stdout:/usr/bin/ceph: stderr
2023-09-13T07:21:56.309+0000 7f983a123700 1 -- 172.21.15.46:0/2327251614 >> 172.21.15.46:0/2327251614 conn(0x7f98340fda10 msgr2=0x7f98340ff080 unknown :-1 s=STATE_NONE l=0).mark_down
2023-09-13T07:21:56.642 INFO:teuthology.orchestra.run.smithi046.stdout:/usr/bin/ceph: stderr
2023-09-13T07:21:56.309+0000 7f983a123700 1 -- 172.21.15.46:0/2327251614 shutdown_connections
2023-09-13T07:21:56.642 INFO:teuthology.orchestra.run.smithi046.stdout:/usr/bin/ceph: stderr
2023-09-13T07:21:56.309+0000 7f983a123700 1 -- 172.21.15.46:0/2327251614 wait complete.
2023-09-13T07:21:56.642 INFO:teuthology.orchestra.run.smithi046.stdout:Deploying node-exporter service with default placement...
2023-09-13T07:21:56.985 INFO:journalctl@ceph.mon.smithi046.smithi046.stdout:Sep 13 07:21:56 smithi046 ceph-mon[106850]: from='client.14150 -' entity='client.admin' cmd=[{"prefix": "orch apply", "service_type": "prometheus", "target": ["mon-mgr", ""]}]: dispatch
2023-09-13T07:21:56.986 INFO:journalctl@ceph.mon.smithi046.smithi046.stdout:Sep 13 07:21:56 smithi046 ceph-mon[106850]: Saving service prometheus spec with placement count:1
2023-09-13T07:21:56.986 INFO:journalctl@ceph.mon.smithi046.smithi046.stdout:Sep 13 07:21:56 smithi046 ceph-mon[106850]: from='mgr.14122 172.21.15.46:0/643241760' entity='mgr.smithi046.mwnwiv'
2023-09-13T07:21:56.986 INFO:journalctl@ceph.mon.smithi046.smithi046.stdout:Sep 13 07:21:56 smithi046 ceph-mon[106850]: from='mgr.14122 172.21.15.46:0/643241760' entity='mgr.smithi046.mwnwiv'
2023-09-13T07:21:57.757 INFO:teuthology.orchestra.run.smithi046.stdout:/usr/bin/ceph: stdout Scheduled node-exporter update...
2023-09-13T07:21:57.757 INFO:teuthology.orchestra.run.smithi046.stdout:/usr/bin/ceph: stderr
2023-09-13T07:21:57.182+0000 7efddc4f9700 1 Processor -- start
2023-09-13T07:21:57.757 INFO:teuthology.orchestra.run.smithi046.stdout:/usr/bin/ceph: stderr
2023-09-13T07:21:57.182+0000 7efddc4f9700 1 -- start start
2023-09-13T07:21:57.758 INFO:teuthology.orchestra.run.smithi046.stdout:/usr/bin/ceph: stderr
2023-09-13T07:21:57.182+0000 7efddc4f9700 1 --2- >> [v2:172.21.15.46:3300/0,v1:172.21.15.46:6789/0] conn(0x7efdd41022b0 0x7efdd41026c0 unknown :-1 s=NONE pgs=0 cs=0 l=0 rev1=0 crypto rx=0 tx=0 comp rx=0 tx=0).connect
2023-09-13T07:21:57.758 INFO:teuthology.orchestra.run.smithi046.stdout:/usr/bin/ceph: stderr
2023-09-13T07:21:57.182+0000 7efddc4f9700 1 -- --> [v2:172.21.15.46:3300/0,v1:172.21.15.46:6789/0] -- mon_getmap magic: 0 v1 -- 0x7efdd4102c00 con 0x7efdd41022b0
2023-09-13T07:21:57.758 INFO:teuthology.orchestra.run.smithi046.stdout:/usr/bin/ceph: stderr
2023-09-13T07:21:57.183+0000 7efdda295700 1 --2- >> [v2:172.21.15.46:3300/0,v1:172.21.15.46:6789/0] conn(0x7efdd41022b0 0x7efdd41026c0 unknown :-1 s=BANNER_CONNECTING pgs=0 cs=0 l=0 rev1=0 crypto rx=0 tx=0 comp rx=0 tx=0)._handle_peer_banner_payload supported=3 required=0
2023-09-13T07:21:57.758 INFO:teuthology.orchestra.run.smithi046.stdout:/usr/bin/ceph: stderr
2023-09-13T07:21:57.183+0000 7efdda295700 1 --2- >> [v2:172.21.15.46:3300/0,v1:172.21.15.46:6789/0] conn(0x7efdd41022b0 0x7efdd41026c0 unknown :-1 s=HELLO_CONNECTING pgs=0 cs=0 l=0 rev1=1 crypto rx=0 tx=0 comp rx=0 tx=0).handle_hello peer v2:172.21.15.46:3300/0 says I am v2:172.21.15.46:36734/0 (socket says 172.21.15.46:36734)
2023-09-13T07:21:57.758 INFO:teuthology.orchestra.run.smithi046.stdout:/usr/bin/ceph: stderr
2023-09-13T07:21:57.183+0000 7efdda295700 1 -- 172.21.15.46:0/1953408407 learned_addr learned my addr 172.21.15.46:0/1953408407 (peer_addr_for_me v2:172.21.15.46:0/0)
2023-09-13T07:21:57.759 INFO:teuthology.orchestra.run.smithi046.stdout:/usr/bin/ceph: stderr
2023-09-13T07:21:57.183+0000 7efdda295700 1 -- 172.21.15.46:0/1953408407 --> [v2:172.21.15.46:3300/0,v1:172.21.15.46:6789/0] -- mon_subscribe({config=0+,monmap=0+}) v3 -- 0x7efdd4102d40 con 0x7efdd41022b0
2023-09-13T07:21:57.759 INFO:teuthology.orchestra.run.smithi046.stdout:/usr/bin/ceph: stderr
2023-09-13T07:21:57.183+0000 7efdda295700 1 --2- 172.21.15.46:0/1953408407 >> [v2:172.21.15.46:3300/0,v1:172.21.15.46:6789/0] conn(0x7efdd41022b0 0x7efdd41026c0 secure :-1 s=READY pgs=59 cs=0 l=1 rev1=1 crypto rx=0x7efdd00098e0 tx=0x7efdd0009250 comp rx=0 tx=0).ready entity=mon.0 client_cookie=272938f3ea0ffe00 server_cookie=0 in_seq=0 out_seq=0
2023-09-13T07:21:57.759 INFO:teuthology.orchestra.run.smithi046.stdout:/usr/bin/ceph: stderr
2023-09-13T07:21:57.184+0000 7efdd9293700 1 -- 172.21.15.46:0/1953408407 <== mon.0 v2:172.21.15.46:3300/0 1 ==== mon_map magic: 0 v1 ==== 229+0+0 (secure 0 0 0) 0x7efdd000b860 con 0x7efdd41022b0
2023-09-13T07:21:57.759 INFO:teuthology.orchestra.run.smithi046.stdout:/usr/bin/ceph: stderr
2023-09-13T07:21:57.184+0000 7efdd9293700 1 -- 172.21.15.46:0/1953408407 <== mon.0 v2:172.21.15.46:3300/0 2 ==== config(26 keys) v1 ==== 1074+0+0 (secure 0 0 0) 0x7efdd000be70 con 0x7efdd41022b0
2023-09-13T07:21:57.760 INFO:teuthology.orchestra.run.smithi046.stdout:/usr/bin/ceph: stderr
2023-09-13T07:21:57.184+0000 7efdd9293700 1 -- 172.21.15.46:0/1953408407 <== mon.0 v2:172.21.15.46:3300/0 3 ==== mon_map magic: 0 v1 ==== 229+0+0 (secure 0 0 0) 0x7efdd0010380 con 0x7efdd41022b0
2023-09-13T07:21:57.760 INFO:teuthology.orchestra.run.smithi046.stdout:/usr/bin/ceph: stderr
2023-09-13T07:21:57.184+0000 7efddc4f9700 1 -- 172.21.15.46:0/1953408407 >> [v2:172.21.15.46:3300/0,v1:172.21.15.46:6789/0] conn(0x7efdd41022b0 msgr2=0x7efdd41026c0 secure :-1 s=STATE_CONNECTION_ESTABLISHED l=1).mark_down
2023-09-13T07:21:57.760 INFO:teuthology.orchestra.run.smithi046.stdout:/usr/bin/ceph: stderr
2023-09-13T07:21:57.184+0000 7efddc4f9700 1 --2- 172.21.15.46:0/1953408407 >> [v2:172.21.15.46:3300/0,v1:172.21.15.46:6789/0] conn(0x7efdd41022b0 0x7efdd41026c0 secure :-1 s=READY pgs=59 cs=0 l=1 rev1=1 crypto rx=0x7efdd00098e0 tx=0x7efdd0009250 comp rx=0 tx=0).stop
2023-09-13T07:21:57.760 INFO:teuthology.orchestra.run.smithi046.stdout:/usr/bin/ceph: stderr
2023-09-13T07:21:57.185+0000 7efddc4f9700 1 -- 172.21.15.46:0/1953408407 shutdown_connections
2023-09-13T07:21:57.760 INFO:teuthology.orchestra.run.smithi046.stdout:/usr/bin/ceph: stderr
2023-09-13T07:21:57.185+0000 7efddc4f9700 1 --2- 172.21.15.46:0/1953408407 >> [v2:172.21.15.46:3300/0,v1:172.21.15.46:6789/0] conn(0x7efdd41022b0 0x7efdd41026c0 unknown :-1 s=CLOSED pgs=59 cs=0 l=1 rev1=1 crypto rx=0 tx=0 comp rx=0 tx=0).stop
2023-09-13T07:21:57.761 INFO:teuthology.orchestra.run.smithi046.stdout:/usr/bin/ceph: stderr
2023-09-13T07:21:57.185+0000 7efddc4f9700 1 -- 172.21.15.46:0/1953408407 >> 172.21.15.46:0/1953408407 conn(0x7efdd40fda10 msgr2=0x7efdd40ffe40 unknown :-1 s=STATE_NONE l=0).mark_down
2023-09-13T07:21:57.761 INFO:teuthology.orchestra.run.smithi046.stdout:/usr/bin/ceph: stderr
2023-09-13T07:21:57.185+0000 7efddc4f9700 1 -- 172.21.15.46:0/1953408407 shutdown_connections
2023-09-13T07:21:57.761 INFO:teuthology.orchestra.run.smithi046.stdout:/usr/bin/ceph: stderr
2023-09-13T07:21:57.185+0000 7efddc4f9700 1 -- 172.21.15.46:0/1953408407 wait complete.
2023-09-13T07:21:57.761 INFO:teuthology.orchestra.run.smithi046.stdout:/usr/bin/ceph: stderr
2023-09-13T07:21:57.186+0000 7efddc4f9700 1 Processor -- start
2023-09-13T07:21:57.761 INFO:teuthology.orchestra.run.smithi046.stdout:/usr/bin/ceph: stderr
2023-09-13T07:21:57.186+0000 7efddc4f9700 1 -- start start
2023-09-13T07:21:57.762 INFO:teuthology.orchestra.run.smithi046.stdout:/usr/bin/ceph: stderr
2023-09-13T07:21:57.186+0000 7efddc4f9700 1 --2- >> [v2:172.21.15.46:3300/0,v1:172.21.15.46:6789/0] conn(0x7efdd41022b0 0x7efdd41110b0 unknown :-1 s=NONE pgs=0 cs=0 l=1 rev1=0 crypto rx=0 tx=0 comp rx=0 tx=0).connect
2023-09-13T07:21:57.762 INFO:teuthology.orchestra.run.smithi046.stdout:/usr/bin/ceph: stderr
2023-09-13T07:21:57.186+0000 7efddc4f9700 1 -- --> [v2:172.21.15.46:3300/0,v1:172.21.15.46:6789/0] -- mon_getmap magic: 0 v1 -- 0x7efdd41115f0 con 0x7efdd41022b0
2023-09-13T07:21:57.762 INFO:teuthology.orchestra.run.smithi046.stdout:/usr/bin/ceph: stderr
2023-09-13T07:21:57.187+0000 7efdda295700 1 --2- >> [v2:172.21.15.46:3300/0,v1:172.21.15.46:6789/0] conn(0x7efdd41022b0 0x7efdd41110b0 unknown :-1 s=BANNER_CONNECTING pgs=0 cs=0 l=1 rev1=0 crypto rx=0 tx=0 comp rx=0 tx=0)._handle_peer_banner_payload supported=3 required=0
2023-09-13T07:21:57.762 INFO:teuthology.orchestra.run.smithi046.stdout:/usr/bin/ceph: stderr
2023-09-13T07:21:57.187+0000 7efdda295700 1 --2- >> [v2:172.21.15.46:3300/0,v1:172.21.15.46:6789/0] conn(0x7efdd41022b0 0x7efdd41110b0 unknown :-1 s=HELLO_CONNECTING pgs=0 cs=0 l=1 rev1=1 crypto rx=0 tx=0 comp rx=0 tx=0).handle_hello peer v2:172.21.15.46:3300/0 says I am v2:172.21.15.46:36746/0 (socket says 172.21.15.46:36746)
2023-09-13T07:21:57.762 INFO:teuthology.orchestra.run.smithi046.stdout:/usr/bin/ceph: stderr
2023-09-13T07:21:57.187+0000 7efdda295700 1 -- 172.21.15.46:0/3184515604 learned_addr learned my addr 172.21.15.46:0/3184515604 (peer_addr_for_me v2:172.21.15.46:0/0)
2023-09-13T07:21:57.763 INFO:teuthology.orchestra.run.smithi046.stdout:/usr/bin/ceph: stderr
2023-09-13T07:21:57.187+0000 7efdda295700 1 -- 172.21.15.46:0/3184515604 --> [v2:172.21.15.46:3300/0,v1:172.21.15.46:6789/0] -- mon_subscribe({config=0+,monmap=0+}) v3 -- 0x7efdd00094f0 con 0x7efdd41022b0
2023-09-13T07:21:57.763 INFO:teuthology.orchestra.run.smithi046.stdout:/usr/bin/ceph: stderr
2023-09-13T07:21:57.187+0000 7efdda295700 1 --2- 172.21.15.46:0/3184515604 >> [v2:172.21.15.46:3300/0,v1:172.21.15.46:6789/0] conn(0x7efdd41022b0 0x7efdd41110b0 secure :-1 s=READY pgs=60 cs=0 l=1 rev1=1 crypto rx=0x7efdd0003080 tx=0x7efdd0009250 comp rx=0 tx=0).ready entity=mon.0 client_cookie=0 server_cookie=0 in_seq=0 out_seq=0
2023-09-13T07:21:57.763 INFO:teuthology.orchestra.run.smithi046.stdout:/usr/bin/ceph: stderr
2023-09-13T07:21:57.188+0000 7efdcaffd700 1 -- 172.21.15.46:0/3184515604 <== mon.0 v2:172.21.15.46:3300/0 1 ==== mon_map magic: 0 v1 ==== 229+0+0 (secure 0 0 0) 0x7efdd0010800 con 0x7efdd41022b0
2023-09-13T07:21:57.763 INFO:teuthology.orchestra.run.smithi046.stdout:/usr/bin/ceph: stderr
2023-09-13T07:21:57.188+0000 7efdcaffd700 1 -- 172.21.15.46:0/3184515604 <== mon.0 v2:172.21.15.46:3300/0 2 ==== config(26 keys) v1 ==== 1074+0+0 (secure 0 0 0) 0x7efdd0010e10 con 0x7efdd41022b0
2023-09-13T07:21:57.764 INFO:teuthology.orchestra.run.smithi046.stdout:/usr/bin/ceph: stderr
2023-09-13T07:21:57.188+0000 7efddc4f9700 1 -- 172.21.15.46:0/3184515604 --> [v2:172.21.15.46:3300/0,v1:172.21.15.46:6789/0] -- mon_subscribe({mgrmap=0+}) v3 -- 0x7efdd41117f0 con 0x7efdd41022b0
2023-09-13T07:21:57.764 INFO:teuthology.orchestra.run.smithi046.stdout:/usr/bin/ceph: stderr
2023-09-13T07:21:57.188+0000 7efdcaffd700 1 -- 172.21.15.46:0/3184515604 <== mon.0 v2:172.21.15.46:3300/0 3 ==== mon_map magic: 0 v1 ==== 229+0+0 (secure 0 0 0) 0x7efdd001a430 con 0x7efdd41022b0
2023-09-13T07:21:57.764 INFO:teuthology.orchestra.run.smithi046.stdout:/usr/bin/ceph: stderr
2023-09-13T07:21:57.188+0000 7efddc4f9700 1 -- 172.21.15.46:0/3184515604 --> [v2:172.21.15.46:3300/0,v1:172.21.15.46:6789/0] -- mon_subscribe({osdmap=0}) v3 -- 0x7efdd4111c00 con 0x7efdd41022b0
2023-09-13T07:21:57.764 INFO:teuthology.orchestra.run.smithi046.stdout:/usr/bin/ceph: stderr
2023-09-13T07:21:57.189+0000 7efdcaffd700 1 -- 172.21.15.46:0/3184515604 <== mon.0 v2:172.21.15.46:3300/0 4 ==== mgrmap(e 8) v1 ==== 43234+0+0 (secure 0 0 0) 0x7efdd001a660 con 0x7efdd41022b0
2023-09-13T07:21:57.764 INFO:teuthology.orchestra.run.smithi046.stdout:/usr/bin/ceph: stderr
2023-09-13T07:21:57.189+0000 7efdcaffd700 1 --2- 172.21.15.46:0/3184515604 >> [v2:172.21.15.46:6800/237204210,v1:172.21.15.46:6801/237204210] conn(0x7efdc00365f0 0x7efdc0038aa0 unknown :-1 s=NONE pgs=0 cs=0 l=1 rev1=0 crypto rx=0 tx=0 comp rx=0 tx=0).connect
2023-09-13T07:21:57.765 INFO:teuthology.orchestra.run.smithi046.stdout:/usr/bin/ceph: stderr
2023-09-13T07:21:57.189+0000 7efdcaffd700 1 -- 172.21.15.46:0/3184515604 <== mon.0 v2:172.21.15.46:3300/0 5 ==== osd_map(2..2 src has 1..2) v4 ==== 936+0+0 (secure 0 0 0) 0x7efdd004a5b0 con 0x7efdd41022b0
2023-09-13T07:21:57.765 INFO:teuthology.orchestra.run.smithi046.stdout:/usr/bin/ceph: stderr
2023-09-13T07:21:57.189+0000 7efddc4f9700 1 -- 172.21.15.46:0/3184515604 --> [v2:172.21.15.46:3300/0,v1:172.21.15.46:6789/0] -- mon_command({"prefix": "get_command_descriptions"} v 0) v1 -- 0x7efdd404bb40 con 0x7efdd41022b0
2023-09-13T07:21:57.765 INFO:teuthology.orchestra.run.smithi046.stdout:/usr/bin/ceph: stderr
2023-09-13T07:21:57.190+0000 7efdd9a94700 1 --2- 172.21.15.46:0/3184515604 >> [v2:172.21.15.46:6800/237204210,v1:172.21.15.46:6801/237204210] conn(0x7efdc00365f0 0x7efdc0038aa0 unknown :-1 s=BANNER_CONNECTING pgs=0 cs=0 l=1 rev1=0 crypto rx=0 tx=0 comp rx=0 tx=0)._handle_peer_banner_payload supported=3 required=0
2023-09-13T07:21:57.765 INFO:teuthology.orchestra.run.smithi046.stdout:/usr/bin/ceph: stderr
2023-09-13T07:21:57.191+0000 7efdd9a94700 1 --2- 172.21.15.46:0/3184515604 >> [v2:172.21.15.46:6800/237204210,v1:172.21.15.46:6801/237204210] conn(0x7efdc00365f0 0x7efdc0038aa0 secure :-1 s=READY pgs=17 cs=0 l=1 rev1=1 crypto rx=0x7efdc4009990 tx=0x7efdc4006e40 comp rx=0 tx=0).ready entity=mgr.14122 client_cookie=0 server_cookie=0 in_seq=0 out_seq=0
2023-09-13T07:21:57.765 INFO:teuthology.orchestra.run.smithi046.stdout:/usr/bin/ceph: stderr
2023-09-13T07:21:57.195+0000 7efdcaffd700 1 -- 172.21.15.46:0/3184515604 <== mon.0 v2:172.21.15.46:3300/0 6 ==== mon_command_ack([{"prefix": "get_command_descriptions"}]=0 v0) v1 ==== 72+0+174521 (secure 0 0 0) 0x7efdd001a960 con 0x7efdd41022b0
2023-09-13T07:21:57.766 INFO:teuthology.orchestra.run.smithi046.stdout:/usr/bin/ceph: stderr
2023-09-13T07:21:57.420+0000 7efddc4f9700 1 -- 172.21.15.46:0/3184515604 --> [v2:172.21.15.46:6800/237204210,v1:172.21.15.46:6801/237204210] -- mgr_command(tid 0: {"prefix": "orch apply", "service_type": "node-exporter", "target": ["mon-mgr", ""]}) v1 -- 0x7efdd40ffd20 con 0x7efdc00365f0
2023-09-13T07:21:57.766 INFO:teuthology.orchestra.run.smithi046.stdout:/usr/bin/ceph: stderr
2023-09-13T07:21:57.425+0000 7efdcaffd700 1 -- 172.21.15.46:0/3184515604 <== mgr.14122 v2:172.21.15.46:6800/237204210 1 ==== mgr_command_reply(tid 0: 0 ) v1 ==== 8+0+34 (secure 0 0 0) 0x7efdd40ffd20 con 0x7efdc00365f0
2023-09-13T07:21:57.766 INFO:teuthology.orchestra.run.smithi046.stdout:/usr/bin/ceph: stderr
2023-09-13T07:21:57.427+0000 7efddc4f9700 1 -- 172.21.15.46:0/3184515604 >> [v2:172.21.15.46:6800/237204210,v1:172.21.15.46:6801/237204210] conn(0x7efdc00365f0 msgr2=0x7efdc0038aa0 secure :-1 s=STATE_CONNECTION_ESTABLISHED l=1).mark_down
2023-09-13T07:21:57.766 INFO:teuthology.orchestra.run.smithi046.stdout:/usr/bin/ceph: stderr
2023-09-13T07:21:57.427+0000 7efddc4f9700 1 --2- 172.21.15.46:0/3184515604 >> [v2:172.21.15.46:6800/237204210,v1:172.21.15.46:6801/237204210] conn(0x7efdc00365f0 0x7efdc0038aa0 secure :-1 s=READY pgs=17 cs=0 l=1 rev1=1 crypto rx=0x7efdc4009990 tx=0x7efdc4006e40 comp rx=0 tx=0).stop
2023-09-13T07:21:57.767 INFO:teuthology.orchestra.run.smithi046.stdout:/usr/bin/ceph: stderr
2023-09-13T07:21:57.427+0000 7efddc4f9700 1 -- 172.21.15.46:0/3184515604 >> [v2:172.21.15.46:3300/0,v1:172.21.15.46:6789/0] conn(0x7efdd41022b0 msgr2=0x7efdd41110b0 secure :-1 s=STATE_CONNECTION_ESTABLISHED l=1).mark_down
2023-09-13T07:21:57.767 INFO:teuthology.orchestra.run.smithi046.stdout:/usr/bin/ceph: stderr
2023-09-13T07:21:57.427+0000 7efddc4f9700 1 --2- 172.21.15.46:0/3184515604 >> [v2:172.21.15.46:3300/0,v1:172.21.15.46:6789/0] conn(0x7efdd41022b0 0x7efdd41110b0 secure :-1 s=READY pgs=60 cs=0 l=1 rev1=1 crypto rx=0x7efdd0003080 tx=0x7efdd0009250 comp rx=0 tx=0).stop
2023-09-13T07:21:57.767 INFO:teuthology.orchestra.run.smithi046.stdout:/usr/bin/ceph: stderr
2023-09-13T07:21:57.427+0000 7efddc4f9700 1 -- 172.21.15.46:0/3184515604 shutdown_connections
2023-09-13T07:21:57.767 INFO:teuthology.orchestra.run.smithi046.stdout:/usr/bin/ceph: stderr
2023-09-13T07:21:57.427+0000 7efddc4f9700 1 --2- 172.21.15.46:0/3184515604 >> [v2:172.21.15.46:6800/237204210,v1:172.21.15.46:6801/237204210] conn(0x7efdc00365f0 0x7efdc0038aa0 unknown :-1 s=CLOSED pgs=17 cs=0 l=1 rev1=1 crypto rx=0 tx=0 comp rx=0 tx=0).stop
2023-09-13T07:21:57.768 INFO:teuthology.orchestra.run.smithi046.stdout:/usr/bin/ceph: stderr
2023-09-13T07:21:57.427+0000 7efddc4f9700 1 --2- 172.21.15.46:0/3184515604 >> [v2:172.21.15.46:3300/0,v1:172.21.15.46:6789/0] conn(0x7efdd41022b0 0x7efdd41110b0 unknown :-1 s=CLOSED pgs=60 cs=0 l=1 rev1=1 crypto rx=0 tx=0 comp rx=0 tx=0).stop
2023-09-13T07:21:57.768 INFO:teuthology.orchestra.run.smithi046.stdout:/usr/bin/ceph: stderr
2023-09-13T07:21:57.427+0000 7efddc4f9700 1 -- 172.21.15.46:0/3184515604 >> 172.21.15.46:0/3184515604 conn(0x7efdd40fda10 msgr2=0x7efdd40ff100 unknown :-1 s=STATE_NONE l=0).mark_down
2023-09-13T07:21:57.768 INFO:teuthology.orchestra.run.smithi046.stdout:/usr/bin/ceph: stderr
2023-09-13T07:21:57.427+0000 7efddc4f9700 1 -- 172.21.15.46:0/3184515604 shutdown_connections
2023-09-13T07:21:57.768 INFO:teuthology.orchestra.run.smithi046.stdout:/usr/bin/ceph: stderr
2023-09-13T07:21:57.427+0000 7efddc4f9700 1 -- 172.21.15.46:0/3184515604 wait complete.
2023-09-13T07:21:57.768 INFO:teuthology.orchestra.run.smithi046.stdout:Deploying alertmanager service with default placement...
2023-09-13T07:21:57.887 INFO:journalctl@ceph.mon.smithi046.smithi046.stdout:Sep 13 07:21:57 smithi046 ceph-mon[106850]: from='client.14152 -' entity='client.admin' cmd=[{"prefix": "orch apply", "service_type": "grafana", "target": ["mon-mgr", ""]}]: dispatch
2023-09-13T07:21:57.888 INFO:journalctl@ceph.mon.smithi046.smithi046.stdout:Sep 13 07:21:57 smithi046 ceph-mon[106850]: Saving service grafana spec with placement count:1
2023-09-13T07:21:57.888 INFO:journalctl@ceph.mon.smithi046.smithi046.stdout:Sep 13 07:21:57 smithi046 ceph-mon[106850]: from='mgr.14122 172.21.15.46:0/643241760' entity='mgr.smithi046.mwnwiv'
2023-09-13T07:21:58.699 INFO:teuthology.orchestra.run.smithi046.stdout:/usr/bin/ceph: stdout Scheduled alertmanager update...
2023-09-13T07:21:58.700 INFO:teuthology.orchestra.run.smithi046.stdout:/usr/bin/ceph: stderr
2023-09-13T07:21:58.132+0000 7f5e7709e700 1 Processor -- start
2023-09-13T07:21:58.700 INFO:teuthology.orchestra.run.smithi046.stdout:/usr/bin/ceph: stderr
2023-09-13T07:21:58.132+0000 7f5e7709e700 1 -- start start
2023-09-13T07:21:58.700 INFO:teuthology.orchestra.run.smithi046.stdout:/usr/bin/ceph: stderr
2023-09-13T07:21:58.132+0000 7f5e7709e700 1 --2- >> [v2:172.21.15.46:3300/0,v1:172.21.15.46:6789/0] conn(0x7f5e70077c20 0x7f5e70076130 unknown :-1 s=NONE pgs=0 cs=0 l=0 rev1=0 crypto rx=0 tx=0 comp rx=0 tx=0).connect
2023-09-13T07:21:58.700 INFO:teuthology.orchestra.run.smithi046.stdout:/usr/bin/ceph: stderr
2023-09-13T07:21:58.132+0000 7f5e7709e700 1 -- --> [v2:172.21.15.46:3300/0,v1:172.21.15.46:6789/0] -- mon_getmap magic: 0 v1 -- 0x7f5e70078030 con 0x7f5e70077c20
2023-09-13T07:21:58.700 INFO:teuthology.orchestra.run.smithi046.stdout:/usr/bin/ceph: stderr
2023-09-13T07:21:58.133+0000 7f5e74e3a700 1 --2- >> [v2:172.21.15.46:3300/0,v1:172.21.15.46:6789/0] conn(0x7f5e70077c20 0x7f5e70076130 unknown :-1 s=BANNER_CONNECTING pgs=0 cs=0 l=0 rev1=0 crypto rx=0 tx=0 comp rx=0 tx=0)._handle_peer_banner_payload supported=3 required=0
2023-09-13T07:21:58.701 INFO:teuthology.orchestra.run.smithi046.stdout:/usr/bin/ceph: stderr
2023-09-13T07:21:58.133+0000 7f5e74e3a700 1 --2- >> [v2:172.21.15.46:3300/0,v1:172.21.15.46:6789/0] conn(0x7f5e70077c20 0x7f5e70076130 unknown :-1 s=HELLO_CONNECTING pgs=0 cs=0 l=0 rev1=1 crypto rx=0 tx=0 comp rx=0 tx=0).handle_hello peer v2:172.21.15.46:3300/0 says I am v2:172.21.15.46:36760/0 (socket says 172.21.15.46:36760)
2023-09-13T07:21:58.701 INFO:teuthology.orchestra.run.smithi046.stdout:/usr/bin/ceph: stderr
2023-09-13T07:21:58.133+0000 7f5e74e3a700 1 -- 172.21.15.46:0/3483544726 learned_addr learned my addr 172.21.15.46:0/3483544726 (peer_addr_for_me v2:172.21.15.46:0/0)
2023-09-13T07:21:58.701 INFO:teuthology.orchestra.run.smithi046.stdout:/usr/bin/ceph: stderr
2023-09-13T07:21:58.133+0000 7f5e74e3a700 1 -- 172.21.15.46:0/3483544726 --> [v2:172.21.15.46:3300/0,v1:172.21.15.46:6789/0] -- mon_subscribe({config=0+,monmap=0+}) v3 -- 0x7f5e70076670 con 0x7f5e70077c20
2023-09-13T07:21:58.701 INFO:teuthology.orchestra.run.smithi046.stdout:/usr/bin/ceph: stderr
2023-09-13T07:21:58.133+0000 7f5e74e3a700 1 --2- 172.21.15.46:0/3483544726 >> [v2:172.21.15.46:3300/0,v1:172.21.15.46:6789/0] conn(0x7f5e70077c20 0x7f5e70076130 secure :-1 s=READY pgs=61 cs=0 l=1 rev1=1 crypto rx=0x7f5e640098e0 tx=0x7f5e64009250 comp rx=0 tx=0).ready entity=mon.0 client_cookie=9b2e00046550b985 server_cookie=0 in_seq=0 out_seq=0
2023-09-13T07:21:58.701 INFO:teuthology.orchestra.run.smithi046.stdout:/usr/bin/ceph: stderr
2023-09-13T07:21:58.134+0000 7f5e6f7fe700 1 -- 172.21.15.46:0/3483544726 <== mon.0 v2:172.21.15.46:3300/0 1 ==== mon_map magic: 0 v1 ==== 229+0+0 (secure 0 0 0) 0x7f5e6400b860 con 0x7f5e70077c20
2023-09-13T07:21:58.702 INFO:teuthology.orchestra.run.smithi046.stdout:/usr/bin/ceph: stderr
2023-09-13T07:21:58.134+0000 7f5e6f7fe700 1 -- 172.21.15.46:0/3483544726 <== mon.0 v2:172.21.15.46:3300/0 2 ==== config(26 keys) v1 ==== 1074+0+0 (secure 0 0 0) 0x7f5e6400be70 con 0x7f5e70077c20
2023-09-13T07:21:58.702 INFO:teuthology.orchestra.run.smithi046.stdout:/usr/bin/ceph: stderr
2023-09-13T07:21:58.134+0000 7f5e6f7fe700 1 -- 172.21.15.46:0/3483544726 <== mon.0 v2:172.21.15.46:3300/0 3 ==== mon_map magic: 0 v1 ==== 229+0+0 (secure 0 0 0) 0x7f5e64010380 con 0x7f5e70077c20
2023-09-13T07:21:58.702 INFO:teuthology.orchestra.run.smithi046.stdout:/usr/bin/ceph: stderr
2023-09-13T07:21:58.134+0000 7f5e7709e700 1 -- 172.21.15.46:0/3483544726 >> [v2:172.21.15.46:3300/0,v1:172.21.15.46:6789/0] conn(0x7f5e70077c20 msgr2=0x7f5e70076130 secure :-1 s=STATE_CONNECTION_ESTABLISHED l=1).mark_down
2023-09-13T07:21:58.702 INFO:teuthology.orchestra.run.smithi046.stdout:/usr/bin/ceph: stderr
2023-09-13T07:21:58.134+0000 7f5e7709e700 1 --2- 172.21.15.46:0/3483544726 >> [v2:172.21.15.46:3300/0,v1:172.21.15.46:6789/0] conn(0x7f5e70077c20 0x7f5e70076130 secure :-1 s=READY pgs=61 cs=0 l=1 rev1=1 crypto rx=0x7f5e640098e0 tx=0x7f5e64009250 comp rx=0 tx=0).stop
2023-09-13T07:21:58.708 INFO:teuthology.orchestra.run.smithi046.stdout:/usr/bin/ceph: stderr
2023-09-13T07:21:58.134+0000 7f5e7709e700 1 -- 172.21.15.46:0/3483544726 shutdown_connections
2023-09-13T07:21:58.708 INFO:teuthology.orchestra.run.smithi046.stdout:/usr/bin/ceph: stderr
2023-09-13T07:21:58.134+0000 7f5e7709e700 1 --2- 172.21.15.46:0/3483544726 >> [v2:172.21.15.46:3300/0,v1:172.21.15.46:6789/0] conn(0x7f5e70077c20 0x7f5e70076130 unknown :-1 s=CLOSED pgs=61 cs=0 l=1 rev1=1 crypto rx=0 tx=0 comp rx=0 tx=0).stop
2023-09-13T07:21:58.708 INFO:teuthology.orchestra.run.smithi046.stdout:/usr/bin/ceph: stderr
2023-09-13T07:21:58.134+0000 7f5e7709e700 1 -- 172.21.15.46:0/3483544726 >> 172.21.15.46:0/3483544726 conn(0x7f5e700fda10 msgr2=0x7f5e700ffe40 unknown :-1 s=STATE_NONE l=0).mark_down
2023-09-13T07:21:58.709 INFO:teuthology.orchestra.run.smithi046.stdout:/usr/bin/ceph: stderr
2023-09-13T07:21:58.134+0000 7f5e7709e700 1 -- 172.21.15.46:0/3483544726 shutdown_connections
2023-09-13T07:21:58.709 INFO:teuthology.orchestra.run.smithi046.stdout:/usr/bin/ceph: stderr
2023-09-13T07:21:58.135+0000 7f5e7709e700 1 -- 172.21.15.46:0/3483544726 wait complete.
2023-09-13T07:21:58.709 INFO:teuthology.orchestra.run.smithi046.stdout:/usr/bin/ceph: stderr
2023-09-13T07:21:58.135+0000 7f5e7709e700 1 Processor -- start
2023-09-13T07:21:58.709 INFO:teuthology.orchestra.run.smithi046.stdout:/usr/bin/ceph: stderr
2023-09-13T07:21:58.135+0000 7f5e7709e700 1 -- start start
2023-09-13T07:21:58.710 INFO:teuthology.orchestra.run.smithi046.stdout:/usr/bin/ceph: stderr
2023-09-13T07:21:58.136+0000 7f5e7709e700 1 --2- >> [v2:172.21.15.46:3300/0,v1:172.21.15.46:6789/0] conn(0x7f5e70077c20 0x7f5e70113270 unknown :-1 s=NONE pgs=0 cs=0 l=1 rev1=0 crypto rx=0 tx=0 comp rx=0 tx=0).connect
2023-09-13T07:21:58.710 INFO:teuthology.orchestra.run.smithi046.stdout:/usr/bin/ceph: stderr
2023-09-13T07:21:58.136+0000 7f5e7709e700 1 -- --> [v2:172.21.15.46:3300/0,v1:172.21.15.46:6789/0] -- mon_getmap magic: 0 v1 -- 0x7f5e701137b0 con 0x7f5e70077c20
2023-09-13T07:21:58.710 INFO:teuthology.orchestra.run.smithi046.stdout:/usr/bin/ceph: stderr
2023-09-13T07:21:58.136+0000 7f5e74e3a700 1 --2- >> [v2:172.21.15.46:3300/0,v1:172.21.15.46:6789/0] conn(0x7f5e70077c20 0x7f5e70113270 unknown :-1 s=BANNER_CONNECTING pgs=0 cs=0 l=1 rev1=0 crypto rx=0 tx=0 comp rx=0 tx=0)._handle_peer_banner_payload supported=3 required=0
2023-09-13T07:21:58.710 INFO:teuthology.orchestra.run.smithi046.stdout:/usr/bin/ceph: stderr
2023-09-13T07:21:58.136+0000 7f5e74e3a700 1 --2- >> [v2:172.21.15.46:3300/0,v1:172.21.15.46:6789/0] conn(0x7f5e70077c20 0x7f5e70113270 unknown :-1 s=HELLO_CONNECTING pgs=0 cs=0 l=1 rev1=1 crypto rx=0 tx=0 comp rx=0 tx=0).handle_hello peer v2:172.21.15.46:3300/0 says I am v2:172.21.15.46:36772/0 (socket says 172.21.15.46:36772)
2023-09-13T07:21:58.710 INFO:teuthology.orchestra.run.smithi046.stdout:/usr/bin/ceph: stderr
2023-09-13T07:21:58.136+0000 7f5e74e3a700 1 -- 172.21.15.46:0/1676758426 learned_addr learned my addr 172.21.15.46:0/1676758426 (peer_addr_for_me v2:172.21.15.46:0/0)
2023-09-13T07:21:58.711 INFO:teuthology.orchestra.run.smithi046.stdout:/usr/bin/ceph: stderr
2023-09-13T07:21:58.136+0000 7f5e74e3a700 1 -- 172.21.15.46:0/1676758426 --> [v2:172.21.15.46:3300/0,v1:172.21.15.46:6789/0] -- mon_subscribe({config=0+,monmap=0+}) v3 -- 0x7f5e640094f0 con 0x7f5e70077c20
2023-09-13T07:21:58.711 INFO:teuthology.orchestra.run.smithi046.stdout:/usr/bin/ceph: stderr
2023-09-13T07:21:58.137+0000 7f5e74e3a700 1 --2- 172.21.15.46:0/1676758426 >> [v2:172.21.15.46:3300/0,v1:172.21.15.46:6789/0] conn(0x7f5e70077c20 0x7f5e70113270 secure :-1 s=READY pgs=62 cs=0 l=1 rev1=1 crypto rx=0x7f5e6400ba70 tx=0x7f5e64009250 comp rx=0 tx=0).ready entity=mon.0 client_cookie=0 server_cookie=0 in_seq=0 out_seq=0
2023-09-13T07:21:58.711 INFO:teuthology.orchestra.run.smithi046.stdout:/usr/bin/ceph: stderr
2023-09-13T07:21:58.137+0000 7f5e6d7fa700 1 -- 172.21.15.46:0/1676758426 <== mon.0 v2:172.21.15.46:3300/0 1 ==== mon_map magic: 0 v1 ==== 229+0+0 (secure 0 0 0) 0x7f5e64010960 con 0x7f5e70077c20
2023-09-13T07:21:58.711 INFO:teuthology.orchestra.run.smithi046.stdout:/usr/bin/ceph: stderr
2023-09-13T07:21:58.137+0000 7f5e6d7fa700 1 -- 172.21.15.46:0/1676758426 <== mon.0 v2:172.21.15.46:3300/0 2 ==== config(26 keys) v1 ==== 1074+0+0 (secure 0 0 0) 0x7f5e64024430 con 0x7f5e70077c20
2023-09-13T07:21:58.711 INFO:teuthology.orchestra.run.smithi046.stdout:/usr/bin/ceph: stderr
2023-09-13T07:21:58.137+0000 7f5e6d7fa700 1 -- 172.21.15.46:0/1676758426 <== mon.0 v2:172.21.15.46:3300/0 3 ==== mon_map magic: 0 v1 ==== 229+0+0 (secure 0 0 0) 0x7f5e6401a5f0 con 0x7f5e70077c20
2023-09-13T07:21:58.712 INFO:teuthology.orchestra.run.smithi046.stdout:/usr/bin/ceph: stderr
2023-09-13T07:21:58.137+0000 7f5e7709e700 1 -- 172.21.15.46:0/1676758426 --> [v2:172.21.15.46:3300/0,v1:172.21.15.46:6789/0] -- mon_subscribe({mgrmap=0+}) v3 -- 0x7f5e701139b0 con 0x7f5e70077c20
2023-09-13T07:21:58.712 INFO:teuthology.orchestra.run.smithi046.stdout:/usr/bin/ceph: stderr
2023-09-13T07:21:58.137+0000 7f5e7709e700 1 -- 172.21.15.46:0/1676758426 --> [v2:172.21.15.46:3300/0,v1:172.21.15.46:6789/0] -- mon_subscribe({osdmap=0}) v3 -- 0x7f5e70113dc0 con 0x7f5e70077c20
2023-09-13T07:21:58.712 INFO:teuthology.orchestra.run.smithi046.stdout:/usr/bin/ceph: stderr
2023-09-13T07:21:58.138+0000 7f5e6d7fa700 1 -- 172.21.15.46:0/1676758426 <== mon.0 v2:172.21.15.46:3300/0 4 ==== mgrmap(e 8) v1 ==== 43234+0+0 (secure 0 0 0) 0x7f5e640249f0 con 0x7f5e70077c20
2023-09-13T07:21:58.712 INFO:teuthology.orchestra.run.smithi046.stdout:/usr/bin/ceph: stderr
2023-09-13T07:21:58.138+0000 7f5e7709e700 1 -- 172.21.15.46:0/1676758426 --> [v2:172.21.15.46:3300/0,v1:172.21.15.46:6789/0] -- mon_command({"prefix": "get_command_descriptions"} v 0) v1 -- 0x7f5e7004bb40 con 0x7f5e70077c20
2023-09-13T07:21:58.712 INFO:teuthology.orchestra.run.smithi046.stdout:/usr/bin/ceph: stderr
2023-09-13T07:21:58.138+0000 7f5e6d7fa700 1 --2- 172.21.15.46:0/1676758426 >> [v2:172.21.15.46:6800/237204210,v1:172.21.15.46:6801/237204210] conn(0x7f5e600365f0 0x7f5e60038aa0 unknown :-1 s=NONE pgs=0 cs=0 l=1 rev1=0 crypto rx=0 tx=0 comp rx=0 tx=0).connect
2023-09-13T07:21:58.713 INFO:teuthology.orchestra.run.smithi046.stdout:/usr/bin/ceph: stderr
2023-09-13T07:21:58.139+0000 7f5e6d7fa700 1 -- 172.21.15.46:0/1676758426 <== mon.0 v2:172.21.15.46:3300/0 5 ==== osd_map(2..2 src has 1..2) v4 ==== 936+0+0 (secure 0 0 0) 0x7f5e6404a2f0 con 0x7f5e70077c20
2023-09-13T07:21:58.714 INFO:teuthology.orchestra.run.smithi046.stdout:/usr/bin/ceph: stderr
2023-09-13T07:21:58.139+0000 7f5e6ffff700 1 --2- 172.21.15.46:0/1676758426 >> [v2:172.21.15.46:6800/237204210,v1:172.21.15.46:6801/237204210] conn(0x7f5e600365f0 0x7f5e60038aa0 unknown :-1 s=BANNER_CONNECTING pgs=0 cs=0 l=1 rev1=0 crypto rx=0 tx=0 comp rx=0 tx=0)._handle_peer_banner_payload supported=3 required=0
2023-09-13T07:21:58.714 INFO:teuthology.orchestra.run.smithi046.stdout:/usr/bin/ceph: stderr
2023-09-13T07:21:58.139+0000 7f5e6ffff700 1 --2- 172.21.15.46:0/1676758426 >> [v2:172.21.15.46:6800/237204210,v1:172.21.15.46:6801/237204210] conn(0x7f5e600365f0 0x7f5e60038aa0 secure :-1 s=READY pgs=18 cs=0 l=1 rev1=1 crypto rx=0x7f5e5c009990 tx=0x7f5e5c006e40 comp rx=0 tx=0).ready entity=mgr.14122 client_cookie=0 server_cookie=0 in_seq=0 out_seq=0
2023-09-13T07:21:58.714 INFO:teuthology.orchestra.run.smithi046.stdout:/usr/bin/ceph: stderr
2023-09-13T07:21:58.143+0000 7f5e6d7fa700 1 -- 172.21.15.46:0/1676758426 <== mon.0 v2:172.21.15.46:3300/0 6 ==== mon_command_ack([{"prefix": "get_command_descriptions"}]=0 v0) v1 ==== 72+0+174521 (secure 0 0 0) 0x7f5e64022920 con 0x7f5e70077c20
2023-09-13T07:21:58.715 INFO:teuthology.orchestra.run.smithi046.stdout:/usr/bin/ceph: stderr
2023-09-13T07:21:58.359+0000 7f5e7709e700 1 -- 172.21.15.46:0/1676758426 --> [v2:172.21.15.46:6800/237204210,v1:172.21.15.46:6801/237204210] -- mgr_command(tid 0: {"prefix": "orch apply", "service_type": "alertmanager", "target": ["mon-mgr", ""]}) v1 -- 0x7f5e700ffd20 con 0x7f5e600365f0
2023-09-13T07:21:58.715 INFO:teuthology.orchestra.run.smithi046.stdout:/usr/bin/ceph: stderr
2023-09-13T07:21:58.363+0000 7f5e6d7fa700 1 -- 172.21.15.46:0/1676758426 <== mgr.14122 v2:172.21.15.46:6800/237204210 1 ==== mgr_command_reply(tid 0: 0 ) v1 ==== 8+0+33 (secure 0 0 0) 0x7f5e700ffd20 con 0x7f5e600365f0
2023-09-13T07:21:58.715 INFO:teuthology.orchestra.run.smithi046.stdout:/usr/bin/ceph: stderr
2023-09-13T07:21:58.366+0000 7f5e7709e700 1 -- 172.21.15.46:0/1676758426 >> [v2:172.21.15.46:6800/237204210,v1:172.21.15.46:6801/237204210] conn(0x7f5e600365f0 msgr2=0x7f5e60038aa0 secure :-1 s=STATE_CONNECTION_ESTABLISHED l=1).mark_down
2023-09-13T07:21:58.716 INFO:teuthology.orchestra.run.smithi046.stdout:/usr/bin/ceph: stderr
2023-09-13T07:21:58.366+0000 7f5e7709e700 1 --2- 172.21.15.46:0/1676758426 >> [v2:172.21.15.46:6800/237204210,v1:172.21.15.46:6801/237204210] conn(0x7f5e600365f0 0x7f5e60038aa0 secure :-1 s=READY pgs=18 cs=0 l=1 rev1=1 crypto rx=0x7f5e5c009990 tx=0x7f5e5c006e40 comp rx=0 tx=0).stop
2023-09-13T07:21:58.716 INFO:teuthology.orchestra.run.smithi046.stdout:/usr/bin/ceph: stderr
2023-09-13T07:21:58.366+0000 7f5e7709e700 1 -- 172.21.15.46:0/1676758426 >> [v2:172.21.15.46:3300/0,v1:172.21.15.46:6789/0] conn(0x7f5e70077c20 msgr2=0x7f5e70113270 secure :-1 s=STATE_CONNECTION_ESTABLISHED l=1).mark_down
2023-09-13T07:21:58.716 INFO:teuthology.orchestra.run.smithi046.stdout:/usr/bin/ceph: stderr
2023-09-13T07:21:58.366+0000 7f5e7709e700 1 --2- 172.21.15.46:0/1676758426 >> [v2:172.21.15.46:3300/0,v1:172.21.15.46:6789/0] conn(0x7f5e70077c20 0x7f5e70113270 secure :-1 s=READY pgs=62 cs=0 l=1 rev1=1 crypto rx=0x7f5e6400ba70 tx=0x7f5e64009250 comp rx=0 tx=0).stop
2023-09-13T07:21:58.716 INFO:teuthology.orchestra.run.smithi046.stdout:/usr/bin/ceph: stderr
2023-09-13T07:21:58.366+0000 7f5e7709e700 1 -- 172.21.15.46:0/1676758426 shutdown_connections
2023-09-13T07:21:58.717 INFO:teuthology.orchestra.run.smithi046.stdout:/usr/bin/ceph: stderr
2023-09-13T07:21:58.366+0000 7f5e7709e700 1 --2- 172.21.15.46:0/1676758426 >> [v2:172.21.15.46:6800/237204210,v1:172.21.15.46:6801/237204210] conn(0x7f5e600365f0 0x7f5e60038aa0 unknown :-1 s=CLOSED pgs=18 cs=0 l=1 rev1=1 crypto rx=0 tx=0 comp rx=0 tx=0).stop
2023-09-13T07:21:58.717 INFO:teuthology.orchestra.run.smithi046.stdout:/usr/bin/ceph: stderr
2023-09-13T07:21:58.366+0000 7f5e7709e700 1 --2- 172.21.15.46:0/1676758426 >> [v2:172.21.15.46:3300/0,v1:172.21.15.46:6789/0] conn(0x7f5e70077c20 0x7f5e70113270 unknown :-1 s=CLOSED pgs=62 cs=0 l=1 rev1=1 crypto rx=0 tx=0 comp rx=0 tx=0).stop
2023-09-13T07:21:58.717 INFO:teuthology.orchestra.run.smithi046.stdout:/usr/bin/ceph: stderr
2023-09-13T07:21:58.366+0000 7f5e7709e700 1 -- 172.21.15.46:0/1676758426 >> 172.21.15.46:0/1676758426 conn(0x7f5e700fda10 msgr2=0x7f5e700ff100 unknown :-1 s=STATE_NONE l=0).mark_down
2023-09-13T07:21:58.718 INFO:teuthology.orchestra.run.smithi046.stdout:/usr/bin/ceph: stderr
2023-09-13T07:21:58.366+0000 7f5e7709e700 1 -- 172.21.15.46:0/1676758426 shutdown_connections
2023-09-13T07:21:58.718 INFO:teuthology.orchestra.run.smithi046.stdout:/usr/bin/ceph: stderr
2023-09-13T07:21:58.366+0000 7f5e7709e700 1 -- 172.21.15.46:0/1676758426 wait complete.
2023-09-13T07:21:59.012 INFO:journalctl@ceph.mon.smithi046.smithi046.stdout:Sep 13 07:21:58 smithi046 ceph-mon[106850]: from='client.14154 -' entity='client.admin' cmd=[{"prefix": "orch apply", "service_type": "node-exporter", "target": ["mon-mgr", ""]}]: dispatch
2023-09-13T07:21:59.012 INFO:journalctl@ceph.mon.smithi046.smithi046.stdout:Sep 13 07:21:58 smithi046 ceph-mon[106850]: Saving service node-exporter spec with placement *
2023-09-13T07:21:59.012 INFO:journalctl@ceph.mon.smithi046.smithi046.stdout:Sep 13 07:21:58 smithi046 ceph-mon[106850]: from='mgr.14122 172.21.15.46:0/643241760' entity='mgr.smithi046.mwnwiv'
2023-09-13T07:21:59.641 INFO:teuthology.orchestra.run.smithi046.stdout:/usr/bin/ceph: stderr
2023-09-13T07:21:59.083+0000 7f118da9c700 1 Processor -- start
2023-09-13T07:21:59.647 INFO:teuthology.orchestra.run.smithi046.stdout:/usr/bin/ceph: stderr
2023-09-13T07:21:59.083+0000 7f118da9c700 1 -- start start
2023-09-13T07:21:59.647 INFO:teuthology.orchestra.run.smithi046.stdout:/usr/bin/ceph: stderr
2023-09-13T07:21:59.084+0000 7f118da9c700 1 --2- >> [v2:172.21.15.46:3300/0,v1:172.21.15.46:6789/0] conn(0x7f1188077c20 0x7f1188076130 unknown :-1 s=NONE pgs=0 cs=0 l=0 rev1=0 crypto rx=0 tx=0 comp rx=0 tx=0).connect
2023-09-13T07:21:59.648 INFO:teuthology.orchestra.run.smithi046.stdout:/usr/bin/ceph: stderr
2023-09-13T07:21:59.084+0000 7f118da9c700 1 -- --> [v2:172.21.15.46:3300/0,v1:172.21.15.46:6789/0] -- mon_getmap magic: 0 v1 -- 0x7f1188078030 con 0x7f1188077c20
2023-09-13T07:21:59.648 INFO:teuthology.orchestra.run.smithi046.stdout:/usr/bin/ceph: stderr
2023-09-13T07:21:59.084+0000 7f11877fe700 1 --2- >> [v2:172.21.15.46:3300/0,v1:172.21.15.46:6789/0] conn(0x7f1188077c20 0x7f1188076130 unknown :-1 s=BANNER_CONNECTING pgs=0 cs=0 l=0 rev1=0 crypto rx=0 tx=0 comp rx=0 tx=0)._handle_peer_banner_payload supported=3 required=0
2023-09-13T07:21:59.648 INFO:teuthology.orchestra.run.smithi046.stdout:/usr/bin/ceph: stderr
2023-09-13T07:21:59.084+0000 7f11877fe700 1 --2- >> [v2:172.21.15.46:3300/0,v1:172.21.15.46:6789/0] conn(0x7f1188077c20 0x7f1188076130 unknown :-1 s=HELLO_CONNECTING pgs=0 cs=0 l=0 rev1=1 crypto rx=0 tx=0 comp rx=0 tx=0).handle_hello peer v2:172.21.15.46:3300/0 says I am v2:172.21.15.46:36778/0 (socket says 172.21.15.46:36778)
2023-09-13T07:21:59.648 INFO:teuthology.orchestra.run.smithi046.stdout:/usr/bin/ceph: stderr
2023-09-13T07:21:59.084+0000 7f11877fe700 1 -- 172.21.15.46:0/294577242 learned_addr learned my addr 172.21.15.46:0/294577242 (peer_addr_for_me v2:172.21.15.46:0/0)
2023-09-13T07:21:59.649 INFO:teuthology.orchestra.run.smithi046.stdout:/usr/bin/ceph: stderr
2023-09-13T07:21:59.085+0000 7f11877fe700 1 -- 172.21.15.46:0/294577242 --> [v2:172.21.15.46:3300/0,v1:172.21.15.46:6789/0] -- mon_subscribe({config=0+,monmap=0+}) v3 -- 0x7f1188076670 con 0x7f1188077c20
2023-09-13T07:21:59.649 INFO:teuthology.orchestra.run.smithi046.stdout:/usr/bin/ceph: stderr
2023-09-13T07:21:59.085+0000 7f11877fe700 1 --2- 172.21.15.46:0/294577242 >> [v2:172.21.15.46:3300/0,v1:172.21.15.46:6789/0] conn(0x7f1188077c20 0x7f1188076130 secure :-1 s=READY pgs=63 cs=0 l=1 rev1=1 crypto rx=0x7f11780098e0 tx=0x7f1178009250 comp rx=0 tx=0).ready entity=mon.0 client_cookie=52f5b166b4ce5878 server_cookie=0 in_seq=0 out_seq=0
2023-09-13T07:21:59.649 INFO:teuthology.orchestra.run.smithi046.stdout:/usr/bin/ceph: stderr
2023-09-13T07:21:59.085+0000 7f11867fc700 1 -- 172.21.15.46:0/294577242 <== mon.0 v2:172.21.15.46:3300/0 1 ==== mon_map magic: 0 v1 ==== 229+0+0 (secure 0 0 0) 0x7f117800b860 con 0x7f1188077c20
2023-09-13T07:21:59.649 INFO:teuthology.orchestra.run.smithi046.stdout:/usr/bin/ceph: stderr
2023-09-13T07:21:59.085+0000 7f11867fc700 1 -- 172.21.15.46:0/294577242 <== mon.0 v2:172.21.15.46:3300/0 2 ==== config(26 keys) v1 ==== 1074+0+0 (secure 0 0 0) 0x7f117800be70 con 0x7f1188077c20
2023-09-13T07:21:59.650 INFO:teuthology.orchestra.run.smithi046.stdout:/usr/bin/ceph: stderr
2023-09-13T07:21:59.085+0000 7f11867fc700 1 -- 172.21.15.46:0/294577242 <== mon.0 v2:172.21.15.46:3300/0 3 ==== mon_map magic: 0 v1 ==== 229+0+0 (secure 0 0 0) 0x7f1178010380 con 0x7f1188077c20
2023-09-13T07:21:59.650 INFO:teuthology.orchestra.run.smithi046.stdout:/usr/bin/ceph: stderr
2023-09-13T07:21:59.085+0000 7f118da9c700 1 -- 172.21.15.46:0/294577242 >> [v2:172.21.15.46:3300/0,v1:172.21.15.46:6789/0] conn(0x7f1188077c20 msgr2=0x7f1188076130 secure :-1 s=STATE_CONNECTION_ESTABLISHED l=1).mark_down
2023-09-13T07:21:59.650 INFO:teuthology.orchestra.run.smithi046.stdout:/usr/bin/ceph: stderr
2023-09-13T07:21:59.086+0000 7f118da9c700 1 --2- 172.21.15.46:0/294577242 >> [v2:172.21.15.46:3300/0,v1:172.21.15.46:6789/0] conn(0x7f1188077c20 0x7f1188076130 secure :-1 s=READY pgs=63 cs=0 l=1 rev1=1 crypto rx=0x7f11780098e0 tx=0x7f1178009250 comp rx=0 tx=0).stop
2023-09-13T07:21:59.650 INFO:teuthology.orchestra.run.smithi046.stdout:/usr/bin/ceph: stderr
2023-09-13T07:21:59.086+0000 7f118da9c700 1 -- 172.21.15.46:0/294577242 shutdown_connections
2023-09-13T07:21:59.651 INFO:teuthology.orchestra.run.smithi046.stdout:/usr/bin/ceph: stderr
2023-09-13T07:21:59.086+0000 7f118da9c700 1 --2- 172.21.15.46:0/294577242 >> [v2:172.21.15.46:3300/0,v1:172.21.15.46:6789/0] conn(0x7f1188077c20 0x7f1188076130 unknown :-1 s=CLOSED pgs=63 cs=0 l=1 rev1=1 crypto rx=0 tx=0 comp rx=0 tx=0).stop
2023-09-13T07:21:59.651 INFO:teuthology.orchestra.run.smithi046.stdout:/usr/bin/ceph: stderr
2023-09-13T07:21:59.086+0000 7f118da9c700 1 -- 172.21.15.46:0/294577242 >> 172.21.15.46:0/294577242 conn(0x7f11880fda10 msgr2=0x7f11880ffe40 unknown :-1 s=STATE_NONE l=0).mark_down
2023-09-13T07:21:59.651 INFO:teuthology.orchestra.run.smithi046.stdout:/usr/bin/ceph: stderr
2023-09-13T07:21:59.086+0000 7f118da9c700 1 -- 172.21.15.46:0/294577242 shutdown_connections
2023-09-13T07:21:59.651 INFO:teuthology.orchestra.run.smithi046.stdout:/usr/bin/ceph: stderr
2023-09-13T07:21:59.086+0000 7f118da9c700 1 -- 172.21.15.46:0/294577242 wait complete.
2023-09-13T07:21:59.651 INFO:teuthology.orchestra.run.smithi046.stdout:/usr/bin/ceph: stderr
2023-09-13T07:21:59.087+0000 7f118da9c700 1 Processor -- start
2023-09-13T07:21:59.652 INFO:teuthology.orchestra.run.smithi046.stdout:/usr/bin/ceph: stderr
2023-09-13T07:21:59.087+0000 7f118da9c700 1 -- start start
2023-09-13T07:21:59.652 INFO:teuthology.orchestra.run.smithi046.stdout:/usr/bin/ceph: stderr
2023-09-13T07:21:59.087+0000 7f118da9c700 1 --2- >> [v2:172.21.15.46:3300/0,v1:172.21.15.46:6789/0] conn(0x7f1188077c20 0x7f11881132e0 unknown :-1 s=NONE pgs=0 cs=0 l=1 rev1=0 crypto rx=0 tx=0 comp rx=0 tx=0).connect
2023-09-13T07:21:59.652 INFO:teuthology.orchestra.run.smithi046.stdout:/usr/bin/ceph: stderr
2023-09-13T07:21:59.087+0000 7f118da9c700 1 -- --> [v2:172.21.15.46:3300/0,v1:172.21.15.46:6789/0] -- mon_getmap magic: 0 v1 -- 0x7f1188113820 con 0x7f1188077c20
2023-09-13T07:21:59.652 INFO:teuthology.orchestra.run.smithi046.stdout:/usr/bin/ceph: stderr
2023-09-13T07:21:59.087+0000 7f11877fe700 1 --2- >> [v2:172.21.15.46:3300/0,v1:172.21.15.46:6789/0] conn(0x7f1188077c20 0x7f11881132e0 unknown :-1 s=BANNER_CONNECTING pgs=0 cs=0 l=1 rev1=0 crypto rx=0 tx=0 comp rx=0 tx=0)._handle_peer_banner_payload supported=3 required=0
2023-09-13T07:21:59.653 INFO:teuthology.orchestra.run.smithi046.stdout:/usr/bin/ceph: stderr
2023-09-13T07:21:59.087+0000 7f11877fe700 1 --2- >> [v2:172.21.15.46:3300/0,v1:172.21.15.46:6789/0] conn(0x7f1188077c20 0x7f11881132e0 unknown :-1 s=HELLO_CONNECTING pgs=0 cs=0 l=1 rev1=1 crypto rx=0 tx=0 comp rx=0 tx=0).handle_hello peer v2:172.21.15.46:3300/0 says I am v2:172.21.15.46:36780/0 (socket says 172.21.15.46:36780)
2023-09-13T07:21:59.653 INFO:teuthology.orchestra.run.smithi046.stdout:/usr/bin/ceph: stderr
2023-09-13T07:21:59.087+0000 7f11877fe700 1 -- 172.21.15.46:0/2880900071 learned_addr learned my addr 172.21.15.46:0/2880900071 (peer_addr_for_me v2:172.21.15.46:0/0)
2023-09-13T07:21:59.653 INFO:teuthology.orchestra.run.smithi046.stdout:/usr/bin/ceph: stderr
2023-09-13T07:21:59.088+0000 7f11877fe700 1 -- 172.21.15.46:0/2880900071 --> [v2:172.21.15.46:3300/0,v1:172.21.15.46:6789/0] -- mon_subscribe({config=0+,monmap=0+}) v3 -- 0x7f11780094f0 con 0x7f1188077c20
2023-09-13T07:21:59.653 INFO:teuthology.orchestra.run.smithi046.stdout:/usr/bin/ceph: stderr
2023-09-13T07:21:59.088+0000 7f11877fe700 1 --2- 172.21.15.46:0/2880900071 >> [v2:172.21.15.46:3300/0,v1:172.21.15.46:6789/0] conn(0x7f1188077c20 0x7f11881132e0 secure :-1 s=READY pgs=64 cs=0 l=1 rev1=1 crypto rx=0x7f117800ba70 tx=0x7f1178009250 comp rx=0 tx=0).ready entity=mon.0 client_cookie=0 server_cookie=0 in_seq=0 out_seq=0
2023-09-13T07:21:59.653 INFO:teuthology.orchestra.run.smithi046.stdout:/usr/bin/ceph: stderr
2023-09-13T07:21:59.088+0000 7f116ffff700 1 -- 172.21.15.46:0/2880900071 <== mon.0 v2:172.21.15.46:3300/0 1 ==== mon_map magic: 0 v1 ==== 229+0+0 (secure 0 0 0) 0x7f1178010960 con 0x7f1188077c20
2023-09-13T07:21:59.654 INFO:teuthology.orchestra.run.smithi046.stdout:/usr/bin/ceph: stderr
2023-09-13T07:21:59.088+0000 7f116ffff700 1 -- 172.21.15.46:0/2880900071 <== mon.0 v2:172.21.15.46:3300/0 2 ==== config(26 keys) v1 ==== 1074+0+0 (secure 0 0 0) 0x7f1178024430 con 0x7f1188077c20
2023-09-13T07:21:59.654 INFO:teuthology.orchestra.run.smithi046.stdout:/usr/bin/ceph: stderr
2023-09-13T07:21:59.088+0000 7f118da9c700 1 -- 172.21.15.46:0/2880900071 --> [v2:172.21.15.46:3300/0,v1:172.21.15.46:6789/0] -- mon_subscribe({mgrmap=0+}) v3 -- 0x7f1188113a20 con 0x7f1188077c20
2023-09-13T07:21:59.654 INFO:teuthology.orchestra.run.smithi046.stdout:/usr/bin/ceph: stderr
2023-09-13T07:21:59.088+0000 7f116ffff700 1 -- 172.21.15.46:0/2880900071 <== mon.0 v2:172.21.15.46:3300/0 3 ==== mon_map magic: 0 v1 ==== 229+0+0 (secure 0 0 0) 0x7f117801a5f0 con 0x7f1188077c20
2023-09-13T07:21:59.654 INFO:teuthology.orchestra.run.smithi046.stdout:/usr/bin/ceph: stderr
2023-09-13T07:21:59.088+0000 7f118da9c700 1 -- 172.21.15.46:0/2880900071 --> [v2:172.21.15.46:3300/0,v1:172.21.15.46:6789/0] -- mon_subscribe({osdmap=0}) v3 -- 0x7f1188113e30 con 0x7f1188077c20
2023-09-13T07:21:59.655 INFO:teuthology.orchestra.run.smithi046.stdout:/usr/bin/ceph: stderr
2023-09-13T07:21:59.089+0000 7f116ffff700 1 -- 172.21.15.46:0/2880900071 <== mon.0 v2:172.21.15.46:3300/0 4 ==== mgrmap(e 8) v1 ==== 43234+0+0 (secure 0 0 0) 0x7f11780249f0 con 0x7f1188077c20
2023-09-13T07:21:59.655 INFO:teuthology.orchestra.run.smithi046.stdout:/usr/bin/ceph: stderr
2023-09-13T07:21:59.090+0000 7f118da9c700 1 -- 172.21.15.46:0/2880900071 --> [v2:172.21.15.46:3300/0,v1:172.21.15.46:6789/0] -- mon_command({"prefix": "get_command_descriptions"} v 0) v1 -- 0x7f118804bb40 con 0x7f1188077c20
2023-09-13T07:21:59.655 INFO:teuthology.orchestra.run.smithi046.stdout:/usr/bin/ceph: stderr
2023-09-13T07:21:59.090+0000 7f116ffff700 1 --2- 172.21.15.46:0/2880900071 >> [v2:172.21.15.46:6800/237204210,v1:172.21.15.46:6801/237204210] conn(0x7f11700365f0 0x7f1170038aa0 unknown :-1 s=NONE pgs=0 cs=0 l=1 rev1=0 crypto rx=0 tx=0 comp rx=0 tx=0).connect
2023-09-13T07:21:59.655 INFO:teuthology.orchestra.run.smithi046.stdout:/usr/bin/ceph: stderr
2023-09-13T07:21:59.090+0000 7f116ffff700 1 -- 172.21.15.46:0/2880900071 <== mon.0 v2:172.21.15.46:3300/0 5 ==== osd_map(2..2 src has 1..2) v4 ==== 936+0+0 (secure 0 0 0) 0x7f117804a1e0 con 0x7f1188077c20
2023-09-13T07:21:59.656 INFO:teuthology.orchestra.run.smithi046.stdout:/usr/bin/ceph: stderr
2023-09-13T07:21:59.090+0000 7f1186ffd700 1 --2- 172.21.15.46:0/2880900071 >> [v2:172.21.15.46:6800/237204210,v1:172.21.15.46:6801/237204210] conn(0x7f11700365f0 0x7f1170038aa0 unknown :-1 s=BANNER_CONNECTING pgs=0 cs=0 l=1 rev1=0 crypto rx=0 tx=0 comp rx=0 tx=0)._handle_peer_banner_payload supported=3 required=0
2023-09-13T07:21:59.656 INFO:teuthology.orchestra.run.smithi046.stdout:/usr/bin/ceph: stderr
2023-09-13T07:21:59.091+0000 7f1186ffd700 1 --2- 172.21.15.46:0/2880900071 >> [v2:172.21.15.46:6800/237204210,v1:172.21.15.46:6801/237204210] conn(0x7f11700365f0 0x7f1170038aa0 secure :-1 s=READY pgs=19 cs=0 l=1 rev1=1 crypto rx=0x7f117c009990 tx=0x7f117c006e40 comp rx=0 tx=0).ready entity=mgr.14122 client_cookie=0 server_cookie=0 in_seq=0 out_seq=0
2023-09-13T07:21:59.656 INFO:teuthology.orchestra.run.smithi046.stdout:/usr/bin/ceph: stderr
2023-09-13T07:21:59.095+0000 7f116ffff700 1 -- 172.21.15.46:0/2880900071 <== mon.0 v2:172.21.15.46:3300/0 6 ==== mon_command_ack([{"prefix": "get_command_descriptions"}]=0 v0) v1 ==== 72+0+174521 (secure 0 0 0) 0x7f1178022920 con 0x7f1188077c20
2023-09-13T07:21:59.656 INFO:teuthology.orchestra.run.smithi046.stdout:/usr/bin/ceph: stderr
2023-09-13T07:21:59.297+0000 7f118da9c700 1 -- 172.21.15.46:0/2880900071 --> [v2:172.21.15.46:3300/0,v1:172.21.15.46:6789/0] -- mon_command([{prefix=config set, name=mgr/cephadm/container_init}] v 0) v1 -- 0x7f1188108530 con 0x7f1188077c20
2023-09-13T07:21:59.657 INFO:teuthology.orchestra.run.smithi046.stdout:/usr/bin/ceph: stderr
2023-09-13T07:21:59.301+0000 7f116ffff700 1 -- 172.21.15.46:0/2880900071 <== mon.0 v2:172.21.15.46:3300/0 7 ==== mon_command_ack([{prefix=config set, name=mgr/cephadm/container_init}]=0 v7)=0 v7) v1 ==== 142+0+0 (secure 0 0 0) 0x7f1178022330 con 0x7f1188077c20
2023-09-13T07:21:59.657 INFO:teuthology.orchestra.run.smithi046.stdout:/usr/bin/ceph: stderr
2023-09-13T07:21:59.303+0000 7f118da9c700 1 -- 172.21.15.46:0/2880900071 >> [v2:172.21.15.46:6800/237204210,v1:172.21.15.46:6801/237204210] conn(0x7f11700365f0 msgr2=0x7f1170038aa0 secure :-1 s=STATE_CONNECTION_ESTABLISHED l=1).mark_down
2023-09-13T07:21:59.657 INFO:teuthology.orchestra.run.smithi046.stdout:/usr/bin/ceph: stderr
2023-09-13T07:21:59.303+0000 7f118da9c700 1 --2- 172.21.15.46:0/2880900071 >> [v2:172.21.15.46:6800/237204210,v1:172.21.15.46:6801/237204210] conn(0x7f11700365f0 0x7f1170038aa0 secure :-1 s=READY pgs=19 cs=0 l=1 rev1=1 crypto rx=0x7f117c009990 tx=0x7f117c006e40 comp rx=0 tx=0).stop
