2023-10-06T19:47:37.482+0000 7fc15cdfa700 1 --2- 172.21.15.84:0/3848880534 >> [v2:172.21.15.84:6800/1449429874,v1:172.21.15.84:6801/1449429874] conn(0x7fc1440387d0 0x7fc14403ac90 unknown :-1 s=BANNER_CONNECTING pgs=0 cs=0 l=1 rev1=0 crypto rx=0 tx=0 comp rx=0 tx=0)._handle_peer_banner_payload supported=3 required=0
2023-10-06T19:47:38.079 INFO:teuthology.orchestra.run.smithi084.stdout:/usr/bin/ceph: stderr
2023-10-06T19:47:37.482+0000 7fc15f85f700 1 -- 172.21.15.84:0/3848880534 --> [v2:172.21.15.84:3300/0,v1:172.21.15.84:6789/0] -- mon_command({"prefix": "get_command_descriptions"} v 0) v1 -- 0x7fc1580624e0 con 0x7fc158107230
2023-10-06T19:47:38.079 INFO:teuthology.orchestra.run.smithi084.stdout:/usr/bin/ceph: stderr
2023-10-06T19:47:37.482+0000 7fc15cdfa700 1 --2- 172.21.15.84:0/3848880534 >> [v2:172.21.15.84:6800/1449429874,v1:172.21.15.84:6801/1449429874] conn(0x7fc1440387d0 0x7fc14403ac90 secure :-1 s=READY pgs=8 cs=0 l=1 rev1=1 crypto rx=0x7fc154006fd0 tx=0x7fc154006e40 comp rx=0 tx=0).ready entity=mgr.14118 client_cookie=0 server_cookie=0 in_seq=0 out_seq=0
2023-10-06T19:47:38.079 INFO:teuthology.orchestra.run.smithi084.stdout:/usr/bin/ceph: stderr
2023-10-06T19:47:37.487+0000 7fc14e7fc700 1 -- 172.21.15.84:0/3848880534 <== mon.0 v2:172.21.15.84:3300/0 6 ==== mon_command_ack([{"prefix": "get_command_descriptions"}]=0 v0) v1 ==== 72+0+180459 (secure 0 0 0) 0x7fc148018db0 con 0x7fc158107230
2023-10-06T19:47:38.079 INFO:teuthology.orchestra.run.smithi084.stdout:/usr/bin/ceph: stderr
2023-10-06T19:47:37.675+0000 7fc15f85f700 1 -- 172.21.15.84:0/3848880534 --> [v2:172.21.15.84:6800/1449429874,v1:172.21.15.84:6801/1449429874] -- mgr_command(tid 0: {"prefix": "cephadm set-user", "user": "root", "target": ["mon-mgr", ""]}) v1 -- 0x7fc15810aab0 con 0x7fc1440387d0
2023-10-06T19:47:38.079 INFO:teuthology.orchestra.run.smithi084.stdout:/usr/bin/ceph: stderr
2023-10-06T19:47:37.676+0000 7fc14e7fc700 1 -- 172.21.15.84:0/3848880534 <== mgr.14118 v2:172.21.15.84:6800/1449429874 1 ==== mgr_command_reply(tid 0: 0 ) v1 ==== 8+0+16 (secure 0 0 0) 0x7fc15810aab0 con 0x7fc1440387d0
2023-10-06T19:47:38.079 INFO:teuthology.orchestra.run.smithi084.stdout:/usr/bin/ceph: stderr
2023-10-06T19:47:37.678+0000 7fc15f85f700 1 -- 172.21.15.84:0/3848880534 >> [v2:172.21.15.84:6800/1449429874,v1:172.21.15.84:6801/1449429874] conn(0x7fc1440387d0 msgr2=0x7fc14403ac90 secure :-1 s=STATE_CONNECTION_ESTABLISHED l=1).mark_down
2023-10-06T19:47:38.079 INFO:teuthology.orchestra.run.smithi084.stdout:/usr/bin/ceph: stderr
2023-10-06T19:47:37.678+0000 7fc15f85f700 1 --2- 172.21.15.84:0/3848880534 >> [v2:172.21.15.84:6800/1449429874,v1:172.21.15.84:6801/1449429874] conn(0x7fc1440387d0 0x7fc14403ac90 secure :-1 s=READY pgs=8 cs=0 l=1 rev1=1 crypto rx=0x7fc154006fd0 tx=0x7fc154006e40 comp rx=0 tx=0).stop
2023-10-06T19:47:38.080 INFO:teuthology.orchestra.run.smithi084.stdout:/usr/bin/ceph: stderr
2023-10-06T19:47:37.678+0000 7fc15f85f700 1 -- 172.21.15.84:0/3848880534 >> [v2:172.21.15.84:3300/0,v1:172.21.15.84:6789/0] conn(0x7fc158107230 msgr2=0x7fc158106b90 secure :-1 s=STATE_CONNECTION_ESTABLISHED l=1).mark_down
2023-10-06T19:47:38.080 INFO:teuthology.orchestra.run.smithi084.stdout:/usr/bin/ceph: stderr
2023-10-06T19:47:37.678+0000 7fc15f85f700 1 --2- 172.21.15.84:0/3848880534 >> [v2:172.21.15.84:3300/0,v1:172.21.15.84:6789/0] conn(0x7fc158107230 0x7fc158106b90 secure :-1 s=READY pgs=38 cs=0 l=1 rev1=1 crypto rx=0x7fc148009fb0 tx=0x7fc148011ad0 comp rx=0 tx=0).stop
2023-10-06T19:47:38.080 INFO:teuthology.orchestra.run.smithi084.stdout:/usr/bin/ceph: stderr
2023-10-06T19:47:37.678+0000 7fc15f85f700 1 -- 172.21.15.84:0/3848880534 shutdown_connections
2023-10-06T19:47:38.080 INFO:teuthology.orchestra.run.smithi084.stdout:/usr/bin/ceph: stderr
2023-10-06T19:47:37.678+0000 7fc15f85f700 1 --2- 172.21.15.84:0/3848880534 >> [v2:172.21.15.84:6800/1449429874,v1:172.21.15.84:6801/1449429874] conn(0x7fc1440387d0 0x7fc14403ac90 unknown :-1 s=CLOSED pgs=8 cs=0 l=1 rev1=1 crypto rx=0 tx=0 comp rx=0 tx=0).stop
2023-10-06T19:47:38.080 INFO:teuthology.orchestra.run.smithi084.stdout:/usr/bin/ceph: stderr
2023-10-06T19:47:37.678+0000 7fc15f85f700 1 --2- 172.21.15.84:0/3848880534 >> [v2:172.21.15.84:3300/0,v1:172.21.15.84:6789/0] conn(0x7fc158107230 0x7fc158106b90 unknown :-1 s=CLOSED pgs=38 cs=0 l=1 rev1=1 crypto rx=0 tx=0 comp rx=0 tx=0).stop
2023-10-06T19:47:38.080 INFO:teuthology.orchestra.run.smithi084.stdout:/usr/bin/ceph: stderr
2023-10-06T19:47:37.678+0000 7fc15f85f700 1 -- 172.21.15.84:0/3848880534 >> 172.21.15.84:0/3848880534 conn(0x7fc158100c20 msgr2=0x7fc158102f50 unknown :-1 s=STATE_NONE l=0).mark_down
2023-10-06T19:47:38.080 INFO:teuthology.orchestra.run.smithi084.stdout:/usr/bin/ceph: stderr
2023-10-06T19:47:37.678+0000 7fc15f85f700 1 -- 172.21.15.84:0/3848880534 shutdown_connections
2023-10-06T19:47:38.080 INFO:teuthology.orchestra.run.smithi084.stdout:/usr/bin/ceph: stderr
2023-10-06T19:47:37.678+0000 7fc15f85f700 1 -- 172.21.15.84:0/3848880534 wait complete.
2023-10-06T19:47:38.080 INFO:teuthology.orchestra.run.smithi084.stdout:Generating ssh key...
2023-10-06T19:47:38.939 INFO:journalctl@ceph.mon.a.smithi084.stdout:Oct 06 19:47:38 smithi084 ceph-mon[99272]: from='client.14132 -' entity='client.admin' cmd=[{"prefix": "cephadm set-user", "user": "root", "target": ["mon-mgr", ""]}]: dispatch
2023-10-06T19:47:39.203 INFO:journalctl@ceph.mgr.x.smithi084.stdout:Oct 06 19:47:38 smithi084 ceph-00e67adc-6481-11ee-8db5-212e2dc638e7-mgr-x[99517]: Generating public/private rsa key pair.
2023-10-06T19:47:39.204 INFO:journalctl@ceph.mgr.x.smithi084.stdout:Oct 06 19:47:38 smithi084 ceph-00e67adc-6481-11ee-8db5-212e2dc638e7-mgr-x[99517]: Your identification has been saved in /tmp/tmprw2ilvos/key.
2023-10-06T19:47:39.204 INFO:journalctl@ceph.mgr.x.smithi084.stdout:Oct 06 19:47:38 smithi084 ceph-00e67adc-6481-11ee-8db5-212e2dc638e7-mgr-x[99517]: Your public key has been saved in /tmp/tmprw2ilvos/key.pub.
2023-10-06T19:47:39.204 INFO:journalctl@ceph.mgr.x.smithi084.stdout:Oct 06 19:47:38 smithi084 ceph-00e67adc-6481-11ee-8db5-212e2dc638e7-mgr-x[99517]: The key fingerprint is:
2023-10-06T19:47:39.204 INFO:journalctl@ceph.mgr.x.smithi084.stdout:Oct 06 19:47:38 smithi084 ceph-00e67adc-6481-11ee-8db5-212e2dc638e7-mgr-x[99517]: SHA256:tQgdDympgOQdIEy1llNppxlBAwF4s3TbuXs3T4yuwS4 ceph-00e67adc-6481-11ee-8db5-212e2dc638e7
2023-10-06T19:47:39.204 INFO:journalctl@ceph.mgr.x.smithi084.stdout:Oct 06 19:47:38 smithi084 ceph-00e67adc-6481-11ee-8db5-212e2dc638e7-mgr-x[99517]: The key's randomart image is:
2023-10-06T19:47:39.204 INFO:journalctl@ceph.mgr.x.smithi084.stdout:Oct 06 19:47:38 smithi084 ceph-00e67adc-6481-11ee-8db5-212e2dc638e7-mgr-x[99517]: +---[RSA 3072]----+
2023-10-06T19:47:39.204 INFO:journalctl@ceph.mgr.x.smithi084.stdout:Oct 06 19:47:38 smithi084 ceph-00e67adc-6481-11ee-8db5-212e2dc638e7-mgr-x[99517]: |**+=+=o.o. |
2023-10-06T19:47:39.204 INFO:journalctl@ceph.mgr.x.smithi084.stdout:Oct 06 19:47:38 smithi084 ceph-00e67adc-6481-11ee-8db5-212e2dc638e7-mgr-x[99517]: |=.* *++o.+ |
2023-10-06T19:47:39.204 INFO:journalctl@ceph.mgr.x.smithi084.stdout:Oct 06 19:47:38 smithi084 ceph-00e67adc-6481-11ee-8db5-212e2dc638e7-mgr-x[99517]: | + @.+*o. o |
2023-10-06T19:47:39.204 INFO:journalctl@ceph.mgr.x.smithi084.stdout:Oct 06 19:47:38 smithi084 ceph-00e67adc-6481-11ee-8db5-212e2dc638e7-mgr-x[99517]: | o +oo. o . |
2023-10-06T19:47:39.205 INFO:journalctl@ceph.mgr.x.smithi084.stdout:Oct 06 19:47:38 smithi084 ceph-00e67adc-6481-11ee-8db5-212e2dc638e7-mgr-x[99517]: | .S . |
2023-10-06T19:47:39.205 INFO:journalctl@ceph.mgr.x.smithi084.stdout:Oct 06 19:47:38 smithi084 ceph-00e67adc-6481-11ee-8db5-212e2dc638e7-mgr-x[99517]: | .. o |
2023-10-06T19:47:39.205 INFO:journalctl@ceph.mgr.x.smithi084.stdout:Oct 06 19:47:38 smithi084 ceph-00e67adc-6481-11ee-8db5-212e2dc638e7-mgr-x[99517]: | .o . o |
2023-10-06T19:47:39.205 INFO:journalctl@ceph.mgr.x.smithi084.stdout:Oct 06 19:47:38 smithi084 ceph-00e67adc-6481-11ee-8db5-212e2dc638e7-mgr-x[99517]: | E..oo. |
2023-10-06T19:47:39.205 INFO:journalctl@ceph.mgr.x.smithi084.stdout:Oct 06 19:47:38 smithi084 ceph-00e67adc-6481-11ee-8db5-212e2dc638e7-mgr-x[99517]: | ooo.o. |
2023-10-06T19:47:39.205 INFO:journalctl@ceph.mgr.x.smithi084.stdout:Oct 06 19:47:38 smithi084 ceph-00e67adc-6481-11ee-8db5-212e2dc638e7-mgr-x[99517]: +----[SHA256]-----+
2023-10-06T19:47:39.319 INFO:teuthology.orchestra.run.smithi084.stdout:/usr/bin/ceph: stderr
2023-10-06T19:47:38.524+0000 7f449288e700 1 Processor -- start
2023-10-06T19:47:39.319 INFO:teuthology.orchestra.run.smithi084.stdout:/usr/bin/ceph: stderr
2023-10-06T19:47:38.525+0000 7f449288e700 1 -- start start
2023-10-06T19:47:39.319 INFO:teuthology.orchestra.run.smithi084.stdout:/usr/bin/ceph: stderr
2023-10-06T19:47:38.525+0000 7f449288e700 1 --2- >> [v2:172.21.15.84:3300/0,v1:172.21.15.84:6789/0] conn(0x7f448c104e10 0x7f448c105230 unknown :-1 s=NONE pgs=0 cs=0 l=0 rev1=0 crypto rx=0 tx=0 comp rx=0 tx=0).connect
2023-10-06T19:47:39.319 INFO:teuthology.orchestra.run.smithi084.stdout:/usr/bin/ceph: stderr
2023-10-06T19:47:38.525+0000 7f449288e700 1 -- --> [v2:172.21.15.84:3300/0,v1:172.21.15.84:6789/0] -- mon_getmap magic: 0 v1 -- 0x7f448c105770 con 0x7f448c104e10
2023-10-06T19:47:39.320 INFO:teuthology.orchestra.run.smithi084.stdout:/usr/bin/ceph: stderr
2023-10-06T19:47:38.525+0000 7f448bfff700 1 --2- >> [v2:172.21.15.84:3300/0,v1:172.21.15.84:6789/0] conn(0x7f448c104e10 0x7f448c105230 unknown :-1 s=BANNER_CONNECTING pgs=0 cs=0 l=0 rev1=0 crypto rx=0 tx=0 comp rx=0 tx=0)._handle_peer_banner_payload supported=3 required=0
2023-10-06T19:47:39.320 INFO:teuthology.orchestra.run.smithi084.stdout:/usr/bin/ceph: stderr
2023-10-06T19:47:38.525+0000 7f448bfff700 1 --2- >> [v2:172.21.15.84:3300/0,v1:172.21.15.84:6789/0] conn(0x7f448c104e10 0x7f448c105230 unknown :-1 s=HELLO_CONNECTING pgs=0 cs=0 l=0 rev1=1 crypto rx=0 tx=0 comp rx=0 tx=0).handle_hello peer v2:172.21.15.84:3300/0 says I am v2:172.21.15.84:42134/0 (socket says 172.21.15.84:42134)
2023-10-06T19:47:39.320 INFO:teuthology.orchestra.run.smithi084.stdout:/usr/bin/ceph: stderr
2023-10-06T19:47:38.525+0000 7f448bfff700 1 -- 172.21.15.84:0/1816329958 learned_addr learned my addr 172.21.15.84:0/1816329958 (peer_addr_for_me v2:172.21.15.84:0/0)
2023-10-06T19:47:39.320 INFO:teuthology.orchestra.run.smithi084.stdout:/usr/bin/ceph: stderr
2023-10-06T19:47:38.525+0000 7f448bfff700 1 -- 172.21.15.84:0/1816329958 --> [v2:172.21.15.84:3300/0,v1:172.21.15.84:6789/0] -- mon_subscribe({config=0+,monmap=0+}) v3 -- 0x7f448c1058b0 con 0x7f448c104e10
2023-10-06T19:47:39.320 INFO:teuthology.orchestra.run.smithi084.stdout:/usr/bin/ceph: stderr
2023-10-06T19:47:38.525+0000 7f448bfff700 1 --2- 172.21.15.84:0/1816329958 >> [v2:172.21.15.84:3300/0,v1:172.21.15.84:6789/0] conn(0x7f448c104e10 0x7f448c105230 secure :-1 s=READY pgs=39 cs=0 l=1 rev1=1 crypto rx=0x7f447c00aa40 tx=0x7f447c00ad50 comp rx=0 tx=0).ready entity=mon.0 client_cookie=5f85da899b873279 server_cookie=0 in_seq=0 out_seq=0
2023-10-06T19:47:39.320 INFO:teuthology.orchestra.run.smithi084.stdout:/usr/bin/ceph: stderr
2023-10-06T19:47:38.525+0000 7f448affd700 1 -- 172.21.15.84:0/1816329958 <== mon.0 v2:172.21.15.84:3300/0 1 ==== mon_map magic: 0 v1 ==== 205+0+0 (secure 0 0 0) 0x7f447c004160 con 0x7f448c104e10
2023-10-06T19:47:39.320 INFO:teuthology.orchestra.run.smithi084.stdout:/usr/bin/ceph: stderr
2023-10-06T19:47:38.525+0000 7f448affd700 1 -- 172.21.15.84:0/1816329958 <== mon.0 v2:172.21.15.84:3300/0 2 ==== config(26 keys) v1 ==== 1074+0+0 (secure 0 0 0) 0x7f447c00cd90 con 0x7f448c104e10
2023-10-06T19:47:39.320 INFO:teuthology.orchestra.run.smithi084.stdout:/usr/bin/ceph: stderr
2023-10-06T19:47:38.525+0000 7f448affd700 1 -- 172.21.15.84:0/1816329958 <== mon.0 v2:172.21.15.84:3300/0 3 ==== mon_map magic: 0 v1 ==== 205+0+0 (secure 0 0 0) 0x7f447c003c80 con 0x7f448c104e10
2023-10-06T19:47:39.320 INFO:teuthology.orchestra.run.smithi084.stdout:/usr/bin/ceph: stderr
2023-10-06T19:47:38.526+0000 7f449288e700 1 -- 172.21.15.84:0/1816329958 >> [v2:172.21.15.84:3300/0,v1:172.21.15.84:6789/0] conn(0x7f448c104e10 msgr2=0x7f448c105230 secure :-1 s=STATE_CONNECTION_ESTABLISHED l=1).mark_down
2023-10-06T19:47:39.320 INFO:teuthology.orchestra.run.smithi084.stdout:/usr/bin/ceph: stderr
2023-10-06T19:47:38.526+0000 7f449288e700 1 --2- 172.21.15.84:0/1816329958 >> [v2:172.21.15.84:3300/0,v1:172.21.15.84:6789/0] conn(0x7f448c104e10 0x7f448c105230 secure :-1 s=READY pgs=39 cs=0 l=1 rev1=1 crypto rx=0x7f447c00aa40 tx=0x7f447c00ad50 comp rx=0 tx=0).stop
2023-10-06T19:47:39.320 INFO:teuthology.orchestra.run.smithi084.stdout:/usr/bin/ceph: stderr
2023-10-06T19:47:38.526+0000 7f449288e700 1 -- 172.21.15.84:0/1816329958 shutdown_connections
2023-10-06T19:47:39.320 INFO:teuthology.orchestra.run.smithi084.stdout:/usr/bin/ceph: stderr
2023-10-06T19:47:38.526+0000 7f449288e700 1 --2- 172.21.15.84:0/1816329958 >> [v2:172.21.15.84:3300/0,v1:172.21.15.84:6789/0] conn(0x7f448c104e10 0x7f448c105230 unknown :-1 s=CLOSED pgs=39 cs=0 l=1 rev1=1 crypto rx=0 tx=0 comp rx=0 tx=0).stop
2023-10-06T19:47:39.321 INFO:teuthology.orchestra.run.smithi084.stdout:/usr/bin/ceph: stderr
2023-10-06T19:47:38.526+0000 7f449288e700 1 -- 172.21.15.84:0/1816329958 >> 172.21.15.84:0/1816329958 conn(0x7f448c100390 msgr2=0x7f448c1027f0 unknown :-1 s=STATE_NONE l=0).mark_down
2023-10-06T19:47:39.321 INFO:teuthology.orchestra.run.smithi084.stdout:/usr/bin/ceph: stderr
2023-10-06T19:47:38.526+0000 7f449288e700 1 -- 172.21.15.84:0/1816329958 shutdown_connections
2023-10-06T19:47:39.321 INFO:teuthology.orchestra.run.smithi084.stdout:/usr/bin/ceph: stderr
2023-10-06T19:47:38.526+0000 7f449288e700 1 -- 172.21.15.84:0/1816329958 wait complete.
2023-10-06T19:47:39.321 INFO:teuthology.orchestra.run.smithi084.stdout:/usr/bin/ceph: stderr
2023-10-06T19:47:38.527+0000 7f449288e700 1 Processor -- start
2023-10-06T19:47:39.321 INFO:teuthology.orchestra.run.smithi084.stdout:/usr/bin/ceph: stderr
2023-10-06T19:47:38.527+0000 7f449288e700 1 -- start start
2023-10-06T19:47:39.321 INFO:teuthology.orchestra.run.smithi084.stdout:/usr/bin/ceph: stderr
2023-10-06T19:47:38.527+0000 7f449288e700 1 --2- >> [v2:172.21.15.84:3300/0,v1:172.21.15.84:6789/0] conn(0x7f448c104e10 0x7f448c19a770 unknown :-1 s=NONE pgs=0 cs=0 l=1 rev1=0 crypto rx=0 tx=0 comp rx=0 tx=0).connect
2023-10-06T19:47:39.321 INFO:teuthology.orchestra.run.smithi084.stdout:/usr/bin/ceph: stderr
2023-10-06T19:47:38.527+0000 7f449288e700 1 -- --> [v2:172.21.15.84:3300/0,v1:172.21.15.84:6789/0] -- mon_getmap magic: 0 v1 -- 0x7f448c19acb0 con 0x7f448c104e10
2023-10-06T19:47:39.321 INFO:teuthology.orchestra.run.smithi084.stdout:/usr/bin/ceph: stderr
2023-10-06T19:47:38.527+0000 7f448bfff700 1 --2- >> [v2:172.21.15.84:3300/0,v1:172.21.15.84:6789/0] conn(0x7f448c104e10 0x7f448c19a770 unknown :-1 s=BANNER_CONNECTING pgs=0 cs=0 l=1 rev1=0 crypto rx=0 tx=0 comp rx=0 tx=0)._handle_peer_banner_payload supported=3 required=0
2023-10-06T19:47:39.321 INFO:teuthology.orchestra.run.smithi084.stdout:/usr/bin/ceph: stderr
2023-10-06T19:47:38.527+0000 7f448bfff700 1 --2- >> [v2:172.21.15.84:3300/0,v1:172.21.15.84:6789/0] conn(0x7f448c104e10 0x7f448c19a770 unknown :-1 s=HELLO_CONNECTING pgs=0 cs=0 l=1 rev1=1 crypto rx=0 tx=0 comp rx=0 tx=0).handle_hello peer v2:172.21.15.84:3300/0 says I am v2:172.21.15.84:42136/0 (socket says 172.21.15.84:42136)
2023-10-06T19:47:39.321 INFO:teuthology.orchestra.run.smithi084.stdout:/usr/bin/ceph: stderr
2023-10-06T19:47:38.527+0000 7f448bfff700 1 -- 172.21.15.84:0/3325607478 learned_addr learned my addr 172.21.15.84:0/3325607478 (peer_addr_for_me v2:172.21.15.84:0/0)
2023-10-06T19:47:39.321 INFO:teuthology.orchestra.run.smithi084.stdout:/usr/bin/ceph: stderr
2023-10-06T19:47:38.527+0000 7f448bfff700 1 -- 172.21.15.84:0/3325607478 --> [v2:172.21.15.84:3300/0,v1:172.21.15.84:6789/0] -- mon_subscribe({config=0+,monmap=0+}) v3 -- 0x7f447c00a6f0 con 0x7f448c104e10
2023-10-06T19:47:39.321 INFO:teuthology.orchestra.run.smithi084.stdout:/usr/bin/ceph: stderr
2023-10-06T19:47:38.527+0000 7f448bfff700 1 --2- 172.21.15.84:0/3325607478 >> [v2:172.21.15.84:3300/0,v1:172.21.15.84:6789/0] conn(0x7f448c104e10 0x7f448c19a770 secure :-1 s=READY pgs=40 cs=0 l=1 rev1=1 crypto rx=0x7f447c003880 tx=0x7f447c0041d0 comp rx=0 tx=0).ready entity=mon.0 client_cookie=0 server_cookie=0 in_seq=0 out_seq=0
2023-10-06T19:47:39.322 INFO:teuthology.orchestra.run.smithi084.stdout:/usr/bin/ceph: stderr
2023-10-06T19:47:38.528+0000 7f44897fa700 1 -- 172.21.15.84:0/3325607478 <== mon.0 v2:172.21.15.84:3300/0 1 ==== mon_map magic: 0 v1 ==== 205+0+0 (secure 0 0 0) 0x7f447c020400 con 0x7f448c104e10
2023-10-06T19:47:39.322 INFO:teuthology.orchestra.run.smithi084.stdout:/usr/bin/ceph: stderr
2023-10-06T19:47:38.528+0000 7f44897fa700 1 -- 172.21.15.84:0/3325607478 <== mon.0 v2:172.21.15.84:3300/0 2 ==== config(26 keys) v1 ==== 1074+0+0 (secure 0 0 0) 0x7f447c020a00 con 0x7f448c104e10
2023-10-06T19:47:39.322 INFO:teuthology.orchestra.run.smithi084.stdout:/usr/bin/ceph: stderr
2023-10-06T19:47:38.528+0000 7f449288e700 1 -- 172.21.15.84:0/3325607478 --> [v2:172.21.15.84:3300/0,v1:172.21.15.84:6789/0] -- mon_subscribe({mgrmap=0+}) v3 -- 0x7f448c19aeb0 con 0x7f448c104e10
2023-10-06T19:47:39.322 INFO:teuthology.orchestra.run.smithi084.stdout:/usr/bin/ceph: stderr
2023-10-06T19:47:38.528+0000 7f44897fa700 1 -- 172.21.15.84:0/3325607478 <== mon.0 v2:172.21.15.84:3300/0 3 ==== mon_map magic: 0 v1 ==== 205+0+0 (secure 0 0 0) 0x7f447c010980 con 0x7f448c104e10
2023-10-06T19:47:39.322 INFO:teuthology.orchestra.run.smithi084.stdout:/usr/bin/ceph: stderr
2023-10-06T19:47:38.528+0000 7f449288e700 1 -- 172.21.15.84:0/3325607478 --> [v2:172.21.15.84:3300/0,v1:172.21.15.84:6789/0] -- mon_subscribe({osdmap=0}) v3 -- 0x7f448c19b2d0 con 0x7f448c104e10
2023-10-06T19:47:39.322 INFO:teuthology.orchestra.run.smithi084.stdout:/usr/bin/ceph: stderr
2023-10-06T19:47:38.528+0000 7f44897fa700 1 -- 172.21.15.84:0/3325607478 <== mon.0 v2:172.21.15.84:3300/0 4 ==== mgrmap(e 8) v1 ==== 45579+0+0 (secure 0 0 0) 0x7f447c010ae0 con 0x7f448c104e10
2023-10-06T19:47:39.322 INFO:teuthology.orchestra.run.smithi084.stdout:/usr/bin/ceph: stderr
2023-10-06T19:47:38.529+0000 7f44897fa700 1 --2- 172.21.15.84:0/3325607478 >> [v2:172.21.15.84:6800/1449429874,v1:172.21.15.84:6801/1449429874] conn(0x7f4478038870 0x7f447803ad30 unknown :-1 s=NONE pgs=0 cs=0 l=1 rev1=0 crypto rx=0 tx=0 comp rx=0 tx=0).connect
2023-10-06T19:47:39.322 INFO:teuthology.orchestra.run.smithi084.stdout:/usr/bin/ceph: stderr
2023-10-06T19:47:38.529+0000 7f44897fa700 1 -- 172.21.15.84:0/3325607478 <== mon.0 v2:172.21.15.84:3300/0 5 ==== osd_map(2..2 src has 1..2) v4 ==== 940+0+0 (secure 0 0 0) 0x7f447c04c710 con 0x7f448c104e10
2023-10-06T19:47:39.322 INFO:teuthology.orchestra.run.smithi084.stdout:/usr/bin/ceph: stderr
2023-10-06T19:47:38.529+0000 7f449288e700 1 -- 172.21.15.84:0/3325607478 --> [v2:172.21.15.84:3300/0,v1:172.21.15.84:6789/0] -- mon_command({"prefix": "get_command_descriptions"} v 0) v1 -- 0x7f448c194350 con 0x7f448c104e10
2023-10-06T19:47:39.322 INFO:teuthology.orchestra.run.smithi084.stdout:/usr/bin/ceph: stderr
2023-10-06T19:47:38.529+0000 7f448b7fe700 1 --2- 172.21.15.84:0/3325607478 >> [v2:172.21.15.84:6800/1449429874,v1:172.21.15.84:6801/1449429874] conn(0x7f4478038870 0x7f447803ad30 unknown :-1 s=BANNER_CONNECTING pgs=0 cs=0 l=1 rev1=0 crypto rx=0 tx=0 comp rx=0 tx=0)._handle_peer_banner_payload supported=3 required=0
2023-10-06T19:47:39.322 INFO:teuthology.orchestra.run.smithi084.stdout:/usr/bin/ceph: stderr
2023-10-06T19:47:38.529+0000 7f448b7fe700 1 --2- 172.21.15.84:0/3325607478 >> [v2:172.21.15.84:6800/1449429874,v1:172.21.15.84:6801/1449429874] conn(0x7f4478038870 0x7f447803ad30 secure :-1 s=READY pgs=9 cs=0 l=1 rev1=1 crypto rx=0x7f4474006fd0 tx=0x7f4474006e40 comp rx=0 tx=0).ready entity=mgr.14118 client_cookie=0 server_cookie=0 in_seq=0 out_seq=0
2023-10-06T19:47:39.323 INFO:teuthology.orchestra.run.smithi084.stdout:/usr/bin/ceph: stderr
2023-10-06T19:47:38.533+0000 7f44897fa700 1 -- 172.21.15.84:0/3325607478 <== mon.0 v2:172.21.15.84:3300/0 6 ==== mon_command_ack([{"prefix": "get_command_descriptions"}]=0 v0) v1 ==== 72+0+180459 (secure 0 0 0) 0x7f447c025070 con 0x7f448c104e10
2023-10-06T19:47:39.323 INFO:teuthology.orchestra.run.smithi084.stdout:/usr/bin/ceph: stderr
2023-10-06T19:47:38.725+0000 7f449288e700 1 -- 172.21.15.84:0/3325607478 --> [v2:172.21.15.84:6800/1449429874,v1:172.21.15.84:6801/1449429874] -- mgr_command(tid 0: {"prefix": "cephadm generate-key", "target": ["mon-mgr", ""]}) v1 -- 0x7f448c1064f0 con 0x7f4478038870
2023-10-06T19:47:39.323 INFO:teuthology.orchestra.run.smithi084.stdout:/usr/bin/ceph: stderr
2023-10-06T19:47:38.943+0000 7f44897fa700 1 -- 172.21.15.84:0/3325607478 <== mgr.14118 v2:172.21.15.84:6800/1449429874 1 ==== mgr_command_reply(tid 0: 0 ) v1 ==== 8+0+0 (secure 0 0 0) 0x7f448c1064f0 con 0x7f4478038870
2023-10-06T19:47:39.323 INFO:teuthology.orchestra.run.smithi084.stdout:/usr/bin/ceph: stderr
2023-10-06T19:47:38.945+0000 7f449288e700 1 -- 172.21.15.84:0/3325607478 >> [v2:172.21.15.84:6800/1449429874,v1:172.21.15.84:6801/1449429874] conn(0x7f4478038870 msgr2=0x7f447803ad30 secure :-1 s=STATE_CONNECTION_ESTABLISHED l=1).mark_down
2023-10-06T19:47:39.323 INFO:teuthology.orchestra.run.smithi084.stdout:/usr/bin/ceph: stderr
2023-10-06T19:47:38.945+0000 7f449288e700 1 --2- 172.21.15.84:0/3325607478 >> [v2:172.21.15.84:6800/1449429874,v1:172.21.15.84:6801/1449429874] conn(0x7f4478038870 0x7f447803ad30 secure :-1 s=READY pgs=9 cs=0 l=1 rev1=1 crypto rx=0x7f4474006fd0 tx=0x7f4474006e40 comp rx=0 tx=0).stop
2023-10-06T19:47:39.323 INFO:teuthology.orchestra.run.smithi084.stdout:/usr/bin/ceph: stderr
2023-10-06T19:47:38.945+0000 7f449288e700 1 -- 172.21.15.84:0/3325607478 >> [v2:172.21.15.84:3300/0,v1:172.21.15.84:6789/0] conn(0x7f448c104e10 msgr2=0x7f448c19a770 secure :-1 s=STATE_CONNECTION_ESTABLISHED l=1).mark_down
2023-10-06T19:47:39.323 INFO:teuthology.orchestra.run.smithi084.stdout:/usr/bin/ceph: stderr
2023-10-06T19:47:38.945+0000 7f449288e700 1 --2- 172.21.15.84:0/3325607478 >> [v2:172.21.15.84:3300/0,v1:172.21.15.84:6789/0] conn(0x7f448c104e10 0x7f448c19a770 secure :-1 s=READY pgs=40 cs=0 l=1 rev1=1 crypto rx=0x7f447c003880 tx=0x7f447c0041d0 comp rx=0 tx=0).stop
2023-10-06T19:47:39.323 INFO:teuthology.orchestra.run.smithi084.stdout:/usr/bin/ceph: stderr
2023-10-06T19:47:38.945+0000 7f449288e700 1 -- 172.21.15.84:0/3325607478 shutdown_connections
2023-10-06T19:47:39.323 INFO:teuthology.orchestra.run.smithi084.stdout:/usr/bin/ceph: stderr
2023-10-06T19:47:38.945+0000 7f449288e700 1 --2- 172.21.15.84:0/3325607478 >> [v2:172.21.15.84:6800/1449429874,v1:172.21.15.84:6801/1449429874] conn(0x7f4478038870 0x7f447803ad30 unknown :-1 s=CLOSED pgs=9 cs=0 l=1 rev1=1 crypto rx=0 tx=0 comp rx=0 tx=0).stop
2023-10-06T19:47:39.323 INFO:teuthology.orchestra.run.smithi084.stdout:/usr/bin/ceph: stderr
2023-10-06T19:47:38.945+0000 7f449288e700 1 --2- 172.21.15.84:0/3325607478 >> [v2:172.21.15.84:3300/0,v1:172.21.15.84:6789/0] conn(0x7f448c104e10 0x7f448c19a770 unknown :-1 s=CLOSED pgs=40 cs=0 l=1 rev1=1 crypto rx=0 tx=0 comp rx=0 tx=0).stop
2023-10-06T19:47:39.323 INFO:teuthology.orchestra.run.smithi084.stdout:/usr/bin/ceph: stderr
2023-10-06T19:47:38.945+0000 7f449288e700 1 -- 172.21.15.84:0/3325607478 >> 172.21.15.84:0/3325607478 conn(0x7f448c100390 msgr2=0x7f448c191490 unknown :-1 s=STATE_NONE l=0).mark_down
2023-10-06T19:47:39.324 INFO:teuthology.orchestra.run.smithi084.stdout:/usr/bin/ceph: stderr
2023-10-06T19:47:38.945+0000 7f449288e700 1 -- 172.21.15.84:0/3325607478 shutdown_connections
2023-10-06T19:47:39.324 INFO:teuthology.orchestra.run.smithi084.stdout:/usr/bin/ceph: stderr
2023-10-06T19:47:38.945+0000 7f449288e700 1 -- 172.21.15.84:0/3325607478 wait complete.
2023-10-06T19:47:40.203 INFO:journalctl@ceph.mon.a.smithi084.stdout:Oct 06 19:47:39 smithi084 ceph-mon[99272]: from='client.14134 -' entity='client.admin' cmd=[{"prefix": "cephadm generate-key", "target": ["mon-mgr", ""]}]: dispatch
2023-10-06T19:47:40.203 INFO:journalctl@ceph.mon.a.smithi084.stdout:Oct 06 19:47:39 smithi084 ceph-mon[99272]: Generating ssh key...
2023-10-06T19:47:40.204 INFO:journalctl@ceph.mon.a.smithi084.stdout:Oct 06 19:47:39 smithi084 ceph-mon[99272]: from='mgr.14118 172.21.15.84:0/1179447825' entity='mgr.x'
2023-10-06T19:47:40.204 INFO:journalctl@ceph.mon.a.smithi084.stdout:Oct 06 19:47:39 smithi084 ceph-mon[99272]: from='mgr.14118 172.21.15.84:0/1179447825' entity='mgr.x'
2023-10-06T19:47:40.362 INFO:teuthology.orchestra.run.smithi084.stdout:/usr/bin/ceph: stdout ssh-rsa AAAAB3NzaC1yc2EAAAADAQABAAABgQDu59DNo5c4lmM7xnktbpb9FfajS+m6+liuRqKkqte5wl1Y2I4tw1Pc5qtJW2J2D32MnqlH5NXJBffLVh2x/pRCKtnD4dyAHus+A5E3l5hIYNcqzxcpN35NBG+BPcaBqrOofdXejlUQ/pYDgivle4Ko+wCDaOZluBx889QVIgrxxV/Wjid9l2PeTN+a8J3z6VI+KZ4n5WYoQuxBUmrVx70MU05sg989QAsragf/pndbLXC1PTAadJh1kweKWXA9OZN0pquh48aQ9H0+/zFiydVHGEAkGArLCG54KD5VU76WDs+Apad6Tx1KAKInE+yY3/nJyN605JigTmOsq46JmXs0VTT+TqBiQGdjdugydPoWAc4+Jg+6XoarScxR5Jd6unxeLwtXuHs6SMthkJ2Wi6ycfHFabB0jiq7gmeryJdcun5EryXclw6uSoA/oDMFrmbW8EIObgeP2YziFMMml2fbKPMpwnktWstVB18jIfM1phUmOlVcee6uLGjCeMYQE1BM= ceph-00e67adc-6481-11ee-8db5-212e2dc638e7
2023-10-06T19:47:40.362 INFO:teuthology.orchestra.run.smithi084.stdout:/usr/bin/ceph: stderr
2023-10-06T19:47:39.784+0000 7fbcc8c51700 1 Processor -- start
2023-10-06T19:47:40.363 INFO:teuthology.orchestra.run.smithi084.stdout:/usr/bin/ceph: stderr
2023-10-06T19:47:39.784+0000 7fbcc8c51700 1 -- start start
2023-10-06T19:47:40.363 INFO:teuthology.orchestra.run.smithi084.stdout:/usr/bin/ceph: stderr
2023-10-06T19:47:39.784+0000 7fbcc8c51700 1 --2- >> [v2:172.21.15.84:3300/0,v1:172.21.15.84:6789/0] conn(0x7fbcc4106c70 0x7fbcc4107090 unknown :-1 s=NONE pgs=0 cs=0 l=0 rev1=0 crypto rx=0 tx=0 comp rx=0 tx=0).connect
2023-10-06T19:47:40.363 INFO:teuthology.orchestra.run.smithi084.stdout:/usr/bin/ceph: stderr
2023-10-06T19:47:39.784+0000 7fbcc8c51700 1 -- --> [v2:172.21.15.84:3300/0,v1:172.21.15.84:6789/0] -- mon_getmap magic: 0 v1 -- 0x7fbcc4107660 con 0x7fbcc4106c70
2023-10-06T19:47:40.363 INFO:teuthology.orchestra.run.smithi084.stdout:/usr/bin/ceph: stderr
2023-10-06T19:47:39.784+0000 7fbcc259c700 1 --2- >> [v2:172.21.15.84:3300/0,v1:172.21.15.84:6789/0] conn(0x7fbcc4106c70 0x7fbcc4107090 unknown :-1 s=BANNER_CONNECTING pgs=0 cs=0 l=0 rev1=0 crypto rx=0 tx=0 comp rx=0 tx=0)._handle_peer_banner_payload supported=3 required=0
2023-10-06T19:47:40.366 INFO:teuthology.orchestra.run.smithi084.stdout:/usr/bin/ceph: stderr
2023-10-06T19:47:39.784+0000 7fbcc259c700 1 --2- >> [v2:172.21.15.84:3300/0,v1:172.21.15.84:6789/0] conn(0x7fbcc4106c70 0x7fbcc4107090 unknown :-1 s=HELLO_CONNECTING pgs=0 cs=0 l=0 rev1=1 crypto rx=0 tx=0 comp rx=0 tx=0).handle_hello peer v2:172.21.15.84:3300/0 says I am v2:172.21.15.84:42140/0 (socket says 172.21.15.84:42140)
2023-10-06T19:47:40.366 INFO:teuthology.orchestra.run.smithi084.stdout:/usr/bin/ceph: stderr
2023-10-06T19:47:39.784+0000 7fbcc259c700 1 -- 172.21.15.84:0/1275171468 learned_addr learned my addr 172.21.15.84:0/1275171468 (peer_addr_for_me v2:172.21.15.84:0/0)
2023-10-06T19:47:40.366 INFO:teuthology.orchestra.run.smithi084.stdout:/usr/bin/ceph: stderr
2023-10-06T19:47:39.784+0000 7fbcc259c700 1 -- 172.21.15.84:0/1275171468 --> [v2:172.21.15.84:3300/0,v1:172.21.15.84:6789/0] -- mon_subscribe({config=0+,monmap=0+}) v3 -- 0x7fbcc4105880 con 0x7fbcc4106c70
2023-10-06T19:47:40.366 INFO:teuthology.orchestra.run.smithi084.stdout:/usr/bin/ceph: stderr
2023-10-06T19:47:39.784+0000 7fbcc259c700 1 --2- 172.21.15.84:0/1275171468 >> [v2:172.21.15.84:3300/0,v1:172.21.15.84:6789/0] conn(0x7fbcc4106c70 0x7fbcc4107090 secure :-1 s=READY pgs=41 cs=0 l=1 rev1=1 crypto rx=0x7fbcac00bb40 tx=0x7fbcac00be50 comp rx=0 tx=0).ready entity=mon.0 client_cookie=6d09039821738a06 server_cookie=0 in_seq=0 out_seq=0
2023-10-06T19:47:40.366 INFO:teuthology.orchestra.run.smithi084.stdout:/usr/bin/ceph: stderr
2023-10-06T19:47:39.785+0000 7fbcc159a700 1 -- 172.21.15.84:0/1275171468 <== mon.0 v2:172.21.15.84:3300/0 1 ==== mon_map magic: 0 v1 ==== 205+0+0 (secure 0 0 0) 0x7fbcac00dbe0 con 0x7fbcc4106c70
2023-10-06T19:47:40.367 INFO:teuthology.orchestra.run.smithi084.stdout:/usr/bin/ceph: stderr
2023-10-06T19:47:39.785+0000 7fbcc159a700 1 -- 172.21.15.84:0/1275171468 <== mon.0 v2:172.21.15.84:3300/0 2 ==== config(26 keys) v1 ==== 1074+0+0 (secure 0 0 0) 0x7fbcac0044d0 con 0x7fbcc4106c70
2023-10-06T19:47:40.367 INFO:teuthology.orchestra.run.smithi084.stdout:/usr/bin/ceph: stderr
2023-10-06T19:47:39.785+0000 7fbcc159a700 1 -- 172.21.15.84:0/1275171468 <== mon.0 v2:172.21.15.84:3300/0 3 ==== mon_map magic: 0 v1 ==== 205+0+0 (secure 0 0 0) 0x7fbcac010470 con 0x7fbcc4106c70
2023-10-06T19:47:40.367 INFO:teuthology.orchestra.run.smithi084.stdout:/usr/bin/ceph: stderr
2023-10-06T19:47:39.785+0000 7fbcc8c51700 1 -- 172.21.15.84:0/1275171468 >> [v2:172.21.15.84:3300/0,v1:172.21.15.84:6789/0] conn(0x7fbcc4106c70 msgr2=0x7fbcc4107090 secure :-1 s=STATE_CONNECTION_ESTABLISHED l=1).mark_down
2023-10-06T19:47:40.367 INFO:teuthology.orchestra.run.smithi084.stdout:/usr/bin/ceph: stderr
2023-10-06T19:47:39.785+0000 7fbcc8c51700 1 --2- 172.21.15.84:0/1275171468 >> [v2:172.21.15.84:3300/0,v1:172.21.15.84:6789/0] conn(0x7fbcc4106c70 0x7fbcc4107090 secure :-1 s=READY pgs=41 cs=0 l=1 rev1=1 crypto rx=0x7fbcac00bb40 tx=0x7fbcac00be50 comp rx=0 tx=0).stop
2023-10-06T19:47:40.367 INFO:teuthology.orchestra.run.smithi084.stdout:/usr/bin/ceph: stderr
2023-10-06T19:47:39.785+0000 7fbcc8c51700 1 -- 172.21.15.84:0/1275171468 shutdown_connections
2023-10-06T19:47:40.368 INFO:teuthology.orchestra.run.smithi084.stdout:/usr/bin/ceph: stderr
2023-10-06T19:47:39.785+0000 7fbcc8c51700 1 --2- 172.21.15.84:0/1275171468 >> [v2:172.21.15.84:3300/0,v1:172.21.15.84:6789/0] conn(0x7fbcc4106c70 0x7fbcc4107090 unknown :-1 s=CLOSED pgs=41 cs=0 l=1 rev1=1 crypto rx=0 tx=0 comp rx=0 tx=0).stop
2023-10-06T19:47:40.368 INFO:teuthology.orchestra.run.smithi084.stdout:/usr/bin/ceph: stderr
2023-10-06T19:47:39.785+0000 7fbcc8c51700 1 -- 172.21.15.84:0/1275171468 >> 172.21.15.84:0/1275171468 conn(0x7fbcc4100390 msgr2=0x7fbcc41027f0 unknown :-1 s=STATE_NONE l=0).mark_down
2023-10-06T19:47:40.368 INFO:teuthology.orchestra.run.smithi084.stdout:/usr/bin/ceph: stderr
2023-10-06T19:47:39.785+0000 7fbcc8c51700 1 -- 172.21.15.84:0/1275171468 shutdown_connections
2023-10-06T19:47:40.368 INFO:teuthology.orchestra.run.smithi084.stdout:/usr/bin/ceph: stderr
2023-10-06T19:47:39.785+0000 7fbcc8c51700 1 -- 172.21.15.84:0/1275171468 wait complete.
2023-10-06T19:47:40.368 INFO:teuthology.orchestra.run.smithi084.stdout:/usr/bin/ceph: stderr
2023-10-06T19:47:39.786+0000 7fbcc8c51700 1 Processor -- start
2023-10-06T19:47:40.368 INFO:teuthology.orchestra.run.smithi084.stdout:/usr/bin/ceph: stderr
2023-10-06T19:47:39.786+0000 7fbcc8c51700 1 -- start start
2023-10-06T19:47:40.368 INFO:teuthology.orchestra.run.smithi084.stdout:/usr/bin/ceph: stderr
2023-10-06T19:47:39.786+0000 7fbcc8c51700 1 --2- >> [v2:172.21.15.84:3300/0,v1:172.21.15.84:6789/0] conn(0x7fbcc4106c70 0x7fbcc4198580 unknown :-1 s=NONE pgs=0 cs=0 l=1 rev1=0 crypto rx=0 tx=0 comp rx=0 tx=0).connect
2023-10-06T19:47:40.369 INFO:teuthology.orchestra.run.smithi084.stdout:/usr/bin/ceph: stderr
2023-10-06T19:47:39.786+0000 7fbcc8c51700 1 -- --> [v2:172.21.15.84:3300/0,v1:172.21.15.84:6789/0] -- mon_getmap magic: 0 v1 -- 0x7fbcc4198ac0 con 0x7fbcc4106c70
2023-10-06T19:47:40.369 INFO:teuthology.orchestra.run.smithi084.stdout:/usr/bin/ceph: stderr
2023-10-06T19:47:39.786+0000 7fbcc259c700 1 --2- >> [v2:172.21.15.84:3300/0,v1:172.21.15.84:6789/0] conn(0x7fbcc4106c70 0x7fbcc4198580 unknown :-1 s=BANNER_CONNECTING pgs=0 cs=0 l=1 rev1=0 crypto rx=0 tx=0 comp rx=0 tx=0)._handle_peer_banner_payload supported=3 required=0
2023-10-06T19:47:40.369 INFO:teuthology.orchestra.run.smithi084.stdout:/usr/bin/ceph: stderr
2023-10-06T19:47:39.786+0000 7fbcc259c700 1 --2- >> [v2:172.21.15.84:3300/0,v1:172.21.15.84:6789/0] conn(0x7fbcc4106c70 0x7fbcc4198580 unknown :-1 s=HELLO_CONNECTING pgs=0 cs=0 l=1 rev1=1 crypto rx=0 tx=0 comp rx=0 tx=0).handle_hello peer v2:172.21.15.84:3300/0 says I am v2:172.21.15.84:42142/0 (socket says 172.21.15.84:42142)
2023-10-06T19:47:40.369 INFO:teuthology.orchestra.run.smithi084.stdout:/usr/bin/ceph: stderr
2023-10-06T19:47:39.786+0000 7fbcc259c700 1 -- 172.21.15.84:0/2954938104 learned_addr learned my addr 172.21.15.84:0/2954938104 (peer_addr_for_me v2:172.21.15.84:0/0)
2023-10-06T19:47:40.369 INFO:teuthology.orchestra.run.smithi084.stdout:/usr/bin/ceph: stderr
2023-10-06T19:47:39.787+0000 7fbcc259c700 1 -- 172.21.15.84:0/2954938104 --> [v2:172.21.15.84:3300/0,v1:172.21.15.84:6789/0] -- mon_subscribe({config=0+,monmap=0+}) v3 -- 0x7fbcac00b7f0 con 0x7fbcc4106c70
2023-10-06T19:47:40.369 INFO:teuthology.orchestra.run.smithi084.stdout:/usr/bin/ceph: stderr
2023-10-06T19:47:39.787+0000 7fbcc259c700 1 --2- 172.21.15.84:0/2954938104 >> [v2:172.21.15.84:3300/0,v1:172.21.15.84:6789/0] conn(0x7fbcc4106c70 0x7fbcc4198580 secure :-1 s=READY pgs=42 cs=0 l=1 rev1=1 crypto rx=0x7fbcac003b20 tx=0x7fbcac003980 comp rx=0 tx=0).ready entity=mon.0 client_cookie=0 server_cookie=0 in_seq=0 out_seq=0
2023-10-06T19:47:40.369 INFO:teuthology.orchestra.run.smithi084.stdout:/usr/bin/ceph: stderr
2023-10-06T19:47:39.787+0000 7fbcbb7fe700 1 -- 172.21.15.84:0/2954938104 <== mon.0 v2:172.21.15.84:3300/0 1 ==== mon_map magic: 0 v1 ==== 205+0+0 (secure 0 0 0) 0x7fbcac01e070 con 0x7fbcc4106c70
2023-10-06T19:47:40.370 INFO:teuthology.orchestra.run.smithi084.stdout:/usr/bin/ceph: stderr
2023-10-06T19:47:39.787+0000 7fbcbb7fe700 1 -- 172.21.15.84:0/2954938104 <== mon.0 v2:172.21.15.84:3300/0 2 ==== config(26 keys) v1 ==== 1074+0+0 (secure 0 0 0) 0x7fbcac004300 con 0x7fbcc4106c70
2023-10-06T19:47:40.370 INFO:teuthology.orchestra.run.smithi084.stdout:/usr/bin/ceph: stderr
2023-10-06T19:47:39.787+0000 7fbcc8c51700 1 -- 172.21.15.84:0/2954938104 --> [v2:172.21.15.84:3300/0,v1:172.21.15.84:6789/0] -- mon_subscribe({mgrmap=0+}) v3 -- 0x7fbcc4198cc0 con 0x7fbcc4106c70
2023-10-06T19:47:40.370 INFO:teuthology.orchestra.run.smithi084.stdout:/usr/bin/ceph: stderr
2023-10-06T19:47:39.787+0000 7fbcbb7fe700 1 -- 172.21.15.84:0/2954938104 <== mon.0 v2:172.21.15.84:3300/0 3 ==== mon_map magic: 0 v1 ==== 205+0+0 (secure 0 0 0) 0x7fbcac022a50 con 0x7fbcc4106c70
2023-10-06T19:47:40.370 INFO:teuthology.orchestra.run.smithi084.stdout:/usr/bin/ceph: stderr
2023-10-06T19:47:39.787+0000 7fbcc8c51700 1 -- 172.21.15.84:0/2954938104 --> [v2:172.21.15.84:3300/0,v1:172.21.15.84:6789/0] -- mon_subscribe({osdmap=0}) v3 -- 0x7fbcc41990e0 con 0x7fbcc4106c70
2023-10-06T19:47:40.370 INFO:teuthology.orchestra.run.smithi084.stdout:/usr/bin/ceph: stderr
2023-10-06T19:47:39.788+0000 7fbcbb7fe700 1 -- 172.21.15.84:0/2954938104 <== mon.0 v2:172.21.15.84:3300/0 4 ==== mgrmap(e 8) v1 ==== 45579+0+0 (secure 0 0 0) 0x7fbcac0106e0 con 0x7fbcc4106c70
2023-10-06T19:47:40.370 INFO:teuthology.orchestra.run.smithi084.stdout:/usr/bin/ceph: stderr
2023-10-06T19:47:39.788+0000 7fbcc8c51700 1 -- 172.21.15.84:0/2954938104 --> [v2:172.21.15.84:3300/0,v1:172.21.15.84:6789/0] -- mon_command({"prefix": "get_command_descriptions"} v 0) v1 -- 0x7fbcc4191f20 con 0x7fbcc4106c70
2023-10-06T19:47:40.370 INFO:teuthology.orchestra.run.smithi084.stdout:/usr/bin/ceph: stderr
2023-10-06T19:47:39.788+0000 7fbcbb7fe700 1 --2- 172.21.15.84:0/2954938104 >> [v2:172.21.15.84:6800/1449429874,v1:172.21.15.84:6801/1449429874] conn(0x7fbcb0038870 0x7fbcb003ad30 unknown :-1 s=NONE pgs=0 cs=0 l=1 rev1=0 crypto rx=0 tx=0 comp rx=0 tx=0).connect
2023-10-06T19:47:40.370 INFO:teuthology.orchestra.run.smithi084.stdout:/usr/bin/ceph: stderr
2023-10-06T19:47:39.788+0000 7fbcbb7fe700 1 -- 172.21.15.84:0/2954938104 <== mon.0 v2:172.21.15.84:3300/0 5 ==== osd_map(2..2 src has 1..2) v4 ==== 940+0+0 (secure 0 0 0) 0x7fbcac04ee50 con 0x7fbcc4106c70
2023-10-06T19:47:40.371 INFO:teuthology.orchestra.run.smithi084.stdout:/usr/bin/ceph: stderr
2023-10-06T19:47:39.788+0000 7fbcc1d9b700 1 --2- 172.21.15.84:0/2954938104 >> [v2:172.21.15.84:6800/1449429874,v1:172.21.15.84:6801/1449429874] conn(0x7fbcb0038870 0x7fbcb003ad30 unknown :-1 s=BANNER_CONNECTING pgs=0 cs=0 l=1 rev1=0 crypto rx=0 tx=0 comp rx=0 tx=0)._handle_peer_banner_payload supported=3 required=0
2023-10-06T19:47:40.371 INFO:teuthology.orchestra.run.smithi084.stdout:/usr/bin/ceph: stderr
2023-10-06T19:47:39.789+0000 7fbcc1d9b700 1 --2- 172.21.15.84:0/2954938104 >> [v2:172.21.15.84:6800/1449429874,v1:172.21.15.84:6801/1449429874] conn(0x7fbcb0038870 0x7fbcb003ad30 secure :-1 s=READY pgs=10 cs=0 l=1 rev1=1 crypto rx=0x7fbcb4006fd0 tx=0x7fbcb4006e40 comp rx=0 tx=0).ready entity=mgr.14118 client_cookie=0 server_cookie=0 in_seq=0 out_seq=0
2023-10-06T19:47:40.371 INFO:teuthology.orchestra.run.smithi084.stdout:/usr/bin/ceph: stderr
2023-10-06T19:47:39.793+0000 7fbcbb7fe700 1 -- 172.21.15.84:0/2954938104 <== mon.0 v2:172.21.15.84:3300/0 6 ==== mon_command_ack([{"prefix": "get_command_descriptions"}]=0 v0) v1 ==== 72+0+180459 (secure 0 0 0) 0x7fbcac0213b0 con 0x7fbcc4106c70
2023-10-06T19:47:40.371 INFO:teuthology.orchestra.run.smithi084.stdout:/usr/bin/ceph: stderr
2023-10-06T19:47:39.982+0000 7fbcc8c51700 1 -- 172.21.15.84:0/2954938104 --> [v2:172.21.15.84:6800/1449429874,v1:172.21.15.84:6801/1449429874] -- mgr_command(tid 0: {"prefix": "cephadm get-pub-key", "target": ["mon-mgr", ""]}) v1 -- 0x7fbcc4074980 con 0x7fbcb0038870
2023-10-06T19:47:40.371 INFO:teuthology.orchestra.run.smithi084.stdout:/usr/bin/ceph: stderr
2023-10-06T19:47:39.983+0000 7fbcbb7fe700 1 -- 172.21.15.84:0/2954938104 <== mgr.14118 v2:172.21.15.84:6800/1449429874 1 ==== mgr_command_reply(tid 0: 0 ) v1 ==== 8+0+595 (secure 0 0 0) 0x7fbcc4074980 con 0x7fbcb0038870
2023-10-06T19:47:40.371 INFO:teuthology.orchestra.run.smithi084.stdout:/usr/bin/ceph: stderr
2023-10-06T19:47:39.985+0000 7fbcc8c51700 1 -- 172.21.15.84:0/2954938104 >> [v2:172.21.15.84:6800/1449429874,v1:172.21.15.84:6801/1449429874] conn(0x7fbcb0038870 msgr2=0x7fbcb003ad30 secure :-1 s=STATE_CONNECTION_ESTABLISHED l=1).mark_down
2023-10-06T19:47:40.371 INFO:teuthology.orchestra.run.smithi084.stdout:/usr/bin/ceph: stderr
2023-10-06T19:47:39.985+0000 7fbcc8c51700 1 --2- 172.21.15.84:0/2954938104 >> [v2:172.21.15.84:6800/1449429874,v1:172.21.15.84:6801/1449429874] conn(0x7fbcb0038870 0x7fbcb003ad30 secure :-1 s=READY pgs=10 cs=0 l=1 rev1=1 crypto rx=0x7fbcb4006fd0 tx=0x7fbcb4006e40 comp rx=0 tx=0).stop
2023-10-06T19:47:40.371 INFO:teuthology.orchestra.run.smithi084.stdout:/usr/bin/ceph: stderr
2023-10-06T19:47:39.985+0000 7fbcc8c51700 1 -- 172.21.15.84:0/2954938104 >> [v2:172.21.15.84:3300/0,v1:172.21.15.84:6789/0] conn(0x7fbcc4106c70 msgr2=0x7fbcc4198580 secure :-1 s=STATE_CONNECTION_ESTABLISHED l=1).mark_down
2023-10-06T19:47:40.371 INFO:teuthology.orchestra.run.smithi084.stdout:/usr/bin/ceph: stderr
2023-10-06T19:47:39.985+0000 7fbcc8c51700 1 --2- 172.21.15.84:0/2954938104 >> [v2:172.21.15.84:3300/0,v1:172.21.15.84:6789/0] conn(0x7fbcc4106c70 0x7fbcc4198580 secure :-1 s=READY pgs=42 cs=0 l=1 rev1=1 crypto rx=0x7fbcac003b20 tx=0x7fbcac003980 comp rx=0 tx=0).stop
2023-10-06T19:47:40.371 INFO:teuthology.orchestra.run.smithi084.stdout:/usr/bin/ceph: stderr
2023-10-06T19:47:39.985+0000 7fbcc8c51700 1 -- 172.21.15.84:0/2954938104 shutdown_connections
2023-10-06T19:47:40.371 INFO:teuthology.orchestra.run.smithi084.stdout:/usr/bin/ceph: stderr
2023-10-06T19:47:39.985+0000 7fbcc8c51700 1 --2- 172.21.15.84:0/2954938104 >> [v2:172.21.15.84:6800/1449429874,v1:172.21.15.84:6801/1449429874] conn(0x7fbcb0038870 0x7fbcb003ad30 unknown :-1 s=CLOSED pgs=10 cs=0 l=1 rev1=1 crypto rx=0 tx=0 comp rx=0 tx=0).stop
2023-10-06T19:47:40.372 INFO:teuthology.orchestra.run.smithi084.stdout:/usr/bin/ceph: stderr
2023-10-06T19:47:39.985+0000 7fbcc8c51700 1 --2- 172.21.15.84:0/2954938104 >> [v2:172.21.15.84:3300/0,v1:172.21.15.84:6789/0] conn(0x7fbcc4106c70 0x7fbcc4198580 unknown :-1 s=CLOSED pgs=42 cs=0 l=1 rev1=1 crypto rx=0 tx=0 comp rx=0 tx=0).stop
2023-10-06T19:47:40.372 INFO:teuthology.orchestra.run.smithi084.stdout:/usr/bin/ceph: stderr
2023-10-06T19:47:39.985+0000 7fbcc8c51700 1 -- 172.21.15.84:0/2954938104 >> 172.21.15.84:0/2954938104 conn(0x7fbcc4100390 msgr2=0x7fbcc418f060 unknown :-1 s=STATE_NONE l=0).mark_down
2023-10-06T19:47:40.372 INFO:teuthology.orchestra.run.smithi084.stdout:/usr/bin/ceph: stderr
2023-10-06T19:47:39.985+0000 7fbcc8c51700 1 -- 172.21.15.84:0/2954938104 shutdown_connections
2023-10-06T19:47:40.372 INFO:teuthology.orchestra.run.smithi084.stdout:/usr/bin/ceph: stderr
2023-10-06T19:47:39.985+0000 7fbcc8c51700 1 -- 172.21.15.84:0/2954938104 wait complete.
2023-10-06T19:47:40.372 INFO:teuthology.orchestra.run.smithi084.stdout:Wrote public SSH key to /home/ubuntu/cephtest/ceph.pub
2023-10-06T19:47:40.372 INFO:teuthology.orchestra.run.smithi084.stdout:Adding key to root@localhost authorized_keys...
2023-10-06T19:47:40.372 INFO:teuthology.orchestra.run.smithi084.stdout:Adding host smithi084...
2023-10-06T19:47:41.278 INFO:journalctl@ceph.mon.a.smithi084.stdout:Oct 06 19:47:41 smithi084 ceph-mon[99272]: from='client.14136 -' entity='client.admin' cmd=[{"prefix": "cephadm get-pub-key", "target": ["mon-mgr", ""]}]: dispatch
2023-10-06T19:47:43.203 INFO:journalctl@ceph.mon.a.smithi084.stdout:Oct 06 19:47:42 smithi084 ceph-mon[99272]: from='client.14138 -' entity='client.admin' cmd=[{"prefix": "orch host add", "hostname": "smithi084", "addr": "172.21.15.84", "target": ["mon-mgr", ""]}]: dispatch
2023-10-06T19:47:43.203 INFO:journalctl@ceph.mon.a.smithi084.stdout:Oct 06 19:47:42 smithi084 ceph-mon[99272]: Deploying cephadm binary to smithi084
2023-10-06T19:47:43.711 INFO:teuthology.orchestra.run.smithi084.stdout:/usr/bin/ceph: stdout Added host 'smithi084' with addr '172.21.15.84'
2023-10-06T19:47:43.711 INFO:teuthology.orchestra.run.smithi084.stdout:/usr/bin/ceph: stderr
2023-10-06T19:47:40.792+0000 7f411f03d700 1 Processor -- start
2023-10-06T19:47:43.712 INFO:teuthology.orchestra.run.smithi084.stdout:/usr/bin/ceph: stderr
2023-10-06T19:47:40.792+0000 7f411f03d700 1 -- start start
2023-10-06T19:47:43.712 INFO:teuthology.orchestra.run.smithi084.stdout:/usr/bin/ceph: stderr
2023-10-06T19:47:40.792+0000 7f411f03d700 1 --2- >> [v2:172.21.15.84:3300/0,v1:172.21.15.84:6789/0] conn(0x7f4118107230 0x7f4118109620 unknown :-1 s=NONE pgs=0 cs=0 l=0 rev1=0 crypto rx=0 tx=0 comp rx=0 tx=0).connect
2023-10-06T19:47:43.712 INFO:teuthology.orchestra.run.smithi084.stdout:/usr/bin/ceph: stderr
2023-10-06T19:47:40.792+0000 7f411f03d700 1 -- --> [v2:172.21.15.84:3300/0,v1:172.21.15.84:6789/0] -- mon_getmap magic: 0 v1 -- 0x7f4118079e50 con 0x7f4118107230
2023-10-06T19:47:43.712 INFO:teuthology.orchestra.run.smithi084.stdout:/usr/bin/ceph: stderr
2023-10-06T19:47:40.792+0000 7f411cdd9700 1 --2- >> [v2:172.21.15.84:3300/0,v1:172.21.15.84:6789/0] conn(0x7f4118107230 0x7f4118109620 unknown :-1 s=BANNER_CONNECTING pgs=0 cs=0 l=0 rev1=0 crypto rx=0 tx=0 comp rx=0 tx=0)._handle_peer_banner_payload supported=3 required=0
2023-10-06T19:47:43.712 INFO:teuthology.orchestra.run.smithi084.stdout:/usr/bin/ceph: stderr
2023-10-06T19:47:40.792+0000 7f411cdd9700 1 --2- >> [v2:172.21.15.84:3300/0,v1:172.21.15.84:6789/0] conn(0x7f4118107230 0x7f4118109620 unknown :-1 s=HELLO_CONNECTING pgs=0 cs=0 l=0 rev1=1 crypto rx=0 tx=0 comp rx=0 tx=0).handle_hello peer v2:172.21.15.84:3300/0 says I am v2:172.21.15.84:42146/0 (socket says 172.21.15.84:42146)
2023-10-06T19:47:43.712 INFO:teuthology.orchestra.run.smithi084.stdout:/usr/bin/ceph: stderr
2023-10-06T19:47:40.792+0000 7f411cdd9700 1 -- 172.21.15.84:0/638181503 learned_addr learned my addr 172.21.15.84:0/638181503 (peer_addr_for_me v2:172.21.15.84:0/0)
2023-10-06T19:47:43.712 INFO:teuthology.orchestra.run.smithi084.stdout:/usr/bin/ceph: stderr
2023-10-06T19:47:40.792+0000 7f411cdd9700 1 -- 172.21.15.84:0/638181503 --> [v2:172.21.15.84:3300/0,v1:172.21.15.84:6789/0] -- mon_subscribe({config=0+,monmap=0+}) v3 -- 0x7f4118109b60 con 0x7f4118107230
2023-10-06T19:47:43.712 INFO:teuthology.orchestra.run.smithi084.stdout:/usr/bin/ceph: stderr
2023-10-06T19:47:40.793+0000 7f411cdd9700 1 --2- 172.21.15.84:0/638181503 >> [v2:172.21.15.84:3300/0,v1:172.21.15.84:6789/0] conn(0x7f4118107230 0x7f4118109620 secure :-1 s=READY pgs=43 cs=0 l=1 rev1=1 crypto rx=0x7f410c0098a0 tx=0x7f410c009bb0 comp rx=0 tx=0).ready entity=mon.0 client_cookie=e917ee141fc2cf03 server_cookie=0 in_seq=0 out_seq=0
2023-10-06T19:47:43.712 INFO:teuthology.orchestra.run.smithi084.stdout:/usr/bin/ceph: stderr
2023-10-06T19:47:40.793+0000 7f41177fe700 1 -- 172.21.15.84:0/638181503 <== mon.0 v2:172.21.15.84:3300/0 1 ==== mon_map magic: 0 v1 ==== 205+0+0 (secure 0 0 0) 0x7f410c004160 con 0x7f4118107230
2023-10-06T19:47:43.712 INFO:teuthology.orchestra.run.smithi084.stdout:/usr/bin/ceph: stderr
2023-10-06T19:47:40.793+0000 7f41177fe700 1 -- 172.21.15.84:0/638181503 <== mon.0 v2:172.21.15.84:3300/0 2 ==== config(26 keys) v1 ==== 1074+0+0 (secure 0 0 0) 0x7f410c0042c0 con 0x7f4118107230
2023-10-06T19:47:43.712 INFO:teuthology.orchestra.run.smithi084.stdout:/usr/bin/ceph: stderr
2023-10-06T19:47:40.793+0000 7f41177fe700 1 -- 172.21.15.84:0/638181503 <== mon.0 v2:172.21.15.84:3300/0 3 ==== mon_map magic: 0 v1 ==== 205+0+0 (secure 0 0 0) 0x7f410c011a00 con 0x7f4118107230
2023-10-06T19:47:43.713 INFO:teuthology.orchestra.run.smithi084.stdout:/usr/bin/ceph: stderr
2023-10-06T19:47:40.793+0000 7f411f03d700 1 -- 172.21.15.84:0/638181503 >> [v2:172.21.15.84:3300/0,v1:172.21.15.84:6789/0] conn(0x7f4118107230 msgr2=0x7f4118109620 secure :-1 s=STATE_CONNECTION_ESTABLISHED l=1).mark_down
2023-10-06T19:47:43.713 INFO:teuthology.orchestra.run.smithi084.stdout:/usr/bin/ceph: stderr
2023-10-06T19:47:40.793+0000 7f411f03d700 1 --2- 172.21.15.84:0/638181503 >> [v2:172.21.15.84:3300/0,v1:172.21.15.84:6789/0] conn(0x7f4118107230 0x7f4118109620 secure :-1 s=READY pgs=43 cs=0 l=1 rev1=1 crypto rx=0x7f410c0098a0 tx=0x7f410c009bb0 comp rx=0 tx=0).stop
2023-10-06T19:47:43.713 INFO:teuthology.orchestra.run.smithi084.stdout:/usr/bin/ceph: stderr
2023-10-06T19:47:40.793+0000 7f411f03d700 1 -- 172.21.15.84:0/638181503 shutdown_connections
2023-10-06T19:47:43.713 INFO:teuthology.orchestra.run.smithi084.stdout:/usr/bin/ceph: stderr
2023-10-06T19:47:40.793+0000 7f411f03d700 1 --2- 172.21.15.84:0/638181503 >> [v2:172.21.15.84:3300/0,v1:172.21.15.84:6789/0] conn(0x7f4118107230 0x7f4118109620 unknown :-1 s=CLOSED pgs=43 cs=0 l=1 rev1=1 crypto rx=0 tx=0 comp rx=0 tx=0).stop
2023-10-06T19:47:43.713 INFO:teuthology.orchestra.run.smithi084.stdout:/usr/bin/ceph: stderr
2023-10-06T19:47:40.793+0000 7f411f03d700 1 -- 172.21.15.84:0/638181503 >> 172.21.15.84:0/638181503 conn(0x7f4118100c20 msgr2=0x7f4118103060 unknown :-1 s=STATE_NONE l=0).mark_down
2023-10-06T19:47:43.713 INFO:teuthology.orchestra.run.smithi084.stdout:/usr/bin/ceph: stderr
2023-10-06T19:47:40.794+0000 7f411f03d700 1 -- 172.21.15.84:0/638181503 shutdown_connections
2023-10-06T19:47:43.713 INFO:teuthology.orchestra.run.smithi084.stdout:/usr/bin/ceph: stderr
2023-10-06T19:47:40.794+0000 7f411f03d700 1 -- 172.21.15.84:0/638181503 wait complete.
2023-10-06T19:47:43.713 INFO:teuthology.orchestra.run.smithi084.stdout:/usr/bin/ceph: stderr
2023-10-06T19:47:40.794+0000 7f411f03d700 1 Processor -- start
2023-10-06T19:47:43.713 INFO:teuthology.orchestra.run.smithi084.stdout:/usr/bin/ceph: stderr
2023-10-06T19:47:40.794+0000 7f411f03d700 1 -- start start
2023-10-06T19:47:43.713 INFO:teuthology.orchestra.run.smithi084.stdout:/usr/bin/ceph: stderr
2023-10-06T19:47:40.794+0000 7f411f03d700 1 --2- >> [v2:172.21.15.84:3300/0,v1:172.21.15.84:6789/0] conn(0x7f4118107230 0x7f411819a760 unknown :-1 s=NONE pgs=0 cs=0 l=1 rev1=0 crypto rx=0 tx=0 comp rx=0 tx=0).connect
2023-10-06T19:47:43.713 INFO:teuthology.orchestra.run.smithi084.stdout:/usr/bin/ceph: stderr
2023-10-06T19:47:40.794+0000 7f411f03d700 1 -- --> [v2:172.21.15.84:3300/0,v1:172.21.15.84:6789/0] -- mon_getmap magic: 0 v1 -- 0x7f411819aca0 con 0x7f4118107230
2023-10-06T19:47:43.713 INFO:teuthology.orchestra.run.smithi084.stdout:/usr/bin/ceph: stderr
2023-10-06T19:47:40.794+0000 7f411cdd9700 1 --2- >> [v2:172.21.15.84:3300/0,v1:172.21.15.84:6789/0] conn(0x7f4118107230 0x7f411819a760 unknown :-1 s=BANNER_CONNECTING pgs=0 cs=0 l=1 rev1=0 crypto rx=0 tx=0 comp rx=0 tx=0)._handle_peer_banner_payload supported=3 required=0
2023-10-06T19:47:43.714 INFO:teuthology.orchestra.run.smithi084.stdout:/usr/bin/ceph: stderr
2023-10-06T19:47:40.794+0000 7f411cdd9700 1 --2- >> [v2:172.21.15.84:3300/0,v1:172.21.15.84:6789/0] conn(0x7f4118107230 0x7f411819a760 unknown :-1 s=HELLO_CONNECTING pgs=0 cs=0 l=1 rev1=1 crypto rx=0 tx=0 comp rx=0 tx=0).handle_hello peer v2:172.21.15.84:3300/0 says I am v2:172.21.15.84:42148/0 (socket says 172.21.15.84:42148)
2023-10-06T19:47:43.714 INFO:teuthology.orchestra.run.smithi084.stdout:/usr/bin/ceph: stderr
2023-10-06T19:47:40.794+0000 7f411cdd9700 1 -- 172.21.15.84:0/1416466542 learned_addr learned my addr 172.21.15.84:0/1416466542 (peer_addr_for_me v2:172.21.15.84:0/0)
2023-10-06T19:47:43.714 INFO:teuthology.orchestra.run.smithi084.stdout:/usr/bin/ceph: stderr
2023-10-06T19:47:40.795+0000 7f411cdd9700 1 -- 172.21.15.84:0/1416466542 --> [v2:172.21.15.84:3300/0,v1:172.21.15.84:6789/0] -- mon_subscribe({config=0+,monmap=0+}) v3 -- 0x7f410c009550 con 0x7f4118107230
2023-10-06T19:47:43.714 INFO:teuthology.orchestra.run.smithi084.stdout:/usr/bin/ceph: stderr
2023-10-06T19:47:40.795+0000 7f411cdd9700 1 --2- 172.21.15.84:0/1416466542 >> [v2:172.21.15.84:3300/0,v1:172.21.15.84:6789/0] conn(0x7f4118107230 0x7f411819a760 secure :-1 s=READY pgs=44 cs=0 l=1 rev1=1 crypto rx=0x7f410c009130 tx=0x7f410c011ad0 comp rx=0 tx=0).ready entity=mon.0 client_cookie=0 server_cookie=0 in_seq=0 out_seq=0
2023-10-06T19:47:43.714 INFO:teuthology.orchestra.run.smithi084.stdout:/usr/bin/ceph: stderr
