2023-10-06T21:01:24.044 INFO:teuthology.orchestra.run.smithi026.stdout:/usr/bin/ceph: stderr
2023-10-06T21:01:23.414+0000 7f90dd9dc700 1 -- --> [v2:172.21.15.26:3300/0,v1:172.21.15.26:6789/0] -- mon_getmap magic: 0 v1 -- 0x7f90d819cca0 con 0x7f90d8106920
2023-10-06T21:01:24.045 INFO:teuthology.orchestra.run.smithi026.stdout:/usr/bin/ceph: stderr
2023-10-06T21:01:23.414+0000 7f90d6ffd700 1 --2- >> [v2:172.21.15.26:3300/0,v1:172.21.15.26:6789/0] conn(0x7f90d8106920 0x7f90d819c760 unknown :-1 s=BANNER_CONNECTING pgs=0 cs=0 l=1 rev1=0 crypto rx=0 tx=0 comp rx=0 tx=0)._handle_peer_banner_payload supported=3 required=0
2023-10-06T21:01:24.045 INFO:teuthology.orchestra.run.smithi026.stdout:/usr/bin/ceph: stderr
2023-10-06T21:01:23.414+0000 7f90d6ffd700 1 --2- >> [v2:172.21.15.26:3300/0,v1:172.21.15.26:6789/0] conn(0x7f90d8106920 0x7f90d819c760 unknown :-1 s=HELLO_CONNECTING pgs=0 cs=0 l=1 rev1=1 crypto rx=0 tx=0 comp rx=0 tx=0).handle_hello peer v2:172.21.15.26:3300/0 says I am v2:172.21.15.26:50848/0 (socket says 172.21.15.26:50848)
2023-10-06T21:01:24.045 INFO:teuthology.orchestra.run.smithi026.stdout:/usr/bin/ceph: stderr
2023-10-06T21:01:23.414+0000 7f90d6ffd700 1 -- 172.21.15.26:0/3566614808 learned_addr learned my addr 172.21.15.26:0/3566614808 (peer_addr_for_me v2:172.21.15.26:0/0)
2023-10-06T21:01:24.045 INFO:teuthology.orchestra.run.smithi026.stdout:/usr/bin/ceph: stderr
2023-10-06T21:01:23.414+0000 7f90d6ffd700 1 -- 172.21.15.26:0/3566614808 --> [v2:172.21.15.26:3300/0,v1:172.21.15.26:6789/0] -- mon_subscribe({config=0+,monmap=0+}) v3 -- 0x7f90c8009550 con 0x7f90d8106920
2023-10-06T21:01:24.045 INFO:teuthology.orchestra.run.smithi026.stdout:/usr/bin/ceph: stderr
2023-10-06T21:01:23.415+0000 7f90d6ffd700 1 --2- 172.21.15.26:0/3566614808 >> [v2:172.21.15.26:3300/0,v1:172.21.15.26:6789/0] conn(0x7f90d8106920 0x7f90d819c760 secure :-1 s=READY pgs=40 cs=0 l=1 rev1=1 crypto rx=0x7f90c8009130 tx=0x7f90c8011ad0 comp rx=0 tx=0).ready entity=mon.0 client_cookie=0 server_cookie=0 in_seq=0 out_seq=0
2023-10-06T21:01:24.046 INFO:teuthology.orchestra.run.smithi026.stdout:/usr/bin/ceph: stderr
2023-10-06T21:01:23.415+0000 7f90dc9da700 1 -- 172.21.15.26:0/3566614808 <== mon.0 v2:172.21.15.26:3300/0 1 ==== mon_map magic: 0 v1 ==== 205+0+0 (secure 0 0 0) 0x7f90c8003ab0 con 0x7f90d8106920
2023-10-06T21:01:24.046 INFO:teuthology.orchestra.run.smithi026.stdout:/usr/bin/ceph: stderr
2023-10-06T21:01:23.415+0000 7f90dc9da700 1 -- 172.21.15.26:0/3566614808 <== mon.0 v2:172.21.15.26:3300/0 2 ==== config(26 keys) v1 ==== 1074+0+0 (secure 0 0 0) 0x7f90c8003c10 con 0x7f90d8106920
2023-10-06T21:01:24.046 INFO:teuthology.orchestra.run.smithi026.stdout:/usr/bin/ceph: stderr
2023-10-06T21:01:23.415+0000 7f90dc9da700 1 -- 172.21.15.26:0/3566614808 <== mon.0 v2:172.21.15.26:3300/0 3 ==== mon_map magic: 0 v1 ==== 205+0+0 (secure 0 0 0) 0x7f90c80247d0 con 0x7f90d8106920
2023-10-06T21:01:24.046 INFO:teuthology.orchestra.run.smithi026.stdout:/usr/bin/ceph: stderr
2023-10-06T21:01:23.415+0000 7f90dd9dc700 1 -- 172.21.15.26:0/3566614808 --> [v2:172.21.15.26:3300/0,v1:172.21.15.26:6789/0] -- mon_subscribe({mgrmap=0+}) v3 -- 0x7f90d819cea0 con 0x7f90d8106920
2023-10-06T21:01:24.046 INFO:teuthology.orchestra.run.smithi026.stdout:/usr/bin/ceph: stderr
2023-10-06T21:01:23.415+0000 7f90dd9dc700 1 -- 172.21.15.26:0/3566614808 --> [v2:172.21.15.26:3300/0,v1:172.21.15.26:6789/0] -- mon_subscribe({osdmap=0}) v3 -- 0x7f90d819d340 con 0x7f90d8106920
2023-10-06T21:01:24.046 INFO:teuthology.orchestra.run.smithi026.stdout:/usr/bin/ceph: stderr
2023-10-06T21:01:23.416+0000 7f90dc9da700 1 -- 172.21.15.26:0/3566614808 <== mon.0 v2:172.21.15.26:3300/0 4 ==== mgrmap(e 8) v1 ==== 45579+0+0 (secure 0 0 0) 0x7f90c801a430 con 0x7f90d8106920
2023-10-06T21:01:24.046 INFO:teuthology.orchestra.run.smithi026.stdout:/usr/bin/ceph: stderr
2023-10-06T21:01:23.416+0000 7f90dd9dc700 1 -- 172.21.15.26:0/3566614808 --> [v2:172.21.15.26:3300/0,v1:172.21.15.26:6789/0] -- mon_command({"prefix": "get_command_descriptions"} v 0) v1 -- 0x7f90d80624e0 con 0x7f90d8106920
2023-10-06T21:01:24.047 INFO:teuthology.orchestra.run.smithi026.stdout:/usr/bin/ceph: stderr
2023-10-06T21:01:23.417+0000 7f90dc9da700 1 --2- 172.21.15.26:0/3566614808 >> [v2:172.21.15.26:6800/118366491,v1:172.21.15.26:6801/118366491] conn(0x7f90c0038870 0x7f90c003ad30 unknown :-1 s=NONE pgs=0 cs=0 l=1 rev1=0 crypto rx=0 tx=0 comp rx=0 tx=0).connect
2023-10-06T21:01:24.047 INFO:teuthology.orchestra.run.smithi026.stdout:/usr/bin/ceph: stderr
2023-10-06T21:01:23.417+0000 7f90dc9da700 1 -- 172.21.15.26:0/3566614808 <== mon.0 v2:172.21.15.26:3300/0 5 ==== osd_map(2..2 src has 1..2) v4 ==== 940+0+0 (secure 0 0 0) 0x7f90c804c9b0 con 0x7f90d8106920
2023-10-06T21:01:24.047 INFO:teuthology.orchestra.run.smithi026.stdout:/usr/bin/ceph: stderr
2023-10-06T21:01:23.417+0000 7f90d67fc700 1 --2- 172.21.15.26:0/3566614808 >> [v2:172.21.15.26:6800/118366491,v1:172.21.15.26:6801/118366491] conn(0x7f90c0038870 0x7f90c003ad30 unknown :-1 s=BANNER_CONNECTING pgs=0 cs=0 l=1 rev1=0 crypto rx=0 tx=0 comp rx=0 tx=0)._handle_peer_banner_payload supported=3 required=0
2023-10-06T21:01:24.047 INFO:teuthology.orchestra.run.smithi026.stdout:/usr/bin/ceph: stderr
2023-10-06T21:01:23.417+0000 7f90d67fc700 1 --2- 172.21.15.26:0/3566614808 >> [v2:172.21.15.26:6800/118366491,v1:172.21.15.26:6801/118366491] conn(0x7f90c0038870 0x7f90c003ad30 secure :-1 s=READY pgs=10 cs=0 l=1 rev1=1 crypto rx=0x7f90cc006fd0 tx=0x7f90cc006e40 comp rx=0 tx=0).ready entity=mgr.14116 client_cookie=0 server_cookie=0 in_seq=0 out_seq=0
2023-10-06T21:01:24.047 INFO:teuthology.orchestra.run.smithi026.stdout:/usr/bin/ceph: stderr
2023-10-06T21:01:23.422+0000 7f90dc9da700 1 -- 172.21.15.26:0/3566614808 <== mon.0 v2:172.21.15.26:3300/0 6 ==== mon_command_ack([{"prefix": "get_command_descriptions"}]=0 v0) v1 ==== 72+0+180459 (secure 0 0 0) 0x7f90c8018b40 con 0x7f90d8106920
2023-10-06T21:01:24.047 INFO:teuthology.orchestra.run.smithi026.stdout:/usr/bin/ceph: stderr
2023-10-06T21:01:23.636+0000 7f90dd9dc700 1 -- 172.21.15.26:0/3566614808 --> [v2:172.21.15.26:6800/118366491,v1:172.21.15.26:6801/118366491] -- mgr_command(tid 0: {"prefix": "cephadm get-pub-key", "target": ["mon-mgr", ""]}) v1 -- 0x7f90d810ad20 con 0x7f90c0038870
2023-10-06T21:01:24.047 INFO:teuthology.orchestra.run.smithi026.stdout:/usr/bin/ceph: stderr
2023-10-06T21:01:23.637+0000 7f90dc9da700 1 -- 172.21.15.26:0/3566614808 <== mgr.14116 v2:172.21.15.26:6800/118366491 1 ==== mgr_command_reply(tid 0: 0 ) v1 ==== 8+0+595 (secure 0 0 0) 0x7f90d810ad20 con 0x7f90c0038870
2023-10-06T21:01:24.047 INFO:teuthology.orchestra.run.smithi026.stdout:/usr/bin/ceph: stderr
2023-10-06T21:01:23.640+0000 7f90dd9dc700 1 -- 172.21.15.26:0/3566614808 >> [v2:172.21.15.26:6800/118366491,v1:172.21.15.26:6801/118366491] conn(0x7f90c0038870 msgr2=0x7f90c003ad30 secure :-1 s=STATE_CONNECTION_ESTABLISHED l=1).mark_down
2023-10-06T21:01:24.047 INFO:teuthology.orchestra.run.smithi026.stdout:/usr/bin/ceph: stderr
2023-10-06T21:01:23.640+0000 7f90dd9dc700 1 --2- 172.21.15.26:0/3566614808 >> [v2:172.21.15.26:6800/118366491,v1:172.21.15.26:6801/118366491] conn(0x7f90c0038870 0x7f90c003ad30 secure :-1 s=READY pgs=10 cs=0 l=1 rev1=1 crypto rx=0x7f90cc006fd0 tx=0x7f90cc006e40 comp rx=0 tx=0).stop
2023-10-06T21:01:24.047 INFO:teuthology.orchestra.run.smithi026.stdout:/usr/bin/ceph: stderr
2023-10-06T21:01:23.640+0000 7f90dd9dc700 1 -- 172.21.15.26:0/3566614808 >> [v2:172.21.15.26:3300/0,v1:172.21.15.26:6789/0] conn(0x7f90d8106920 msgr2=0x7f90d819c760 secure :-1 s=STATE_CONNECTION_ESTABLISHED l=1).mark_down
2023-10-06T21:01:24.048 INFO:teuthology.orchestra.run.smithi026.stdout:/usr/bin/ceph: stderr
2023-10-06T21:01:23.640+0000 7f90dd9dc700 1 --2- 172.21.15.26:0/3566614808 >> [v2:172.21.15.26:3300/0,v1:172.21.15.26:6789/0] conn(0x7f90d8106920 0x7f90d819c760 secure :-1 s=READY pgs=40 cs=0 l=1 rev1=1 crypto rx=0x7f90c8009130 tx=0x7f90c8011ad0 comp rx=0 tx=0).stop
2023-10-06T21:01:24.048 INFO:teuthology.orchestra.run.smithi026.stdout:/usr/bin/ceph: stderr
2023-10-06T21:01:23.640+0000 7f90dd9dc700 1 -- 172.21.15.26:0/3566614808 shutdown_connections
2023-10-06T21:01:24.048 INFO:teuthology.orchestra.run.smithi026.stdout:/usr/bin/ceph: stderr
2023-10-06T21:01:23.640+0000 7f90dd9dc700 1 --2- 172.21.15.26:0/3566614808 >> [v2:172.21.15.26:6800/118366491,v1:172.21.15.26:6801/118366491] conn(0x7f90c0038870 0x7f90c003ad30 unknown :-1 s=CLOSED pgs=10 cs=0 l=1 rev1=1 crypto rx=0 tx=0 comp rx=0 tx=0).stop
2023-10-06T21:01:24.048 INFO:teuthology.orchestra.run.smithi026.stdout:/usr/bin/ceph: stderr
2023-10-06T21:01:23.640+0000 7f90dd9dc700 1 --2- 172.21.15.26:0/3566614808 >> [v2:172.21.15.26:3300/0,v1:172.21.15.26:6789/0] conn(0x7f90d8106920 0x7f90d819c760 unknown :-1 s=CLOSED pgs=40 cs=0 l=1 rev1=1 crypto rx=0 tx=0 comp rx=0 tx=0).stop
2023-10-06T21:01:24.048 INFO:teuthology.orchestra.run.smithi026.stdout:/usr/bin/ceph: stderr
2023-10-06T21:01:23.640+0000 7f90dd9dc700 1 -- 172.21.15.26:0/3566614808 >> 172.21.15.26:0/3566614808 conn(0x7f90d8101ee0 msgr2=0x7f90d8102c50 unknown :-1 s=STATE_NONE l=0).mark_down
2023-10-06T21:01:24.048 INFO:teuthology.orchestra.run.smithi026.stdout:/usr/bin/ceph: stderr
2023-10-06T21:01:23.640+0000 7f90dd9dc700 1 -- 172.21.15.26:0/3566614808 shutdown_connections
2023-10-06T21:01:24.048 INFO:teuthology.orchestra.run.smithi026.stdout:/usr/bin/ceph: stderr
2023-10-06T21:01:23.640+0000 7f90dd9dc700 1 -- 172.21.15.26:0/3566614808 wait complete.
2023-10-06T21:01:24.049 INFO:teuthology.orchestra.run.smithi026.stdout:Wrote public SSH key to /home/ubuntu/cephtest/ceph.pub
2023-10-06T21:01:24.049 INFO:teuthology.orchestra.run.smithi026.stdout:Adding key to root@localhost authorized_keys...
2023-10-06T21:01:24.049 INFO:teuthology.orchestra.run.smithi026.stdout:Adding host smithi026...
2023-10-06T21:01:24.823 INFO:journalctl@ceph.mon.a.smithi026.stdout:Oct 06 21:01:24 smithi026 ceph-mon[98490]: from='client.14134 -' entity='client.admin' cmd=[{"prefix": "cephadm get-pub-key", "target": ["mon-mgr", ""]}]: dispatch
2023-10-06T21:01:25.823 INFO:journalctl@ceph.mon.a.smithi026.stdout:Oct 06 21:01:25 smithi026 ceph-mon[98490]: from='client.14136 -' entity='client.admin' cmd=[{"prefix": "orch host add", "hostname": "smithi026", "addr": "172.21.15.26", "target": ["mon-mgr", ""]}]: dispatch
2023-10-06T21:01:26.823 INFO:journalctl@ceph.mon.a.smithi026.stdout:Oct 06 21:01:26 smithi026 ceph-mon[98490]: Deploying cephadm binary to smithi026
2023-10-06T21:01:28.631 INFO:teuthology.orchestra.run.smithi026.stdout:/usr/bin/ceph: stdout Added host 'smithi026' with addr '172.21.15.26'
2023-10-06T21:01:28.631 INFO:teuthology.orchestra.run.smithi026.stdout:/usr/bin/ceph: stderr
2023-10-06T21:01:24.581+0000 7f14348fc700 1 Processor -- start
2023-10-06T21:01:28.631 INFO:teuthology.orchestra.run.smithi026.stdout:/usr/bin/ceph: stderr
2023-10-06T21:01:24.581+0000 7f14348fc700 1 -- start start
2023-10-06T21:01:28.631 INFO:teuthology.orchestra.run.smithi026.stdout:/usr/bin/ceph: stderr
2023-10-06T21:01:24.581+0000 7f14348fc700 1 --2- >> [v2:172.21.15.26:3300/0,v1:172.21.15.26:6789/0] conn(0x7f143007bd30 0x7f143007a190 unknown :-1 s=NONE pgs=0 cs=0 l=0 rev1=0 crypto rx=0 tx=0 comp rx=0 tx=0).connect
2023-10-06T21:01:28.631 INFO:teuthology.orchestra.run.smithi026.stdout:/usr/bin/ceph: stderr
2023-10-06T21:01:24.581+0000 7f14348fc700 1 -- --> [v2:172.21.15.26:3300/0,v1:172.21.15.26:6789/0] -- mon_getmap magic: 0 v1 -- 0x7f143007a760 con 0x7f143007bd30
2023-10-06T21:01:28.631 INFO:teuthology.orchestra.run.smithi026.stdout:/usr/bin/ceph: stderr
2023-10-06T21:01:24.582+0000 7f142e59c700 1 --2- >> [v2:172.21.15.26:3300/0,v1:172.21.15.26:6789/0] conn(0x7f143007bd30 0x7f143007a190 unknown :-1 s=BANNER_CONNECTING pgs=0 cs=0 l=0 rev1=0 crypto rx=0 tx=0 comp rx=0 tx=0)._handle_peer_banner_payload supported=3 required=0
2023-10-06T21:01:28.632 INFO:teuthology.orchestra.run.smithi026.stdout:/usr/bin/ceph: stderr
2023-10-06T21:01:24.582+0000 7f142e59c700 1 --2- >> [v2:172.21.15.26:3300/0,v1:172.21.15.26:6789/0] conn(0x7f143007bd30 0x7f143007a190 unknown :-1 s=HELLO_CONNECTING pgs=0 cs=0 l=0 rev1=1 crypto rx=0 tx=0 comp rx=0 tx=0).handle_hello peer v2:172.21.15.26:3300/0 says I am v2:172.21.15.26:50854/0 (socket says 172.21.15.26:50854)
2023-10-06T21:01:28.632 INFO:teuthology.orchestra.run.smithi026.stdout:/usr/bin/ceph: stderr
2023-10-06T21:01:24.582+0000 7f142e59c700 1 -- 172.21.15.26:0/205366199 learned_addr learned my addr 172.21.15.26:0/205366199 (peer_addr_for_me v2:172.21.15.26:0/0)
2023-10-06T21:01:28.632 INFO:teuthology.orchestra.run.smithi026.stdout:/usr/bin/ceph: stderr
2023-10-06T21:01:24.582+0000 7f142e59c700 1 -- 172.21.15.26:0/205366199 --> [v2:172.21.15.26:3300/0,v1:172.21.15.26:6789/0] -- mon_subscribe({config=0+,monmap=0+}) v3 -- 0x7f143007a8a0 con 0x7f143007bd30
2023-10-06T21:01:28.632 INFO:teuthology.orchestra.run.smithi026.stdout:/usr/bin/ceph: stderr
2023-10-06T21:01:24.582+0000 7f142e59c700 1 --2- 172.21.15.26:0/205366199 >> [v2:172.21.15.26:3300/0,v1:172.21.15.26:6789/0] conn(0x7f143007bd30 0x7f143007a190 secure :-1 s=READY pgs=41 cs=0 l=1 rev1=1 crypto rx=0x7f14200098a0 tx=0x7f1420009bb0 comp rx=0 tx=0).ready entity=mon.0 client_cookie=91a5b3c064e3d816 server_cookie=0 in_seq=0 out_seq=0
2023-10-06T21:01:28.632 INFO:teuthology.orchestra.run.smithi026.stdout:/usr/bin/ceph: stderr
2023-10-06T21:01:24.583+0000 7f142d59a700 1 -- 172.21.15.26:0/205366199 <== mon.0 v2:172.21.15.26:3300/0 1 ==== mon_map magic: 0 v1 ==== 205+0+0 (secure 0 0 0) 0x7f1420004160 con 0x7f143007bd30
2023-10-06T21:01:28.632 INFO:teuthology.orchestra.run.smithi026.stdout:/usr/bin/ceph: stderr
2023-10-06T21:01:24.583+0000 7f142d59a700 1 -- 172.21.15.26:0/205366199 <== mon.0 v2:172.21.15.26:3300/0 2 ==== config(26 keys) v1 ==== 1074+0+0 (secure 0 0 0) 0x7f14200042c0 con 0x7f143007bd30
2023-10-06T21:01:28.632 INFO:teuthology.orchestra.run.smithi026.stdout:/usr/bin/ceph: stderr
2023-10-06T21:01:24.583+0000 7f142d59a700 1 -- 172.21.15.26:0/205366199 <== mon.0 v2:172.21.15.26:3300/0 3 ==== mon_map magic: 0 v1 ==== 205+0+0 (secure 0 0 0) 0x7f1420011a00 con 0x7f143007bd30
2023-10-06T21:01:28.632 INFO:teuthology.orchestra.run.smithi026.stdout:/usr/bin/ceph: stderr
2023-10-06T21:01:24.583+0000 7f14348fc700 1 -- 172.21.15.26:0/205366199 >> [v2:172.21.15.26:3300/0,v1:172.21.15.26:6789/0] conn(0x7f143007bd30 msgr2=0x7f143007a190 secure :-1 s=STATE_CONNECTION_ESTABLISHED l=1).mark_down
2023-10-06T21:01:28.632 INFO:teuthology.orchestra.run.smithi026.stdout:/usr/bin/ceph: stderr
2023-10-06T21:01:24.583+0000 7f14348fc700 1 --2- 172.21.15.26:0/205366199 >> [v2:172.21.15.26:3300/0,v1:172.21.15.26:6789/0] conn(0x7f143007bd30 0x7f143007a190 secure :-1 s=READY pgs=41 cs=0 l=1 rev1=1 crypto rx=0x7f14200098a0 tx=0x7f1420009bb0 comp rx=0 tx=0).stop
2023-10-06T21:01:28.633 INFO:teuthology.orchestra.run.smithi026.stdout:/usr/bin/ceph: stderr
2023-10-06T21:01:24.583+0000 7f14348fc700 1 -- 172.21.15.26:0/205366199 shutdown_connections
2023-10-06T21:01:28.633 INFO:teuthology.orchestra.run.smithi026.stdout:/usr/bin/ceph: stderr
2023-10-06T21:01:24.583+0000 7f14348fc700 1 --2- 172.21.15.26:0/205366199 >> [v2:172.21.15.26:3300/0,v1:172.21.15.26:6789/0] conn(0x7f143007bd30 0x7f143007a190 unknown :-1 s=CLOSED pgs=41 cs=0 l=1 rev1=1 crypto rx=0 tx=0 comp rx=0 tx=0).stop
2023-10-06T21:01:28.633 INFO:teuthology.orchestra.run.smithi026.stdout:/usr/bin/ceph: stderr
2023-10-06T21:01:24.583+0000 7f14348fc700 1 -- 172.21.15.26:0/205366199 >> 172.21.15.26:0/205366199 conn(0x7f1430101ec0 msgr2=0x7f14301042e0 unknown :-1 s=STATE_NONE l=0).mark_down
2023-10-06T21:01:28.633 INFO:teuthology.orchestra.run.smithi026.stdout:/usr/bin/ceph: stderr
2023-10-06T21:01:24.584+0000 7f14348fc700 1 -- 172.21.15.26:0/205366199 shutdown_connections
2023-10-06T21:01:28.633 INFO:teuthology.orchestra.run.smithi026.stdout:/usr/bin/ceph: stderr
2023-10-06T21:01:24.584+0000 7f14348fc700 1 -- 172.21.15.26:0/205366199 wait complete.
2023-10-06T21:01:28.633 INFO:teuthology.orchestra.run.smithi026.stdout:/usr/bin/ceph: stderr
2023-10-06T21:01:24.585+0000 7f14348fc700 1 Processor -- start
2023-10-06T21:01:28.633 INFO:teuthology.orchestra.run.smithi026.stdout:/usr/bin/ceph: stderr
2023-10-06T21:01:24.585+0000 7f14348fc700 1 -- start start
2023-10-06T21:01:28.633 INFO:teuthology.orchestra.run.smithi026.stdout:/usr/bin/ceph: stderr
2023-10-06T21:01:24.585+0000 7f14348fc700 1 --2- >> [v2:172.21.15.26:3300/0,v1:172.21.15.26:6789/0] conn(0x7f143007bd30 0x7f143019c780 unknown :-1 s=NONE pgs=0 cs=0 l=1 rev1=0 crypto rx=0 tx=0 comp rx=0 tx=0).connect
2023-10-06T21:01:28.633 INFO:teuthology.orchestra.run.smithi026.stdout:/usr/bin/ceph: stderr
2023-10-06T21:01:24.585+0000 7f14348fc700 1 -- --> [v2:172.21.15.26:3300/0,v1:172.21.15.26:6789/0] -- mon_getmap magic: 0 v1 -- 0x7f143019ccc0 con 0x7f143007bd30
2023-10-06T21:01:28.633 INFO:teuthology.orchestra.run.smithi026.stdout:/usr/bin/ceph: stderr
2023-10-06T21:01:24.585+0000 7f142e59c700 1 --2- >> [v2:172.21.15.26:3300/0,v1:172.21.15.26:6789/0] conn(0x7f143007bd30 0x7f143019c780 unknown :-1 s=BANNER_CONNECTING pgs=0 cs=0 l=1 rev1=0 crypto rx=0 tx=0 comp rx=0 tx=0)._handle_peer_banner_payload supported=3 required=0
2023-10-06T21:01:28.634 INFO:teuthology.orchestra.run.smithi026.stdout:/usr/bin/ceph: stderr
2023-10-06T21:01:24.585+0000 7f142e59c700 1 --2- >> [v2:172.21.15.26:3300/0,v1:172.21.15.26:6789/0] conn(0x7f143007bd30 0x7f143019c780 unknown :-1 s=HELLO_CONNECTING pgs=0 cs=0 l=1 rev1=1 crypto rx=0 tx=0 comp rx=0 tx=0).handle_hello peer v2:172.21.15.26:3300/0 says I am v2:172.21.15.26:50870/0 (socket says 172.21.15.26:50870)
2023-10-06T21:01:28.634 INFO:teuthology.orchestra.run.smithi026.stdout:/usr/bin/ceph: stderr
2023-10-06T21:01:24.585+0000 7f142e59c700 1 -- 172.21.15.26:0/349860330 learned_addr learned my addr 172.21.15.26:0/349860330 (peer_addr_for_me v2:172.21.15.26:0/0)
2023-10-06T21:01:28.634 INFO:teuthology.orchestra.run.smithi026.stdout:/usr/bin/ceph: stderr
2023-10-06T21:01:24.586+0000 7f142e59c700 1 -- 172.21.15.26:0/349860330 --> [v2:172.21.15.26:3300/0,v1:172.21.15.26:6789/0] -- mon_subscribe({config=0+,monmap=0+}) v3 -- 0x7f1420009550 con 0x7f143007bd30
2023-10-06T21:01:28.634 INFO:teuthology.orchestra.run.smithi026.stdout:/usr/bin/ceph: stderr
2023-10-06T21:01:24.586+0000 7f142e59c700 1 --2- 172.21.15.26:0/349860330 >> [v2:172.21.15.26:3300/0,v1:172.21.15.26:6789/0] conn(0x7f143007bd30 0x7f143019c780 secure :-1 s=READY pgs=42 cs=0 l=1 rev1=1 crypto rx=0x7f1420009130 tx=0x7f1420011ad0 comp rx=0 tx=0).ready entity=mon.0 client_cookie=0 server_cookie=0 in_seq=0 out_seq=0
2023-10-06T21:01:28.634 INFO:teuthology.orchestra.run.smithi026.stdout:/usr/bin/ceph: stderr
2023-10-06T21:01:24.586+0000 7f141f7fe700 1 -- 172.21.15.26:0/349860330 <== mon.0 v2:172.21.15.26:3300/0 1 ==== mon_map magic: 0 v1 ==== 205+0+0 (secure 0 0 0) 0x7f1420003ab0 con 0x7f143007bd30
2023-10-06T21:01:28.634 INFO:teuthology.orchestra.run.smithi026.stdout:/usr/bin/ceph: stderr
2023-10-06T21:01:24.586+0000 7f141f7fe700 1 -- 172.21.15.26:0/349860330 <== mon.0 v2:172.21.15.26:3300/0 2 ==== config(26 keys) v1 ==== 1074+0+0 (secure 0 0 0) 0x7f1420003c10 con 0x7f143007bd30
2023-10-06T21:01:28.634 INFO:teuthology.orchestra.run.smithi026.stdout:/usr/bin/ceph: stderr
2023-10-06T21:01:24.586+0000 7f14348fc700 1 -- 172.21.15.26:0/349860330 --> [v2:172.21.15.26:3300/0,v1:172.21.15.26:6789/0] -- mon_subscribe({mgrmap=0+}) v3 -- 0x7f143019cec0 con 0x7f143007bd30
2023-10-06T21:01:28.634 INFO:teuthology.orchestra.run.smithi026.stdout:/usr/bin/ceph: stderr
2023-10-06T21:01:24.586+0000 7f141f7fe700 1 -- 172.21.15.26:0/349860330 <== mon.0 v2:172.21.15.26:3300/0 3 ==== mon_map magic: 0 v1 ==== 205+0+0 (secure 0 0 0) 0x7f14200247d0 con 0x7f143007bd30
2023-10-06T21:01:28.634 INFO:teuthology.orchestra.run.smithi026.stdout:/usr/bin/ceph: stderr
2023-10-06T21:01:24.586+0000 7f14348fc700 1 -- 172.21.15.26:0/349860330 --> [v2:172.21.15.26:3300/0,v1:172.21.15.26:6789/0] -- mon_subscribe({osdmap=0}) v3 -- 0x7f143019d360 con 0x7f143007bd30
2023-10-06T21:01:28.634 INFO:teuthology.orchestra.run.smithi026.stdout:/usr/bin/ceph: stderr
2023-10-06T21:01:24.587+0000 7f141f7fe700 1 -- 172.21.15.26:0/349860330 <== mon.0 v2:172.21.15.26:3300/0 4 ==== mgrmap(e 8) v1 ==== 45579+0+0 (secure 0 0 0) 0x7f142002d3f0 con 0x7f143007bd30
2023-10-06T21:01:28.634 INFO:teuthology.orchestra.run.smithi026.stdout:/usr/bin/ceph: stderr
2023-10-06T21:01:24.587+0000 7f14348fc700 1 -- 172.21.15.26:0/349860330 --> [v2:172.21.15.26:3300/0,v1:172.21.15.26:6789/0] -- mon_command({"prefix": "get_command_descriptions"} v 0) v1 -- 0x7f143010ccd0 con 0x7f143007bd30
2023-10-06T21:01:28.635 INFO:teuthology.orchestra.run.smithi026.stdout:/usr/bin/ceph: stderr
2023-10-06T21:01:24.588+0000 7f141f7fe700 1 --2- 172.21.15.26:0/349860330 >> [v2:172.21.15.26:6800/118366491,v1:172.21.15.26:6801/118366491] conn(0x7f1418038870 0x7f141803ad30 unknown :-1 s=NONE pgs=0 cs=0 l=1 rev1=0 crypto rx=0 tx=0 comp rx=0 tx=0).connect
2023-10-06T21:01:28.635 INFO:teuthology.orchestra.run.smithi026.stdout:/usr/bin/ceph: stderr
2023-10-06T21:01:24.588+0000 7f141f7fe700 1 -- 172.21.15.26:0/349860330 <== mon.0 v2:172.21.15.26:3300/0 5 ==== osd_map(2..2 src has 1..2) v4 ==== 940+0+0 (secure 0 0 0) 0x7f142004cbb0 con 0x7f143007bd30
2023-10-06T21:01:28.635 INFO:teuthology.orchestra.run.smithi026.stdout:/usr/bin/ceph: stderr
2023-10-06T21:01:24.588+0000 7f142dd9b700 1 --2- 172.21.15.26:0/349860330 >> [v2:172.21.15.26:6800/118366491,v1:172.21.15.26:6801/118366491] conn(0x7f1418038870 0x7f141803ad30 unknown :-1 s=BANNER_CONNECTING pgs=0 cs=0 l=1 rev1=0 crypto rx=0 tx=0 comp rx=0 tx=0)._handle_peer_banner_payload supported=3 required=0
2023-10-06T21:01:28.635 INFO:teuthology.orchestra.run.smithi026.stdout:/usr/bin/ceph: stderr
2023-10-06T21:01:24.589+0000 7f142dd9b700 1 --2- 172.21.15.26:0/349860330 >> [v2:172.21.15.26:6800/118366491,v1:172.21.15.26:6801/118366491] conn(0x7f1418038870 0x7f141803ad30 secure :-1 s=READY pgs=11 cs=0 l=1 rev1=1 crypto rx=0x7f1424006fd0 tx=0x7f1424006e40 comp rx=0 tx=0).ready entity=mgr.14116 client_cookie=0 server_cookie=0 in_seq=0 out_seq=0
2023-10-06T21:01:28.635 INFO:teuthology.orchestra.run.smithi026.stdout:/usr/bin/ceph: stderr
2023-10-06T21:01:24.593+0000 7f141f7fe700 1 -- 172.21.15.26:0/349860330 <== mon.0 v2:172.21.15.26:3300/0 6 ==== mon_command_ack([{"prefix": "get_command_descriptions"}]=0 v0) v1 ==== 72+0+180459 (secure 0 0 0) 0x7f142001a8d0 con 0x7f143007bd30
2023-10-06T21:01:28.635 INFO:teuthology.orchestra.run.smithi026.stdout:/usr/bin/ceph: stderr
2023-10-06T21:01:24.808+0000 7f14348fc700 1 -- 172.21.15.26:0/349860330 --> [v2:172.21.15.26:6800/118366491,v1:172.21.15.26:6801/118366491] -- mgr_command(tid 0: {"prefix": "orch host add", "hostname": "smithi026", "addr": "172.21.15.26", "target": ["mon-mgr", ""]}) v1 -- 0x7f14301033c0 con 0x7f1418038870
2023-10-06T21:01:28.635 INFO:teuthology.orchestra.run.smithi026.stdout:/usr/bin/ceph: stderr
2023-10-06T21:01:28.169+0000 7f141f7fe700 1 -- 172.21.15.26:0/349860330 <== mgr.14116 v2:172.21.15.26:6800/118366491 1 ==== mgr_command_reply(tid 0: 0 ) v1 ==== 8+0+48 (secure 0 0 0) 0x7f14301033c0 con 0x7f1418038870
2023-10-06T21:01:28.635 INFO:teuthology.orchestra.run.smithi026.stdout:/usr/bin/ceph: stderr
2023-10-06T21:01:28.172+0000 7f14348fc700 1 -- 172.21.15.26:0/349860330 >> [v2:172.21.15.26:6800/118366491,v1:172.21.15.26:6801/118366491] conn(0x7f1418038870 msgr2=0x7f141803ad30 secure :-1 s=STATE_CONNECTION_ESTABLISHED l=1).mark_down
2023-10-06T21:01:28.635 INFO:teuthology.orchestra.run.smithi026.stdout:/usr/bin/ceph: stderr
2023-10-06T21:01:28.172+0000 7f14348fc700 1 --2- 172.21.15.26:0/349860330 >> [v2:172.21.15.26:6800/118366491,v1:172.21.15.26:6801/118366491] conn(0x7f1418038870 0x7f141803ad30 secure :-1 s=READY pgs=11 cs=0 l=1 rev1=1 crypto rx=0x7f1424006fd0 tx=0x7f1424006e40 comp rx=0 tx=0).stop
2023-10-06T21:01:28.635 INFO:teuthology.orchestra.run.smithi026.stdout:/usr/bin/ceph: stderr
2023-10-06T21:01:28.172+0000 7f14348fc700 1 -- 172.21.15.26:0/349860330 >> [v2:172.21.15.26:3300/0,v1:172.21.15.26:6789/0] conn(0x7f143007bd30 msgr2=0x7f143019c780 secure :-1 s=STATE_CONNECTION_ESTABLISHED l=1).mark_down
2023-10-06T21:01:28.635 INFO:teuthology.orchestra.run.smithi026.stdout:/usr/bin/ceph: stderr
2023-10-06T21:01:28.172+0000 7f14348fc700 1 --2- 172.21.15.26:0/349860330 >> [v2:172.21.15.26:3300/0,v1:172.21.15.26:6789/0] conn(0x7f143007bd30 0x7f143019c780 secure :-1 s=READY pgs=42 cs=0 l=1 rev1=1 crypto rx=0x7f1420009130 tx=0x7f1420011ad0 comp rx=0 tx=0).stop
2023-10-06T21:01:28.636 INFO:teuthology.orchestra.run.smithi026.stdout:/usr/bin/ceph: stderr
2023-10-06T21:01:28.172+0000 7f14348fc700 1 -- 172.21.15.26:0/349860330 shutdown_connections
2023-10-06T21:01:28.636 INFO:teuthology.orchestra.run.smithi026.stdout:/usr/bin/ceph: stderr
2023-10-06T21:01:28.172+0000 7f14348fc700 1 --2- 172.21.15.26:0/349860330 >> [v2:172.21.15.26:6800/118366491,v1:172.21.15.26:6801/118366491] conn(0x7f1418038870 0x7f141803ad30 unknown :-1 s=CLOSED pgs=11 cs=0 l=1 rev1=1 crypto rx=0 tx=0 comp rx=0 tx=0).stop
2023-10-06T21:01:28.636 INFO:teuthology.orchestra.run.smithi026.stdout:/usr/bin/ceph: stderr
2023-10-06T21:01:28.172+0000 7f14348fc700 1 --2- 172.21.15.26:0/349860330 >> [v2:172.21.15.26:3300/0,v1:172.21.15.26:6789/0] conn(0x7f143007bd30 0x7f143019c780 unknown :-1 s=CLOSED pgs=42 cs=0 l=1 rev1=1 crypto rx=0 tx=0 comp rx=0 tx=0).stop
2023-10-06T21:01:28.636 INFO:teuthology.orchestra.run.smithi026.stdout:/usr/bin/ceph: stderr
2023-10-06T21:01:28.172+0000 7f14348fc700 1 -- 172.21.15.26:0/349860330 >> 172.21.15.26:0/349860330 conn(0x7f1430101ec0 msgr2=0x7f1430102cb0 unknown :-1 s=STATE_NONE l=0).mark_down
2023-10-06T21:01:28.636 INFO:teuthology.orchestra.run.smithi026.stdout:/usr/bin/ceph: stderr
2023-10-06T21:01:28.173+0000 7f14348fc700 1 -- 172.21.15.26:0/349860330 shutdown_connections
2023-10-06T21:01:28.636 INFO:teuthology.orchestra.run.smithi026.stdout:/usr/bin/ceph: stderr
2023-10-06T21:01:28.173+0000 7f14348fc700 1 -- 172.21.15.26:0/349860330 wait complete.
2023-10-06T21:01:28.637 INFO:teuthology.orchestra.run.smithi026.stdout:Deploying unmanaged mon service...
2023-10-06T21:01:29.471 INFO:journalctl@ceph.mon.a.smithi026.stdout:Oct 06 21:01:29 smithi026 ceph-mon[98490]: from='mgr.14116 172.21.15.26:0/2550269524' entity='mgr.x'
2023-10-06T21:01:29.471 INFO:journalctl@ceph.mon.a.smithi026.stdout:Oct 06 21:01:29 smithi026 ceph-mon[98490]: Added host smithi026
2023-10-06T21:01:29.471 INFO:journalctl@ceph.mon.a.smithi026.stdout:Oct 06 21:01:29 smithi026 ceph-mon[98490]: from='mgr.14116 172.21.15.26:0/2550269524' entity='mgr.x' cmd=[{"prefix": "config dump", "format": "json"}]: dispatch
2023-10-06T21:01:29.911 INFO:teuthology.orchestra.run.smithi026.stdout:/usr/bin/ceph: stdout Scheduled mon update...
2023-10-06T21:01:29.912 INFO:teuthology.orchestra.run.smithi026.stdout:/usr/bin/ceph: stderr
2023-10-06T21:01:29.198+0000 7ff1c1701700 1 Processor -- start
2023-10-06T21:01:29.912 INFO:teuthology.orchestra.run.smithi026.stdout:/usr/bin/ceph: stderr
2023-10-06T21:01:29.198+0000 7ff1c1701700 1 -- start start
2023-10-06T21:01:29.912 INFO:teuthology.orchestra.run.smithi026.stdout:/usr/bin/ceph: stderr
2023-10-06T21:01:29.199+0000 7ff1c1701700 1 --2- >> [v2:172.21.15.26:3300/0,v1:172.21.15.26:6789/0] conn(0x7ff1bc07bd10 0x7ff1bc07a170 unknown :-1 s=NONE pgs=0 cs=0 l=0 rev1=0 crypto rx=0 tx=0 comp rx=0 tx=0).connect
2023-10-06T21:01:29.912 INFO:teuthology.orchestra.run.smithi026.stdout:/usr/bin/ceph: stderr
2023-10-06T21:01:29.199+0000 7ff1c1701700 1 -- --> [v2:172.21.15.26:3300/0,v1:172.21.15.26:6789/0] -- mon_getmap magic: 0 v1 -- 0x7ff1bc07a740 con 0x7ff1bc07bd10
2023-10-06T21:01:29.912 INFO:teuthology.orchestra.run.smithi026.stdout:/usr/bin/ceph: stderr
2023-10-06T21:01:29.199+0000 7ff1baffd700 1 --2- >> [v2:172.21.15.26:3300/0,v1:172.21.15.26:6789/0] conn(0x7ff1bc07bd10 0x7ff1bc07a170 unknown :-1 s=BANNER_CONNECTING pgs=0 cs=0 l=0 rev1=0 crypto rx=0 tx=0 comp rx=0 tx=0)._handle_peer_banner_payload supported=3 required=0
2023-10-06T21:01:29.912 INFO:teuthology.orchestra.run.smithi026.stdout:/usr/bin/ceph: stderr
2023-10-06T21:01:29.199+0000 7ff1baffd700 1 --2- >> [v2:172.21.15.26:3300/0,v1:172.21.15.26:6789/0] conn(0x7ff1bc07bd10 0x7ff1bc07a170 unknown :-1 s=HELLO_CONNECTING pgs=0 cs=0 l=0 rev1=1 crypto rx=0 tx=0 comp rx=0 tx=0).handle_hello peer v2:172.21.15.26:3300/0 says I am v2:172.21.15.26:50884/0 (socket says 172.21.15.26:50884)
2023-10-06T21:01:29.912 INFO:teuthology.orchestra.run.smithi026.stdout:/usr/bin/ceph: stderr
2023-10-06T21:01:29.199+0000 7ff1baffd700 1 -- 172.21.15.26:0/1599056759 learned_addr learned my addr 172.21.15.26:0/1599056759 (peer_addr_for_me v2:172.21.15.26:0/0)
2023-10-06T21:01:29.912 INFO:teuthology.orchestra.run.smithi026.stdout:/usr/bin/ceph: stderr
2023-10-06T21:01:29.200+0000 7ff1baffd700 1 -- 172.21.15.26:0/1599056759 --> [v2:172.21.15.26:3300/0,v1:172.21.15.26:6789/0] -- mon_subscribe({config=0+,monmap=0+}) v3 -- 0x7ff1bc07a880 con 0x7ff1bc07bd10
2023-10-06T21:01:29.913 INFO:teuthology.orchestra.run.smithi026.stdout:/usr/bin/ceph: stderr
2023-10-06T21:01:29.200+0000 7ff1baffd700 1 --2- 172.21.15.26:0/1599056759 >> [v2:172.21.15.26:3300/0,v1:172.21.15.26:6789/0] conn(0x7ff1bc07bd10 0x7ff1bc07a170 secure :-1 s=READY pgs=43 cs=0 l=1 rev1=1 crypto rx=0x7ff1ac0098a0 tx=0x7ff1ac009bb0 comp rx=0 tx=0).ready entity=mon.0 client_cookie=881f60d567a19563 server_cookie=0 in_seq=0 out_seq=0
2023-10-06T21:01:29.913 INFO:teuthology.orchestra.run.smithi026.stdout:/usr/bin/ceph: stderr
2023-10-06T21:01:29.200+0000 7ff1b9ffb700 1 -- 172.21.15.26:0/1599056759 <== mon.0 v2:172.21.15.26:3300/0 1 ==== mon_map magic: 0 v1 ==== 205+0+0 (secure 0 0 0) 0x7ff1ac004160 con 0x7ff1bc07bd10
2023-10-06T21:01:29.913 INFO:teuthology.orchestra.run.smithi026.stdout:/usr/bin/ceph: stderr
2023-10-06T21:01:29.200+0000 7ff1b9ffb700 1 -- 172.21.15.26:0/1599056759 <== mon.0 v2:172.21.15.26:3300/0 2 ==== config(26 keys) v1 ==== 1074+0+0 (secure 0 0 0) 0x7ff1ac0042c0 con 0x7ff1bc07bd10
2023-10-06T21:01:29.913 INFO:teuthology.orchestra.run.smithi026.stdout:/usr/bin/ceph: stderr
2023-10-06T21:01:29.200+0000 7ff1b9ffb700 1 -- 172.21.15.26:0/1599056759 <== mon.0 v2:172.21.15.26:3300/0 3 ==== mon_map magic: 0 v1 ==== 205+0+0 (secure 0 0 0) 0x7ff1ac011a00 con 0x7ff1bc07bd10
2023-10-06T21:01:29.913 INFO:teuthology.orchestra.run.smithi026.stdout:/usr/bin/ceph: stderr
2023-10-06T21:01:29.201+0000 7ff1c1701700 1 -- 172.21.15.26:0/1599056759 >> [v2:172.21.15.26:3300/0,v1:172.21.15.26:6789/0] conn(0x7ff1bc07bd10 msgr2=0x7ff1bc07a170 secure :-1 s=STATE_CONNECTION_ESTABLISHED l=1).mark_down
2023-10-06T21:01:29.913 INFO:teuthology.orchestra.run.smithi026.stdout:/usr/bin/ceph: stderr
2023-10-06T21:01:29.201+0000 7ff1c1701700 1 --2- 172.21.15.26:0/1599056759 >> [v2:172.21.15.26:3300/0,v1:172.21.15.26:6789/0] conn(0x7ff1bc07bd10 0x7ff1bc07a170 secure :-1 s=READY pgs=43 cs=0 l=1 rev1=1 crypto rx=0x7ff1ac0098a0 tx=0x7ff1ac009bb0 comp rx=0 tx=0).stop
2023-10-06T21:01:29.913 INFO:teuthology.orchestra.run.smithi026.stdout:/usr/bin/ceph: stderr
2023-10-06T21:01:29.201+0000 7ff1c1701700 1 -- 172.21.15.26:0/1599056759 shutdown_connections
2023-10-06T21:01:29.913 INFO:teuthology.orchestra.run.smithi026.stdout:/usr/bin/ceph: stderr
2023-10-06T21:01:29.201+0000 7ff1c1701700 1 --2- 172.21.15.26:0/1599056759 >> [v2:172.21.15.26:3300/0,v1:172.21.15.26:6789/0] conn(0x7ff1bc07bd10 0x7ff1bc07a170 unknown :-1 s=CLOSED pgs=43 cs=0 l=1 rev1=1 crypto rx=0 tx=0 comp rx=0 tx=0).stop
2023-10-06T21:01:29.913 INFO:teuthology.orchestra.run.smithi026.stdout:/usr/bin/ceph: stderr
2023-10-06T21:01:29.201+0000 7ff1c1701700 1 -- 172.21.15.26:0/1599056759 >> 172.21.15.26:0/1599056759 conn(0x7ff1bc101ec0 msgr2=0x7ff1bc1042e0 unknown :-1 s=STATE_NONE l=0).mark_down
2023-10-06T21:01:29.914 INFO:teuthology.orchestra.run.smithi026.stdout:/usr/bin/ceph: stderr
2023-10-06T21:01:29.201+0000 7ff1c1701700 1 -- 172.21.15.26:0/1599056759 shutdown_connections
2023-10-06T21:01:29.914 INFO:teuthology.orchestra.run.smithi026.stdout:/usr/bin/ceph: stderr
2023-10-06T21:01:29.201+0000 7ff1c1701700 1 -- 172.21.15.26:0/1599056759 wait complete.
2023-10-06T21:01:29.914 INFO:teuthology.orchestra.run.smithi026.stdout:/usr/bin/ceph: stderr
2023-10-06T21:01:29.202+0000 7ff1c1701700 1 Processor -- start
2023-10-06T21:01:29.914 INFO:teuthology.orchestra.run.smithi026.stdout:/usr/bin/ceph: stderr
2023-10-06T21:01:29.202+0000 7ff1c1701700 1 -- start start
2023-10-06T21:01:29.914 INFO:teuthology.orchestra.run.smithi026.stdout:/usr/bin/ceph: stderr
2023-10-06T21:01:29.202+0000 7ff1c1701700 1 --2- >> [v2:172.21.15.26:3300/0,v1:172.21.15.26:6789/0] conn(0x7ff1bc07bd10 0x7ff1bc19c7a0 unknown :-1 s=NONE pgs=0 cs=0 l=1 rev1=0 crypto rx=0 tx=0 comp rx=0 tx=0).connect
2023-10-06T21:01:29.914 INFO:teuthology.orchestra.run.smithi026.stdout:/usr/bin/ceph: stderr
2023-10-06T21:01:29.202+0000 7ff1c1701700 1 -- --> [v2:172.21.15.26:3300/0,v1:172.21.15.26:6789/0] -- mon_getmap magic: 0 v1 -- 0x7ff1bc19cce0 con 0x7ff1bc07bd10
2023-10-06T21:01:29.914 INFO:teuthology.orchestra.run.smithi026.stdout:/usr/bin/ceph: stderr
2023-10-06T21:01:29.203+0000 7ff1baffd700 1 --2- >> [v2:172.21.15.26:3300/0,v1:172.21.15.26:6789/0] conn(0x7ff1bc07bd10 0x7ff1bc19c7a0 unknown :-1 s=BANNER_CONNECTING pgs=0 cs=0 l=1 rev1=0 crypto rx=0 tx=0 comp rx=0 tx=0)._handle_peer_banner_payload supported=3 required=0
2023-10-06T21:01:29.914 INFO:teuthology.orchestra.run.smithi026.stdout:/usr/bin/ceph: stderr
2023-10-06T21:01:29.203+0000 7ff1baffd700 1 --2- >> [v2:172.21.15.26:3300/0,v1:172.21.15.26:6789/0] conn(0x7ff1bc07bd10 0x7ff1bc19c7a0 unknown :-1 s=HELLO_CONNECTING pgs=0 cs=0 l=1 rev1=1 crypto rx=0 tx=0 comp rx=0 tx=0).handle_hello peer v2:172.21.15.26:3300/0 says I am v2:172.21.15.26:50896/0 (socket says 172.21.15.26:50896)
2023-10-06T21:01:29.914 INFO:teuthology.orchestra.run.smithi026.stdout:/usr/bin/ceph: stderr
2023-10-06T21:01:29.203+0000 7ff1baffd700 1 -- 172.21.15.26:0/2273559552 learned_addr learned my addr 172.21.15.26:0/2273559552 (peer_addr_for_me v2:172.21.15.26:0/0)
2023-10-06T21:01:29.915 INFO:teuthology.orchestra.run.smithi026.stdout:/usr/bin/ceph: stderr
2023-10-06T21:01:29.203+0000 7ff1baffd700 1 -- 172.21.15.26:0/2273559552 --> [v2:172.21.15.26:3300/0,v1:172.21.15.26:6789/0] -- mon_subscribe({config=0+,monmap=0+}) v3 -- 0x7ff1ac009550 con 0x7ff1bc07bd10
2023-10-06T21:01:29.915 INFO:teuthology.orchestra.run.smithi026.stdout:/usr/bin/ceph: stderr
2023-10-06T21:01:29.203+0000 7ff1baffd700 1 --2- 172.21.15.26:0/2273559552 >> [v2:172.21.15.26:3300/0,v1:172.21.15.26:6789/0] conn(0x7ff1bc07bd10 0x7ff1bc19c7a0 secure :-1 s=READY pgs=44 cs=0 l=1 rev1=1 crypto rx=0x7ff1ac009130 tx=0x7ff1ac011ad0 comp rx=0 tx=0).ready entity=mon.0 client_cookie=0 server_cookie=0 in_seq=0 out_seq=0
2023-10-06T21:01:29.915 INFO:teuthology.orchestra.run.smithi026.stdout:/usr/bin/ceph: stderr
2023-10-06T21:01:29.204+0000 7ff1a3fff700 1 -- 172.21.15.26:0/2273559552 <== mon.0 v2:172.21.15.26:3300/0 1 ==== mon_map magic: 0 v1 ==== 205+0+0 (secure 0 0 0) 0x7ff1ac003b70 con 0x7ff1bc07bd10
2023-10-06T21:01:29.915 INFO:teuthology.orchestra.run.smithi026.stdout:/usr/bin/ceph: stderr
2023-10-06T21:01:29.204+0000 7ff1a3fff700 1 -- 172.21.15.26:0/2273559552 <== mon.0 v2:172.21.15.26:3300/0 2 ==== config(26 keys) v1 ==== 1074+0+0 (secure 0 0 0) 0x7ff1ac003cd0 con 0x7ff1bc07bd10
2023-10-06T21:01:29.915 INFO:teuthology.orchestra.run.smithi026.stdout:/usr/bin/ceph: stderr
2023-10-06T21:01:29.204+0000 7ff1c1701700 1 -- 172.21.15.26:0/2273559552 --> [v2:172.21.15.26:3300/0,v1:172.21.15.26:6789/0] -- mon_subscribe({mgrmap=0+}) v3 -- 0x7ff1bc19cee0 con 0x7ff1bc07bd10
2023-10-06T21:01:29.915 INFO:teuthology.orchestra.run.smithi026.stdout:/usr/bin/ceph: stderr
2023-10-06T21:01:29.204+0000 7ff1a3fff700 1 -- 172.21.15.26:0/2273559552 <== mon.0 v2:172.21.15.26:3300/0 3 ==== mon_map magic: 0 v1 ==== 205+0+0 (secure 0 0 0) 0x7ff1ac0197d0 con 0x7ff1bc07bd10
2023-10-06T21:01:29.915 INFO:teuthology.orchestra.run.smithi026.stdout:/usr/bin/ceph: stderr
2023-10-06T21:01:29.204+0000 7ff1c1701700 1 -- 172.21.15.26:0/2273559552 --> [v2:172.21.15.26:3300/0,v1:172.21.15.26:6789/0] -- mon_subscribe({osdmap=0}) v3 -- 0x7ff1bc19d380 con 0x7ff1bc07bd10
2023-10-06T21:01:29.915 INFO:teuthology.orchestra.run.smithi026.stdout:/usr/bin/ceph: stderr
2023-10-06T21:01:29.205+0000 7ff1a3fff700 1 -- 172.21.15.26:0/2273559552 <== mon.0 v2:172.21.15.26:3300/0 4 ==== mgrmap(e 8) v1 ==== 45579+0+0 (secure 0 0 0) 0x7ff1ac01a430 con 0x7ff1bc07bd10
2023-10-06T21:01:29.915 INFO:teuthology.orchestra.run.smithi026.stdout:/usr/bin/ceph: stderr
2023-10-06T21:01:29.205+0000 7ff1c1701700 1 -- 172.21.15.26:0/2273559552 --> [v2:172.21.15.26:3300/0,v1:172.21.15.26:6789/0] -- mon_command({"prefix": "get_command_descriptions"} v 0) v1 -- 0x7ff1bc10ccf0 con 0x7ff1bc07bd10
2023-10-06T21:01:29.916 INFO:teuthology.orchestra.run.smithi026.stdout:/usr/bin/ceph: stderr
2023-10-06T21:01:29.205+0000 7ff1a3fff700 1 --2- 172.21.15.26:0/2273559552 >> [v2:172.21.15.26:6800/118366491,v1:172.21.15.26:6801/118366491] conn(0x7ff1a4038820 0x7ff1a403ace0 unknown :-1 s=NONE pgs=0 cs=0 l=1 rev1=0 crypto rx=0 tx=0 comp rx=0 tx=0).connect
2023-10-06T21:01:29.916 INFO:teuthology.orchestra.run.smithi026.stdout:/usr/bin/ceph: stderr
2023-10-06T21:01:29.205+0000 7ff1a3fff700 1 -- 172.21.15.26:0/2273559552 <== mon.0 v2:172.21.15.26:3300/0 5 ==== osd_map(2..2 src has 1..2) v4 ==== 940+0+0 (secure 0 0 0) 0x7ff1ac04cb30 con 0x7ff1bc07bd10
2023-10-06T21:01:29.916 INFO:teuthology.orchestra.run.smithi026.stdout:/usr/bin/ceph: stderr
2023-10-06T21:01:29.205+0000 7ff1ba7fc700 1 --2- 172.21.15.26:0/2273559552 >> [v2:172.21.15.26:6800/118366491,v1:172.21.15.26:6801/118366491] conn(0x7ff1a4038820 0x7ff1a403ace0 unknown :-1 s=BANNER_CONNECTING pgs=0 cs=0 l=1 rev1=0 crypto rx=0 tx=0 comp rx=0 tx=0)._handle_peer_banner_payload supported=3 required=0
2023-10-06T21:01:29.916 INFO:teuthology.orchestra.run.smithi026.stdout:/usr/bin/ceph: stderr
2023-10-06T21:01:29.206+0000 7ff1ba7fc700 1 --2- 172.21.15.26:0/2273559552 >> [v2:172.21.15.26:6800/118366491,v1:172.21.15.26:6801/118366491] conn(0x7ff1a4038820 0x7ff1a403ace0 secure :-1 s=READY pgs=12 cs=0 l=1 rev1=1 crypto rx=0x7ff1b0006fd0 tx=0x7ff1b0006e40 comp rx=0 tx=0).ready entity=mgr.14116 client_cookie=0 server_cookie=0 in_seq=0 out_seq=0
2023-10-06T21:01:29.916 INFO:teuthology.orchestra.run.smithi026.stdout:/usr/bin/ceph: stderr
2023-10-06T21:01:29.211+0000 7ff1a3fff700 1 -- 172.21.15.26:0/2273559552 <== mon.0 v2:172.21.15.26:3300/0 6 ==== mon_command_ack([{"prefix": "get_command_descriptions"}]=0 v0) v1 ==== 72+0+180459 (secure 0 0 0) 0x7ff1ac02d960 con 0x7ff1bc07bd10
2023-10-06T21:01:29.916 INFO:teuthology.orchestra.run.smithi026.stdout:/usr/bin/ceph: stderr
2023-10-06T21:01:29.439+0000 7ff1c1701700 1 -- 172.21.15.26:0/2273559552 --> [v2:172.21.15.26:6800/118366491,v1:172.21.15.26:6801/118366491] -- mgr_command(tid 0: {"prefix": "orch apply", "service_type": "mon", "unmanaged": true, "target": ["mon-mgr", ""]}) v1 -- 0x7ff1bc104180 con 0x7ff1a4038820
2023-10-06T21:01:29.916 INFO:teuthology.orchestra.run.smithi026.stdout:/usr/bin/ceph: stderr
2023-10-06T21:01:29.444+0000 7ff1a3fff700 1 -- 172.21.15.26:0/2273559552 <== mgr.14116 v2:172.21.15.26:6800/118366491 1 ==== mgr_command_reply(tid 0: 0 ) v1 ==== 8+0+24 (secure 0 0 0) 0x7ff1bc104180 con 0x7ff1a4038820
2023-10-06T21:01:29.916 INFO:teuthology.orchestra.run.smithi026.stdout:/usr/bin/ceph: stderr
2023-10-06T21:01:29.446+0000 7ff1c1701700 1 -- 172.21.15.26:0/2273559552 >> [v2:172.21.15.26:6800/118366491,v1:172.21.15.26:6801/118366491] conn(0x7ff1a4038820 msgr2=0x7ff1a403ace0 secure :-1 s=STATE_CONNECTION_ESTABLISHED l=1).mark_down
2023-10-06T21:01:29.916 INFO:teuthology.orchestra.run.smithi026.stdout:/usr/bin/ceph: stderr
2023-10-06T21:01:29.446+0000 7ff1c1701700 1 --2- 172.21.15.26:0/2273559552 >> [v2:172.21.15.26:6800/118366491,v1:172.21.15.26:6801/118366491] conn(0x7ff1a4038820 0x7ff1a403ace0 secure :-1 s=READY pgs=12 cs=0 l=1 rev1=1 crypto rx=0x7ff1b0006fd0 tx=0x7ff1b0006e40 comp rx=0 tx=0).stop
2023-10-06T21:01:29.917 INFO:teuthology.orchestra.run.smithi026.stdout:/usr/bin/ceph: stderr
2023-10-06T21:01:29.446+0000 7ff1c1701700 1 -- 172.21.15.26:0/2273559552 >> [v2:172.21.15.26:3300/0,v1:172.21.15.26:6789/0] conn(0x7ff1bc07bd10 msgr2=0x7ff1bc19c7a0 secure :-1 s=STATE_CONNECTION_ESTABLISHED l=1).mark_down
2023-10-06T21:01:29.917 INFO:teuthology.orchestra.run.smithi026.stdout:/usr/bin/ceph: stderr
2023-10-06T21:01:29.446+0000 7ff1c1701700 1 --2- 172.21.15.26:0/2273559552 >> [v2:172.21.15.26:3300/0,v1:172.21.15.26:6789/0] conn(0x7ff1bc07bd10 0x7ff1bc19c7a0 secure :-1 s=READY pgs=44 cs=0 l=1 rev1=1 crypto rx=0x7ff1ac009130 tx=0x7ff1ac011ad0 comp rx=0 tx=0).stop
2023-10-06T21:01:29.917 INFO:teuthology.orchestra.run.smithi026.stdout:/usr/bin/ceph: stderr
2023-10-06T21:01:29.446+0000 7ff1c1701700 1 -- 172.21.15.26:0/2273559552 shutdown_connections
2023-10-06T21:01:29.917 INFO:teuthology.orchestra.run.smithi026.stdout:/usr/bin/ceph: stderr
2023-10-06T21:01:29.446+0000 7ff1c1701700 1 --2- 172.21.15.26:0/2273559552 >> [v2:172.21.15.26:6800/118366491,v1:172.21.15.26:6801/118366491] conn(0x7ff1a4038820 0x7ff1a403ace0 unknown :-1 s=CLOSED pgs=12 cs=0 l=1 rev1=1 crypto rx=0 tx=0 comp rx=0 tx=0).stop
2023-10-06T21:01:29.917 INFO:teuthology.orchestra.run.smithi026.stdout:/usr/bin/ceph: stderr
2023-10-06T21:01:29.446+0000 7ff1c1701700 1 --2- 172.21.15.26:0/2273559552 >> [v2:172.21.15.26:3300/0,v1:172.21.15.26:6789/0] conn(0x7ff1bc07bd10 0x7ff1bc19c7a0 unknown :-1 s=CLOSED pgs=44 cs=0 l=1 rev1=1 crypto rx=0 tx=0 comp rx=0 tx=0).stop
2023-10-06T21:01:29.917 INFO:teuthology.orchestra.run.smithi026.stdout:/usr/bin/ceph: stderr
2023-10-06T21:01:29.446+0000 7ff1c1701700 1 -- 172.21.15.26:0/2273559552 >> 172.21.15.26:0/2273559552 conn(0x7ff1bc101ec0 msgr2=0x7ff1bc103560 unknown :-1 s=STATE_NONE l=0).mark_down
2023-10-06T21:01:29.917 INFO:teuthology.orchestra.run.smithi026.stdout:/usr/bin/ceph: stderr
2023-10-06T21:01:29.446+0000 7ff1c1701700 1 -- 172.21.15.26:0/2273559552 shutdown_connections
2023-10-06T21:01:29.917 INFO:teuthology.orchestra.run.smithi026.stdout:/usr/bin/ceph: stderr
2023-10-06T21:01:29.446+0000 7ff1c1701700 1 -- 172.21.15.26:0/2273559552 wait complete.
2023-10-06T21:01:29.917 INFO:teuthology.orchestra.run.smithi026.stdout:Deploying unmanaged mgr service...
2023-10-06T21:01:30.570 INFO:journalctl@ceph.mon.a.smithi026.stdout:Oct 06 21:01:30 smithi026 ceph-mon[98490]: from='client.14138 -' entity='client.admin' cmd=[{"prefix": "orch apply", "service_type": "mon", "unmanaged": true, "target": ["mon-mgr", ""]}]: dispatch
2023-10-06T21:01:30.570 INFO:journalctl@ceph.mon.a.smithi026.stdout:Oct 06 21:01:30 smithi026 ceph-mon[98490]: Saving service mon spec with placement count:5
2023-10-06T21:01:30.570 INFO:journalctl@ceph.mon.a.smithi026.stdout:Oct 06 21:01:30 smithi026 ceph-mon[98490]: from='mgr.14116 172.21.15.26:0/2550269524' entity='mgr.x'
2023-10-06T21:01:31.341 INFO:teuthology.orchestra.run.smithi026.stdout:/usr/bin/ceph: stdout Scheduled mgr update...
2023-10-06T21:01:31.341 INFO:teuthology.orchestra.run.smithi026.stdout:/usr/bin/ceph: stderr
2023-10-06T21:01:30.605+0000 7f68d4e69700 1 Processor -- start
2023-10-06T21:01:31.341 INFO:teuthology.orchestra.run.smithi026.stdout:/usr/bin/ceph: stderr
2023-10-06T21:01:30.605+0000 7f68d4e69700 1 -- start start
2023-10-06T21:01:31.342 INFO:teuthology.orchestra.run.smithi026.stdout:/usr/bin/ceph: stderr
2023-10-06T21:01:30.606+0000 7f68d4e69700 1 --2- >> [v2:172.21.15.26:3300/0,v1:172.21.15.26:6789/0] conn(0x7f68d007bd10 0x7f68d007a170 unknown :-1 s=NONE pgs=0 cs=0 l=0 rev1=0 crypto rx=0 tx=0 comp rx=0 tx=0).connect
2023-10-06T21:01:31.342 INFO:teuthology.orchestra.run.smithi026.stdout:/usr/bin/ceph: stderr
2023-10-06T21:01:30.606+0000 7f68d4e69700 1 -- --> [v2:172.21.15.26:3300/0,v1:172.21.15.26:6789/0] -- mon_getmap magic: 0 v1 -- 0x7f68d007a740 con 0x7f68d007bd10
2023-10-06T21:01:31.342 INFO:teuthology.orchestra.run.smithi026.stdout:/usr/bin/ceph: stderr
2023-10-06T21:01:30.606+0000 7f68ce59c700 1 --2- >> [v2:172.21.15.26:3300/0,v1:172.21.15.26:6789/0] conn(0x7f68d007bd10 0x7f68d007a170 unknown :-1 s=BANNER_CONNECTING pgs=0 cs=0 l=0 rev1=0 crypto rx=0 tx=0 comp rx=0 tx=0)._handle_peer_banner_payload supported=3 required=0
2023-10-06T21:01:31.342 INFO:teuthology.orchestra.run.smithi026.stdout:/usr/bin/ceph: stderr
2023-10-06T21:01:30.606+0000 7f68ce59c700 1 --2- >> [v2:172.21.15.26:3300/0,v1:172.21.15.26:6789/0] conn(0x7f68d007bd10 0x7f68d007a170 unknown :-1 s=HELLO_CONNECTING pgs=0 cs=0 l=0 rev1=1 crypto rx=0 tx=0 comp rx=0 tx=0).handle_hello peer v2:172.21.15.26:3300/0 says I am v2:172.21.15.26:50906/0 (socket says 172.21.15.26:50906)
2023-10-06T21:01:31.342 INFO:teuthology.orchestra.run.smithi026.stdout:/usr/bin/ceph: stderr
2023-10-06T21:01:30.606+0000 7f68ce59c700 1 -- 172.21.15.26:0/96819344 learned_addr learned my addr 172.21.15.26:0/96819344 (peer_addr_for_me v2:172.21.15.26:0/0)
2023-10-06T21:01:31.342 INFO:teuthology.orchestra.run.smithi026.stdout:/usr/bin/ceph: stderr
2023-10-06T21:01:30.606+0000 7f68ce59c700 1 -- 172.21.15.26:0/96819344 --> [v2:172.21.15.26:3300/0,v1:172.21.15.26:6789/0] -- mon_subscribe({config=0+,monmap=0+}) v3 -- 0x7f68d007a880 con 0x7f68d007bd10
2023-10-06T21:01:31.342 INFO:teuthology.orchestra.run.smithi026.stdout:/usr/bin/ceph: stderr
2023-10-06T21:01:30.606+0000 7f68ce59c700 1 --2- 172.21.15.26:0/96819344 >> [v2:172.21.15.26:3300/0,v1:172.21.15.26:6789/0] conn(0x7f68d007bd10 0x7f68d007a170 secure :-1 s=READY pgs=45 cs=0 l=1 rev1=1 crypto rx=0x7f68c00098a0 tx=0x7f68c0009bb0 comp rx=0 tx=0).ready entity=mon.0 client_cookie=1dac5e5fc822a0a server_cookie=0 in_seq=0 out_seq=0
2023-10-06T21:01:31.342 INFO:teuthology.orchestra.run.smithi026.stdout:/usr/bin/ceph: stderr
2023-10-06T21:01:30.607+0000 7f68cd59a700 1 -- 172.21.15.26:0/96819344 <== mon.0 v2:172.21.15.26:3300/0 1 ==== mon_map magic: 0 v1 ==== 205+0+0 (secure 0 0 0) 0x7f68c0004160 con 0x7f68d007bd10
2023-10-06T21:01:31.342 INFO:teuthology.orchestra.run.smithi026.stdout:/usr/bin/ceph: stderr
2023-10-06T21:01:30.607+0000 7f68cd59a700 1 -- 172.21.15.26:0/96819344 <== mon.0 v2:172.21.15.26:3300/0 2 ==== config(26 keys) v1 ==== 1074+0+0 (secure 0 0 0) 0x7f68c00042c0 con 0x7f68d007bd10
2023-10-06T21:01:31.342 INFO:teuthology.orchestra.run.smithi026.stdout:/usr/bin/ceph: stderr
2023-10-06T21:01:30.607+0000 7f68cd59a700 1 -- 172.21.15.26:0/96819344 <== mon.0 v2:172.21.15.26:3300/0 3 ==== mon_map magic: 0 v1 ==== 205+0+0 (secure 0 0 0) 0x7f68c0011a00 con 0x7f68d007bd10
2023-10-06T21:01:31.343 INFO:teuthology.orchestra.run.smithi026.stdout:/usr/bin/ceph: stderr
2023-10-06T21:01:30.607+0000 7f68d4e69700 1 -- 172.21.15.26:0/96819344 >> [v2:172.21.15.26:3300/0,v1:172.21.15.26:6789/0] conn(0x7f68d007bd10 msgr2=0x7f68d007a170 secure :-1 s=STATE_CONNECTION_ESTABLISHED l=1).mark_down
2023-10-06T21:01:31.343 INFO:teuthology.orchestra.run.smithi026.stdout:/usr/bin/ceph: stderr
2023-10-06T21:01:30.607+0000 7f68d4e69700 1 --2- 172.21.15.26:0/96819344 >> [v2:172.21.15.26:3300/0,v1:172.21.15.26:6789/0] conn(0x7f68d007bd10 0x7f68d007a170 secure :-1 s=READY pgs=45 cs=0 l=1 rev1=1 crypto rx=0x7f68c00098a0 tx=0x7f68c0009bb0 comp rx=0 tx=0).stop
2023-10-06T21:01:31.343 INFO:teuthology.orchestra.run.smithi026.stdout:/usr/bin/ceph: stderr
2023-10-06T21:01:30.607+0000 7f68d4e69700 1 -- 172.21.15.26:0/96819344 shutdown_connections
2023-10-06T21:01:31.343 INFO:teuthology.orchestra.run.smithi026.stdout:/usr/bin/ceph: stderr
2023-10-06T21:01:30.607+0000 7f68d4e69700 1 --2- 172.21.15.26:0/96819344 >> [v2:172.21.15.26:3300/0,v1:172.21.15.26:6789/0] conn(0x7f68d007bd10 0x7f68d007a170 unknown :-1 s=CLOSED pgs=45 cs=0 l=1 rev1=1 crypto rx=0 tx=0 comp rx=0 tx=0).stop
2023-10-06T21:01:31.343 INFO:teuthology.orchestra.run.smithi026.stdout:/usr/bin/ceph: stderr
2023-10-06T21:01:30.607+0000 7f68d4e69700 1 -- 172.21.15.26:0/96819344 >> 172.21.15.26:0/96819344 conn(0x7f68d0101ec0 msgr2=0x7f68d01042e0 unknown :-1 s=STATE_NONE l=0).mark_down
2023-10-06T21:01:31.343 INFO:teuthology.orchestra.run.smithi026.stdout:/usr/bin/ceph: stderr
2023-10-06T21:01:30.607+0000 7f68d4e69700 1 -- 172.21.15.26:0/96819344 shutdown_connections
2023-10-06T21:01:31.343 INFO:teuthology.orchestra.run.smithi026.stdout:/usr/bin/ceph: stderr
2023-10-06T21:01:30.608+0000 7f68d4e69700 1 -- 172.21.15.26:0/96819344 wait complete.
2023-10-06T21:01:31.343 INFO:teuthology.orchestra.run.smithi026.stdout:/usr/bin/ceph: stderr
2023-10-06T21:01:30.608+0000 7f68d4e69700 1 Processor -- start
2023-10-06T21:01:31.343 INFO:teuthology.orchestra.run.smithi026.stdout:/usr/bin/ceph: stderr
2023-10-06T21:01:30.609+0000 7f68d4e69700 1 -- start start
2023-10-06T21:01:31.343 INFO:teuthology.orchestra.run.smithi026.stdout:/usr/bin/ceph: stderr
2023-10-06T21:01:30.609+0000 7f68d4e69700 1 --2- >> [v2:172.21.15.26:3300/0,v1:172.21.15.26:6789/0] conn(0x7f68d007bd10 0x7f68d019c7a0 unknown :-1 s=NONE pgs=0 cs=0 l=1 rev1=0 crypto rx=0 tx=0 comp rx=0 tx=0).connect
2023-10-06T21:01:31.343 INFO:teuthology.orchestra.run.smithi026.stdout:/usr/bin/ceph: stderr
2023-10-06T21:01:30.609+0000 7f68d4e69700 1 -- --> [v2:172.21.15.26:3300/0,v1:172.21.15.26:6789/0] -- mon_getmap magic: 0 v1 -- 0x7f68d019cce0 con 0x7f68d007bd10
2023-10-06T21:01:31.343 INFO:teuthology.orchestra.run.smithi026.stdout:/usr/bin/ceph: stderr
2023-10-06T21:01:30.609+0000 7f68ce59c700 1 --2- >> [v2:172.21.15.26:3300/0,v1:172.21.15.26:6789/0] conn(0x7f68d007bd10 0x7f68d019c7a0 unknown :-1 s=BANNER_CONNECTING pgs=0 cs=0 l=1 rev1=0 crypto rx=0 tx=0 comp rx=0 tx=0)._handle_peer_banner_payload supported=3 required=0
2023-10-06T21:01:31.344 INFO:teuthology.orchestra.run.smithi026.stdout:/usr/bin/ceph: stderr
