2023-10-06T21:01:35.791 INFO:teuthology.orchestra.run.smithi026.stdout:/usr/bin/ceph: stderr
2023-10-06T21:01:34.471+0000 7f47d2ffd700 1 --2- 172.21.15.26:0/2794329046 >> [v2:172.21.15.26:3300/0,v1:172.21.15.26:6789/0] conn(0x7f47d407bd10 0x7f47d419c7b0 secure :-1 s=READY pgs=52 cs=0 l=1 rev1=1 crypto rx=0x7f47c4003f00 tx=0x7f47c4011a30 comp rx=0 tx=0).ready entity=mon.0 client_cookie=0 server_cookie=0 in_seq=0 out_seq=0
2023-10-06T21:01:35.791 INFO:teuthology.orchestra.run.smithi026.stdout:/usr/bin/ceph: stderr
2023-10-06T21:01:34.471+0000 7f47bbfff700 1 -- 172.21.15.26:0/2794329046 <== mon.0 v2:172.21.15.26:3300/0 1 ==== mon_map magic: 0 v1 ==== 205+0+0 (secure 0 0 0) 0x7f47c4003b20 con 0x7f47d407bd10
2023-10-06T21:01:35.791 INFO:teuthology.orchestra.run.smithi026.stdout:/usr/bin/ceph: stderr
2023-10-06T21:01:34.471+0000 7f47bbfff700 1 -- 172.21.15.26:0/2794329046 <== mon.0 v2:172.21.15.26:3300/0 2 ==== config(26 keys) v1 ==== 1105+0+0 (secure 0 0 0) 0x7f47c4003c80 con 0x7f47d407bd10
2023-10-06T21:01:35.791 INFO:teuthology.orchestra.run.smithi026.stdout:/usr/bin/ceph: stderr
2023-10-06T21:01:34.471+0000 7f47bbfff700 1 -- 172.21.15.26:0/2794329046 <== mon.0 v2:172.21.15.26:3300/0 3 ==== mon_map magic: 0 v1 ==== 205+0+0 (secure 0 0 0) 0x7f47c4019770 con 0x7f47d407bd10
2023-10-06T21:01:35.792 INFO:teuthology.orchestra.run.smithi026.stdout:/usr/bin/ceph: stderr
2023-10-06T21:01:34.471+0000 7f47d93d3700 1 -- 172.21.15.26:0/2794329046 --> [v2:172.21.15.26:3300/0,v1:172.21.15.26:6789/0] -- mon_subscribe({mgrmap=0+}) v3 -- 0x7f47d419cef0 con 0x7f47d407bd10
2023-10-06T21:01:35.792 INFO:teuthology.orchestra.run.smithi026.stdout:/usr/bin/ceph: stderr
2023-10-06T21:01:34.471+0000 7f47d93d3700 1 -- 172.21.15.26:0/2794329046 --> [v2:172.21.15.26:3300/0,v1:172.21.15.26:6789/0] -- mon_subscribe({osdmap=0}) v3 -- 0x7f47d419d390 con 0x7f47d407bd10
2023-10-06T21:01:35.792 INFO:teuthology.orchestra.run.smithi026.stdout:/usr/bin/ceph: stderr
2023-10-06T21:01:34.473+0000 7f47bbfff700 1 -- 172.21.15.26:0/2794329046 <== mon.0 v2:172.21.15.26:3300/0 4 ==== mgrmap(e 8) v1 ==== 45579+0+0 (secure 0 0 0) 0x7f47c401ab60 con 0x7f47d407bd10
2023-10-06T21:01:35.792 INFO:teuthology.orchestra.run.smithi026.stdout:/usr/bin/ceph: stderr
2023-10-06T21:01:34.473+0000 7f47d93d3700 1 -- 172.21.15.26:0/2794329046 --> [v2:172.21.15.26:3300/0,v1:172.21.15.26:6789/0] -- mon_command({"prefix": "get_command_descriptions"} v 0) v1 -- 0x7f47d410cd40 con 0x7f47d407bd10
2023-10-06T21:01:35.792 INFO:teuthology.orchestra.run.smithi026.stdout:/usr/bin/ceph: stderr
2023-10-06T21:01:34.473+0000 7f47bbfff700 1 --2- 172.21.15.26:0/2794329046 >> [v2:172.21.15.26:6800/118366491,v1:172.21.15.26:6801/118366491] conn(0x7f47bc038870 0x7f47bc03ad30 unknown :-1 s=NONE pgs=0 cs=0 l=1 rev1=0 crypto rx=0 tx=0 comp rx=0 tx=0).connect
2023-10-06T21:01:35.792 INFO:teuthology.orchestra.run.smithi026.stdout:/usr/bin/ceph: stderr
2023-10-06T21:01:34.473+0000 7f47bbfff700 1 -- 172.21.15.26:0/2794329046 <== mon.0 v2:172.21.15.26:3300/0 5 ==== osd_map(2..2 src has 1..2) v4 ==== 940+0+0 (secure 0 0 0) 0x7f47c404cb50 con 0x7f47d407bd10
2023-10-06T21:01:35.793 INFO:teuthology.orchestra.run.smithi026.stdout:/usr/bin/ceph: stderr
2023-10-06T21:01:34.474+0000 7f47d27fc700 1 --2- 172.21.15.26:0/2794329046 >> [v2:172.21.15.26:6800/118366491,v1:172.21.15.26:6801/118366491] conn(0x7f47bc038870 0x7f47bc03ad30 unknown :-1 s=BANNER_CONNECTING pgs=0 cs=0 l=1 rev1=0 crypto rx=0 tx=0 comp rx=0 tx=0)._handle_peer_banner_payload supported=3 required=0
2023-10-06T21:01:35.793 INFO:teuthology.orchestra.run.smithi026.stdout:/usr/bin/ceph: stderr
2023-10-06T21:01:34.474+0000 7f47d27fc700 1 --2- 172.21.15.26:0/2794329046 >> [v2:172.21.15.26:6800/118366491,v1:172.21.15.26:6801/118366491] conn(0x7f47bc038870 0x7f47bc03ad30 secure :-1 s=READY pgs=16 cs=0 l=1 rev1=1 crypto rx=0x7f47c8006fd0 tx=0x7f47c8006e40 comp rx=0 tx=0).ready entity=mgr.14116 client_cookie=0 server_cookie=0 in_seq=0 out_seq=0
2023-10-06T21:01:35.793 INFO:teuthology.orchestra.run.smithi026.stdout:/usr/bin/ceph: stderr
2023-10-06T21:01:34.478+0000 7f47bbfff700 1 -- 172.21.15.26:0/2794329046 <== mon.0 v2:172.21.15.26:3300/0 6 ==== mon_command_ack([{"prefix": "get_command_descriptions"}]=0 v0) v1 ==== 72+0+180459 (secure 0 0 0) 0x7f47c401a430 con 0x7f47d407bd10
2023-10-06T21:01:35.793 INFO:teuthology.orchestra.run.smithi026.stdout:/usr/bin/ceph: stderr
2023-10-06T21:01:34.756+0000 7f47d93d3700 1 -- 172.21.15.26:0/2794329046 --> [v2:172.21.15.26:3300/0,v1:172.21.15.26:6789/0] -- mon_command({"prefix": "mgr module enable", "module": "dashboard"} v 0) v1 -- 0x7f47d410cfb0 con 0x7f47d407bd10
2023-10-06T21:01:35.793 INFO:teuthology.orchestra.run.smithi026.stdout:/usr/bin/ceph: stderr
2023-10-06T21:01:35.289+0000 7f47bbfff700 1 -- 172.21.15.26:0/2794329046 <== mon.0 v2:172.21.15.26:3300/0 7 ==== mon_command_ack([{"prefix": "mgr module enable", "module": "dashboard"}]=0 v9) v1 ==== 88+0+0 (secure 0 0 0) 0x7f47c402db40 con 0x7f47d407bd10
2023-10-06T21:01:35.793 INFO:teuthology.orchestra.run.smithi026.stdout:/usr/bin/ceph: stderr
2023-10-06T21:01:35.291+0000 7f47bbfff700 1 -- 172.21.15.26:0/2794329046 <== mon.0 v2:172.21.15.26:3300/0 8 ==== mgrmap(e 9) v1 ==== 45592+0+0 (secure 0 0 0) 0x7f47c402d350 con 0x7f47d407bd10
2023-10-06T21:01:35.794 INFO:teuthology.orchestra.run.smithi026.stdout:/usr/bin/ceph: stderr
2023-10-06T21:01:35.294+0000 7f47d93d3700 1 -- 172.21.15.26:0/2794329046 >> [v2:172.21.15.26:6800/118366491,v1:172.21.15.26:6801/118366491] conn(0x7f47bc038870 msgr2=0x7f47bc03ad30 secure :-1 s=STATE_CONNECTION_ESTABLISHED l=1).mark_down
2023-10-06T21:01:35.794 INFO:teuthology.orchestra.run.smithi026.stdout:/usr/bin/ceph: stderr
2023-10-06T21:01:35.294+0000 7f47d93d3700 1 --2- 172.21.15.26:0/2794329046 >> [v2:172.21.15.26:6800/118366491,v1:172.21.15.26:6801/118366491] conn(0x7f47bc038870 0x7f47bc03ad30 secure :-1 s=READY pgs=16 cs=0 l=1 rev1=1 crypto rx=0x7f47c8006fd0 tx=0x7f47c8006e40 comp rx=0 tx=0).stop
2023-10-06T21:01:35.794 INFO:teuthology.orchestra.run.smithi026.stdout:/usr/bin/ceph: stderr
2023-10-06T21:01:35.294+0000 7f47d93d3700 1 -- 172.21.15.26:0/2794329046 >> [v2:172.21.15.26:3300/0,v1:172.21.15.26:6789/0] conn(0x7f47d407bd10 msgr2=0x7f47d419c7b0 secure :-1 s=STATE_CONNECTION_ESTABLISHED l=1).mark_down
2023-10-06T21:01:35.794 INFO:teuthology.orchestra.run.smithi026.stdout:/usr/bin/ceph: stderr
2023-10-06T21:01:35.294+0000 7f47d93d3700 1 --2- 172.21.15.26:0/2794329046 >> [v2:172.21.15.26:3300/0,v1:172.21.15.26:6789/0] conn(0x7f47d407bd10 0x7f47d419c7b0 secure :-1 s=READY pgs=52 cs=0 l=1 rev1=1 crypto rx=0x7f47c4003f00 tx=0x7f47c4011a30 comp rx=0 tx=0).stop
2023-10-06T21:01:35.794 INFO:teuthology.orchestra.run.smithi026.stdout:/usr/bin/ceph: stderr
2023-10-06T21:01:35.294+0000 7f47d93d3700 1 -- 172.21.15.26:0/2794329046 shutdown_connections
2023-10-06T21:01:35.794 INFO:teuthology.orchestra.run.smithi026.stdout:/usr/bin/ceph: stderr
2023-10-06T21:01:35.294+0000 7f47d93d3700 1 --2- 172.21.15.26:0/2794329046 >> [v2:172.21.15.26:6800/118366491,v1:172.21.15.26:6801/118366491] conn(0x7f47bc038870 0x7f47bc03ad30 unknown :-1 s=CLOSED pgs=16 cs=0 l=1 rev1=1 crypto rx=0 tx=0 comp rx=0 tx=0).stop
2023-10-06T21:01:35.795 INFO:teuthology.orchestra.run.smithi026.stdout:/usr/bin/ceph: stderr
2023-10-06T21:01:35.294+0000 7f47d93d3700 1 --2- 172.21.15.26:0/2794329046 >> [v2:172.21.15.26:3300/0,v1:172.21.15.26:6789/0] conn(0x7f47d407bd10 0x7f47d419c7b0 unknown :-1 s=CLOSED pgs=52 cs=0 l=1 rev1=1 crypto rx=0 tx=0 comp rx=0 tx=0).stop
2023-10-06T21:01:35.795 INFO:teuthology.orchestra.run.smithi026.stdout:/usr/bin/ceph: stderr
2023-10-06T21:01:35.294+0000 7f47d93d3700 1 -- 172.21.15.26:0/2794329046 >> 172.21.15.26:0/2794329046 conn(0x7f47d4101ec0 msgr2=0x7f47d4102ca0 unknown :-1 s=STATE_NONE l=0).mark_down
2023-10-06T21:01:35.795 INFO:teuthology.orchestra.run.smithi026.stdout:/usr/bin/ceph: stderr
2023-10-06T21:01:35.294+0000 7f47d93d3700 1 -- 172.21.15.26:0/2794329046 shutdown_connections
2023-10-06T21:01:35.795 INFO:teuthology.orchestra.run.smithi026.stdout:/usr/bin/ceph: stderr
2023-10-06T21:01:35.294+0000 7f47d93d3700 1 -- 172.21.15.26:0/2794329046 wait complete.
2023-10-06T21:01:35.971 INFO:journalctl@ceph.mgr.x.smithi026.stdout:Oct 06 21:01:35 smithi026 ceph-4dcc50a6-648b-11ee-8db5-212e2dc638e7-mgr-x[98734]:
2023-10-06T21:01:35.603+0000 7fc6232d1200 -1 mgr[py] Module devicehealth has missing NOTIFY_TYPES member
2023-10-06T21:01:35.972 INFO:journalctl@ceph.mgr.x.smithi026.stdout:Oct 06 21:01:35 smithi026 ceph-4dcc50a6-648b-11ee-8db5-212e2dc638e7-mgr-x[98734]:
2023-10-06T21:01:35.711+0000 7fc6232d1200 -1 mgr[py] Module osd_support has missing NOTIFY_TYPES member
2023-10-06T21:01:35.972 INFO:journalctl@ceph.mgr.x.smithi026.stdout:Oct 06 21:01:35 smithi026 ceph-4dcc50a6-648b-11ee-8db5-212e2dc638e7-mgr-x[98734]:
2023-10-06T21:01:35.840+0000 7fc6232d1200 -1 mgr[py] Module snap_schedule has missing NOTIFY_TYPES member
2023-10-06T21:01:36.222 INFO:journalctl@ceph.mgr.x.smithi026.stdout:Oct 06 21:01:35 smithi026 ceph-4dcc50a6-648b-11ee-8db5-212e2dc638e7-mgr-x[98734]:
2023-10-06T21:01:35.970+0000 7fc6232d1200 -1 mgr[py] Module zabbix has missing NOTIFY_TYPES member
2023-10-06T21:01:36.573 INFO:journalctl@ceph.mon.a.smithi026.stdout:Oct 06 21:01:36 smithi026 ceph-mon[98490]: from='client.? 172.21.15.26:0/2794329046' entity='client.admin' cmd='[{"prefix": "mgr module enable", "module": "dashboard"}]': finished
2023-10-06T21:01:36.573 INFO:journalctl@ceph.mon.a.smithi026.stdout:Oct 06 21:01:36 smithi026 ceph-mon[98490]: mgrmap e9: x(active, since 18s)
2023-10-06T21:01:36.573 INFO:journalctl@ceph.mgr.x.smithi026.stdout:Oct 06 21:01:36 smithi026 ceph-4dcc50a6-648b-11ee-8db5-212e2dc638e7-mgr-x[98734]:
2023-10-06T21:01:36.220+0000 7fc6232d1200 -1 mgr[py] Module crash has missing NOTIFY_TYPES member
2023-10-06T21:01:36.939 INFO:journalctl@ceph.mgr.x.smithi026.stdout:Oct 06 21:01:36 smithi026 ceph-4dcc50a6-648b-11ee-8db5-212e2dc638e7-mgr-x[98734]:
2023-10-06T21:01:36.754+0000 7fc6232d1200 -1 mgr[py] Module prometheus has missing NOTIFY_TYPES member
2023-10-06T21:01:37.204 INFO:journalctl@ceph.mgr.x.smithi026.stdout:Oct 06 21:01:36 smithi026 ceph-4dcc50a6-648b-11ee-8db5-212e2dc638e7-mgr-x[98734]:
2023-10-06T21:01:36.937+0000 7fc6232d1200 -1 mgr[py] Module status has missing NOTIFY_TYPES member
2023-10-06T21:01:37.204 INFO:journalctl@ceph.mgr.x.smithi026.stdout:Oct 06 21:01:37 smithi026 ceph-4dcc50a6-648b-11ee-8db5-212e2dc638e7-mgr-x[98734]:
2023-10-06T21:01:37.072+0000 7fc6232d1200 -1 mgr[py] Module selftest has missing NOTIFY_TYPES member
2023-10-06T21:01:37.204 INFO:journalctl@ceph.mgr.x.smithi026.stdout:Oct 06 21:01:37 smithi026 ceph-4dcc50a6-648b-11ee-8db5-212e2dc638e7-mgr-x[98734]:
2023-10-06T21:01:37.202+0000 7fc6232d1200 -1 mgr[py] Module alerts has missing NOTIFY_TYPES member
2023-10-06T21:01:37.450 INFO:teuthology.orchestra.run.smithi026.stdout:/usr/bin/ceph: stdout {
2023-10-06T21:01:37.450 INFO:teuthology.orchestra.run.smithi026.stdout:/usr/bin/ceph: stdout "epoch": 9,
2023-10-06T21:01:37.451 INFO:teuthology.orchestra.run.smithi026.stdout:/usr/bin/ceph: stdout "available": true,
2023-10-06T21:01:37.451 INFO:teuthology.orchestra.run.smithi026.stdout:/usr/bin/ceph: stdout "active_name": "x",
2023-10-06T21:01:37.451 INFO:teuthology.orchestra.run.smithi026.stdout:/usr/bin/ceph: stdout "num_standby": 0
2023-10-06T21:01:37.451 INFO:teuthology.orchestra.run.smithi026.stdout:/usr/bin/ceph: stdout }
2023-10-06T21:01:37.451 INFO:teuthology.orchestra.run.smithi026.stdout:/usr/bin/ceph: stderr
2023-10-06T21:01:36.390+0000 7f32f0db0700 1 Processor -- start
2023-10-06T21:01:37.451 INFO:teuthology.orchestra.run.smithi026.stdout:/usr/bin/ceph: stderr
2023-10-06T21:01:36.391+0000 7f32f0db0700 1 -- start start
2023-10-06T21:01:37.451 INFO:teuthology.orchestra.run.smithi026.stdout:/usr/bin/ceph: stderr
2023-10-06T21:01:36.391+0000 7f32f0db0700 1 --2- >> [v2:172.21.15.26:3300/0,v1:172.21.15.26:6789/0] conn(0x7f32ec07bd10 0x7f32ec07a170 unknown :-1 s=NONE pgs=0 cs=0 l=0 rev1=0 crypto rx=0 tx=0 comp rx=0 tx=0).connect
2023-10-06T21:01:37.451 INFO:teuthology.orchestra.run.smithi026.stdout:/usr/bin/ceph: stderr
2023-10-06T21:01:36.391+0000 7f32f0db0700 1 -- --> [v2:172.21.15.26:3300/0,v1:172.21.15.26:6789/0] -- mon_getmap magic: 0 v1 -- 0x7f32ec07a740 con 0x7f32ec07bd10
2023-10-06T21:01:37.451 INFO:teuthology.orchestra.run.smithi026.stdout:/usr/bin/ceph: stderr
2023-10-06T21:01:36.391+0000 7f32ea59c700 1 --2- >> [v2:172.21.15.26:3300/0,v1:172.21.15.26:6789/0] conn(0x7f32ec07bd10 0x7f32ec07a170 unknown :-1 s=BANNER_CONNECTING pgs=0 cs=0 l=0 rev1=0 crypto rx=0 tx=0 comp rx=0 tx=0)._handle_peer_banner_payload supported=3 required=0
2023-10-06T21:01:37.451 INFO:teuthology.orchestra.run.smithi026.stdout:/usr/bin/ceph: stderr
2023-10-06T21:01:36.391+0000 7f32ea59c700 1 --2- >> [v2:172.21.15.26:3300/0,v1:172.21.15.26:6789/0] conn(0x7f32ec07bd10 0x7f32ec07a170 unknown :-1 s=HELLO_CONNECTING pgs=0 cs=0 l=0 rev1=1 crypto rx=0 tx=0 comp rx=0 tx=0).handle_hello peer v2:172.21.15.26:3300/0 says I am v2:172.21.15.26:33208/0 (socket says 172.21.15.26:33208)
2023-10-06T21:01:37.451 INFO:teuthology.orchestra.run.smithi026.stdout:/usr/bin/ceph: stderr
2023-10-06T21:01:36.391+0000 7f32ea59c700 1 -- 172.21.15.26:0/2552117024 learned_addr learned my addr 172.21.15.26:0/2552117024 (peer_addr_for_me v2:172.21.15.26:0/0)
2023-10-06T21:01:37.452 INFO:teuthology.orchestra.run.smithi026.stdout:/usr/bin/ceph: stderr
2023-10-06T21:01:36.392+0000 7f32ea59c700 1 -- 172.21.15.26:0/2552117024 --> [v2:172.21.15.26:3300/0,v1:172.21.15.26:6789/0] -- mon_subscribe({config=0+,monmap=0+}) v3 -- 0x7f32ec07a880 con 0x7f32ec07bd10
2023-10-06T21:01:37.452 INFO:teuthology.orchestra.run.smithi026.stdout:/usr/bin/ceph: stderr
2023-10-06T21:01:36.392+0000 7f32ea59c700 1 --2- 172.21.15.26:0/2552117024 >> [v2:172.21.15.26:3300/0,v1:172.21.15.26:6789/0] conn(0x7f32ec07bd10 0x7f32ec07a170 secure :-1 s=READY pgs=55 cs=0 l=1 rev1=1 crypto rx=0x7f32dc0098a0 tx=0x7f32dc009bb0 comp rx=0 tx=0).ready entity=mon.0 client_cookie=8d39a19cd05e6aca server_cookie=0 in_seq=0 out_seq=0
2023-10-06T21:01:37.452 INFO:teuthology.orchestra.run.smithi026.stdout:/usr/bin/ceph: stderr
2023-10-06T21:01:36.392+0000 7f32e959a700 1 -- 172.21.15.26:0/2552117024 <== mon.0 v2:172.21.15.26:3300/0 1 ==== mon_map magic: 0 v1 ==== 205+0+0 (secure 0 0 0) 0x7f32dc004160 con 0x7f32ec07bd10
2023-10-06T21:01:37.452 INFO:teuthology.orchestra.run.smithi026.stdout:/usr/bin/ceph: stderr
2023-10-06T21:01:36.392+0000 7f32e959a700 1 -- 172.21.15.26:0/2552117024 <== mon.0 v2:172.21.15.26:3300/0 2 ==== config(26 keys) v1 ==== 1105+0+0 (secure 0 0 0) 0x7f32dc0042c0 con 0x7f32ec07bd10
2023-10-06T21:01:37.452 INFO:teuthology.orchestra.run.smithi026.stdout:/usr/bin/ceph: stderr
2023-10-06T21:01:36.392+0000 7f32e959a700 1 -- 172.21.15.26:0/2552117024 <== mon.0 v2:172.21.15.26:3300/0 3 ==== mon_map magic: 0 v1 ==== 205+0+0 (secure 0 0 0) 0x7f32dc0119b0 con 0x7f32ec07bd10
2023-10-06T21:01:37.452 INFO:teuthology.orchestra.run.smithi026.stdout:/usr/bin/ceph: stderr
2023-10-06T21:01:36.393+0000 7f32f0db0700 1 -- 172.21.15.26:0/2552117024 >> [v2:172.21.15.26:3300/0,v1:172.21.15.26:6789/0] conn(0x7f32ec07bd10 msgr2=0x7f32ec07a170 secure :-1 s=STATE_CONNECTION_ESTABLISHED l=1).mark_down
2023-10-06T21:01:37.452 INFO:teuthology.orchestra.run.smithi026.stdout:/usr/bin/ceph: stderr
2023-10-06T21:01:36.393+0000 7f32f0db0700 1 --2- 172.21.15.26:0/2552117024 >> [v2:172.21.15.26:3300/0,v1:172.21.15.26:6789/0] conn(0x7f32ec07bd10 0x7f32ec07a170 secure :-1 s=READY pgs=55 cs=0 l=1 rev1=1 crypto rx=0x7f32dc0098a0 tx=0x7f32dc009bb0 comp rx=0 tx=0).stop
2023-10-06T21:01:37.452 INFO:teuthology.orchestra.run.smithi026.stdout:/usr/bin/ceph: stderr
2023-10-06T21:01:36.393+0000 7f32f0db0700 1 -- 172.21.15.26:0/2552117024 shutdown_connections
2023-10-06T21:01:37.452 INFO:teuthology.orchestra.run.smithi026.stdout:/usr/bin/ceph: stderr
2023-10-06T21:01:36.393+0000 7f32f0db0700 1 --2- 172.21.15.26:0/2552117024 >> [v2:172.21.15.26:3300/0,v1:172.21.15.26:6789/0] conn(0x7f32ec07bd10 0x7f32ec07a170 unknown :-1 s=CLOSED pgs=55 cs=0 l=1 rev1=1 crypto rx=0 tx=0 comp rx=0 tx=0).stop
2023-10-06T21:01:37.452 INFO:teuthology.orchestra.run.smithi026.stdout:/usr/bin/ceph: stderr
2023-10-06T21:01:36.393+0000 7f32f0db0700 1 -- 172.21.15.26:0/2552117024 >> 172.21.15.26:0/2552117024 conn(0x7f32ec101ee0 msgr2=0x7f32ec104300 unknown :-1 s=STATE_NONE l=0).mark_down
2023-10-06T21:01:37.452 INFO:teuthology.orchestra.run.smithi026.stdout:/usr/bin/ceph: stderr
2023-10-06T21:01:36.393+0000 7f32f0db0700 1 -- 172.21.15.26:0/2552117024 shutdown_connections
2023-10-06T21:01:37.452 INFO:teuthology.orchestra.run.smithi026.stdout:/usr/bin/ceph: stderr
2023-10-06T21:01:36.393+0000 7f32f0db0700 1 -- 172.21.15.26:0/2552117024 wait complete.
2023-10-06T21:01:37.453 INFO:teuthology.orchestra.run.smithi026.stdout:/usr/bin/ceph: stderr
2023-10-06T21:01:36.394+0000 7f32f0db0700 1 Processor -- start
2023-10-06T21:01:37.453 INFO:teuthology.orchestra.run.smithi026.stdout:/usr/bin/ceph: stderr
2023-10-06T21:01:36.394+0000 7f32f0db0700 1 -- start start
2023-10-06T21:01:37.453 INFO:teuthology.orchestra.run.smithi026.stdout:/usr/bin/ceph: stderr
2023-10-06T21:01:36.394+0000 7f32f0db0700 1 --2- >> [v2:172.21.15.26:3300/0,v1:172.21.15.26:6789/0] conn(0x7f32ec07bd10 0x7f32ec19c790 unknown :-1 s=NONE pgs=0 cs=0 l=1 rev1=0 crypto rx=0 tx=0 comp rx=0 tx=0).connect
2023-10-06T21:01:37.453 INFO:teuthology.orchestra.run.smithi026.stdout:/usr/bin/ceph: stderr
2023-10-06T21:01:36.395+0000 7f32f0db0700 1 -- --> [v2:172.21.15.26:3300/0,v1:172.21.15.26:6789/0] -- mon_getmap magic: 0 v1 -- 0x7f32ec19ccd0 con 0x7f32ec07bd10
2023-10-06T21:01:37.453 INFO:teuthology.orchestra.run.smithi026.stdout:/usr/bin/ceph: stderr
2023-10-06T21:01:36.395+0000 7f32ea59c700 1 --2- >> [v2:172.21.15.26:3300/0,v1:172.21.15.26:6789/0] conn(0x7f32ec07bd10 0x7f32ec19c790 unknown :-1 s=BANNER_CONNECTING pgs=0 cs=0 l=1 rev1=0 crypto rx=0 tx=0 comp rx=0 tx=0)._handle_peer_banner_payload supported=3 required=0
2023-10-06T21:01:37.453 INFO:teuthology.orchestra.run.smithi026.stdout:/usr/bin/ceph: stderr
2023-10-06T21:01:36.395+0000 7f32ea59c700 1 --2- >> [v2:172.21.15.26:3300/0,v1:172.21.15.26:6789/0] conn(0x7f32ec07bd10 0x7f32ec19c790 unknown :-1 s=HELLO_CONNECTING pgs=0 cs=0 l=1 rev1=1 crypto rx=0 tx=0 comp rx=0 tx=0).handle_hello peer v2:172.21.15.26:3300/0 says I am v2:172.21.15.26:33220/0 (socket says 172.21.15.26:33220)
2023-10-06T21:01:37.453 INFO:teuthology.orchestra.run.smithi026.stdout:/usr/bin/ceph: stderr
2023-10-06T21:01:36.395+0000 7f32ea59c700 1 -- 172.21.15.26:0/2526574768 learned_addr learned my addr 172.21.15.26:0/2526574768 (peer_addr_for_me v2:172.21.15.26:0/0)
2023-10-06T21:01:37.453 INFO:teuthology.orchestra.run.smithi026.stdout:/usr/bin/ceph: stderr
2023-10-06T21:01:36.395+0000 7f32ea59c700 1 -- 172.21.15.26:0/2526574768 --> [v2:172.21.15.26:3300/0,v1:172.21.15.26:6789/0] -- mon_subscribe({config=0+,monmap=0+}) v3 -- 0x7f32dc009550 con 0x7f32ec07bd10
2023-10-06T21:01:37.453 INFO:teuthology.orchestra.run.smithi026.stdout:/usr/bin/ceph: stderr
2023-10-06T21:01:36.395+0000 7f32ea59c700 1 --2- 172.21.15.26:0/2526574768 >> [v2:172.21.15.26:3300/0,v1:172.21.15.26:6789/0] conn(0x7f32ec07bd10 0x7f32ec19c790 secure :-1 s=READY pgs=56 cs=0 l=1 rev1=1 crypto rx=0x7f32dc003f00 tx=0x7f32dc011a30 comp rx=0 tx=0).ready entity=mon.0 client_cookie=0 server_cookie=0 in_seq=0 out_seq=0
2023-10-06T21:01:37.453 INFO:teuthology.orchestra.run.smithi026.stdout:/usr/bin/ceph: stderr
2023-10-06T21:01:36.396+0000 7f32db7fe700 1 -- 172.21.15.26:0/2526574768 <== mon.0 v2:172.21.15.26:3300/0 1 ==== mon_map magic: 0 v1 ==== 205+0+0 (secure 0 0 0) 0x7f32dc003b20 con 0x7f32ec07bd10
2023-10-06T21:01:37.453 INFO:teuthology.orchestra.run.smithi026.stdout:/usr/bin/ceph: stderr
2023-10-06T21:01:36.396+0000 7f32f0db0700 1 -- 172.21.15.26:0/2526574768 --> [v2:172.21.15.26:3300/0,v1:172.21.15.26:6789/0] -- mon_subscribe({mgrmap=0+}) v3 -- 0x7f32ec19ced0 con 0x7f32ec07bd10
2023-10-06T21:01:37.453 INFO:teuthology.orchestra.run.smithi026.stdout:/usr/bin/ceph: stderr
2023-10-06T21:01:36.396+0000 7f32db7fe700 1 -- 172.21.15.26:0/2526574768 <== mon.0 v2:172.21.15.26:3300/0 2 ==== config(26 keys) v1 ==== 1105+0+0 (secure 0 0 0) 0x7f32dc003c80 con 0x7f32ec07bd10
2023-10-06T21:01:37.454 INFO:teuthology.orchestra.run.smithi026.stdout:/usr/bin/ceph: stderr
2023-10-06T21:01:36.396+0000 7f32db7fe700 1 -- 172.21.15.26:0/2526574768 <== mon.0 v2:172.21.15.26:3300/0 3 ==== mon_map magic: 0 v1 ==== 205+0+0 (secure 0 0 0) 0x7f32dc019770 con 0x7f32ec07bd10
2023-10-06T21:01:37.454 INFO:teuthology.orchestra.run.smithi026.stdout:/usr/bin/ceph: stderr
2023-10-06T21:01:36.396+0000 7f32f0db0700 1 -- 172.21.15.26:0/2526574768 --> [v2:172.21.15.26:3300/0,v1:172.21.15.26:6789/0] -- mon_subscribe({osdmap=0}) v3 -- 0x7f32ec19d370 con 0x7f32ec07bd10
2023-10-06T21:01:37.454 INFO:teuthology.orchestra.run.smithi026.stdout:/usr/bin/ceph: stderr
2023-10-06T21:01:36.397+0000 7f32f0db0700 1 -- 172.21.15.26:0/2526574768 --> [v2:172.21.15.26:3300/0,v1:172.21.15.26:6789/0] -- mon_command({"prefix": "get_command_descriptions"} v 0) v1 -- 0x7f32ec10cd60 con 0x7f32ec07bd10
2023-10-06T21:01:37.454 INFO:teuthology.orchestra.run.smithi026.stdout:/usr/bin/ceph: stderr
2023-10-06T21:01:36.397+0000 7f32db7fe700 1 -- 172.21.15.26:0/2526574768 <== mon.0 v2:172.21.15.26:3300/0 4 ==== mgrmap(e 9) v1 ==== 45592+0+0 (secure 0 0 0) 0x7f32dc01ab60 con 0x7f32ec07bd10
2023-10-06T21:01:37.454 INFO:teuthology.orchestra.run.smithi026.stdout:/usr/bin/ceph: stderr
2023-10-06T21:01:36.398+0000 7f32db7fe700 1 --2- 172.21.15.26:0/2526574768 >> [v2:172.21.15.26:6800/118366491,v1:172.21.15.26:6801/118366491] conn(0x7f32d40388c0 0x7f32d403ad80 unknown :-1 s=NONE pgs=0 cs=0 l=1 rev1=0 crypto rx=0 tx=0 comp rx=0 tx=0).connect
2023-10-06T21:01:37.454 INFO:teuthology.orchestra.run.smithi026.stdout:/usr/bin/ceph: stderr
2023-10-06T21:01:36.398+0000 7f32db7fe700 1 -- 172.21.15.26:0/2526574768 <== mon.0 v2:172.21.15.26:3300/0 5 ==== osd_map(2..2 src has 1..2) v4 ==== 940+0+0 (secure 0 0 0) 0x7f32dc04cb80 con 0x7f32ec07bd10
2023-10-06T21:01:37.454 INFO:teuthology.orchestra.run.smithi026.stdout:/usr/bin/ceph: stderr
2023-10-06T21:01:36.398+0000 7f32e9d9b700 1 -- 172.21.15.26:0/2526574768 >> [v2:172.21.15.26:6800/118366491,v1:172.21.15.26:6801/118366491] conn(0x7f32d40388c0 msgr2=0x7f32d403ad80 unknown :-1 s=STATE_CONNECTING_RE l=1).process reconnect failed to v2:172.21.15.26:6800/118366491
2023-10-06T21:01:37.454 INFO:teuthology.orchestra.run.smithi026.stdout:/usr/bin/ceph: stderr
2023-10-06T21:01:36.398+0000 7f32e9d9b700 1 --2- 172.21.15.26:0/2526574768 >> [v2:172.21.15.26:6800/118366491,v1:172.21.15.26:6801/118366491] conn(0x7f32d40388c0 0x7f32d403ad80 unknown :-1 s=START_CONNECT pgs=0 cs=0 l=1 rev1=0 crypto rx=0 tx=0 comp rx=0 tx=0)._fault waiting 0.200000
2023-10-06T21:01:37.454 INFO:teuthology.orchestra.run.smithi026.stdout:/usr/bin/ceph: stderr
2023-10-06T21:01:36.402+0000 7f32db7fe700 1 -- 172.21.15.26:0/2526574768 <== mon.0 v2:172.21.15.26:3300/0 6 ==== mon_command_ack([{"prefix": "get_command_descriptions"}]=0 v0) v1 ==== 72+0+180459 (secure 0 0 0) 0x7f32dc04ee60 con 0x7f32ec07bd10
2023-10-06T21:01:37.454 INFO:teuthology.orchestra.run.smithi026.stdout:/usr/bin/ceph: stderr
2023-10-06T21:01:36.599+0000 7f32e9d9b700 1 -- 172.21.15.26:0/2526574768 >> [v2:172.21.15.26:6800/118366491,v1:172.21.15.26:6801/118366491] conn(0x7f32d40388c0 msgr2=0x7f32d403ad80 unknown :-1 s=STATE_CONNECTING_RE l=1).process reconnect failed to v2:172.21.15.26:6800/118366491
2023-10-06T21:01:37.454 INFO:teuthology.orchestra.run.smithi026.stdout:/usr/bin/ceph: stderr
2023-10-06T21:01:36.599+0000 7f32e9d9b700 1 --2- 172.21.15.26:0/2526574768 >> [v2:172.21.15.26:6800/118366491,v1:172.21.15.26:6801/118366491] conn(0x7f32d40388c0 0x7f32d403ad80 unknown :-1 s=START_CONNECT pgs=0 cs=0 l=1 rev1=0 crypto rx=0 tx=0 comp rx=0 tx=0)._fault waiting 0.400000
2023-10-06T21:01:37.455 INFO:teuthology.orchestra.run.smithi026.stdout:/usr/bin/ceph: stderr
2023-10-06T21:01:36.690+0000 7f32f0db0700 1 -- 172.21.15.26:0/2526574768 --> [v2:172.21.15.26:3300/0,v1:172.21.15.26:6789/0] -- mon_command({"prefix": "mgr stat"} v 0) v1 -- 0x7f32ec10cfd0 con 0x7f32ec07bd10
2023-10-06T21:01:37.455 INFO:teuthology.orchestra.run.smithi026.stdout:/usr/bin/ceph: stderr
2023-10-06T21:01:36.691+0000 7f32db7fe700 1 -- 172.21.15.26:0/2526574768 <== mon.0 v2:172.21.15.26:3300/0 7 ==== mon_command_ack([{"prefix": "mgr stat"}]=0 v9) v1 ==== 56+0+88 (secure 0 0 0) 0x7f32dc01a430 con 0x7f32ec07bd10
2023-10-06T21:01:37.455 INFO:teuthology.orchestra.run.smithi026.stdout:/usr/bin/ceph: stderr
2023-10-06T21:01:36.693+0000 7f32f0db0700 1 -- 172.21.15.26:0/2526574768 >> [v2:172.21.15.26:6800/118366491,v1:172.21.15.26:6801/118366491] conn(0x7f32d40388c0 msgr2=0x7f32d403ad80 unknown :-1 s=STATE_CONNECTING l=1).mark_down
2023-10-06T21:01:37.455 INFO:teuthology.orchestra.run.smithi026.stdout:/usr/bin/ceph: stderr
2023-10-06T21:01:36.693+0000 7f32f0db0700 1 --2- 172.21.15.26:0/2526574768 >> [v2:172.21.15.26:6800/118366491,v1:172.21.15.26:6801/118366491] conn(0x7f32d40388c0 0x7f32d403ad80 unknown :-1 s=START_CONNECT pgs=0 cs=0 l=1 rev1=0 crypto rx=0 tx=0 comp rx=0 tx=0).stop
2023-10-06T21:01:37.455 INFO:teuthology.orchestra.run.smithi026.stdout:/usr/bin/ceph: stderr
2023-10-06T21:01:36.693+0000 7f32f0db0700 1 -- 172.21.15.26:0/2526574768 >> [v2:172.21.15.26:3300/0,v1:172.21.15.26:6789/0] conn(0x7f32ec07bd10 msgr2=0x7f32ec19c790 secure :-1 s=STATE_CONNECTION_ESTABLISHED l=1).mark_down
2023-10-06T21:01:37.455 INFO:teuthology.orchestra.run.smithi026.stdout:/usr/bin/ceph: stderr
2023-10-06T21:01:36.693+0000 7f32f0db0700 1 --2- 172.21.15.26:0/2526574768 >> [v2:172.21.15.26:3300/0,v1:172.21.15.26:6789/0] conn(0x7f32ec07bd10 0x7f32ec19c790 secure :-1 s=READY pgs=56 cs=0 l=1 rev1=1 crypto rx=0x7f32dc003f00 tx=0x7f32dc011a30 comp rx=0 tx=0).stop
2023-10-06T21:01:37.455 INFO:teuthology.orchestra.run.smithi026.stdout:/usr/bin/ceph: stderr
2023-10-06T21:01:36.693+0000 7f32f0db0700 1 -- 172.21.15.26:0/2526574768 shutdown_connections
2023-10-06T21:01:37.455 INFO:teuthology.orchestra.run.smithi026.stdout:/usr/bin/ceph: stderr
2023-10-06T21:01:36.693+0000 7f32f0db0700 1 --2- 172.21.15.26:0/2526574768 >> [v2:172.21.15.26:6800/118366491,v1:172.21.15.26:6801/118366491] conn(0x7f32d40388c0 0x7f32d403ad80 unknown :-1 s=CLOSED pgs=0 cs=0 l=1 rev1=0 crypto rx=0 tx=0 comp rx=0 tx=0).stop
2023-10-06T21:01:37.455 INFO:teuthology.orchestra.run.smithi026.stdout:/usr/bin/ceph: stderr
2023-10-06T21:01:36.693+0000 7f32f0db0700 1 --2- 172.21.15.26:0/2526574768 >> [v2:172.21.15.26:3300/0,v1:172.21.15.26:6789/0] conn(0x7f32ec07bd10 0x7f32ec19c790 unknown :-1 s=CLOSED pgs=56 cs=0 l=1 rev1=1 crypto rx=0 tx=0 comp rx=0 tx=0).stop
2023-10-06T21:01:37.455 INFO:teuthology.orchestra.run.smithi026.stdout:/usr/bin/ceph: stderr
2023-10-06T21:01:36.693+0000 7f32f0db0700 1 -- 172.21.15.26:0/2526574768 >> 172.21.15.26:0/2526574768 conn(0x7f32ec101ee0 msgr2=0x7f32ec102c60 unknown :-1 s=STATE_NONE l=0).mark_down
2023-10-06T21:01:37.455 INFO:teuthology.orchestra.run.smithi026.stdout:/usr/bin/ceph: stderr
2023-10-06T21:01:36.693+0000 7f32f0db0700 1 -- 172.21.15.26:0/2526574768 shutdown_connections
2023-10-06T21:01:37.455 INFO:teuthology.orchestra.run.smithi026.stdout:/usr/bin/ceph: stderr
2023-10-06T21:01:36.694+0000 7f32f0db0700 1 -- 172.21.15.26:0/2526574768 wait complete.
2023-10-06T21:01:37.456 INFO:teuthology.orchestra.run.smithi026.stdout:Waiting for the mgr to restart...
2023-10-06T21:01:37.456 INFO:teuthology.orchestra.run.smithi026.stdout:Waiting for mgr epoch 9...
2023-10-06T21:01:37.501 INFO:journalctl@ceph.mon.a.smithi026.stdout:Oct 06 21:01:37 smithi026 ceph-mon[98490]: from='client.? 172.21.15.26:0/2526574768' entity='client.admin' cmd=[{"prefix": "mgr stat"}]: dispatch
2023-10-06T21:01:38.073 INFO:journalctl@ceph.mgr.x.smithi026.stdout:Oct 06 21:01:37 smithi026 ceph-4dcc50a6-648b-11ee-8db5-212e2dc638e7-mgr-x[98734]:
2023-10-06T21:01:37.787+0000 7fc6232d1200 -1 mgr[py] Module progress has missing NOTIFY_TYPES member
2023-10-06T21:01:39.073 INFO:journalctl@ceph.mgr.x.smithi026.stdout:Oct 06 21:01:38 smithi026 ceph-4dcc50a6-648b-11ee-8db5-212e2dc638e7-mgr-x[98734]:
2023-10-06T21:01:38.668+0000 7fc6232d1200 -1 mgr[py] Module rook has missing NOTIFY_TYPES member
2023-10-06T21:01:39.073 INFO:journalctl@ceph.mgr.x.smithi026.stdout:Oct 06 21:01:38 smithi026 ceph-4dcc50a6-648b-11ee-8db5-212e2dc638e7-mgr-x[98734]:
2023-10-06T21:01:38.777+0000 7fc6232d1200 -1 mgr[py] Module iostat has missing NOTIFY_TYPES member
2023-10-06T21:01:40.073 INFO:journalctl@ceph.mgr.x.smithi026.stdout:Oct 06 21:01:39 smithi026 ceph-4dcc50a6-648b-11ee-8db5-212e2dc638e7-mgr-x[98734]:
2023-10-06T21:01:39.765+0000 7fc6232d1200 -1 mgr[py] Module test_orchestrator has missing NOTIFY_TYPES member
2023-10-06T21:01:40.073 INFO:journalctl@ceph.mgr.x.smithi026.stdout:Oct 06 21:01:39 smithi026 ceph-4dcc50a6-648b-11ee-8db5-212e2dc638e7-mgr-x[98734]:
2023-10-06T21:01:39.889+0000 7fc6232d1200 -1 mgr[py] Module osd_perf_query has missing NOTIFY_TYPES member
2023-10-06T21:01:40.497 INFO:journalctl@ceph.mgr.x.smithi026.stdout:Oct 06 21:01:40 smithi026 ceph-4dcc50a6-648b-11ee-8db5-212e2dc638e7-mgr-x[98734]:
2023-10-06T21:01:40.121+0000 7fc6232d1200 -1 mgr[py] Module orchestrator has missing NOTIFY_TYPES member
2023-10-06T21:01:40.780 INFO:journalctl@ceph.mgr.x.smithi026.stdout:Oct 06 21:01:40 smithi026 ceph-4dcc50a6-648b-11ee-8db5-212e2dc638e7-mgr-x[98734]:
2023-10-06T21:01:40.495+0000 7fc6232d1200 -1 mgr[py] Module rgw has missing NOTIFY_TYPES member
2023-10-06T21:01:41.073 INFO:journalctl@ceph.mgr.x.smithi026.stdout:Oct 06 21:01:40 smithi026 ceph-4dcc50a6-648b-11ee-8db5-212e2dc638e7-mgr-x[98734]:
2023-10-06T21:01:40.777+0000 7fc6232d1200 -1 mgr[py] Module influx has missing NOTIFY_TYPES member
2023-10-06T21:01:41.073 INFO:journalctl@ceph.mgr.x.smithi026.stdout:Oct 06 21:01:40 smithi026 ceph-4dcc50a6-648b-11ee-8db5-212e2dc638e7-mgr-x[98734]:
2023-10-06T21:01:40.977+0000 7fc6232d1200 -1 mgr[py] Module telemetry has missing NOTIFY_TYPES member
2023-10-06T21:01:41.823 INFO:journalctl@ceph.mgr.x.smithi026.stdout:Oct 06 21:01:41 smithi026 ceph-4dcc50a6-648b-11ee-8db5-212e2dc638e7-mgr-x[98734]:
2023-10-06T21:01:41.332+0000 7fc6232d1200 -1 mgr[py] Module telegraf has missing NOTIFY_TYPES member
2023-10-06T21:01:42.573 INFO:journalctl@ceph.mgr.x.smithi026.stdout:Oct 06 21:01:42 smithi026 ceph-4dcc50a6-648b-11ee-8db5-212e2dc638e7-mgr-x[98734]:
2023-10-06T21:01:42.295+0000 7fc6232d1200 -1 mgr[py] Module balancer has missing NOTIFY_TYPES member
2023-10-06T21:01:42.573 INFO:journalctl@ceph.mgr.x.smithi026.stdout:Oct 06 21:01:42 smithi026 ceph-4dcc50a6-648b-11ee-8db5-212e2dc638e7-mgr-x[98734]:
2023-10-06T21:01:42.475+0000 7fc6232d1200 -1 mgr[py] Module diskprediction_local has missing NOTIFY_TYPES member
2023-10-06T21:01:43.073 INFO:journalctl@ceph.mgr.x.smithi026.stdout:Oct 06 21:01:42 smithi026 ceph-4dcc50a6-648b-11ee-8db5-212e2dc638e7-mgr-x[98734]:
2023-10-06T21:01:42.731+0000 7fc6232d1200 -1 mgr[py] Module nfs has missing NOTIFY_TYPES member
2023-10-06T21:01:43.073 INFO:journalctl@ceph.mgr.x.smithi026.stdout:Oct 06 21:01:42 smithi026 ceph-4dcc50a6-648b-11ee-8db5-212e2dc638e7-mgr-x[98734]:
2023-10-06T21:01:42.882+0000 7fc6232d1200 -1 mgr[py] Module rbd_support has missing NOTIFY_TYPES member
2023-10-06T21:01:43.573 INFO:journalctl@ceph.mgr.x.smithi026.stdout:Oct 06 21:01:43 smithi026 ceph-4dcc50a6-648b-11ee-8db5-212e2dc638e7-mgr-x[98734]:
2023-10-06T21:01:43.169+0000 7fc6232d1200 -1 mgr[py] Module volumes has missing NOTIFY_TYPES member
2023-10-06T21:01:44.573 INFO:journalctl@ceph.mgr.x.smithi026.stdout:Oct 06 21:01:44 smithi026 ceph-4dcc50a6-648b-11ee-8db5-212e2dc638e7-mgr-x[98734]:
2023-10-06T21:01:44.281+0000 7fc6232d1200 -1 mgr[py] Module pg_autoscaler has missing NOTIFY_TYPES member
2023-10-06T21:01:44.573 INFO:journalctl@ceph.mon.a.smithi026.stdout:Oct 06 21:01:44 smithi026 ceph-mon[98490]: Active manager daemon x restarted
2023-10-06T21:01:44.573 INFO:journalctl@ceph.mon.a.smithi026.stdout:Oct 06 21:01:44 smithi026 ceph-mon[98490]: Activating manager daemon x
2023-10-06T21:01:44.574 INFO:journalctl@ceph.mon.a.smithi026.stdout:Oct 06 21:01:44 smithi026 ceph-mon[98490]: osdmap e3: 0 total, 0 up, 0 in
2023-10-06T21:01:44.574 INFO:journalctl@ceph.mon.a.smithi026.stdout:Oct 06 21:01:44 smithi026 ceph-mon[98490]: mgrmap e10: x(active, starting, since 0.00381499s)
2023-10-06T21:01:44.574 INFO:journalctl@ceph.mon.a.smithi026.stdout:Oct 06 21:01:44 smithi026 ceph-mon[98490]: from='mgr.14148 172.21.15.26:0/3829480380' entity='mgr.x' cmd=[{"prefix": "mon metadata", "id": "a"}]: dispatch
2023-10-06T21:01:44.574 INFO:journalctl@ceph.mon.a.smithi026.stdout:Oct 06 21:01:44 smithi026 ceph-mon[98490]: from='mgr.14148 172.21.15.26:0/3829480380' entity='mgr.x' cmd=[{"prefix": "mgr metadata", "who": "x", "id": "x"}]: dispatch
2023-10-06T21:01:44.574 INFO:journalctl@ceph.mon.a.smithi026.stdout:Oct 06 21:01:44 smithi026 ceph-mon[98490]: from='mgr.14148 172.21.15.26:0/3829480380' entity='mgr.x' cmd=[{"prefix": "mds metadata"}]: dispatch
2023-10-06T21:01:44.574 INFO:journalctl@ceph.mon.a.smithi026.stdout:Oct 06 21:01:44 smithi026 ceph-mon[98490]: from='mgr.14148 172.21.15.26:0/3829480380' entity='mgr.x' cmd=[{"prefix": "osd metadata"}]: dispatch
2023-10-06T21:01:44.574 INFO:journalctl@ceph.mon.a.smithi026.stdout:Oct 06 21:01:44 smithi026 ceph-mon[98490]: from='mgr.14148 172.21.15.26:0/3829480380' entity='mgr.x' cmd=[{"prefix": "mon metadata"}]: dispatch
2023-10-06T21:01:44.574 INFO:journalctl@ceph.mon.a.smithi026.stdout:Oct 06 21:01:44 smithi026 ceph-mon[98490]: Manager daemon x is now available
2023-10-06T21:01:44.574 INFO:journalctl@ceph.mon.a.smithi026.stdout:Oct 06 21:01:44 smithi026 ceph-mon[98490]: from='mgr.14148 172.21.15.26:0/3829480380' entity='mgr.x' cmd=[{"prefix": "config dump", "format": "json"}]: dispatch
2023-10-06T21:01:44.574 INFO:journalctl@ceph.mon.a.smithi026.stdout:Oct 06 21:01:44 smithi026 ceph-mon[98490]: from='mgr.14148 172.21.15.26:0/3829480380' entity='mgr.x' cmd=[{"prefix": "config dump", "format": "json"}]: dispatch
2023-10-06T21:01:45.823 INFO:journalctl@ceph.mon.a.smithi026.stdout:Oct 06 21:01:45 smithi026 ceph-mon[98490]: from='mgr.14148 172.21.15.26:0/3829480380' entity='mgr.x' cmd=[{"prefix":"config rm","who":"mgr","name":"mgr/rbd_support/x/mirror_snapshot_schedule"}]: dispatch
2023-10-06T21:01:45.823 INFO:journalctl@ceph.mon.a.smithi026.stdout:Oct 06 21:01:45 smithi026 ceph-mon[98490]: from='mgr.14148 172.21.15.26:0/3829480380' entity='mgr.x' cmd=[{"prefix":"config rm","who":"mgr","name":"mgr/rbd_support/x/trash_purge_schedule"}]: dispatch
2023-10-06T21:01:45.823 INFO:journalctl@ceph.mon.a.smithi026.stdout:Oct 06 21:01:45 smithi026 ceph-mon[98490]: mgrmap e11: x(active, since 1.00812s)
2023-10-06T21:01:45.841 INFO:teuthology.orchestra.run.smithi026.stdout:/usr/bin/ceph: stdout {
2023-10-06T21:01:45.848 INFO:teuthology.orchestra.run.smithi026.stdout:/usr/bin/ceph: stdout "mgrmap_epoch": 11,
2023-10-06T21:01:45.848 INFO:teuthology.orchestra.run.smithi026.stdout:/usr/bin/ceph: stdout "initialized": true
2023-10-06T21:01:45.848 INFO:teuthology.orchestra.run.smithi026.stdout:/usr/bin/ceph: stdout }
2023-10-06T21:01:45.848 INFO:teuthology.orchestra.run.smithi026.stdout:/usr/bin/ceph: stderr
2023-10-06T21:01:37.972+0000 7f1be58c8700 1 Processor -- start
2023-10-06T21:01:45.848 INFO:teuthology.orchestra.run.smithi026.stdout:/usr/bin/ceph: stderr
2023-10-06T21:01:37.972+0000 7f1be58c8700 1 -- start start
2023-10-06T21:01:45.848 INFO:teuthology.orchestra.run.smithi026.stdout:/usr/bin/ceph: stderr
2023-10-06T21:01:37.973+0000 7f1be58c8700 1 --2- >> [v2:172.21.15.26:3300/0,v1:172.21.15.26:6789/0] conn(0x7f1be0106920 0x7f1be0106d40 unknown :-1 s=NONE pgs=0 cs=0 l=0 rev1=0 crypto rx=0 tx=0 comp rx=0 tx=0).connect
2023-10-06T21:01:45.849 INFO:teuthology.orchestra.run.smithi026.stdout:/usr/bin/ceph: stderr
2023-10-06T21:01:37.973+0000 7f1be58c8700 1 -- --> [v2:172.21.15.26:3300/0,v1:172.21.15.26:6789/0] -- mon_getmap magic: 0 v1 -- 0x7f1be0107310 con 0x7f1be0106920
2023-10-06T21:01:45.849 INFO:teuthology.orchestra.run.smithi026.stdout:/usr/bin/ceph: stderr
2023-10-06T21:01:37.973+0000 7f1bdeffd700 1 --2- >> [v2:172.21.15.26:3300/0,v1:172.21.15.26:6789/0] conn(0x7f1be0106920 0x7f1be0106d40 unknown :-1 s=BANNER_CONNECTING pgs=0 cs=0 l=0 rev1=0 crypto rx=0 tx=0 comp rx=0 tx=0)._handle_peer_banner_payload supported=3 required=0
2023-10-06T21:01:45.849 INFO:teuthology.orchestra.run.smithi026.stdout:/usr/bin/ceph: stderr
2023-10-06T21:01:37.973+0000 7f1bdeffd700 1 --2- >> [v2:172.21.15.26:3300/0,v1:172.21.15.26:6789/0] conn(0x7f1be0106920 0x7f1be0106d40 unknown :-1 s=HELLO_CONNECTING pgs=0 cs=0 l=0 rev1=1 crypto rx=0 tx=0 comp rx=0 tx=0).handle_hello peer v2:172.21.15.26:3300/0 says I am v2:172.21.15.26:33236/0 (socket says 172.21.15.26:33236)
2023-10-06T21:01:45.849 INFO:teuthology.orchestra.run.smithi026.stdout:/usr/bin/ceph: stderr
2023-10-06T21:01:37.973+0000 7f1bdeffd700 1 -- 172.21.15.26:0/2272264456 learned_addr learned my addr 172.21.15.26:0/2272264456 (peer_addr_for_me v2:172.21.15.26:0/0)
2023-10-06T21:01:45.849 INFO:teuthology.orchestra.run.smithi026.stdout:/usr/bin/ceph: stderr
2023-10-06T21:01:37.973+0000 7f1bdeffd700 1 -- 172.21.15.26:0/2272264456 --> [v2:172.21.15.26:3300/0,v1:172.21.15.26:6789/0] -- mon_subscribe({config=0+,monmap=0+}) v3 -- 0x7f1be0107b20 con 0x7f1be0106920
2023-10-06T21:01:45.849 INFO:teuthology.orchestra.run.smithi026.stdout:/usr/bin/ceph: stderr
2023-10-06T21:01:37.974+0000 7f1bdeffd700 1 --2- 172.21.15.26:0/2272264456 >> [v2:172.21.15.26:3300/0,v1:172.21.15.26:6789/0] conn(0x7f1be0106920 0x7f1be0106d40 secure :-1 s=READY pgs=57 cs=0 l=1 rev1=1 crypto rx=0x7f1bd00098a0 tx=0x7f1bd0009bb0 comp rx=0 tx=0).ready entity=mon.0 client_cookie=616684b39d8ce93 server_cookie=0 in_seq=0 out_seq=0
2023-10-06T21:01:45.849 INFO:teuthology.orchestra.run.smithi026.stdout:/usr/bin/ceph: stderr
2023-10-06T21:01:37.974+0000 7f1bddffb700 1 -- 172.21.15.26:0/2272264456 <== mon.0 v2:172.21.15.26:3300/0 1 ==== mon_map magic: 0 v1 ==== 205+0+0 (secure 0 0 0) 0x7f1bd0004160 con 0x7f1be0106920
2023-10-06T21:01:45.849 INFO:teuthology.orchestra.run.smithi026.stdout:/usr/bin/ceph: stderr
2023-10-06T21:01:37.974+0000 7f1bddffb700 1 -- 172.21.15.26:0/2272264456 <== mon.0 v2:172.21.15.26:3300/0 2 ==== config(26 keys) v1 ==== 1105+0+0 (secure 0 0 0) 0x7f1bd00042c0 con 0x7f1be0106920
2023-10-06T21:01:45.849 INFO:teuthology.orchestra.run.smithi026.stdout:/usr/bin/ceph: stderr
2023-10-06T21:01:37.974+0000 7f1bddffb700 1 -- 172.21.15.26:0/2272264456 <== mon.0 v2:172.21.15.26:3300/0 3 ==== mon_map magic: 0 v1 ==== 205+0+0 (secure 0 0 0) 0x7f1bd00119b0 con 0x7f1be0106920
2023-10-06T21:01:45.849 INFO:teuthology.orchestra.run.smithi026.stdout:/usr/bin/ceph: stderr
2023-10-06T21:01:37.975+0000 7f1be58c8700 1 -- 172.21.15.26:0/2272264456 >> [v2:172.21.15.26:3300/0,v1:172.21.15.26:6789/0] conn(0x7f1be0106920 msgr2=0x7f1be0106d40 secure :-1 s=STATE_CONNECTION_ESTABLISHED l=1).mark_down
2023-10-06T21:01:45.849 INFO:teuthology.orchestra.run.smithi026.stdout:/usr/bin/ceph: stderr
2023-10-06T21:01:37.975+0000 7f1be58c8700 1 --2- 172.21.15.26:0/2272264456 >> [v2:172.21.15.26:3300/0,v1:172.21.15.26:6789/0] conn(0x7f1be0106920 0x7f1be0106d40 secure :-1 s=READY pgs=57 cs=0 l=1 rev1=1 crypto rx=0x7f1bd00098a0 tx=0x7f1bd0009bb0 comp rx=0 tx=0).stop
2023-10-06T21:01:45.850 INFO:teuthology.orchestra.run.smithi026.stdout:/usr/bin/ceph: stderr
2023-10-06T21:01:37.975+0000 7f1be58c8700 1 -- 172.21.15.26:0/2272264456 shutdown_connections
2023-10-06T21:01:45.850 INFO:teuthology.orchestra.run.smithi026.stdout:/usr/bin/ceph: stderr
2023-10-06T21:01:37.975+0000 7f1be58c8700 1 --2- 172.21.15.26:0/2272264456 >> [v2:172.21.15.26:3300/0,v1:172.21.15.26:6789/0] conn(0x7f1be0106920 0x7f1be0106d40 unknown :-1 s=CLOSED pgs=57 cs=0 l=1 rev1=1 crypto rx=0 tx=0 comp rx=0 tx=0).stop
2023-10-06T21:01:45.850 INFO:teuthology.orchestra.run.smithi026.stdout:/usr/bin/ceph: stderr
2023-10-06T21:01:37.975+0000 7f1be58c8700 1 -- 172.21.15.26:0/2272264456 >> 172.21.15.26:0/2272264456 conn(0x7f1be0101ee0 msgr2=0x7f1be0104300 unknown :-1 s=STATE_NONE l=0).mark_down
2023-10-06T21:01:45.850 INFO:teuthology.orchestra.run.smithi026.stdout:/usr/bin/ceph: stderr
2023-10-06T21:01:37.975+0000 7f1be58c8700 1 -- 172.21.15.26:0/2272264456 shutdown_connections
2023-10-06T21:01:45.850 INFO:teuthology.orchestra.run.smithi026.stdout:/usr/bin/ceph: stderr
2023-10-06T21:01:37.975+0000 7f1be58c8700 1 -- 172.21.15.26:0/2272264456 wait complete.
2023-10-06T21:01:45.850 INFO:teuthology.orchestra.run.smithi026.stdout:/usr/bin/ceph: stderr
2023-10-06T21:01:37.976+0000 7f1be58c8700 1 Processor -- start
2023-10-06T21:01:45.850 INFO:teuthology.orchestra.run.smithi026.stdout:/usr/bin/ceph: stderr
2023-10-06T21:01:37.976+0000 7f1be58c8700 1 -- start start
2023-10-06T21:01:45.850 INFO:teuthology.orchestra.run.smithi026.stdout:/usr/bin/ceph: stderr
2023-10-06T21:01:37.976+0000 7f1be58c8700 1 --2- >> [v2:172.21.15.26:3300/0,v1:172.21.15.26:6789/0] conn(0x7f1be0106920 0x7f1be007bae0 unknown :-1 s=NONE pgs=0 cs=0 l=1 rev1=0 crypto rx=0 tx=0 comp rx=0 tx=0).connect
2023-10-06T21:01:45.850 INFO:teuthology.orchestra.run.smithi026.stdout:/usr/bin/ceph: stderr
2023-10-06T21:01:37.976+0000 7f1be58c8700 1 -- --> [v2:172.21.15.26:3300/0,v1:172.21.15.26:6789/0] -- mon_getmap magic: 0 v1 -- 0x7f1be007c020 con 0x7f1be0106920
2023-10-06T21:01:45.850 INFO:teuthology.orchestra.run.smithi026.stdout:/usr/bin/ceph: stderr
2023-10-06T21:01:37.977+0000 7f1bdeffd700 1 --2- >> [v2:172.21.15.26:3300/0,v1:172.21.15.26:6789/0] conn(0x7f1be0106920 0x7f1be007bae0 unknown :-1 s=BANNER_CONNECTING pgs=0 cs=0 l=1 rev1=0 crypto rx=0 tx=0 comp rx=0 tx=0)._handle_peer_banner_payload supported=3 required=0
2023-10-06T21:01:45.851 INFO:teuthology.orchestra.run.smithi026.stdout:/usr/bin/ceph: stderr
2023-10-06T21:01:37.977+0000 7f1bdeffd700 1 --2- >> [v2:172.21.15.26:3300/0,v1:172.21.15.26:6789/0] conn(0x7f1be0106920 0x7f1be007bae0 unknown :-1 s=HELLO_CONNECTING pgs=0 cs=0 l=1 rev1=1 crypto rx=0 tx=0 comp rx=0 tx=0).handle_hello peer v2:172.21.15.26:3300/0 says I am v2:172.21.15.26:33240/0 (socket says 172.21.15.26:33240)
2023-10-06T21:01:45.851 INFO:teuthology.orchestra.run.smithi026.stdout:/usr/bin/ceph: stderr
2023-10-06T21:01:37.977+0000 7f1bdeffd700 1 -- 172.21.15.26:0/4030808042 learned_addr learned my addr 172.21.15.26:0/4030808042 (peer_addr_for_me v2:172.21.15.26:0/0)
2023-10-06T21:01:45.851 INFO:teuthology.orchestra.run.smithi026.stdout:/usr/bin/ceph: stderr
2023-10-06T21:01:37.977+0000 7f1bdeffd700 1 -- 172.21.15.26:0/4030808042 --> [v2:172.21.15.26:3300/0,v1:172.21.15.26:6789/0] -- mon_subscribe({config=0+,monmap=0+}) v3 -- 0x7f1bd0009550 con 0x7f1be0106920
2023-10-06T21:01:45.851 INFO:teuthology.orchestra.run.smithi026.stdout:/usr/bin/ceph: stderr
2023-10-06T21:01:37.977+0000 7f1bdeffd700 1 --2- 172.21.15.26:0/4030808042 >> [v2:172.21.15.26:3300/0,v1:172.21.15.26:6789/0] conn(0x7f1be0106920 0x7f1be007bae0 secure :-1 s=READY pgs=58 cs=0 l=1 rev1=1 crypto rx=0x7f1bd0003e60 tx=0x7f1bd0011a30 comp rx=0 tx=0).ready entity=mon.0 client_cookie=0 server_cookie=0 in_seq=0 out_seq=0
2023-10-06T21:01:45.851 INFO:teuthology.orchestra.run.smithi026.stdout:/usr/bin/ceph: stderr
2023-10-06T21:01:37.977+0000 7f1be48c6700 1 -- 172.21.15.26:0/4030808042 <== mon.0 v2:172.21.15.26:3300/0 1 ==== mon_map magic: 0 v1 ==== 205+0+0 (secure 0 0 0) 0x7f1bd0003a60 con 0x7f1be0106920
2023-10-06T21:01:45.851 INFO:teuthology.orchestra.run.smithi026.stdout:/usr/bin/ceph: stderr
2023-10-06T21:01:37.978+0000 7f1be48c6700 1 -- 172.21.15.26:0/4030808042 <== mon.0 v2:172.21.15.26:3300/0 2 ==== config(26 keys) v1 ==== 1105+0+0 (secure 0 0 0) 0x7f1bd0003bc0 con 0x7f1be0106920
2023-10-06T21:01:45.851 INFO:teuthology.orchestra.run.smithi026.stdout:/usr/bin/ceph: stderr
2023-10-06T21:01:37.978+0000 7f1be48c6700 1 -- 172.21.15.26:0/4030808042 <== mon.0 v2:172.21.15.26:3300/0 3 ==== mon_map magic: 0 v1 ==== 205+0+0 (secure 0 0 0) 0x7f1bd00196c0 con 0x7f1be0106920
2023-10-06T21:01:45.851 INFO:teuthology.orchestra.run.smithi026.stdout:/usr/bin/ceph: stderr
2023-10-06T21:01:37.978+0000 7f1be58c8700 1 -- 172.21.15.26:0/4030808042 --> [v2:172.21.15.26:3300/0,v1:172.21.15.26:6789/0] -- mon_subscribe({mgrmap=0+}) v3 -- 0x7f1be007a130 con 0x7f1be0106920
2023-10-06T21:01:45.851 INFO:teuthology.orchestra.run.smithi026.stdout:/usr/bin/ceph: stderr
2023-10-06T21:01:37.978+0000 7f1be58c8700 1 -- 172.21.15.26:0/4030808042 --> [v2:172.21.15.26:3300/0,v1:172.21.15.26:6789/0] -- mon_subscribe({osdmap=0}) v3 -- 0x7f1be007a5d0 con 0x7f1be0106920
2023-10-06T21:01:45.851 INFO:teuthology.orchestra.run.smithi026.stdout:/usr/bin/ceph: stderr
2023-10-06T21:01:37.979+0000 7f1be48c6700 1 -- 172.21.15.26:0/4030808042 <== mon.0 v2:172.21.15.26:3300/0 4 ==== mgrmap(e 9) v1 ==== 45592+0+0 (secure 0 0 0) 0x7f1bd001ab60 con 0x7f1be0106920
2023-10-06T21:01:45.851 INFO:teuthology.orchestra.run.smithi026.stdout:/usr/bin/ceph: stderr
2023-10-06T21:01:37.979+0000 7f1be48c6700 1 --2- 172.21.15.26:0/4030808042 >> [v2:172.21.15.26:6800/118366491,v1:172.21.15.26:6801/118366491] conn(0x7f1bc80388a0 0x7f1bc803ad60 unknown :-1 s=NONE pgs=0 cs=0 l=1 rev1=0 crypto rx=0 tx=0 comp rx=0 tx=0).connect
2023-10-06T21:01:45.852 INFO:teuthology.orchestra.run.smithi026.stdout:/usr/bin/ceph: stderr
2023-10-06T21:01:37.979+0000 7f1be48c6700 1 -- 172.21.15.26:0/4030808042 --> [v2:172.21.15.26:6800/118366491,v1:172.21.15.26:6801/118366491] -- command(tid 0: {"prefix": "get_command_descriptions"}) v1 -- 0x7f1bc803b470 con 0x7f1bc80388a0
2023-10-06T21:01:45.852 INFO:teuthology.orchestra.run.smithi026.stdout:/usr/bin/ceph: stderr
2023-10-06T21:01:37.980+0000 7f1be48c6700 1 -- 172.21.15.26:0/4030808042 <== mon.0 v2:172.21.15.26:3300/0 5 ==== osd_map(2..2 src has 1..2) v4 ==== 940+0+0 (secure 0 0 0) 0x7f1bd004cba0 con 0x7f1be0106920
2023-10-06T21:01:45.852 INFO:teuthology.orchestra.run.smithi026.stdout:/usr/bin/ceph: stderr
2023-10-06T21:01:37.980+0000 7f1bde7fc700 1 -- 172.21.15.26:0/4030808042 >> [v2:172.21.15.26:6800/118366491,v1:172.21.15.26:6801/118366491] conn(0x7f1bc80388a0 msgr2=0x7f1bc803ad60 unknown :-1 s=STATE_CONNECTING_RE l=1).process reconnect failed to v2:172.21.15.26:6800/118366491
2023-10-06T21:01:45.852 INFO:teuthology.orchestra.run.smithi026.stdout:/usr/bin/ceph: stderr
2023-10-06T21:01:37.980+0000 7f1bde7fc700 1 --2- 172.21.15.26:0/4030808042 >> [v2:172.21.15.26:6800/118366491,v1:172.21.15.26:6801/118366491] conn(0x7f1bc80388a0 0x7f1bc803ad60 unknown :-1 s=START_CONNECT pgs=0 cs=0 l=1 rev1=0 crypto rx=0 tx=0 comp rx=0 tx=0)._fault waiting 0.200000
2023-10-06T21:01:45.852 INFO:teuthology.orchestra.run.smithi026.stdout:/usr/bin/ceph: stderr
2023-10-06T21:01:38.181+0000 7f1bde7fc700 1 -- 172.21.15.26:0/4030808042 >> [v2:172.21.15.26:6800/118366491,v1:172.21.15.26:6801/118366491] conn(0x7f1bc80388a0 msgr2=0x7f1bc803ad60 unknown :-1 s=STATE_CONNECTING_RE l=1).process reconnect failed to v2:172.21.15.26:6800/118366491
2023-10-06T21:01:45.852 INFO:teuthology.orchestra.run.smithi026.stdout:/usr/bin/ceph: stderr
2023-10-06T21:01:38.181+0000 7f1bde7fc700 1 --2- 172.21.15.26:0/4030808042 >> [v2:172.21.15.26:6800/118366491,v1:172.21.15.26:6801/118366491] conn(0x7f1bc80388a0 0x7f1bc803ad60 unknown :-1 s=START_CONNECT pgs=0 cs=0 l=1 rev1=0 crypto rx=0 tx=0 comp rx=0 tx=0)._fault waiting 0.400000
2023-10-06T21:01:45.852 INFO:teuthology.orchestra.run.smithi026.stdout:/usr/bin/ceph: stderr
2023-10-06T21:01:38.582+0000 7f1bde7fc700 1 -- 172.21.15.26:0/4030808042 >> [v2:172.21.15.26:6800/118366491,v1:172.21.15.26:6801/118366491] conn(0x7f1bc80388a0 msgr2=0x7f1bc803ad60 unknown :-1 s=STATE_CONNECTING_RE l=1).process reconnect failed to v2:172.21.15.26:6800/118366491
2023-10-06T21:01:45.852 INFO:teuthology.orchestra.run.smithi026.stdout:/usr/bin/ceph: stderr
2023-10-06T21:01:38.582+0000 7f1bde7fc700 1 --2- 172.21.15.26:0/4030808042 >> [v2:172.21.15.26:6800/118366491,v1:172.21.15.26:6801/118366491] conn(0x7f1bc80388a0 0x7f1bc803ad60 unknown :-1 s=START_CONNECT pgs=0 cs=0 l=1 rev1=0 crypto rx=0 tx=0 comp rx=0 tx=0)._fault waiting 0.800000
2023-10-06T21:01:45.853 INFO:teuthology.orchestra.run.smithi026.stdout:/usr/bin/ceph: stderr
2023-10-06T21:01:39.383+0000 7f1bde7fc700 1 -- 172.21.15.26:0/4030808042 >> [v2:172.21.15.26:6800/118366491,v1:172.21.15.26:6801/118366491] conn(0x7f1bc80388a0 msgr2=0x7f1bc803ad60 unknown :-1 s=STATE_CONNECTING_RE l=1).process reconnect failed to v2:172.21.15.26:6800/118366491
2023-10-06T21:01:45.853 INFO:teuthology.orchestra.run.smithi026.stdout:/usr/bin/ceph: stderr
2023-10-06T21:01:39.383+0000 7f1bde7fc700 1 --2- 172.21.15.26:0/4030808042 >> [v2:172.21.15.26:6800/118366491,v1:172.21.15.26:6801/118366491] conn(0x7f1bc80388a0 0x7f1bc803ad60 unknown :-1 s=START_CONNECT pgs=0 cs=0 l=1 rev1=0 crypto rx=0 tx=0 comp rx=0 tx=0)._fault waiting 1.600000
2023-10-06T21:01:45.853 INFO:teuthology.orchestra.run.smithi026.stdout:/usr/bin/ceph: stderr
2023-10-06T21:01:40.983+0000 7f1bde7fc700 1 -- 172.21.15.26:0/4030808042 >> [v2:172.21.15.26:6800/118366491,v1:172.21.15.26:6801/118366491] conn(0x7f1bc80388a0 msgr2=0x7f1bc803ad60 unknown :-1 s=STATE_CONNECTING_RE l=1).process reconnect failed to v2:172.21.15.26:6800/118366491
2023-10-06T21:01:45.853 INFO:teuthology.orchestra.run.smithi026.stdout:/usr/bin/ceph: stderr
2023-10-06T21:01:40.984+0000 7f1bde7fc700 1 --2- 172.21.15.26:0/4030808042 >> [v2:172.21.15.26:6800/118366491,v1:172.21.15.26:6801/118366491] conn(0x7f1bc80388a0 0x7f1bc803ad60 unknown :-1 s=START_CONNECT pgs=0 cs=0 l=1 rev1=0 crypto rx=0 tx=0 comp rx=0 tx=0)._fault waiting 3.200000
2023-10-06T21:01:45.853 INFO:teuthology.orchestra.run.smithi026.stdout:/usr/bin/ceph: stderr
