2023-10-06T21:11:17.913+0000 7fc2637fe700 1 -- 172.21.15.31:0/3257695452 <== mon.0 v2:172.21.15.31:3300/0 1 ==== mon_map magic: 0 v1 ==== 205+0+0 (secure 0 0 0) 0x7fc2640036a0 con 0x7fc27407beb0
2023-10-06T21:11:18.608 INFO:teuthology.orchestra.run.smithi031.stdout:/usr/bin/ceph: stderr
2023-10-06T21:11:17.913+0000 7fc2637fe700 1 -- 172.21.15.31:0/3257695452 <== mon.0 v2:172.21.15.31:3300/0 2 ==== config(25 keys) v1 ==== 1067+0+0 (secure 0 0 0) 0x7fc26401b440 con 0x7fc27407beb0
2023-10-06T21:11:18.609 INFO:teuthology.orchestra.run.smithi031.stdout:/usr/bin/ceph: stderr
2023-10-06T21:11:17.913+0000 7fc2637fe700 1 -- 172.21.15.31:0/3257695452 <== mon.0 v2:172.21.15.31:3300/0 3 ==== mon_map magic: 0 v1 ==== 205+0+0 (secure 0 0 0) 0x7fc264023400 con 0x7fc27407beb0
2023-10-06T21:11:18.609 INFO:teuthology.orchestra.run.smithi031.stdout:/usr/bin/ceph: stderr
2023-10-06T21:11:17.913+0000 7fc278e29700 1 -- 172.21.15.31:0/3257695452 --> [v2:172.21.15.31:3300/0,v1:172.21.15.31:6789/0] -- mon_subscribe({mgrmap=0+}) v3 -- 0x7fc27419cc30 con 0x7fc27407beb0
2023-10-06T21:11:18.609 INFO:teuthology.orchestra.run.smithi031.stdout:/usr/bin/ceph: stderr
2023-10-06T21:11:17.913+0000 7fc278e29700 1 -- 172.21.15.31:0/3257695452 --> [v2:172.21.15.31:3300/0,v1:172.21.15.31:6789/0] -- mon_subscribe({osdmap=0}) v3 -- 0x7fc27419d050 con 0x7fc27407beb0
2023-10-06T21:11:18.609 INFO:teuthology.orchestra.run.smithi031.stdout:/usr/bin/ceph: stderr
2023-10-06T21:11:17.914+0000 7fc2637fe700 1 -- 172.21.15.31:0/3257695452 <== mon.0 v2:172.21.15.31:3300/0 4 ==== mgrmap(e 9) v1 ==== 45592+0+0 (secure 0 0 0) 0x7fc264003800 con 0x7fc27407beb0
2023-10-06T21:11:18.609 INFO:teuthology.orchestra.run.smithi031.stdout:/usr/bin/ceph: stderr
2023-10-06T21:11:17.914+0000 7fc278e29700 1 -- 172.21.15.31:0/3257695452 --> [v2:172.21.15.31:3300/0,v1:172.21.15.31:6789/0] -- mon_command({"prefix": "get_command_descriptions"} v 0) v1 -- 0x7fc2740624e0 con 0x7fc27407beb0
2023-10-06T21:11:18.609 INFO:teuthology.orchestra.run.smithi031.stdout:/usr/bin/ceph: stderr
2023-10-06T21:11:17.915+0000 7fc2637fe700 1 --2- 172.21.15.31:0/3257695452 >> [v2:172.21.15.31:6800/484008040,v1:172.21.15.31:6801/484008040] conn(0x7fc25c0388c0 0x7fc25c03ad80 unknown :-1 s=NONE pgs=0 cs=0 l=1 rev1=0 crypto rx=0 tx=0 comp rx=0 tx=0).connect
2023-10-06T21:11:18.609 INFO:teuthology.orchestra.run.smithi031.stdout:/usr/bin/ceph: stderr
2023-10-06T21:11:17.915+0000 7fc2637fe700 1 -- 172.21.15.31:0/3257695452 <== mon.0 v2:172.21.15.31:3300/0 5 ==== osd_map(2..2 src has 1..2) v4 ==== 940+0+0 (secure 0 0 0) 0x7fc26404c7f0 con 0x7fc27407beb0
2023-10-06T21:11:18.609 INFO:teuthology.orchestra.run.smithi031.stdout:/usr/bin/ceph: stderr
2023-10-06T21:11:17.915+0000 7fc271d9b700 1 -- 172.21.15.31:0/3257695452 >> [v2:172.21.15.31:6800/484008040,v1:172.21.15.31:6801/484008040] conn(0x7fc25c0388c0 msgr2=0x7fc25c03ad80 unknown :-1 s=STATE_CONNECTING_RE l=1).process reconnect failed to v2:172.21.15.31:6800/484008040
2023-10-06T21:11:18.609 INFO:teuthology.orchestra.run.smithi031.stdout:/usr/bin/ceph: stderr
2023-10-06T21:11:17.915+0000 7fc271d9b700 1 --2- 172.21.15.31:0/3257695452 >> [v2:172.21.15.31:6800/484008040,v1:172.21.15.31:6801/484008040] conn(0x7fc25c0388c0 0x7fc25c03ad80 unknown :-1 s=START_CONNECT pgs=0 cs=0 l=1 rev1=0 crypto rx=0 tx=0 comp rx=0 tx=0)._fault waiting 0.200000
2023-10-06T21:11:18.609 INFO:teuthology.orchestra.run.smithi031.stdout:/usr/bin/ceph: stderr
2023-10-06T21:11:17.920+0000 7fc2637fe700 1 -- 172.21.15.31:0/3257695452 <== mon.0 v2:172.21.15.31:3300/0 6 ==== mon_command_ack([{"prefix": "get_command_descriptions"}]=0 v0) v1 ==== 72+0+180459 (secure 0 0 0) 0x7fc26402b350 con 0x7fc27407beb0
2023-10-06T21:11:18.609 INFO:teuthology.orchestra.run.smithi031.stdout:/usr/bin/ceph: stderr
2023-10-06T21:11:18.116+0000 7fc271d9b700 1 -- 172.21.15.31:0/3257695452 >> [v2:172.21.15.31:6800/484008040,v1:172.21.15.31:6801/484008040] conn(0x7fc25c0388c0 msgr2=0x7fc25c03ad80 unknown :-1 s=STATE_CONNECTING_RE l=1).process reconnect failed to v2:172.21.15.31:6800/484008040
2023-10-06T21:11:18.609 INFO:teuthology.orchestra.run.smithi031.stdout:/usr/bin/ceph: stderr
2023-10-06T21:11:18.116+0000 7fc271d9b700 1 --2- 172.21.15.31:0/3257695452 >> [v2:172.21.15.31:6800/484008040,v1:172.21.15.31:6801/484008040] conn(0x7fc25c0388c0 0x7fc25c03ad80 unknown :-1 s=START_CONNECT pgs=0 cs=0 l=1 rev1=0 crypto rx=0 tx=0 comp rx=0 tx=0)._fault waiting 0.400000
2023-10-06T21:11:18.610 INFO:teuthology.orchestra.run.smithi031.stdout:/usr/bin/ceph: stderr
2023-10-06T21:11:18.187+0000 7fc278e29700 1 -- 172.21.15.31:0/3257695452 --> [v2:172.21.15.31:3300/0,v1:172.21.15.31:6789/0] -- mon_command({"prefix": "mgr stat"} v 0) v1 -- 0x7fc27410caa0 con 0x7fc27407beb0
2023-10-06T21:11:18.610 INFO:teuthology.orchestra.run.smithi031.stdout:/usr/bin/ceph: stderr
2023-10-06T21:11:18.188+0000 7fc2637fe700 1 -- 172.21.15.31:0/3257695452 <== mon.0 v2:172.21.15.31:3300/0 7 ==== mon_command_ack([{"prefix": "mgr stat"}]=0 v9) v1 ==== 56+0+88 (secure 0 0 0) 0x7fc26402b350 con 0x7fc27407beb0
2023-10-06T21:11:18.610 INFO:teuthology.orchestra.run.smithi031.stdout:/usr/bin/ceph: stderr
2023-10-06T21:11:18.190+0000 7fc278e29700 1 -- 172.21.15.31:0/3257695452 >> [v2:172.21.15.31:6800/484008040,v1:172.21.15.31:6801/484008040] conn(0x7fc25c0388c0 msgr2=0x7fc25c03ad80 unknown :-1 s=STATE_CONNECTING l=1).mark_down
2023-10-06T21:11:18.610 INFO:teuthology.orchestra.run.smithi031.stdout:/usr/bin/ceph: stderr
2023-10-06T21:11:18.190+0000 7fc278e29700 1 --2- 172.21.15.31:0/3257695452 >> [v2:172.21.15.31:6800/484008040,v1:172.21.15.31:6801/484008040] conn(0x7fc25c0388c0 0x7fc25c03ad80 unknown :-1 s=START_CONNECT pgs=0 cs=0 l=1 rev1=0 crypto rx=0 tx=0 comp rx=0 tx=0).stop
2023-10-06T21:11:18.610 INFO:teuthology.orchestra.run.smithi031.stdout:/usr/bin/ceph: stderr
2023-10-06T21:11:18.190+0000 7fc278e29700 1 -- 172.21.15.31:0/3257695452 >> [v2:172.21.15.31:3300/0,v1:172.21.15.31:6789/0] conn(0x7fc27407beb0 msgr2=0x7fc27419c4f0 secure :-1 s=STATE_CONNECTION_ESTABLISHED l=1).mark_down
2023-10-06T21:11:18.610 INFO:teuthology.orchestra.run.smithi031.stdout:/usr/bin/ceph: stderr
2023-10-06T21:11:18.190+0000 7fc278e29700 1 --2- 172.21.15.31:0/3257695452 >> [v2:172.21.15.31:3300/0,v1:172.21.15.31:6789/0] conn(0x7fc27407beb0 0x7fc27419c4f0 secure :-1 s=READY pgs=56 cs=0 l=1 rev1=1 crypto rx=0x7fc264003e30 tx=0x7fc2640119a0 comp rx=0 tx=0).stop
2023-10-06T21:11:18.610 INFO:teuthology.orchestra.run.smithi031.stdout:/usr/bin/ceph: stderr
2023-10-06T21:11:18.190+0000 7fc278e29700 1 -- 172.21.15.31:0/3257695452 shutdown_connections
2023-10-06T21:11:18.610 INFO:teuthology.orchestra.run.smithi031.stdout:/usr/bin/ceph: stderr
2023-10-06T21:11:18.190+0000 7fc278e29700 1 --2- 172.21.15.31:0/3257695452 >> [v2:172.21.15.31:6800/484008040,v1:172.21.15.31:6801/484008040] conn(0x7fc25c0388c0 0x7fc25c03ad80 unknown :-1 s=CLOSED pgs=0 cs=0 l=1 rev1=0 crypto rx=0 tx=0 comp rx=0 tx=0).stop
2023-10-06T21:11:18.610 INFO:teuthology.orchestra.run.smithi031.stdout:/usr/bin/ceph: stderr
2023-10-06T21:11:18.190+0000 7fc278e29700 1 --2- 172.21.15.31:0/3257695452 >> [v2:172.21.15.31:3300/0,v1:172.21.15.31:6789/0] conn(0x7fc27407beb0 0x7fc27419c4f0 unknown :-1 s=CLOSED pgs=56 cs=0 l=1 rev1=1 crypto rx=0 tx=0 comp rx=0 tx=0).stop
2023-10-06T21:11:18.610 INFO:teuthology.orchestra.run.smithi031.stdout:/usr/bin/ceph: stderr
2023-10-06T21:11:18.190+0000 7fc278e29700 1 -- 172.21.15.31:0/3257695452 >> 172.21.15.31:0/3257695452 conn(0x7fc274101ce0 msgr2=0x7fc274103330 unknown :-1 s=STATE_NONE l=0).mark_down
2023-10-06T21:11:18.610 INFO:teuthology.orchestra.run.smithi031.stdout:/usr/bin/ceph: stderr
2023-10-06T21:11:18.190+0000 7fc278e29700 1 -- 172.21.15.31:0/3257695452 shutdown_connections
2023-10-06T21:11:18.611 INFO:teuthology.orchestra.run.smithi031.stdout:/usr/bin/ceph: stderr
2023-10-06T21:11:18.190+0000 7fc278e29700 1 -- 172.21.15.31:0/3257695452 wait complete.
2023-10-06T21:11:18.611 INFO:teuthology.orchestra.run.smithi031.stdout:Waiting for the mgr to restart...
2023-10-06T21:11:18.611 INFO:teuthology.orchestra.run.smithi031.stdout:Waiting for mgr epoch 9...
2023-10-06T21:11:18.760 INFO:journalctl@ceph.mgr.x.smithi031.stdout:Oct 06 21:11:18 smithi031 ceph-9b5d7b0a-648c-11ee-8db5-212e2dc638e7-mgr-x[98786]:
2023-10-06T21:11:18.503+0000 7fa2e83b3200 -1 mgr[py] Module selftest has missing NOTIFY_TYPES member
2023-10-06T21:11:18.760 INFO:journalctl@ceph.mgr.x.smithi031.stdout:Oct 06 21:11:18 smithi031 ceph-9b5d7b0a-648c-11ee-8db5-212e2dc638e7-mgr-x[98786]:
2023-10-06T21:11:18.634+0000 7fa2e83b3200 -1 mgr[py] Module alerts has missing NOTIFY_TYPES member
2023-10-06T21:11:19.234 INFO:journalctl@ceph.mon.a.smithi031.stdout:Oct 06 21:11:18 smithi031 ceph-mon[98539]: from='client.? 172.21.15.31:0/3257695452' entity='client.admin' cmd=[{"prefix": "mgr stat"}]: dispatch
2023-10-06T21:11:19.510 INFO:journalctl@ceph.mgr.x.smithi031.stdout:Oct 06 21:11:19 smithi031 ceph-9b5d7b0a-648c-11ee-8db5-212e2dc638e7-mgr-x[98786]:
2023-10-06T21:11:19.231+0000 7fa2e83b3200 -1 mgr[py] Module progress has missing NOTIFY_TYPES member
2023-10-06T21:11:20.510 INFO:journalctl@ceph.mgr.x.smithi031.stdout:Oct 06 21:11:20 smithi031 ceph-9b5d7b0a-648c-11ee-8db5-212e2dc638e7-mgr-x[98786]:
2023-10-06T21:11:20.102+0000 7fa2e83b3200 -1 mgr[py] Module rook has missing NOTIFY_TYPES member
2023-10-06T21:11:20.510 INFO:journalctl@ceph.mgr.x.smithi031.stdout:Oct 06 21:11:20 smithi031 ceph-9b5d7b0a-648c-11ee-8db5-212e2dc638e7-mgr-x[98786]:
2023-10-06T21:11:20.210+0000 7fa2e83b3200 -1 mgr[py] Module iostat has missing NOTIFY_TYPES member
2023-10-06T21:11:21.510 INFO:journalctl@ceph.mgr.x.smithi031.stdout:Oct 06 21:11:21 smithi031 ceph-9b5d7b0a-648c-11ee-8db5-212e2dc638e7-mgr-x[98786]:
2023-10-06T21:11:21.194+0000 7fa2e83b3200 -1 mgr[py] Module test_orchestrator has missing NOTIFY_TYPES member
2023-10-06T21:11:21.510 INFO:journalctl@ceph.mgr.x.smithi031.stdout:Oct 06 21:11:21 smithi031 ceph-9b5d7b0a-648c-11ee-8db5-212e2dc638e7-mgr-x[98786]:
2023-10-06T21:11:21.318+0000 7fa2e83b3200 -1 mgr[py] Module osd_perf_query has missing NOTIFY_TYPES member
2023-10-06T21:11:21.930 INFO:journalctl@ceph.mgr.x.smithi031.stdout:Oct 06 21:11:21 smithi031 ceph-9b5d7b0a-648c-11ee-8db5-212e2dc638e7-mgr-x[98786]:
2023-10-06T21:11:21.548+0000 7fa2e83b3200 -1 mgr[py] Module orchestrator has missing NOTIFY_TYPES member
2023-10-06T21:11:22.213 INFO:journalctl@ceph.mgr.x.smithi031.stdout:Oct 06 21:11:21 smithi031 ceph-9b5d7b0a-648c-11ee-8db5-212e2dc638e7-mgr-x[98786]:
2023-10-06T21:11:21.927+0000 7fa2e83b3200 -1 mgr[py] Module rgw has missing NOTIFY_TYPES member
2023-10-06T21:11:22.510 INFO:journalctl@ceph.mgr.x.smithi031.stdout:Oct 06 21:11:22 smithi031 ceph-9b5d7b0a-648c-11ee-8db5-212e2dc638e7-mgr-x[98786]:
2023-10-06T21:11:22.210+0000 7fa2e83b3200 -1 mgr[py] Module influx has missing NOTIFY_TYPES member
2023-10-06T21:11:22.510 INFO:journalctl@ceph.mgr.x.smithi031.stdout:Oct 06 21:11:22 smithi031 ceph-9b5d7b0a-648c-11ee-8db5-212e2dc638e7-mgr-x[98786]:
2023-10-06T21:11:22.409+0000 7fa2e83b3200 -1 mgr[py] Module telemetry has missing NOTIFY_TYPES member
2023-10-06T21:11:23.260 INFO:journalctl@ceph.mgr.x.smithi031.stdout:Oct 06 21:11:22 smithi031 ceph-9b5d7b0a-648c-11ee-8db5-212e2dc638e7-mgr-x[98786]:
2023-10-06T21:11:22.769+0000 7fa2e83b3200 -1 mgr[py] Module telegraf has missing NOTIFY_TYPES member
2023-10-06T21:11:24.009 INFO:journalctl@ceph.mgr.x.smithi031.stdout:Oct 06 21:11:23 smithi031 ceph-9b5d7b0a-648c-11ee-8db5-212e2dc638e7-mgr-x[98786]:
2023-10-06T21:11:23.736+0000 7fa2e83b3200 -1 mgr[py] Module balancer has missing NOTIFY_TYPES member
2023-10-06T21:11:24.010 INFO:journalctl@ceph.mgr.x.smithi031.stdout:Oct 06 21:11:23 smithi031 ceph-9b5d7b0a-648c-11ee-8db5-212e2dc638e7-mgr-x[98786]:
2023-10-06T21:11:23.917+0000 7fa2e83b3200 -1 mgr[py] Module diskprediction_local has missing NOTIFY_TYPES member
2023-10-06T21:11:24.510 INFO:journalctl@ceph.mgr.x.smithi031.stdout:Oct 06 21:11:24 smithi031 ceph-9b5d7b0a-648c-11ee-8db5-212e2dc638e7-mgr-x[98786]:
2023-10-06T21:11:24.172+0000 7fa2e83b3200 -1 mgr[py] Module nfs has missing NOTIFY_TYPES member
2023-10-06T21:11:24.510 INFO:journalctl@ceph.mgr.x.smithi031.stdout:Oct 06 21:11:24 smithi031 ceph-9b5d7b0a-648c-11ee-8db5-212e2dc638e7-mgr-x[98786]:
2023-10-06T21:11:24.322+0000 7fa2e83b3200 -1 mgr[py] Module rbd_support has missing NOTIFY_TYPES member
2023-10-06T21:11:25.010 INFO:journalctl@ceph.mgr.x.smithi031.stdout:Oct 06 21:11:24 smithi031 ceph-9b5d7b0a-648c-11ee-8db5-212e2dc638e7-mgr-x[98786]:
2023-10-06T21:11:24.606+0000 7fa2e83b3200 -1 mgr[py] Module volumes has missing NOTIFY_TYPES member
2023-10-06T21:11:26.010 INFO:journalctl@ceph.mgr.x.smithi031.stdout:Oct 06 21:11:25 smithi031 ceph-9b5d7b0a-648c-11ee-8db5-212e2dc638e7-mgr-x[98786]:
2023-10-06T21:11:25.713+0000 7fa2e83b3200 -1 mgr[py] Module pg_autoscaler has missing NOTIFY_TYPES member
2023-10-06T21:11:26.010 INFO:journalctl@ceph.mon.a.smithi031.stdout:Oct 06 21:11:25 smithi031 ceph-mon[98539]: Active manager daemon x restarted
2023-10-06T21:11:26.010 INFO:journalctl@ceph.mon.a.smithi031.stdout:Oct 06 21:11:25 smithi031 ceph-mon[98539]: Activating manager daemon x
2023-10-06T21:11:26.010 INFO:journalctl@ceph.mon.a.smithi031.stdout:Oct 06 21:11:25 smithi031 ceph-mon[98539]: osdmap e3: 0 total, 0 up, 0 in
2023-10-06T21:11:26.010 INFO:journalctl@ceph.mon.a.smithi031.stdout:Oct 06 21:11:25 smithi031 ceph-mon[98539]: mgrmap e10: x(active, starting, since 0.00418133s)
2023-10-06T21:11:26.010 INFO:journalctl@ceph.mon.a.smithi031.stdout:Oct 06 21:11:25 smithi031 ceph-mon[98539]: from='mgr.14148 172.21.15.31:0/3723166563' entity='mgr.x' cmd=[{"prefix": "mon metadata", "id": "a"}]: dispatch
2023-10-06T21:11:26.010 INFO:journalctl@ceph.mon.a.smithi031.stdout:Oct 06 21:11:25 smithi031 ceph-mon[98539]: from='mgr.14148 172.21.15.31:0/3723166563' entity='mgr.x' cmd=[{"prefix": "mgr metadata", "who": "x", "id": "x"}]: dispatch
2023-10-06T21:11:26.011 INFO:journalctl@ceph.mon.a.smithi031.stdout:Oct 06 21:11:25 smithi031 ceph-mon[98539]: from='mgr.14148 172.21.15.31:0/3723166563' entity='mgr.x' cmd=[{"prefix": "mds metadata"}]: dispatch
2023-10-06T21:11:26.011 INFO:journalctl@ceph.mon.a.smithi031.stdout:Oct 06 21:11:25 smithi031 ceph-mon[98539]: from='mgr.14148 172.21.15.31:0/3723166563' entity='mgr.x' cmd=[{"prefix": "osd metadata"}]: dispatch
2023-10-06T21:11:26.011 INFO:journalctl@ceph.mon.a.smithi031.stdout:Oct 06 21:11:25 smithi031 ceph-mon[98539]: from='mgr.14148 172.21.15.31:0/3723166563' entity='mgr.x' cmd=[{"prefix": "mon metadata"}]: dispatch
2023-10-06T21:11:26.011 INFO:journalctl@ceph.mon.a.smithi031.stdout:Oct 06 21:11:25 smithi031 ceph-mon[98539]: Manager daemon x is now available
2023-10-06T21:11:26.011 INFO:journalctl@ceph.mon.a.smithi031.stdout:Oct 06 21:11:25 smithi031 ceph-mon[98539]: from='mgr.14148 172.21.15.31:0/3723166563' entity='mgr.x' cmd=[{"prefix": "config dump", "format": "json"}]: dispatch
2023-10-06T21:11:26.011 INFO:journalctl@ceph.mon.a.smithi031.stdout:Oct 06 21:11:25 smithi031 ceph-mon[98539]: from='mgr.14148 172.21.15.31:0/3723166563' entity='mgr.x' cmd=[{"prefix": "config dump", "format": "json"}]: dispatch
2023-10-06T21:11:27.010 INFO:journalctl@ceph.mon.a.smithi031.stdout:Oct 06 21:11:26 smithi031 ceph-mon[98539]: from='mgr.14148 172.21.15.31:0/3723166563' entity='mgr.x' cmd=[{"prefix":"config rm","who":"mgr","name":"mgr/rbd_support/x/mirror_snapshot_schedule"}]: dispatch
2023-10-06T21:11:27.010 INFO:journalctl@ceph.mon.a.smithi031.stdout:Oct 06 21:11:26 smithi031 ceph-mon[98539]: from='mgr.14148 172.21.15.31:0/3723166563' entity='mgr.x' cmd=[{"prefix":"config rm","who":"mgr","name":"mgr/rbd_support/x/trash_purge_schedule"}]: dispatch
2023-10-06T21:11:27.010 INFO:journalctl@ceph.mon.a.smithi031.stdout:Oct 06 21:11:26 smithi031 ceph-mon[98539]: mgrmap e11: x(active, since 1.00766s)
2023-10-06T21:11:27.122 INFO:teuthology.orchestra.run.smithi031.stdout:/usr/bin/ceph: stdout {
2023-10-06T21:11:27.123 INFO:teuthology.orchestra.run.smithi031.stdout:/usr/bin/ceph: stdout "mgrmap_epoch": 11,
2023-10-06T21:11:27.123 INFO:teuthology.orchestra.run.smithi031.stdout:/usr/bin/ceph: stdout "initialized": true
2023-10-06T21:11:27.123 INFO:teuthology.orchestra.run.smithi031.stdout:/usr/bin/ceph: stdout }
2023-10-06T21:11:27.123 INFO:teuthology.orchestra.run.smithi031.stdout:/usr/bin/ceph: stderr
2023-10-06T21:11:19.166+0000 7fa7a94e4700 1 Processor -- start
2023-10-06T21:11:27.123 INFO:teuthology.orchestra.run.smithi031.stdout:/usr/bin/ceph: stderr
2023-10-06T21:11:19.166+0000 7fa7a94e4700 1 -- start start
2023-10-06T21:11:27.123 INFO:teuthology.orchestra.run.smithi031.stdout:/usr/bin/ceph: stderr
2023-10-06T21:11:19.167+0000 7fa7a94e4700 1 --2- >> [v2:172.21.15.31:3300/0,v1:172.21.15.31:6789/0] conn(0x7fa7a407beb0 0x7fa7a407a310 unknown :-1 s=NONE pgs=0 cs=0 l=0 rev1=0 crypto rx=0 tx=0 comp rx=0 tx=0).connect
2023-10-06T21:11:27.123 INFO:teuthology.orchestra.run.smithi031.stdout:/usr/bin/ceph: stderr
2023-10-06T21:11:19.167+0000 7fa7a94e4700 1 -- --> [v2:172.21.15.31:3300/0,v1:172.21.15.31:6789/0] -- mon_getmap magic: 0 v1 -- 0x7fa7a407a8e0 con 0x7fa7a407beb0
2023-10-06T21:11:27.123 INFO:teuthology.orchestra.run.smithi031.stdout:/usr/bin/ceph: stderr
2023-10-06T21:11:19.167+0000 7fa7a2ffd700 1 --2- >> [v2:172.21.15.31:3300/0,v1:172.21.15.31:6789/0] conn(0x7fa7a407beb0 0x7fa7a407a310 unknown :-1 s=BANNER_CONNECTING pgs=0 cs=0 l=0 rev1=0 crypto rx=0 tx=0 comp rx=0 tx=0)._handle_peer_banner_payload supported=3 required=0
2023-10-06T21:11:27.123 INFO:teuthology.orchestra.run.smithi031.stdout:/usr/bin/ceph: stderr
2023-10-06T21:11:19.167+0000 7fa7a2ffd700 1 --2- >> [v2:172.21.15.31:3300/0,v1:172.21.15.31:6789/0] conn(0x7fa7a407beb0 0x7fa7a407a310 unknown :-1 s=HELLO_CONNECTING pgs=0 cs=0 l=0 rev1=1 crypto rx=0 tx=0 comp rx=0 tx=0).handle_hello peer v2:172.21.15.31:3300/0 says I am v2:172.21.15.31:44528/0 (socket says 172.21.15.31:44528)
2023-10-06T21:11:27.124 INFO:teuthology.orchestra.run.smithi031.stdout:/usr/bin/ceph: stderr
2023-10-06T21:11:19.167+0000 7fa7a2ffd700 1 -- 172.21.15.31:0/2102561234 learned_addr learned my addr 172.21.15.31:0/2102561234 (peer_addr_for_me v2:172.21.15.31:0/0)
2023-10-06T21:11:27.124 INFO:teuthology.orchestra.run.smithi031.stdout:/usr/bin/ceph: stderr
2023-10-06T21:11:19.168+0000 7fa7a2ffd700 1 -- 172.21.15.31:0/2102561234 --> [v2:172.21.15.31:3300/0,v1:172.21.15.31:6789/0] -- mon_subscribe({config=0+,monmap=0+}) v3 -- 0x7fa7a407aa20 con 0x7fa7a407beb0
2023-10-06T21:11:27.124 INFO:teuthology.orchestra.run.smithi031.stdout:/usr/bin/ceph: stderr
2023-10-06T21:11:19.168+0000 7fa7a2ffd700 1 --2- 172.21.15.31:0/2102561234 >> [v2:172.21.15.31:3300/0,v1:172.21.15.31:6789/0] conn(0x7fa7a407beb0 0x7fa7a407a310 secure :-1 s=READY pgs=57 cs=0 l=1 rev1=1 crypto rx=0x7fa7940098a0 tx=0x7fa794009bb0 comp rx=0 tx=0).ready entity=mon.0 client_cookie=3b258d82d045b0d6 server_cookie=0 in_seq=0 out_seq=0
2023-10-06T21:11:27.124 INFO:teuthology.orchestra.run.smithi031.stdout:/usr/bin/ceph: stderr
2023-10-06T21:11:19.168+0000 7fa7a1ffb700 1 -- 172.21.15.31:0/2102561234 <== mon.0 v2:172.21.15.31:3300/0 1 ==== mon_map magic: 0 v1 ==== 205+0+0 (secure 0 0 0) 0x7fa794004160 con 0x7fa7a407beb0
2023-10-06T21:11:27.125 INFO:teuthology.orchestra.run.smithi031.stdout:/usr/bin/ceph: stderr
2023-10-06T21:11:19.168+0000 7fa7a1ffb700 1 -- 172.21.15.31:0/2102561234 <== mon.0 v2:172.21.15.31:3300/0 2 ==== config(25 keys) v1 ==== 1067+0+0 (secure 0 0 0) 0x7fa7940042c0 con 0x7fa7a407beb0
2023-10-06T21:11:27.125 INFO:teuthology.orchestra.run.smithi031.stdout:/usr/bin/ceph: stderr
2023-10-06T21:11:19.168+0000 7fa7a1ffb700 1 -- 172.21.15.31:0/2102561234 <== mon.0 v2:172.21.15.31:3300/0 3 ==== mon_map magic: 0 v1 ==== 205+0+0 (secure 0 0 0) 0x7fa7940118e0 con 0x7fa7a407beb0
2023-10-06T21:11:27.125 INFO:teuthology.orchestra.run.smithi031.stdout:/usr/bin/ceph: stderr
2023-10-06T21:11:19.169+0000 7fa7a94e4700 1 -- 172.21.15.31:0/2102561234 >> [v2:172.21.15.31:3300/0,v1:172.21.15.31:6789/0] conn(0x7fa7a407beb0 msgr2=0x7fa7a407a310 secure :-1 s=STATE_CONNECTION_ESTABLISHED l=1).mark_down
2023-10-06T21:11:27.125 INFO:teuthology.orchestra.run.smithi031.stdout:/usr/bin/ceph: stderr
2023-10-06T21:11:19.169+0000 7fa7a94e4700 1 --2- 172.21.15.31:0/2102561234 >> [v2:172.21.15.31:3300/0,v1:172.21.15.31:6789/0] conn(0x7fa7a407beb0 0x7fa7a407a310 secure :-1 s=READY pgs=57 cs=0 l=1 rev1=1 crypto rx=0x7fa7940098a0 tx=0x7fa794009bb0 comp rx=0 tx=0).stop
2023-10-06T21:11:27.125 INFO:teuthology.orchestra.run.smithi031.stdout:/usr/bin/ceph: stderr
2023-10-06T21:11:19.169+0000 7fa7a94e4700 1 -- 172.21.15.31:0/2102561234 shutdown_connections
2023-10-06T21:11:27.125 INFO:teuthology.orchestra.run.smithi031.stdout:/usr/bin/ceph: stderr
2023-10-06T21:11:19.169+0000 7fa7a94e4700 1 --2- 172.21.15.31:0/2102561234 >> [v2:172.21.15.31:3300/0,v1:172.21.15.31:6789/0] conn(0x7fa7a407beb0 0x7fa7a407a310 unknown :-1 s=CLOSED pgs=57 cs=0 l=1 rev1=1 crypto rx=0 tx=0 comp rx=0 tx=0).stop
2023-10-06T21:11:27.125 INFO:teuthology.orchestra.run.smithi031.stdout:/usr/bin/ceph: stderr
2023-10-06T21:11:19.169+0000 7fa7a94e4700 1 -- 172.21.15.31:0/2102561234 >> 172.21.15.31:0/2102561234 conn(0x7fa7a4101ce0 msgr2=0x7fa7a4104100 unknown :-1 s=STATE_NONE l=0).mark_down
2023-10-06T21:11:27.125 INFO:teuthology.orchestra.run.smithi031.stdout:/usr/bin/ceph: stderr
2023-10-06T21:11:19.169+0000 7fa7a94e4700 1 -- 172.21.15.31:0/2102561234 shutdown_connections
2023-10-06T21:11:27.125 INFO:teuthology.orchestra.run.smithi031.stdout:/usr/bin/ceph: stderr
2023-10-06T21:11:19.169+0000 7fa7a94e4700 1 -- 172.21.15.31:0/2102561234 wait complete.
2023-10-06T21:11:27.125 INFO:teuthology.orchestra.run.smithi031.stdout:/usr/bin/ceph: stderr
2023-10-06T21:11:19.171+0000 7fa7a94e4700 1 Processor -- start
2023-10-06T21:11:27.125 INFO:teuthology.orchestra.run.smithi031.stdout:/usr/bin/ceph: stderr
2023-10-06T21:11:19.171+0000 7fa7a94e4700 1 -- start start
2023-10-06T21:11:27.126 INFO:teuthology.orchestra.run.smithi031.stdout:/usr/bin/ceph: stderr
2023-10-06T21:11:19.171+0000 7fa7a94e4700 1 --2- >> [v2:172.21.15.31:3300/0,v1:172.21.15.31:6789/0] conn(0x7fa7a407beb0 0x7fa7a419c560 unknown :-1 s=NONE pgs=0 cs=0 l=1 rev1=0 crypto rx=0 tx=0 comp rx=0 tx=0).connect
2023-10-06T21:11:27.126 INFO:teuthology.orchestra.run.smithi031.stdout:/usr/bin/ceph: stderr
2023-10-06T21:11:19.171+0000 7fa7a94e4700 1 -- --> [v2:172.21.15.31:3300/0,v1:172.21.15.31:6789/0] -- mon_getmap magic: 0 v1 -- 0x7fa7a419caa0 con 0x7fa7a407beb0
2023-10-06T21:11:27.126 INFO:teuthology.orchestra.run.smithi031.stdout:/usr/bin/ceph: stderr
2023-10-06T21:11:19.172+0000 7fa7a2ffd700 1 --2- >> [v2:172.21.15.31:3300/0,v1:172.21.15.31:6789/0] conn(0x7fa7a407beb0 0x7fa7a419c560 unknown :-1 s=BANNER_CONNECTING pgs=0 cs=0 l=1 rev1=0 crypto rx=0 tx=0 comp rx=0 tx=0)._handle_peer_banner_payload supported=3 required=0
2023-10-06T21:11:27.126 INFO:teuthology.orchestra.run.smithi031.stdout:/usr/bin/ceph: stderr
2023-10-06T21:11:19.172+0000 7fa7a2ffd700 1 --2- >> [v2:172.21.15.31:3300/0,v1:172.21.15.31:6789/0] conn(0x7fa7a407beb0 0x7fa7a419c560 unknown :-1 s=HELLO_CONNECTING pgs=0 cs=0 l=1 rev1=1 crypto rx=0 tx=0 comp rx=0 tx=0).handle_hello peer v2:172.21.15.31:3300/0 says I am v2:172.21.15.31:44532/0 (socket says 172.21.15.31:44532)
2023-10-06T21:11:27.126 INFO:teuthology.orchestra.run.smithi031.stdout:/usr/bin/ceph: stderr
2023-10-06T21:11:19.172+0000 7fa7a2ffd700 1 -- 172.21.15.31:0/2400295556 learned_addr learned my addr 172.21.15.31:0/2400295556 (peer_addr_for_me v2:172.21.15.31:0/0)
2023-10-06T21:11:27.126 INFO:teuthology.orchestra.run.smithi031.stdout:/usr/bin/ceph: stderr
2023-10-06T21:11:19.172+0000 7fa7a2ffd700 1 -- 172.21.15.31:0/2400295556 --> [v2:172.21.15.31:3300/0,v1:172.21.15.31:6789/0] -- mon_subscribe({config=0+,monmap=0+}) v3 -- 0x7fa794009550 con 0x7fa7a407beb0
2023-10-06T21:11:27.126 INFO:teuthology.orchestra.run.smithi031.stdout:/usr/bin/ceph: stderr
2023-10-06T21:11:19.172+0000 7fa7a2ffd700 1 --2- 172.21.15.31:0/2400295556 >> [v2:172.21.15.31:3300/0,v1:172.21.15.31:6789/0] conn(0x7fa7a407beb0 0x7fa7a419c560 secure :-1 s=READY pgs=58 cs=0 l=1 rev1=1 crypto rx=0x7fa794003e30 tx=0x7fa7940119a0 comp rx=0 tx=0).ready entity=mon.0 client_cookie=0 server_cookie=0 in_seq=0 out_seq=0
2023-10-06T21:11:27.126 INFO:teuthology.orchestra.run.smithi031.stdout:/usr/bin/ceph: stderr
2023-10-06T21:11:19.173+0000 7fa78bfff700 1 -- 172.21.15.31:0/2400295556 <== mon.0 v2:172.21.15.31:3300/0 1 ==== mon_map magic: 0 v1 ==== 205+0+0 (secure 0 0 0) 0x7fa7940036a0 con 0x7fa7a407beb0
2023-10-06T21:11:27.126 INFO:teuthology.orchestra.run.smithi031.stdout:/usr/bin/ceph: stderr
2023-10-06T21:11:19.173+0000 7fa78bfff700 1 -- 172.21.15.31:0/2400295556 <== mon.0 v2:172.21.15.31:3300/0 2 ==== config(25 keys) v1 ==== 1067+0+0 (secure 0 0 0) 0x7fa79401b440 con 0x7fa7a407beb0
2023-10-06T21:11:27.126 INFO:teuthology.orchestra.run.smithi031.stdout:/usr/bin/ceph: stderr
2023-10-06T21:11:19.173+0000 7fa78bfff700 1 -- 172.21.15.31:0/2400295556 <== mon.0 v2:172.21.15.31:3300/0 3 ==== mon_map magic: 0 v1 ==== 205+0+0 (secure 0 0 0) 0x7fa794023400 con 0x7fa7a407beb0
2023-10-06T21:11:27.126 INFO:teuthology.orchestra.run.smithi031.stdout:/usr/bin/ceph: stderr
2023-10-06T21:11:19.173+0000 7fa7a94e4700 1 -- 172.21.15.31:0/2400295556 --> [v2:172.21.15.31:3300/0,v1:172.21.15.31:6789/0] -- mon_subscribe({mgrmap=0+}) v3 -- 0x7fa7a419cca0 con 0x7fa7a407beb0
2023-10-06T21:11:27.127 INFO:teuthology.orchestra.run.smithi031.stdout:/usr/bin/ceph: stderr
2023-10-06T21:11:19.173+0000 7fa7a94e4700 1 -- 172.21.15.31:0/2400295556 --> [v2:172.21.15.31:3300/0,v1:172.21.15.31:6789/0] -- mon_subscribe({osdmap=0}) v3 -- 0x7fa7a419d0c0 con 0x7fa7a407beb0
2023-10-06T21:11:27.127 INFO:teuthology.orchestra.run.smithi031.stdout:/usr/bin/ceph: stderr
2023-10-06T21:11:19.174+0000 7fa78bfff700 1 -- 172.21.15.31:0/2400295556 <== mon.0 v2:172.21.15.31:3300/0 4 ==== mgrmap(e 9) v1 ==== 45592+0+0 (secure 0 0 0) 0x7fa79401b5b0 con 0x7fa7a407beb0
2023-10-06T21:11:27.127 INFO:teuthology.orchestra.run.smithi031.stdout:/usr/bin/ceph: stderr
2023-10-06T21:11:19.175+0000 7fa78bfff700 1 --2- 172.21.15.31:0/2400295556 >> [v2:172.21.15.31:6800/484008040,v1:172.21.15.31:6801/484008040] conn(0x7fa78c038910 0x7fa78c03add0 unknown :-1 s=NONE pgs=0 cs=0 l=1 rev1=0 crypto rx=0 tx=0 comp rx=0 tx=0).connect
2023-10-06T21:11:27.127 INFO:teuthology.orchestra.run.smithi031.stdout:/usr/bin/ceph: stderr
2023-10-06T21:11:19.175+0000 7fa78bfff700 1 -- 172.21.15.31:0/2400295556 --> [v2:172.21.15.31:6800/484008040,v1:172.21.15.31:6801/484008040] -- command(tid 0: {"prefix": "get_command_descriptions"}) v1 -- 0x7fa78c03b4e0 con 0x7fa78c038910
2023-10-06T21:11:27.127 INFO:teuthology.orchestra.run.smithi031.stdout:/usr/bin/ceph: stderr
2023-10-06T21:11:19.175+0000 7fa78bfff700 1 -- 172.21.15.31:0/2400295556 <== mon.0 v2:172.21.15.31:3300/0 5 ==== osd_map(2..2 src has 1..2) v4 ==== 940+0+0 (secure 0 0 0) 0x7fa79404c8c0 con 0x7fa7a407beb0
2023-10-06T21:11:27.127 INFO:teuthology.orchestra.run.smithi031.stdout:/usr/bin/ceph: stderr
2023-10-06T21:11:19.175+0000 7fa7a27fc700 1 -- 172.21.15.31:0/2400295556 >> [v2:172.21.15.31:6800/484008040,v1:172.21.15.31:6801/484008040] conn(0x7fa78c038910 msgr2=0x7fa78c03add0 unknown :-1 s=STATE_CONNECTING_RE l=1).process reconnect failed to v2:172.21.15.31:6800/484008040
2023-10-06T21:11:27.127 INFO:teuthology.orchestra.run.smithi031.stdout:/usr/bin/ceph: stderr
2023-10-06T21:11:19.175+0000 7fa7a27fc700 1 --2- 172.21.15.31:0/2400295556 >> [v2:172.21.15.31:6800/484008040,v1:172.21.15.31:6801/484008040] conn(0x7fa78c038910 0x7fa78c03add0 unknown :-1 s=START_CONNECT pgs=0 cs=0 l=1 rev1=0 crypto rx=0 tx=0 comp rx=0 tx=0)._fault waiting 0.200000
2023-10-06T21:11:27.127 INFO:teuthology.orchestra.run.smithi031.stdout:/usr/bin/ceph: stderr
2023-10-06T21:11:19.376+0000 7fa7a27fc700 1 -- 172.21.15.31:0/2400295556 >> [v2:172.21.15.31:6800/484008040,v1:172.21.15.31:6801/484008040] conn(0x7fa78c038910 msgr2=0x7fa78c03add0 unknown :-1 s=STATE_CONNECTING_RE l=1).process reconnect failed to v2:172.21.15.31:6800/484008040
2023-10-06T21:11:27.127 INFO:teuthology.orchestra.run.smithi031.stdout:/usr/bin/ceph: stderr
2023-10-06T21:11:19.376+0000 7fa7a27fc700 1 --2- 172.21.15.31:0/2400295556 >> [v2:172.21.15.31:6800/484008040,v1:172.21.15.31:6801/484008040] conn(0x7fa78c038910 0x7fa78c03add0 unknown :-1 s=START_CONNECT pgs=0 cs=0 l=1 rev1=0 crypto rx=0 tx=0 comp rx=0 tx=0)._fault waiting 0.400000
2023-10-06T21:11:27.127 INFO:teuthology.orchestra.run.smithi031.stdout:/usr/bin/ceph: stderr
2023-10-06T21:11:19.777+0000 7fa7a27fc700 1 -- 172.21.15.31:0/2400295556 >> [v2:172.21.15.31:6800/484008040,v1:172.21.15.31:6801/484008040] conn(0x7fa78c038910 msgr2=0x7fa78c03add0 unknown :-1 s=STATE_CONNECTING_RE l=1).process reconnect failed to v2:172.21.15.31:6800/484008040
2023-10-06T21:11:27.127 INFO:teuthology.orchestra.run.smithi031.stdout:/usr/bin/ceph: stderr
2023-10-06T21:11:19.777+0000 7fa7a27fc700 1 --2- 172.21.15.31:0/2400295556 >> [v2:172.21.15.31:6800/484008040,v1:172.21.15.31:6801/484008040] conn(0x7fa78c038910 0x7fa78c03add0 unknown :-1 s=START_CONNECT pgs=0 cs=0 l=1 rev1=0 crypto rx=0 tx=0 comp rx=0 tx=0)._fault waiting 0.800000
2023-10-06T21:11:27.128 INFO:teuthology.orchestra.run.smithi031.stdout:/usr/bin/ceph: stderr
2023-10-06T21:11:20.578+0000 7fa7a27fc700 1 -- 172.21.15.31:0/2400295556 >> [v2:172.21.15.31:6800/484008040,v1:172.21.15.31:6801/484008040] conn(0x7fa78c038910 msgr2=0x7fa78c03add0 unknown :-1 s=STATE_CONNECTING_RE l=1).process reconnect failed to v2:172.21.15.31:6800/484008040
2023-10-06T21:11:27.128 INFO:teuthology.orchestra.run.smithi031.stdout:/usr/bin/ceph: stderr
2023-10-06T21:11:20.578+0000 7fa7a27fc700 1 --2- 172.21.15.31:0/2400295556 >> [v2:172.21.15.31:6800/484008040,v1:172.21.15.31:6801/484008040] conn(0x7fa78c038910 0x7fa78c03add0 unknown :-1 s=START_CONNECT pgs=0 cs=0 l=1 rev1=0 crypto rx=0 tx=0 comp rx=0 tx=0)._fault waiting 1.600000
2023-10-06T21:11:27.128 INFO:teuthology.orchestra.run.smithi031.stdout:/usr/bin/ceph: stderr
2023-10-06T21:11:22.180+0000 7fa7a27fc700 1 -- 172.21.15.31:0/2400295556 >> [v2:172.21.15.31:6800/484008040,v1:172.21.15.31:6801/484008040] conn(0x7fa78c038910 msgr2=0x7fa78c03add0 unknown :-1 s=STATE_CONNECTING_RE l=1).process reconnect failed to v2:172.21.15.31:6800/484008040
2023-10-06T21:11:27.128 INFO:teuthology.orchestra.run.smithi031.stdout:/usr/bin/ceph: stderr
2023-10-06T21:11:22.180+0000 7fa7a27fc700 1 --2- 172.21.15.31:0/2400295556 >> [v2:172.21.15.31:6800/484008040,v1:172.21.15.31:6801/484008040] conn(0x7fa78c038910 0x7fa78c03add0 unknown :-1 s=START_CONNECT pgs=0 cs=0 l=1 rev1=0 crypto rx=0 tx=0 comp rx=0 tx=0)._fault waiting 3.200000
2023-10-06T21:11:27.128 INFO:teuthology.orchestra.run.smithi031.stdout:/usr/bin/ceph: stderr
2023-10-06T21:11:25.383+0000 7fa7a27fc700 1 -- 172.21.15.31:0/2400295556 >> [v2:172.21.15.31:6800/484008040,v1:172.21.15.31:6801/484008040] conn(0x7fa78c038910 msgr2=0x7fa78c03add0 unknown :-1 s=STATE_CONNECTING_RE l=1).process reconnect failed to v2:172.21.15.31:6800/484008040
2023-10-06T21:11:27.128 INFO:teuthology.orchestra.run.smithi031.stdout:/usr/bin/ceph: stderr
2023-10-06T21:11:25.383+0000 7fa7a27fc700 1 --2- 172.21.15.31:0/2400295556 >> [v2:172.21.15.31:6800/484008040,v1:172.21.15.31:6801/484008040] conn(0x7fa78c038910 0x7fa78c03add0 unknown :-1 s=START_CONNECT pgs=0 cs=0 l=1 rev1=0 crypto rx=0 tx=0 comp rx=0 tx=0)._fault waiting 6.400000
2023-10-06T21:11:27.128 INFO:teuthology.orchestra.run.smithi031.stdout:/usr/bin/ceph: stderr
2023-10-06T21:11:25.718+0000 7fa78bfff700 1 -- 172.21.15.31:0/2400295556 <== mon.0 v2:172.21.15.31:3300/0 6 ==== mgrmap(e 10) v1 ==== 45359+0+0 (secure 0 0 0) 0x7fa794003800 con 0x7fa7a407beb0
2023-10-06T21:11:27.128 INFO:teuthology.orchestra.run.smithi031.stdout:/usr/bin/ceph: stderr
2023-10-06T21:11:25.718+0000 7fa78bfff700 1 -- 172.21.15.31:0/2400295556 >> [v2:172.21.15.31:6800/484008040,v1:172.21.15.31:6801/484008040] conn(0x7fa78c038910 msgr2=0x7fa78c03add0 unknown :-1 s=STATE_CONNECTING l=1).mark_down
2023-10-06T21:11:27.128 INFO:teuthology.orchestra.run.smithi031.stdout:/usr/bin/ceph: stderr
2023-10-06T21:11:25.718+0000 7fa78bfff700 1 --2- 172.21.15.31:0/2400295556 >> [v2:172.21.15.31:6800/484008040,v1:172.21.15.31:6801/484008040] conn(0x7fa78c038910 0x7fa78c03add0 unknown :-1 s=START_CONNECT pgs=0 cs=0 l=1 rev1=0 crypto rx=0 tx=0 comp rx=0 tx=0).stop
2023-10-06T21:11:27.128 INFO:teuthology.orchestra.run.smithi031.stdout:/usr/bin/ceph: stderr
2023-10-06T21:11:26.720+0000 7fa78bfff700 1 -- 172.21.15.31:0/2400295556 <== mon.0 v2:172.21.15.31:3300/0 7 ==== mgrmap(e 11) v1 ==== 45486+0+0 (secure 0 0 0) 0x7fa79404e340 con 0x7fa7a407beb0
2023-10-06T21:11:27.128 INFO:teuthology.orchestra.run.smithi031.stdout:/usr/bin/ceph: stderr
2023-10-06T21:11:26.720+0000 7fa78bfff700 1 --2- 172.21.15.31:0/2400295556 >> [v2:172.21.15.31:6800/964869793,v1:172.21.15.31:6801/964869793] conn(0x7fa78c03c3b0 0x7fa78c03e7a0 unknown :-1 s=NONE pgs=0 cs=0 l=1 rev1=0 crypto rx=0 tx=0 comp rx=0 tx=0).connect
2023-10-06T21:11:27.128 INFO:teuthology.orchestra.run.smithi031.stdout:/usr/bin/ceph: stderr
2023-10-06T21:11:26.720+0000 7fa78bfff700 1 -- 172.21.15.31:0/2400295556 --> [v2:172.21.15.31:6800/964869793,v1:172.21.15.31:6801/964869793] -- command(tid 0: {"prefix": "get_command_descriptions"}) v1 -- 0x7fa78c03b4e0 con 0x7fa78c03c3b0
2023-10-06T21:11:27.129 INFO:teuthology.orchestra.run.smithi031.stdout:/usr/bin/ceph: stderr
2023-10-06T21:11:26.721+0000 7fa7a27fc700 1 --2- 172.21.15.31:0/2400295556 >> [v2:172.21.15.31:6800/964869793,v1:172.21.15.31:6801/964869793] conn(0x7fa78c03c3b0 0x7fa78c03e7a0 unknown :-1 s=BANNER_CONNECTING pgs=0 cs=0 l=1 rev1=0 crypto rx=0 tx=0 comp rx=0 tx=0)._handle_peer_banner_payload supported=3 required=0
2023-10-06T21:11:27.129 INFO:teuthology.orchestra.run.smithi031.stdout:/usr/bin/ceph: stderr
2023-10-06T21:11:26.722+0000 7fa7a27fc700 1 --2- 172.21.15.31:0/2400295556 >> [v2:172.21.15.31:6800/964869793,v1:172.21.15.31:6801/964869793] conn(0x7fa78c03c3b0 0x7fa78c03e7a0 secure :-1 s=READY pgs=1 cs=0 l=1 rev1=1 crypto rx=0x7fa798003a10 tx=0x7fa7980092b0 comp rx=0 tx=0).ready entity=mgr.14148 client_cookie=0 server_cookie=0 in_seq=0 out_seq=0
2023-10-06T21:11:27.129 INFO:teuthology.orchestra.run.smithi031.stdout:/usr/bin/ceph: stderr
2023-10-06T21:11:26.723+0000 7fa78bfff700 1 -- 172.21.15.31:0/2400295556 <== mgr.14148 v2:172.21.15.31:6800/964869793 1 ==== command_reply(tid 0: 0 ) v1 ==== 8+0+6910 (secure 0 0 0) 0x7fa78c03b4e0 con 0x7fa78c03c3b0
2023-10-06T21:11:27.129 INFO:teuthology.orchestra.run.smithi031.stdout:/usr/bin/ceph: stderr
2023-10-06T21:11:26.730+0000 7fa7a94e4700 1 -- 172.21.15.31:0/2400295556 --> [v2:172.21.15.31:6800/964869793,v1:172.21.15.31:6801/964869793] -- command(tid 1: {"prefix": "mgr_status"}) v1 -- 0x7fa7a419d8a0 con 0x7fa78c03c3b0
2023-10-06T21:11:27.129 INFO:teuthology.orchestra.run.smithi031.stdout:/usr/bin/ceph: stderr
2023-10-06T21:11:26.730+0000 7fa78bfff700 1 -- 172.21.15.31:0/2400295556 <== mgr.14148 v2:172.21.15.31:6800/964869793 2 ==== command_reply(tid 1: 0 ) v1 ==== 8+0+52 (secure 0 0 0) 0x7fa7a419d8a0 con 0x7fa78c03c3b0
2023-10-06T21:11:27.129 INFO:teuthology.orchestra.run.smithi031.stdout:/usr/bin/ceph: stderr
2023-10-06T21:11:26.731+0000 7fa7a94e4700 1 -- 172.21.15.31:0/2400295556 >> [v2:172.21.15.31:6800/964869793,v1:172.21.15.31:6801/964869793] conn(0x7fa78c03c3b0 msgr2=0x7fa78c03e7a0 secure :-1 s=STATE_CONNECTION_ESTABLISHED l=1).mark_down
2023-10-06T21:11:27.129 INFO:teuthology.orchestra.run.smithi031.stdout:/usr/bin/ceph: stderr
2023-10-06T21:11:26.731+0000 7fa7a94e4700 1 --2- 172.21.15.31:0/2400295556 >> [v2:172.21.15.31:6800/964869793,v1:172.21.15.31:6801/964869793] conn(0x7fa78c03c3b0 0x7fa78c03e7a0 secure :-1 s=READY pgs=1 cs=0 l=1 rev1=1 crypto rx=0x7fa798003a10 tx=0x7fa7980092b0 comp rx=0 tx=0).stop
2023-10-06T21:11:27.129 INFO:teuthology.orchestra.run.smithi031.stdout:/usr/bin/ceph: stderr
2023-10-06T21:11:26.731+0000 7fa7a94e4700 1 -- 172.21.15.31:0/2400295556 >> [v2:172.21.15.31:3300/0,v1:172.21.15.31:6789/0] conn(0x7fa7a407beb0 msgr2=0x7fa7a419c560 secure :-1 s=STATE_CONNECTION_ESTABLISHED l=1).mark_down
2023-10-06T21:11:27.129 INFO:teuthology.orchestra.run.smithi031.stdout:/usr/bin/ceph: stderr
2023-10-06T21:11:26.731+0000 7fa7a94e4700 1 --2- 172.21.15.31:0/2400295556 >> [v2:172.21.15.31:3300/0,v1:172.21.15.31:6789/0] conn(0x7fa7a407beb0 0x7fa7a419c560 secure :-1 s=READY pgs=58 cs=0 l=1 rev1=1 crypto rx=0x7fa794003e30 tx=0x7fa7940119a0 comp rx=0 tx=0).stop
2023-10-06T21:11:27.129 INFO:teuthology.orchestra.run.smithi031.stdout:/usr/bin/ceph: stderr
2023-10-06T21:11:26.731+0000 7fa7a94e4700 1 -- 172.21.15.31:0/2400295556 shutdown_connections
2023-10-06T21:11:27.129 INFO:teuthology.orchestra.run.smithi031.stdout:/usr/bin/ceph: stderr
2023-10-06T21:11:26.731+0000 7fa7a94e4700 1 --2- 172.21.15.31:0/2400295556 >> [v2:172.21.15.31:6800/964869793,v1:172.21.15.31:6801/964869793] conn(0x7fa78c03c3b0 0x7fa78c03e7a0 unknown :-1 s=CLOSED pgs=1 cs=0 l=1 rev1=1 crypto rx=0 tx=0 comp rx=0 tx=0).stop
2023-10-06T21:11:27.130 INFO:teuthology.orchestra.run.smithi031.stdout:/usr/bin/ceph: stderr
2023-10-06T21:11:26.731+0000 7fa7a94e4700 1 --2- 172.21.15.31:0/2400295556 >> [v2:172.21.15.31:3300/0,v1:172.21.15.31:6789/0] conn(0x7fa7a407beb0 0x7fa7a419c560 unknown :-1 s=CLOSED pgs=58 cs=0 l=1 rev1=1 crypto rx=0 tx=0 comp rx=0 tx=0).stop
2023-10-06T21:11:27.130 INFO:teuthology.orchestra.run.smithi031.stdout:/usr/bin/ceph: stderr
2023-10-06T21:11:26.731+0000 7fa7a94e4700 1 --2- 172.21.15.31:0/2400295556 >> [v2:172.21.15.31:6800/484008040,v1:172.21.15.31:6801/484008040] conn(0x7fa78c038910 0x7fa78c03add0 unknown :-1 s=CLOSED pgs=0 cs=0 l=1 rev1=0 crypto rx=0 tx=0 comp rx=0 tx=0).stop
2023-10-06T21:11:27.130 INFO:teuthology.orchestra.run.smithi031.stdout:/usr/bin/ceph: stderr
2023-10-06T21:11:26.731+0000 7fa7a94e4700 1 -- 172.21.15.31:0/2400295556 >> 172.21.15.31:0/2400295556 conn(0x7fa7a4101ce0 msgr2=0x7fa7a4103330 unknown :-1 s=STATE_NONE l=0).mark_down
2023-10-06T21:11:27.130 INFO:teuthology.orchestra.run.smithi031.stdout:/usr/bin/ceph: stderr
2023-10-06T21:11:26.731+0000 7fa7a94e4700 1 -- 172.21.15.31:0/2400295556 shutdown_connections
2023-10-06T21:11:27.130 INFO:teuthology.orchestra.run.smithi031.stdout:/usr/bin/ceph: stderr
2023-10-06T21:11:26.731+0000 7fa7a94e4700 1 -- 172.21.15.31:0/2400295556 wait complete.
2023-10-06T21:11:27.130 INFO:teuthology.orchestra.run.smithi031.stdout:mgr epoch 9 is available
2023-10-06T21:11:27.130 INFO:teuthology.orchestra.run.smithi031.stdout:Generating a dashboard self-signed certificate...
2023-10-06T21:11:28.010 INFO:journalctl@ceph.mon.a.smithi031.stdout:Oct 06 21:11:27 smithi031 ceph-mon[98539]: [06/Oct/2023:21:11:26] ENGINE Bus STARTING
2023-10-06T21:11:28.010 INFO:journalctl@ceph.mon.a.smithi031.stdout:Oct 06 21:11:27 smithi031 ceph-mon[98539]: [06/Oct/2023:21:11:26] ENGINE Serving on https://172.21.15.31:7150
2023-10-06T21:11:28.010 INFO:journalctl@ceph.mon.a.smithi031.stdout:Oct 06 21:11:27 smithi031 ceph-mon[98539]: [06/Oct/2023:21:11:26] ENGINE Serving on http://172.21.15.31:8765
2023-10-06T21:11:28.010 INFO:journalctl@ceph.mon.a.smithi031.stdout:Oct 06 21:11:27 smithi031 ceph-mon[98539]: [06/Oct/2023:21:11:26] ENGINE Bus STARTED
2023-10-06T21:11:28.010 INFO:journalctl@ceph.mon.a.smithi031.stdout:Oct 06 21:11:27 smithi031 ceph-mon[98539]: from='client.14152 -' entity='client.admin' cmd=[{"prefix": "get_command_descriptions"}]: dispatch
2023-10-06T21:11:28.010 INFO:journalctl@ceph.mon.a.smithi031.stdout:Oct 06 21:11:27 smithi031 ceph-mon[98539]: from='client.14152 -' entity='client.admin' cmd=[{"prefix": "mgr_status"}]: dispatch
2023-10-06T21:11:28.704 INFO:teuthology.orchestra.run.smithi031.stdout:/usr/bin/ceph: stdout Self-signed certificate created
2023-10-06T21:11:28.704 INFO:teuthology.orchestra.run.smithi031.stdout:/usr/bin/ceph: stderr
2023-10-06T21:11:27.873+0000 7ff28a1d5700 1 Processor -- start
2023-10-06T21:11:28.704 INFO:teuthology.orchestra.run.smithi031.stdout:/usr/bin/ceph: stderr
2023-10-06T21:11:27.874+0000 7ff28a1d5700 1 -- start start
2023-10-06T21:11:28.704 INFO:teuthology.orchestra.run.smithi031.stdout:/usr/bin/ceph: stderr
2023-10-06T21:11:27.874+0000 7ff28a1d5700 1 --2- >> [v2:172.21.15.31:3300/0,v1:172.21.15.31:6789/0] conn(0x7ff284106700 0x7ff284106b20 unknown :-1 s=NONE pgs=0 cs=0 l=0 rev1=0 crypto rx=0 tx=0 comp rx=0 tx=0).connect
2023-10-06T21:11:28.704 INFO:teuthology.orchestra.run.smithi031.stdout:/usr/bin/ceph: stderr
2023-10-06T21:11:27.874+0000 7ff28a1d5700 1 -- --> [v2:172.21.15.31:3300/0,v1:172.21.15.31:6789/0] -- mon_getmap magic: 0 v1 -- 0x7ff2841070f0 con 0x7ff284106700
2023-10-06T21:11:28.704 INFO:teuthology.orchestra.run.smithi031.stdout:/usr/bin/ceph: stderr
2023-10-06T21:11:27.875+0000 7ff2837fe700 1 --2- >> [v2:172.21.15.31:3300/0,v1:172.21.15.31:6789/0] conn(0x7ff284106700 0x7ff284106b20 unknown :-1 s=BANNER_CONNECTING pgs=0 cs=0 l=0 rev1=0 crypto rx=0 tx=0 comp rx=0 tx=0)._handle_peer_banner_payload supported=3 required=0
2023-10-06T21:11:28.705 INFO:teuthology.orchestra.run.smithi031.stdout:/usr/bin/ceph: stderr
2023-10-06T21:11:27.875+0000 7ff2837fe700 1 --2- >> [v2:172.21.15.31:3300/0,v1:172.21.15.31:6789/0] conn(0x7ff284106700 0x7ff284106b20 unknown :-1 s=HELLO_CONNECTING pgs=0 cs=0 l=0 rev1=1 crypto rx=0 tx=0 comp rx=0 tx=0).handle_hello peer v2:172.21.15.31:3300/0 says I am v2:172.21.15.31:52036/0 (socket says 172.21.15.31:52036)
2023-10-06T21:11:28.705 INFO:teuthology.orchestra.run.smithi031.stdout:/usr/bin/ceph: stderr
2023-10-06T21:11:27.875+0000 7ff2837fe700 1 -- 172.21.15.31:0/4120531014 learned_addr learned my addr 172.21.15.31:0/4120531014 (peer_addr_for_me v2:172.21.15.31:0/0)
2023-10-06T21:11:28.705 INFO:teuthology.orchestra.run.smithi031.stdout:/usr/bin/ceph: stderr
2023-10-06T21:11:27.875+0000 7ff2837fe700 1 -- 172.21.15.31:0/4120531014 --> [v2:172.21.15.31:3300/0,v1:172.21.15.31:6789/0] -- mon_subscribe({config=0+,monmap=0+}) v3 -- 0x7ff284107900 con 0x7ff284106700
2023-10-06T21:11:28.705 INFO:teuthology.orchestra.run.smithi031.stdout:/usr/bin/ceph: stderr
2023-10-06T21:11:27.875+0000 7ff2837fe700 1 --2- 172.21.15.31:0/4120531014 >> [v2:172.21.15.31:3300/0,v1:172.21.15.31:6789/0] conn(0x7ff284106700 0x7ff284106b20 secure :-1 s=READY pgs=66 cs=0 l=1 rev1=1 crypto rx=0x7ff2740098a0 tx=0x7ff274009bb0 comp rx=0 tx=0).ready entity=mon.0 client_cookie=2c5f09fff59794d0 server_cookie=0 in_seq=0 out_seq=0
2023-10-06T21:11:28.705 INFO:teuthology.orchestra.run.smithi031.stdout:/usr/bin/ceph: stderr
2023-10-06T21:11:27.876+0000 7ff2827fc700 1 -- 172.21.15.31:0/4120531014 <== mon.0 v2:172.21.15.31:3300/0 1 ==== mon_map magic: 0 v1 ==== 205+0+0 (secure 0 0 0) 0x7ff274004160 con 0x7ff284106700
2023-10-06T21:11:28.705 INFO:teuthology.orchestra.run.smithi031.stdout:/usr/bin/ceph: stderr
2023-10-06T21:11:27.876+0000 7ff2827fc700 1 -- 172.21.15.31:0/4120531014 <== mon.0 v2:172.21.15.31:3300/0 2 ==== config(25 keys) v1 ==== 1067+0+0 (secure 0 0 0) 0x7ff2740042c0 con 0x7ff284106700
2023-10-06T21:11:28.705 INFO:teuthology.orchestra.run.smithi031.stdout:/usr/bin/ceph: stderr
2023-10-06T21:11:27.876+0000 7ff2827fc700 1 -- 172.21.15.31:0/4120531014 <== mon.0 v2:172.21.15.31:3300/0 3 ==== mon_map magic: 0 v1 ==== 205+0+0 (secure 0 0 0) 0x7ff2740118e0 con 0x7ff284106700
2023-10-06T21:11:28.705 INFO:teuthology.orchestra.run.smithi031.stdout:/usr/bin/ceph: stderr
2023-10-06T21:11:27.876+0000 7ff28a1d5700 1 -- 172.21.15.31:0/4120531014 >> [v2:172.21.15.31:3300/0,v1:172.21.15.31:6789/0] conn(0x7ff284106700 msgr2=0x7ff284106b20 secure :-1 s=STATE_CONNECTION_ESTABLISHED l=1).mark_down
2023-10-06T21:11:28.705 INFO:teuthology.orchestra.run.smithi031.stdout:/usr/bin/ceph: stderr
2023-10-06T21:11:27.876+0000 7ff28a1d5700 1 --2- 172.21.15.31:0/4120531014 >> [v2:172.21.15.31:3300/0,v1:172.21.15.31:6789/0] conn(0x7ff284106700 0x7ff284106b20 secure :-1 s=READY pgs=66 cs=0 l=1 rev1=1 crypto rx=0x7ff2740098a0 tx=0x7ff274009bb0 comp rx=0 tx=0).stop
2023-10-06T21:11:28.705 INFO:teuthology.orchestra.run.smithi031.stdout:/usr/bin/ceph: stderr
2023-10-06T21:11:27.876+0000 7ff28a1d5700 1 -- 172.21.15.31:0/4120531014 shutdown_connections
2023-10-06T21:11:28.705 INFO:teuthology.orchestra.run.smithi031.stdout:/usr/bin/ceph: stderr
2023-10-06T21:11:27.876+0000 7ff28a1d5700 1 --2- 172.21.15.31:0/4120531014 >> [v2:172.21.15.31:3300/0,v1:172.21.15.31:6789/0] conn(0x7ff284106700 0x7ff284106b20 unknown :-1 s=CLOSED pgs=66 cs=0 l=1 rev1=1 crypto rx=0 tx=0 comp rx=0 tx=0).stop
2023-10-06T21:11:28.706 INFO:teuthology.orchestra.run.smithi031.stdout:/usr/bin/ceph: stderr
2023-10-06T21:11:27.876+0000 7ff28a1d5700 1 -- 172.21.15.31:0/4120531014 >> 172.21.15.31:0/4120531014 conn(0x7ff284101ce0 msgr2=0x7ff284104100 unknown :-1 s=STATE_NONE l=0).mark_down
2023-10-06T21:11:28.706 INFO:teuthology.orchestra.run.smithi031.stdout:/usr/bin/ceph: stderr
2023-10-06T21:11:27.876+0000 7ff28a1d5700 1 -- 172.21.15.31:0/4120531014 shutdown_connections
2023-10-06T21:11:28.706 INFO:teuthology.orchestra.run.smithi031.stdout:/usr/bin/ceph: stderr
2023-10-06T21:11:27.876+0000 7ff28a1d5700 1 -- 172.21.15.31:0/4120531014 wait complete.
2023-10-06T21:11:28.706 INFO:teuthology.orchestra.run.smithi031.stdout:/usr/bin/ceph: stderr
2023-10-06T21:11:27.877+0000 7ff28a1d5700 1 Processor -- start
2023-10-06T21:11:28.706 INFO:teuthology.orchestra.run.smithi031.stdout:/usr/bin/ceph: stderr
2023-10-06T21:11:27.877+0000 7ff28a1d5700 1 -- start start
2023-10-06T21:11:28.706 INFO:teuthology.orchestra.run.smithi031.stdout:/usr/bin/ceph: stderr
2023-10-06T21:11:27.878+0000 7ff28a1d5700 1 --2- >> [v2:172.21.15.31:3300/0,v1:172.21.15.31:6789/0] conn(0x7ff284106700 0x7ff28419c580 unknown :-1 s=NONE pgs=0 cs=0 l=1 rev1=0 crypto rx=0 tx=0 comp rx=0 tx=0).connect
2023-10-06T21:11:28.706 INFO:teuthology.orchestra.run.smithi031.stdout:/usr/bin/ceph: stderr
2023-10-06T21:11:27.878+0000 7ff28a1d5700 1 -- --> [v2:172.21.15.31:3300/0,v1:172.21.15.31:6789/0] -- mon_getmap magic: 0 v1 -- 0x7ff28419cac0 con 0x7ff284106700
2023-10-06T21:11:28.706 INFO:teuthology.orchestra.run.smithi031.stdout:/usr/bin/ceph: stderr
2023-10-06T21:11:27.878+0000 7ff2837fe700 1 --2- >> [v2:172.21.15.31:3300/0,v1:172.21.15.31:6789/0] conn(0x7ff284106700 0x7ff28419c580 unknown :-1 s=BANNER_CONNECTING pgs=0 cs=0 l=1 rev1=0 crypto rx=0 tx=0 comp rx=0 tx=0)._handle_peer_banner_payload supported=3 required=0
2023-10-06T21:11:28.706 INFO:teuthology.orchestra.run.smithi031.stdout:/usr/bin/ceph: stderr
2023-10-06T21:11:27.878+0000 7ff2837fe700 1 --2- >> [v2:172.21.15.31:3300/0,v1:172.21.15.31:6789/0] conn(0x7ff284106700 0x7ff28419c580 unknown :-1 s=HELLO_CONNECTING pgs=0 cs=0 l=1 rev1=1 crypto rx=0 tx=0 comp rx=0 tx=0).handle_hello peer v2:172.21.15.31:3300/0 says I am v2:172.21.15.31:52040/0 (socket says 172.21.15.31:52040)
2023-10-06T21:11:28.706 INFO:teuthology.orchestra.run.smithi031.stdout:/usr/bin/ceph: stderr
2023-10-06T21:11:27.878+0000 7ff2837fe700 1 -- 172.21.15.31:0/389297995 learned_addr learned my addr 172.21.15.31:0/389297995 (peer_addr_for_me v2:172.21.15.31:0/0)
2023-10-06T21:11:28.706 INFO:teuthology.orchestra.run.smithi031.stdout:/usr/bin/ceph: stderr
2023-10-06T21:11:27.878+0000 7ff2837fe700 1 -- 172.21.15.31:0/389297995 --> [v2:172.21.15.31:3300/0,v1:172.21.15.31:6789/0] -- mon_subscribe({config=0+,monmap=0+}) v3 -- 0x7ff274009550 con 0x7ff284106700
2023-10-06T21:11:28.707 INFO:teuthology.orchestra.run.smithi031.stdout:/usr/bin/ceph: stderr
2023-10-06T21:11:27.879+0000 7ff2837fe700 1 --2- 172.21.15.31:0/389297995 >> [v2:172.21.15.31:3300/0,v1:172.21.15.31:6789/0] conn(0x7ff284106700 0x7ff28419c580 secure :-1 s=READY pgs=67 cs=0 l=1 rev1=1 crypto rx=0x7ff274003e30 tx=0x7ff2740119a0 comp rx=0 tx=0).ready entity=mon.0 client_cookie=0 server_cookie=0 in_seq=0 out_seq=0
2023-10-06T21:11:28.707 INFO:teuthology.orchestra.run.smithi031.stdout:/usr/bin/ceph: stderr
2023-10-06T21:11:27.879+0000 7ff280ff9700 1 -- 172.21.15.31:0/389297995 <== mon.0 v2:172.21.15.31:3300/0 1 ==== mon_map magic: 0 v1 ==== 205+0+0 (secure 0 0 0) 0x7ff2740036a0 con 0x7ff284106700
2023-10-06T21:11:28.707 INFO:teuthology.orchestra.run.smithi031.stdout:/usr/bin/ceph: stderr
2023-10-06T21:11:27.879+0000 7ff280ff9700 1 -- 172.21.15.31:0/389297995 <== mon.0 v2:172.21.15.31:3300/0 2 ==== config(25 keys) v1 ==== 1067+0+0 (secure 0 0 0) 0x7ff27401b440 con 0x7ff284106700
2023-10-06T21:11:28.707 INFO:teuthology.orchestra.run.smithi031.stdout:/usr/bin/ceph: stderr
2023-10-06T21:11:27.879+0000 7ff28a1d5700 1 -- 172.21.15.31:0/389297995 --> [v2:172.21.15.31:3300/0,v1:172.21.15.31:6789/0] -- mon_subscribe({mgrmap=0+}) v3 -- 0x7ff28419ccc0 con 0x7ff284106700
2023-10-06T21:11:28.707 INFO:teuthology.orchestra.run.smithi031.stdout:/usr/bin/ceph: stderr
2023-10-06T21:11:27.879+0000 7ff280ff9700 1 -- 172.21.15.31:0/389297995 <== mon.0 v2:172.21.15.31:3300/0 3 ==== mon_map magic: 0 v1 ==== 205+0+0 (secure 0 0 0) 0x7ff274023400 con 0x7ff284106700
2023-10-06T21:11:28.707 INFO:teuthology.orchestra.run.smithi031.stdout:/usr/bin/ceph: stderr
2023-10-06T21:11:27.879+0000 7ff28a1d5700 1 -- 172.21.15.31:0/389297995 --> [v2:172.21.15.31:3300/0,v1:172.21.15.31:6789/0] -- mon_subscribe({osdmap=0}) v3 -- 0x7ff28419d0e0 con 0x7ff284106700
2023-10-06T21:11:28.707 INFO:teuthology.orchestra.run.smithi031.stdout:/usr/bin/ceph: stderr
2023-10-06T21:11:27.880+0000 7ff280ff9700 1 -- 172.21.15.31:0/389297995 <== mon.0 v2:172.21.15.31:3300/0 4 ==== mgrmap(e 12) v1 ==== 45592+0+0 (secure 0 0 0) 0x7ff274023630 con 0x7ff284106700
2023-10-06T21:11:28.707 INFO:teuthology.orchestra.run.smithi031.stdout:/usr/bin/ceph: stderr
2023-10-06T21:11:27.880+0000 7ff26a7fc700 1 -- 172.21.15.31:0/389297995 --> [v2:172.21.15.31:3300/0,v1:172.21.15.31:6789/0] -- mon_command({"prefix": "get_command_descriptions"} v 0) v1 -- 0x7ff2640052f0 con 0x7ff284106700
2023-10-06T21:11:28.707 INFO:teuthology.orchestra.run.smithi031.stdout:/usr/bin/ceph: stderr
