2023-10-06T22:40:39.518+0000 7f0fc9775700 1 --2- 172.21.15.89:0/1679397001 >> [v2:172.21.15.89:3300/0,v1:172.21.15.89:6789/0] conn(0x7f0fc407beb0 0x7f0fc419c630 secure :-1 s=READY pgs=48 cs=0 l=1 rev1=1 crypto rx=0x7f0fc0011ac0 tx=0x7f0fc0011ba0 comp rx=0 tx=0).ready entity=mon.0 client_cookie=0 server_cookie=0 in_seq=0 out_seq=0
2023-10-06T22:40:40.200 INFO:teuthology.orchestra.run.smithi089.stdout:/usr/bin/ceph: stderr
2023-10-06T22:40:39.518+0000 7f0fba7fc700 1 -- 172.21.15.89:0/1679397001 <== mon.0 v2:172.21.15.89:3300/0 1 ==== mon_map magic: 0 v1 ==== 205+0+0 (secure 0 0 0) 0x7f0fc0003ac0 con 0x7f0fc407beb0
2023-10-06T22:40:40.200 INFO:teuthology.orchestra.run.smithi089.stdout:/usr/bin/ceph: stderr
2023-10-06T22:40:39.518+0000 7f0fca777700 1 -- 172.21.15.89:0/1679397001 --> [v2:172.21.15.89:3300/0,v1:172.21.15.89:6789/0] -- mon_subscribe({mgrmap=0+}) v3 -- 0x7f0fc419cd70 con 0x7f0fc407beb0
2023-10-06T22:40:40.200 INFO:teuthology.orchestra.run.smithi089.stdout:/usr/bin/ceph: stderr
2023-10-06T22:40:39.518+0000 7f0fba7fc700 1 -- 172.21.15.89:0/1679397001 <== mon.0 v2:172.21.15.89:3300/0 2 ==== config(27 keys) v1 ==== 1105+0+0 (secure 0 0 0) 0x7f0fc0003c20 con 0x7f0fc407beb0
2023-10-06T22:40:40.200 INFO:teuthology.orchestra.run.smithi089.stdout:/usr/bin/ceph: stderr
2023-10-06T22:40:39.518+0000 7f0fba7fc700 1 -- 172.21.15.89:0/1679397001 <== mon.0 v2:172.21.15.89:3300/0 3 ==== mon_map magic: 0 v1 ==== 205+0+0 (secure 0 0 0) 0x7f0fc00196d0 con 0x7f0fc407beb0
2023-10-06T22:40:40.200 INFO:teuthology.orchestra.run.smithi089.stdout:/usr/bin/ceph: stderr
2023-10-06T22:40:39.518+0000 7f0fca777700 1 -- 172.21.15.89:0/1679397001 --> [v2:172.21.15.89:3300/0,v1:172.21.15.89:6789/0] -- mon_subscribe({osdmap=0}) v3 -- 0x7f0fc419d190 con 0x7f0fc407beb0
2023-10-06T22:40:40.200 INFO:teuthology.orchestra.run.smithi089.stdout:/usr/bin/ceph: stderr
2023-10-06T22:40:39.519+0000 7f0fca777700 1 -- 172.21.15.89:0/1679397001 --> [v2:172.21.15.89:3300/0,v1:172.21.15.89:6789/0] -- mon_command({"prefix": "get_command_descriptions"} v 0) v1 -- 0x7f0fc40624e0 con 0x7f0fc407beb0
2023-10-06T22:40:40.200 INFO:teuthology.orchestra.run.smithi089.stdout:/usr/bin/ceph: stderr
2023-10-06T22:40:39.519+0000 7f0fba7fc700 1 -- 172.21.15.89:0/1679397001 <== mon.0 v2:172.21.15.89:3300/0 4 ==== mgrmap(e 8) v1 ==== 45579+0+0 (secure 0 0 0) 0x7f0fc001ab60 con 0x7f0fc407beb0
2023-10-06T22:40:40.200 INFO:teuthology.orchestra.run.smithi089.stdout:/usr/bin/ceph: stderr
2023-10-06T22:40:39.520+0000 7f0fba7fc700 1 --2- 172.21.15.89:0/1679397001 >> [v2:172.21.15.89:6800/2197964686,v1:172.21.15.89:6801/2197964686] conn(0x7f0fb00387d0 0x7f0fb003ac90 unknown :-1 s=NONE pgs=0 cs=0 l=1 rev1=0 crypto rx=0 tx=0 comp rx=0 tx=0).connect
2023-10-06T22:40:40.200 INFO:teuthology.orchestra.run.smithi089.stdout:/usr/bin/ceph: stderr
2023-10-06T22:40:39.520+0000 7f0fba7fc700 1 -- 172.21.15.89:0/1679397001 <== mon.0 v2:172.21.15.89:3300/0 5 ==== osd_map(2..2 src has 1..2) v4 ==== 940+0+0 (secure 0 0 0) 0x7f0fc004c9f0 con 0x7f0fc407beb0
2023-10-06T22:40:40.201 INFO:teuthology.orchestra.run.smithi089.stdout:/usr/bin/ceph: stderr
2023-10-06T22:40:39.520+0000 7f0fc8f74700 1 --2- 172.21.15.89:0/1679397001 >> [v2:172.21.15.89:6800/2197964686,v1:172.21.15.89:6801/2197964686] conn(0x7f0fb00387d0 0x7f0fb003ac90 unknown :-1 s=BANNER_CONNECTING pgs=0 cs=0 l=1 rev1=0 crypto rx=0 tx=0 comp rx=0 tx=0)._handle_peer_banner_payload supported=3 required=0
2023-10-06T22:40:40.201 INFO:teuthology.orchestra.run.smithi089.stdout:/usr/bin/ceph: stderr
2023-10-06T22:40:39.521+0000 7f0fc8f74700 1 --2- 172.21.15.89:0/1679397001 >> [v2:172.21.15.89:6800/2197964686,v1:172.21.15.89:6801/2197964686] conn(0x7f0fb00387d0 0x7f0fb003ac90 secure :-1 s=READY pgs=13 cs=0 l=1 rev1=1 crypto rx=0x7f0fb4006fd0 tx=0x7f0fb4006e40 comp rx=0 tx=0).ready entity=mgr.14118 client_cookie=0 server_cookie=0 in_seq=0 out_seq=0
2023-10-06T22:40:40.201 INFO:teuthology.orchestra.run.smithi089.stdout:/usr/bin/ceph: stderr
2023-10-06T22:40:39.525+0000 7f0fba7fc700 1 -- 172.21.15.89:0/1679397001 <== mon.0 v2:172.21.15.89:3300/0 6 ==== mon_command_ack([{"prefix": "get_command_descriptions"}]=0 v0) v1 ==== 72+0+180459 (secure 0 0 0) 0x7f0fc0018760 con 0x7f0fc407beb0
2023-10-06T22:40:40.201 INFO:teuthology.orchestra.run.smithi089.stdout:/usr/bin/ceph: stderr
2023-10-06T22:40:39.758+0000 7f0fca777700 1 -- 172.21.15.89:0/1679397001 --> [v2:172.21.15.89:6800/2197964686,v1:172.21.15.89:6801/2197964686] -- mgr_command(tid 0: {"prefix": "orch apply", "service_type": "mgr", "unmanaged": true, "target": ["mon-mgr", ""]}) v1 -- 0x7f0fc4103fb0 con 0x7f0fb00387d0
2023-10-06T22:40:40.201 INFO:teuthology.orchestra.run.smithi089.stdout:/usr/bin/ceph: stderr
2023-10-06T22:40:39.765+0000 7f0fba7fc700 1 -- 172.21.15.89:0/1679397001 <== mgr.14118 v2:172.21.15.89:6800/2197964686 1 ==== mgr_command_reply(tid 0: 0 ) v1 ==== 8+0+24 (secure 0 0 0) 0x7f0fc4103fb0 con 0x7f0fb00387d0
2023-10-06T22:40:40.201 INFO:teuthology.orchestra.run.smithi089.stdout:/usr/bin/ceph: stderr
2023-10-06T22:40:39.768+0000 7f0fca777700 1 -- 172.21.15.89:0/1679397001 >> [v2:172.21.15.89:6800/2197964686,v1:172.21.15.89:6801/2197964686] conn(0x7f0fb00387d0 msgr2=0x7f0fb003ac90 secure :-1 s=STATE_CONNECTION_ESTABLISHED l=1).mark_down
2023-10-06T22:40:40.201 INFO:teuthology.orchestra.run.smithi089.stdout:/usr/bin/ceph: stderr
2023-10-06T22:40:39.768+0000 7f0fca777700 1 --2- 172.21.15.89:0/1679397001 >> [v2:172.21.15.89:6800/2197964686,v1:172.21.15.89:6801/2197964686] conn(0x7f0fb00387d0 0x7f0fb003ac90 secure :-1 s=READY pgs=13 cs=0 l=1 rev1=1 crypto rx=0x7f0fb4006fd0 tx=0x7f0fb4006e40 comp rx=0 tx=0).stop
2023-10-06T22:40:40.201 INFO:teuthology.orchestra.run.smithi089.stdout:/usr/bin/ceph: stderr
2023-10-06T22:40:39.768+0000 7f0fca777700 1 -- 172.21.15.89:0/1679397001 >> [v2:172.21.15.89:3300/0,v1:172.21.15.89:6789/0] conn(0x7f0fc407beb0 msgr2=0x7f0fc419c630 secure :-1 s=STATE_CONNECTION_ESTABLISHED l=1).mark_down
2023-10-06T22:40:40.201 INFO:teuthology.orchestra.run.smithi089.stdout:/usr/bin/ceph: stderr
2023-10-06T22:40:39.768+0000 7f0fca777700 1 --2- 172.21.15.89:0/1679397001 >> [v2:172.21.15.89:3300/0,v1:172.21.15.89:6789/0] conn(0x7f0fc407beb0 0x7f0fc419c630 secure :-1 s=READY pgs=48 cs=0 l=1 rev1=1 crypto rx=0x7f0fc0011ac0 tx=0x7f0fc0011ba0 comp rx=0 tx=0).stop
2023-10-06T22:40:40.201 INFO:teuthology.orchestra.run.smithi089.stdout:/usr/bin/ceph: stderr
2023-10-06T22:40:39.768+0000 7f0fca777700 1 -- 172.21.15.89:0/1679397001 shutdown_connections
2023-10-06T22:40:40.201 INFO:teuthology.orchestra.run.smithi089.stdout:/usr/bin/ceph: stderr
2023-10-06T22:40:39.768+0000 7f0fca777700 1 --2- 172.21.15.89:0/1679397001 >> [v2:172.21.15.89:6800/2197964686,v1:172.21.15.89:6801/2197964686] conn(0x7f0fb00387d0 0x7f0fb003ac90 unknown :-1 s=CLOSED pgs=13 cs=0 l=1 rev1=1 crypto rx=0 tx=0 comp rx=0 tx=0).stop
2023-10-06T22:40:40.202 INFO:teuthology.orchestra.run.smithi089.stdout:/usr/bin/ceph: stderr
2023-10-06T22:40:39.768+0000 7f0fca777700 1 --2- 172.21.15.89:0/1679397001 >> [v2:172.21.15.89:3300/0,v1:172.21.15.89:6789/0] conn(0x7f0fc407beb0 0x7f0fc419c630 unknown :-1 s=CLOSED pgs=48 cs=0 l=1 rev1=1 crypto rx=0 tx=0 comp rx=0 tx=0).stop
2023-10-06T22:40:40.202 INFO:teuthology.orchestra.run.smithi089.stdout:/usr/bin/ceph: stderr
2023-10-06T22:40:39.768+0000 7f0fca777700 1 -- 172.21.15.89:0/1679397001 >> 172.21.15.89:0/1679397001 conn(0x7f0fc4101c80 msgr2=0x7f0fc4103350 unknown :-1 s=STATE_NONE l=0).mark_down
2023-10-06T22:40:40.202 INFO:teuthology.orchestra.run.smithi089.stdout:/usr/bin/ceph: stderr
2023-10-06T22:40:39.768+0000 7f0fca777700 1 -- 172.21.15.89:0/1679397001 shutdown_connections
2023-10-06T22:40:40.202 INFO:teuthology.orchestra.run.smithi089.stdout:/usr/bin/ceph: stderr
2023-10-06T22:40:39.768+0000 7f0fca777700 1 -- 172.21.15.89:0/1679397001 wait complete.
2023-10-06T22:40:41.043 INFO:journalctl@ceph.mon.a.smithi089.stdout:Oct 06 22:40:40 smithi089 ceph-mon[98498]: from='client.14142 -' entity='client.admin' cmd=[{"prefix": "orch apply", "service_type": "mgr", "unmanaged": true, "target": ["mon-mgr", ""]}]: dispatch
2023-10-06T22:40:41.043 INFO:journalctl@ceph.mon.a.smithi089.stdout:Oct 06 22:40:40 smithi089 ceph-mon[98498]: Saving service mgr spec with placement count:2
2023-10-06T22:40:41.043 INFO:journalctl@ceph.mon.a.smithi089.stdout:Oct 06 22:40:40 smithi089 ceph-mon[98498]: from='mgr.14118 172.21.15.89:0/1990765333' entity='mgr.x'
2023-10-06T22:40:41.043 INFO:journalctl@ceph.mon.a.smithi089.stdout:Oct 06 22:40:40 smithi089 ceph-mon[98498]: from='mgr.14118 172.21.15.89:0/1990765333' entity='mgr.x'
2023-10-06T22:40:41.043 INFO:journalctl@ceph.mon.a.smithi089.stdout:Oct 06 22:40:40 smithi089 ceph-mon[98498]: from='mgr.14118 172.21.15.89:0/1990765333' entity='mgr.x'
2023-10-06T22:40:41.379 INFO:teuthology.orchestra.run.smithi089.stdout:/usr/bin/ceph: stderr
2023-10-06T22:40:40.754+0000 7fd12b85c700 1 Processor -- start
2023-10-06T22:40:41.380 INFO:teuthology.orchestra.run.smithi089.stdout:/usr/bin/ceph: stderr
2023-10-06T22:40:40.754+0000 7fd12b85c700 1 -- start start
2023-10-06T22:40:41.380 INFO:teuthology.orchestra.run.smithi089.stdout:/usr/bin/ceph: stderr
2023-10-06T22:40:40.754+0000 7fd12b85c700 1 --2- >> [v2:172.21.15.89:3300/0,v1:172.21.15.89:6789/0] conn(0x7fd12407be70 0x7fd12407a2d0 unknown :-1 s=NONE pgs=0 cs=0 l=0 rev1=0 crypto rx=0 tx=0 comp rx=0 tx=0).connect
2023-10-06T22:40:41.380 INFO:teuthology.orchestra.run.smithi089.stdout:/usr/bin/ceph: stderr
2023-10-06T22:40:40.754+0000 7fd12b85c700 1 -- --> [v2:172.21.15.89:3300/0,v1:172.21.15.89:6789/0] -- mon_getmap magic: 0 v1 -- 0x7fd12407a8a0 con 0x7fd12407be70
2023-10-06T22:40:41.380 INFO:teuthology.orchestra.run.smithi089.stdout:/usr/bin/ceph: stderr
2023-10-06T22:40:40.755+0000 7fd1295f8700 1 --2- >> [v2:172.21.15.89:3300/0,v1:172.21.15.89:6789/0] conn(0x7fd12407be70 0x7fd12407a2d0 unknown :-1 s=BANNER_CONNECTING pgs=0 cs=0 l=0 rev1=0 crypto rx=0 tx=0 comp rx=0 tx=0)._handle_peer_banner_payload supported=3 required=0
2023-10-06T22:40:41.380 INFO:teuthology.orchestra.run.smithi089.stdout:/usr/bin/ceph: stderr
2023-10-06T22:40:40.755+0000 7fd1295f8700 1 --2- >> [v2:172.21.15.89:3300/0,v1:172.21.15.89:6789/0] conn(0x7fd12407be70 0x7fd12407a2d0 unknown :-1 s=HELLO_CONNECTING pgs=0 cs=0 l=0 rev1=1 crypto rx=0 tx=0 comp rx=0 tx=0).handle_hello peer v2:172.21.15.89:3300/0 says I am v2:172.21.15.89:38108/0 (socket says 172.21.15.89:38108)
2023-10-06T22:40:41.380 INFO:teuthology.orchestra.run.smithi089.stdout:/usr/bin/ceph: stderr
2023-10-06T22:40:40.755+0000 7fd1295f8700 1 -- 172.21.15.89:0/1490433828 learned_addr learned my addr 172.21.15.89:0/1490433828 (peer_addr_for_me v2:172.21.15.89:0/0)
2023-10-06T22:40:41.381 INFO:teuthology.orchestra.run.smithi089.stdout:/usr/bin/ceph: stderr
2023-10-06T22:40:40.755+0000 7fd1295f8700 1 -- 172.21.15.89:0/1490433828 --> [v2:172.21.15.89:3300/0,v1:172.21.15.89:6789/0] -- mon_subscribe({config=0+,monmap=0+}) v3 -- 0x7fd12407a9e0 con 0x7fd12407be70
2023-10-06T22:40:41.381 INFO:teuthology.orchestra.run.smithi089.stdout:/usr/bin/ceph: stderr
2023-10-06T22:40:40.755+0000 7fd1295f8700 1 --2- 172.21.15.89:0/1490433828 >> [v2:172.21.15.89:3300/0,v1:172.21.15.89:6789/0] conn(0x7fd12407be70 0x7fd12407a2d0 secure :-1 s=READY pgs=49 cs=0 l=1 rev1=1 crypto rx=0x7fd1200098a0 tx=0x7fd120009bb0 comp rx=0 tx=0).ready entity=mon.0 client_cookie=97dc1112825bce29 server_cookie=0 in_seq=0 out_seq=0
2023-10-06T22:40:41.381 INFO:teuthology.orchestra.run.smithi089.stdout:/usr/bin/ceph: stderr
2023-10-06T22:40:40.755+0000 7fd11bfff700 1 -- 172.21.15.89:0/1490433828 <== mon.0 v2:172.21.15.89:3300/0 1 ==== mon_map magic: 0 v1 ==== 205+0+0 (secure 0 0 0) 0x7fd120004160 con 0x7fd12407be70
2023-10-06T22:40:41.381 INFO:teuthology.orchestra.run.smithi089.stdout:/usr/bin/ceph: stderr
2023-10-06T22:40:40.756+0000 7fd11bfff700 1 -- 172.21.15.89:0/1490433828 <== mon.0 v2:172.21.15.89:3300/0 2 ==== config(27 keys) v1 ==== 1136+0+0 (secure 0 0 0) 0x7fd1200042c0 con 0x7fd12407be70
2023-10-06T22:40:41.381 INFO:teuthology.orchestra.run.smithi089.stdout:/usr/bin/ceph: stderr
2023-10-06T22:40:40.756+0000 7fd11bfff700 1 -- 172.21.15.89:0/1490433828 <== mon.0 v2:172.21.15.89:3300/0 3 ==== mon_map magic: 0 v1 ==== 205+0+0 (secure 0 0 0) 0x7fd120011a30 con 0x7fd12407be70
2023-10-06T22:40:41.381 INFO:teuthology.orchestra.run.smithi089.stdout:/usr/bin/ceph: stderr
2023-10-06T22:40:40.756+0000 7fd12b85c700 1 -- 172.21.15.89:0/1490433828 >> [v2:172.21.15.89:3300/0,v1:172.21.15.89:6789/0] conn(0x7fd12407be70 msgr2=0x7fd12407a2d0 secure :-1 s=STATE_CONNECTION_ESTABLISHED l=1).mark_down
2023-10-06T22:40:41.381 INFO:teuthology.orchestra.run.smithi089.stdout:/usr/bin/ceph: stderr
2023-10-06T22:40:40.756+0000 7fd12b85c700 1 --2- 172.21.15.89:0/1490433828 >> [v2:172.21.15.89:3300/0,v1:172.21.15.89:6789/0] conn(0x7fd12407be70 0x7fd12407a2d0 secure :-1 s=READY pgs=49 cs=0 l=1 rev1=1 crypto rx=0x7fd1200098a0 tx=0x7fd120009bb0 comp rx=0 tx=0).stop
2023-10-06T22:40:41.382 INFO:teuthology.orchestra.run.smithi089.stdout:/usr/bin/ceph: stderr
2023-10-06T22:40:40.756+0000 7fd12b85c700 1 -- 172.21.15.89:0/1490433828 shutdown_connections
2023-10-06T22:40:41.382 INFO:teuthology.orchestra.run.smithi089.stdout:/usr/bin/ceph: stderr
2023-10-06T22:40:40.756+0000 7fd12b85c700 1 --2- 172.21.15.89:0/1490433828 >> [v2:172.21.15.89:3300/0,v1:172.21.15.89:6789/0] conn(0x7fd12407be70 0x7fd12407a2d0 unknown :-1 s=CLOSED pgs=49 cs=0 l=1 rev1=1 crypto rx=0 tx=0 comp rx=0 tx=0).stop
2023-10-06T22:40:41.382 INFO:teuthology.orchestra.run.smithi089.stdout:/usr/bin/ceph: stderr
2023-10-06T22:40:40.756+0000 7fd12b85c700 1 -- 172.21.15.89:0/1490433828 >> 172.21.15.89:0/1490433828 conn(0x7fd124101e50 msgr2=0x7fd1241042b0 unknown :-1 s=STATE_NONE l=0).mark_down
2023-10-06T22:40:41.382 INFO:teuthology.orchestra.run.smithi089.stdout:/usr/bin/ceph: stderr
2023-10-06T22:40:40.756+0000 7fd12b85c700 1 -- 172.21.15.89:0/1490433828 shutdown_connections
2023-10-06T22:40:41.382 INFO:teuthology.orchestra.run.smithi089.stdout:/usr/bin/ceph: stderr
2023-10-06T22:40:40.756+0000 7fd12b85c700 1 -- 172.21.15.89:0/1490433828 wait complete.
2023-10-06T22:40:41.382 INFO:teuthology.orchestra.run.smithi089.stdout:/usr/bin/ceph: stderr
2023-10-06T22:40:40.757+0000 7fd12b85c700 1 Processor -- start
2023-10-06T22:40:41.383 INFO:teuthology.orchestra.run.smithi089.stdout:/usr/bin/ceph: stderr
2023-10-06T22:40:40.757+0000 7fd12b85c700 1 -- start start
2023-10-06T22:40:41.383 INFO:teuthology.orchestra.run.smithi089.stdout:/usr/bin/ceph: stderr
2023-10-06T22:40:40.758+0000 7fd12b85c700 1 --2- >> [v2:172.21.15.89:3300/0,v1:172.21.15.89:6789/0] conn(0x7fd12407be70 0x7fd12419c7e0 unknown :-1 s=NONE pgs=0 cs=0 l=1 rev1=0 crypto rx=0 tx=0 comp rx=0 tx=0).connect
2023-10-06T22:40:41.383 INFO:teuthology.orchestra.run.smithi089.stdout:/usr/bin/ceph: stderr
2023-10-06T22:40:40.758+0000 7fd12b85c700 1 -- --> [v2:172.21.15.89:3300/0,v1:172.21.15.89:6789/0] -- mon_getmap magic: 0 v1 -- 0x7fd12419cd20 con 0x7fd12407be70
2023-10-06T22:40:41.383 INFO:teuthology.orchestra.run.smithi089.stdout:/usr/bin/ceph: stderr
2023-10-06T22:40:40.758+0000 7fd1295f8700 1 --2- >> [v2:172.21.15.89:3300/0,v1:172.21.15.89:6789/0] conn(0x7fd12407be70 0x7fd12419c7e0 unknown :-1 s=BANNER_CONNECTING pgs=0 cs=0 l=1 rev1=0 crypto rx=0 tx=0 comp rx=0 tx=0)._handle_peer_banner_payload supported=3 required=0
2023-10-06T22:40:41.383 INFO:teuthology.orchestra.run.smithi089.stdout:/usr/bin/ceph: stderr
2023-10-06T22:40:40.758+0000 7fd1295f8700 1 --2- >> [v2:172.21.15.89:3300/0,v1:172.21.15.89:6789/0] conn(0x7fd12407be70 0x7fd12419c7e0 unknown :-1 s=HELLO_CONNECTING pgs=0 cs=0 l=1 rev1=1 crypto rx=0 tx=0 comp rx=0 tx=0).handle_hello peer v2:172.21.15.89:3300/0 says I am v2:172.21.15.89:38116/0 (socket says 172.21.15.89:38116)
2023-10-06T22:40:41.383 INFO:teuthology.orchestra.run.smithi089.stdout:/usr/bin/ceph: stderr
2023-10-06T22:40:40.758+0000 7fd1295f8700 1 -- 172.21.15.89:0/491268186 learned_addr learned my addr 172.21.15.89:0/491268186 (peer_addr_for_me v2:172.21.15.89:0/0)
2023-10-06T22:40:41.384 INFO:teuthology.orchestra.run.smithi089.stdout:/usr/bin/ceph: stderr
2023-10-06T22:40:40.758+0000 7fd1295f8700 1 -- 172.21.15.89:0/491268186 --> [v2:172.21.15.89:3300/0,v1:172.21.15.89:6789/0] -- mon_subscribe({config=0+,monmap=0+}) v3 -- 0x7fd120009550 con 0x7fd12407be70
2023-10-06T22:40:41.384 INFO:teuthology.orchestra.run.smithi089.stdout:/usr/bin/ceph: stderr
2023-10-06T22:40:40.758+0000 7fd1295f8700 1 --2- 172.21.15.89:0/491268186 >> [v2:172.21.15.89:3300/0,v1:172.21.15.89:6789/0] conn(0x7fd12407be70 0x7fd12419c7e0 secure :-1 s=READY pgs=50 cs=0 l=1 rev1=1 crypto rx=0x7fd120006af0 tx=0x7fd120011ab0 comp rx=0 tx=0).ready entity=mon.0 client_cookie=0 server_cookie=0 in_seq=0 out_seq=0
2023-10-06T22:40:41.384 INFO:teuthology.orchestra.run.smithi089.stdout:/usr/bin/ceph: stderr
2023-10-06T22:40:40.759+0000 7fd11a7fc700 1 -- 172.21.15.89:0/491268186 <== mon.0 v2:172.21.15.89:3300/0 1 ==== mon_map magic: 0 v1 ==== 205+0+0 (secure 0 0 0) 0x7fd120003a70 con 0x7fd12407be70
2023-10-06T22:40:41.384 INFO:teuthology.orchestra.run.smithi089.stdout:/usr/bin/ceph: stderr
2023-10-06T22:40:40.759+0000 7fd11a7fc700 1 -- 172.21.15.89:0/491268186 <== mon.0 v2:172.21.15.89:3300/0 2 ==== config(27 keys) v1 ==== 1136+0+0 (secure 0 0 0) 0x7fd120003bd0 con 0x7fd12407be70
2023-10-06T22:40:41.384 INFO:teuthology.orchestra.run.smithi089.stdout:/usr/bin/ceph: stderr
2023-10-06T22:40:40.759+0000 7fd12b85c700 1 -- 172.21.15.89:0/491268186 --> [v2:172.21.15.89:3300/0,v1:172.21.15.89:6789/0] -- mon_subscribe({mgrmap=0+}) v3 -- 0x7fd12419cf20 con 0x7fd12407be70
2023-10-06T22:40:41.384 INFO:teuthology.orchestra.run.smithi089.stdout:/usr/bin/ceph: stderr
2023-10-06T22:40:40.759+0000 7fd11a7fc700 1 -- 172.21.15.89:0/491268186 <== mon.0 v2:172.21.15.89:3300/0 3 ==== mon_map magic: 0 v1 ==== 205+0+0 (secure 0 0 0) 0x7fd120019760 con 0x7fd12407be70
2023-10-06T22:40:41.385 INFO:teuthology.orchestra.run.smithi089.stdout:/usr/bin/ceph: stderr
2023-10-06T22:40:40.759+0000 7fd12b85c700 1 -- 172.21.15.89:0/491268186 --> [v2:172.21.15.89:3300/0,v1:172.21.15.89:6789/0] -- mon_subscribe({osdmap=0}) v3 -- 0x7fd12419d340 con 0x7fd12407be70
2023-10-06T22:40:41.385 INFO:teuthology.orchestra.run.smithi089.stdout:/usr/bin/ceph: stderr
2023-10-06T22:40:40.760+0000 7fd12b85c700 1 -- 172.21.15.89:0/491268186 --> [v2:172.21.15.89:3300/0,v1:172.21.15.89:6789/0] -- mon_command({"prefix": "get_command_descriptions"} v 0) v1 -- 0x7fd1240624e0 con 0x7fd12407be70
2023-10-06T22:40:41.385 INFO:teuthology.orchestra.run.smithi089.stdout:/usr/bin/ceph: stderr
2023-10-06T22:40:40.760+0000 7fd11a7fc700 1 -- 172.21.15.89:0/491268186 <== mon.0 v2:172.21.15.89:3300/0 4 ==== mgrmap(e 8) v1 ==== 45579+0+0 (secure 0 0 0) 0x7fd120019a20 con 0x7fd12407be70
2023-10-06T22:40:41.385 INFO:teuthology.orchestra.run.smithi089.stdout:/usr/bin/ceph: stderr
2023-10-06T22:40:40.761+0000 7fd11a7fc700 1 --2- 172.21.15.89:0/491268186 >> [v2:172.21.15.89:6800/2197964686,v1:172.21.15.89:6801/2197964686] conn(0x7fd1100387d0 0x7fd11003ac90 unknown :-1 s=NONE pgs=0 cs=0 l=1 rev1=0 crypto rx=0 tx=0 comp rx=0 tx=0).connect
2023-10-06T22:40:41.385 INFO:teuthology.orchestra.run.smithi089.stdout:/usr/bin/ceph: stderr
2023-10-06T22:40:40.761+0000 7fd11a7fc700 1 -- 172.21.15.89:0/491268186 <== mon.0 v2:172.21.15.89:3300/0 5 ==== osd_map(2..2 src has 1..2) v4 ==== 940+0+0 (secure 0 0 0) 0x7fd12004ccc0 con 0x7fd12407be70
2023-10-06T22:40:41.385 INFO:teuthology.orchestra.run.smithi089.stdout:/usr/bin/ceph: stderr
2023-10-06T22:40:40.761+0000 7fd128df7700 1 --2- 172.21.15.89:0/491268186 >> [v2:172.21.15.89:6800/2197964686,v1:172.21.15.89:6801/2197964686] conn(0x7fd1100387d0 0x7fd11003ac90 unknown :-1 s=BANNER_CONNECTING pgs=0 cs=0 l=1 rev1=0 crypto rx=0 tx=0 comp rx=0 tx=0)._handle_peer_banner_payload supported=3 required=0
2023-10-06T22:40:41.385 INFO:teuthology.orchestra.run.smithi089.stdout:/usr/bin/ceph: stderr
2023-10-06T22:40:40.762+0000 7fd128df7700 1 --2- 172.21.15.89:0/491268186 >> [v2:172.21.15.89:6800/2197964686,v1:172.21.15.89:6801/2197964686] conn(0x7fd1100387d0 0x7fd11003ac90 secure :-1 s=READY pgs=14 cs=0 l=1 rev1=1 crypto rx=0x7fd114006fd0 tx=0x7fd114006e40 comp rx=0 tx=0).ready entity=mgr.14118 client_cookie=0 server_cookie=0 in_seq=0 out_seq=0
2023-10-06T22:40:41.385 INFO:teuthology.orchestra.run.smithi089.stdout:/usr/bin/ceph: stderr
2023-10-06T22:40:40.766+0000 7fd11a7fc700 1 -- 172.21.15.89:0/491268186 <== mon.0 v2:172.21.15.89:3300/0 6 ==== mon_command_ack([{"prefix": "get_command_descriptions"}]=0 v0) v1 ==== 72+0+180459 (secure 0 0 0) 0x7fd120053080 con 0x7fd12407be70
2023-10-06T22:40:41.386 INFO:teuthology.orchestra.run.smithi089.stdout:/usr/bin/ceph: stderr
2023-10-06T22:40:40.973+0000 7fd12b85c700 1 -- 172.21.15.89:0/491268186 --> [v2:172.21.15.89:3300/0,v1:172.21.15.89:6789/0] -- mon_command([{prefix=config set, name=mgr/cephadm/container_init}] v 0) v1 -- 0x7fd12410cd70 con 0x7fd12407be70
2023-10-06T22:40:41.386 INFO:teuthology.orchestra.run.smithi089.stdout:/usr/bin/ceph: stderr
2023-10-06T22:40:40.978+0000 7fd11a7fc700 1 -- 172.21.15.89:0/491268186 <== mon.0 v2:172.21.15.89:3300/0 7 ==== mon_command_ack([{prefix=config set, name=mgr/cephadm/container_init}]=0 v7)=0 v7) v1 ==== 142+0+0 (secure 0 0 0) 0x7fd120018940 con 0x7fd12407be70
2023-10-06T22:40:41.386 INFO:teuthology.orchestra.run.smithi089.stdout:/usr/bin/ceph: stderr
2023-10-06T22:40:40.981+0000 7fd12b85c700 1 -- 172.21.15.89:0/491268186 >> [v2:172.21.15.89:6800/2197964686,v1:172.21.15.89:6801/2197964686] conn(0x7fd1100387d0 msgr2=0x7fd11003ac90 secure :-1 s=STATE_CONNECTION_ESTABLISHED l=1).mark_down
2023-10-06T22:40:41.386 INFO:teuthology.orchestra.run.smithi089.stdout:/usr/bin/ceph: stderr
2023-10-06T22:40:40.981+0000 7fd12b85c700 1 --2- 172.21.15.89:0/491268186 >> [v2:172.21.15.89:6800/2197964686,v1:172.21.15.89:6801/2197964686] conn(0x7fd1100387d0 0x7fd11003ac90 secure :-1 s=READY pgs=14 cs=0 l=1 rev1=1 crypto rx=0x7fd114006fd0 tx=0x7fd114006e40 comp rx=0 tx=0).stop
2023-10-06T22:40:41.386 INFO:teuthology.orchestra.run.smithi089.stdout:/usr/bin/ceph: stderr
2023-10-06T22:40:40.981+0000 7fd12b85c700 1 -- 172.21.15.89:0/491268186 >> [v2:172.21.15.89:3300/0,v1:172.21.15.89:6789/0] conn(0x7fd12407be70 msgr2=0x7fd12419c7e0 secure :-1 s=STATE_CONNECTION_ESTABLISHED l=1).mark_down
2023-10-06T22:40:41.386 INFO:teuthology.orchestra.run.smithi089.stdout:/usr/bin/ceph: stderr
2023-10-06T22:40:40.981+0000 7fd12b85c700 1 --2- 172.21.15.89:0/491268186 >> [v2:172.21.15.89:3300/0,v1:172.21.15.89:6789/0] conn(0x7fd12407be70 0x7fd12419c7e0 secure :-1 s=READY pgs=50 cs=0 l=1 rev1=1 crypto rx=0x7fd120006af0 tx=0x7fd120011ab0 comp rx=0 tx=0).stop
2023-10-06T22:40:41.386 INFO:teuthology.orchestra.run.smithi089.stdout:/usr/bin/ceph: stderr
2023-10-06T22:40:40.981+0000 7fd12b85c700 1 -- 172.21.15.89:0/491268186 shutdown_connections
2023-10-06T22:40:41.386 INFO:teuthology.orchestra.run.smithi089.stdout:/usr/bin/ceph: stderr
2023-10-06T22:40:40.981+0000 7fd12b85c700 1 --2- 172.21.15.89:0/491268186 >> [v2:172.21.15.89:6800/2197964686,v1:172.21.15.89:6801/2197964686] conn(0x7fd1100387d0 0x7fd11003ac90 unknown :-1 s=CLOSED pgs=14 cs=0 l=1 rev1=1 crypto rx=0 tx=0 comp rx=0 tx=0).stop
2023-10-06T22:40:41.386 INFO:teuthology.orchestra.run.smithi089.stdout:/usr/bin/ceph: stderr
2023-10-06T22:40:40.981+0000 7fd12b85c700 1 --2- 172.21.15.89:0/491268186 >> [v2:172.21.15.89:3300/0,v1:172.21.15.89:6789/0] conn(0x7fd12407be70 0x7fd12419c7e0 unknown :-1 s=CLOSED pgs=50 cs=0 l=1 rev1=1 crypto rx=0 tx=0 comp rx=0 tx=0).stop
2023-10-06T22:40:41.386 INFO:teuthology.orchestra.run.smithi089.stdout:/usr/bin/ceph: stderr
2023-10-06T22:40:40.981+0000 7fd12b85c700 1 -- 172.21.15.89:0/491268186 >> 172.21.15.89:0/491268186 conn(0x7fd124101e50 msgr2=0x7fd124103550 unknown :-1 s=STATE_NONE l=0).mark_down
2023-10-06T22:40:41.386 INFO:teuthology.orchestra.run.smithi089.stdout:/usr/bin/ceph: stderr
2023-10-06T22:40:40.981+0000 7fd12b85c700 1 -- 172.21.15.89:0/491268186 shutdown_connections
2023-10-06T22:40:41.387 INFO:teuthology.orchestra.run.smithi089.stdout:/usr/bin/ceph: stderr
2023-10-06T22:40:40.981+0000 7fd12b85c700 1 -- 172.21.15.89:0/491268186 wait complete.
2023-10-06T22:40:42.294 INFO:journalctl@ceph.mon.a.smithi089.stdout:Oct 06 22:40:41 smithi089 ceph-mon[98498]: from='client.? 172.21.15.89:0/491268186' entity='client.admin'
2023-10-06T22:40:42.666 INFO:teuthology.orchestra.run.smithi089.stdout:/usr/bin/ceph: stderr
2023-10-06T22:40:41.947+0000 7f33d9e91700 1 Processor -- start
2023-10-06T22:40:42.666 INFO:teuthology.orchestra.run.smithi089.stdout:/usr/bin/ceph: stderr
2023-10-06T22:40:41.947+0000 7f33d9e91700 1 -- start start
2023-10-06T22:40:42.666 INFO:teuthology.orchestra.run.smithi089.stdout:/usr/bin/ceph: stderr
2023-10-06T22:40:41.948+0000 7f33d9e91700 1 --2- >> [v2:172.21.15.89:3300/0,v1:172.21.15.89:6789/0] conn(0x7f33d41068d0 0x7f33d4106cf0 unknown :-1 s=NONE pgs=0 cs=0 l=0 rev1=0 crypto rx=0 tx=0 comp rx=0 tx=0).connect
2023-10-06T22:40:42.666 INFO:teuthology.orchestra.run.smithi089.stdout:/usr/bin/ceph: stderr
2023-10-06T22:40:41.948+0000 7f33d9e91700 1 -- --> [v2:172.21.15.89:3300/0,v1:172.21.15.89:6789/0] -- mon_getmap magic: 0 v1 -- 0x7f33d41072c0 con 0x7f33d41068d0
2023-10-06T22:40:42.666 INFO:teuthology.orchestra.run.smithi089.stdout:/usr/bin/ceph: stderr
2023-10-06T22:40:41.948+0000 7f33d37fe700 1 --2- >> [v2:172.21.15.89:3300/0,v1:172.21.15.89:6789/0] conn(0x7f33d41068d0 0x7f33d4106cf0 unknown :-1 s=BANNER_CONNECTING pgs=0 cs=0 l=0 rev1=0 crypto rx=0 tx=0 comp rx=0 tx=0)._handle_peer_banner_payload supported=3 required=0
2023-10-06T22:40:42.666 INFO:teuthology.orchestra.run.smithi089.stdout:/usr/bin/ceph: stderr
2023-10-06T22:40:41.948+0000 7f33d37fe700 1 --2- >> [v2:172.21.15.89:3300/0,v1:172.21.15.89:6789/0] conn(0x7f33d41068d0 0x7f33d4106cf0 unknown :-1 s=HELLO_CONNECTING pgs=0 cs=0 l=0 rev1=1 crypto rx=0 tx=0 comp rx=0 tx=0).handle_hello peer v2:172.21.15.89:3300/0 says I am v2:172.21.15.89:38124/0 (socket says 172.21.15.89:38124)
2023-10-06T22:40:42.666 INFO:teuthology.orchestra.run.smithi089.stdout:/usr/bin/ceph: stderr
2023-10-06T22:40:41.948+0000 7f33d37fe700 1 -- 172.21.15.89:0/41952307 learned_addr learned my addr 172.21.15.89:0/41952307 (peer_addr_for_me v2:172.21.15.89:0/0)
2023-10-06T22:40:42.667 INFO:teuthology.orchestra.run.smithi089.stdout:/usr/bin/ceph: stderr
2023-10-06T22:40:41.948+0000 7f33d37fe700 1 -- 172.21.15.89:0/41952307 --> [v2:172.21.15.89:3300/0,v1:172.21.15.89:6789/0] -- mon_subscribe({config=0+,monmap=0+}) v3 -- 0x7f33d4107ad0 con 0x7f33d41068d0
2023-10-06T22:40:42.667 INFO:teuthology.orchestra.run.smithi089.stdout:/usr/bin/ceph: stderr
2023-10-06T22:40:41.949+0000 7f33d37fe700 1 --2- 172.21.15.89:0/41952307 >> [v2:172.21.15.89:3300/0,v1:172.21.15.89:6789/0] conn(0x7f33d41068d0 0x7f33d4106cf0 secure :-1 s=READY pgs=51 cs=0 l=1 rev1=1 crypto rx=0x7f33c40098a0 tx=0x7f33c4009bb0 comp rx=0 tx=0).ready entity=mon.0 client_cookie=ed640069cb222248 server_cookie=0 in_seq=0 out_seq=0
2023-10-06T22:40:42.667 INFO:teuthology.orchestra.run.smithi089.stdout:/usr/bin/ceph: stderr
2023-10-06T22:40:41.949+0000 7f33d27fc700 1 -- 172.21.15.89:0/41952307 <== mon.0 v2:172.21.15.89:3300/0 1 ==== mon_map magic: 0 v1 ==== 205+0+0 (secure 0 0 0) 0x7f33c4004160 con 0x7f33d41068d0
2023-10-06T22:40:42.667 INFO:teuthology.orchestra.run.smithi089.stdout:/usr/bin/ceph: stderr
2023-10-06T22:40:41.949+0000 7f33d27fc700 1 -- 172.21.15.89:0/41952307 <== mon.0 v2:172.21.15.89:3300/0 2 ==== config(27 keys) v1 ==== 1136+0+0 (secure 0 0 0) 0x7f33c40042c0 con 0x7f33d41068d0
2023-10-06T22:40:42.667 INFO:teuthology.orchestra.run.smithi089.stdout:/usr/bin/ceph: stderr
2023-10-06T22:40:41.949+0000 7f33d27fc700 1 -- 172.21.15.89:0/41952307 <== mon.0 v2:172.21.15.89:3300/0 3 ==== mon_map magic: 0 v1 ==== 205+0+0 (secure 0 0 0) 0x7f33c4011a30 con 0x7f33d41068d0
2023-10-06T22:40:42.667 INFO:teuthology.orchestra.run.smithi089.stdout:/usr/bin/ceph: stderr
2023-10-06T22:40:41.950+0000 7f33d9e91700 1 -- 172.21.15.89:0/41952307 >> [v2:172.21.15.89:3300/0,v1:172.21.15.89:6789/0] conn(0x7f33d41068d0 msgr2=0x7f33d4106cf0 secure :-1 s=STATE_CONNECTION_ESTABLISHED l=1).mark_down
2023-10-06T22:40:42.667 INFO:teuthology.orchestra.run.smithi089.stdout:/usr/bin/ceph: stderr
2023-10-06T22:40:41.950+0000 7f33d9e91700 1 --2- 172.21.15.89:0/41952307 >> [v2:172.21.15.89:3300/0,v1:172.21.15.89:6789/0] conn(0x7f33d41068d0 0x7f33d4106cf0 secure :-1 s=READY pgs=51 cs=0 l=1 rev1=1 crypto rx=0x7f33c40098a0 tx=0x7f33c4009bb0 comp rx=0 tx=0).stop
2023-10-06T22:40:42.667 INFO:teuthology.orchestra.run.smithi089.stdout:/usr/bin/ceph: stderr
2023-10-06T22:40:41.950+0000 7f33d9e91700 1 -- 172.21.15.89:0/41952307 shutdown_connections
2023-10-06T22:40:42.667 INFO:teuthology.orchestra.run.smithi089.stdout:/usr/bin/ceph: stderr
2023-10-06T22:40:41.950+0000 7f33d9e91700 1 --2- 172.21.15.89:0/41952307 >> [v2:172.21.15.89:3300/0,v1:172.21.15.89:6789/0] conn(0x7f33d41068d0 0x7f33d4106cf0 unknown :-1 s=CLOSED pgs=51 cs=0 l=1 rev1=1 crypto rx=0 tx=0 comp rx=0 tx=0).stop
2023-10-06T22:40:42.667 INFO:teuthology.orchestra.run.smithi089.stdout:/usr/bin/ceph: stderr
2023-10-06T22:40:41.950+0000 7f33d9e91700 1 -- 172.21.15.89:0/41952307 >> 172.21.15.89:0/41952307 conn(0x7f33d4101eb0 msgr2=0x7f33d41042d0 unknown :-1 s=STATE_NONE l=0).mark_down
2023-10-06T22:40:42.667 INFO:teuthology.orchestra.run.smithi089.stdout:/usr/bin/ceph: stderr
2023-10-06T22:40:41.950+0000 7f33d9e91700 1 -- 172.21.15.89:0/41952307 shutdown_connections
2023-10-06T22:40:42.667 INFO:teuthology.orchestra.run.smithi089.stdout:/usr/bin/ceph: stderr
2023-10-06T22:40:41.950+0000 7f33d9e91700 1 -- 172.21.15.89:0/41952307 wait complete.
2023-10-06T22:40:42.668 INFO:teuthology.orchestra.run.smithi089.stdout:/usr/bin/ceph: stderr
2023-10-06T22:40:41.951+0000 7f33d9e91700 1 Processor -- start
2023-10-06T22:40:42.668 INFO:teuthology.orchestra.run.smithi089.stdout:/usr/bin/ceph: stderr
2023-10-06T22:40:41.951+0000 7f33d9e91700 1 -- start start
2023-10-06T22:40:42.668 INFO:teuthology.orchestra.run.smithi089.stdout:/usr/bin/ceph: stderr
2023-10-06T22:40:41.951+0000 7f33d9e91700 1 --2- >> [v2:172.21.15.89:3300/0,v1:172.21.15.89:6789/0] conn(0x7f33d41068d0 0x7f33d407bc40 unknown :-1 s=NONE pgs=0 cs=0 l=1 rev1=0 crypto rx=0 tx=0 comp rx=0 tx=0).connect
2023-10-06T22:40:42.668 INFO:teuthology.orchestra.run.smithi089.stdout:/usr/bin/ceph: stderr
2023-10-06T22:40:41.951+0000 7f33d9e91700 1 -- --> [v2:172.21.15.89:3300/0,v1:172.21.15.89:6789/0] -- mon_getmap magic: 0 v1 -- 0x7f33d407c180 con 0x7f33d41068d0
2023-10-06T22:40:42.668 INFO:teuthology.orchestra.run.smithi089.stdout:/usr/bin/ceph: stderr
2023-10-06T22:40:41.952+0000 7f33d37fe700 1 --2- >> [v2:172.21.15.89:3300/0,v1:172.21.15.89:6789/0] conn(0x7f33d41068d0 0x7f33d407bc40 unknown :-1 s=BANNER_CONNECTING pgs=0 cs=0 l=1 rev1=0 crypto rx=0 tx=0 comp rx=0 tx=0)._handle_peer_banner_payload supported=3 required=0
2023-10-06T22:40:42.668 INFO:teuthology.orchestra.run.smithi089.stdout:/usr/bin/ceph: stderr
2023-10-06T22:40:41.952+0000 7f33d37fe700 1 --2- >> [v2:172.21.15.89:3300/0,v1:172.21.15.89:6789/0] conn(0x7f33d41068d0 0x7f33d407bc40 unknown :-1 s=HELLO_CONNECTING pgs=0 cs=0 l=1 rev1=1 crypto rx=0 tx=0 comp rx=0 tx=0).handle_hello peer v2:172.21.15.89:3300/0 says I am v2:172.21.15.89:38132/0 (socket says 172.21.15.89:38132)
2023-10-06T22:40:42.668 INFO:teuthology.orchestra.run.smithi089.stdout:/usr/bin/ceph: stderr
2023-10-06T22:40:41.952+0000 7f33d37fe700 1 -- 172.21.15.89:0/4158278475 learned_addr learned my addr 172.21.15.89:0/4158278475 (peer_addr_for_me v2:172.21.15.89:0/0)
2023-10-06T22:40:42.668 INFO:teuthology.orchestra.run.smithi089.stdout:/usr/bin/ceph: stderr
2023-10-06T22:40:41.952+0000 7f33d37fe700 1 -- 172.21.15.89:0/4158278475 --> [v2:172.21.15.89:3300/0,v1:172.21.15.89:6789/0] -- mon_subscribe({config=0+,monmap=0+}) v3 -- 0x7f33c4009550 con 0x7f33d41068d0
2023-10-06T22:40:42.668 INFO:teuthology.orchestra.run.smithi089.stdout:/usr/bin/ceph: stderr
2023-10-06T22:40:41.952+0000 7f33d37fe700 1 --2- 172.21.15.89:0/4158278475 >> [v2:172.21.15.89:3300/0,v1:172.21.15.89:6789/0] conn(0x7f33d41068d0 0x7f33d407bc40 secure :-1 s=READY pgs=52 cs=0 l=1 rev1=1 crypto rx=0x7f33c4006af0 tx=0x7f33c4011ab0 comp rx=0 tx=0).ready entity=mon.0 client_cookie=0 server_cookie=0 in_seq=0 out_seq=0
2023-10-06T22:40:42.669 INFO:teuthology.orchestra.run.smithi089.stdout:/usr/bin/ceph: stderr
2023-10-06T22:40:41.952+0000 7f33d0ff9700 1 -- 172.21.15.89:0/4158278475 <== mon.0 v2:172.21.15.89:3300/0 1 ==== mon_map magic: 0 v1 ==== 205+0+0 (secure 0 0 0) 0x7f33c40039c0 con 0x7f33d41068d0
2023-10-06T22:40:42.669 INFO:teuthology.orchestra.run.smithi089.stdout:/usr/bin/ceph: stderr
2023-10-06T22:40:41.952+0000 7f33d9e91700 1 -- 172.21.15.89:0/4158278475 --> [v2:172.21.15.89:3300/0,v1:172.21.15.89:6789/0] -- mon_subscribe({mgrmap=0+}) v3 -- 0x7f33d407a290 con 0x7f33d41068d0
2023-10-06T22:40:42.669 INFO:teuthology.orchestra.run.smithi089.stdout:/usr/bin/ceph: stderr
2023-10-06T22:40:41.952+0000 7f33d0ff9700 1 -- 172.21.15.89:0/4158278475 <== mon.0 v2:172.21.15.89:3300/0 2 ==== config(27 keys) v1 ==== 1136+0+0 (secure 0 0 0) 0x7f33c4003b20 con 0x7f33d41068d0
2023-10-06T22:40:42.669 INFO:teuthology.orchestra.run.smithi089.stdout:/usr/bin/ceph: stderr
2023-10-06T22:40:41.952+0000 7f33d0ff9700 1 -- 172.21.15.89:0/4158278475 <== mon.0 v2:172.21.15.89:3300/0 3 ==== mon_map magic: 0 v1 ==== 205+0+0 (secure 0 0 0) 0x7f33c401a600 con 0x7f33d41068d0
2023-10-06T22:40:42.669 INFO:teuthology.orchestra.run.smithi089.stdout:/usr/bin/ceph: stderr
2023-10-06T22:40:41.953+0000 7f33d9e91700 1 -- 172.21.15.89:0/4158278475 --> [v2:172.21.15.89:3300/0,v1:172.21.15.89:6789/0] -- mon_subscribe({osdmap=0}) v3 -- 0x7f33d407a6b0 con 0x7f33d41068d0
2023-10-06T22:40:42.669 INFO:teuthology.orchestra.run.smithi089.stdout:/usr/bin/ceph: stderr
2023-10-06T22:40:41.954+0000 7f33d0ff9700 1 -- 172.21.15.89:0/4158278475 <== mon.0 v2:172.21.15.89:3300/0 4 ==== mgrmap(e 8) v1 ==== 45579+0+0 (secure 0 0 0) 0x7f33c4024440 con 0x7f33d41068d0
2023-10-06T22:40:42.669 INFO:teuthology.orchestra.run.smithi089.stdout:/usr/bin/ceph: stderr
2023-10-06T22:40:41.954+0000 7f33d9e91700 1 -- 172.21.15.89:0/4158278475 --> [v2:172.21.15.89:3300/0,v1:172.21.15.89:6789/0] -- mon_command({"prefix": "get_command_descriptions"} v 0) v1 -- 0x7f33d410ad00 con 0x7f33d41068d0
2023-10-06T22:40:42.669 INFO:teuthology.orchestra.run.smithi089.stdout:/usr/bin/ceph: stderr
2023-10-06T22:40:41.954+0000 7f33d0ff9700 1 --2- 172.21.15.89:0/4158278475 >> [v2:172.21.15.89:6800/2197964686,v1:172.21.15.89:6801/2197964686] conn(0x7f33bc038820 0x7f33bc03ace0 unknown :-1 s=NONE pgs=0 cs=0 l=1 rev1=0 crypto rx=0 tx=0 comp rx=0 tx=0).connect
2023-10-06T22:40:42.669 INFO:teuthology.orchestra.run.smithi089.stdout:/usr/bin/ceph: stderr
2023-10-06T22:40:41.954+0000 7f33d0ff9700 1 -- 172.21.15.89:0/4158278475 <== mon.0 v2:172.21.15.89:3300/0 5 ==== osd_map(2..2 src has 1..2) v4 ==== 940+0+0 (secure 0 0 0) 0x7f33c404cb30 con 0x7f33d41068d0
2023-10-06T22:40:42.669 INFO:teuthology.orchestra.run.smithi089.stdout:/usr/bin/ceph: stderr
2023-10-06T22:40:41.955+0000 7f33d2ffd700 1 --2- 172.21.15.89:0/4158278475 >> [v2:172.21.15.89:6800/2197964686,v1:172.21.15.89:6801/2197964686] conn(0x7f33bc038820 0x7f33bc03ace0 unknown :-1 s=BANNER_CONNECTING pgs=0 cs=0 l=1 rev1=0 crypto rx=0 tx=0 comp rx=0 tx=0)._handle_peer_banner_payload supported=3 required=0
2023-10-06T22:40:42.669 INFO:teuthology.orchestra.run.smithi089.stdout:/usr/bin/ceph: stderr
2023-10-06T22:40:41.955+0000 7f33d2ffd700 1 --2- 172.21.15.89:0/4158278475 >> [v2:172.21.15.89:6800/2197964686,v1:172.21.15.89:6801/2197964686] conn(0x7f33bc038820 0x7f33bc03ace0 secure :-1 s=READY pgs=15 cs=0 l=1 rev1=1 crypto rx=0x7f33c8006fd0 tx=0x7f33c8006e40 comp rx=0 tx=0).ready entity=mgr.14118 client_cookie=0 server_cookie=0 in_seq=0 out_seq=0
2023-10-06T22:40:42.670 INFO:teuthology.orchestra.run.smithi089.stdout:/usr/bin/ceph: stderr
2023-10-06T22:40:41.959+0000 7f33d0ff9700 1 -- 172.21.15.89:0/4158278475 <== mon.0 v2:172.21.15.89:3300/0 6 ==== mon_command_ack([{"prefix": "get_command_descriptions"}]=0 v0) v1 ==== 72+0+180459 (secure 0 0 0) 0x7f33c40189a0 con 0x7f33d41068d0
2023-10-06T22:40:42.670 INFO:teuthology.orchestra.run.smithi089.stdout:/usr/bin/ceph: stderr
2023-10-06T22:40:42.172+0000 7f33d9e91700 1 -- 172.21.15.89:0/4158278475 --> [v2:172.21.15.89:3300/0,v1:172.21.15.89:6789/0] -- mon_command([{prefix=config set, name=mgr/dashboard/ssl_server_port}] v 0) v1 -- 0x7f33d410af70 con 0x7f33d41068d0
2023-10-06T22:40:42.670 INFO:teuthology.orchestra.run.smithi089.stdout:/usr/bin/ceph: stderr
2023-10-06T22:40:42.177+0000 7f33d0ff9700 1 -- 172.21.15.89:0/4158278475 <== mon.0 v2:172.21.15.89:3300/0 7 ==== mon_command_ack([{prefix=config set, name=mgr/dashboard/ssl_server_port}]=0 v8)=0 v8) v1 ==== 130+0+0 (secure 0 0 0) 0x7f33c4018350 con 0x7f33d41068d0
2023-10-06T22:40:42.670 INFO:teuthology.orchestra.run.smithi089.stdout:/usr/bin/ceph: stderr
2023-10-06T22:40:42.179+0000 7f33d9e91700 1 -- 172.21.15.89:0/4158278475 >> [v2:172.21.15.89:6800/2197964686,v1:172.21.15.89:6801/2197964686] conn(0x7f33bc038820 msgr2=0x7f33bc03ace0 secure :-1 s=STATE_CONNECTION_ESTABLISHED l=1).mark_down
2023-10-06T22:40:42.670 INFO:teuthology.orchestra.run.smithi089.stdout:/usr/bin/ceph: stderr
2023-10-06T22:40:42.179+0000 7f33d9e91700 1 --2- 172.21.15.89:0/4158278475 >> [v2:172.21.15.89:6800/2197964686,v1:172.21.15.89:6801/2197964686] conn(0x7f33bc038820 0x7f33bc03ace0 secure :-1 s=READY pgs=15 cs=0 l=1 rev1=1 crypto rx=0x7f33c8006fd0 tx=0x7f33c8006e40 comp rx=0 tx=0).stop
2023-10-06T22:40:42.670 INFO:teuthology.orchestra.run.smithi089.stdout:/usr/bin/ceph: stderr
2023-10-06T22:40:42.179+0000 7f33d9e91700 1 -- 172.21.15.89:0/4158278475 >> [v2:172.21.15.89:3300/0,v1:172.21.15.89:6789/0] conn(0x7f33d41068d0 msgr2=0x7f33d407bc40 secure :-1 s=STATE_CONNECTION_ESTABLISHED l=1).mark_down
2023-10-06T22:40:42.670 INFO:teuthology.orchestra.run.smithi089.stdout:/usr/bin/ceph: stderr
2023-10-06T22:40:42.179+0000 7f33d9e91700 1 --2- 172.21.15.89:0/4158278475 >> [v2:172.21.15.89:3300/0,v1:172.21.15.89:6789/0] conn(0x7f33d41068d0 0x7f33d407bc40 secure :-1 s=READY pgs=52 cs=0 l=1 rev1=1 crypto rx=0x7f33c4006af0 tx=0x7f33c4011ab0 comp rx=0 tx=0).stop
2023-10-06T22:40:42.670 INFO:teuthology.orchestra.run.smithi089.stdout:/usr/bin/ceph: stderr
2023-10-06T22:40:42.180+0000 7f33d9e91700 1 -- 172.21.15.89:0/4158278475 shutdown_connections
2023-10-06T22:40:42.670 INFO:teuthology.orchestra.run.smithi089.stdout:/usr/bin/ceph: stderr
2023-10-06T22:40:42.180+0000 7f33d9e91700 1 --2- 172.21.15.89:0/4158278475 >> [v2:172.21.15.89:6800/2197964686,v1:172.21.15.89:6801/2197964686] conn(0x7f33bc038820 0x7f33bc03ace0 unknown :-1 s=CLOSED pgs=15 cs=0 l=1 rev1=1 crypto rx=0 tx=0 comp rx=0 tx=0).stop
2023-10-06T22:40:42.670 INFO:teuthology.orchestra.run.smithi089.stdout:/usr/bin/ceph: stderr
2023-10-06T22:40:42.180+0000 7f33d9e91700 1 --2- 172.21.15.89:0/4158278475 >> [v2:172.21.15.89:3300/0,v1:172.21.15.89:6789/0] conn(0x7f33d41068d0 0x7f33d407bc40 unknown :-1 s=CLOSED pgs=52 cs=0 l=1 rev1=1 crypto rx=0 tx=0 comp rx=0 tx=0).stop
2023-10-06T22:40:42.670 INFO:teuthology.orchestra.run.smithi089.stdout:/usr/bin/ceph: stderr
2023-10-06T22:40:42.180+0000 7f33d9e91700 1 -- 172.21.15.89:0/4158278475 >> 172.21.15.89:0/4158278475 conn(0x7f33d4101eb0 msgr2=0x7f33d4103520 unknown :-1 s=STATE_NONE l=0).mark_down
2023-10-06T22:40:42.671 INFO:teuthology.orchestra.run.smithi089.stdout:/usr/bin/ceph: stderr
2023-10-06T22:40:42.180+0000 7f33d9e91700 1 -- 172.21.15.89:0/4158278475 shutdown_connections
2023-10-06T22:40:42.671 INFO:teuthology.orchestra.run.smithi089.stdout:/usr/bin/ceph: stderr
2023-10-06T22:40:42.180+0000 7f33d9e91700 1 -- 172.21.15.89:0/4158278475 wait complete.
2023-10-06T22:40:42.671 INFO:teuthology.orchestra.run.smithi089.stdout:Enabling the dashboard module...
2023-10-06T22:40:43.543 INFO:journalctl@ceph.mon.a.smithi089.stdout:Oct 06 22:40:43 smithi089 ceph-mon[98498]: from='client.? 172.21.15.89:0/4158278475' entity='client.admin'
2023-10-06T22:40:43.543 INFO:journalctl@ceph.mon.a.smithi089.stdout:Oct 06 22:40:43 smithi089 ceph-mon[98498]: from='mgr.14118 172.21.15.89:0/1990765333' entity='mgr.x'
2023-10-06T22:40:44.483 INFO:journalctl@ceph.mon.a.smithi089.stdout:Oct 06 22:40:44 smithi089 ceph-mon[98498]: from='client.? 172.21.15.89:0/2809998940' entity='client.admin' cmd=[{"prefix": "mgr module enable", "module": "dashboard"}]: dispatch
2023-10-06T22:40:44.484 INFO:journalctl@ceph.mon.a.smithi089.stdout:Oct 06 22:40:44 smithi089 ceph-mon[98498]: from='mgr.14118 172.21.15.89:0/1990765333' entity='mgr.x'
2023-10-06T22:40:44.484 INFO:journalctl@ceph.mgr.x.smithi089.stdout:Oct 06 22:40:44 smithi089 ceph-25d89240-6499-11ee-8db5-212e2dc638e7-mgr-x[98748]: ignoring --setuser ceph since I am not root
2023-10-06T22:40:44.484 INFO:journalctl@ceph.mgr.x.smithi089.stdout:Oct 06 22:40:44 smithi089 ceph-25d89240-6499-11ee-8db5-212e2dc638e7-mgr-x[98748]: ignoring --setgroup ceph since I am not root
2023-10-06T22:40:44.484 INFO:journalctl@ceph.mgr.x.smithi089.stdout:Oct 06 22:40:44 smithi089 ceph-25d89240-6499-11ee-8db5-212e2dc638e7-mgr-x[98748]:
2023-10-06T22:40:44.481+0000 7f6918e08200 -1 mgr[py] Module devicehealth has missing NOTIFY_TYPES member
2023-10-06T22:40:44.649 INFO:teuthology.orchestra.run.smithi089.stdout:/usr/bin/ceph: stderr
2023-10-06T22:40:43.172+0000 7f9a29de8700 1 Processor -- start
2023-10-06T22:40:44.649 INFO:teuthology.orchestra.run.smithi089.stdout:/usr/bin/ceph: stderr
2023-10-06T22:40:43.172+0000 7f9a29de8700 1 -- start start
2023-10-06T22:40:44.649 INFO:teuthology.orchestra.run.smithi089.stdout:/usr/bin/ceph: stderr
2023-10-06T22:40:43.172+0000 7f9a29de8700 1 --2- >> [v2:172.21.15.89:3300/0,v1:172.21.15.89:6789/0] conn(0x7f9a2407be70 0x7f9a2407a2d0 unknown :-1 s=NONE pgs=0 cs=0 l=0 rev1=0 crypto rx=0 tx=0 comp rx=0 tx=0).connect
2023-10-06T22:40:44.650 INFO:teuthology.orchestra.run.smithi089.stdout:/usr/bin/ceph: stderr
2023-10-06T22:40:43.172+0000 7f9a29de8700 1 -- --> [v2:172.21.15.89:3300/0,v1:172.21.15.89:6789/0] -- mon_getmap magic: 0 v1 -- 0x7f9a2407a8a0 con 0x7f9a2407be70
2023-10-06T22:40:44.650 INFO:teuthology.orchestra.run.smithi089.stdout:/usr/bin/ceph: stderr
2023-10-06T22:40:43.172+0000 7f9a237fe700 1 --2- >> [v2:172.21.15.89:3300/0,v1:172.21.15.89:6789/0] conn(0x7f9a2407be70 0x7f9a2407a2d0 unknown :-1 s=BANNER_CONNECTING pgs=0 cs=0 l=0 rev1=0 crypto rx=0 tx=0 comp rx=0 tx=0)._handle_peer_banner_payload supported=3 required=0
2023-10-06T22:40:44.650 INFO:teuthology.orchestra.run.smithi089.stdout:/usr/bin/ceph: stderr
2023-10-06T22:40:43.172+0000 7f9a237fe700 1 --2- >> [v2:172.21.15.89:3300/0,v1:172.21.15.89:6789/0] conn(0x7f9a2407be70 0x7f9a2407a2d0 unknown :-1 s=HELLO_CONNECTING pgs=0 cs=0 l=0 rev1=1 crypto rx=0 tx=0 comp rx=0 tx=0).handle_hello peer v2:172.21.15.89:3300/0 says I am v2:172.21.15.89:38134/0 (socket says 172.21.15.89:38134)
2023-10-06T22:40:44.650 INFO:teuthology.orchestra.run.smithi089.stdout:/usr/bin/ceph: stderr
2023-10-06T22:40:43.172+0000 7f9a237fe700 1 -- 172.21.15.89:0/488285556 learned_addr learned my addr 172.21.15.89:0/488285556 (peer_addr_for_me v2:172.21.15.89:0/0)
2023-10-06T22:40:44.650 INFO:teuthology.orchestra.run.smithi089.stdout:/usr/bin/ceph: stderr
2023-10-06T22:40:43.173+0000 7f9a237fe700 1 -- 172.21.15.89:0/488285556 --> [v2:172.21.15.89:3300/0,v1:172.21.15.89:6789/0] -- mon_subscribe({config=0+,monmap=0+}) v3 -- 0x7f9a2407a9e0 con 0x7f9a2407be70
2023-10-06T22:40:44.650 INFO:teuthology.orchestra.run.smithi089.stdout:/usr/bin/ceph: stderr
2023-10-06T22:40:43.173+0000 7f9a237fe700 1 --2- 172.21.15.89:0/488285556 >> [v2:172.21.15.89:3300/0,v1:172.21.15.89:6789/0] conn(0x7f9a2407be70 0x7f9a2407a2d0 secure :-1 s=READY pgs=53 cs=0 l=1 rev1=1 crypto rx=0x7f9a140098a0 tx=0x7f9a14009bb0 comp rx=0 tx=0).ready entity=mon.0 client_cookie=164dbe0a3ab8a711 server_cookie=0 in_seq=0 out_seq=0
2023-10-06T22:40:44.651 INFO:teuthology.orchestra.run.smithi089.stdout:/usr/bin/ceph: stderr
2023-10-06T22:40:43.173+0000 7f9a227fc700 1 -- 172.21.15.89:0/488285556 <== mon.0 v2:172.21.15.89:3300/0 1 ==== mon_map magic: 0 v1 ==== 205+0+0 (secure 0 0 0) 0x7f9a14004160 con 0x7f9a2407be70
2023-10-06T22:40:44.651 INFO:teuthology.orchestra.run.smithi089.stdout:/usr/bin/ceph: stderr
2023-10-06T22:40:43.173+0000 7f9a227fc700 1 -- 172.21.15.89:0/488285556 <== mon.0 v2:172.21.15.89:3300/0 2 ==== config(27 keys) v1 ==== 1136+0+0 (secure 0 0 0) 0x7f9a140042c0 con 0x7f9a2407be70
2023-10-06T22:40:44.651 INFO:teuthology.orchestra.run.smithi089.stdout:/usr/bin/ceph: stderr
2023-10-06T22:40:43.173+0000 7f9a227fc700 1 -- 172.21.15.89:0/488285556 <== mon.0 v2:172.21.15.89:3300/0 3 ==== mon_map magic: 0 v1 ==== 205+0+0 (secure 0 0 0) 0x7f9a14011a30 con 0x7f9a2407be70
2023-10-06T22:40:44.651 INFO:teuthology.orchestra.run.smithi089.stdout:/usr/bin/ceph: stderr
2023-10-06T22:40:43.174+0000 7f9a29de8700 1 -- 172.21.15.89:0/488285556 >> [v2:172.21.15.89:3300/0,v1:172.21.15.89:6789/0] conn(0x7f9a2407be70 msgr2=0x7f9a2407a2d0 secure :-1 s=STATE_CONNECTION_ESTABLISHED l=1).mark_down
2023-10-06T22:40:44.651 INFO:teuthology.orchestra.run.smithi089.stdout:/usr/bin/ceph: stderr
2023-10-06T22:40:43.174+0000 7f9a29de8700 1 --2- 172.21.15.89:0/488285556 >> [v2:172.21.15.89:3300/0,v1:172.21.15.89:6789/0] conn(0x7f9a2407be70 0x7f9a2407a2d0 secure :-1 s=READY pgs=53 cs=0 l=1 rev1=1 crypto rx=0x7f9a140098a0 tx=0x7f9a14009bb0 comp rx=0 tx=0).stop
2023-10-06T22:40:44.651 INFO:teuthology.orchestra.run.smithi089.stdout:/usr/bin/ceph: stderr
2023-10-06T22:40:43.174+0000 7f9a29de8700 1 -- 172.21.15.89:0/488285556 shutdown_connections
2023-10-06T22:40:44.652 INFO:teuthology.orchestra.run.smithi089.stdout:/usr/bin/ceph: stderr
2023-10-06T22:40:43.174+0000 7f9a29de8700 1 --2- 172.21.15.89:0/488285556 >> [v2:172.21.15.89:3300/0,v1:172.21.15.89:6789/0] conn(0x7f9a2407be70 0x7f9a2407a2d0 unknown :-1 s=CLOSED pgs=53 cs=0 l=1 rev1=1 crypto rx=0 tx=0 comp rx=0 tx=0).stop
2023-10-06T22:40:44.652 INFO:teuthology.orchestra.run.smithi089.stdout:/usr/bin/ceph: stderr
2023-10-06T22:40:43.174+0000 7f9a29de8700 1 -- 172.21.15.89:0/488285556 >> 172.21.15.89:0/488285556 conn(0x7f9a24101e50 msgr2=0x7f9a241042b0 unknown :-1 s=STATE_NONE l=0).mark_down
2023-10-06T22:40:44.652 INFO:teuthology.orchestra.run.smithi089.stdout:/usr/bin/ceph: stderr
2023-10-06T22:40:43.174+0000 7f9a29de8700 1 -- 172.21.15.89:0/488285556 shutdown_connections
2023-10-06T22:40:44.652 INFO:teuthology.orchestra.run.smithi089.stdout:/usr/bin/ceph: stderr
2023-10-06T22:40:43.174+0000 7f9a29de8700 1 -- 172.21.15.89:0/488285556 wait complete.
2023-10-06T22:40:44.652 INFO:teuthology.orchestra.run.smithi089.stdout:/usr/bin/ceph: stderr
2023-10-06T22:40:43.175+0000 7f9a29de8700 1 Processor -- start
2023-10-06T22:40:44.652 INFO:teuthology.orchestra.run.smithi089.stdout:/usr/bin/ceph: stderr
2023-10-06T22:40:43.175+0000 7f9a29de8700 1 -- start start
2023-10-06T22:40:44.652 INFO:teuthology.orchestra.run.smithi089.stdout:/usr/bin/ceph: stderr
2023-10-06T22:40:43.175+0000 7f9a29de8700 1 --2- >> [v2:172.21.15.89:3300/0,v1:172.21.15.89:6789/0] conn(0x7f9a2407be70 0x7f9a2419c7f0 unknown :-1 s=NONE pgs=0 cs=0 l=1 rev1=0 crypto rx=0 tx=0 comp rx=0 tx=0).connect
2023-10-06T22:40:44.653 INFO:teuthology.orchestra.run.smithi089.stdout:/usr/bin/ceph: stderr
2023-10-06T22:40:43.175+0000 7f9a29de8700 1 -- --> [v2:172.21.15.89:3300/0,v1:172.21.15.89:6789/0] -- mon_getmap magic: 0 v1 -- 0x7f9a2419cd30 con 0x7f9a2407be70
2023-10-06T22:40:44.653 INFO:teuthology.orchestra.run.smithi089.stdout:/usr/bin/ceph: stderr
2023-10-06T22:40:43.176+0000 7f9a237fe700 1 --2- >> [v2:172.21.15.89:3300/0,v1:172.21.15.89:6789/0] conn(0x7f9a2407be70 0x7f9a2419c7f0 unknown :-1 s=BANNER_CONNECTING pgs=0 cs=0 l=1 rev1=0 crypto rx=0 tx=0 comp rx=0 tx=0)._handle_peer_banner_payload supported=3 required=0
2023-10-06T22:40:44.653 INFO:teuthology.orchestra.run.smithi089.stdout:/usr/bin/ceph: stderr
2023-10-06T22:40:43.176+0000 7f9a237fe700 1 --2- >> [v2:172.21.15.89:3300/0,v1:172.21.15.89:6789/0] conn(0x7f9a2407be70 0x7f9a2419c7f0 unknown :-1 s=HELLO_CONNECTING pgs=0 cs=0 l=1 rev1=1 crypto rx=0 tx=0 comp rx=0 tx=0).handle_hello peer v2:172.21.15.89:3300/0 says I am v2:172.21.15.89:38138/0 (socket says 172.21.15.89:38138)
2023-10-06T22:40:44.653 INFO:teuthology.orchestra.run.smithi089.stdout:/usr/bin/ceph: stderr
2023-10-06T22:40:43.176+0000 7f9a237fe700 1 -- 172.21.15.89:0/2809998940 learned_addr learned my addr 172.21.15.89:0/2809998940 (peer_addr_for_me v2:172.21.15.89:0/0)
2023-10-06T22:40:44.653 INFO:teuthology.orchestra.run.smithi089.stdout:/usr/bin/ceph: stderr
2023-10-06T22:40:43.176+0000 7f9a237fe700 1 -- 172.21.15.89:0/2809998940 --> [v2:172.21.15.89:3300/0,v1:172.21.15.89:6789/0] -- mon_subscribe({config=0+,monmap=0+}) v3 -- 0x7f9a14009550 con 0x7f9a2407be70
2023-10-06T22:40:44.653 INFO:teuthology.orchestra.run.smithi089.stdout:/usr/bin/ceph: stderr
2023-10-06T22:40:43.176+0000 7f9a237fe700 1 --2- 172.21.15.89:0/2809998940 >> [v2:172.21.15.89:3300/0,v1:172.21.15.89:6789/0] conn(0x7f9a2407be70 0x7f9a2419c7f0 secure :-1 s=READY pgs=54 cs=0 l=1 rev1=1 crypto rx=0x7f9a14006af0 tx=0x7f9a14011ab0 comp rx=0 tx=0).ready entity=mon.0 client_cookie=0 server_cookie=0 in_seq=0 out_seq=0
2023-10-06T22:40:44.653 INFO:teuthology.orchestra.run.smithi089.stdout:/usr/bin/ceph: stderr
2023-10-06T22:40:43.177+0000 7f9a20ff9700 1 -- 172.21.15.89:0/2809998940 <== mon.0 v2:172.21.15.89:3300/0 1 ==== mon_map magic: 0 v1 ==== 205+0+0 (secure 0 0 0) 0x7f9a14003a70 con 0x7f9a2407be70
2023-10-06T22:40:44.654 INFO:teuthology.orchestra.run.smithi089.stdout:/usr/bin/ceph: stderr
2023-10-06T22:40:43.177+0000 7f9a20ff9700 1 -- 172.21.15.89:0/2809998940 <== mon.0 v2:172.21.15.89:3300/0 2 ==== config(27 keys) v1 ==== 1136+0+0 (secure 0 0 0) 0x7f9a14003bd0 con 0x7f9a2407be70
