2023-10-06T22:40:32.424+0000 7f5b18bec700 1 -- 172.21.15.89:0/1601086829 learned_addr learned my addr 172.21.15.89:0/1601086829 (peer_addr_for_me v2:172.21.15.89:0/0)
2023-10-06T22:40:33.191 INFO:teuthology.orchestra.run.smithi089.stdout:/usr/bin/ceph: stderr
2023-10-06T22:40:32.424+0000 7f5b18bec700 1 -- 172.21.15.89:0/1601086829 --> [v2:172.21.15.89:3300/0,v1:172.21.15.89:6789/0] -- mon_subscribe({config=0+,monmap=0+}) v3 -- 0x7f5b08009550 con 0x7f5b1407beb0
2023-10-06T22:40:33.191 INFO:teuthology.orchestra.run.smithi089.stdout:/usr/bin/ceph: stderr
2023-10-06T22:40:32.425+0000 7f5b18bec700 1 --2- 172.21.15.89:0/1601086829 >> [v2:172.21.15.89:3300/0,v1:172.21.15.89:6789/0] conn(0x7f5b1407beb0 0x7f5b1419c800 secure :-1 s=READY pgs=42 cs=0 l=1 rev1=1 crypto rx=0x7f5b08000c00 tx=0x7f5b08011b50 comp rx=0 tx=0).ready entity=mon.0 client_cookie=0 server_cookie=0 in_seq=0 out_seq=0
2023-10-06T22:40:33.191 INFO:teuthology.orchestra.run.smithi089.stdout:/usr/bin/ceph: stderr
2023-10-06T22:40:32.425+0000 7f5b11ffb700 1 -- 172.21.15.89:0/1601086829 <== mon.0 v2:172.21.15.89:3300/0 1 ==== mon_map magic: 0 v1 ==== 205+0+0 (secure 0 0 0) 0x7f5b08003ac0 con 0x7f5b1407beb0
2023-10-06T22:40:33.191 INFO:teuthology.orchestra.run.smithi089.stdout:/usr/bin/ceph: stderr
2023-10-06T22:40:32.425+0000 7f5b11ffb700 1 -- 172.21.15.89:0/1601086829 <== mon.0 v2:172.21.15.89:3300/0 2 ==== config(27 keys) v1 ==== 1105+0+0 (secure 0 0 0) 0x7f5b08003c20 con 0x7f5b1407beb0
2023-10-06T22:40:33.191 INFO:teuthology.orchestra.run.smithi089.stdout:/usr/bin/ceph: stderr
2023-10-06T22:40:32.425+0000 7f5b11ffb700 1 -- 172.21.15.89:0/1601086829 <== mon.0 v2:172.21.15.89:3300/0 3 ==== mon_map magic: 0 v1 ==== 205+0+0 (secure 0 0 0) 0x7f5b08019760 con 0x7f5b1407beb0
2023-10-06T22:40:33.191 INFO:teuthology.orchestra.run.smithi089.stdout:/usr/bin/ceph: stderr
2023-10-06T22:40:32.425+0000 7f5b1ae50700 1 -- 172.21.15.89:0/1601086829 --> [v2:172.21.15.89:3300/0,v1:172.21.15.89:6789/0] -- mon_subscribe({mgrmap=0+}) v3 -- 0x7f5b1419cf40 con 0x7f5b1407beb0
2023-10-06T22:40:33.191 INFO:teuthology.orchestra.run.smithi089.stdout:/usr/bin/ceph: stderr
2023-10-06T22:40:32.425+0000 7f5b1ae50700 1 -- 172.21.15.89:0/1601086829 --> [v2:172.21.15.89:3300/0,v1:172.21.15.89:6789/0] -- mon_subscribe({osdmap=0}) v3 -- 0x7f5b1419d360 con 0x7f5b1407beb0
2023-10-06T22:40:33.191 INFO:teuthology.orchestra.run.smithi089.stdout:/usr/bin/ceph: stderr
2023-10-06T22:40:32.426+0000 7f5b1ae50700 1 -- 172.21.15.89:0/1601086829 --> [v2:172.21.15.89:3300/0,v1:172.21.15.89:6789/0] -- mon_command({"prefix": "get_command_descriptions"} v 0) v1 -- 0x7f5b140624e0 con 0x7f5b1407beb0
2023-10-06T22:40:33.192 INFO:teuthology.orchestra.run.smithi089.stdout:/usr/bin/ceph: stderr
2023-10-06T22:40:32.426+0000 7f5b11ffb700 1 -- 172.21.15.89:0/1601086829 <== mon.0 v2:172.21.15.89:3300/0 4 ==== mgrmap(e 8) v1 ==== 45579+0+0 (secure 0 0 0) 0x7f5b0801ab80 con 0x7f5b1407beb0
2023-10-06T22:40:33.192 INFO:teuthology.orchestra.run.smithi089.stdout:/usr/bin/ceph: stderr
2023-10-06T22:40:32.426+0000 7f5b11ffb700 1 --2- 172.21.15.89:0/1601086829 >> [v2:172.21.15.89:6800/2197964686,v1:172.21.15.89:6801/2197964686] conn(0x7f5b04038870 0x7f5b0403ad30 unknown :-1 s=NONE pgs=0 cs=0 l=1 rev1=0 crypto rx=0 tx=0 comp rx=0 tx=0).connect
2023-10-06T22:40:33.192 INFO:teuthology.orchestra.run.smithi089.stdout:/usr/bin/ceph: stderr
2023-10-06T22:40:32.426+0000 7f5b11ffb700 1 -- 172.21.15.89:0/1601086829 <== mon.0 v2:172.21.15.89:3300/0 5 ==== osd_map(2..2 src has 1..2) v4 ==== 940+0+0 (secure 0 0 0) 0x7f5b0804cae0 con 0x7f5b1407beb0
2023-10-06T22:40:33.192 INFO:teuthology.orchestra.run.smithi089.stdout:/usr/bin/ceph: stderr
2023-10-06T22:40:32.427+0000 7f5b13fff700 1 --2- 172.21.15.89:0/1601086829 >> [v2:172.21.15.89:6800/2197964686,v1:172.21.15.89:6801/2197964686] conn(0x7f5b04038870 0x7f5b0403ad30 unknown :-1 s=BANNER_CONNECTING pgs=0 cs=0 l=1 rev1=0 crypto rx=0 tx=0 comp rx=0 tx=0)._handle_peer_banner_payload supported=3 required=0
2023-10-06T22:40:33.192 INFO:teuthology.orchestra.run.smithi089.stdout:/usr/bin/ceph: stderr
2023-10-06T22:40:32.427+0000 7f5b13fff700 1 --2- 172.21.15.89:0/1601086829 >> [v2:172.21.15.89:6800/2197964686,v1:172.21.15.89:6801/2197964686] conn(0x7f5b04038870 0x7f5b0403ad30 secure :-1 s=READY pgs=10 cs=0 l=1 rev1=1 crypto rx=0x7f5b00006fd0 tx=0x7f5b00006e40 comp rx=0 tx=0).ready entity=mgr.14118 client_cookie=0 server_cookie=0 in_seq=0 out_seq=0
2023-10-06T22:40:33.192 INFO:teuthology.orchestra.run.smithi089.stdout:/usr/bin/ceph: stderr
2023-10-06T22:40:32.431+0000 7f5b11ffb700 1 -- 172.21.15.89:0/1601086829 <== mon.0 v2:172.21.15.89:3300/0 6 ==== mon_command_ack([{"prefix": "get_command_descriptions"}]=0 v0) v1 ==== 72+0+180459 (secure 0 0 0) 0x7f5b0801a950 con 0x7f5b1407beb0
2023-10-06T22:40:33.192 INFO:teuthology.orchestra.run.smithi089.stdout:/usr/bin/ceph: stderr
2023-10-06T22:40:32.629+0000 7f5b1ae50700 1 -- 172.21.15.89:0/1601086829 --> [v2:172.21.15.89:6800/2197964686,v1:172.21.15.89:6801/2197964686] -- mgr_command(tid 0: {"prefix": "cephadm get-pub-key", "target": ["mon-mgr", ""]}) v1 -- 0x7f5b14104180 con 0x7f5b04038870
2023-10-06T22:40:33.192 INFO:teuthology.orchestra.run.smithi089.stdout:/usr/bin/ceph: stderr
2023-10-06T22:40:32.630+0000 7f5b11ffb700 1 -- 172.21.15.89:0/1601086829 <== mgr.14118 v2:172.21.15.89:6800/2197964686 1 ==== mgr_command_reply(tid 0: 0 ) v1 ==== 8+0+595 (secure 0 0 0) 0x7f5b14104180 con 0x7f5b04038870
2023-10-06T22:40:33.192 INFO:teuthology.orchestra.run.smithi089.stdout:/usr/bin/ceph: stderr
2023-10-06T22:40:32.632+0000 7f5b1ae50700 1 -- 172.21.15.89:0/1601086829 >> [v2:172.21.15.89:6800/2197964686,v1:172.21.15.89:6801/2197964686] conn(0x7f5b04038870 msgr2=0x7f5b0403ad30 secure :-1 s=STATE_CONNECTION_ESTABLISHED l=1).mark_down
2023-10-06T22:40:33.192 INFO:teuthology.orchestra.run.smithi089.stdout:/usr/bin/ceph: stderr
2023-10-06T22:40:32.632+0000 7f5b1ae50700 1 --2- 172.21.15.89:0/1601086829 >> [v2:172.21.15.89:6800/2197964686,v1:172.21.15.89:6801/2197964686] conn(0x7f5b04038870 0x7f5b0403ad30 secure :-1 s=READY pgs=10 cs=0 l=1 rev1=1 crypto rx=0x7f5b00006fd0 tx=0x7f5b00006e40 comp rx=0 tx=0).stop
2023-10-06T22:40:33.192 INFO:teuthology.orchestra.run.smithi089.stdout:/usr/bin/ceph: stderr
2023-10-06T22:40:32.632+0000 7f5b1ae50700 1 -- 172.21.15.89:0/1601086829 >> [v2:172.21.15.89:3300/0,v1:172.21.15.89:6789/0] conn(0x7f5b1407beb0 msgr2=0x7f5b1419c800 secure :-1 s=STATE_CONNECTION_ESTABLISHED l=1).mark_down
2023-10-06T22:40:33.192 INFO:teuthology.orchestra.run.smithi089.stdout:/usr/bin/ceph: stderr
2023-10-06T22:40:32.632+0000 7f5b1ae50700 1 --2- 172.21.15.89:0/1601086829 >> [v2:172.21.15.89:3300/0,v1:172.21.15.89:6789/0] conn(0x7f5b1407beb0 0x7f5b1419c800 secure :-1 s=READY pgs=42 cs=0 l=1 rev1=1 crypto rx=0x7f5b08000c00 tx=0x7f5b08011b50 comp rx=0 tx=0).stop
2023-10-06T22:40:33.193 INFO:teuthology.orchestra.run.smithi089.stdout:/usr/bin/ceph: stderr
2023-10-06T22:40:32.632+0000 7f5b1ae50700 1 -- 172.21.15.89:0/1601086829 shutdown_connections
2023-10-06T22:40:33.193 INFO:teuthology.orchestra.run.smithi089.stdout:/usr/bin/ceph: stderr
2023-10-06T22:40:32.632+0000 7f5b1ae50700 1 --2- 172.21.15.89:0/1601086829 >> [v2:172.21.15.89:6800/2197964686,v1:172.21.15.89:6801/2197964686] conn(0x7f5b04038870 0x7f5b0403ad30 unknown :-1 s=CLOSED pgs=10 cs=0 l=1 rev1=1 crypto rx=0 tx=0 comp rx=0 tx=0).stop
2023-10-06T22:40:33.193 INFO:teuthology.orchestra.run.smithi089.stdout:/usr/bin/ceph: stderr
2023-10-06T22:40:32.632+0000 7f5b1ae50700 1 --2- 172.21.15.89:0/1601086829 >> [v2:172.21.15.89:3300/0,v1:172.21.15.89:6789/0] conn(0x7f5b1407beb0 0x7f5b1419c800 unknown :-1 s=CLOSED pgs=42 cs=0 l=1 rev1=1 crypto rx=0 tx=0 comp rx=0 tx=0).stop
2023-10-06T22:40:33.193 INFO:teuthology.orchestra.run.smithi089.stdout:/usr/bin/ceph: stderr
2023-10-06T22:40:32.632+0000 7f5b1ae50700 1 -- 172.21.15.89:0/1601086829 >> 172.21.15.89:0/1601086829 conn(0x7f5b14101e50 msgr2=0x7f5b14103520 unknown :-1 s=STATE_NONE l=0).mark_down
2023-10-06T22:40:33.193 INFO:teuthology.orchestra.run.smithi089.stdout:/usr/bin/ceph: stderr
2023-10-06T22:40:32.632+0000 7f5b1ae50700 1 -- 172.21.15.89:0/1601086829 shutdown_connections
2023-10-06T22:40:33.193 INFO:teuthology.orchestra.run.smithi089.stdout:/usr/bin/ceph: stderr
2023-10-06T22:40:32.633+0000 7f5b1ae50700 1 -- 172.21.15.89:0/1601086829 wait complete.
2023-10-06T22:40:33.193 INFO:teuthology.orchestra.run.smithi089.stdout:Wrote public SSH key to /home/ubuntu/cephtest/ceph.pub
2023-10-06T22:40:33.193 INFO:teuthology.orchestra.run.smithi089.stdout:Adding key to root@localhost authorized_keys...
2023-10-06T22:40:33.193 INFO:teuthology.orchestra.run.smithi089.stdout:Adding host smithi089...
2023-10-06T22:40:33.793 INFO:journalctl@ceph.mon.a.smithi089.stdout:Oct 06 22:40:33 smithi089 ceph-mon[98498]: from='client.14136 -' entity='client.admin' cmd=[{"prefix": "cephadm get-pub-key", "target": ["mon-mgr", ""]}]: dispatch
2023-10-06T22:40:34.619 INFO:journalctl@ceph.mon.a.smithi089.stdout:Oct 06 22:40:34 smithi089 ceph-mon[98498]: from='client.14138 -' entity='client.admin' cmd=[{"prefix": "orch host add", "hostname": "smithi089", "addr": "172.21.15.89", "target": ["mon-mgr", ""]}]: dispatch
2023-10-06T22:40:36.542 INFO:journalctl@ceph.mon.a.smithi089.stdout:Oct 06 22:40:36 smithi089 ceph-mon[98498]: Deploying cephadm binary to smithi089
2023-10-06T22:40:37.578 INFO:teuthology.orchestra.run.smithi089.stdout:/usr/bin/ceph: stdout Added host 'smithi089' with addr '172.21.15.89'
2023-10-06T22:40:37.579 INFO:teuthology.orchestra.run.smithi089.stdout:/usr/bin/ceph: stderr
2023-10-06T22:40:33.697+0000 7f3f154a5700 1 Processor -- start
2023-10-06T22:40:37.579 INFO:teuthology.orchestra.run.smithi089.stdout:/usr/bin/ceph: stderr
2023-10-06T22:40:33.698+0000 7f3f154a5700 1 -- start start
2023-10-06T22:40:37.579 INFO:teuthology.orchestra.run.smithi089.stdout:/usr/bin/ceph: stderr
2023-10-06T22:40:33.698+0000 7f3f154a5700 1 --2- >> [v2:172.21.15.89:3300/0,v1:172.21.15.89:6789/0] conn(0x7f3f1007be50 0x7f3f1007a2b0 unknown :-1 s=NONE pgs=0 cs=0 l=0 rev1=0 crypto rx=0 tx=0 comp rx=0 tx=0).connect
2023-10-06T22:40:37.579 INFO:teuthology.orchestra.run.smithi089.stdout:/usr/bin/ceph: stderr
2023-10-06T22:40:33.698+0000 7f3f154a5700 1 -- --> [v2:172.21.15.89:3300/0,v1:172.21.15.89:6789/0] -- mon_getmap magic: 0 v1 -- 0x7f3f1007a880 con 0x7f3f1007be50
2023-10-06T22:40:37.579 INFO:teuthology.orchestra.run.smithi089.stdout:/usr/bin/ceph: stderr
2023-10-06T22:40:33.698+0000 7f3f0effd700 1 --2- >> [v2:172.21.15.89:3300/0,v1:172.21.15.89:6789/0] conn(0x7f3f1007be50 0x7f3f1007a2b0 unknown :-1 s=BANNER_CONNECTING pgs=0 cs=0 l=0 rev1=0 crypto rx=0 tx=0 comp rx=0 tx=0)._handle_peer_banner_payload supported=3 required=0
2023-10-06T22:40:37.579 INFO:teuthology.orchestra.run.smithi089.stdout:/usr/bin/ceph: stderr
2023-10-06T22:40:33.698+0000 7f3f0effd700 1 --2- >> [v2:172.21.15.89:3300/0,v1:172.21.15.89:6789/0] conn(0x7f3f1007be50 0x7f3f1007a2b0 unknown :-1 s=HELLO_CONNECTING pgs=0 cs=0 l=0 rev1=1 crypto rx=0 tx=0 comp rx=0 tx=0).handle_hello peer v2:172.21.15.89:3300/0 says I am v2:172.21.15.89:38048/0 (socket says 172.21.15.89:38048)
2023-10-06T22:40:37.579 INFO:teuthology.orchestra.run.smithi089.stdout:/usr/bin/ceph: stderr
2023-10-06T22:40:33.698+0000 7f3f0effd700 1 -- 172.21.15.89:0/1871821200 learned_addr learned my addr 172.21.15.89:0/1871821200 (peer_addr_for_me v2:172.21.15.89:0/0)
2023-10-06T22:40:37.579 INFO:teuthology.orchestra.run.smithi089.stdout:/usr/bin/ceph: stderr
2023-10-06T22:40:33.699+0000 7f3f0effd700 1 -- 172.21.15.89:0/1871821200 --> [v2:172.21.15.89:3300/0,v1:172.21.15.89:6789/0] -- mon_subscribe({config=0+,monmap=0+}) v3 -- 0x7f3f1007a9c0 con 0x7f3f1007be50
2023-10-06T22:40:37.579 INFO:teuthology.orchestra.run.smithi089.stdout:/usr/bin/ceph: stderr
2023-10-06T22:40:33.699+0000 7f3f0effd700 1 --2- 172.21.15.89:0/1871821200 >> [v2:172.21.15.89:3300/0,v1:172.21.15.89:6789/0] conn(0x7f3f1007be50 0x7f3f1007a2b0 secure :-1 s=READY pgs=43 cs=0 l=1 rev1=1 crypto rx=0x7f3f000098a0 tx=0x7f3f00009bb0 comp rx=0 tx=0).ready entity=mon.0 client_cookie=d69121b9ca395a59 server_cookie=0 in_seq=0 out_seq=0
2023-10-06T22:40:37.579 INFO:teuthology.orchestra.run.smithi089.stdout:/usr/bin/ceph: stderr
2023-10-06T22:40:33.699+0000 7f3f0dffb700 1 -- 172.21.15.89:0/1871821200 <== mon.0 v2:172.21.15.89:3300/0 1 ==== mon_map magic: 0 v1 ==== 205+0+0 (secure 0 0 0) 0x7f3f00004160 con 0x7f3f1007be50
2023-10-06T22:40:37.579 INFO:teuthology.orchestra.run.smithi089.stdout:/usr/bin/ceph: stderr
2023-10-06T22:40:33.699+0000 7f3f0dffb700 1 -- 172.21.15.89:0/1871821200 <== mon.0 v2:172.21.15.89:3300/0 2 ==== config(27 keys) v1 ==== 1105+0+0 (secure 0 0 0) 0x7f3f000042c0 con 0x7f3f1007be50
2023-10-06T22:40:37.580 INFO:teuthology.orchestra.run.smithi089.stdout:/usr/bin/ceph: stderr
2023-10-06T22:40:33.699+0000 7f3f0dffb700 1 -- 172.21.15.89:0/1871821200 <== mon.0 v2:172.21.15.89:3300/0 3 ==== mon_map magic: 0 v1 ==== 205+0+0 (secure 0 0 0) 0x7f3f00011ab0 con 0x7f3f1007be50
2023-10-06T22:40:37.580 INFO:teuthology.orchestra.run.smithi089.stdout:/usr/bin/ceph: stderr
2023-10-06T22:40:33.700+0000 7f3f154a5700 1 -- 172.21.15.89:0/1871821200 >> [v2:172.21.15.89:3300/0,v1:172.21.15.89:6789/0] conn(0x7f3f1007be50 msgr2=0x7f3f1007a2b0 secure :-1 s=STATE_CONNECTION_ESTABLISHED l=1).mark_down
2023-10-06T22:40:37.580 INFO:teuthology.orchestra.run.smithi089.stdout:/usr/bin/ceph: stderr
2023-10-06T22:40:33.700+0000 7f3f154a5700 1 --2- 172.21.15.89:0/1871821200 >> [v2:172.21.15.89:3300/0,v1:172.21.15.89:6789/0] conn(0x7f3f1007be50 0x7f3f1007a2b0 secure :-1 s=READY pgs=43 cs=0 l=1 rev1=1 crypto rx=0x7f3f000098a0 tx=0x7f3f00009bb0 comp rx=0 tx=0).stop
2023-10-06T22:40:37.580 INFO:teuthology.orchestra.run.smithi089.stdout:/usr/bin/ceph: stderr
2023-10-06T22:40:33.700+0000 7f3f154a5700 1 -- 172.21.15.89:0/1871821200 shutdown_connections
2023-10-06T22:40:37.580 INFO:teuthology.orchestra.run.smithi089.stdout:/usr/bin/ceph: stderr
2023-10-06T22:40:33.700+0000 7f3f154a5700 1 --2- 172.21.15.89:0/1871821200 >> [v2:172.21.15.89:3300/0,v1:172.21.15.89:6789/0] conn(0x7f3f1007be50 0x7f3f1007a2b0 unknown :-1 s=CLOSED pgs=43 cs=0 l=1 rev1=1 crypto rx=0 tx=0 comp rx=0 tx=0).stop
2023-10-06T22:40:37.580 INFO:teuthology.orchestra.run.smithi089.stdout:/usr/bin/ceph: stderr
2023-10-06T22:40:33.700+0000 7f3f154a5700 1 -- 172.21.15.89:0/1871821200 >> 172.21.15.89:0/1871821200 conn(0x7f3f10101e50 msgr2=0x7f3f101042b0 unknown :-1 s=STATE_NONE l=0).mark_down
2023-10-06T22:40:37.580 INFO:teuthology.orchestra.run.smithi089.stdout:/usr/bin/ceph: stderr
2023-10-06T22:40:33.700+0000 7f3f154a5700 1 -- 172.21.15.89:0/1871821200 shutdown_connections
2023-10-06T22:40:37.580 INFO:teuthology.orchestra.run.smithi089.stdout:/usr/bin/ceph: stderr
2023-10-06T22:40:33.700+0000 7f3f154a5700 1 -- 172.21.15.89:0/1871821200 wait complete.
2023-10-06T22:40:37.580 INFO:teuthology.orchestra.run.smithi089.stdout:/usr/bin/ceph: stderr
2023-10-06T22:40:33.701+0000 7f3f154a5700 1 Processor -- start
2023-10-06T22:40:37.580 INFO:teuthology.orchestra.run.smithi089.stdout:/usr/bin/ceph: stderr
2023-10-06T22:40:33.702+0000 7f3f154a5700 1 -- start start
2023-10-06T22:40:37.580 INFO:teuthology.orchestra.run.smithi089.stdout:/usr/bin/ceph: stderr
2023-10-06T22:40:33.702+0000 7f3f154a5700 1 --2- >> [v2:172.21.15.89:3300/0,v1:172.21.15.89:6789/0] conn(0x7f3f1007be50 0x7f3f1019c7e0 unknown :-1 s=NONE pgs=0 cs=0 l=1 rev1=0 crypto rx=0 tx=0 comp rx=0 tx=0).connect
2023-10-06T22:40:37.580 INFO:teuthology.orchestra.run.smithi089.stdout:/usr/bin/ceph: stderr
2023-10-06T22:40:33.702+0000 7f3f154a5700 1 -- --> [v2:172.21.15.89:3300/0,v1:172.21.15.89:6789/0] -- mon_getmap magic: 0 v1 -- 0x7f3f1019cd20 con 0x7f3f1007be50
2023-10-06T22:40:37.581 INFO:teuthology.orchestra.run.smithi089.stdout:/usr/bin/ceph: stderr
2023-10-06T22:40:33.702+0000 7f3f0effd700 1 --2- >> [v2:172.21.15.89:3300/0,v1:172.21.15.89:6789/0] conn(0x7f3f1007be50 0x7f3f1019c7e0 unknown :-1 s=BANNER_CONNECTING pgs=0 cs=0 l=1 rev1=0 crypto rx=0 tx=0 comp rx=0 tx=0)._handle_peer_banner_payload supported=3 required=0
2023-10-06T22:40:37.581 INFO:teuthology.orchestra.run.smithi089.stdout:/usr/bin/ceph: stderr
2023-10-06T22:40:33.702+0000 7f3f0effd700 1 --2- >> [v2:172.21.15.89:3300/0,v1:172.21.15.89:6789/0] conn(0x7f3f1007be50 0x7f3f1019c7e0 unknown :-1 s=HELLO_CONNECTING pgs=0 cs=0 l=1 rev1=1 crypto rx=0 tx=0 comp rx=0 tx=0).handle_hello peer v2:172.21.15.89:3300/0 says I am v2:172.21.15.89:38056/0 (socket says 172.21.15.89:38056)
2023-10-06T22:40:37.581 INFO:teuthology.orchestra.run.smithi089.stdout:/usr/bin/ceph: stderr
2023-10-06T22:40:33.702+0000 7f3f0effd700 1 -- 172.21.15.89:0/872486290 learned_addr learned my addr 172.21.15.89:0/872486290 (peer_addr_for_me v2:172.21.15.89:0/0)
2023-10-06T22:40:37.581 INFO:teuthology.orchestra.run.smithi089.stdout:/usr/bin/ceph: stderr
2023-10-06T22:40:33.703+0000 7f3f0effd700 1 -- 172.21.15.89:0/872486290 --> [v2:172.21.15.89:3300/0,v1:172.21.15.89:6789/0] -- mon_subscribe({config=0+,monmap=0+}) v3 -- 0x7f3f00009550 con 0x7f3f1007be50
2023-10-06T22:40:37.581 INFO:teuthology.orchestra.run.smithi089.stdout:/usr/bin/ceph: stderr
2023-10-06T22:40:33.703+0000 7f3f0effd700 1 --2- 172.21.15.89:0/872486290 >> [v2:172.21.15.89:3300/0,v1:172.21.15.89:6789/0] conn(0x7f3f1007be50 0x7f3f1019c7e0 secure :-1 s=READY pgs=44 cs=0 l=1 rev1=1 crypto rx=0x7f3f00011aa0 tx=0x7f3f00011b80 comp rx=0 tx=0).ready entity=mon.0 client_cookie=0 server_cookie=0 in_seq=0 out_seq=0
2023-10-06T22:40:37.581 INFO:teuthology.orchestra.run.smithi089.stdout:/usr/bin/ceph: stderr
2023-10-06T22:40:33.703+0000 7f3ef7fff700 1 -- 172.21.15.89:0/872486290 <== mon.0 v2:172.21.15.89:3300/0 1 ==== mon_map magic: 0 v1 ==== 205+0+0 (secure 0 0 0) 0x7f3f00003ac0 con 0x7f3f1007be50
2023-10-06T22:40:37.581 INFO:teuthology.orchestra.run.smithi089.stdout:/usr/bin/ceph: stderr
2023-10-06T22:40:33.703+0000 7f3f154a5700 1 -- 172.21.15.89:0/872486290 --> [v2:172.21.15.89:3300/0,v1:172.21.15.89:6789/0] -- mon_subscribe({mgrmap=0+}) v3 -- 0x7f3f1019cf20 con 0x7f3f1007be50
2023-10-06T22:40:37.581 INFO:teuthology.orchestra.run.smithi089.stdout:/usr/bin/ceph: stderr
2023-10-06T22:40:33.703+0000 7f3ef7fff700 1 -- 172.21.15.89:0/872486290 <== mon.0 v2:172.21.15.89:3300/0 2 ==== config(27 keys) v1 ==== 1105+0+0 (secure 0 0 0) 0x7f3f00003c20 con 0x7f3f1007be50
2023-10-06T22:40:37.581 INFO:teuthology.orchestra.run.smithi089.stdout:/usr/bin/ceph: stderr
2023-10-06T22:40:33.703+0000 7f3ef7fff700 1 -- 172.21.15.89:0/872486290 <== mon.0 v2:172.21.15.89:3300/0 3 ==== mon_map magic: 0 v1 ==== 205+0+0 (secure 0 0 0) 0x7f3f000197a0 con 0x7f3f1007be50
2023-10-06T22:40:37.581 INFO:teuthology.orchestra.run.smithi089.stdout:/usr/bin/ceph: stderr
2023-10-06T22:40:33.703+0000 7f3f154a5700 1 -- 172.21.15.89:0/872486290 --> [v2:172.21.15.89:3300/0,v1:172.21.15.89:6789/0] -- mon_subscribe({osdmap=0}) v3 -- 0x7f3f1019d340 con 0x7f3f1007be50
2023-10-06T22:40:37.581 INFO:teuthology.orchestra.run.smithi089.stdout:/usr/bin/ceph: stderr
2023-10-06T22:40:33.704+0000 7f3ef7fff700 1 -- 172.21.15.89:0/872486290 <== mon.0 v2:172.21.15.89:3300/0 4 ==== mgrmap(e 8) v1 ==== 45579+0+0 (secure 0 0 0) 0x7f3f0001ab60 con 0x7f3f1007be50
2023-10-06T22:40:37.581 INFO:teuthology.orchestra.run.smithi089.stdout:/usr/bin/ceph: stderr
2023-10-06T22:40:33.704+0000 7f3f154a5700 1 -- 172.21.15.89:0/872486290 --> [v2:172.21.15.89:3300/0,v1:172.21.15.89:6789/0] -- mon_command({"prefix": "get_command_descriptions"} v 0) v1 -- 0x7f3f100624e0 con 0x7f3f1007be50
2023-10-06T22:40:37.582 INFO:teuthology.orchestra.run.smithi089.stdout:/usr/bin/ceph: stderr
2023-10-06T22:40:33.705+0000 7f3ef7fff700 1 --2- 172.21.15.89:0/872486290 >> [v2:172.21.15.89:6800/2197964686,v1:172.21.15.89:6801/2197964686] conn(0x7f3ef80388c0 0x7f3ef803ad80 unknown :-1 s=NONE pgs=0 cs=0 l=1 rev1=0 crypto rx=0 tx=0 comp rx=0 tx=0).connect
2023-10-06T22:40:37.582 INFO:teuthology.orchestra.run.smithi089.stdout:/usr/bin/ceph: stderr
2023-10-06T22:40:33.705+0000 7f3ef7fff700 1 -- 172.21.15.89:0/872486290 <== mon.0 v2:172.21.15.89:3300/0 5 ==== osd_map(2..2 src has 1..2) v4 ==== 940+0+0 (secure 0 0 0) 0x7f3f0004cb00 con 0x7f3f1007be50
2023-10-06T22:40:37.582 INFO:teuthology.orchestra.run.smithi089.stdout:/usr/bin/ceph: stderr
2023-10-06T22:40:33.705+0000 7f3f0e7fc700 1 --2- 172.21.15.89:0/872486290 >> [v2:172.21.15.89:6800/2197964686,v1:172.21.15.89:6801/2197964686] conn(0x7f3ef80388c0 0x7f3ef803ad80 unknown :-1 s=BANNER_CONNECTING pgs=0 cs=0 l=1 rev1=0 crypto rx=0 tx=0 comp rx=0 tx=0)._handle_peer_banner_payload supported=3 required=0
2023-10-06T22:40:37.582 INFO:teuthology.orchestra.run.smithi089.stdout:/usr/bin/ceph: stderr
2023-10-06T22:40:33.706+0000 7f3f0e7fc700 1 --2- 172.21.15.89:0/872486290 >> [v2:172.21.15.89:6800/2197964686,v1:172.21.15.89:6801/2197964686] conn(0x7f3ef80388c0 0x7f3ef803ad80 secure :-1 s=READY pgs=11 cs=0 l=1 rev1=1 crypto rx=0x7f3f04006fd0 tx=0x7f3f04006e40 comp rx=0 tx=0).ready entity=mgr.14118 client_cookie=0 server_cookie=0 in_seq=0 out_seq=0
2023-10-06T22:40:37.582 INFO:teuthology.orchestra.run.smithi089.stdout:/usr/bin/ceph: stderr
2023-10-06T22:40:33.710+0000 7f3ef7fff700 1 -- 172.21.15.89:0/872486290 <== mon.0 v2:172.21.15.89:3300/0 6 ==== mon_command_ack([{"prefix": "get_command_descriptions"}]=0 v0) v1 ==== 72+0+180459 (secure 0 0 0) 0x7f3f00018760 con 0x7f3f1007be50
2023-10-06T22:40:37.582 INFO:teuthology.orchestra.run.smithi089.stdout:/usr/bin/ceph: stderr
2023-10-06T22:40:33.912+0000 7f3f154a5700 1 -- 172.21.15.89:0/872486290 --> [v2:172.21.15.89:6800/2197964686,v1:172.21.15.89:6801/2197964686] -- mgr_command(tid 0: {"prefix": "orch host add", "hostname": "smithi089", "addr": "172.21.15.89", "target": ["mon-mgr", ""]}) v1 -- 0x7f3f10104190 con 0x7f3ef80388c0
2023-10-06T22:40:37.582 INFO:teuthology.orchestra.run.smithi089.stdout:/usr/bin/ceph: stderr
2023-10-06T22:40:37.189+0000 7f3ef7fff700 1 -- 172.21.15.89:0/872486290 <== mgr.14118 v2:172.21.15.89:6800/2197964686 1 ==== mgr_command_reply(tid 0: 0 ) v1 ==== 8+0+48 (secure 0 0 0) 0x7f3f10104190 con 0x7f3ef80388c0
2023-10-06T22:40:37.582 INFO:teuthology.orchestra.run.smithi089.stdout:/usr/bin/ceph: stderr
2023-10-06T22:40:37.192+0000 7f3f154a5700 1 -- 172.21.15.89:0/872486290 >> [v2:172.21.15.89:6800/2197964686,v1:172.21.15.89:6801/2197964686] conn(0x7f3ef80388c0 msgr2=0x7f3ef803ad80 secure :-1 s=STATE_CONNECTION_ESTABLISHED l=1).mark_down
2023-10-06T22:40:37.582 INFO:teuthology.orchestra.run.smithi089.stdout:/usr/bin/ceph: stderr
2023-10-06T22:40:37.192+0000 7f3f154a5700 1 --2- 172.21.15.89:0/872486290 >> [v2:172.21.15.89:6800/2197964686,v1:172.21.15.89:6801/2197964686] conn(0x7f3ef80388c0 0x7f3ef803ad80 secure :-1 s=READY pgs=11 cs=0 l=1 rev1=1 crypto rx=0x7f3f04006fd0 tx=0x7f3f04006e40 comp rx=0 tx=0).stop
2023-10-06T22:40:37.582 INFO:teuthology.orchestra.run.smithi089.stdout:/usr/bin/ceph: stderr
2023-10-06T22:40:37.192+0000 7f3f154a5700 1 -- 172.21.15.89:0/872486290 >> [v2:172.21.15.89:3300/0,v1:172.21.15.89:6789/0] conn(0x7f3f1007be50 msgr2=0x7f3f1019c7e0 secure :-1 s=STATE_CONNECTION_ESTABLISHED l=1).mark_down
2023-10-06T22:40:37.583 INFO:teuthology.orchestra.run.smithi089.stdout:/usr/bin/ceph: stderr
2023-10-06T22:40:37.192+0000 7f3f154a5700 1 --2- 172.21.15.89:0/872486290 >> [v2:172.21.15.89:3300/0,v1:172.21.15.89:6789/0] conn(0x7f3f1007be50 0x7f3f1019c7e0 secure :-1 s=READY pgs=44 cs=0 l=1 rev1=1 crypto rx=0x7f3f00011aa0 tx=0x7f3f00011b80 comp rx=0 tx=0).stop
2023-10-06T22:40:37.583 INFO:teuthology.orchestra.run.smithi089.stdout:/usr/bin/ceph: stderr
2023-10-06T22:40:37.192+0000 7f3f154a5700 1 -- 172.21.15.89:0/872486290 shutdown_connections
2023-10-06T22:40:37.583 INFO:teuthology.orchestra.run.smithi089.stdout:/usr/bin/ceph: stderr
2023-10-06T22:40:37.192+0000 7f3f154a5700 1 --2- 172.21.15.89:0/872486290 >> [v2:172.21.15.89:6800/2197964686,v1:172.21.15.89:6801/2197964686] conn(0x7f3ef80388c0 0x7f3ef803ad80 unknown :-1 s=CLOSED pgs=11 cs=0 l=1 rev1=1 crypto rx=0 tx=0 comp rx=0 tx=0).stop
2023-10-06T22:40:37.583 INFO:teuthology.orchestra.run.smithi089.stdout:/usr/bin/ceph: stderr
2023-10-06T22:40:37.192+0000 7f3f154a5700 1 --2- 172.21.15.89:0/872486290 >> [v2:172.21.15.89:3300/0,v1:172.21.15.89:6789/0] conn(0x7f3f1007be50 0x7f3f1019c7e0 unknown :-1 s=CLOSED pgs=44 cs=0 l=1 rev1=1 crypto rx=0 tx=0 comp rx=0 tx=0).stop
2023-10-06T22:40:37.583 INFO:teuthology.orchestra.run.smithi089.stdout:/usr/bin/ceph: stderr
2023-10-06T22:40:37.192+0000 7f3f154a5700 1 -- 172.21.15.89:0/872486290 >> 172.21.15.89:0/872486290 conn(0x7f3f10101e50 msgr2=0x7f3f10103570 unknown :-1 s=STATE_NONE l=0).mark_down
2023-10-06T22:40:37.583 INFO:teuthology.orchestra.run.smithi089.stdout:/usr/bin/ceph: stderr
2023-10-06T22:40:37.193+0000 7f3f154a5700 1 -- 172.21.15.89:0/872486290 shutdown_connections
2023-10-06T22:40:37.583 INFO:teuthology.orchestra.run.smithi089.stdout:/usr/bin/ceph: stderr
2023-10-06T22:40:37.193+0000 7f3f154a5700 1 -- 172.21.15.89:0/872486290 wait complete.
2023-10-06T22:40:37.583 INFO:teuthology.orchestra.run.smithi089.stdout:Deploying unmanaged mon service...
2023-10-06T22:40:38.482 INFO:journalctl@ceph.mon.a.smithi089.stdout:Oct 06 22:40:38 smithi089 ceph-mon[98498]: from='mgr.14118 172.21.15.89:0/1990765333' entity='mgr.x'
2023-10-06T22:40:38.483 INFO:journalctl@ceph.mon.a.smithi089.stdout:Oct 06 22:40:38 smithi089 ceph-mon[98498]: Added host smithi089
2023-10-06T22:40:38.483 INFO:journalctl@ceph.mon.a.smithi089.stdout:Oct 06 22:40:38 smithi089 ceph-mon[98498]: from='mgr.14118 172.21.15.89:0/1990765333' entity='mgr.x' cmd=[{"prefix": "config dump", "format": "json"}]: dispatch
2023-10-06T22:40:38.807 INFO:teuthology.orchestra.run.smithi089.stdout:/usr/bin/ceph: stdout Scheduled mon update...
2023-10-06T22:40:38.807 INFO:teuthology.orchestra.run.smithi089.stdout:/usr/bin/ceph: stderr
2023-10-06T22:40:38.100+0000 7f31e12fe700 1 Processor -- start
2023-10-06T22:40:38.807 INFO:teuthology.orchestra.run.smithi089.stdout:/usr/bin/ceph: stderr
2023-10-06T22:40:38.100+0000 7f31e12fe700 1 -- start start
2023-10-06T22:40:38.808 INFO:teuthology.orchestra.run.smithi089.stdout:/usr/bin/ceph: stderr
2023-10-06T22:40:38.100+0000 7f31e12fe700 1 --2- >> [v2:172.21.15.89:3300/0,v1:172.21.15.89:6789/0] conn(0x7f31dc07be70 0x7f31dc07a2d0 unknown :-1 s=NONE pgs=0 cs=0 l=0 rev1=0 crypto rx=0 tx=0 comp rx=0 tx=0).connect
2023-10-06T22:40:38.808 INFO:teuthology.orchestra.run.smithi089.stdout:/usr/bin/ceph: stderr
2023-10-06T22:40:38.100+0000 7f31e12fe700 1 -- --> [v2:172.21.15.89:3300/0,v1:172.21.15.89:6789/0] -- mon_getmap magic: 0 v1 -- 0x7f31dc07a8a0 con 0x7f31dc07be70
2023-10-06T22:40:38.808 INFO:teuthology.orchestra.run.smithi089.stdout:/usr/bin/ceph: stderr
2023-10-06T22:40:38.101+0000 7f31daffd700 1 --2- >> [v2:172.21.15.89:3300/0,v1:172.21.15.89:6789/0] conn(0x7f31dc07be70 0x7f31dc07a2d0 unknown :-1 s=BANNER_CONNECTING pgs=0 cs=0 l=0 rev1=0 crypto rx=0 tx=0 comp rx=0 tx=0)._handle_peer_banner_payload supported=3 required=0
2023-10-06T22:40:38.808 INFO:teuthology.orchestra.run.smithi089.stdout:/usr/bin/ceph: stderr
2023-10-06T22:40:38.101+0000 7f31daffd700 1 --2- >> [v2:172.21.15.89:3300/0,v1:172.21.15.89:6789/0] conn(0x7f31dc07be70 0x7f31dc07a2d0 unknown :-1 s=HELLO_CONNECTING pgs=0 cs=0 l=0 rev1=1 crypto rx=0 tx=0 comp rx=0 tx=0).handle_hello peer v2:172.21.15.89:3300/0 says I am v2:172.21.15.89:38064/0 (socket says 172.21.15.89:38064)
2023-10-06T22:40:38.808 INFO:teuthology.orchestra.run.smithi089.stdout:/usr/bin/ceph: stderr
2023-10-06T22:40:38.101+0000 7f31daffd700 1 -- 172.21.15.89:0/2068222524 learned_addr learned my addr 172.21.15.89:0/2068222524 (peer_addr_for_me v2:172.21.15.89:0/0)
2023-10-06T22:40:38.808 INFO:teuthology.orchestra.run.smithi089.stdout:/usr/bin/ceph: stderr
2023-10-06T22:40:38.101+0000 7f31daffd700 1 -- 172.21.15.89:0/2068222524 --> [v2:172.21.15.89:3300/0,v1:172.21.15.89:6789/0] -- mon_subscribe({config=0+,monmap=0+}) v3 -- 0x7f31dc07a9e0 con 0x7f31dc07be70
2023-10-06T22:40:38.808 INFO:teuthology.orchestra.run.smithi089.stdout:/usr/bin/ceph: stderr
2023-10-06T22:40:38.101+0000 7f31daffd700 1 --2- 172.21.15.89:0/2068222524 >> [v2:172.21.15.89:3300/0,v1:172.21.15.89:6789/0] conn(0x7f31dc07be70 0x7f31dc07a2d0 secure :-1 s=READY pgs=45 cs=0 l=1 rev1=1 crypto rx=0x7f31cc0098a0 tx=0x7f31cc009bb0 comp rx=0 tx=0).ready entity=mon.0 client_cookie=57a31dc0cd61bd48 server_cookie=0 in_seq=0 out_seq=0
2023-10-06T22:40:38.808 INFO:teuthology.orchestra.run.smithi089.stdout:/usr/bin/ceph: stderr
2023-10-06T22:40:38.102+0000 7f31d9ffb700 1 -- 172.21.15.89:0/2068222524 <== mon.0 v2:172.21.15.89:3300/0 1 ==== mon_map magic: 0 v1 ==== 205+0+0 (secure 0 0 0) 0x7f31cc004160 con 0x7f31dc07be70
2023-10-06T22:40:38.808 INFO:teuthology.orchestra.run.smithi089.stdout:/usr/bin/ceph: stderr
2023-10-06T22:40:38.102+0000 7f31d9ffb700 1 -- 172.21.15.89:0/2068222524 <== mon.0 v2:172.21.15.89:3300/0 2 ==== config(27 keys) v1 ==== 1105+0+0 (secure 0 0 0) 0x7f31cc0042c0 con 0x7f31dc07be70
2023-10-06T22:40:38.808 INFO:teuthology.orchestra.run.smithi089.stdout:/usr/bin/ceph: stderr
2023-10-06T22:40:38.102+0000 7f31d9ffb700 1 -- 172.21.15.89:0/2068222524 <== mon.0 v2:172.21.15.89:3300/0 3 ==== mon_map magic: 0 v1 ==== 205+0+0 (secure 0 0 0) 0x7f31cc011ab0 con 0x7f31dc07be70
2023-10-06T22:40:38.809 INFO:teuthology.orchestra.run.smithi089.stdout:/usr/bin/ceph: stderr
2023-10-06T22:40:38.102+0000 7f31e12fe700 1 -- 172.21.15.89:0/2068222524 >> [v2:172.21.15.89:3300/0,v1:172.21.15.89:6789/0] conn(0x7f31dc07be70 msgr2=0x7f31dc07a2d0 secure :-1 s=STATE_CONNECTION_ESTABLISHED l=1).mark_down
2023-10-06T22:40:38.809 INFO:teuthology.orchestra.run.smithi089.stdout:/usr/bin/ceph: stderr
2023-10-06T22:40:38.102+0000 7f31e12fe700 1 --2- 172.21.15.89:0/2068222524 >> [v2:172.21.15.89:3300/0,v1:172.21.15.89:6789/0] conn(0x7f31dc07be70 0x7f31dc07a2d0 secure :-1 s=READY pgs=45 cs=0 l=1 rev1=1 crypto rx=0x7f31cc0098a0 tx=0x7f31cc009bb0 comp rx=0 tx=0).stop
2023-10-06T22:40:38.809 INFO:teuthology.orchestra.run.smithi089.stdout:/usr/bin/ceph: stderr
2023-10-06T22:40:38.102+0000 7f31e12fe700 1 -- 172.21.15.89:0/2068222524 shutdown_connections
2023-10-06T22:40:38.809 INFO:teuthology.orchestra.run.smithi089.stdout:/usr/bin/ceph: stderr
2023-10-06T22:40:38.102+0000 7f31e12fe700 1 --2- 172.21.15.89:0/2068222524 >> [v2:172.21.15.89:3300/0,v1:172.21.15.89:6789/0] conn(0x7f31dc07be70 0x7f31dc07a2d0 unknown :-1 s=CLOSED pgs=45 cs=0 l=1 rev1=1 crypto rx=0 tx=0 comp rx=0 tx=0).stop
2023-10-06T22:40:38.809 INFO:teuthology.orchestra.run.smithi089.stdout:/usr/bin/ceph: stderr
2023-10-06T22:40:38.102+0000 7f31e12fe700 1 -- 172.21.15.89:0/2068222524 >> 172.21.15.89:0/2068222524 conn(0x7f31dc101e50 msgr2=0x7f31dc1042b0 unknown :-1 s=STATE_NONE l=0).mark_down
2023-10-06T22:40:38.809 INFO:teuthology.orchestra.run.smithi089.stdout:/usr/bin/ceph: stderr
2023-10-06T22:40:38.102+0000 7f31e12fe700 1 -- 172.21.15.89:0/2068222524 shutdown_connections
2023-10-06T22:40:38.809 INFO:teuthology.orchestra.run.smithi089.stdout:/usr/bin/ceph: stderr
2023-10-06T22:40:38.102+0000 7f31e12fe700 1 -- 172.21.15.89:0/2068222524 wait complete.
2023-10-06T22:40:38.809 INFO:teuthology.orchestra.run.smithi089.stdout:/usr/bin/ceph: stderr
2023-10-06T22:40:38.103+0000 7f31e12fe700 1 Processor -- start
2023-10-06T22:40:38.809 INFO:teuthology.orchestra.run.smithi089.stdout:/usr/bin/ceph: stderr
2023-10-06T22:40:38.103+0000 7f31e12fe700 1 -- start start
2023-10-06T22:40:38.809 INFO:teuthology.orchestra.run.smithi089.stdout:/usr/bin/ceph: stderr
2023-10-06T22:40:38.104+0000 7f31e12fe700 1 --2- >> [v2:172.21.15.89:3300/0,v1:172.21.15.89:6789/0] conn(0x7f31dc07be70 0x7f31dc19c7e0 unknown :-1 s=NONE pgs=0 cs=0 l=1 rev1=0 crypto rx=0 tx=0 comp rx=0 tx=0).connect
2023-10-06T22:40:38.809 INFO:teuthology.orchestra.run.smithi089.stdout:/usr/bin/ceph: stderr
2023-10-06T22:40:38.104+0000 7f31e12fe700 1 -- --> [v2:172.21.15.89:3300/0,v1:172.21.15.89:6789/0] -- mon_getmap magic: 0 v1 -- 0x7f31dc19cd20 con 0x7f31dc07be70
2023-10-06T22:40:38.810 INFO:teuthology.orchestra.run.smithi089.stdout:/usr/bin/ceph: stderr
2023-10-06T22:40:38.104+0000 7f31daffd700 1 --2- >> [v2:172.21.15.89:3300/0,v1:172.21.15.89:6789/0] conn(0x7f31dc07be70 0x7f31dc19c7e0 unknown :-1 s=BANNER_CONNECTING pgs=0 cs=0 l=1 rev1=0 crypto rx=0 tx=0 comp rx=0 tx=0)._handle_peer_banner_payload supported=3 required=0
2023-10-06T22:40:38.810 INFO:teuthology.orchestra.run.smithi089.stdout:/usr/bin/ceph: stderr
2023-10-06T22:40:38.104+0000 7f31daffd700 1 --2- >> [v2:172.21.15.89:3300/0,v1:172.21.15.89:6789/0] conn(0x7f31dc07be70 0x7f31dc19c7e0 unknown :-1 s=HELLO_CONNECTING pgs=0 cs=0 l=1 rev1=1 crypto rx=0 tx=0 comp rx=0 tx=0).handle_hello peer v2:172.21.15.89:3300/0 says I am v2:172.21.15.89:38076/0 (socket says 172.21.15.89:38076)
2023-10-06T22:40:38.810 INFO:teuthology.orchestra.run.smithi089.stdout:/usr/bin/ceph: stderr
2023-10-06T22:40:38.104+0000 7f31daffd700 1 -- 172.21.15.89:0/4008927079 learned_addr learned my addr 172.21.15.89:0/4008927079 (peer_addr_for_me v2:172.21.15.89:0/0)
2023-10-06T22:40:38.810 INFO:teuthology.orchestra.run.smithi089.stdout:/usr/bin/ceph: stderr
2023-10-06T22:40:38.104+0000 7f31daffd700 1 -- 172.21.15.89:0/4008927079 --> [v2:172.21.15.89:3300/0,v1:172.21.15.89:6789/0] -- mon_subscribe({config=0+,monmap=0+}) v3 -- 0x7f31cc009550 con 0x7f31dc07be70
2023-10-06T22:40:38.810 INFO:teuthology.orchestra.run.smithi089.stdout:/usr/bin/ceph: stderr
2023-10-06T22:40:38.105+0000 7f31daffd700 1 --2- 172.21.15.89:0/4008927079 >> [v2:172.21.15.89:3300/0,v1:172.21.15.89:6789/0] conn(0x7f31dc07be70 0x7f31dc19c7e0 secure :-1 s=READY pgs=46 cs=0 l=1 rev1=1 crypto rx=0x7f31cc006af0 tx=0x7f31cc011cb0 comp rx=0 tx=0).ready entity=mon.0 client_cookie=0 server_cookie=0 in_seq=0 out_seq=0
2023-10-06T22:40:38.810 INFO:teuthology.orchestra.run.smithi089.stdout:/usr/bin/ceph: stderr
2023-10-06T22:40:38.105+0000 7f31c3fff700 1 -- 172.21.15.89:0/4008927079 <== mon.0 v2:172.21.15.89:3300/0 1 ==== mon_map magic: 0 v1 ==== 205+0+0 (secure 0 0 0) 0x7f31cc003a60 con 0x7f31dc07be70
2023-10-06T22:40:38.810 INFO:teuthology.orchestra.run.smithi089.stdout:/usr/bin/ceph: stderr
2023-10-06T22:40:38.105+0000 7f31c3fff700 1 -- 172.21.15.89:0/4008927079 <== mon.0 v2:172.21.15.89:3300/0 2 ==== config(27 keys) v1 ==== 1105+0+0 (secure 0 0 0) 0x7f31cc003bc0 con 0x7f31dc07be70
2023-10-06T22:40:38.811 INFO:teuthology.orchestra.run.smithi089.stdout:/usr/bin/ceph: stderr
2023-10-06T22:40:38.105+0000 7f31c3fff700 1 -- 172.21.15.89:0/4008927079 <== mon.0 v2:172.21.15.89:3300/0 3 ==== mon_map magic: 0 v1 ==== 205+0+0 (secure 0 0 0) 0x7f31cc019760 con 0x7f31dc07be70
2023-10-06T22:40:38.811 INFO:teuthology.orchestra.run.smithi089.stdout:/usr/bin/ceph: stderr
2023-10-06T22:40:38.105+0000 7f31e12fe700 1 -- 172.21.15.89:0/4008927079 --> [v2:172.21.15.89:3300/0,v1:172.21.15.89:6789/0] -- mon_subscribe({mgrmap=0+}) v3 -- 0x7f31dc19cf20 con 0x7f31dc07be70
2023-10-06T22:40:38.811 INFO:teuthology.orchestra.run.smithi089.stdout:/usr/bin/ceph: stderr
2023-10-06T22:40:38.105+0000 7f31e12fe700 1 -- 172.21.15.89:0/4008927079 --> [v2:172.21.15.89:3300/0,v1:172.21.15.89:6789/0] -- mon_subscribe({osdmap=0}) v3 -- 0x7f31dc19d340 con 0x7f31dc07be70
2023-10-06T22:40:38.811 INFO:teuthology.orchestra.run.smithi089.stdout:/usr/bin/ceph: stderr
2023-10-06T22:40:38.106+0000 7f31e12fe700 1 -- 172.21.15.89:0/4008927079 --> [v2:172.21.15.89:3300/0,v1:172.21.15.89:6789/0] -- mon_command({"prefix": "get_command_descriptions"} v 0) v1 -- 0x7f31dc0624e0 con 0x7f31dc07be70
2023-10-06T22:40:38.811 INFO:teuthology.orchestra.run.smithi089.stdout:/usr/bin/ceph: stderr
2023-10-06T22:40:38.106+0000 7f31c3fff700 1 -- 172.21.15.89:0/4008927079 <== mon.0 v2:172.21.15.89:3300/0 4 ==== mgrmap(e 8) v1 ==== 45579+0+0 (secure 0 0 0) 0x7f31cc0199d0 con 0x7f31dc07be70
2023-10-06T22:40:38.811 INFO:teuthology.orchestra.run.smithi089.stdout:/usr/bin/ceph: stderr
2023-10-06T22:40:38.106+0000 7f31c3fff700 1 --2- 172.21.15.89:0/4008927079 >> [v2:172.21.15.89:6800/2197964686,v1:172.21.15.89:6801/2197964686] conn(0x7f31c4038820 0x7f31c403ace0 unknown :-1 s=NONE pgs=0 cs=0 l=1 rev1=0 crypto rx=0 tx=0 comp rx=0 tx=0).connect
2023-10-06T22:40:38.811 INFO:teuthology.orchestra.run.smithi089.stdout:/usr/bin/ceph: stderr
2023-10-06T22:40:38.107+0000 7f31c3fff700 1 -- 172.21.15.89:0/4008927079 <== mon.0 v2:172.21.15.89:3300/0 5 ==== osd_map(2..2 src has 1..2) v4 ==== 940+0+0 (secure 0 0 0) 0x7f31cc04cbc0 con 0x7f31dc07be70
2023-10-06T22:40:38.811 INFO:teuthology.orchestra.run.smithi089.stdout:/usr/bin/ceph: stderr
2023-10-06T22:40:38.107+0000 7f31da7fc700 1 --2- 172.21.15.89:0/4008927079 >> [v2:172.21.15.89:6800/2197964686,v1:172.21.15.89:6801/2197964686] conn(0x7f31c4038820 0x7f31c403ace0 unknown :-1 s=BANNER_CONNECTING pgs=0 cs=0 l=1 rev1=0 crypto rx=0 tx=0 comp rx=0 tx=0)._handle_peer_banner_payload supported=3 required=0
2023-10-06T22:40:38.811 INFO:teuthology.orchestra.run.smithi089.stdout:/usr/bin/ceph: stderr
2023-10-06T22:40:38.107+0000 7f31da7fc700 1 --2- 172.21.15.89:0/4008927079 >> [v2:172.21.15.89:6800/2197964686,v1:172.21.15.89:6801/2197964686] conn(0x7f31c4038820 0x7f31c403ace0 secure :-1 s=READY pgs=12 cs=0 l=1 rev1=1 crypto rx=0x7f31d0006fd0 tx=0x7f31d0006e40 comp rx=0 tx=0).ready entity=mgr.14118 client_cookie=0 server_cookie=0 in_seq=0 out_seq=0
2023-10-06T22:40:38.811 INFO:teuthology.orchestra.run.smithi089.stdout:/usr/bin/ceph: stderr
2023-10-06T22:40:38.112+0000 7f31c3fff700 1 -- 172.21.15.89:0/4008927079 <== mon.0 v2:172.21.15.89:3300/0 6 ==== mon_command_ack([{"prefix": "get_command_descriptions"}]=0 v0) v1 ==== 72+0+180459 (secure 0 0 0) 0x7f31cc01ab80 con 0x7f31dc07be70
2023-10-06T22:40:38.812 INFO:teuthology.orchestra.run.smithi089.stdout:/usr/bin/ceph: stderr
2023-10-06T22:40:38.335+0000 7f31e12fe700 1 -- 172.21.15.89:0/4008927079 --> [v2:172.21.15.89:6800/2197964686,v1:172.21.15.89:6801/2197964686] -- mgr_command(tid 0: {"prefix": "orch apply", "service_type": "mon", "unmanaged": true, "target": ["mon-mgr", ""]}) v1 -- 0x7f31dc104190 con 0x7f31c4038820
2023-10-06T22:40:38.812 INFO:teuthology.orchestra.run.smithi089.stdout:/usr/bin/ceph: stderr
2023-10-06T22:40:38.343+0000 7f31c3fff700 1 -- 172.21.15.89:0/4008927079 <== mgr.14118 v2:172.21.15.89:6800/2197964686 1 ==== mgr_command_reply(tid 0: 0 ) v1 ==== 8+0+24 (secure 0 0 0) 0x7f31dc104190 con 0x7f31c4038820
2023-10-06T22:40:38.812 INFO:teuthology.orchestra.run.smithi089.stdout:/usr/bin/ceph: stderr
2023-10-06T22:40:38.345+0000 7f31e12fe700 1 -- 172.21.15.89:0/4008927079 >> [v2:172.21.15.89:6800/2197964686,v1:172.21.15.89:6801/2197964686] conn(0x7f31c4038820 msgr2=0x7f31c403ace0 secure :-1 s=STATE_CONNECTION_ESTABLISHED l=1).mark_down
2023-10-06T22:40:38.812 INFO:teuthology.orchestra.run.smithi089.stdout:/usr/bin/ceph: stderr
2023-10-06T22:40:38.345+0000 7f31e12fe700 1 --2- 172.21.15.89:0/4008927079 >> [v2:172.21.15.89:6800/2197964686,v1:172.21.15.89:6801/2197964686] conn(0x7f31c4038820 0x7f31c403ace0 secure :-1 s=READY pgs=12 cs=0 l=1 rev1=1 crypto rx=0x7f31d0006fd0 tx=0x7f31d0006e40 comp rx=0 tx=0).stop
2023-10-06T22:40:38.812 INFO:teuthology.orchestra.run.smithi089.stdout:/usr/bin/ceph: stderr
2023-10-06T22:40:38.345+0000 7f31e12fe700 1 -- 172.21.15.89:0/4008927079 >> [v2:172.21.15.89:3300/0,v1:172.21.15.89:6789/0] conn(0x7f31dc07be70 msgr2=0x7f31dc19c7e0 secure :-1 s=STATE_CONNECTION_ESTABLISHED l=1).mark_down
2023-10-06T22:40:38.812 INFO:teuthology.orchestra.run.smithi089.stdout:/usr/bin/ceph: stderr
2023-10-06T22:40:38.345+0000 7f31e12fe700 1 --2- 172.21.15.89:0/4008927079 >> [v2:172.21.15.89:3300/0,v1:172.21.15.89:6789/0] conn(0x7f31dc07be70 0x7f31dc19c7e0 secure :-1 s=READY pgs=46 cs=0 l=1 rev1=1 crypto rx=0x7f31cc006af0 tx=0x7f31cc011cb0 comp rx=0 tx=0).stop
2023-10-06T22:40:38.812 INFO:teuthology.orchestra.run.smithi089.stdout:/usr/bin/ceph: stderr
2023-10-06T22:40:38.345+0000 7f31e12fe700 1 -- 172.21.15.89:0/4008927079 shutdown_connections
2023-10-06T22:40:38.812 INFO:teuthology.orchestra.run.smithi089.stdout:/usr/bin/ceph: stderr
2023-10-06T22:40:38.345+0000 7f31e12fe700 1 --2- 172.21.15.89:0/4008927079 >> [v2:172.21.15.89:6800/2197964686,v1:172.21.15.89:6801/2197964686] conn(0x7f31c4038820 0x7f31c403ace0 unknown :-1 s=CLOSED pgs=12 cs=0 l=1 rev1=1 crypto rx=0 tx=0 comp rx=0 tx=0).stop
2023-10-06T22:40:38.812 INFO:teuthology.orchestra.run.smithi089.stdout:/usr/bin/ceph: stderr
2023-10-06T22:40:38.345+0000 7f31e12fe700 1 --2- 172.21.15.89:0/4008927079 >> [v2:172.21.15.89:3300/0,v1:172.21.15.89:6789/0] conn(0x7f31dc07be70 0x7f31dc19c7e0 unknown :-1 s=CLOSED pgs=46 cs=0 l=1 rev1=1 crypto rx=0 tx=0 comp rx=0 tx=0).stop
2023-10-06T22:40:38.812 INFO:teuthology.orchestra.run.smithi089.stdout:/usr/bin/ceph: stderr
2023-10-06T22:40:38.345+0000 7f31e12fe700 1 -- 172.21.15.89:0/4008927079 >> 172.21.15.89:0/4008927079 conn(0x7f31dc101e50 msgr2=0x7f31dc103570 unknown :-1 s=STATE_NONE l=0).mark_down
2023-10-06T22:40:38.812 INFO:teuthology.orchestra.run.smithi089.stdout:/usr/bin/ceph: stderr
2023-10-06T22:40:38.345+0000 7f31e12fe700 1 -- 172.21.15.89:0/4008927079 shutdown_connections
2023-10-06T22:40:38.812 INFO:teuthology.orchestra.run.smithi089.stdout:/usr/bin/ceph: stderr
2023-10-06T22:40:38.345+0000 7f31e12fe700 1 -- 172.21.15.89:0/4008927079 wait complete.
2023-10-06T22:40:38.813 INFO:teuthology.orchestra.run.smithi089.stdout:Deploying unmanaged mgr service...
2023-10-06T22:40:39.482 INFO:journalctl@ceph.mon.a.smithi089.stdout:Oct 06 22:40:39 smithi089 ceph-mon[98498]: from='client.14140 -' entity='client.admin' cmd=[{"prefix": "orch apply", "service_type": "mon", "unmanaged": true, "target": ["mon-mgr", ""]}]: dispatch
2023-10-06T22:40:39.482 INFO:journalctl@ceph.mon.a.smithi089.stdout:Oct 06 22:40:39 smithi089 ceph-mon[98498]: Saving service mon spec with placement count:5
2023-10-06T22:40:39.482 INFO:journalctl@ceph.mon.a.smithi089.stdout:Oct 06 22:40:39 smithi089 ceph-mon[98498]: from='mgr.14118 172.21.15.89:0/1990765333' entity='mgr.x'
2023-10-06T22:40:40.197 INFO:teuthology.orchestra.run.smithi089.stdout:/usr/bin/ceph: stdout Scheduled mgr update...
2023-10-06T22:40:40.197 INFO:teuthology.orchestra.run.smithi089.stdout:/usr/bin/ceph: stderr
2023-10-06T22:40:39.513+0000 7f0fca777700 1 Processor -- start
2023-10-06T22:40:40.197 INFO:teuthology.orchestra.run.smithi089.stdout:/usr/bin/ceph: stderr
2023-10-06T22:40:39.513+0000 7f0fca777700 1 -- start start
2023-10-06T22:40:40.197 INFO:teuthology.orchestra.run.smithi089.stdout:/usr/bin/ceph: stderr
2023-10-06T22:40:39.513+0000 7f0fca777700 1 --2- >> [v2:172.21.15.89:3300/0,v1:172.21.15.89:6789/0] conn(0x7f0fc407beb0 0x7f0fc407a310 unknown :-1 s=NONE pgs=0 cs=0 l=0 rev1=0 crypto rx=0 tx=0 comp rx=0 tx=0).connect
2023-10-06T22:40:40.198 INFO:teuthology.orchestra.run.smithi089.stdout:/usr/bin/ceph: stderr
2023-10-06T22:40:39.513+0000 7f0fca777700 1 -- --> [v2:172.21.15.89:3300/0,v1:172.21.15.89:6789/0] -- mon_getmap magic: 0 v1 -- 0x7f0fc407a8e0 con 0x7f0fc407beb0
2023-10-06T22:40:40.198 INFO:teuthology.orchestra.run.smithi089.stdout:/usr/bin/ceph: stderr
2023-10-06T22:40:39.514+0000 7f0fc9775700 1 --2- >> [v2:172.21.15.89:3300/0,v1:172.21.15.89:6789/0] conn(0x7f0fc407beb0 0x7f0fc407a310 unknown :-1 s=BANNER_CONNECTING pgs=0 cs=0 l=0 rev1=0 crypto rx=0 tx=0 comp rx=0 tx=0)._handle_peer_banner_payload supported=3 required=0
2023-10-06T22:40:40.198 INFO:teuthology.orchestra.run.smithi089.stdout:/usr/bin/ceph: stderr
2023-10-06T22:40:39.514+0000 7f0fc9775700 1 --2- >> [v2:172.21.15.89:3300/0,v1:172.21.15.89:6789/0] conn(0x7f0fc407beb0 0x7f0fc407a310 unknown :-1 s=HELLO_CONNECTING pgs=0 cs=0 l=0 rev1=1 crypto rx=0 tx=0 comp rx=0 tx=0).handle_hello peer v2:172.21.15.89:3300/0 says I am v2:172.21.15.89:38078/0 (socket says 172.21.15.89:38078)
2023-10-06T22:40:40.198 INFO:teuthology.orchestra.run.smithi089.stdout:/usr/bin/ceph: stderr
2023-10-06T22:40:39.514+0000 7f0fc9775700 1 -- 172.21.15.89:0/3798340639 learned_addr learned my addr 172.21.15.89:0/3798340639 (peer_addr_for_me v2:172.21.15.89:0/0)
2023-10-06T22:40:40.198 INFO:teuthology.orchestra.run.smithi089.stdout:/usr/bin/ceph: stderr
2023-10-06T22:40:39.514+0000 7f0fc9775700 1 -- 172.21.15.89:0/3798340639 --> [v2:172.21.15.89:3300/0,v1:172.21.15.89:6789/0] -- mon_subscribe({config=0+,monmap=0+}) v3 -- 0x7f0fc407aa20 con 0x7f0fc407beb0
2023-10-06T22:40:40.198 INFO:teuthology.orchestra.run.smithi089.stdout:/usr/bin/ceph: stderr
2023-10-06T22:40:39.514+0000 7f0fc9775700 1 --2- 172.21.15.89:0/3798340639 >> [v2:172.21.15.89:3300/0,v1:172.21.15.89:6789/0] conn(0x7f0fc407beb0 0x7f0fc407a310 secure :-1 s=READY pgs=47 cs=0 l=1 rev1=1 crypto rx=0x7f0fc00098a0 tx=0x7f0fc0009bb0 comp rx=0 tx=0).ready entity=mon.0 client_cookie=f8b3f192f8a5debc server_cookie=0 in_seq=0 out_seq=0
2023-10-06T22:40:40.198 INFO:teuthology.orchestra.run.smithi089.stdout:/usr/bin/ceph: stderr
2023-10-06T22:40:39.515+0000 7f0fbbfff700 1 -- 172.21.15.89:0/3798340639 <== mon.0 v2:172.21.15.89:3300/0 1 ==== mon_map magic: 0 v1 ==== 205+0+0 (secure 0 0 0) 0x7f0fc0004160 con 0x7f0fc407beb0
2023-10-06T22:40:40.198 INFO:teuthology.orchestra.run.smithi089.stdout:/usr/bin/ceph: stderr
2023-10-06T22:40:39.515+0000 7f0fbbfff700 1 -- 172.21.15.89:0/3798340639 <== mon.0 v2:172.21.15.89:3300/0 2 ==== config(27 keys) v1 ==== 1105+0+0 (secure 0 0 0) 0x7f0fc00042c0 con 0x7f0fc407beb0
2023-10-06T22:40:40.198 INFO:teuthology.orchestra.run.smithi089.stdout:/usr/bin/ceph: stderr
2023-10-06T22:40:39.515+0000 7f0fbbfff700 1 -- 172.21.15.89:0/3798340639 <== mon.0 v2:172.21.15.89:3300/0 3 ==== mon_map magic: 0 v1 ==== 205+0+0 (secure 0 0 0) 0x7f0fc0011ab0 con 0x7f0fc407beb0
2023-10-06T22:40:40.198 INFO:teuthology.orchestra.run.smithi089.stdout:/usr/bin/ceph: stderr
2023-10-06T22:40:39.515+0000 7f0fca777700 1 -- 172.21.15.89:0/3798340639 >> [v2:172.21.15.89:3300/0,v1:172.21.15.89:6789/0] conn(0x7f0fc407beb0 msgr2=0x7f0fc407a310 secure :-1 s=STATE_CONNECTION_ESTABLISHED l=1).mark_down
2023-10-06T22:40:40.198 INFO:teuthology.orchestra.run.smithi089.stdout:/usr/bin/ceph: stderr
2023-10-06T22:40:39.515+0000 7f0fca777700 1 --2- 172.21.15.89:0/3798340639 >> [v2:172.21.15.89:3300/0,v1:172.21.15.89:6789/0] conn(0x7f0fc407beb0 0x7f0fc407a310 secure :-1 s=READY pgs=47 cs=0 l=1 rev1=1 crypto rx=0x7f0fc00098a0 tx=0x7f0fc0009bb0 comp rx=0 tx=0).stop
2023-10-06T22:40:40.199 INFO:teuthology.orchestra.run.smithi089.stdout:/usr/bin/ceph: stderr
2023-10-06T22:40:39.515+0000 7f0fca777700 1 -- 172.21.15.89:0/3798340639 shutdown_connections
2023-10-06T22:40:40.199 INFO:teuthology.orchestra.run.smithi089.stdout:/usr/bin/ceph: stderr
2023-10-06T22:40:39.515+0000 7f0fca777700 1 --2- 172.21.15.89:0/3798340639 >> [v2:172.21.15.89:3300/0,v1:172.21.15.89:6789/0] conn(0x7f0fc407beb0 0x7f0fc407a310 unknown :-1 s=CLOSED pgs=47 cs=0 l=1 rev1=1 crypto rx=0 tx=0 comp rx=0 tx=0).stop
2023-10-06T22:40:40.199 INFO:teuthology.orchestra.run.smithi089.stdout:/usr/bin/ceph: stderr
2023-10-06T22:40:39.515+0000 7f0fca777700 1 -- 172.21.15.89:0/3798340639 >> 172.21.15.89:0/3798340639 conn(0x7f0fc4101c80 msgr2=0x7f0fc41040e0 unknown :-1 s=STATE_NONE l=0).mark_down
2023-10-06T22:40:40.199 INFO:teuthology.orchestra.run.smithi089.stdout:/usr/bin/ceph: stderr
2023-10-06T22:40:39.515+0000 7f0fca777700 1 -- 172.21.15.89:0/3798340639 shutdown_connections
2023-10-06T22:40:40.199 INFO:teuthology.orchestra.run.smithi089.stdout:/usr/bin/ceph: stderr
2023-10-06T22:40:39.515+0000 7f0fca777700 1 -- 172.21.15.89:0/3798340639 wait complete.
2023-10-06T22:40:40.199 INFO:teuthology.orchestra.run.smithi089.stdout:/usr/bin/ceph: stderr
2023-10-06T22:40:39.516+0000 7f0fca777700 1 Processor -- start
2023-10-06T22:40:40.199 INFO:teuthology.orchestra.run.smithi089.stdout:/usr/bin/ceph: stderr
2023-10-06T22:40:39.517+0000 7f0fca777700 1 -- start start
2023-10-06T22:40:40.199 INFO:teuthology.orchestra.run.smithi089.stdout:/usr/bin/ceph: stderr
2023-10-06T22:40:39.517+0000 7f0fca777700 1 --2- >> [v2:172.21.15.89:3300/0,v1:172.21.15.89:6789/0] conn(0x7f0fc407beb0 0x7f0fc419c630 unknown :-1 s=NONE pgs=0 cs=0 l=1 rev1=0 crypto rx=0 tx=0 comp rx=0 tx=0).connect
2023-10-06T22:40:40.199 INFO:teuthology.orchestra.run.smithi089.stdout:/usr/bin/ceph: stderr
2023-10-06T22:40:39.517+0000 7f0fca777700 1 -- --> [v2:172.21.15.89:3300/0,v1:172.21.15.89:6789/0] -- mon_getmap magic: 0 v1 -- 0x7f0fc419cb70 con 0x7f0fc407beb0
2023-10-06T22:40:40.199 INFO:teuthology.orchestra.run.smithi089.stdout:/usr/bin/ceph: stderr
2023-10-06T22:40:39.517+0000 7f0fc9775700 1 --2- >> [v2:172.21.15.89:3300/0,v1:172.21.15.89:6789/0] conn(0x7f0fc407beb0 0x7f0fc419c630 unknown :-1 s=BANNER_CONNECTING pgs=0 cs=0 l=1 rev1=0 crypto rx=0 tx=0 comp rx=0 tx=0)._handle_peer_banner_payload supported=3 required=0
2023-10-06T22:40:40.199 INFO:teuthology.orchestra.run.smithi089.stdout:/usr/bin/ceph: stderr
2023-10-06T22:40:39.517+0000 7f0fc9775700 1 --2- >> [v2:172.21.15.89:3300/0,v1:172.21.15.89:6789/0] conn(0x7f0fc407beb0 0x7f0fc419c630 unknown :-1 s=HELLO_CONNECTING pgs=0 cs=0 l=1 rev1=1 crypto rx=0 tx=0 comp rx=0 tx=0).handle_hello peer v2:172.21.15.89:3300/0 says I am v2:172.21.15.89:38092/0 (socket says 172.21.15.89:38092)
2023-10-06T22:40:40.199 INFO:teuthology.orchestra.run.smithi089.stdout:/usr/bin/ceph: stderr
2023-10-06T22:40:39.517+0000 7f0fc9775700 1 -- 172.21.15.89:0/1679397001 learned_addr learned my addr 172.21.15.89:0/1679397001 (peer_addr_for_me v2:172.21.15.89:0/0)
2023-10-06T22:40:40.200 INFO:teuthology.orchestra.run.smithi089.stdout:/usr/bin/ceph: stderr
2023-10-06T22:40:39.517+0000 7f0fc9775700 1 -- 172.21.15.89:0/1679397001 --> [v2:172.21.15.89:3300/0,v1:172.21.15.89:6789/0] -- mon_subscribe({config=0+,monmap=0+}) v3 -- 0x7f0fc0009550 con 0x7f0fc407beb0
2023-10-06T22:40:40.200 INFO:teuthology.orchestra.run.smithi089.stdout:/usr/bin/ceph: stderr
