2023-10-14T09:02:51.442+0000 7f487bfff700 1 --2- >> [v2:172.21.15.40:3300/0,v1:172.21.15.40:6789/0] conn(0x7f487c1057c0 0x7f487c074470 unknown :-1 s=HELLO_CONNECTING pgs=0 cs=0 l=1 rev1=1 crypto rx=0 tx=0 comp rx=0 tx=0).handle_hello peer v2:172.21.15.40:3300/0 says I am v2:172.21.15.40:40252/0 (socket says 172.21.15.40:40252)
2023-10-14T09:02:52.555 INFO:teuthology.orchestra.run.smithi040.stdout:/usr/bin/ceph: stderr
2023-10-14T09:02:51.442+0000 7f487bfff700 1 -- 172.21.15.40:0/3526687324 learned_addr learned my addr 172.21.15.40:0/3526687324 (peer_addr_for_me v2:172.21.15.40:0/0)
2023-10-14T09:02:52.556 INFO:teuthology.orchestra.run.smithi040.stdout:/usr/bin/ceph: stderr
2023-10-14T09:02:51.442+0000 7f487bfff700 1 -- 172.21.15.40:0/3526687324 --> [v2:172.21.15.40:3300/0,v1:172.21.15.40:6789/0] -- mon_subscribe({config=0+,monmap=0+}) v3 -- 0x7f486c009550 con 0x7f487c1057c0
2023-10-14T09:02:52.556 INFO:teuthology.orchestra.run.smithi040.stdout:/usr/bin/ceph: stderr
2023-10-14T09:02:51.442+0000 7f487bfff700 1 --2- 172.21.15.40:0/3526687324 >> [v2:172.21.15.40:3300/0,v1:172.21.15.40:6789/0] conn(0x7f487c1057c0 0x7f487c074470 secure :-1 s=READY pgs=50 cs=0 l=1 rev1=1 crypto rx=0x7f486c003f20 tx=0x7f486c011b00 comp rx=0 tx=0).ready entity=mon.0 client_cookie=0 server_cookie=0 in_seq=0 out_seq=0
2023-10-14T09:02:52.556 INFO:teuthology.orchestra.run.smithi040.stdout:/usr/bin/ceph: stderr
2023-10-14T09:02:51.443+0000 7f48797fa700 1 -- 172.21.15.40:0/3526687324 <== mon.0 v2:172.21.15.40:3300/0 1 ==== mon_map magic: 0 v1 ==== 205+0+0 (secure 0 0 0) 0x7f486c0039e0 con 0x7f487c1057c0
2023-10-14T09:02:52.556 INFO:teuthology.orchestra.run.smithi040.stdout:/usr/bin/ceph: stderr
2023-10-14T09:02:51.443+0000 7f48797fa700 1 -- 172.21.15.40:0/3526687324 <== mon.0 v2:172.21.15.40:3300/0 2 ==== config(27 keys) v1 ==== 1139+0+0 (secure 0 0 0) 0x7f486c003b40 con 0x7f487c1057c0
2023-10-14T09:02:52.556 INFO:teuthology.orchestra.run.smithi040.stdout:/usr/bin/ceph: stderr
2023-10-14T09:02:51.443+0000 7f488290b700 1 -- 172.21.15.40:0/3526687324 --> [v2:172.21.15.40:3300/0,v1:172.21.15.40:6789/0] -- mon_subscribe({mgrmap=0+}) v3 -- 0x7f487c19d3e0 con 0x7f487c1057c0
2023-10-14T09:02:52.556 INFO:teuthology.orchestra.run.smithi040.stdout:/usr/bin/ceph: stderr
2023-10-14T09:02:51.443+0000 7f48797fa700 1 -- 172.21.15.40:0/3526687324 <== mon.0 v2:172.21.15.40:3300/0 3 ==== mon_map magic: 0 v1 ==== 205+0+0 (secure 0 0 0) 0x7f486c0247d0 con 0x7f487c1057c0
2023-10-14T09:02:52.557 INFO:teuthology.orchestra.run.smithi040.stdout:/usr/bin/ceph: stderr
2023-10-14T09:02:51.443+0000 7f488290b700 1 -- 172.21.15.40:0/3526687324 --> [v2:172.21.15.40:3300/0,v1:172.21.15.40:6789/0] -- mon_subscribe({osdmap=0}) v3 -- 0x7f487c19d880 con 0x7f487c1057c0
2023-10-14T09:02:52.557 INFO:teuthology.orchestra.run.smithi040.stdout:/usr/bin/ceph: stderr
2023-10-14T09:02:51.444+0000 7f48797fa700 1 -- 172.21.15.40:0/3526687324 <== mon.0 v2:172.21.15.40:3300/0 4 ==== mgrmap(e 8) v1 ==== 45579+0+0 (secure 0 0 0) 0x7f486c02d3f0 con 0x7f487c1057c0
2023-10-14T09:02:52.557 INFO:teuthology.orchestra.run.smithi040.stdout:/usr/bin/ceph: stderr
2023-10-14T09:02:51.444+0000 7f48797fa700 1 --2- 172.21.15.40:0/3526687324 >> [v2:172.21.15.40:6800/348445833,v1:172.21.15.40:6801/348445833] conn(0x7f4864038870 0x7f486403ad30 unknown :-1 s=NONE pgs=0 cs=0 l=1 rev1=0 crypto rx=0 tx=0 comp rx=0 tx=0).connect
2023-10-14T09:02:52.557 INFO:teuthology.orchestra.run.smithi040.stdout:/usr/bin/ceph: stderr
2023-10-14T09:02:51.444+0000 7f48797fa700 1 -- 172.21.15.40:0/3526687324 <== mon.0 v2:172.21.15.40:3300/0 5 ==== osd_map(2..2 src has 1..2) v4 ==== 940+0+0 (secure 0 0 0) 0x7f486c04d9a0 con 0x7f487c1057c0
2023-10-14T09:02:52.557 INFO:teuthology.orchestra.run.smithi040.stdout:/usr/bin/ceph: stderr
2023-10-14T09:02:51.444+0000 7f488290b700 1 -- 172.21.15.40:0/3526687324 --> [v2:172.21.15.40:3300/0,v1:172.21.15.40:6789/0] -- mon_command({"prefix": "get_command_descriptions"} v 0) v1 -- 0x7f487c109bf0 con 0x7f487c1057c0
2023-10-14T09:02:52.558 INFO:teuthology.orchestra.run.smithi040.stdout:/usr/bin/ceph: stderr
2023-10-14T09:02:51.444+0000 7f487b7fe700 1 --2- 172.21.15.40:0/3526687324 >> [v2:172.21.15.40:6800/348445833,v1:172.21.15.40:6801/348445833] conn(0x7f4864038870 0x7f486403ad30 unknown :-1 s=BANNER_CONNECTING pgs=0 cs=0 l=1 rev1=0 crypto rx=0 tx=0 comp rx=0 tx=0)._handle_peer_banner_payload supported=3 required=0
2023-10-14T09:02:52.558 INFO:teuthology.orchestra.run.smithi040.stdout:/usr/bin/ceph: stderr
2023-10-14T09:02:51.444+0000 7f487b7fe700 1 --2- 172.21.15.40:0/3526687324 >> [v2:172.21.15.40:6800/348445833,v1:172.21.15.40:6801/348445833] conn(0x7f4864038870 0x7f486403ad30 secure :-1 s=READY pgs=13 cs=0 l=1 rev1=1 crypto rx=0x7f4870006fd0 tx=0x7f4870006e40 comp rx=0 tx=0).ready entity=mgr.14120 client_cookie=0 server_cookie=0 in_seq=0 out_seq=0
2023-10-14T09:02:52.558 INFO:teuthology.orchestra.run.smithi040.stdout:/usr/bin/ceph: stderr
2023-10-14T09:02:51.449+0000 7f48797fa700 1 -- 172.21.15.40:0/3526687324 <== mon.0 v2:172.21.15.40:3300/0 6 ==== mon_command_ack([{"prefix": "get_command_descriptions"}]=0 v0) v1 ==== 72+0+180459 (secure 0 0 0) 0x7f486c02d6a0 con 0x7f487c1057c0
2023-10-14T09:02:52.558 INFO:teuthology.orchestra.run.smithi040.stdout:/usr/bin/ceph: stderr
2023-10-14T09:02:51.856+0000 7f488290b700 1 -- 172.21.15.40:0/3526687324 --> [v2:172.21.15.40:6800/348445833,v1:172.21.15.40:6801/348445833] -- mgr_command(tid 0: {"prefix": "orch apply", "service_type": "mgr", "unmanaged": true, "target": ["mon-mgr", ""]}) v1 -- 0x7f487c1021f0 con 0x7f4864038870
2023-10-14T09:02:52.558 INFO:teuthology.orchestra.run.smithi040.stdout:/usr/bin/ceph: stderr
2023-10-14T09:02:51.863+0000 7f48797fa700 1 -- 172.21.15.40:0/3526687324 <== mgr.14120 v2:172.21.15.40:6800/348445833 1 ==== mgr_command_reply(tid 0: 0 ) v1 ==== 8+0+24 (secure 0 0 0) 0x7f487c1021f0 con 0x7f4864038870
2023-10-14T09:02:52.559 INFO:teuthology.orchestra.run.smithi040.stdout:/usr/bin/ceph: stderr
2023-10-14T09:02:51.865+0000 7f488290b700 1 -- 172.21.15.40:0/3526687324 >> [v2:172.21.15.40:6800/348445833,v1:172.21.15.40:6801/348445833] conn(0x7f4864038870 msgr2=0x7f486403ad30 secure :-1 s=STATE_CONNECTION_ESTABLISHED l=1).mark_down
2023-10-14T09:02:52.559 INFO:teuthology.orchestra.run.smithi040.stdout:/usr/bin/ceph: stderr
2023-10-14T09:02:51.865+0000 7f488290b700 1 --2- 172.21.15.40:0/3526687324 >> [v2:172.21.15.40:6800/348445833,v1:172.21.15.40:6801/348445833] conn(0x7f4864038870 0x7f486403ad30 secure :-1 s=READY pgs=13 cs=0 l=1 rev1=1 crypto rx=0x7f4870006fd0 tx=0x7f4870006e40 comp rx=0 tx=0).stop
2023-10-14T09:02:52.559 INFO:teuthology.orchestra.run.smithi040.stdout:/usr/bin/ceph: stderr
2023-10-14T09:02:51.865+0000 7f488290b700 1 -- 172.21.15.40:0/3526687324 >> [v2:172.21.15.40:3300/0,v1:172.21.15.40:6789/0] conn(0x7f487c1057c0 msgr2=0x7f487c074470 secure :-1 s=STATE_CONNECTION_ESTABLISHED l=1).mark_down
2023-10-14T09:02:52.559 INFO:teuthology.orchestra.run.smithi040.stdout:/usr/bin/ceph: stderr
2023-10-14T09:02:51.865+0000 7f488290b700 1 --2- 172.21.15.40:0/3526687324 >> [v2:172.21.15.40:3300/0,v1:172.21.15.40:6789/0] conn(0x7f487c1057c0 0x7f487c074470 secure :-1 s=READY pgs=50 cs=0 l=1 rev1=1 crypto rx=0x7f486c003f20 tx=0x7f486c011b00 comp rx=0 tx=0).stop
2023-10-14T09:02:52.559 INFO:teuthology.orchestra.run.smithi040.stdout:/usr/bin/ceph: stderr
2023-10-14T09:02:51.865+0000 7f488290b700 1 -- 172.21.15.40:0/3526687324 shutdown_connections
2023-10-14T09:02:52.560 INFO:teuthology.orchestra.run.smithi040.stdout:/usr/bin/ceph: stderr
2023-10-14T09:02:51.865+0000 7f488290b700 1 --2- 172.21.15.40:0/3526687324 >> [v2:172.21.15.40:6800/348445833,v1:172.21.15.40:6801/348445833] conn(0x7f4864038870 0x7f486403ad30 unknown :-1 s=CLOSED pgs=13 cs=0 l=1 rev1=1 crypto rx=0 tx=0 comp rx=0 tx=0).stop
2023-10-14T09:02:52.560 INFO:teuthology.orchestra.run.smithi040.stdout:/usr/bin/ceph: stderr
2023-10-14T09:02:51.865+0000 7f488290b700 1 --2- 172.21.15.40:0/3526687324 >> [v2:172.21.15.40:3300/0,v1:172.21.15.40:6789/0] conn(0x7f487c1057c0 0x7f487c074470 unknown :-1 s=CLOSED pgs=50 cs=0 l=1 rev1=1 crypto rx=0 tx=0 comp rx=0 tx=0).stop
2023-10-14T09:02:52.560 INFO:teuthology.orchestra.run.smithi040.stdout:/usr/bin/ceph: stderr
2023-10-14T09:02:51.865+0000 7f488290b700 1 -- 172.21.15.40:0/3526687324 >> 172.21.15.40:0/3526687324 conn(0x7f487c100d80 msgr2=0x7f487c101ae0 unknown :-1 s=STATE_NONE l=0).mark_down
2023-10-14T09:02:52.560 INFO:teuthology.orchestra.run.smithi040.stdout:/usr/bin/ceph: stderr
2023-10-14T09:02:51.865+0000 7f488290b700 1 -- 172.21.15.40:0/3526687324 shutdown_connections
2023-10-14T09:02:52.560 INFO:teuthology.orchestra.run.smithi040.stdout:/usr/bin/ceph: stderr
2023-10-14T09:02:51.865+0000 7f488290b700 1 -- 172.21.15.40:0/3526687324 wait complete.
2023-10-14T09:02:52.727 INFO:journalctl@ceph.mon.a.smithi040.stdout:Oct 14 09:02:52 smithi040 ceph-mon[99446]: from='mgr.14120 172.21.15.40:0/1629148719' entity='mgr.x'
2023-10-14T09:02:52.727 INFO:journalctl@ceph.mon.a.smithi040.stdout:Oct 14 09:02:52 smithi040 ceph-mon[99446]: from='mgr.14120 172.21.15.40:0/1629148719' entity='mgr.x'
2023-10-14T09:02:53.727 INFO:journalctl@ceph.mon.a.smithi040.stdout:Oct 14 09:02:53 smithi040 ceph-mon[99446]: from='client.14144 -' entity='client.admin' cmd=[{"prefix": "orch apply", "service_type": "mgr", "unmanaged": true, "target": ["mon-mgr", ""]}]: dispatch
2023-10-14T09:02:53.728 INFO:journalctl@ceph.mon.a.smithi040.stdout:Oct 14 09:02:53 smithi040 ceph-mon[99446]: Saving service mgr spec with placement count:2
2023-10-14T09:02:53.728 INFO:journalctl@ceph.mon.a.smithi040.stdout:Oct 14 09:02:53 smithi040 ceph-mon[99446]: from='client.? 172.21.15.40:0/1793066842' entity='client.admin'
2023-10-14T09:02:53.804 INFO:teuthology.orchestra.run.smithi040.stdout:/usr/bin/ceph: stderr
2023-10-14T09:02:53.036+0000 7f7790946700 1 Processor -- start
2023-10-14T09:02:53.804 INFO:teuthology.orchestra.run.smithi040.stdout:/usr/bin/ceph: stderr
2023-10-14T09:02:53.036+0000 7f7790946700 1 -- start start
2023-10-14T09:02:53.804 INFO:teuthology.orchestra.run.smithi040.stdout:/usr/bin/ceph: stderr
2023-10-14T09:02:53.036+0000 7f7790946700 1 --2- >> [v2:172.21.15.40:3300/0,v1:172.21.15.40:6789/0] conn(0x7f778c107330 0x7f778c109720 unknown :-1 s=NONE pgs=0 cs=0 l=0 rev1=0 crypto rx=0 tx=0 comp rx=0 tx=0).connect
2023-10-14T09:02:53.805 INFO:teuthology.orchestra.run.smithi040.stdout:/usr/bin/ceph: stderr
2023-10-14T09:02:53.036+0000 7f7790946700 1 -- --> [v2:172.21.15.40:3300/0,v1:172.21.15.40:6789/0] -- mon_getmap magic: 0 v1 -- 0x7f778c079e90 con 0x7f778c107330
2023-10-14T09:02:53.805 INFO:teuthology.orchestra.run.smithi040.stdout:/usr/bin/ceph: stderr
2023-10-14T09:02:53.036+0000 7f778a59c700 1 --2- >> [v2:172.21.15.40:3300/0,v1:172.21.15.40:6789/0] conn(0x7f778c107330 0x7f778c109720 unknown :-1 s=BANNER_CONNECTING pgs=0 cs=0 l=0 rev1=0 crypto rx=0 tx=0 comp rx=0 tx=0)._handle_peer_banner_payload supported=3 required=0
2023-10-14T09:02:53.805 INFO:teuthology.orchestra.run.smithi040.stdout:/usr/bin/ceph: stderr
2023-10-14T09:02:53.036+0000 7f778a59c700 1 --2- >> [v2:172.21.15.40:3300/0,v1:172.21.15.40:6789/0] conn(0x7f778c107330 0x7f778c109720 unknown :-1 s=HELLO_CONNECTING pgs=0 cs=0 l=0 rev1=1 crypto rx=0 tx=0 comp rx=0 tx=0).handle_hello peer v2:172.21.15.40:3300/0 says I am v2:172.21.15.40:40256/0 (socket says 172.21.15.40:40256)
2023-10-14T09:02:53.805 INFO:teuthology.orchestra.run.smithi040.stdout:/usr/bin/ceph: stderr
2023-10-14T09:02:53.036+0000 7f778a59c700 1 -- 172.21.15.40:0/1863259150 learned_addr learned my addr 172.21.15.40:0/1863259150 (peer_addr_for_me v2:172.21.15.40:0/0)
2023-10-14T09:02:53.805 INFO:teuthology.orchestra.run.smithi040.stdout:/usr/bin/ceph: stderr
2023-10-14T09:02:53.037+0000 7f778a59c700 1 -- 172.21.15.40:0/1863259150 --> [v2:172.21.15.40:3300/0,v1:172.21.15.40:6789/0] -- mon_subscribe({config=0+,monmap=0+}) v3 -- 0x7f778c109c60 con 0x7f778c107330
2023-10-14T09:02:53.806 INFO:teuthology.orchestra.run.smithi040.stdout:/usr/bin/ceph: stderr
2023-10-14T09:02:53.037+0000 7f778a59c700 1 --2- 172.21.15.40:0/1863259150 >> [v2:172.21.15.40:3300/0,v1:172.21.15.40:6789/0] conn(0x7f778c107330 0x7f778c109720 secure :-1 s=READY pgs=51 cs=0 l=1 rev1=1 crypto rx=0x7f777c009e80 tx=0x7f777c00b330 comp rx=0 tx=0).ready entity=mon.0 client_cookie=f2168f1105bed85f server_cookie=0 in_seq=0 out_seq=0
2023-10-14T09:02:53.806 INFO:teuthology.orchestra.run.smithi040.stdout:/usr/bin/ceph: stderr
2023-10-14T09:02:53.037+0000 7f778959a700 1 -- 172.21.15.40:0/1863259150 <== mon.0 v2:172.21.15.40:3300/0 1 ==== mon_map magic: 0 v1 ==== 205+0+0 (secure 0 0 0) 0x7f777c00e070 con 0x7f778c107330
2023-10-14T09:02:53.806 INFO:teuthology.orchestra.run.smithi040.stdout:/usr/bin/ceph: stderr
2023-10-14T09:02:53.037+0000 7f778959a700 1 -- 172.21.15.40:0/1863259150 <== mon.0 v2:172.21.15.40:3300/0 2 ==== config(27 keys) v1 ==== 1139+0+0 (secure 0 0 0) 0x7f777c00b8c0 con 0x7f778c107330
2023-10-14T09:02:53.806 INFO:teuthology.orchestra.run.smithi040.stdout:/usr/bin/ceph: stderr
2023-10-14T09:02:53.037+0000 7f778959a700 1 -- 172.21.15.40:0/1863259150 <== mon.0 v2:172.21.15.40:3300/0 3 ==== mon_map magic: 0 v1 ==== 205+0+0 (secure 0 0 0) 0x7f777c0044a0 con 0x7f778c107330
2023-10-14T09:02:53.806 INFO:teuthology.orchestra.run.smithi040.stdout:/usr/bin/ceph: stderr
2023-10-14T09:02:53.038+0000 7f7790946700 1 -- 172.21.15.40:0/1863259150 >> [v2:172.21.15.40:3300/0,v1:172.21.15.40:6789/0] conn(0x7f778c107330 msgr2=0x7f778c109720 secure :-1 s=STATE_CONNECTION_ESTABLISHED l=1).mark_down
2023-10-14T09:02:53.807 INFO:teuthology.orchestra.run.smithi040.stdout:/usr/bin/ceph: stderr
2023-10-14T09:02:53.038+0000 7f7790946700 1 --2- 172.21.15.40:0/1863259150 >> [v2:172.21.15.40:3300/0,v1:172.21.15.40:6789/0] conn(0x7f778c107330 0x7f778c109720 secure :-1 s=READY pgs=51 cs=0 l=1 rev1=1 crypto rx=0x7f777c009e80 tx=0x7f777c00b330 comp rx=0 tx=0).stop
2023-10-14T09:02:53.807 INFO:teuthology.orchestra.run.smithi040.stdout:/usr/bin/ceph: stderr
2023-10-14T09:02:53.038+0000 7f7790946700 1 -- 172.21.15.40:0/1863259150 shutdown_connections
2023-10-14T09:02:53.807 INFO:teuthology.orchestra.run.smithi040.stdout:/usr/bin/ceph: stderr
2023-10-14T09:02:53.038+0000 7f7790946700 1 --2- 172.21.15.40:0/1863259150 >> [v2:172.21.15.40:3300/0,v1:172.21.15.40:6789/0] conn(0x7f778c107330 0x7f778c109720 unknown :-1 s=CLOSED pgs=51 cs=0 l=1 rev1=1 crypto rx=0 tx=0 comp rx=0 tx=0).stop
2023-10-14T09:02:53.807 INFO:teuthology.orchestra.run.smithi040.stdout:/usr/bin/ceph: stderr
2023-10-14T09:02:53.038+0000 7f7790946700 1 -- 172.21.15.40:0/1863259150 >> 172.21.15.40:0/1863259150 conn(0x7f778c100d40 msgr2=0x7f778c103180 unknown :-1 s=STATE_NONE l=0).mark_down
2023-10-14T09:02:53.807 INFO:teuthology.orchestra.run.smithi040.stdout:/usr/bin/ceph: stderr
2023-10-14T09:02:53.038+0000 7f7790946700 1 -- 172.21.15.40:0/1863259150 shutdown_connections
2023-10-14T09:02:53.807 INFO:teuthology.orchestra.run.smithi040.stdout:/usr/bin/ceph: stderr
2023-10-14T09:02:53.038+0000 7f7790946700 1 -- 172.21.15.40:0/1863259150 wait complete.
2023-10-14T09:02:53.808 INFO:teuthology.orchestra.run.smithi040.stdout:/usr/bin/ceph: stderr
2023-10-14T09:02:53.039+0000 7f7790946700 1 Processor -- start
2023-10-14T09:02:53.808 INFO:teuthology.orchestra.run.smithi040.stdout:/usr/bin/ceph: stderr
2023-10-14T09:02:53.039+0000 7f7790946700 1 -- start start
2023-10-14T09:02:53.808 INFO:teuthology.orchestra.run.smithi040.stdout:/usr/bin/ceph: stderr
2023-10-14T09:02:53.039+0000 7f7790946700 1 --2- >> [v2:172.21.15.40:3300/0,v1:172.21.15.40:6789/0] conn(0x7f778c107330 0x7f778c106c90 unknown :-1 s=NONE pgs=0 cs=0 l=1 rev1=0 crypto rx=0 tx=0 comp rx=0 tx=0).connect
2023-10-14T09:02:53.808 INFO:teuthology.orchestra.run.smithi040.stdout:/usr/bin/ceph: stderr
2023-10-14T09:02:53.039+0000 7f7790946700 1 -- --> [v2:172.21.15.40:3300/0,v1:172.21.15.40:6789/0] -- mon_getmap magic: 0 v1 -- 0x7f778c1071d0 con 0x7f778c107330
2023-10-14T09:02:53.808 INFO:teuthology.orchestra.run.smithi040.stdout:/usr/bin/ceph: stderr
2023-10-14T09:02:53.039+0000 7f778a59c700 1 --2- >> [v2:172.21.15.40:3300/0,v1:172.21.15.40:6789/0] conn(0x7f778c107330 0x7f778c106c90 unknown :-1 s=BANNER_CONNECTING pgs=0 cs=0 l=1 rev1=0 crypto rx=0 tx=0 comp rx=0 tx=0)._handle_peer_banner_payload supported=3 required=0
2023-10-14T09:02:53.809 INFO:teuthology.orchestra.run.smithi040.stdout:/usr/bin/ceph: stderr
2023-10-14T09:02:53.039+0000 7f778a59c700 1 --2- >> [v2:172.21.15.40:3300/0,v1:172.21.15.40:6789/0] conn(0x7f778c107330 0x7f778c106c90 unknown :-1 s=HELLO_CONNECTING pgs=0 cs=0 l=1 rev1=1 crypto rx=0 tx=0 comp rx=0 tx=0).handle_hello peer v2:172.21.15.40:3300/0 says I am v2:172.21.15.40:40258/0 (socket says 172.21.15.40:40258)
2023-10-14T09:02:53.809 INFO:teuthology.orchestra.run.smithi040.stdout:/usr/bin/ceph: stderr
2023-10-14T09:02:53.039+0000 7f778a59c700 1 -- 172.21.15.40:0/1793066842 learned_addr learned my addr 172.21.15.40:0/1793066842 (peer_addr_for_me v2:172.21.15.40:0/0)
2023-10-14T09:02:53.809 INFO:teuthology.orchestra.run.smithi040.stdout:/usr/bin/ceph: stderr
2023-10-14T09:02:53.039+0000 7f778a59c700 1 -- 172.21.15.40:0/1793066842 --> [v2:172.21.15.40:3300/0,v1:172.21.15.40:6789/0] -- mon_subscribe({config=0+,monmap=0+}) v3 -- 0x7f777c009b30 con 0x7f778c107330
2023-10-14T09:02:53.809 INFO:teuthology.orchestra.run.smithi040.stdout:/usr/bin/ceph: stderr
2023-10-14T09:02:53.039+0000 7f778a59c700 1 --2- 172.21.15.40:0/1793066842 >> [v2:172.21.15.40:3300/0,v1:172.21.15.40:6789/0] conn(0x7f778c107330 0x7f778c106c90 secure :-1 s=READY pgs=52 cs=0 l=1 rev1=1 crypto rx=0x7f777c004110 tx=0x7f777c00bd80 comp rx=0 tx=0).ready entity=mon.0 client_cookie=0 server_cookie=0 in_seq=0 out_seq=0
2023-10-14T09:02:53.809 INFO:teuthology.orchestra.run.smithi040.stdout:/usr/bin/ceph: stderr
2023-10-14T09:02:53.040+0000 7f77837fe700 1 -- 172.21.15.40:0/1793066842 <== mon.0 v2:172.21.15.40:3300/0 1 ==== mon_map magic: 0 v1 ==== 205+0+0 (secure 0 0 0) 0x7f777c00e040 con 0x7f778c107330
2023-10-14T09:02:53.810 INFO:teuthology.orchestra.run.smithi040.stdout:/usr/bin/ceph: stderr
2023-10-14T09:02:53.040+0000 7f7790946700 1 -- 172.21.15.40:0/1793066842 --> [v2:172.21.15.40:3300/0,v1:172.21.15.40:6789/0] -- mon_subscribe({mgrmap=0+}) v3 -- 0x7f778c1052e0 con 0x7f778c107330
2023-10-14T09:02:53.810 INFO:teuthology.orchestra.run.smithi040.stdout:/usr/bin/ceph: stderr
2023-10-14T09:02:53.040+0000 7f77837fe700 1 -- 172.21.15.40:0/1793066842 <== mon.0 v2:172.21.15.40:3300/0 2 ==== config(27 keys) v1 ==== 1139+0+0 (secure 0 0 0) 0x7f777c003de0 con 0x7f778c107330
2023-10-14T09:02:53.810 INFO:teuthology.orchestra.run.smithi040.stdout:/usr/bin/ceph: stderr
2023-10-14T09:02:53.040+0000 7f77837fe700 1 -- 172.21.15.40:0/1793066842 <== mon.0 v2:172.21.15.40:3300/0 3 ==== mon_map magic: 0 v1 ==== 205+0+0 (secure 0 0 0) 0x7f777c01c7d0 con 0x7f778c107330
2023-10-14T09:02:53.810 INFO:teuthology.orchestra.run.smithi040.stdout:/usr/bin/ceph: stderr
2023-10-14T09:02:53.040+0000 7f7790946700 1 -- 172.21.15.40:0/1793066842 --> [v2:172.21.15.40:3300/0,v1:172.21.15.40:6789/0] -- mon_subscribe({osdmap=0}) v3 -- 0x7f778c1057e0 con 0x7f778c107330
2023-10-14T09:02:53.810 INFO:teuthology.orchestra.run.smithi040.stdout:/usr/bin/ceph: stderr
2023-10-14T09:02:53.041+0000 7f77837fe700 1 -- 172.21.15.40:0/1793066842 <== mon.0 v2:172.21.15.40:3300/0 4 ==== mgrmap(e 8) v1 ==== 45579+0+0 (secure 0 0 0) 0x7f777c01ca90 con 0x7f778c107330
2023-10-14T09:02:53.811 INFO:teuthology.orchestra.run.smithi040.stdout:/usr/bin/ceph: stderr
2023-10-14T09:02:53.041+0000 7f77837fe700 1 --2- 172.21.15.40:0/1793066842 >> [v2:172.21.15.40:6800/348445833,v1:172.21.15.40:6801/348445833] conn(0x7f77780387d0 0x7f777803ac90 unknown :-1 s=NONE pgs=0 cs=0 l=1 rev1=0 crypto rx=0 tx=0 comp rx=0 tx=0).connect
2023-10-14T09:02:53.811 INFO:teuthology.orchestra.run.smithi040.stdout:/usr/bin/ceph: stderr
2023-10-14T09:02:53.041+0000 7f77837fe700 1 -- 172.21.15.40:0/1793066842 <== mon.0 v2:172.21.15.40:3300/0 5 ==== osd_map(2..2 src has 1..2) v4 ==== 940+0+0 (secure 0 0 0) 0x7f777c04c900 con 0x7f778c107330
2023-10-14T09:02:53.811 INFO:teuthology.orchestra.run.smithi040.stdout:/usr/bin/ceph: stderr
2023-10-14T09:02:53.041+0000 7f77817fa700 1 -- 172.21.15.40:0/1793066842 --> [v2:172.21.15.40:3300/0,v1:172.21.15.40:6789/0] -- mon_command({"prefix": "get_command_descriptions"} v 0) v1 -- 0x7f77700052f0 con 0x7f778c107330
2023-10-14T09:02:53.811 INFO:teuthology.orchestra.run.smithi040.stdout:/usr/bin/ceph: stderr
2023-10-14T09:02:53.041+0000 7f7789d9b700 1 --2- 172.21.15.40:0/1793066842 >> [v2:172.21.15.40:6800/348445833,v1:172.21.15.40:6801/348445833] conn(0x7f77780387d0 0x7f777803ac90 unknown :-1 s=BANNER_CONNECTING pgs=0 cs=0 l=1 rev1=0 crypto rx=0 tx=0 comp rx=0 tx=0)._handle_peer_banner_payload supported=3 required=0
2023-10-14T09:02:53.811 INFO:teuthology.orchestra.run.smithi040.stdout:/usr/bin/ceph: stderr
2023-10-14T09:02:53.041+0000 7f7789d9b700 1 --2- 172.21.15.40:0/1793066842 >> [v2:172.21.15.40:6800/348445833,v1:172.21.15.40:6801/348445833] conn(0x7f77780387d0 0x7f777803ac90 secure :-1 s=READY pgs=14 cs=0 l=1 rev1=1 crypto rx=0x7f7774006fd0 tx=0x7f7774006e40 comp rx=0 tx=0).ready entity=mgr.14120 client_cookie=0 server_cookie=0 in_seq=0 out_seq=0
2023-10-14T09:02:53.812 INFO:teuthology.orchestra.run.smithi040.stdout:/usr/bin/ceph: stderr
2023-10-14T09:02:53.046+0000 7f77837fe700 1 -- 172.21.15.40:0/1793066842 <== mon.0 v2:172.21.15.40:3300/0 6 ==== mon_command_ack([{"prefix": "get_command_descriptions"}]=0 v0) v1 ==== 72+0+180459 (secure 0 0 0) 0x7f777c017070 con 0x7f778c107330
2023-10-14T09:02:53.812 INFO:teuthology.orchestra.run.smithi040.stdout:/usr/bin/ceph: stderr
2023-10-14T09:02:53.412+0000 7f77817fa700 1 -- 172.21.15.40:0/1793066842 --> [v2:172.21.15.40:3300/0,v1:172.21.15.40:6789/0] -- mon_command([{prefix=config set, name=mgr/cephadm/container_init}] v 0) v1 -- 0x7f7770005160 con 0x7f778c107330
2023-10-14T09:02:53.812 INFO:teuthology.orchestra.run.smithi040.stdout:/usr/bin/ceph: stderr
2023-10-14T09:02:53.415+0000 7f77837fe700 1 -- 172.21.15.40:0/1793066842 <== mon.0 v2:172.21.15.40:3300/0 7 ==== mon_command_ack([{prefix=config set, name=mgr/cephadm/container_init}]=0 v7)=0 v7) v1 ==== 142+0+0 (secure 0 0 0) 0x7f777c020030 con 0x7f778c107330
2023-10-14T09:02:53.812 INFO:teuthology.orchestra.run.smithi040.stdout:/usr/bin/ceph: stderr
2023-10-14T09:02:53.417+0000 7f77817fa700 1 -- 172.21.15.40:0/1793066842 >> [v2:172.21.15.40:6800/348445833,v1:172.21.15.40:6801/348445833] conn(0x7f77780387d0 msgr2=0x7f777803ac90 secure :-1 s=STATE_CONNECTION_ESTABLISHED l=1).mark_down
2023-10-14T09:02:53.812 INFO:teuthology.orchestra.run.smithi040.stdout:/usr/bin/ceph: stderr
2023-10-14T09:02:53.417+0000 7f77817fa700 1 --2- 172.21.15.40:0/1793066842 >> [v2:172.21.15.40:6800/348445833,v1:172.21.15.40:6801/348445833] conn(0x7f77780387d0 0x7f777803ac90 secure :-1 s=READY pgs=14 cs=0 l=1 rev1=1 crypto rx=0x7f7774006fd0 tx=0x7f7774006e40 comp rx=0 tx=0).stop
2023-10-14T09:02:53.812 INFO:teuthology.orchestra.run.smithi040.stdout:/usr/bin/ceph: stderr
2023-10-14T09:02:53.417+0000 7f77817fa700 1 -- 172.21.15.40:0/1793066842 >> [v2:172.21.15.40:3300/0,v1:172.21.15.40:6789/0] conn(0x7f778c107330 msgr2=0x7f778c106c90 secure :-1 s=STATE_CONNECTION_ESTABLISHED l=1).mark_down
2023-10-14T09:02:53.813 INFO:teuthology.orchestra.run.smithi040.stdout:/usr/bin/ceph: stderr
2023-10-14T09:02:53.417+0000 7f77817fa700 1 --2- 172.21.15.40:0/1793066842 >> [v2:172.21.15.40:3300/0,v1:172.21.15.40:6789/0] conn(0x7f778c107330 0x7f778c106c90 secure :-1 s=READY pgs=52 cs=0 l=1 rev1=1 crypto rx=0x7f777c004110 tx=0x7f777c00bd80 comp rx=0 tx=0).stop
2023-10-14T09:02:53.813 INFO:teuthology.orchestra.run.smithi040.stdout:/usr/bin/ceph: stderr
2023-10-14T09:02:53.417+0000 7f77817fa700 1 -- 172.21.15.40:0/1793066842 shutdown_connections
2023-10-14T09:02:53.813 INFO:teuthology.orchestra.run.smithi040.stdout:/usr/bin/ceph: stderr
2023-10-14T09:02:53.417+0000 7f77817fa700 1 --2- 172.21.15.40:0/1793066842 >> [v2:172.21.15.40:6800/348445833,v1:172.21.15.40:6801/348445833] conn(0x7f77780387d0 0x7f777803ac90 unknown :-1 s=CLOSED pgs=14 cs=0 l=1 rev1=1 crypto rx=0 tx=0 comp rx=0 tx=0).stop
2023-10-14T09:02:53.813 INFO:teuthology.orchestra.run.smithi040.stdout:/usr/bin/ceph: stderr
2023-10-14T09:02:53.418+0000 7f77817fa700 1 --2- 172.21.15.40:0/1793066842 >> [v2:172.21.15.40:3300/0,v1:172.21.15.40:6789/0] conn(0x7f778c107330 0x7f778c106c90 unknown :-1 s=CLOSED pgs=52 cs=0 l=1 rev1=1 crypto rx=0 tx=0 comp rx=0 tx=0).stop
2023-10-14T09:02:53.813 INFO:teuthology.orchestra.run.smithi040.stdout:/usr/bin/ceph: stderr
2023-10-14T09:02:53.418+0000 7f77817fa700 1 -- 172.21.15.40:0/1793066842 >> 172.21.15.40:0/1793066842 conn(0x7f778c100d40 msgr2=0x7f778c101ab0 unknown :-1 s=STATE_NONE l=0).mark_down
2023-10-14T09:02:53.814 INFO:teuthology.orchestra.run.smithi040.stdout:/usr/bin/ceph: stderr
2023-10-14T09:02:53.418+0000 7f77817fa700 1 -- 172.21.15.40:0/1793066842 shutdown_connections
2023-10-14T09:02:53.814 INFO:teuthology.orchestra.run.smithi040.stdout:/usr/bin/ceph: stderr
2023-10-14T09:02:53.418+0000 7f77817fa700 1 -- 172.21.15.40:0/1793066842 wait complete.
2023-10-14T09:02:54.855 INFO:journalctl@ceph.mon.a.smithi040.stdout:Oct 14 09:02:54 smithi040 ceph-mon[99446]: from='mgr.14120 172.21.15.40:0/1629148719' entity='mgr.x'
2023-10-14T09:02:55.149 INFO:teuthology.orchestra.run.smithi040.stdout:/usr/bin/ceph: stderr
2023-10-14T09:02:54.320+0000 7f99a52d2700 1 Processor -- start
2023-10-14T09:02:55.149 INFO:teuthology.orchestra.run.smithi040.stdout:/usr/bin/ceph: stderr
2023-10-14T09:02:54.320+0000 7f99a52d2700 1 -- start start
2023-10-14T09:02:55.150 INFO:teuthology.orchestra.run.smithi040.stdout:/usr/bin/ceph: stderr
2023-10-14T09:02:54.320+0000 7f99a52d2700 1 --2- >> [v2:172.21.15.40:3300/0,v1:172.21.15.40:6789/0] conn(0x7f99a01057c0 0x7f99a0105be0 unknown :-1 s=NONE pgs=0 cs=0 l=0 rev1=0 crypto rx=0 tx=0 comp rx=0 tx=0).connect
2023-10-14T09:02:55.150 INFO:teuthology.orchestra.run.smithi040.stdout:/usr/bin/ceph: stderr
2023-10-14T09:02:54.320+0000 7f99a52d2700 1 -- --> [v2:172.21.15.40:3300/0,v1:172.21.15.40:6789/0] -- mon_getmap magic: 0 v1 -- 0x7f99a01061b0 con 0x7f99a01057c0
2023-10-14T09:02:55.150 INFO:teuthology.orchestra.run.smithi040.stdout:/usr/bin/ceph: stderr
2023-10-14T09:02:54.320+0000 7f999effd700 1 --2- >> [v2:172.21.15.40:3300/0,v1:172.21.15.40:6789/0] conn(0x7f99a01057c0 0x7f99a0105be0 unknown :-1 s=BANNER_CONNECTING pgs=0 cs=0 l=0 rev1=0 crypto rx=0 tx=0 comp rx=0 tx=0)._handle_peer_banner_payload supported=3 required=0
2023-10-14T09:02:55.150 INFO:teuthology.orchestra.run.smithi040.stdout:/usr/bin/ceph: stderr
2023-10-14T09:02:54.321+0000 7f999effd700 1 --2- >> [v2:172.21.15.40:3300/0,v1:172.21.15.40:6789/0] conn(0x7f99a01057c0 0x7f99a0105be0 unknown :-1 s=HELLO_CONNECTING pgs=0 cs=0 l=0 rev1=1 crypto rx=0 tx=0 comp rx=0 tx=0).handle_hello peer v2:172.21.15.40:3300/0 says I am v2:172.21.15.40:40262/0 (socket says 172.21.15.40:40262)
2023-10-14T09:02:55.150 INFO:teuthology.orchestra.run.smithi040.stdout:/usr/bin/ceph: stderr
2023-10-14T09:02:54.321+0000 7f999effd700 1 -- 172.21.15.40:0/1387955155 learned_addr learned my addr 172.21.15.40:0/1387955155 (peer_addr_for_me v2:172.21.15.40:0/0)
2023-10-14T09:02:55.151 INFO:teuthology.orchestra.run.smithi040.stdout:/usr/bin/ceph: stderr
2023-10-14T09:02:54.321+0000 7f999effd700 1 -- 172.21.15.40:0/1387955155 --> [v2:172.21.15.40:3300/0,v1:172.21.15.40:6789/0] -- mon_subscribe({config=0+,monmap=0+}) v3 -- 0x7f99a01069c0 con 0x7f99a01057c0
2023-10-14T09:02:55.151 INFO:teuthology.orchestra.run.smithi040.stdout:/usr/bin/ceph: stderr
2023-10-14T09:02:54.321+0000 7f999effd700 1 --2- 172.21.15.40:0/1387955155 >> [v2:172.21.15.40:3300/0,v1:172.21.15.40:6789/0] conn(0x7f99a01057c0 0x7f99a0105be0 secure :-1 s=READY pgs=53 cs=0 l=1 rev1=1 crypto rx=0x7f99900098a0 tx=0x7f9990009bb0 comp rx=0 tx=0).ready entity=mon.0 client_cookie=f1f852f904413150 server_cookie=0 in_seq=0 out_seq=0
2023-10-14T09:02:55.151 INFO:teuthology.orchestra.run.smithi040.stdout:/usr/bin/ceph: stderr
2023-10-14T09:02:54.321+0000 7f999dffb700 1 -- 172.21.15.40:0/1387955155 <== mon.0 v2:172.21.15.40:3300/0 1 ==== mon_map magic: 0 v1 ==== 205+0+0 (secure 0 0 0) 0x7f9990004160 con 0x7f99a01057c0
2023-10-14T09:02:55.151 INFO:teuthology.orchestra.run.smithi040.stdout:/usr/bin/ceph: stderr
2023-10-14T09:02:54.321+0000 7f999dffb700 1 -- 172.21.15.40:0/1387955155 <== mon.0 v2:172.21.15.40:3300/0 2 ==== config(27 keys) v1 ==== 1139+0+0 (secure 0 0 0) 0x7f99900042c0 con 0x7f99a01057c0
2023-10-14T09:02:55.151 INFO:teuthology.orchestra.run.smithi040.stdout:/usr/bin/ceph: stderr
2023-10-14T09:02:54.321+0000 7f999dffb700 1 -- 172.21.15.40:0/1387955155 <== mon.0 v2:172.21.15.40:3300/0 3 ==== mon_map magic: 0 v1 ==== 205+0+0 (secure 0 0 0) 0x7f9990011a80 con 0x7f99a01057c0
2023-10-14T09:02:55.152 INFO:teuthology.orchestra.run.smithi040.stdout:/usr/bin/ceph: stderr
2023-10-14T09:02:54.322+0000 7f99a52d2700 1 -- 172.21.15.40:0/1387955155 >> [v2:172.21.15.40:3300/0,v1:172.21.15.40:6789/0] conn(0x7f99a01057c0 msgr2=0x7f99a0105be0 secure :-1 s=STATE_CONNECTION_ESTABLISHED l=1).mark_down
2023-10-14T09:02:55.152 INFO:teuthology.orchestra.run.smithi040.stdout:/usr/bin/ceph: stderr
2023-10-14T09:02:54.322+0000 7f99a52d2700 1 --2- 172.21.15.40:0/1387955155 >> [v2:172.21.15.40:3300/0,v1:172.21.15.40:6789/0] conn(0x7f99a01057c0 0x7f99a0105be0 secure :-1 s=READY pgs=53 cs=0 l=1 rev1=1 crypto rx=0x7f99900098a0 tx=0x7f9990009bb0 comp rx=0 tx=0).stop
2023-10-14T09:02:55.152 INFO:teuthology.orchestra.run.smithi040.stdout:/usr/bin/ceph: stderr
2023-10-14T09:02:54.322+0000 7f99a52d2700 1 -- 172.21.15.40:0/1387955155 shutdown_connections
2023-10-14T09:02:55.152 INFO:teuthology.orchestra.run.smithi040.stdout:/usr/bin/ceph: stderr
2023-10-14T09:02:54.322+0000 7f99a52d2700 1 --2- 172.21.15.40:0/1387955155 >> [v2:172.21.15.40:3300/0,v1:172.21.15.40:6789/0] conn(0x7f99a01057c0 0x7f99a0105be0 unknown :-1 s=CLOSED pgs=53 cs=0 l=1 rev1=1 crypto rx=0 tx=0 comp rx=0 tx=0).stop
2023-10-14T09:02:55.152 INFO:teuthology.orchestra.run.smithi040.stdout:/usr/bin/ceph: stderr
2023-10-14T09:02:54.322+0000 7f99a52d2700 1 -- 172.21.15.40:0/1387955155 >> 172.21.15.40:0/1387955155 conn(0x7f99a0100d40 msgr2=0x7f99a01031a0 unknown :-1 s=STATE_NONE l=0).mark_down
2023-10-14T09:02:55.153 INFO:teuthology.orchestra.run.smithi040.stdout:/usr/bin/ceph: stderr
2023-10-14T09:02:54.322+0000 7f99a52d2700 1 -- 172.21.15.40:0/1387955155 shutdown_connections
2023-10-14T09:02:55.153 INFO:teuthology.orchestra.run.smithi040.stdout:/usr/bin/ceph: stderr
2023-10-14T09:02:54.322+0000 7f99a52d2700 1 -- 172.21.15.40:0/1387955155 wait complete.
2023-10-14T09:02:55.153 INFO:teuthology.orchestra.run.smithi040.stdout:/usr/bin/ceph: stderr
2023-10-14T09:02:54.323+0000 7f99a52d2700 1 Processor -- start
2023-10-14T09:02:55.153 INFO:teuthology.orchestra.run.smithi040.stdout:/usr/bin/ceph: stderr
2023-10-14T09:02:54.323+0000 7f99a52d2700 1 -- start start
2023-10-14T09:02:55.153 INFO:teuthology.orchestra.run.smithi040.stdout:/usr/bin/ceph: stderr
2023-10-14T09:02:54.323+0000 7f99a52d2700 1 --2- >> [v2:172.21.15.40:3300/0,v1:172.21.15.40:6789/0] conn(0x7f99a01057c0 0x7f99a0199460 unknown :-1 s=NONE pgs=0 cs=0 l=1 rev1=0 crypto rx=0 tx=0 comp rx=0 tx=0).connect
2023-10-14T09:02:55.153 INFO:teuthology.orchestra.run.smithi040.stdout:/usr/bin/ceph: stderr
2023-10-14T09:02:54.323+0000 7f99a52d2700 1 -- --> [v2:172.21.15.40:3300/0,v1:172.21.15.40:6789/0] -- mon_getmap magic: 0 v1 -- 0x7f99a01999a0 con 0x7f99a01057c0
2023-10-14T09:02:55.154 INFO:teuthology.orchestra.run.smithi040.stdout:/usr/bin/ceph: stderr
2023-10-14T09:02:54.323+0000 7f999effd700 1 --2- >> [v2:172.21.15.40:3300/0,v1:172.21.15.40:6789/0] conn(0x7f99a01057c0 0x7f99a0199460 unknown :-1 s=BANNER_CONNECTING pgs=0 cs=0 l=1 rev1=0 crypto rx=0 tx=0 comp rx=0 tx=0)._handle_peer_banner_payload supported=3 required=0
2023-10-14T09:02:55.154 INFO:teuthology.orchestra.run.smithi040.stdout:/usr/bin/ceph: stderr
2023-10-14T09:02:54.323+0000 7f999effd700 1 --2- >> [v2:172.21.15.40:3300/0,v1:172.21.15.40:6789/0] conn(0x7f99a01057c0 0x7f99a0199460 unknown :-1 s=HELLO_CONNECTING pgs=0 cs=0 l=1 rev1=1 crypto rx=0 tx=0 comp rx=0 tx=0).handle_hello peer v2:172.21.15.40:3300/0 says I am v2:172.21.15.40:40264/0 (socket says 172.21.15.40:40264)
2023-10-14T09:02:55.154 INFO:teuthology.orchestra.run.smithi040.stdout:/usr/bin/ceph: stderr
2023-10-14T09:02:54.323+0000 7f999effd700 1 -- 172.21.15.40:0/2548498407 learned_addr learned my addr 172.21.15.40:0/2548498407 (peer_addr_for_me v2:172.21.15.40:0/0)
2023-10-14T09:02:55.154 INFO:teuthology.orchestra.run.smithi040.stdout:/usr/bin/ceph: stderr
2023-10-14T09:02:54.323+0000 7f999effd700 1 -- 172.21.15.40:0/2548498407 --> [v2:172.21.15.40:3300/0,v1:172.21.15.40:6789/0] -- mon_subscribe({config=0+,monmap=0+}) v3 -- 0x7f9990009550 con 0x7f99a01057c0
2023-10-14T09:02:55.154 INFO:teuthology.orchestra.run.smithi040.stdout:/usr/bin/ceph: stderr
2023-10-14T09:02:54.324+0000 7f999effd700 1 --2- 172.21.15.40:0/2548498407 >> [v2:172.21.15.40:3300/0,v1:172.21.15.40:6789/0] conn(0x7f99a01057c0 0x7f99a0199460 secure :-1 s=READY pgs=54 cs=0 l=1 rev1=1 crypto rx=0x7f9990003f20 tx=0x7f9990011b00 comp rx=0 tx=0).ready entity=mon.0 client_cookie=0 server_cookie=0 in_seq=0 out_seq=0
2023-10-14T09:02:55.155 INFO:teuthology.orchestra.run.smithi040.stdout:/usr/bin/ceph: stderr
2023-10-14T09:02:54.324+0000 7f9987fff700 1 -- 172.21.15.40:0/2548498407 <== mon.0 v2:172.21.15.40:3300/0 1 ==== mon_map magic: 0 v1 ==== 205+0+0 (secure 0 0 0) 0x7f99900039e0 con 0x7f99a01057c0
2023-10-14T09:02:55.155 INFO:teuthology.orchestra.run.smithi040.stdout:/usr/bin/ceph: stderr
2023-10-14T09:02:54.324+0000 7f99a52d2700 1 -- 172.21.15.40:0/2548498407 --> [v2:172.21.15.40:3300/0,v1:172.21.15.40:6789/0] -- mon_subscribe({mgrmap=0+}) v3 -- 0x7f99a0199ba0 con 0x7f99a01057c0
2023-10-14T09:02:55.155 INFO:teuthology.orchestra.run.smithi040.stdout:/usr/bin/ceph: stderr
2023-10-14T09:02:54.324+0000 7f9987fff700 1 -- 172.21.15.40:0/2548498407 <== mon.0 v2:172.21.15.40:3300/0 2 ==== config(27 keys) v1 ==== 1139+0+0 (secure 0 0 0) 0x7f9990003b40 con 0x7f99a01057c0
2023-10-14T09:02:55.155 INFO:teuthology.orchestra.run.smithi040.stdout:/usr/bin/ceph: stderr
2023-10-14T09:02:54.324+0000 7f9987fff700 1 -- 172.21.15.40:0/2548498407 <== mon.0 v2:172.21.15.40:3300/0 3 ==== mon_map magic: 0 v1 ==== 205+0+0 (secure 0 0 0) 0x7f9990024710 con 0x7f99a01057c0
2023-10-14T09:02:55.155 INFO:teuthology.orchestra.run.smithi040.stdout:/usr/bin/ceph: stderr
2023-10-14T09:02:54.324+0000 7f99a52d2700 1 -- 172.21.15.40:0/2548498407 --> [v2:172.21.15.40:3300/0,v1:172.21.15.40:6789/0] -- mon_subscribe({osdmap=0}) v3 -- 0x7f99a019a040 con 0x7f99a01057c0
2023-10-14T09:02:55.156 INFO:teuthology.orchestra.run.smithi040.stdout:/usr/bin/ceph: stderr
2023-10-14T09:02:54.325+0000 7f9987fff700 1 -- 172.21.15.40:0/2548498407 <== mon.0 v2:172.21.15.40:3300/0 4 ==== mgrmap(e 8) v1 ==== 45579+0+0 (secure 0 0 0) 0x7f999001a430 con 0x7f99a01057c0
2023-10-14T09:02:55.156 INFO:teuthology.orchestra.run.smithi040.stdout:/usr/bin/ceph: stderr
2023-10-14T09:02:54.325+0000 7f99a52d2700 1 -- 172.21.15.40:0/2548498407 --> [v2:172.21.15.40:3300/0,v1:172.21.15.40:6789/0] -- mon_command({"prefix": "get_command_descriptions"} v 0) v1 -- 0x7f99a0109bf0 con 0x7f99a01057c0
2023-10-14T09:02:55.156 INFO:teuthology.orchestra.run.smithi040.stdout:/usr/bin/ceph: stderr
2023-10-14T09:02:54.325+0000 7f9987fff700 1 --2- 172.21.15.40:0/2548498407 >> [v2:172.21.15.40:6800/348445833,v1:172.21.15.40:6801/348445833] conn(0x7f99880387d0 0x7f998803ac90 unknown :-1 s=NONE pgs=0 cs=0 l=1 rev1=0 crypto rx=0 tx=0 comp rx=0 tx=0).connect
2023-10-14T09:02:55.156 INFO:teuthology.orchestra.run.smithi040.stdout:/usr/bin/ceph: stderr
2023-10-14T09:02:54.325+0000 7f9987fff700 1 -- 172.21.15.40:0/2548498407 <== mon.0 v2:172.21.15.40:3300/0 5 ==== osd_map(2..2 src has 1..2) v4 ==== 940+0+0 (secure 0 0 0) 0x7f999004ca20 con 0x7f99a01057c0
2023-10-14T09:02:55.156 INFO:teuthology.orchestra.run.smithi040.stdout:/usr/bin/ceph: stderr
2023-10-14T09:02:54.325+0000 7f999e7fc700 1 --2- 172.21.15.40:0/2548498407 >> [v2:172.21.15.40:6800/348445833,v1:172.21.15.40:6801/348445833] conn(0x7f99880387d0 0x7f998803ac90 unknown :-1 s=BANNER_CONNECTING pgs=0 cs=0 l=1 rev1=0 crypto rx=0 tx=0 comp rx=0 tx=0)._handle_peer_banner_payload supported=3 required=0
2023-10-14T09:02:55.156 INFO:teuthology.orchestra.run.smithi040.stdout:/usr/bin/ceph: stderr
2023-10-14T09:02:54.326+0000 7f999e7fc700 1 --2- 172.21.15.40:0/2548498407 >> [v2:172.21.15.40:6800/348445833,v1:172.21.15.40:6801/348445833] conn(0x7f99880387d0 0x7f998803ac90 secure :-1 s=READY pgs=15 cs=0 l=1 rev1=1 crypto rx=0x7f9994006fd0 tx=0x7f9994006e40 comp rx=0 tx=0).ready entity=mgr.14120 client_cookie=0 server_cookie=0 in_seq=0 out_seq=0
2023-10-14T09:02:55.157 INFO:teuthology.orchestra.run.smithi040.stdout:/usr/bin/ceph: stderr
2023-10-14T09:02:54.330+0000 7f9987fff700 1 -- 172.21.15.40:0/2548498407 <== mon.0 v2:172.21.15.40:3300/0 6 ==== mon_command_ack([{"prefix": "get_command_descriptions"}]=0 v0) v1 ==== 72+0+180459 (secure 0 0 0) 0x7f9990018350 con 0x7f99a01057c0
2023-10-14T09:02:55.157 INFO:teuthology.orchestra.run.smithi040.stdout:/usr/bin/ceph: stderr
2023-10-14T09:02:54.705+0000 7f99a52d2700 1 -- 172.21.15.40:0/2548498407 --> [v2:172.21.15.40:3300/0,v1:172.21.15.40:6789/0] -- mon_command([{prefix=config set, name=mgr/dashboard/ssl_server_port}] v 0) v1 -- 0x7f99a0109e60 con 0x7f99a01057c0
2023-10-14T09:02:55.157 INFO:teuthology.orchestra.run.smithi040.stdout:/usr/bin/ceph: stderr
2023-10-14T09:02:54.710+0000 7f9987fff700 1 -- 172.21.15.40:0/2548498407 <== mon.0 v2:172.21.15.40:3300/0 7 ==== mon_command_ack([{prefix=config set, name=mgr/dashboard/ssl_server_port}]=0 v8)=0 v8) v1 ==== 130+0+0 (secure 0 0 0) 0x7f999000ba80 con 0x7f99a01057c0
2023-10-14T09:02:55.157 INFO:teuthology.orchestra.run.smithi040.stdout:/usr/bin/ceph: stderr
2023-10-14T09:02:54.713+0000 7f99a52d2700 1 -- 172.21.15.40:0/2548498407 >> [v2:172.21.15.40:6800/348445833,v1:172.21.15.40:6801/348445833] conn(0x7f99880387d0 msgr2=0x7f998803ac90 secure :-1 s=STATE_CONNECTION_ESTABLISHED l=1).mark_down
2023-10-14T09:02:55.157 INFO:teuthology.orchestra.run.smithi040.stdout:/usr/bin/ceph: stderr
2023-10-14T09:02:54.713+0000 7f99a52d2700 1 --2- 172.21.15.40:0/2548498407 >> [v2:172.21.15.40:6800/348445833,v1:172.21.15.40:6801/348445833] conn(0x7f99880387d0 0x7f998803ac90 secure :-1 s=READY pgs=15 cs=0 l=1 rev1=1 crypto rx=0x7f9994006fd0 tx=0x7f9994006e40 comp rx=0 tx=0).stop
2023-10-14T09:02:55.157 INFO:teuthology.orchestra.run.smithi040.stdout:/usr/bin/ceph: stderr
2023-10-14T09:02:54.713+0000 7f99a52d2700 1 -- 172.21.15.40:0/2548498407 >> [v2:172.21.15.40:3300/0,v1:172.21.15.40:6789/0] conn(0x7f99a01057c0 msgr2=0x7f99a0199460 secure :-1 s=STATE_CONNECTION_ESTABLISHED l=1).mark_down
2023-10-14T09:02:55.158 INFO:teuthology.orchestra.run.smithi040.stdout:/usr/bin/ceph: stderr
2023-10-14T09:02:54.713+0000 7f99a52d2700 1 --2- 172.21.15.40:0/2548498407 >> [v2:172.21.15.40:3300/0,v1:172.21.15.40:6789/0] conn(0x7f99a01057c0 0x7f99a0199460 secure :-1 s=READY pgs=54 cs=0 l=1 rev1=1 crypto rx=0x7f9990003f20 tx=0x7f9990011b00 comp rx=0 tx=0).stop
2023-10-14T09:02:55.158 INFO:teuthology.orchestra.run.smithi040.stdout:/usr/bin/ceph: stderr
2023-10-14T09:02:54.713+0000 7f99a52d2700 1 -- 172.21.15.40:0/2548498407 shutdown_connections
2023-10-14T09:02:55.158 INFO:teuthology.orchestra.run.smithi040.stdout:/usr/bin/ceph: stderr
2023-10-14T09:02:54.713+0000 7f99a52d2700 1 --2- 172.21.15.40:0/2548498407 >> [v2:172.21.15.40:6800/348445833,v1:172.21.15.40:6801/348445833] conn(0x7f99880387d0 0x7f998803ac90 unknown :-1 s=CLOSED pgs=15 cs=0 l=1 rev1=1 crypto rx=0 tx=0 comp rx=0 tx=0).stop
2023-10-14T09:02:55.158 INFO:teuthology.orchestra.run.smithi040.stdout:/usr/bin/ceph: stderr
2023-10-14T09:02:54.713+0000 7f99a52d2700 1 --2- 172.21.15.40:0/2548498407 >> [v2:172.21.15.40:3300/0,v1:172.21.15.40:6789/0] conn(0x7f99a01057c0 0x7f99a0199460 unknown :-1 s=CLOSED pgs=54 cs=0 l=1 rev1=1 crypto rx=0 tx=0 comp rx=0 tx=0).stop
2023-10-14T09:02:55.158 INFO:teuthology.orchestra.run.smithi040.stdout:/usr/bin/ceph: stderr
2023-10-14T09:02:54.713+0000 7f99a52d2700 1 -- 172.21.15.40:0/2548498407 >> 172.21.15.40:0/2548498407 conn(0x7f99a0100d40 msgr2=0x7f99a0101ad0 unknown :-1 s=STATE_NONE l=0).mark_down
2023-10-14T09:02:55.158 INFO:teuthology.orchestra.run.smithi040.stdout:/usr/bin/ceph: stderr
2023-10-14T09:02:54.713+0000 7f99a52d2700 1 -- 172.21.15.40:0/2548498407 shutdown_connections
2023-10-14T09:02:55.159 INFO:teuthology.orchestra.run.smithi040.stdout:/usr/bin/ceph: stderr
2023-10-14T09:02:54.713+0000 7f99a52d2700 1 -- 172.21.15.40:0/2548498407 wait complete.
2023-10-14T09:02:55.159 INFO:teuthology.orchestra.run.smithi040.stdout:Enabling the dashboard module...
2023-10-14T09:02:55.846 INFO:journalctl@ceph.mon.a.smithi040.stdout:Oct 14 09:02:55 smithi040 ceph-mon[99446]: from='mgr.14120 172.21.15.40:0/1629148719' entity='mgr.x'
2023-10-14T09:02:55.846 INFO:journalctl@ceph.mon.a.smithi040.stdout:Oct 14 09:02:55 smithi040 ceph-mon[99446]: from='client.? 172.21.15.40:0/2548498407' entity='client.admin'
2023-10-14T09:02:56.890 INFO:journalctl@ceph.mon.a.smithi040.stdout:Oct 14 09:02:56 smithi040 ceph-mon[99446]: from='client.? 172.21.15.40:0/3256877082' entity='client.admin' cmd=[{"prefix": "mgr module enable", "module": "dashboard"}]: dispatch
2023-10-14T09:02:56.890 INFO:journalctl@ceph.mgr.x.smithi040.stdout:Oct 14 09:02:56 smithi040 ceph-3cbd1f44-6a70-11ee-8db6-212e2dc638e7-mgr-x[99689]: ignoring --setuser ceph since I am not root
2023-10-14T09:02:56.891 INFO:journalctl@ceph.mgr.x.smithi040.stdout:Oct 14 09:02:56 smithi040 ceph-3cbd1f44-6a70-11ee-8db6-212e2dc638e7-mgr-x[99689]: ignoring --setgroup ceph since I am not root
2023-10-14T09:02:56.891 INFO:journalctl@ceph.mgr.x.smithi040.stdout:Oct 14 09:02:56 smithi040 ceph-3cbd1f44-6a70-11ee-8db6-212e2dc638e7-mgr-x[99689]:
2023-10-14T09:02:56.791+0000 7f40fd608200 -1 mgr[py] Module devicehealth has missing NOTIFY_TYPES member
2023-10-14T09:02:56.891 INFO:journalctl@ceph.mgr.x.smithi040.stdout:Oct 14 09:02:56 smithi040 ceph-3cbd1f44-6a70-11ee-8db6-212e2dc638e7-mgr-x[99689]:
2023-10-14T09:02:56.888+0000 7f40fd608200 -1 mgr[py] Module osd_support has missing NOTIFY_TYPES member
2023-10-14T09:02:56.995 INFO:teuthology.orchestra.run.smithi040.stdout:/usr/bin/ceph: stderr
2023-10-14T09:02:55.641+0000 7fe66e9a7700 1 Processor -- start
2023-10-14T09:02:56.996 INFO:teuthology.orchestra.run.smithi040.stdout:/usr/bin/ceph: stderr
2023-10-14T09:02:55.641+0000 7fe66e9a7700 1 -- start start
2023-10-14T09:02:56.996 INFO:teuthology.orchestra.run.smithi040.stdout:/usr/bin/ceph: stderr
2023-10-14T09:02:55.641+0000 7fe66e9a7700 1 --2- >> [v2:172.21.15.40:3300/0,v1:172.21.15.40:6789/0] conn(0x7fe6681057c0 0x7fe668105be0 unknown :-1 s=NONE pgs=0 cs=0 l=0 rev1=0 crypto rx=0 tx=0 comp rx=0 tx=0).connect
2023-10-14T09:02:56.996 INFO:teuthology.orchestra.run.smithi040.stdout:/usr/bin/ceph: stderr
2023-10-14T09:02:55.641+0000 7fe66e9a7700 1 -- --> [v2:172.21.15.40:3300/0,v1:172.21.15.40:6789/0] -- mon_getmap magic: 0 v1 -- 0x7fe6681061b0 con 0x7fe6681057c0
2023-10-14T09:02:56.996 INFO:teuthology.orchestra.run.smithi040.stdout:/usr/bin/ceph: stderr
2023-10-14T09:02:55.641+0000 7fe667fff700 1 --2- >> [v2:172.21.15.40:3300/0,v1:172.21.15.40:6789/0] conn(0x7fe6681057c0 0x7fe668105be0 unknown :-1 s=BANNER_CONNECTING pgs=0 cs=0 l=0 rev1=0 crypto rx=0 tx=0 comp rx=0 tx=0)._handle_peer_banner_payload supported=3 required=0
2023-10-14T09:02:56.996 INFO:teuthology.orchestra.run.smithi040.stdout:/usr/bin/ceph: stderr
2023-10-14T09:02:55.641+0000 7fe667fff700 1 --2- >> [v2:172.21.15.40:3300/0,v1:172.21.15.40:6789/0] conn(0x7fe6681057c0 0x7fe668105be0 unknown :-1 s=HELLO_CONNECTING pgs=0 cs=0 l=0 rev1=1 crypto rx=0 tx=0 comp rx=0 tx=0).handle_hello peer v2:172.21.15.40:3300/0 says I am v2:172.21.15.40:40268/0 (socket says 172.21.15.40:40268)
2023-10-14T09:02:56.997 INFO:teuthology.orchestra.run.smithi040.stdout:/usr/bin/ceph: stderr
2023-10-14T09:02:55.641+0000 7fe667fff700 1 -- 172.21.15.40:0/482969796 learned_addr learned my addr 172.21.15.40:0/482969796 (peer_addr_for_me v2:172.21.15.40:0/0)
2023-10-14T09:02:56.997 INFO:teuthology.orchestra.run.smithi040.stdout:/usr/bin/ceph: stderr
2023-10-14T09:02:55.641+0000 7fe667fff700 1 -- 172.21.15.40:0/482969796 --> [v2:172.21.15.40:3300/0,v1:172.21.15.40:6789/0] -- mon_subscribe({config=0+,monmap=0+}) v3 -- 0x7fe6681069c0 con 0x7fe6681057c0
2023-10-14T09:02:56.997 INFO:teuthology.orchestra.run.smithi040.stdout:/usr/bin/ceph: stderr
2023-10-14T09:02:55.642+0000 7fe667fff700 1 --2- 172.21.15.40:0/482969796 >> [v2:172.21.15.40:3300/0,v1:172.21.15.40:6789/0] conn(0x7fe6681057c0 0x7fe668105be0 secure :-1 s=READY pgs=55 cs=0 l=1 rev1=1 crypto rx=0x7fe6580098a0 tx=0x7fe658009bb0 comp rx=0 tx=0).ready entity=mon.0 client_cookie=7cadf8619065ba77 server_cookie=0 in_seq=0 out_seq=0
2023-10-14T09:02:56.997 INFO:teuthology.orchestra.run.smithi040.stdout:/usr/bin/ceph: stderr
2023-10-14T09:02:55.642+0000 7fe666ffd700 1 -- 172.21.15.40:0/482969796 <== mon.0 v2:172.21.15.40:3300/0 1 ==== mon_map magic: 0 v1 ==== 205+0+0 (secure 0 0 0) 0x7fe658004160 con 0x7fe6681057c0
2023-10-14T09:02:56.997 INFO:teuthology.orchestra.run.smithi040.stdout:/usr/bin/ceph: stderr
2023-10-14T09:02:55.642+0000 7fe666ffd700 1 -- 172.21.15.40:0/482969796 <== mon.0 v2:172.21.15.40:3300/0 2 ==== config(27 keys) v1 ==== 1139+0+0 (secure 0 0 0) 0x7fe6580042c0 con 0x7fe6681057c0
2023-10-14T09:02:56.998 INFO:teuthology.orchestra.run.smithi040.stdout:/usr/bin/ceph: stderr
2023-10-14T09:02:55.642+0000 7fe666ffd700 1 -- 172.21.15.40:0/482969796 <== mon.0 v2:172.21.15.40:3300/0 3 ==== mon_map magic: 0 v1 ==== 205+0+0 (secure 0 0 0) 0x7fe658011a80 con 0x7fe6681057c0
2023-10-14T09:02:56.998 INFO:teuthology.orchestra.run.smithi040.stdout:/usr/bin/ceph: stderr
2023-10-14T09:02:55.642+0000 7fe66e9a7700 1 -- 172.21.15.40:0/482969796 >> [v2:172.21.15.40:3300/0,v1:172.21.15.40:6789/0] conn(0x7fe6681057c0 msgr2=0x7fe668105be0 secure :-1 s=STATE_CONNECTION_ESTABLISHED l=1).mark_down
2023-10-14T09:02:56.998 INFO:teuthology.orchestra.run.smithi040.stdout:/usr/bin/ceph: stderr
2023-10-14T09:02:55.642+0000 7fe66e9a7700 1 --2- 172.21.15.40:0/482969796 >> [v2:172.21.15.40:3300/0,v1:172.21.15.40:6789/0] conn(0x7fe6681057c0 0x7fe668105be0 secure :-1 s=READY pgs=55 cs=0 l=1 rev1=1 crypto rx=0x7fe6580098a0 tx=0x7fe658009bb0 comp rx=0 tx=0).stop
2023-10-14T09:02:56.998 INFO:teuthology.orchestra.run.smithi040.stdout:/usr/bin/ceph: stderr
2023-10-14T09:02:55.643+0000 7fe66e9a7700 1 -- 172.21.15.40:0/482969796 shutdown_connections
2023-10-14T09:02:56.998 INFO:teuthology.orchestra.run.smithi040.stdout:/usr/bin/ceph: stderr
2023-10-14T09:02:55.643+0000 7fe66e9a7700 1 --2- 172.21.15.40:0/482969796 >> [v2:172.21.15.40:3300/0,v1:172.21.15.40:6789/0] conn(0x7fe6681057c0 0x7fe668105be0 unknown :-1 s=CLOSED pgs=55 cs=0 l=1 rev1=1 crypto rx=0 tx=0 comp rx=0 tx=0).stop
2023-10-14T09:02:56.999 INFO:teuthology.orchestra.run.smithi040.stdout:/usr/bin/ceph: stderr
2023-10-14T09:02:55.643+0000 7fe66e9a7700 1 -- 172.21.15.40:0/482969796 >> 172.21.15.40:0/482969796 conn(0x7fe668100d80 msgr2=0x7fe6681031a0 unknown :-1 s=STATE_NONE l=0).mark_down
2023-10-14T09:02:56.999 INFO:teuthology.orchestra.run.smithi040.stdout:/usr/bin/ceph: stderr
2023-10-14T09:02:55.643+0000 7fe66e9a7700 1 -- 172.21.15.40:0/482969796 shutdown_connections
2023-10-14T09:02:56.999 INFO:teuthology.orchestra.run.smithi040.stdout:/usr/bin/ceph: stderr
2023-10-14T09:02:55.643+0000 7fe66e9a7700 1 -- 172.21.15.40:0/482969796 wait complete.
2023-10-14T09:02:56.999 INFO:teuthology.orchestra.run.smithi040.stdout:/usr/bin/ceph: stderr
2023-10-14T09:02:55.643+0000 7fe66e9a7700 1 Processor -- start
2023-10-14T09:02:56.999 INFO:teuthology.orchestra.run.smithi040.stdout:/usr/bin/ceph: stderr
2023-10-14T09:02:55.643+0000 7fe66e9a7700 1 -- start start
2023-10-14T09:02:57.000 INFO:teuthology.orchestra.run.smithi040.stdout:/usr/bin/ceph: stderr
2023-10-14T09:02:55.644+0000 7fe66e9a7700 1 --2- >> [v2:172.21.15.40:3300/0,v1:172.21.15.40:6789/0] conn(0x7fe6681057c0 0x7fe668190a10 unknown :-1 s=NONE pgs=0 cs=0 l=1 rev1=0 crypto rx=0 tx=0 comp rx=0 tx=0).connect
2023-10-14T09:02:57.000 INFO:teuthology.orchestra.run.smithi040.stdout:/usr/bin/ceph: stderr
2023-10-14T09:02:55.644+0000 7fe66e9a7700 1 -- --> [v2:172.21.15.40:3300/0,v1:172.21.15.40:6789/0] -- mon_getmap magic: 0 v1 -- 0x7fe668190f50 con 0x7fe6681057c0
2023-10-14T09:02:57.000 INFO:teuthology.orchestra.run.smithi040.stdout:/usr/bin/ceph: stderr
2023-10-14T09:02:55.644+0000 7fe667fff700 1 --2- >> [v2:172.21.15.40:3300/0,v1:172.21.15.40:6789/0] conn(0x7fe6681057c0 0x7fe668190a10 unknown :-1 s=BANNER_CONNECTING pgs=0 cs=0 l=1 rev1=0 crypto rx=0 tx=0 comp rx=0 tx=0)._handle_peer_banner_payload supported=3 required=0
2023-10-14T09:02:57.000 INFO:teuthology.orchestra.run.smithi040.stdout:/usr/bin/ceph: stderr
2023-10-14T09:02:55.644+0000 7fe667fff700 1 --2- >> [v2:172.21.15.40:3300/0,v1:172.21.15.40:6789/0] conn(0x7fe6681057c0 0x7fe668190a10 unknown :-1 s=HELLO_CONNECTING pgs=0 cs=0 l=1 rev1=1 crypto rx=0 tx=0 comp rx=0 tx=0).handle_hello peer v2:172.21.15.40:3300/0 says I am v2:172.21.15.40:40270/0 (socket says 172.21.15.40:40270)
2023-10-14T09:02:57.000 INFO:teuthology.orchestra.run.smithi040.stdout:/usr/bin/ceph: stderr
2023-10-14T09:02:55.644+0000 7fe667fff700 1 -- 172.21.15.40:0/3256877082 learned_addr learned my addr 172.21.15.40:0/3256877082 (peer_addr_for_me v2:172.21.15.40:0/0)
2023-10-14T09:02:57.001 INFO:teuthology.orchestra.run.smithi040.stdout:/usr/bin/ceph: stderr
