2023-10-14T10:55:05.569 INFO:teuthology.orchestra.run.smithi064.stdout:/usr/bin/ceph: stderr
2023-10-14T10:55:04.623+0000 7f79e0ff9700 1 -- 172.21.15.64:0/2095124881 <== mon.0 v2:172.21.15.64:3300/0 5 ==== osd_map(1..1 src has 1..1) v4 ==== 725+0+0 (secure 0 0 0) 0x7f79d404c7c0 con 0x7f79e4105710
2023-10-14T10:55:05.570 INFO:teuthology.orchestra.run.smithi064.stdout:/usr/bin/ceph: stderr
2023-10-14T10:55:04.623+0000 7f79e9c1a700 1 -- 172.21.15.64:0/2095124881 --> [v2:172.21.15.64:3300/0,v1:172.21.15.64:6789/0] -- mon_command({"prefix": "get_command_descriptions"} v 0) v1 -- 0x7f79e40624e0 con 0x7f79e4105710
2023-10-14T10:55:05.570 INFO:teuthology.orchestra.run.smithi064.stdout:/usr/bin/ceph: stderr
2023-10-14T10:55:04.623+0000 7f79e2ffd700 1 --2- 172.21.15.64:0/2095124881 >> [v2:172.21.15.64:6800/283909065,v1:172.21.15.64:6801/283909065] conn(0x7f79cc0387d0 0x7f79cc03ac90 unknown :-1 s=BANNER_CONNECTING pgs=0 cs=0 l=1 rev1=0 crypto rx=0 tx=0 comp rx=0 tx=0)._handle_peer_banner_payload supported=3 required=0
2023-10-14T10:55:05.570 INFO:teuthology.orchestra.run.smithi064.stdout:/usr/bin/ceph: stderr
2023-10-14T10:55:04.623+0000 7f79e2ffd700 1 --2- 172.21.15.64:0/2095124881 >> [v2:172.21.15.64:6800/283909065,v1:172.21.15.64:6801/283909065] conn(0x7f79cc0387d0 0x7f79cc03ac90 secure :-1 s=READY pgs=6 cs=0 l=1 rev1=1 crypto rx=0x7f79d8006fd0 tx=0x7f79d8006e40 comp rx=0 tx=0).ready entity=mgr.14100 client_cookie=0 server_cookie=0 in_seq=0 out_seq=0
2023-10-14T10:55:05.570 INFO:teuthology.orchestra.run.smithi064.stdout:/usr/bin/ceph: stderr
2023-10-14T10:55:04.628+0000 7f79e0ff9700 1 -- 172.21.15.64:0/2095124881 <== mon.0 v2:172.21.15.64:3300/0 6 ==== mon_command_ack([{"prefix": "get_command_descriptions"}]=0 v0) v1 ==== 72+0+180459 (secure 0 0 0) 0x7f79d4018710 con 0x7f79e4105710
2023-10-14T10:55:05.570 INFO:teuthology.orchestra.run.smithi064.stdout:/usr/bin/ceph: stderr
2023-10-14T10:55:05.149+0000 7f79e9c1a700 1 -- 172.21.15.64:0/2095124881 --> [v2:172.21.15.64:3300/0,v1:172.21.15.64:6789/0] -- mon_command({"prefix": "status", "format": "json-pretty"} v 0) v1 -- 0x7f79e4109b00 con 0x7f79e4105710
2023-10-14T10:55:05.571 INFO:teuthology.orchestra.run.smithi064.stdout:/usr/bin/ceph: stderr
2023-10-14T10:55:05.149+0000 7f79e0ff9700 1 -- 172.21.15.64:0/2095124881 <== mon.0 v2:172.21.15.64:3300/0 7 ==== mon_command_ack([{"prefix": "status", "format": "json-pretty"}]=0 v0) v1 ==== 79+0+1238 (secure 0 0 0) 0x7f79d4018350 con 0x7f79e4105710
2023-10-14T10:55:05.571 INFO:teuthology.orchestra.run.smithi064.stdout:/usr/bin/ceph: stderr
2023-10-14T10:55:05.152+0000 7f79e9c1a700 1 -- 172.21.15.64:0/2095124881 >> [v2:172.21.15.64:6800/283909065,v1:172.21.15.64:6801/283909065] conn(0x7f79cc0387d0 msgr2=0x7f79cc03ac90 secure :-1 s=STATE_CONNECTION_ESTABLISHED l=1).mark_down
2023-10-14T10:55:05.571 INFO:teuthology.orchestra.run.smithi064.stdout:/usr/bin/ceph: stderr
2023-10-14T10:55:05.152+0000 7f79e9c1a700 1 --2- 172.21.15.64:0/2095124881 >> [v2:172.21.15.64:6800/283909065,v1:172.21.15.64:6801/283909065] conn(0x7f79cc0387d0 0x7f79cc03ac90 secure :-1 s=READY pgs=6 cs=0 l=1 rev1=1 crypto rx=0x7f79d8006fd0 tx=0x7f79d8006e40 comp rx=0 tx=0).stop
2023-10-14T10:55:05.571 INFO:teuthology.orchestra.run.smithi064.stdout:/usr/bin/ceph: stderr
2023-10-14T10:55:05.152+0000 7f79e9c1a700 1 -- 172.21.15.64:0/2095124881 >> [v2:172.21.15.64:3300/0,v1:172.21.15.64:6789/0] conn(0x7f79e4105710 msgr2=0x7f79e41908a0 secure :-1 s=STATE_CONNECTION_ESTABLISHED l=1).mark_down
2023-10-14T10:55:05.571 INFO:teuthology.orchestra.run.smithi064.stdout:/usr/bin/ceph: stderr
2023-10-14T10:55:05.152+0000 7f79e9c1a700 1 --2- 172.21.15.64:0/2095124881 >> [v2:172.21.15.64:3300/0,v1:172.21.15.64:6789/0] conn(0x7f79e4105710 0x7f79e41908a0 secure :-1 s=READY pgs=19 cs=0 l=1 rev1=1 crypto rx=0x7f79d4006af0 tx=0x7f79d4011ad0 comp rx=0 tx=0).stop
2023-10-14T10:55:05.572 INFO:teuthology.orchestra.run.smithi064.stdout:/usr/bin/ceph: stderr
2023-10-14T10:55:05.152+0000 7f79e9c1a700 1 -- 172.21.15.64:0/2095124881 shutdown_connections
2023-10-14T10:55:05.572 INFO:teuthology.orchestra.run.smithi064.stdout:/usr/bin/ceph: stderr
2023-10-14T10:55:05.152+0000 7f79e9c1a700 1 --2- 172.21.15.64:0/2095124881 >> [v2:172.21.15.64:6800/283909065,v1:172.21.15.64:6801/283909065] conn(0x7f79cc0387d0 0x7f79cc03ac90 unknown :-1 s=CLOSED pgs=6 cs=0 l=1 rev1=1 crypto rx=0 tx=0 comp rx=0 tx=0).stop
2023-10-14T10:55:05.572 INFO:teuthology.orchestra.run.smithi064.stdout:/usr/bin/ceph: stderr
2023-10-14T10:55:05.152+0000 7f79e9c1a700 1 --2- 172.21.15.64:0/2095124881 >> [v2:172.21.15.64:3300/0,v1:172.21.15.64:6789/0] conn(0x7f79e4105710 0x7f79e41908a0 unknown :-1 s=CLOSED pgs=19 cs=0 l=1 rev1=1 crypto rx=0 tx=0 comp rx=0 tx=0).stop
2023-10-14T10:55:05.572 INFO:teuthology.orchestra.run.smithi064.stdout:/usr/bin/ceph: stderr
2023-10-14T10:55:05.152+0000 7f79e9c1a700 1 -- 172.21.15.64:0/2095124881 >> 172.21.15.64:0/2095124881 conn(0x7f79e4100cb0 msgr2=0x7f79e4074170 unknown :-1 s=STATE_NONE l=0).mark_down
2023-10-14T10:55:05.572 INFO:teuthology.orchestra.run.smithi064.stdout:/usr/bin/ceph: stderr
2023-10-14T10:55:05.152+0000 7f79e9c1a700 1 -- 172.21.15.64:0/2095124881 shutdown_connections
2023-10-14T10:55:05.572 INFO:teuthology.orchestra.run.smithi064.stdout:/usr/bin/ceph: stderr
2023-10-14T10:55:05.152+0000 7f79e9c1a700 1 -- 172.21.15.64:0/2095124881 wait complete.
2023-10-14T10:55:05.573 INFO:teuthology.orchestra.run.smithi064.stdout:mgr is available
2023-10-14T10:55:05.573 INFO:journalctl@ceph.mon.a.smithi064.stdout:Oct 14 10:55:05 smithi064 ceph-mon[99506]: from='client.? 172.21.15.64:0/2095124881' entity='client.admin' cmd=[{"prefix": "status", "format": "json-pretty"}]: dispatch
2023-10-14T10:55:06.788 INFO:teuthology.orchestra.run.smithi064.stdout:/usr/bin/ceph: stdout
2023-10-14T10:55:06.795 INFO:teuthology.orchestra.run.smithi064.stdout:/usr/bin/ceph: stdout [global]
2023-10-14T10:55:06.796 INFO:teuthology.orchestra.run.smithi064.stdout:/usr/bin/ceph: stdout fsid = f635fde2-6a7f-11ee-8db6-212e2dc638e7
2023-10-14T10:55:06.796 INFO:teuthology.orchestra.run.smithi064.stdout:/usr/bin/ceph: stdout mon_osd_allow_pg_remap = true
2023-10-14T10:55:06.796 INFO:teuthology.orchestra.run.smithi064.stdout:/usr/bin/ceph: stdout mon_osd_allow_primary_affinity = true
2023-10-14T10:55:06.797 INFO:teuthology.orchestra.run.smithi064.stdout:/usr/bin/ceph: stdout mon_warn_on_no_sortbitwise = false
2023-10-14T10:55:06.797 INFO:teuthology.orchestra.run.smithi064.stdout:/usr/bin/ceph: stdout osd_crush_chooseleaf_type = 0
2023-10-14T10:55:06.798 INFO:teuthology.orchestra.run.smithi064.stdout:/usr/bin/ceph: stdout
2023-10-14T10:55:06.798 INFO:teuthology.orchestra.run.smithi064.stdout:/usr/bin/ceph: stdout [mgr]
2023-10-14T10:55:06.798 INFO:teuthology.orchestra.run.smithi064.stdout:/usr/bin/ceph: stdout mgr/telemetry/nag = false
2023-10-14T10:55:06.798 INFO:teuthology.orchestra.run.smithi064.stdout:/usr/bin/ceph: stdout
2023-10-14T10:55:06.799 INFO:teuthology.orchestra.run.smithi064.stdout:/usr/bin/ceph: stdout [osd]
2023-10-14T10:55:06.799 INFO:teuthology.orchestra.run.smithi064.stdout:/usr/bin/ceph: stdout mon_osd_backfillfull_ratio = 0.85
2023-10-14T10:55:06.799 INFO:teuthology.orchestra.run.smithi064.stdout:/usr/bin/ceph: stdout mon_osd_full_ratio = 0.9
2023-10-14T10:55:06.799 INFO:teuthology.orchestra.run.smithi064.stdout:/usr/bin/ceph: stdout mon_osd_nearfull_ratio = 0.8
2023-10-14T10:55:06.799 INFO:teuthology.orchestra.run.smithi064.stdout:/usr/bin/ceph: stdout osd_map_max_advance = 10
2023-10-14T10:55:06.800 INFO:teuthology.orchestra.run.smithi064.stdout:/usr/bin/ceph: stdout osd_sloppy_crc = true
2023-10-14T10:55:06.800 INFO:teuthology.orchestra.run.smithi064.stdout:/usr/bin/ceph: stderr
2023-10-14T10:55:06.028+0000 7fe6028f5700 1 Processor -- start
2023-10-14T10:55:06.800 INFO:teuthology.orchestra.run.smithi064.stdout:/usr/bin/ceph: stderr
2023-10-14T10:55:06.028+0000 7fe6028f5700 1 -- start start
2023-10-14T10:55:06.800 INFO:teuthology.orchestra.run.smithi064.stdout:/usr/bin/ceph: stderr
2023-10-14T10:55:06.028+0000 7fe6028f5700 1 --2- >> [v2:172.21.15.64:3300/0,v1:172.21.15.64:6789/0] conn(0x7fe5fc1072a0 0x7fe5fc109690 unknown :-1 s=NONE pgs=0 cs=0 l=0 rev1=0 crypto rx=0 tx=0 comp rx=0 tx=0).connect
2023-10-14T10:55:06.800 INFO:teuthology.orchestra.run.smithi064.stdout:/usr/bin/ceph: stderr
2023-10-14T10:55:06.028+0000 7fe6028f5700 1 -- --> [v2:172.21.15.64:3300/0,v1:172.21.15.64:6789/0] -- mon_getmap magic: 0 v1 -- 0x7fe5fc079e90 con 0x7fe5fc1072a0
2023-10-14T10:55:06.801 INFO:teuthology.orchestra.run.smithi064.stdout:/usr/bin/ceph: stderr
2023-10-14T10:55:06.028+0000 7fe5fbfff700 1 --2- >> [v2:172.21.15.64:3300/0,v1:172.21.15.64:6789/0] conn(0x7fe5fc1072a0 0x7fe5fc109690 unknown :-1 s=BANNER_CONNECTING pgs=0 cs=0 l=0 rev1=0 crypto rx=0 tx=0 comp rx=0 tx=0)._handle_peer_banner_payload supported=3 required=0
2023-10-14T10:55:06.801 INFO:teuthology.orchestra.run.smithi064.stdout:/usr/bin/ceph: stderr
2023-10-14T10:55:06.028+0000 7fe5fbfff700 1 --2- >> [v2:172.21.15.64:3300/0,v1:172.21.15.64:6789/0] conn(0x7fe5fc1072a0 0x7fe5fc109690 unknown :-1 s=HELLO_CONNECTING pgs=0 cs=0 l=0 rev1=1 crypto rx=0 tx=0 comp rx=0 tx=0).handle_hello peer v2:172.21.15.64:3300/0 says I am v2:172.21.15.64:49762/0 (socket says 172.21.15.64:49762)
2023-10-14T10:55:06.801 INFO:teuthology.orchestra.run.smithi064.stdout:/usr/bin/ceph: stderr
2023-10-14T10:55:06.028+0000 7fe5fbfff700 1 -- 172.21.15.64:0/4255104125 learned_addr learned my addr 172.21.15.64:0/4255104125 (peer_addr_for_me v2:172.21.15.64:0/0)
2023-10-14T10:55:06.801 INFO:teuthology.orchestra.run.smithi064.stdout:/usr/bin/ceph: stderr
2023-10-14T10:55:06.028+0000 7fe5fbfff700 1 -- 172.21.15.64:0/4255104125 --> [v2:172.21.15.64:3300/0,v1:172.21.15.64:6789/0] -- mon_subscribe({config=0+,monmap=0+}) v3 -- 0x7fe5fc109bd0 con 0x7fe5fc1072a0
2023-10-14T10:55:06.801 INFO:teuthology.orchestra.run.smithi064.stdout:/usr/bin/ceph: stderr
2023-10-14T10:55:06.029+0000 7fe5fbfff700 1 --2- 172.21.15.64:0/4255104125 >> [v2:172.21.15.64:3300/0,v1:172.21.15.64:6789/0] conn(0x7fe5fc1072a0 0x7fe5fc109690 secure :-1 s=READY pgs=20 cs=0 l=1 rev1=1 crypto rx=0x7fe5ec0098a0 tx=0x7fe5ec009bb0 comp rx=0 tx=0).ready entity=mon.0 client_cookie=394edb9b6b2ccb88 server_cookie=0 in_seq=0 out_seq=0
2023-10-14T10:55:06.802 INFO:teuthology.orchestra.run.smithi064.stdout:/usr/bin/ceph: stderr
2023-10-14T10:55:06.029+0000 7fe5faffd700 1 -- 172.21.15.64:0/4255104125 <== mon.0 v2:172.21.15.64:3300/0 1 ==== mon_map magic: 0 v1 ==== 205+0+0 (secure 0 0 0) 0x7fe5ec004160 con 0x7fe5fc1072a0
2023-10-14T10:55:06.802 INFO:teuthology.orchestra.run.smithi064.stdout:/usr/bin/ceph: stderr
2023-10-14T10:55:06.029+0000 7fe5faffd700 1 -- 172.21.15.64:0/4255104125 <== mon.0 v2:172.21.15.64:3300/0 2 ==== config(26 keys) v1 ==== 1074+0+0 (secure 0 0 0) 0x7fe5ec0042c0 con 0x7fe5fc1072a0
2023-10-14T10:55:06.802 INFO:teuthology.orchestra.run.smithi064.stdout:/usr/bin/ceph: stderr
2023-10-14T10:55:06.029+0000 7fe5faffd700 1 -- 172.21.15.64:0/4255104125 <== mon.0 v2:172.21.15.64:3300/0 3 ==== mon_map magic: 0 v1 ==== 205+0+0 (secure 0 0 0) 0x7fe5ec011a00 con 0x7fe5fc1072a0
2023-10-14T10:55:06.802 INFO:teuthology.orchestra.run.smithi064.stdout:/usr/bin/ceph: stderr
2023-10-14T10:55:06.029+0000 7fe6028f5700 1 -- 172.21.15.64:0/4255104125 >> [v2:172.21.15.64:3300/0,v1:172.21.15.64:6789/0] conn(0x7fe5fc1072a0 msgr2=0x7fe5fc109690 secure :-1 s=STATE_CONNECTION_ESTABLISHED l=1).mark_down
2023-10-14T10:55:06.803 INFO:teuthology.orchestra.run.smithi064.stdout:/usr/bin/ceph: stderr
2023-10-14T10:55:06.029+0000 7fe6028f5700 1 --2- 172.21.15.64:0/4255104125 >> [v2:172.21.15.64:3300/0,v1:172.21.15.64:6789/0] conn(0x7fe5fc1072a0 0x7fe5fc109690 secure :-1 s=READY pgs=20 cs=0 l=1 rev1=1 crypto rx=0x7fe5ec0098a0 tx=0x7fe5ec009bb0 comp rx=0 tx=0).stop
2023-10-14T10:55:06.803 INFO:teuthology.orchestra.run.smithi064.stdout:/usr/bin/ceph: stderr
2023-10-14T10:55:06.029+0000 7fe6028f5700 1 -- 172.21.15.64:0/4255104125 shutdown_connections
2023-10-14T10:55:06.803 INFO:teuthology.orchestra.run.smithi064.stdout:/usr/bin/ceph: stderr
2023-10-14T10:55:06.029+0000 7fe6028f5700 1 --2- 172.21.15.64:0/4255104125 >> [v2:172.21.15.64:3300/0,v1:172.21.15.64:6789/0] conn(0x7fe5fc1072a0 0x7fe5fc109690 unknown :-1 s=CLOSED pgs=20 cs=0 l=1 rev1=1 crypto rx=0 tx=0 comp rx=0 tx=0).stop
2023-10-14T10:55:06.803 INFO:teuthology.orchestra.run.smithi064.stdout:/usr/bin/ceph: stderr
2023-10-14T10:55:06.029+0000 7fe6028f5700 1 -- 172.21.15.64:0/4255104125 >> 172.21.15.64:0/4255104125 conn(0x7fe5fc100cb0 msgr2=0x7fe5fc1030d0 unknown :-1 s=STATE_NONE l=0).mark_down
2023-10-14T10:55:06.803 INFO:teuthology.orchestra.run.smithi064.stdout:/usr/bin/ceph: stderr
2023-10-14T10:55:06.030+0000 7fe6028f5700 1 -- 172.21.15.64:0/4255104125 shutdown_connections
2023-10-14T10:55:06.804 INFO:teuthology.orchestra.run.smithi064.stdout:/usr/bin/ceph: stderr
2023-10-14T10:55:06.030+0000 7fe6028f5700 1 -- 172.21.15.64:0/4255104125 wait complete.
2023-10-14T10:55:06.804 INFO:teuthology.orchestra.run.smithi064.stdout:/usr/bin/ceph: stderr
2023-10-14T10:55:06.030+0000 7fe6028f5700 1 Processor -- start
2023-10-14T10:55:06.804 INFO:teuthology.orchestra.run.smithi064.stdout:/usr/bin/ceph: stderr
2023-10-14T10:55:06.030+0000 7fe6028f5700 1 -- start start
2023-10-14T10:55:06.804 INFO:teuthology.orchestra.run.smithi064.stdout:/usr/bin/ceph: stderr
2023-10-14T10:55:06.030+0000 7fe6028f5700 1 --2- >> [v2:172.21.15.64:3300/0,v1:172.21.15.64:6789/0] conn(0x7fe5fc1072a0 0x7fe5fc19a450 unknown :-1 s=NONE pgs=0 cs=0 l=1 rev1=0 crypto rx=0 tx=0 comp rx=0 tx=0).connect
2023-10-14T10:55:06.804 INFO:teuthology.orchestra.run.smithi064.stdout:/usr/bin/ceph: stderr
2023-10-14T10:55:06.031+0000 7fe6028f5700 1 -- --> [v2:172.21.15.64:3300/0,v1:172.21.15.64:6789/0] -- mon_getmap magic: 0 v1 -- 0x7fe5fc19a990 con 0x7fe5fc1072a0
2023-10-14T10:55:06.804 INFO:teuthology.orchestra.run.smithi064.stdout:/usr/bin/ceph: stderr
2023-10-14T10:55:06.031+0000 7fe5fbfff700 1 --2- >> [v2:172.21.15.64:3300/0,v1:172.21.15.64:6789/0] conn(0x7fe5fc1072a0 0x7fe5fc19a450 unknown :-1 s=BANNER_CONNECTING pgs=0 cs=0 l=1 rev1=0 crypto rx=0 tx=0 comp rx=0 tx=0)._handle_peer_banner_payload supported=3 required=0
2023-10-14T10:55:06.805 INFO:teuthology.orchestra.run.smithi064.stdout:/usr/bin/ceph: stderr
2023-10-14T10:55:06.031+0000 7fe5fbfff700 1 --2- >> [v2:172.21.15.64:3300/0,v1:172.21.15.64:6789/0] conn(0x7fe5fc1072a0 0x7fe5fc19a450 unknown :-1 s=HELLO_CONNECTING pgs=0 cs=0 l=1 rev1=1 crypto rx=0 tx=0 comp rx=0 tx=0).handle_hello peer v2:172.21.15.64:3300/0 says I am v2:172.21.15.64:49764/0 (socket says 172.21.15.64:49764)
2023-10-14T10:55:06.805 INFO:teuthology.orchestra.run.smithi064.stdout:/usr/bin/ceph: stderr
2023-10-14T10:55:06.031+0000 7fe5fbfff700 1 -- 172.21.15.64:0/69538527 learned_addr learned my addr 172.21.15.64:0/69538527 (peer_addr_for_me v2:172.21.15.64:0/0)
2023-10-14T10:55:06.805 INFO:teuthology.orchestra.run.smithi064.stdout:/usr/bin/ceph: stderr
2023-10-14T10:55:06.031+0000 7fe5fbfff700 1 -- 172.21.15.64:0/69538527 --> [v2:172.21.15.64:3300/0,v1:172.21.15.64:6789/0] -- mon_subscribe({config=0+,monmap=0+}) v3 -- 0x7fe5ec009550 con 0x7fe5fc1072a0
2023-10-14T10:55:06.805 INFO:teuthology.orchestra.run.smithi064.stdout:/usr/bin/ceph: stderr
2023-10-14T10:55:06.031+0000 7fe5fbfff700 1 --2- 172.21.15.64:0/69538527 >> [v2:172.21.15.64:3300/0,v1:172.21.15.64:6789/0] conn(0x7fe5fc1072a0 0x7fe5fc19a450 secure :-1 s=READY pgs=21 cs=0 l=1 rev1=1 crypto rx=0x7fe5ec009fb0 tx=0x7fe5ec011ad0 comp rx=0 tx=0).ready entity=mon.0 client_cookie=0 server_cookie=0 in_seq=0 out_seq=0
2023-10-14T10:55:06.805 INFO:teuthology.orchestra.run.smithi064.stdout:/usr/bin/ceph: stderr
2023-10-14T10:55:06.031+0000 7fe5f97fa700 1 -- 172.21.15.64:0/69538527 <== mon.0 v2:172.21.15.64:3300/0 1 ==== mon_map magic: 0 v1 ==== 205+0+0 (secure 0 0 0) 0x7fe5ec003930 con 0x7fe5fc1072a0
2023-10-14T10:55:06.806 INFO:teuthology.orchestra.run.smithi064.stdout:/usr/bin/ceph: stderr
2023-10-14T10:55:06.031+0000 7fe5f97fa700 1 -- 172.21.15.64:0/69538527 <== mon.0 v2:172.21.15.64:3300/0 2 ==== config(26 keys) v1 ==== 1074+0+0 (secure 0 0 0) 0x7fe5ec003a90 con 0x7fe5fc1072a0
2023-10-14T10:55:06.806 INFO:teuthology.orchestra.run.smithi064.stdout:/usr/bin/ceph: stderr
2023-10-14T10:55:06.031+0000 7fe6028f5700 1 -- 172.21.15.64:0/69538527 --> [v2:172.21.15.64:3300/0,v1:172.21.15.64:6789/0] -- mon_subscribe({mgrmap=0+}) v3 -- 0x7fe5fc19ab90 con 0x7fe5fc1072a0
2023-10-14T10:55:06.806 INFO:teuthology.orchestra.run.smithi064.stdout:/usr/bin/ceph: stderr
2023-10-14T10:55:06.031+0000 7fe5f97fa700 1 -- 172.21.15.64:0/69538527 <== mon.0 v2:172.21.15.64:3300/0 3 ==== mon_map magic: 0 v1 ==== 205+0+0 (secure 0 0 0) 0x7fe5ec019610 con 0x7fe5fc1072a0
2023-10-14T10:55:06.806 INFO:teuthology.orchestra.run.smithi064.stdout:/usr/bin/ceph: stderr
2023-10-14T10:55:06.031+0000 7fe6028f5700 1 -- 172.21.15.64:0/69538527 --> [v2:172.21.15.64:3300/0,v1:172.21.15.64:6789/0] -- mon_subscribe({osdmap=0}) v3 -- 0x7fe5fc19afb0 con 0x7fe5fc1072a0
2023-10-14T10:55:06.806 INFO:teuthology.orchestra.run.smithi064.stdout:/usr/bin/ceph: stderr
2023-10-14T10:55:06.032+0000 7fe5f97fa700 1 -- 172.21.15.64:0/69538527 <== mon.0 v2:172.21.15.64:3300/0 4 ==== mgrmap(e 4) v1 ==== 45568+0+0 (secure 0 0 0) 0x7fe5ec019880 con 0x7fe5fc1072a0
2023-10-14T10:55:06.807 INFO:teuthology.orchestra.run.smithi064.stdout:/usr/bin/ceph: stderr
2023-10-14T10:55:06.032+0000 7fe5f97fa700 1 --2- 172.21.15.64:0/69538527 >> [v2:172.21.15.64:6800/283909065,v1:172.21.15.64:6801/283909065] conn(0x7fe5e40387d0 0x7fe5e403ac90 unknown :-1 s=NONE pgs=0 cs=0 l=1 rev1=0 crypto rx=0 tx=0 comp rx=0 tx=0).connect
2023-10-14T10:55:06.807 INFO:teuthology.orchestra.run.smithi064.stdout:/usr/bin/ceph: stderr
2023-10-14T10:55:06.032+0000 7fe5f97fa700 1 -- 172.21.15.64:0/69538527 <== mon.0 v2:172.21.15.64:3300/0 5 ==== osd_map(1..1 src has 1..1) v4 ==== 725+0+0 (secure 0 0 0) 0x7fe5ec04c590 con 0x7fe5fc1072a0
2023-10-14T10:55:06.807 INFO:teuthology.orchestra.run.smithi064.stdout:/usr/bin/ceph: stderr
2023-10-14T10:55:06.032+0000 7fe5fb7fe700 1 --2- 172.21.15.64:0/69538527 >> [v2:172.21.15.64:6800/283909065,v1:172.21.15.64:6801/283909065] conn(0x7fe5e40387d0 0x7fe5e403ac90 unknown :-1 s=BANNER_CONNECTING pgs=0 cs=0 l=1 rev1=0 crypto rx=0 tx=0 comp rx=0 tx=0)._handle_peer_banner_payload supported=3 required=0
2023-10-14T10:55:06.807 INFO:teuthology.orchestra.run.smithi064.stdout:/usr/bin/ceph: stderr
2023-10-14T10:55:06.032+0000 7fe6028f5700 1 -- 172.21.15.64:0/69538527 --> [v2:172.21.15.64:3300/0,v1:172.21.15.64:6789/0] -- mon_command({"prefix": "get_command_descriptions"} v 0) v1 -- 0x7fe5fc0624e0 con 0x7fe5fc1072a0
2023-10-14T10:55:06.807 INFO:teuthology.orchestra.run.smithi064.stdout:/usr/bin/ceph: stderr
2023-10-14T10:55:06.033+0000 7fe5fb7fe700 1 --2- 172.21.15.64:0/69538527 >> [v2:172.21.15.64:6800/283909065,v1:172.21.15.64:6801/283909065] conn(0x7fe5e40387d0 0x7fe5e403ac90 secure :-1 s=READY pgs=7 cs=0 l=1 rev1=1 crypto rx=0x7fe5f0006fd0 tx=0x7fe5f0006e40 comp rx=0 tx=0).ready entity=mgr.14100 client_cookie=0 server_cookie=0 in_seq=0 out_seq=0
2023-10-14T10:55:06.808 INFO:teuthology.orchestra.run.smithi064.stdout:/usr/bin/ceph: stderr
2023-10-14T10:55:06.037+0000 7fe5f97fa700 1 -- 172.21.15.64:0/69538527 <== mon.0 v2:172.21.15.64:3300/0 6 ==== mon_command_ack([{"prefix": "get_command_descriptions"}]=0 v0) v1 ==== 72+0+180459 (secure 0 0 0) 0x7fe5ec019b30 con 0x7fe5fc1072a0
2023-10-14T10:55:06.808 INFO:teuthology.orchestra.run.smithi064.stdout:/usr/bin/ceph: stderr
2023-10-14T10:55:06.403+0000 7fe6028f5700 1 -- 172.21.15.64:0/69538527 --> [v2:172.21.15.64:3300/0,v1:172.21.15.64:6789/0] -- mon_command({"prefix": "config assimilate-conf"} v 0) v1 -- 0x7fe5fc10a970 con 0x7fe5fc1072a0
2023-10-14T10:55:06.808 INFO:teuthology.orchestra.run.smithi064.stdout:/usr/bin/ceph: stderr
2023-10-14T10:55:06.404+0000 7fe5f97fa700 1 -- 172.21.15.64:0/69538527 <== mon.0 v2:172.21.15.64:3300/0 7 ==== mon_command_ack([{"prefix": "config assimilate-conf"}]=0 v3) v1 ==== 70+0+373 (secure 0 0 0) 0x7fe5ec018350 con 0x7fe5fc1072a0
2023-10-14T10:55:06.808 INFO:teuthology.orchestra.run.smithi064.stdout:/usr/bin/ceph: stderr
2023-10-14T10:55:06.407+0000 7fe6028f5700 1 -- 172.21.15.64:0/69538527 >> [v2:172.21.15.64:6800/283909065,v1:172.21.15.64:6801/283909065] conn(0x7fe5e40387d0 msgr2=0x7fe5e403ac90 secure :-1 s=STATE_CONNECTION_ESTABLISHED l=1).mark_down
2023-10-14T10:55:06.808 INFO:teuthology.orchestra.run.smithi064.stdout:/usr/bin/ceph: stderr
2023-10-14T10:55:06.407+0000 7fe6028f5700 1 --2- 172.21.15.64:0/69538527 >> [v2:172.21.15.64:6800/283909065,v1:172.21.15.64:6801/283909065] conn(0x7fe5e40387d0 0x7fe5e403ac90 secure :-1 s=READY pgs=7 cs=0 l=1 rev1=1 crypto rx=0x7fe5f0006fd0 tx=0x7fe5f0006e40 comp rx=0 tx=0).stop
2023-10-14T10:55:06.809 INFO:teuthology.orchestra.run.smithi064.stdout:/usr/bin/ceph: stderr
2023-10-14T10:55:06.407+0000 7fe6028f5700 1 -- 172.21.15.64:0/69538527 >> [v2:172.21.15.64:3300/0,v1:172.21.15.64:6789/0] conn(0x7fe5fc1072a0 msgr2=0x7fe5fc19a450 secure :-1 s=STATE_CONNECTION_ESTABLISHED l=1).mark_down
2023-10-14T10:55:06.809 INFO:teuthology.orchestra.run.smithi064.stdout:/usr/bin/ceph: stderr
2023-10-14T10:55:06.407+0000 7fe6028f5700 1 --2- 172.21.15.64:0/69538527 >> [v2:172.21.15.64:3300/0,v1:172.21.15.64:6789/0] conn(0x7fe5fc1072a0 0x7fe5fc19a450 secure :-1 s=READY pgs=21 cs=0 l=1 rev1=1 crypto rx=0x7fe5ec009fb0 tx=0x7fe5ec011ad0 comp rx=0 tx=0).stop
2023-10-14T10:55:06.809 INFO:teuthology.orchestra.run.smithi064.stdout:/usr/bin/ceph: stderr
2023-10-14T10:55:06.407+0000 7fe6028f5700 1 -- 172.21.15.64:0/69538527 shutdown_connections
2023-10-14T10:55:06.809 INFO:teuthology.orchestra.run.smithi064.stdout:/usr/bin/ceph: stderr
2023-10-14T10:55:06.407+0000 7fe6028f5700 1 --2- 172.21.15.64:0/69538527 >> [v2:172.21.15.64:6800/283909065,v1:172.21.15.64:6801/283909065] conn(0x7fe5e40387d0 0x7fe5e403ac90 unknown :-1 s=CLOSED pgs=7 cs=0 l=1 rev1=1 crypto rx=0 tx=0 comp rx=0 tx=0).stop
2023-10-14T10:55:06.809 INFO:teuthology.orchestra.run.smithi064.stdout:/usr/bin/ceph: stderr
2023-10-14T10:55:06.407+0000 7fe6028f5700 1 --2- 172.21.15.64:0/69538527 >> [v2:172.21.15.64:3300/0,v1:172.21.15.64:6789/0] conn(0x7fe5fc1072a0 0x7fe5fc19a450 unknown :-1 s=CLOSED pgs=21 cs=0 l=1 rev1=1 crypto rx=0 tx=0 comp rx=0 tx=0).stop
2023-10-14T10:55:06.809 INFO:teuthology.orchestra.run.smithi064.stdout:/usr/bin/ceph: stderr
2023-10-14T10:55:06.407+0000 7fe6028f5700 1 -- 172.21.15.64:0/69538527 >> 172.21.15.64:0/69538527 conn(0x7fe5fc100cb0 msgr2=0x7fe5fc101a50 unknown :-1 s=STATE_NONE l=0).mark_down
2023-10-14T10:55:06.810 INFO:teuthology.orchestra.run.smithi064.stdout:/usr/bin/ceph: stderr
2023-10-14T10:55:06.407+0000 7fe6028f5700 1 -- 172.21.15.64:0/69538527 shutdown_connections
2023-10-14T10:55:06.810 INFO:teuthology.orchestra.run.smithi064.stdout:/usr/bin/ceph: stderr
2023-10-14T10:55:06.407+0000 7fe6028f5700 1 -- 172.21.15.64:0/69538527 wait complete.
2023-10-14T10:55:06.810 INFO:teuthology.orchestra.run.smithi064.stdout:Enabling cephadm module...
2023-10-14T10:55:06.814 INFO:journalctl@ceph.mon.a.smithi064.stdout:Oct 14 10:55:06 smithi064 ceph-mon[99506]: from='client.? 172.21.15.64:0/69538527' entity='client.admin' cmd=[{"prefix": "config assimilate-conf"}]: dispatch
2023-10-14T10:55:08.473 INFO:journalctl@ceph.mon.a.smithi064.stdout:Oct 14 10:55:08 smithi064 ceph-mon[99506]: from='client.? 172.21.15.64:0/4080878406' entity='client.admin' cmd=[{"prefix": "mgr module enable", "module": "cephadm"}]: dispatch
2023-10-14T10:55:08.474 INFO:journalctl@ceph.mgr.x.smithi064.stdout:Oct 14 10:55:08 smithi064 ceph-f635fde2-6a7f-11ee-8db6-212e2dc638e7-mgr-x[99752]: ignoring --setuser ceph since I am not root
2023-10-14T10:55:08.474 INFO:journalctl@ceph.mgr.x.smithi064.stdout:Oct 14 10:55:08 smithi064 ceph-f635fde2-6a7f-11ee-8db6-212e2dc638e7-mgr-x[99752]: ignoring --setgroup ceph since I am not root
2023-10-14T10:55:08.474 INFO:journalctl@ceph.mgr.x.smithi064.stdout:Oct 14 10:55:08 smithi064 ceph-f635fde2-6a7f-11ee-8db6-212e2dc638e7-mgr-x[99752]:
2023-10-14T10:55:08.374+0000 7f8b479f7200 -1 mgr[py] Module devicehealth has missing NOTIFY_TYPES member
2023-10-14T10:55:08.474 INFO:journalctl@ceph.mgr.x.smithi064.stdout:Oct 14 10:55:08 smithi064 ceph-f635fde2-6a7f-11ee-8db6-212e2dc638e7-mgr-x[99752]:
2023-10-14T10:55:08.470+0000 7f8b479f7200 -1 mgr[py] Module osd_support has missing NOTIFY_TYPES member
2023-10-14T10:55:08.643 INFO:teuthology.orchestra.run.smithi064.stdout:/usr/bin/ceph: stderr
2023-10-14T10:55:07.280+0000 7fd294d87700 1 Processor -- start
2023-10-14T10:55:08.643 INFO:teuthology.orchestra.run.smithi064.stdout:/usr/bin/ceph: stderr
2023-10-14T10:55:07.280+0000 7fd294d87700 1 -- start start
2023-10-14T10:55:08.643 INFO:teuthology.orchestra.run.smithi064.stdout:/usr/bin/ceph: stderr
2023-10-14T10:55:07.280+0000 7fd294d87700 1 --2- >> [v2:172.21.15.64:3300/0,v1:172.21.15.64:6789/0] conn(0x7fd290105710 0x7fd290105b30 unknown :-1 s=NONE pgs=0 cs=0 l=0 rev1=0 crypto rx=0 tx=0 comp rx=0 tx=0).connect
2023-10-14T10:55:08.643 INFO:teuthology.orchestra.run.smithi064.stdout:/usr/bin/ceph: stderr
2023-10-14T10:55:07.280+0000 7fd294d87700 1 -- --> [v2:172.21.15.64:3300/0,v1:172.21.15.64:6789/0] -- mon_getmap magic: 0 v1 -- 0x7fd290106100 con 0x7fd290105710
2023-10-14T10:55:08.644 INFO:teuthology.orchestra.run.smithi064.stdout:/usr/bin/ceph: stderr
2023-10-14T10:55:07.280+0000 7fd28e59c700 1 --2- >> [v2:172.21.15.64:3300/0,v1:172.21.15.64:6789/0] conn(0x7fd290105710 0x7fd290105b30 unknown :-1 s=BANNER_CONNECTING pgs=0 cs=0 l=0 rev1=0 crypto rx=0 tx=0 comp rx=0 tx=0)._handle_peer_banner_payload supported=3 required=0
2023-10-14T10:55:08.644 INFO:teuthology.orchestra.run.smithi064.stdout:/usr/bin/ceph: stderr
2023-10-14T10:55:07.280+0000 7fd28e59c700 1 --2- >> [v2:172.21.15.64:3300/0,v1:172.21.15.64:6789/0] conn(0x7fd290105710 0x7fd290105b30 unknown :-1 s=HELLO_CONNECTING pgs=0 cs=0 l=0 rev1=1 crypto rx=0 tx=0 comp rx=0 tx=0).handle_hello peer v2:172.21.15.64:3300/0 says I am v2:172.21.15.64:49768/0 (socket says 172.21.15.64:49768)
2023-10-14T10:55:08.644 INFO:teuthology.orchestra.run.smithi064.stdout:/usr/bin/ceph: stderr
2023-10-14T10:55:07.280+0000 7fd28e59c700 1 -- 172.21.15.64:0/3282834769 learned_addr learned my addr 172.21.15.64:0/3282834769 (peer_addr_for_me v2:172.21.15.64:0/0)
2023-10-14T10:55:08.644 INFO:teuthology.orchestra.run.smithi064.stdout:/usr/bin/ceph: stderr
2023-10-14T10:55:07.281+0000 7fd28e59c700 1 -- 172.21.15.64:0/3282834769 --> [v2:172.21.15.64:3300/0,v1:172.21.15.64:6789/0] -- mon_subscribe({config=0+,monmap=0+}) v3 -- 0x7fd290106910 con 0x7fd290105710
2023-10-14T10:55:08.644 INFO:teuthology.orchestra.run.smithi064.stdout:/usr/bin/ceph: stderr
2023-10-14T10:55:07.281+0000 7fd28e59c700 1 --2- 172.21.15.64:0/3282834769 >> [v2:172.21.15.64:3300/0,v1:172.21.15.64:6789/0] conn(0x7fd290105710 0x7fd290105b30 secure :-1 s=READY pgs=22 cs=0 l=1 rev1=1 crypto rx=0x7fd28000bb40 tx=0x7fd28000be50 comp rx=0 tx=0).ready entity=mon.0 client_cookie=f30f9458bb6e382f server_cookie=0 in_seq=0 out_seq=0
2023-10-14T10:55:08.645 INFO:teuthology.orchestra.run.smithi064.stdout:/usr/bin/ceph: stderr
2023-10-14T10:55:07.281+0000 7fd28d59a700 1 -- 172.21.15.64:0/3282834769 <== mon.0 v2:172.21.15.64:3300/0 1 ==== mon_map magic: 0 v1 ==== 205+0+0 (secure 0 0 0) 0x7fd28000dbe0 con 0x7fd290105710
2023-10-14T10:55:08.645 INFO:teuthology.orchestra.run.smithi064.stdout:/usr/bin/ceph: stderr
2023-10-14T10:55:07.281+0000 7fd28d59a700 1 -- 172.21.15.64:0/3282834769 <== mon.0 v2:172.21.15.64:3300/0 2 ==== config(26 keys) v1 ==== 1074+0+0 (secure 0 0 0) 0x7fd2800044d0 con 0x7fd290105710
2023-10-14T10:55:08.645 INFO:teuthology.orchestra.run.smithi064.stdout:/usr/bin/ceph: stderr
2023-10-14T10:55:07.281+0000 7fd28d59a700 1 -- 172.21.15.64:0/3282834769 <== mon.0 v2:172.21.15.64:3300/0 3 ==== mon_map magic: 0 v1 ==== 205+0+0 (secure 0 0 0) 0x7fd280010470 con 0x7fd290105710
2023-10-14T10:55:08.645 INFO:teuthology.orchestra.run.smithi064.stdout:/usr/bin/ceph: stderr
2023-10-14T10:55:07.282+0000 7fd294d87700 1 -- 172.21.15.64:0/3282834769 >> [v2:172.21.15.64:3300/0,v1:172.21.15.64:6789/0] conn(0x7fd290105710 msgr2=0x7fd290105b30 secure :-1 s=STATE_CONNECTION_ESTABLISHED l=1).mark_down
2023-10-14T10:55:08.646 INFO:teuthology.orchestra.run.smithi064.stdout:/usr/bin/ceph: stderr
2023-10-14T10:55:07.282+0000 7fd294d87700 1 --2- 172.21.15.64:0/3282834769 >> [v2:172.21.15.64:3300/0,v1:172.21.15.64:6789/0] conn(0x7fd290105710 0x7fd290105b30 secure :-1 s=READY pgs=22 cs=0 l=1 rev1=1 crypto rx=0x7fd28000bb40 tx=0x7fd28000be50 comp rx=0 tx=0).stop
2023-10-14T10:55:08.646 INFO:teuthology.orchestra.run.smithi064.stdout:/usr/bin/ceph: stderr
2023-10-14T10:55:07.282+0000 7fd294d87700 1 -- 172.21.15.64:0/3282834769 shutdown_connections
2023-10-14T10:55:08.646 INFO:teuthology.orchestra.run.smithi064.stdout:/usr/bin/ceph: stderr
2023-10-14T10:55:07.282+0000 7fd294d87700 1 --2- 172.21.15.64:0/3282834769 >> [v2:172.21.15.64:3300/0,v1:172.21.15.64:6789/0] conn(0x7fd290105710 0x7fd290105b30 unknown :-1 s=CLOSED pgs=22 cs=0 l=1 rev1=1 crypto rx=0 tx=0 comp rx=0 tx=0).stop
2023-10-14T10:55:08.646 INFO:teuthology.orchestra.run.smithi064.stdout:/usr/bin/ceph: stderr
2023-10-14T10:55:07.282+0000 7fd294d87700 1 -- 172.21.15.64:0/3282834769 >> 172.21.15.64:0/3282834769 conn(0x7fd290100cb0 msgr2=0x7fd2901030f0 unknown :-1 s=STATE_NONE l=0).mark_down
2023-10-14T10:55:08.646 INFO:teuthology.orchestra.run.smithi064.stdout:/usr/bin/ceph: stderr
2023-10-14T10:55:07.282+0000 7fd294d87700 1 -- 172.21.15.64:0/3282834769 shutdown_connections
2023-10-14T10:55:08.647 INFO:teuthology.orchestra.run.smithi064.stdout:/usr/bin/ceph: stderr
2023-10-14T10:55:07.282+0000 7fd294d87700 1 -- 172.21.15.64:0/3282834769 wait complete.
2023-10-14T10:55:08.647 INFO:teuthology.orchestra.run.smithi064.stdout:/usr/bin/ceph: stderr
2023-10-14T10:55:07.283+0000 7fd294d87700 1 Processor -- start
2023-10-14T10:55:08.647 INFO:teuthology.orchestra.run.smithi064.stdout:/usr/bin/ceph: stderr
2023-10-14T10:55:07.283+0000 7fd294d87700 1 -- start start
2023-10-14T10:55:08.647 INFO:teuthology.orchestra.run.smithi064.stdout:/usr/bin/ceph: stderr
2023-10-14T10:55:07.283+0000 7fd294d87700 1 --2- >> [v2:172.21.15.64:3300/0,v1:172.21.15.64:6789/0] conn(0x7fd290105710 0x7fd29019c6a0 unknown :-1 s=NONE pgs=0 cs=0 l=1 rev1=0 crypto rx=0 tx=0 comp rx=0 tx=0).connect
2023-10-14T10:55:08.647 INFO:teuthology.orchestra.run.smithi064.stdout:/usr/bin/ceph: stderr
2023-10-14T10:55:07.283+0000 7fd294d87700 1 -- --> [v2:172.21.15.64:3300/0,v1:172.21.15.64:6789/0] -- mon_getmap magic: 0 v1 -- 0x7fd29019cbe0 con 0x7fd290105710
2023-10-14T10:55:08.648 INFO:teuthology.orchestra.run.smithi064.stdout:/usr/bin/ceph: stderr
2023-10-14T10:55:07.283+0000 7fd28e59c700 1 --2- >> [v2:172.21.15.64:3300/0,v1:172.21.15.64:6789/0] conn(0x7fd290105710 0x7fd29019c6a0 unknown :-1 s=BANNER_CONNECTING pgs=0 cs=0 l=1 rev1=0 crypto rx=0 tx=0 comp rx=0 tx=0)._handle_peer_banner_payload supported=3 required=0
2023-10-14T10:55:08.648 INFO:teuthology.orchestra.run.smithi064.stdout:/usr/bin/ceph: stderr
2023-10-14T10:55:07.283+0000 7fd28e59c700 1 --2- >> [v2:172.21.15.64:3300/0,v1:172.21.15.64:6789/0] conn(0x7fd290105710 0x7fd29019c6a0 unknown :-1 s=HELLO_CONNECTING pgs=0 cs=0 l=1 rev1=1 crypto rx=0 tx=0 comp rx=0 tx=0).handle_hello peer v2:172.21.15.64:3300/0 says I am v2:172.21.15.64:49770/0 (socket says 172.21.15.64:49770)
2023-10-14T10:55:08.648 INFO:teuthology.orchestra.run.smithi064.stdout:/usr/bin/ceph: stderr
2023-10-14T10:55:07.283+0000 7fd28e59c700 1 -- 172.21.15.64:0/4080878406 learned_addr learned my addr 172.21.15.64:0/4080878406 (peer_addr_for_me v2:172.21.15.64:0/0)
2023-10-14T10:55:08.648 INFO:teuthology.orchestra.run.smithi064.stdout:/usr/bin/ceph: stderr
2023-10-14T10:55:07.283+0000 7fd28e59c700 1 -- 172.21.15.64:0/4080878406 --> [v2:172.21.15.64:3300/0,v1:172.21.15.64:6789/0] -- mon_subscribe({config=0+,monmap=0+}) v3 -- 0x7fd28000b7f0 con 0x7fd290105710
2023-10-14T10:55:08.648 INFO:teuthology.orchestra.run.smithi064.stdout:/usr/bin/ceph: stderr
2023-10-14T10:55:07.283+0000 7fd28e59c700 1 --2- 172.21.15.64:0/4080878406 >> [v2:172.21.15.64:3300/0,v1:172.21.15.64:6789/0] conn(0x7fd290105710 0x7fd29019c6a0 secure :-1 s=READY pgs=23 cs=0 l=1 rev1=1 crypto rx=0x7fd280003a80 tx=0x7fd280003df0 comp rx=0 tx=0).ready entity=mon.0 client_cookie=0 server_cookie=0 in_seq=0 out_seq=0
2023-10-14T10:55:08.649 INFO:teuthology.orchestra.run.smithi064.stdout:/usr/bin/ceph: stderr
2023-10-14T10:55:07.283+0000 7fd27f7fe700 1 -- 172.21.15.64:0/4080878406 <== mon.0 v2:172.21.15.64:3300/0 1 ==== mon_map magic: 0 v1 ==== 205+0+0 (secure 0 0 0) 0x7fd2800106e0 con 0x7fd290105710
2023-10-14T10:55:08.649 INFO:teuthology.orchestra.run.smithi064.stdout:/usr/bin/ceph: stderr
2023-10-14T10:55:07.284+0000 7fd27f7fe700 1 -- 172.21.15.64:0/4080878406 <== mon.0 v2:172.21.15.64:3300/0 2 ==== config(26 keys) v1 ==== 1074+0+0 (secure 0 0 0) 0x7fd280010ce0 con 0x7fd290105710
2023-10-14T10:55:08.649 INFO:teuthology.orchestra.run.smithi064.stdout:/usr/bin/ceph: stderr
2023-10-14T10:55:07.284+0000 7fd27f7fe700 1 -- 172.21.15.64:0/4080878406 <== mon.0 v2:172.21.15.64:3300/0 3 ==== mon_map magic: 0 v1 ==== 205+0+0 (secure 0 0 0) 0x7fd280019c40 con 0x7fd290105710
2023-10-14T10:55:08.649 INFO:teuthology.orchestra.run.smithi064.stdout:/usr/bin/ceph: stderr
2023-10-14T10:55:07.284+0000 7fd294d87700 1 -- 172.21.15.64:0/4080878406 --> [v2:172.21.15.64:3300/0,v1:172.21.15.64:6789/0] -- mon_subscribe({mgrmap=0+}) v3 -- 0x7fd29019cde0 con 0x7fd290105710
2023-10-14T10:55:08.649 INFO:teuthology.orchestra.run.smithi064.stdout:/usr/bin/ceph: stderr
2023-10-14T10:55:07.284+0000 7fd294d87700 1 -- 172.21.15.64:0/4080878406 --> [v2:172.21.15.64:3300/0,v1:172.21.15.64:6789/0] -- mon_subscribe({osdmap=0}) v3 -- 0x7fd29019d1a0 con 0x7fd290105710
2023-10-14T10:55:08.649 INFO:teuthology.orchestra.run.smithi064.stdout:/usr/bin/ceph: stderr
2023-10-14T10:55:07.284+0000 7fd27f7fe700 1 -- 172.21.15.64:0/4080878406 <== mon.0 v2:172.21.15.64:3300/0 4 ==== mgrmap(e 4) v1 ==== 45568+0+0 (secure 0 0 0) 0x7fd280010840 con 0x7fd290105710
2023-10-14T10:55:08.650 INFO:teuthology.orchestra.run.smithi064.stdout:/usr/bin/ceph: stderr
2023-10-14T10:55:07.285+0000 7fd27f7fe700 1 --2- 172.21.15.64:0/4080878406 >> [v2:172.21.15.64:6800/283909065,v1:172.21.15.64:6801/283909065] conn(0x7fd278038820 0x7fd27803ace0 unknown :-1 s=NONE pgs=0 cs=0 l=1 rev1=0 crypto rx=0 tx=0 comp rx=0 tx=0).connect
2023-10-14T10:55:08.650 INFO:teuthology.orchestra.run.smithi064.stdout:/usr/bin/ceph: stderr
2023-10-14T10:55:07.285+0000 7fd27f7fe700 1 -- 172.21.15.64:0/4080878406 <== mon.0 v2:172.21.15.64:3300/0 5 ==== osd_map(1..1 src has 1..1) v4 ==== 725+0+0 (secure 0 0 0) 0x7fd28004ca20 con 0x7fd290105710
2023-10-14T10:55:08.650 INFO:teuthology.orchestra.run.smithi064.stdout:/usr/bin/ceph: stderr
2023-10-14T10:55:07.285+0000 7fd294d87700 1 -- 172.21.15.64:0/4080878406 --> [v2:172.21.15.64:3300/0,v1:172.21.15.64:6789/0] -- mon_command({"prefix": "get_command_descriptions"} v 0) v1 -- 0x7fd290191fa0 con 0x7fd290105710
2023-10-14T10:55:08.650 INFO:teuthology.orchestra.run.smithi064.stdout:/usr/bin/ceph: stderr
2023-10-14T10:55:07.285+0000 7fd28dd9b700 1 --2- 172.21.15.64:0/4080878406 >> [v2:172.21.15.64:6800/283909065,v1:172.21.15.64:6801/283909065] conn(0x7fd278038820 0x7fd27803ace0 unknown :-1 s=BANNER_CONNECTING pgs=0 cs=0 l=1 rev1=0 crypto rx=0 tx=0 comp rx=0 tx=0)._handle_peer_banner_payload supported=3 required=0
2023-10-14T10:55:08.650 INFO:teuthology.orchestra.run.smithi064.stdout:/usr/bin/ceph: stderr
2023-10-14T10:55:07.285+0000 7fd28dd9b700 1 --2- 172.21.15.64:0/4080878406 >> [v2:172.21.15.64:6800/283909065,v1:172.21.15.64:6801/283909065] conn(0x7fd278038820 0x7fd27803ace0 secure :-1 s=READY pgs=8 cs=0 l=1 rev1=1 crypto rx=0x7fd284006fd0 tx=0x7fd284006e40 comp rx=0 tx=0).ready entity=mgr.14100 client_cookie=0 server_cookie=0 in_seq=0 out_seq=0
2023-10-14T10:55:08.651 INFO:teuthology.orchestra.run.smithi064.stdout:/usr/bin/ceph: stderr
2023-10-14T10:55:07.291+0000 7fd27f7fe700 1 -- 172.21.15.64:0/4080878406 <== mon.0 v2:172.21.15.64:3300/0 6 ==== mon_command_ack([{"prefix": "get_command_descriptions"}]=0 v0) v1 ==== 72+0+180459 (secure 0 0 0) 0x7fd28000f5b0 con 0x7fd290105710
2023-10-14T10:55:08.651 INFO:teuthology.orchestra.run.smithi064.stdout:/usr/bin/ceph: stderr
2023-10-14T10:55:07.765+0000 7fd294d87700 1 -- 172.21.15.64:0/4080878406 --> [v2:172.21.15.64:3300/0,v1:172.21.15.64:6789/0] -- mon_command({"prefix": "mgr module enable", "module": "cephadm"} v 0) v1 -- 0x7fd2900624e0 con 0x7fd290105710
2023-10-14T10:55:08.651 INFO:teuthology.orchestra.run.smithi064.stdout:/usr/bin/ceph: stderr
2023-10-14T10:55:08.182+0000 7fd27f7fe700 1 -- 172.21.15.64:0/4080878406 <== mon.0 v2:172.21.15.64:3300/0 7 ==== mon_command_ack([{"prefix": "mgr module enable", "module": "cephadm"}]=0 v5) v1 ==== 86+0+0 (secure 0 0 0) 0x7fd28000f3d0 con 0x7fd290105710
2023-10-14T10:55:08.651 INFO:teuthology.orchestra.run.smithi064.stdout:/usr/bin/ceph: stderr
2023-10-14T10:55:08.184+0000 7fd27f7fe700 1 -- 172.21.15.64:0/4080878406 <== mon.0 v2:172.21.15.64:3300/0 8 ==== mgrmap(e 5) v1 ==== 45579+0+0 (secure 0 0 0) 0x7fd280016d50 con 0x7fd290105710
2023-10-14T10:55:08.651 INFO:teuthology.orchestra.run.smithi064.stdout:/usr/bin/ceph: stderr
2023-10-14T10:55:08.185+0000 7fd294d87700 1 -- 172.21.15.64:0/4080878406 >> [v2:172.21.15.64:6800/283909065,v1:172.21.15.64:6801/283909065] conn(0x7fd278038820 msgr2=0x7fd27803ace0 secure :-1 s=STATE_CONNECTION_ESTABLISHED l=1).mark_down
2023-10-14T10:55:08.652 INFO:teuthology.orchestra.run.smithi064.stdout:/usr/bin/ceph: stderr
2023-10-14T10:55:08.185+0000 7fd294d87700 1 --2- 172.21.15.64:0/4080878406 >> [v2:172.21.15.64:6800/283909065,v1:172.21.15.64:6801/283909065] conn(0x7fd278038820 0x7fd27803ace0 secure :-1 s=READY pgs=8 cs=0 l=1 rev1=1 crypto rx=0x7fd284006fd0 tx=0x7fd284006e40 comp rx=0 tx=0).stop
2023-10-14T10:55:08.652 INFO:teuthology.orchestra.run.smithi064.stdout:/usr/bin/ceph: stderr
2023-10-14T10:55:08.185+0000 7fd294d87700 1 -- 172.21.15.64:0/4080878406 >> [v2:172.21.15.64:3300/0,v1:172.21.15.64:6789/0] conn(0x7fd290105710 msgr2=0x7fd29019c6a0 secure :-1 s=STATE_CONNECTION_ESTABLISHED l=1).mark_down
2023-10-14T10:55:08.652 INFO:teuthology.orchestra.run.smithi064.stdout:/usr/bin/ceph: stderr
2023-10-14T10:55:08.185+0000 7fd294d87700 1 --2- 172.21.15.64:0/4080878406 >> [v2:172.21.15.64:3300/0,v1:172.21.15.64:6789/0] conn(0x7fd290105710 0x7fd29019c6a0 secure :-1 s=READY pgs=23 cs=0 l=1 rev1=1 crypto rx=0x7fd280003a80 tx=0x7fd280003df0 comp rx=0 tx=0).stop
2023-10-14T10:55:08.652 INFO:teuthology.orchestra.run.smithi064.stdout:/usr/bin/ceph: stderr
2023-10-14T10:55:08.185+0000 7fd294d87700 1 -- 172.21.15.64:0/4080878406 shutdown_connections
2023-10-14T10:55:08.652 INFO:teuthology.orchestra.run.smithi064.stdout:/usr/bin/ceph: stderr
2023-10-14T10:55:08.185+0000 7fd294d87700 1 --2- 172.21.15.64:0/4080878406 >> [v2:172.21.15.64:6800/283909065,v1:172.21.15.64:6801/283909065] conn(0x7fd278038820 0x7fd27803ace0 unknown :-1 s=CLOSED pgs=8 cs=0 l=1 rev1=1 crypto rx=0 tx=0 comp rx=0 tx=0).stop
2023-10-14T10:55:08.653 INFO:teuthology.orchestra.run.smithi064.stdout:/usr/bin/ceph: stderr
2023-10-14T10:55:08.185+0000 7fd294d87700 1 --2- 172.21.15.64:0/4080878406 >> [v2:172.21.15.64:3300/0,v1:172.21.15.64:6789/0] conn(0x7fd290105710 0x7fd29019c6a0 unknown :-1 s=CLOSED pgs=23 cs=0 l=1 rev1=1 crypto rx=0 tx=0 comp rx=0 tx=0).stop
2023-10-14T10:55:08.653 INFO:teuthology.orchestra.run.smithi064.stdout:/usr/bin/ceph: stderr
2023-10-14T10:55:08.185+0000 7fd294d87700 1 -- 172.21.15.64:0/4080878406 >> 172.21.15.64:0/4080878406 conn(0x7fd290100cb0 msgr2=0x7fd29018f0e0 unknown :-1 s=STATE_NONE l=0).mark_down
2023-10-14T10:55:08.653 INFO:teuthology.orchestra.run.smithi064.stdout:/usr/bin/ceph: stderr
2023-10-14T10:55:08.186+0000 7fd294d87700 1 -- 172.21.15.64:0/4080878406 shutdown_connections
2023-10-14T10:55:08.653 INFO:teuthology.orchestra.run.smithi064.stdout:/usr/bin/ceph: stderr
2023-10-14T10:55:08.186+0000 7fd294d87700 1 -- 172.21.15.64:0/4080878406 wait complete.
2023-10-14T10:55:08.826 INFO:journalctl@ceph.mgr.x.smithi064.stdout:Oct 14 10:55:08 smithi064 ceph-f635fde2-6a7f-11ee-8db6-212e2dc638e7-mgr-x[99752]:
2023-10-14T10:55:08.580+0000 7f8b479f7200 -1 mgr[py] Module snap_schedule has missing NOTIFY_TYPES member
2023-10-14T10:55:08.827 INFO:journalctl@ceph.mgr.x.smithi064.stdout:Oct 14 10:55:08 smithi064 ceph-f635fde2-6a7f-11ee-8db6-212e2dc638e7-mgr-x[99752]:
2023-10-14T10:55:08.698+0000 7f8b479f7200 -1 mgr[py] Module zabbix has missing NOTIFY_TYPES member
2023-10-14T10:55:09.185 INFO:journalctl@ceph.mgr.x.smithi064.stdout:Oct 14 10:55:08 smithi064 ceph-f635fde2-6a7f-11ee-8db6-212e2dc638e7-mgr-x[99752]:
2023-10-14T10:55:08.915+0000 7f8b479f7200 -1 mgr[py] Module crash has missing NOTIFY_TYPES member
2023-10-14T10:55:09.555 INFO:journalctl@ceph.mon.a.smithi064.stdout:Oct 14 10:55:09 smithi064 ceph-mon[99506]: from='client.? 172.21.15.64:0/4080878406' entity='client.admin' cmd='[{"prefix": "mgr module enable", "module": "cephadm"}]': finished
2023-10-14T10:55:09.555 INFO:journalctl@ceph.mon.a.smithi064.stdout:Oct 14 10:55:09 smithi064 ceph-mon[99506]: mgrmap e5: x(active, since 10s)
2023-10-14T10:55:09.555 INFO:journalctl@ceph.mgr.x.smithi064.stdout:Oct 14 10:55:09 smithi064 ceph-f635fde2-6a7f-11ee-8db6-212e2dc638e7-mgr-x[99752]:
2023-10-14T10:55:09.393+0000 7f8b479f7200 -1 mgr[py] Module prometheus has missing NOTIFY_TYPES member
2023-10-14T10:55:09.826 INFO:journalctl@ceph.mgr.x.smithi064.stdout:Oct 14 10:55:09 smithi064 ceph-f635fde2-6a7f-11ee-8db6-212e2dc638e7-mgr-x[99752]:
2023-10-14T10:55:09.552+0000 7f8b479f7200 -1 mgr[py] Module status has missing NOTIFY_TYPES member
2023-10-14T10:55:09.827 INFO:journalctl@ceph.mgr.x.smithi064.stdout:Oct 14 10:55:09 smithi064 ceph-f635fde2-6a7f-11ee-8db6-212e2dc638e7-mgr-x[99752]:
2023-10-14T10:55:09.662+0000 7f8b479f7200 -1 mgr[py] Module selftest has missing NOTIFY_TYPES member
2023-10-14T10:55:09.827 INFO:journalctl@ceph.mgr.x.smithi064.stdout:Oct 14 10:55:09 smithi064 ceph-f635fde2-6a7f-11ee-8db6-212e2dc638e7-mgr-x[99752]:
2023-10-14T10:55:09.788+0000 7f8b479f7200 -1 mgr[py] Module alerts has missing NOTIFY_TYPES member
2023-10-14T10:55:10.576 INFO:journalctl@ceph.mon.a.smithi064.stdout:Oct 14 10:55:10 smithi064 ceph-mon[99506]: from='client.? 172.21.15.64:0/4106423304' entity='client.admin' cmd=[{"prefix": "mgr stat"}]: dispatch
2023-10-14T10:55:10.577 INFO:journalctl@ceph.mgr.x.smithi064.stdout:Oct 14 10:55:10 smithi064 ceph-f635fde2-6a7f-11ee-8db6-212e2dc638e7-mgr-x[99752]:
2023-10-14T10:55:10.300+0000 7f8b479f7200 -1 mgr[py] Module progress has missing NOTIFY_TYPES member
2023-10-14T10:55:10.695 INFO:teuthology.orchestra.run.smithi064.stdout:/usr/bin/ceph: stdout {
2023-10-14T10:55:10.696 INFO:teuthology.orchestra.run.smithi064.stdout:/usr/bin/ceph: stdout "epoch": 5,
2023-10-14T10:55:10.696 INFO:teuthology.orchestra.run.smithi064.stdout:/usr/bin/ceph: stdout "available": true,
2023-10-14T10:55:10.696 INFO:teuthology.orchestra.run.smithi064.stdout:/usr/bin/ceph: stdout "active_name": "x",
2023-10-14T10:55:10.696 INFO:teuthology.orchestra.run.smithi064.stdout:/usr/bin/ceph: stdout "num_standby": 0
2023-10-14T10:55:10.697 INFO:teuthology.orchestra.run.smithi064.stdout:/usr/bin/ceph: stdout }
2023-10-14T10:55:10.697 INFO:teuthology.orchestra.run.smithi064.stdout:/usr/bin/ceph: stderr
2023-10-14T10:55:09.144+0000 7f7bde916700 1 Processor -- start
2023-10-14T10:55:10.697 INFO:teuthology.orchestra.run.smithi064.stdout:/usr/bin/ceph: stderr
2023-10-14T10:55:09.144+0000 7f7bde916700 1 -- start start
2023-10-14T10:55:10.697 INFO:teuthology.orchestra.run.smithi064.stdout:/usr/bin/ceph: stderr
2023-10-14T10:55:09.144+0000 7f7bde916700 1 --2- >> [v2:172.21.15.64:3300/0,v1:172.21.15.64:6789/0] conn(0x7f7bd8107360 0x7f7bd8109750 unknown :-1 s=NONE pgs=0 cs=0 l=0 rev1=0 crypto rx=0 tx=0 comp rx=0 tx=0).connect
2023-10-14T10:55:10.697 INFO:teuthology.orchestra.run.smithi064.stdout:/usr/bin/ceph: stderr
2023-10-14T10:55:09.144+0000 7f7bde916700 1 -- --> [v2:172.21.15.64:3300/0,v1:172.21.15.64:6789/0] -- mon_getmap magic: 0 v1 -- 0x7f7bd80746a0 con 0x7f7bd8107360
2023-10-14T10:55:10.698 INFO:teuthology.orchestra.run.smithi064.stdout:/usr/bin/ceph: stderr
2023-10-14T10:55:09.144+0000 7f7bd7fff700 1 --2- >> [v2:172.21.15.64:3300/0,v1:172.21.15.64:6789/0] conn(0x7f7bd8107360 0x7f7bd8109750 unknown :-1 s=BANNER_CONNECTING pgs=0 cs=0 l=0 rev1=0 crypto rx=0 tx=0 comp rx=0 tx=0)._handle_peer_banner_payload supported=3 required=0
2023-10-14T10:55:10.698 INFO:teuthology.orchestra.run.smithi064.stdout:/usr/bin/ceph: stderr
2023-10-14T10:55:09.144+0000 7f7bd7fff700 1 --2- >> [v2:172.21.15.64:3300/0,v1:172.21.15.64:6789/0] conn(0x7f7bd8107360 0x7f7bd8109750 unknown :-1 s=HELLO_CONNECTING pgs=0 cs=0 l=0 rev1=1 crypto rx=0 tx=0 comp rx=0 tx=0).handle_hello peer v2:172.21.15.64:3300/0 says I am v2:172.21.15.64:49784/0 (socket says 172.21.15.64:49784)
2023-10-14T10:55:10.698 INFO:teuthology.orchestra.run.smithi064.stdout:/usr/bin/ceph: stderr
2023-10-14T10:55:09.144+0000 7f7bd7fff700 1 -- 172.21.15.64:0/998566149 learned_addr learned my addr 172.21.15.64:0/998566149 (peer_addr_for_me v2:172.21.15.64:0/0)
2023-10-14T10:55:10.698 INFO:teuthology.orchestra.run.smithi064.stdout:/usr/bin/ceph: stderr
2023-10-14T10:55:09.145+0000 7f7bd7fff700 1 -- 172.21.15.64:0/998566149 --> [v2:172.21.15.64:3300/0,v1:172.21.15.64:6789/0] -- mon_subscribe({config=0+,monmap=0+}) v3 -- 0x7f7bd80747e0 con 0x7f7bd8107360
2023-10-14T10:55:10.698 INFO:teuthology.orchestra.run.smithi064.stdout:/usr/bin/ceph: stderr
2023-10-14T10:55:09.145+0000 7f7bd7fff700 1 --2- 172.21.15.64:0/998566149 >> [v2:172.21.15.64:3300/0,v1:172.21.15.64:6789/0] conn(0x7f7bd8107360 0x7f7bd8109750 secure :-1 s=READY pgs=26 cs=0 l=1 rev1=1 crypto rx=0x7f7bc80098a0 tx=0x7f7bc8009bb0 comp rx=0 tx=0).ready entity=mon.0 client_cookie=7ed73127485d3645 server_cookie=0 in_seq=0 out_seq=0
2023-10-14T10:55:10.699 INFO:teuthology.orchestra.run.smithi064.stdout:/usr/bin/ceph: stderr
2023-10-14T10:55:09.145+0000 7f7bd6ffd700 1 -- 172.21.15.64:0/998566149 <== mon.0 v2:172.21.15.64:3300/0 1 ==== mon_map magic: 0 v1 ==== 205+0+0 (secure 0 0 0) 0x7f7bc8004160 con 0x7f7bd8107360
2023-10-14T10:55:10.699 INFO:teuthology.orchestra.run.smithi064.stdout:/usr/bin/ceph: stderr
2023-10-14T10:55:09.145+0000 7f7bd6ffd700 1 -- 172.21.15.64:0/998566149 <== mon.0 v2:172.21.15.64:3300/0 2 ==== config(26 keys) v1 ==== 1074+0+0 (secure 0 0 0) 0x7f7bc80042c0 con 0x7f7bd8107360
2023-10-14T10:55:10.699 INFO:teuthology.orchestra.run.smithi064.stdout:/usr/bin/ceph: stderr
2023-10-14T10:55:09.145+0000 7f7bd6ffd700 1 -- 172.21.15.64:0/998566149 <== mon.0 v2:172.21.15.64:3300/0 3 ==== mon_map magic: 0 v1 ==== 205+0+0 (secure 0 0 0) 0x7f7bc8011a00 con 0x7f7bd8107360
2023-10-14T10:55:10.700 INFO:teuthology.orchestra.run.smithi064.stdout:/usr/bin/ceph: stderr
2023-10-14T10:55:09.146+0000 7f7bde916700 1 -- 172.21.15.64:0/998566149 >> [v2:172.21.15.64:3300/0,v1:172.21.15.64:6789/0] conn(0x7f7bd8107360 msgr2=0x7f7bd8109750 secure :-1 s=STATE_CONNECTION_ESTABLISHED l=1).mark_down
2023-10-14T10:55:10.700 INFO:teuthology.orchestra.run.smithi064.stdout:/usr/bin/ceph: stderr
2023-10-14T10:55:09.146+0000 7f7bde916700 1 --2- 172.21.15.64:0/998566149 >> [v2:172.21.15.64:3300/0,v1:172.21.15.64:6789/0] conn(0x7f7bd8107360 0x7f7bd8109750 secure :-1 s=READY pgs=26 cs=0 l=1 rev1=1 crypto rx=0x7f7bc80098a0 tx=0x7f7bc8009bb0 comp rx=0 tx=0).stop
2023-10-14T10:55:10.700 INFO:teuthology.orchestra.run.smithi064.stdout:/usr/bin/ceph: stderr
2023-10-14T10:55:09.146+0000 7f7bde916700 1 -- 172.21.15.64:0/998566149 shutdown_connections
2023-10-14T10:55:10.700 INFO:teuthology.orchestra.run.smithi064.stdout:/usr/bin/ceph: stderr
2023-10-14T10:55:09.146+0000 7f7bde916700 1 --2- 172.21.15.64:0/998566149 >> [v2:172.21.15.64:3300/0,v1:172.21.15.64:6789/0] conn(0x7f7bd8107360 0x7f7bd8109750 unknown :-1 s=CLOSED pgs=26 cs=0 l=1 rev1=1 crypto rx=0 tx=0 comp rx=0 tx=0).stop
2023-10-14T10:55:10.700 INFO:teuthology.orchestra.run.smithi064.stdout:/usr/bin/ceph: stderr
2023-10-14T10:55:09.146+0000 7f7bde916700 1 -- 172.21.15.64:0/998566149 >> 172.21.15.64:0/998566149 conn(0x7f7bd8100cb0 msgr2=0x7f7bd81030f0 unknown :-1 s=STATE_NONE l=0).mark_down
2023-10-14T10:55:10.701 INFO:teuthology.orchestra.run.smithi064.stdout:/usr/bin/ceph: stderr
2023-10-14T10:55:09.146+0000 7f7bde916700 1 -- 172.21.15.64:0/998566149 shutdown_connections
2023-10-14T10:55:10.701 INFO:teuthology.orchestra.run.smithi064.stdout:/usr/bin/ceph: stderr
2023-10-14T10:55:09.146+0000 7f7bde916700 1 -- 172.21.15.64:0/998566149 wait complete.
2023-10-14T10:55:10.701 INFO:teuthology.orchestra.run.smithi064.stdout:/usr/bin/ceph: stderr
2023-10-14T10:55:09.147+0000 7f7bde916700 1 Processor -- start
2023-10-14T10:55:10.701 INFO:teuthology.orchestra.run.smithi064.stdout:/usr/bin/ceph: stderr
2023-10-14T10:55:09.147+0000 7f7bde916700 1 -- start start
2023-10-14T10:55:10.701 INFO:teuthology.orchestra.run.smithi064.stdout:/usr/bin/ceph: stderr
2023-10-14T10:55:09.147+0000 7f7bde916700 1 --2- >> [v2:172.21.15.64:3300/0,v1:172.21.15.64:6789/0] conn(0x7f7bd8107360 0x7f7bd8106cc0 unknown :-1 s=NONE pgs=0 cs=0 l=1 rev1=0 crypto rx=0 tx=0 comp rx=0 tx=0).connect
2023-10-14T10:55:10.702 INFO:teuthology.orchestra.run.smithi064.stdout:/usr/bin/ceph: stderr
2023-10-14T10:55:09.147+0000 7f7bde916700 1 -- --> [v2:172.21.15.64:3300/0,v1:172.21.15.64:6789/0] -- mon_getmap magic: 0 v1 -- 0x7f7bd8107200 con 0x7f7bd8107360
2023-10-14T10:55:10.702 INFO:teuthology.orchestra.run.smithi064.stdout:/usr/bin/ceph: stderr
