2023-10-14T10:55:44.813 INFO:teuthology.orchestra.run.smithi064.stdout:/usr/bin/ceph: stderr
2023-10-14T10:55:44.378+0000 7f710c843700 1 -- 172.21.15.64:0/3393491411 <== mon.0 v2:172.21.15.64:3300/0 7 ==== mgrmap(e 11) v1 ==== 45486+0+0 (secure 0 0 0) 0x7f70f804e6d0 con 0x7f7108105710
2023-10-14T10:55:44.813 INFO:teuthology.orchestra.run.smithi064.stdout:/usr/bin/ceph: stderr
2023-10-14T10:55:44.378+0000 7f710c843700 1 --2- 172.21.15.64:0/3393491411 >> [v2:172.21.15.64:6800/3135785782,v1:172.21.15.64:6801/3135785782] conn(0x7f70f003bfd0 0x7f70f003e3c0 unknown :-1 s=NONE pgs=0 cs=0 l=1 rev1=0 crypto rx=0 tx=0 comp rx=0 tx=0).connect
2023-10-14T10:55:44.813 INFO:teuthology.orchestra.run.smithi064.stdout:/usr/bin/ceph: stderr
2023-10-14T10:55:44.378+0000 7f710c843700 1 -- 172.21.15.64:0/3393491411 --> [v2:172.21.15.64:6800/3135785782,v1:172.21.15.64:6801/3135785782] -- command(tid 0: {"prefix": "get_command_descriptions"}) v1 -- 0x7f71080624e0 con 0x7f70f003bfd0
2023-10-14T10:55:44.814 INFO:teuthology.orchestra.run.smithi064.stdout:/usr/bin/ceph: stderr
2023-10-14T10:55:44.378+0000 7f71067fc700 1 --2- 172.21.15.64:0/3393491411 >> [v2:172.21.15.64:6800/3135785782,v1:172.21.15.64:6801/3135785782] conn(0x7f70f003bfd0 0x7f70f003e3c0 unknown :-1 s=BANNER_CONNECTING pgs=0 cs=0 l=1 rev1=0 crypto rx=0 tx=0 comp rx=0 tx=0)._handle_peer_banner_payload supported=3 required=0
2023-10-14T10:55:44.814 INFO:teuthology.orchestra.run.smithi064.stdout:/usr/bin/ceph: stderr
2023-10-14T10:55:44.379+0000 7f71067fc700 1 --2- 172.21.15.64:0/3393491411 >> [v2:172.21.15.64:6800/3135785782,v1:172.21.15.64:6801/3135785782] conn(0x7f70f003bfd0 0x7f70f003e3c0 secure :-1 s=READY pgs=1 cs=0 l=1 rev1=1 crypto rx=0x7f70fc003a10 tx=0x7f70fc0092b0 comp rx=0 tx=0).ready entity=mgr.14152 client_cookie=0 server_cookie=0 in_seq=0 out_seq=0
2023-10-14T10:55:44.814 INFO:teuthology.orchestra.run.smithi064.stdout:/usr/bin/ceph: stderr
2023-10-14T10:55:44.380+0000 7f710c843700 1 -- 172.21.15.64:0/3393491411 <== mgr.14152 v2:172.21.15.64:6800/3135785782 1 ==== command_reply(tid 0: 0 ) v1 ==== 8+0+6910 (secure 0 0 0) 0x7f71080624e0 con 0x7f70f003bfd0
2023-10-14T10:55:44.814 INFO:teuthology.orchestra.run.smithi064.stdout:/usr/bin/ceph: stderr
2023-10-14T10:55:44.391+0000 7f710d845700 1 -- 172.21.15.64:0/3393491411 --> [v2:172.21.15.64:6800/3135785782,v1:172.21.15.64:6801/3135785782] -- command(tid 1: {"prefix": "mgr_status"}) v1 -- 0x7f710819b840 con 0x7f70f003bfd0
2023-10-14T10:55:44.814 INFO:teuthology.orchestra.run.smithi064.stdout:/usr/bin/ceph: stderr
2023-10-14T10:55:44.391+0000 7f710c843700 1 -- 172.21.15.64:0/3393491411 <== mgr.14152 v2:172.21.15.64:6800/3135785782 2 ==== command_reply(tid 1: 0 ) v1 ==== 8+0+52 (secure 0 0 0) 0x7f710819b840 con 0x7f70f003bfd0
2023-10-14T10:55:44.815 INFO:teuthology.orchestra.run.smithi064.stdout:/usr/bin/ceph: stderr
2023-10-14T10:55:44.391+0000 7f710d845700 1 -- 172.21.15.64:0/3393491411 >> [v2:172.21.15.64:6800/3135785782,v1:172.21.15.64:6801/3135785782] conn(0x7f70f003bfd0 msgr2=0x7f70f003e3c0 secure :-1 s=STATE_CONNECTION_ESTABLISHED l=1).mark_down
2023-10-14T10:55:44.815 INFO:teuthology.orchestra.run.smithi064.stdout:/usr/bin/ceph: stderr
2023-10-14T10:55:44.391+0000 7f710d845700 1 --2- 172.21.15.64:0/3393491411 >> [v2:172.21.15.64:6800/3135785782,v1:172.21.15.64:6801/3135785782] conn(0x7f70f003bfd0 0x7f70f003e3c0 secure :-1 s=READY pgs=1 cs=0 l=1 rev1=1 crypto rx=0x7f70fc003a10 tx=0x7f70fc0092b0 comp rx=0 tx=0).stop
2023-10-14T10:55:44.815 INFO:teuthology.orchestra.run.smithi064.stdout:/usr/bin/ceph: stderr
2023-10-14T10:55:44.391+0000 7f710d845700 1 -- 172.21.15.64:0/3393491411 >> [v2:172.21.15.64:3300/0,v1:172.21.15.64:6789/0] conn(0x7f7108105710 msgr2=0x7f710819a500 secure :-1 s=STATE_CONNECTION_ESTABLISHED l=1).mark_down
2023-10-14T10:55:44.815 INFO:teuthology.orchestra.run.smithi064.stdout:/usr/bin/ceph: stderr
2023-10-14T10:55:44.391+0000 7f710d845700 1 --2- 172.21.15.64:0/3393491411 >> [v2:172.21.15.64:3300/0,v1:172.21.15.64:6789/0] conn(0x7f7108105710 0x7f710819a500 secure :-1 s=READY pgs=62 cs=0 l=1 rev1=1 crypto rx=0x7f70f8003e60 tx=0x7f70f8011aa0 comp rx=0 tx=0).stop
2023-10-14T10:55:44.816 INFO:teuthology.orchestra.run.smithi064.stdout:/usr/bin/ceph: stderr
2023-10-14T10:55:44.391+0000 7f710d845700 1 -- 172.21.15.64:0/3393491411 shutdown_connections
2023-10-14T10:55:44.816 INFO:teuthology.orchestra.run.smithi064.stdout:/usr/bin/ceph: stderr
2023-10-14T10:55:44.391+0000 7f710d845700 1 --2- 172.21.15.64:0/3393491411 >> [v2:172.21.15.64:6800/3135785782,v1:172.21.15.64:6801/3135785782] conn(0x7f70f003bfd0 0x7f70f003e3c0 unknown :-1 s=CLOSED pgs=1 cs=0 l=1 rev1=1 crypto rx=0 tx=0 comp rx=0 tx=0).stop
2023-10-14T10:55:44.816 INFO:teuthology.orchestra.run.smithi064.stdout:/usr/bin/ceph: stderr
2023-10-14T10:55:44.391+0000 7f710d845700 1 --2- 172.21.15.64:0/3393491411 >> [v2:172.21.15.64:3300/0,v1:172.21.15.64:6789/0] conn(0x7f7108105710 0x7f710819a500 unknown :-1 s=CLOSED pgs=62 cs=0 l=1 rev1=1 crypto rx=0 tx=0 comp rx=0 tx=0).stop
2023-10-14T10:55:44.816 INFO:teuthology.orchestra.run.smithi064.stdout:/usr/bin/ceph: stderr
2023-10-14T10:55:44.391+0000 7f710d845700 1 --2- 172.21.15.64:0/3393491411 >> [v2:172.21.15.64:6800/1814270146,v1:172.21.15.64:6801/1814270146] conn(0x7f70f0038820 0x7f70f003ace0 unknown :-1 s=CLOSED pgs=0 cs=0 l=1 rev1=0 crypto rx=0 tx=0 comp rx=0 tx=0).stop
2023-10-14T10:55:44.816 INFO:teuthology.orchestra.run.smithi064.stdout:/usr/bin/ceph: stderr
2023-10-14T10:55:44.391+0000 7f710d845700 1 -- 172.21.15.64:0/3393491411 >> 172.21.15.64:0/3393491411 conn(0x7f7108100cb0 msgr2=0x7f71080741b0 unknown :-1 s=STATE_NONE l=0).mark_down
2023-10-14T10:55:44.817 INFO:teuthology.orchestra.run.smithi064.stdout:/usr/bin/ceph: stderr
2023-10-14T10:55:44.392+0000 7f710d845700 1 -- 172.21.15.64:0/3393491411 shutdown_connections
2023-10-14T10:55:44.817 INFO:teuthology.orchestra.run.smithi064.stdout:/usr/bin/ceph: stderr
2023-10-14T10:55:44.392+0000 7f710d845700 1 -- 172.21.15.64:0/3393491411 wait complete.
2023-10-14T10:55:44.817 INFO:teuthology.orchestra.run.smithi064.stdout:mgr epoch 9 is available
2023-10-14T10:55:44.817 INFO:teuthology.orchestra.run.smithi064.stdout:Generating a dashboard self-signed certificate...
2023-10-14T10:55:45.826 INFO:journalctl@ceph.mon.a.smithi064.stdout:Oct 14 10:55:45 smithi064 ceph-mon[99506]: [14/Oct/2023:10:55:44] ENGINE Serving on https://172.21.15.64:7150
2023-10-14T10:55:45.827 INFO:journalctl@ceph.mon.a.smithi064.stdout:Oct 14 10:55:45 smithi064 ceph-mon[99506]: [14/Oct/2023:10:55:44] ENGINE Serving on http://172.21.15.64:8765
2023-10-14T10:55:45.827 INFO:journalctl@ceph.mon.a.smithi064.stdout:Oct 14 10:55:45 smithi064 ceph-mon[99506]: [14/Oct/2023:10:55:44] ENGINE Bus STARTED
2023-10-14T10:55:45.827 INFO:journalctl@ceph.mon.a.smithi064.stdout:Oct 14 10:55:45 smithi064 ceph-mon[99506]: from='client.14156 -' entity='client.admin' cmd=[{"prefix": "get_command_descriptions"}]: dispatch
2023-10-14T10:55:45.828 INFO:journalctl@ceph.mon.a.smithi064.stdout:Oct 14 10:55:45 smithi064 ceph-mon[99506]: from='client.14156 -' entity='client.admin' cmd=[{"prefix": "mgr_status"}]: dispatch
2023-10-14T10:55:46.395 INFO:teuthology.orchestra.run.smithi064.stdout:/usr/bin/ceph: stdout Self-signed certificate created
2023-10-14T10:55:46.396 INFO:teuthology.orchestra.run.smithi064.stdout:/usr/bin/ceph: stderr
2023-10-14T10:55:45.486+0000 7f6ff1468700 1 Processor -- start
2023-10-14T10:55:46.396 INFO:teuthology.orchestra.run.smithi064.stdout:/usr/bin/ceph: stderr
2023-10-14T10:55:45.486+0000 7f6ff1468700 1 -- start start
2023-10-14T10:55:46.396 INFO:teuthology.orchestra.run.smithi064.stdout:/usr/bin/ceph: stderr
2023-10-14T10:55:45.486+0000 7f6ff1468700 1 --2- >> [v2:172.21.15.64:3300/0,v1:172.21.15.64:6789/0] conn(0x7f6fec1056f0 0x7f6fec105b10 unknown :-1 s=NONE pgs=0 cs=0 l=0 rev1=0 crypto rx=0 tx=0 comp rx=0 tx=0).connect
2023-10-14T10:55:46.396 INFO:teuthology.orchestra.run.smithi064.stdout:/usr/bin/ceph: stderr
2023-10-14T10:55:45.486+0000 7f6ff1468700 1 -- --> [v2:172.21.15.64:3300/0,v1:172.21.15.64:6789/0] -- mon_getmap magic: 0 v1 -- 0x7f6fec1060e0 con 0x7f6fec1056f0
2023-10-14T10:55:46.397 INFO:teuthology.orchestra.run.smithi064.stdout:/usr/bin/ceph: stderr
2023-10-14T10:55:45.487+0000 7f6feaffd700 1 --2- >> [v2:172.21.15.64:3300/0,v1:172.21.15.64:6789/0] conn(0x7f6fec1056f0 0x7f6fec105b10 unknown :-1 s=BANNER_CONNECTING pgs=0 cs=0 l=0 rev1=0 crypto rx=0 tx=0 comp rx=0 tx=0)._handle_peer_banner_payload supported=3 required=0
2023-10-14T10:55:46.397 INFO:teuthology.orchestra.run.smithi064.stdout:/usr/bin/ceph: stderr
2023-10-14T10:55:45.487+0000 7f6feaffd700 1 --2- >> [v2:172.21.15.64:3300/0,v1:172.21.15.64:6789/0] conn(0x7f6fec1056f0 0x7f6fec105b10 unknown :-1 s=HELLO_CONNECTING pgs=0 cs=0 l=0 rev1=1 crypto rx=0 tx=0 comp rx=0 tx=0).handle_hello peer v2:172.21.15.64:3300/0 says I am v2:172.21.15.64:50014/0 (socket says 172.21.15.64:50014)
2023-10-14T10:55:46.397 INFO:teuthology.orchestra.run.smithi064.stdout:/usr/bin/ceph: stderr
2023-10-14T10:55:45.487+0000 7f6feaffd700 1 -- 172.21.15.64:0/1160366703 learned_addr learned my addr 172.21.15.64:0/1160366703 (peer_addr_for_me v2:172.21.15.64:0/0)
2023-10-14T10:55:46.397 INFO:teuthology.orchestra.run.smithi064.stdout:/usr/bin/ceph: stderr
2023-10-14T10:55:45.487+0000 7f6feaffd700 1 -- 172.21.15.64:0/1160366703 --> [v2:172.21.15.64:3300/0,v1:172.21.15.64:6789/0] -- mon_subscribe({config=0+,monmap=0+}) v3 -- 0x7f6fec1068f0 con 0x7f6fec1056f0
2023-10-14T10:55:46.397 INFO:teuthology.orchestra.run.smithi064.stdout:/usr/bin/ceph: stderr
2023-10-14T10:55:45.487+0000 7f6feaffd700 1 --2- 172.21.15.64:0/1160366703 >> [v2:172.21.15.64:3300/0,v1:172.21.15.64:6789/0] conn(0x7f6fec1056f0 0x7f6fec105b10 secure :-1 s=READY pgs=70 cs=0 l=1 rev1=1 crypto rx=0x7f6fe00098a0 tx=0x7f6fe0009bb0 comp rx=0 tx=0).ready entity=mon.0 client_cookie=17aff2cde21cb88 server_cookie=0 in_seq=0 out_seq=0
2023-10-14T10:55:46.398 INFO:teuthology.orchestra.run.smithi064.stdout:/usr/bin/ceph: stderr
2023-10-14T10:55:45.487+0000 7f6fe9ffb700 1 -- 172.21.15.64:0/1160366703 <== mon.0 v2:172.21.15.64:3300/0 1 ==== mon_map magic: 0 v1 ==== 205+0+0 (secure 0 0 0) 0x7f6fe0004160 con 0x7f6fec1056f0
2023-10-14T10:55:46.398 INFO:teuthology.orchestra.run.smithi064.stdout:/usr/bin/ceph: stderr
2023-10-14T10:55:45.487+0000 7f6fe9ffb700 1 -- 172.21.15.64:0/1160366703 <== mon.0 v2:172.21.15.64:3300/0 2 ==== config(26 keys) v1 ==== 1105+0+0 (secure 0 0 0) 0x7f6fe00042c0 con 0x7f6fec1056f0
2023-10-14T10:55:46.398 INFO:teuthology.orchestra.run.smithi064.stdout:/usr/bin/ceph: stderr
2023-10-14T10:55:45.487+0000 7f6fe9ffb700 1 -- 172.21.15.64:0/1160366703 <== mon.0 v2:172.21.15.64:3300/0 3 ==== mon_map magic: 0 v1 ==== 205+0+0 (secure 0 0 0) 0x7f6fe00119b0 con 0x7f6fec1056f0
2023-10-14T10:55:46.398 INFO:teuthology.orchestra.run.smithi064.stdout:/usr/bin/ceph: stderr
2023-10-14T10:55:45.488+0000 7f6ff1468700 1 -- 172.21.15.64:0/1160366703 >> [v2:172.21.15.64:3300/0,v1:172.21.15.64:6789/0] conn(0x7f6fec1056f0 msgr2=0x7f6fec105b10 secure :-1 s=STATE_CONNECTION_ESTABLISHED l=1).mark_down
2023-10-14T10:55:46.398 INFO:teuthology.orchestra.run.smithi064.stdout:/usr/bin/ceph: stderr
2023-10-14T10:55:45.488+0000 7f6ff1468700 1 --2- 172.21.15.64:0/1160366703 >> [v2:172.21.15.64:3300/0,v1:172.21.15.64:6789/0] conn(0x7f6fec1056f0 0x7f6fec105b10 secure :-1 s=READY pgs=70 cs=0 l=1 rev1=1 crypto rx=0x7f6fe00098a0 tx=0x7f6fe0009bb0 comp rx=0 tx=0).stop
2023-10-14T10:55:46.399 INFO:teuthology.orchestra.run.smithi064.stdout:/usr/bin/ceph: stderr
2023-10-14T10:55:45.488+0000 7f6ff1468700 1 -- 172.21.15.64:0/1160366703 shutdown_connections
2023-10-14T10:55:46.399 INFO:teuthology.orchestra.run.smithi064.stdout:/usr/bin/ceph: stderr
2023-10-14T10:55:45.488+0000 7f6ff1468700 1 --2- 172.21.15.64:0/1160366703 >> [v2:172.21.15.64:3300/0,v1:172.21.15.64:6789/0] conn(0x7f6fec1056f0 0x7f6fec105b10 unknown :-1 s=CLOSED pgs=70 cs=0 l=1 rev1=1 crypto rx=0 tx=0 comp rx=0 tx=0).stop
2023-10-14T10:55:46.399 INFO:teuthology.orchestra.run.smithi064.stdout:/usr/bin/ceph: stderr
2023-10-14T10:55:45.488+0000 7f6ff1468700 1 -- 172.21.15.64:0/1160366703 >> 172.21.15.64:0/1160366703 conn(0x7f6fec100cb0 msgr2=0x7f6fec1030d0 unknown :-1 s=STATE_NONE l=0).mark_down
2023-10-14T10:55:46.399 INFO:teuthology.orchestra.run.smithi064.stdout:/usr/bin/ceph: stderr
2023-10-14T10:55:45.488+0000 7f6ff1468700 1 -- 172.21.15.64:0/1160366703 shutdown_connections
2023-10-14T10:55:46.399 INFO:teuthology.orchestra.run.smithi064.stdout:/usr/bin/ceph: stderr
2023-10-14T10:55:45.488+0000 7f6ff1468700 1 -- 172.21.15.64:0/1160366703 wait complete.
2023-10-14T10:55:46.400 INFO:teuthology.orchestra.run.smithi064.stdout:/usr/bin/ceph: stderr
2023-10-14T10:55:45.489+0000 7f6ff1468700 1 Processor -- start
2023-10-14T10:55:46.400 INFO:teuthology.orchestra.run.smithi064.stdout:/usr/bin/ceph: stderr
2023-10-14T10:55:45.489+0000 7f6ff1468700 1 -- start start
2023-10-14T10:55:46.400 INFO:teuthology.orchestra.run.smithi064.stdout:/usr/bin/ceph: stderr
2023-10-14T10:55:45.489+0000 7f6ff1468700 1 --2- >> [v2:172.21.15.64:3300/0,v1:172.21.15.64:6789/0] conn(0x7f6fec1056f0 0x7f6fec19a520 unknown :-1 s=NONE pgs=0 cs=0 l=1 rev1=0 crypto rx=0 tx=0 comp rx=0 tx=0).connect
2023-10-14T10:55:46.401 INFO:teuthology.orchestra.run.smithi064.stdout:/usr/bin/ceph: stderr
2023-10-14T10:55:45.489+0000 7f6ff1468700 1 -- --> [v2:172.21.15.64:3300/0,v1:172.21.15.64:6789/0] -- mon_getmap magic: 0 v1 -- 0x7f6fec19aa60 con 0x7f6fec1056f0
2023-10-14T10:55:46.401 INFO:teuthology.orchestra.run.smithi064.stdout:/usr/bin/ceph: stderr
2023-10-14T10:55:45.489+0000 7f6feaffd700 1 --2- >> [v2:172.21.15.64:3300/0,v1:172.21.15.64:6789/0] conn(0x7f6fec1056f0 0x7f6fec19a520 unknown :-1 s=BANNER_CONNECTING pgs=0 cs=0 l=1 rev1=0 crypto rx=0 tx=0 comp rx=0 tx=0)._handle_peer_banner_payload supported=3 required=0
2023-10-14T10:55:46.401 INFO:teuthology.orchestra.run.smithi064.stdout:/usr/bin/ceph: stderr
2023-10-14T10:55:45.489+0000 7f6feaffd700 1 --2- >> [v2:172.21.15.64:3300/0,v1:172.21.15.64:6789/0] conn(0x7f6fec1056f0 0x7f6fec19a520 unknown :-1 s=HELLO_CONNECTING pgs=0 cs=0 l=1 rev1=1 crypto rx=0 tx=0 comp rx=0 tx=0).handle_hello peer v2:172.21.15.64:3300/0 says I am v2:172.21.15.64:50016/0 (socket says 172.21.15.64:50016)
2023-10-14T10:55:46.401 INFO:teuthology.orchestra.run.smithi064.stdout:/usr/bin/ceph: stderr
2023-10-14T10:55:45.489+0000 7f6feaffd700 1 -- 172.21.15.64:0/419760413 learned_addr learned my addr 172.21.15.64:0/419760413 (peer_addr_for_me v2:172.21.15.64:0/0)
2023-10-14T10:55:46.401 INFO:teuthology.orchestra.run.smithi064.stdout:/usr/bin/ceph: stderr
2023-10-14T10:55:45.489+0000 7f6feaffd700 1 -- 172.21.15.64:0/419760413 --> [v2:172.21.15.64:3300/0,v1:172.21.15.64:6789/0] -- mon_subscribe({config=0+,monmap=0+}) v3 -- 0x7f6fe0009550 con 0x7f6fec1056f0
2023-10-14T10:55:46.402 INFO:teuthology.orchestra.run.smithi064.stdout:/usr/bin/ceph: stderr
2023-10-14T10:55:45.490+0000 7f6feaffd700 1 --2- 172.21.15.64:0/419760413 >> [v2:172.21.15.64:3300/0,v1:172.21.15.64:6789/0] conn(0x7f6fec1056f0 0x7f6fec19a520 secure :-1 s=READY pgs=71 cs=0 l=1 rev1=1 crypto rx=0x7f6fe0003e60 tx=0x7f6fe0011aa0 comp rx=0 tx=0).ready entity=mon.0 client_cookie=0 server_cookie=0 in_seq=0 out_seq=0
2023-10-14T10:55:46.402 INFO:teuthology.orchestra.run.smithi064.stdout:/usr/bin/ceph: stderr
2023-10-14T10:55:45.490+0000 7f6fd3fff700 1 -- 172.21.15.64:0/419760413 <== mon.0 v2:172.21.15.64:3300/0 1 ==== mon_map magic: 0 v1 ==== 205+0+0 (secure 0 0 0) 0x7f6fe0003970 con 0x7f6fec1056f0
2023-10-14T10:55:46.402 INFO:teuthology.orchestra.run.smithi064.stdout:/usr/bin/ceph: stderr
2023-10-14T10:55:45.490+0000 7f6fd3fff700 1 -- 172.21.15.64:0/419760413 <== mon.0 v2:172.21.15.64:3300/0 2 ==== config(26 keys) v1 ==== 1105+0+0 (secure 0 0 0) 0x7f6fe0003ad0 con 0x7f6fec1056f0
2023-10-14T10:55:46.402 INFO:teuthology.orchestra.run.smithi064.stdout:/usr/bin/ceph: stderr
2023-10-14T10:55:45.490+0000 7f6fd3fff700 1 -- 172.21.15.64:0/419760413 <== mon.0 v2:172.21.15.64:3300/0 3 ==== mon_map magic: 0 v1 ==== 205+0+0 (secure 0 0 0) 0x7f6fe00195e0 con 0x7f6fec1056f0
2023-10-14T10:55:46.402 INFO:teuthology.orchestra.run.smithi064.stdout:/usr/bin/ceph: stderr
2023-10-14T10:55:45.490+0000 7f6ff1468700 1 -- 172.21.15.64:0/419760413 --> [v2:172.21.15.64:3300/0,v1:172.21.15.64:6789/0] -- mon_subscribe({mgrmap=0+}) v3 -- 0x7f6fec19ac60 con 0x7f6fec1056f0
2023-10-14T10:55:46.403 INFO:teuthology.orchestra.run.smithi064.stdout:/usr/bin/ceph: stderr
2023-10-14T10:55:45.490+0000 7f6ff1468700 1 -- 172.21.15.64:0/419760413 --> [v2:172.21.15.64:3300/0,v1:172.21.15.64:6789/0] -- mon_subscribe({osdmap=0}) v3 -- 0x7f6fec19b080 con 0x7f6fec1056f0
2023-10-14T10:55:46.403 INFO:teuthology.orchestra.run.smithi064.stdout:/usr/bin/ceph: stderr
2023-10-14T10:55:45.491+0000 7f6fd3fff700 1 -- 172.21.15.64:0/419760413 <== mon.0 v2:172.21.15.64:3300/0 4 ==== mgrmap(e 12) v1 ==== 45592+0+0 (secure 0 0 0) 0x7f6fe0019850 con 0x7f6fec1056f0
2023-10-14T10:55:46.403 INFO:teuthology.orchestra.run.smithi064.stdout:/usr/bin/ceph: stderr
2023-10-14T10:55:45.491+0000 7f6ff1468700 1 -- 172.21.15.64:0/419760413 --> [v2:172.21.15.64:3300/0,v1:172.21.15.64:6789/0] -- mon_command({"prefix": "get_command_descriptions"} v 0) v1 -- 0x7f6fec1941f0 con 0x7f6fec1056f0
2023-10-14T10:55:46.403 INFO:teuthology.orchestra.run.smithi064.stdout:/usr/bin/ceph: stderr
2023-10-14T10:55:45.491+0000 7f6fd3fff700 1 --2- 172.21.15.64:0/419760413 >> [v2:172.21.15.64:6800/3135785782,v1:172.21.15.64:6801/3135785782] conn(0x7f6fd4038870 0x7f6fd403ad30 unknown :-1 s=NONE pgs=0 cs=0 l=1 rev1=0 crypto rx=0 tx=0 comp rx=0 tx=0).connect
2023-10-14T10:55:46.403 INFO:teuthology.orchestra.run.smithi064.stdout:/usr/bin/ceph: stderr
2023-10-14T10:55:45.491+0000 7f6fd3fff700 1 -- 172.21.15.64:0/419760413 <== mon.0 v2:172.21.15.64:3300/0 5 ==== osd_map(3..3 src has 1..3) v4 ==== 1155+0+0 (secure 0 0 0) 0x7f6fe004caf0 con 0x7f6fec1056f0
2023-10-14T10:55:46.404 INFO:teuthology.orchestra.run.smithi064.stdout:/usr/bin/ceph: stderr
2023-10-14T10:55:45.491+0000 7f6fea7fc700 1 --2- 172.21.15.64:0/419760413 >> [v2:172.21.15.64:6800/3135785782,v1:172.21.15.64:6801/3135785782] conn(0x7f6fd4038870 0x7f6fd403ad30 unknown :-1 s=BANNER_CONNECTING pgs=0 cs=0 l=1 rev1=0 crypto rx=0 tx=0 comp rx=0 tx=0)._handle_peer_banner_payload supported=3 required=0
2023-10-14T10:55:46.404 INFO:teuthology.orchestra.run.smithi064.stdout:/usr/bin/ceph: stderr
2023-10-14T10:55:45.492+0000 7f6fea7fc700 1 --2- 172.21.15.64:0/419760413 >> [v2:172.21.15.64:6800/3135785782,v1:172.21.15.64:6801/3135785782] conn(0x7f6fd4038870 0x7f6fd403ad30 secure :-1 s=READY pgs=7 cs=0 l=1 rev1=1 crypto rx=0x7f6fdc006fd0 tx=0x7f6fdc006e40 comp rx=0 tx=0).ready entity=mgr.14152 client_cookie=0 server_cookie=0 in_seq=0 out_seq=0
2023-10-14T10:55:46.404 INFO:teuthology.orchestra.run.smithi064.stdout:/usr/bin/ceph: stderr
2023-10-14T10:55:45.496+0000 7f6fd3fff700 1 -- 172.21.15.64:0/419760413 <== mon.0 v2:172.21.15.64:3300/0 6 ==== mon_command_ack([{"prefix": "get_command_descriptions"}]=0 v0) v1 ==== 72+0+180459 (secure 0 0 0) 0x7f6fe0018d20 con 0x7f6fec1056f0
2023-10-14T10:55:46.404 INFO:teuthology.orchestra.run.smithi064.stdout:/usr/bin/ceph: stderr
2023-10-14T10:55:45.883+0000 7f6ff1468700 1 -- 172.21.15.64:0/419760413 --> [v2:172.21.15.64:6800/3135785782,v1:172.21.15.64:6801/3135785782] -- mgr_command(tid 0: {"prefix": "dashboard create-self-signed-cert", "target": ["mon-mgr", ""]}) v1 -- 0x7f6fec02d0e0 con 0x7f6fd4038870
2023-10-14T10:55:46.404 INFO:teuthology.orchestra.run.smithi064.stdout:/usr/bin/ceph: stderr
2023-10-14T10:55:45.954+0000 7f6fd3fff700 1 -- 172.21.15.64:0/419760413 <== mgr.14152 v2:172.21.15.64:6800/3135785782 1 ==== mgr_command_reply(tid 0: 0 ) v1 ==== 8+0+32 (secure 0 0 0) 0x7f6fec02d0e0 con 0x7f6fd4038870
2023-10-14T10:55:46.404 INFO:teuthology.orchestra.run.smithi064.stdout:/usr/bin/ceph: stderr
2023-10-14T10:55:45.956+0000 7f6ff1468700 1 -- 172.21.15.64:0/419760413 >> [v2:172.21.15.64:6800/3135785782,v1:172.21.15.64:6801/3135785782] conn(0x7f6fd4038870 msgr2=0x7f6fd403ad30 secure :-1 s=STATE_CONNECTION_ESTABLISHED l=1).mark_down
2023-10-14T10:55:46.405 INFO:teuthology.orchestra.run.smithi064.stdout:/usr/bin/ceph: stderr
2023-10-14T10:55:45.956+0000 7f6ff1468700 1 --2- 172.21.15.64:0/419760413 >> [v2:172.21.15.64:6800/3135785782,v1:172.21.15.64:6801/3135785782] conn(0x7f6fd4038870 0x7f6fd403ad30 secure :-1 s=READY pgs=7 cs=0 l=1 rev1=1 crypto rx=0x7f6fdc006fd0 tx=0x7f6fdc006e40 comp rx=0 tx=0).stop
2023-10-14T10:55:46.405 INFO:teuthology.orchestra.run.smithi064.stdout:/usr/bin/ceph: stderr
2023-10-14T10:55:45.956+0000 7f6ff1468700 1 -- 172.21.15.64:0/419760413 >> [v2:172.21.15.64:3300/0,v1:172.21.15.64:6789/0] conn(0x7f6fec1056f0 msgr2=0x7f6fec19a520 secure :-1 s=STATE_CONNECTION_ESTABLISHED l=1).mark_down
2023-10-14T10:55:46.405 INFO:teuthology.orchestra.run.smithi064.stdout:/usr/bin/ceph: stderr
2023-10-14T10:55:45.956+0000 7f6ff1468700 1 --2- 172.21.15.64:0/419760413 >> [v2:172.21.15.64:3300/0,v1:172.21.15.64:6789/0] conn(0x7f6fec1056f0 0x7f6fec19a520 secure :-1 s=READY pgs=71 cs=0 l=1 rev1=1 crypto rx=0x7f6fe0003e60 tx=0x7f6fe0011aa0 comp rx=0 tx=0).stop
2023-10-14T10:55:46.405 INFO:teuthology.orchestra.run.smithi064.stdout:/usr/bin/ceph: stderr
2023-10-14T10:55:45.956+0000 7f6ff1468700 1 -- 172.21.15.64:0/419760413 shutdown_connections
2023-10-14T10:55:46.405 INFO:teuthology.orchestra.run.smithi064.stdout:/usr/bin/ceph: stderr
2023-10-14T10:55:45.956+0000 7f6ff1468700 1 --2- 172.21.15.64:0/419760413 >> [v2:172.21.15.64:6800/3135785782,v1:172.21.15.64:6801/3135785782] conn(0x7f6fd4038870 0x7f6fd403ad30 unknown :-1 s=CLOSED pgs=7 cs=0 l=1 rev1=1 crypto rx=0 tx=0 comp rx=0 tx=0).stop
2023-10-14T10:55:46.406 INFO:teuthology.orchestra.run.smithi064.stdout:/usr/bin/ceph: stderr
2023-10-14T10:55:45.956+0000 7f6ff1468700 1 --2- 172.21.15.64:0/419760413 >> [v2:172.21.15.64:3300/0,v1:172.21.15.64:6789/0] conn(0x7f6fec1056f0 0x7f6fec19a520 unknown :-1 s=CLOSED pgs=71 cs=0 l=1 rev1=1 crypto rx=0 tx=0 comp rx=0 tx=0).stop
2023-10-14T10:55:46.406 INFO:teuthology.orchestra.run.smithi064.stdout:/usr/bin/ceph: stderr
2023-10-14T10:55:45.956+0000 7f6ff1468700 1 -- 172.21.15.64:0/419760413 >> 172.21.15.64:0/419760413 conn(0x7f6fec100cb0 msgr2=0x7f6fec101920 unknown :-1 s=STATE_NONE l=0).mark_down
2023-10-14T10:55:46.406 INFO:teuthology.orchestra.run.smithi064.stdout:/usr/bin/ceph: stderr
2023-10-14T10:55:45.957+0000 7f6ff1468700 1 -- 172.21.15.64:0/419760413 shutdown_connections
2023-10-14T10:55:46.406 INFO:teuthology.orchestra.run.smithi064.stdout:/usr/bin/ceph: stderr
2023-10-14T10:55:45.957+0000 7f6ff1468700 1 -- 172.21.15.64:0/419760413 wait complete.
2023-10-14T10:55:46.406 INFO:teuthology.orchestra.run.smithi064.stdout:Creating initial admin user...
2023-10-14T10:55:46.663 INFO:journalctl@ceph.mon.a.smithi064.stdout:Oct 14 10:55:46 smithi064 ceph-mon[99506]: mgrmap e12: x(active, since 2s)
2023-10-14T10:55:46.663 INFO:journalctl@ceph.mon.a.smithi064.stdout:Oct 14 10:55:46 smithi064 ceph-mon[99506]: from='mgr.14152 172.21.15.64:0/3795403174' entity='mgr.x'
2023-10-14T10:55:46.664 INFO:journalctl@ceph.mon.a.smithi064.stdout:Oct 14 10:55:46 smithi064 ceph-mon[99506]: from='client.14164 -' entity='client.admin' cmd=[{"prefix": "dashboard create-self-signed-cert", "target": ["mon-mgr", ""]}]: dispatch
2023-10-14T10:55:46.664 INFO:journalctl@ceph.mon.a.smithi064.stdout:Oct 14 10:55:46 smithi064 ceph-mon[99506]: from='mgr.14152 172.21.15.64:0/3795403174' entity='mgr.x'
2023-10-14T10:55:46.664 INFO:journalctl@ceph.mon.a.smithi064.stdout:Oct 14 10:55:46 smithi064 ceph-mon[99506]: from='mgr.14152 172.21.15.64:0/3795403174' entity='mgr.x'
2023-10-14T10:55:47.827 INFO:journalctl@ceph.mon.a.smithi064.stdout:Oct 14 10:55:47 smithi064 ceph-mon[99506]: from='mgr.14152 172.21.15.64:0/3795403174' entity='mgr.x'
2023-10-14T10:55:48.244 INFO:teuthology.orchestra.run.smithi064.stdout:/usr/bin/ceph: stdout {"username": "admin", "password": "$2b$12$iJK.hSmPVm8vx3kBTrGSG.w.PXnmZSU9hWHZV2fZs52Xk150HKadu", "roles": ["administrator"], "name": null, "email": null, "lastUpdate": 1697280947, "enabled": true, "pwdExpirationDate": null, "pwdUpdateRequired": true}
2023-10-14T10:55:48.244 INFO:teuthology.orchestra.run.smithi064.stdout:/usr/bin/ceph: stderr
2023-10-14T10:55:46.976+0000 7fd06766d700 1 Processor -- start
2023-10-14T10:55:48.244 INFO:teuthology.orchestra.run.smithi064.stdout:/usr/bin/ceph: stderr
2023-10-14T10:55:46.976+0000 7fd06766d700 1 -- start start
2023-10-14T10:55:48.244 INFO:teuthology.orchestra.run.smithi064.stdout:/usr/bin/ceph: stderr
2023-10-14T10:55:46.976+0000 7fd06766d700 1 --2- >> [v2:172.21.15.64:3300/0,v1:172.21.15.64:6789/0] conn(0x7fd060106800 0x7fd060106c20 unknown :-1 s=NONE pgs=0 cs=0 l=0 rev1=0 crypto rx=0 tx=0 comp rx=0 tx=0).connect
2023-10-14T10:55:48.245 INFO:teuthology.orchestra.run.smithi064.stdout:/usr/bin/ceph: stderr
2023-10-14T10:55:46.977+0000 7fd06766d700 1 -- --> [v2:172.21.15.64:3300/0,v1:172.21.15.64:6789/0] -- mon_getmap magic: 0 v1 -- 0x7fd0601071f0 con 0x7fd060106800
2023-10-14T10:55:48.245 INFO:teuthology.orchestra.run.smithi064.stdout:/usr/bin/ceph: stderr
2023-10-14T10:55:46.977+0000 7fd065409700 1 --2- >> [v2:172.21.15.64:3300/0,v1:172.21.15.64:6789/0] conn(0x7fd060106800 0x7fd060106c20 unknown :-1 s=BANNER_CONNECTING pgs=0 cs=0 l=0 rev1=0 crypto rx=0 tx=0 comp rx=0 tx=0)._handle_peer_banner_payload supported=3 required=0
2023-10-14T10:55:48.245 INFO:teuthology.orchestra.run.smithi064.stdout:/usr/bin/ceph: stderr
2023-10-14T10:55:46.977+0000 7fd065409700 1 --2- >> [v2:172.21.15.64:3300/0,v1:172.21.15.64:6789/0] conn(0x7fd060106800 0x7fd060106c20 unknown :-1 s=HELLO_CONNECTING pgs=0 cs=0 l=0 rev1=1 crypto rx=0 tx=0 comp rx=0 tx=0).handle_hello peer v2:172.21.15.64:3300/0 says I am v2:172.21.15.64:50020/0 (socket says 172.21.15.64:50020)
2023-10-14T10:55:48.245 INFO:teuthology.orchestra.run.smithi064.stdout:/usr/bin/ceph: stderr
2023-10-14T10:55:46.977+0000 7fd065409700 1 -- 172.21.15.64:0/1477728877 learned_addr learned my addr 172.21.15.64:0/1477728877 (peer_addr_for_me v2:172.21.15.64:0/0)
2023-10-14T10:55:48.245 INFO:teuthology.orchestra.run.smithi064.stdout:/usr/bin/ceph: stderr
2023-10-14T10:55:46.977+0000 7fd065409700 1 -- 172.21.15.64:0/1477728877 --> [v2:172.21.15.64:3300/0,v1:172.21.15.64:6789/0] -- mon_subscribe({config=0+,monmap=0+}) v3 -- 0x7fd060107a00 con 0x7fd060106800
2023-10-14T10:55:48.246 INFO:teuthology.orchestra.run.smithi064.stdout:/usr/bin/ceph: stderr
2023-10-14T10:55:46.977+0000 7fd065409700 1 --2- 172.21.15.64:0/1477728877 >> [v2:172.21.15.64:3300/0,v1:172.21.15.64:6789/0] conn(0x7fd060106800 0x7fd060106c20 secure :-1 s=READY pgs=72 cs=0 l=1 rev1=1 crypto rx=0x7fd0500098a0 tx=0x7fd050009bb0 comp rx=0 tx=0).ready entity=mon.0 client_cookie=4f9f5f6f11e8bb5b server_cookie=0 in_seq=0 out_seq=0
2023-10-14T10:55:48.246 INFO:teuthology.orchestra.run.smithi064.stdout:/usr/bin/ceph: stderr
2023-10-14T10:55:46.977+0000 7fd057fff700 1 -- 172.21.15.64:0/1477728877 <== mon.0 v2:172.21.15.64:3300/0 1 ==== mon_map magic: 0 v1 ==== 205+0+0 (secure 0 0 0) 0x7fd050004160 con 0x7fd060106800
2023-10-14T10:55:48.246 INFO:teuthology.orchestra.run.smithi064.stdout:/usr/bin/ceph: stderr
2023-10-14T10:55:46.977+0000 7fd057fff700 1 -- 172.21.15.64:0/1477728877 <== mon.0 v2:172.21.15.64:3300/0 2 ==== config(26 keys) v1 ==== 1105+0+0 (secure 0 0 0) 0x7fd0500042c0 con 0x7fd060106800
2023-10-14T10:55:48.246 INFO:teuthology.orchestra.run.smithi064.stdout:/usr/bin/ceph: stderr
2023-10-14T10:55:46.977+0000 7fd057fff700 1 -- 172.21.15.64:0/1477728877 <== mon.0 v2:172.21.15.64:3300/0 3 ==== mon_map magic: 0 v1 ==== 205+0+0 (secure 0 0 0) 0x7fd0500119b0 con 0x7fd060106800
2023-10-14T10:55:48.246 INFO:teuthology.orchestra.run.smithi064.stdout:/usr/bin/ceph: stderr
2023-10-14T10:55:46.978+0000 7fd06766d700 1 -- 172.21.15.64:0/1477728877 >> [v2:172.21.15.64:3300/0,v1:172.21.15.64:6789/0] conn(0x7fd060106800 msgr2=0x7fd060106c20 secure :-1 s=STATE_CONNECTION_ESTABLISHED l=1).mark_down
2023-10-14T10:55:48.247 INFO:teuthology.orchestra.run.smithi064.stdout:/usr/bin/ceph: stderr
2023-10-14T10:55:46.978+0000 7fd06766d700 1 --2- 172.21.15.64:0/1477728877 >> [v2:172.21.15.64:3300/0,v1:172.21.15.64:6789/0] conn(0x7fd060106800 0x7fd060106c20 secure :-1 s=READY pgs=72 cs=0 l=1 rev1=1 crypto rx=0x7fd0500098a0 tx=0x7fd050009bb0 comp rx=0 tx=0).stop
2023-10-14T10:55:48.247 INFO:teuthology.orchestra.run.smithi064.stdout:/usr/bin/ceph: stderr
2023-10-14T10:55:46.978+0000 7fd06766d700 1 -- 172.21.15.64:0/1477728877 shutdown_connections
2023-10-14T10:55:48.247 INFO:teuthology.orchestra.run.smithi064.stdout:/usr/bin/ceph: stderr
2023-10-14T10:55:46.978+0000 7fd06766d700 1 --2- 172.21.15.64:0/1477728877 >> [v2:172.21.15.64:3300/0,v1:172.21.15.64:6789/0] conn(0x7fd060106800 0x7fd060106c20 unknown :-1 s=CLOSED pgs=72 cs=0 l=1 rev1=1 crypto rx=0 tx=0 comp rx=0 tx=0).stop
2023-10-14T10:55:48.247 INFO:teuthology.orchestra.run.smithi064.stdout:/usr/bin/ceph: stderr
2023-10-14T10:55:46.978+0000 7fd06766d700 1 -- 172.21.15.64:0/1477728877 >> 172.21.15.64:0/1477728877 conn(0x7fd060101dc0 msgr2=0x7fd0601041e0 unknown :-1 s=STATE_NONE l=0).mark_down
2023-10-14T10:55:48.247 INFO:teuthology.orchestra.run.smithi064.stdout:/usr/bin/ceph: stderr
2023-10-14T10:55:46.978+0000 7fd06766d700 1 -- 172.21.15.64:0/1477728877 shutdown_connections
2023-10-14T10:55:48.248 INFO:teuthology.orchestra.run.smithi064.stdout:/usr/bin/ceph: stderr
2023-10-14T10:55:46.978+0000 7fd06766d700 1 -- 172.21.15.64:0/1477728877 wait complete.
2023-10-14T10:55:48.248 INFO:teuthology.orchestra.run.smithi064.stdout:/usr/bin/ceph: stderr
2023-10-14T10:55:46.979+0000 7fd06766d700 1 Processor -- start
2023-10-14T10:55:48.248 INFO:teuthology.orchestra.run.smithi064.stdout:/usr/bin/ceph: stderr
2023-10-14T10:55:46.979+0000 7fd06766d700 1 -- start start
2023-10-14T10:55:48.248 INFO:teuthology.orchestra.run.smithi064.stdout:/usr/bin/ceph: stderr
2023-10-14T10:55:46.979+0000 7fd06766d700 1 --2- >> [v2:172.21.15.64:3300/0,v1:172.21.15.64:6789/0] conn(0x7fd060106800 0x7fd06019a4e0 unknown :-1 s=NONE pgs=0 cs=0 l=1 rev1=0 crypto rx=0 tx=0 comp rx=0 tx=0).connect
2023-10-14T10:55:48.248 INFO:teuthology.orchestra.run.smithi064.stdout:/usr/bin/ceph: stderr
2023-10-14T10:55:46.979+0000 7fd06766d700 1 -- --> [v2:172.21.15.64:3300/0,v1:172.21.15.64:6789/0] -- mon_getmap magic: 0 v1 -- 0x7fd06019aa20 con 0x7fd060106800
2023-10-14T10:55:48.249 INFO:teuthology.orchestra.run.smithi064.stdout:/usr/bin/ceph: stderr
2023-10-14T10:55:46.979+0000 7fd065409700 1 --2- >> [v2:172.21.15.64:3300/0,v1:172.21.15.64:6789/0] conn(0x7fd060106800 0x7fd06019a4e0 unknown :-1 s=BANNER_CONNECTING pgs=0 cs=0 l=1 rev1=0 crypto rx=0 tx=0 comp rx=0 tx=0)._handle_peer_banner_payload supported=3 required=0
2023-10-14T10:55:48.249 INFO:teuthology.orchestra.run.smithi064.stdout:/usr/bin/ceph: stderr
2023-10-14T10:55:46.979+0000 7fd065409700 1 --2- >> [v2:172.21.15.64:3300/0,v1:172.21.15.64:6789/0] conn(0x7fd060106800 0x7fd06019a4e0 unknown :-1 s=HELLO_CONNECTING pgs=0 cs=0 l=1 rev1=1 crypto rx=0 tx=0 comp rx=0 tx=0).handle_hello peer v2:172.21.15.64:3300/0 says I am v2:172.21.15.64:50022/0 (socket says 172.21.15.64:50022)
2023-10-14T10:55:48.249 INFO:teuthology.orchestra.run.smithi064.stdout:/usr/bin/ceph: stderr
2023-10-14T10:55:46.979+0000 7fd065409700 1 -- 172.21.15.64:0/3578644928 learned_addr learned my addr 172.21.15.64:0/3578644928 (peer_addr_for_me v2:172.21.15.64:0/0)
2023-10-14T10:55:48.249 INFO:teuthology.orchestra.run.smithi064.stdout:/usr/bin/ceph: stderr
2023-10-14T10:55:46.979+0000 7fd065409700 1 -- 172.21.15.64:0/3578644928 --> [v2:172.21.15.64:3300/0,v1:172.21.15.64:6789/0] -- mon_subscribe({config=0+,monmap=0+}) v3 -- 0x7fd050009550 con 0x7fd060106800
2023-10-14T10:55:48.249 INFO:teuthology.orchestra.run.smithi064.stdout:/usr/bin/ceph: stderr
2023-10-14T10:55:46.979+0000 7fd065409700 1 --2- 172.21.15.64:0/3578644928 >> [v2:172.21.15.64:3300/0,v1:172.21.15.64:6789/0] conn(0x7fd060106800 0x7fd06019a4e0 secure :-1 s=READY pgs=73 cs=0 l=1 rev1=1 crypto rx=0x7fd050000c00 tx=0x7fd050011a30 comp rx=0 tx=0).ready entity=mon.0 client_cookie=0 server_cookie=0 in_seq=0 out_seq=0
2023-10-14T10:55:48.250 INFO:teuthology.orchestra.run.smithi064.stdout:/usr/bin/ceph: stderr
2023-10-14T10:55:46.980+0000 7fd0567fc700 1 -- 172.21.15.64:0/3578644928 <== mon.0 v2:172.21.15.64:3300/0 1 ==== mon_map magic: 0 v1 ==== 205+0+0 (secure 0 0 0) 0x7fd0500039f0 con 0x7fd060106800
2023-10-14T10:55:48.250 INFO:teuthology.orchestra.run.smithi064.stdout:/usr/bin/ceph: stderr
2023-10-14T10:55:46.980+0000 7fd0567fc700 1 -- 172.21.15.64:0/3578644928 <== mon.0 v2:172.21.15.64:3300/0 2 ==== config(26 keys) v1 ==== 1105+0+0 (secure 0 0 0) 0x7fd050003b50 con 0x7fd060106800
2023-10-14T10:55:48.250 INFO:teuthology.orchestra.run.smithi064.stdout:/usr/bin/ceph: stderr
2023-10-14T10:55:46.980+0000 7fd06766d700 1 -- 172.21.15.64:0/3578644928 --> [v2:172.21.15.64:3300/0,v1:172.21.15.64:6789/0] -- mon_subscribe({mgrmap=0+}) v3 -- 0x7fd06019ac20 con 0x7fd060106800
2023-10-14T10:55:48.250 INFO:teuthology.orchestra.run.smithi064.stdout:/usr/bin/ceph: stderr
2023-10-14T10:55:46.980+0000 7fd0567fc700 1 -- 172.21.15.64:0/3578644928 <== mon.0 v2:172.21.15.64:3300/0 3 ==== mon_map magic: 0 v1 ==== 205+0+0 (secure 0 0 0) 0x7fd05001a780 con 0x7fd060106800
2023-10-14T10:55:48.250 INFO:teuthology.orchestra.run.smithi064.stdout:/usr/bin/ceph: stderr
2023-10-14T10:55:46.980+0000 7fd06766d700 1 -- 172.21.15.64:0/3578644928 --> [v2:172.21.15.64:3300/0,v1:172.21.15.64:6789/0] -- mon_subscribe({osdmap=0}) v3 -- 0x7fd06019b040 con 0x7fd060106800
2023-10-14T10:55:48.251 INFO:teuthology.orchestra.run.smithi064.stdout:/usr/bin/ceph: stderr
2023-10-14T10:55:46.980+0000 7fd0567fc700 1 -- 172.21.15.64:0/3578644928 <== mon.0 v2:172.21.15.64:3300/0 4 ==== mgrmap(e 12) v1 ==== 45592+0+0 (secure 0 0 0) 0x7fd05001aa40 con 0x7fd060106800
2023-10-14T10:55:48.251 INFO:teuthology.orchestra.run.smithi064.stdout:/usr/bin/ceph: stderr
2023-10-14T10:55:46.981+0000 7fd0567fc700 1 --2- 172.21.15.64:0/3578644928 >> [v2:172.21.15.64:6800/3135785782,v1:172.21.15.64:6801/3135785782] conn(0x7fd04c038870 0x7fd04c03ad30 unknown :-1 s=NONE pgs=0 cs=0 l=1 rev1=0 crypto rx=0 tx=0 comp rx=0 tx=0).connect
2023-10-14T10:55:48.251 INFO:teuthology.orchestra.run.smithi064.stdout:/usr/bin/ceph: stderr
2023-10-14T10:55:46.981+0000 7fd0567fc700 1 -- 172.21.15.64:0/3578644928 <== mon.0 v2:172.21.15.64:3300/0 5 ==== osd_map(3..3 src has 1..3) v4 ==== 1155+0+0 (secure 0 0 0) 0x7fd05004ca70 con 0x7fd060106800
2023-10-14T10:55:48.251 INFO:teuthology.orchestra.run.smithi064.stdout:/usr/bin/ceph: stderr
2023-10-14T10:55:46.981+0000 7fd064c08700 1 --2- 172.21.15.64:0/3578644928 >> [v2:172.21.15.64:6800/3135785782,v1:172.21.15.64:6801/3135785782] conn(0x7fd04c038870 0x7fd04c03ad30 unknown :-1 s=BANNER_CONNECTING pgs=0 cs=0 l=1 rev1=0 crypto rx=0 tx=0 comp rx=0 tx=0)._handle_peer_banner_payload supported=3 required=0
2023-10-14T10:55:48.251 INFO:teuthology.orchestra.run.smithi064.stdout:/usr/bin/ceph: stderr
2023-10-14T10:55:46.981+0000 7fd06766d700 1 -- 172.21.15.64:0/3578644928 --> [v2:172.21.15.64:3300/0,v1:172.21.15.64:6789/0] -- mon_command({"prefix": "get_command_descriptions"} v 0) v1 -- 0x7fd0600624e0 con 0x7fd060106800
2023-10-14T10:55:48.252 INFO:teuthology.orchestra.run.smithi064.stdout:/usr/bin/ceph: stderr
2023-10-14T10:55:46.981+0000 7fd064c08700 1 --2- 172.21.15.64:0/3578644928 >> [v2:172.21.15.64:6800/3135785782,v1:172.21.15.64:6801/3135785782] conn(0x7fd04c038870 0x7fd04c03ad30 secure :-1 s=READY pgs=8 cs=0 l=1 rev1=1 crypto rx=0x7fd05c006fd0 tx=0x7fd05c006e40 comp rx=0 tx=0).ready entity=mgr.14152 client_cookie=0 server_cookie=0 in_seq=0 out_seq=0
2023-10-14T10:55:48.252 INFO:teuthology.orchestra.run.smithi064.stdout:/usr/bin/ceph: stderr
2023-10-14T10:55:46.986+0000 7fd0567fc700 1 -- 172.21.15.64:0/3578644928 <== mon.0 v2:172.21.15.64:3300/0 6 ==== mon_command_ack([{"prefix": "get_command_descriptions"}]=0 v0) v1 ==== 72+0+180459 (secure 0 0 0) 0x7fd05001ad40 con 0x7fd060106800
2023-10-14T10:55:48.252 INFO:teuthology.orchestra.run.smithi064.stdout:/usr/bin/ceph: stderr
2023-10-14T10:55:47.394+0000 7fd06766d700 1 -- 172.21.15.64:0/3578644928 --> [v2:172.21.15.64:6800/3135785782,v1:172.21.15.64:6801/3135785782] -- mgr_command(tid 0: {"prefix": "dashboard ac-user-create", "username": "admin", "rolename": "administrator", "force_password": true, "pwd_update_required": true, "target": ["mon-mgr", ""]}) v1 -- 0x7fd060062300 con 0x7fd04c038870
2023-10-14T10:55:48.252 INFO:teuthology.orchestra.run.smithi064.stdout:/usr/bin/ceph: stderr
2023-10-14T10:55:47.642+0000 7fd0567fc700 1 -- 172.21.15.64:0/3578644928 <== mgr.14152 v2:172.21.15.64:6800/3135785782 1 ==== mgr_command_reply(tid 0: 0 ) v1 ==== 8+0+252 (secure 0 0 0) 0x7fd060062300 con 0x7fd04c038870
2023-10-14T10:55:48.252 INFO:teuthology.orchestra.run.smithi064.stdout:/usr/bin/ceph: stderr
2023-10-14T10:55:47.644+0000 7fd06766d700 1 -- 172.21.15.64:0/3578644928 >> [v2:172.21.15.64:6800/3135785782,v1:172.21.15.64:6801/3135785782] conn(0x7fd04c038870 msgr2=0x7fd04c03ad30 secure :-1 s=STATE_CONNECTION_ESTABLISHED l=1).mark_down
2023-10-14T10:55:48.253 INFO:teuthology.orchestra.run.smithi064.stdout:/usr/bin/ceph: stderr
2023-10-14T10:55:47.644+0000 7fd06766d700 1 --2- 172.21.15.64:0/3578644928 >> [v2:172.21.15.64:6800/3135785782,v1:172.21.15.64:6801/3135785782] conn(0x7fd04c038870 0x7fd04c03ad30 secure :-1 s=READY pgs=8 cs=0 l=1 rev1=1 crypto rx=0x7fd05c006fd0 tx=0x7fd05c006e40 comp rx=0 tx=0).stop
2023-10-14T10:55:48.253 INFO:teuthology.orchestra.run.smithi064.stdout:/usr/bin/ceph: stderr
2023-10-14T10:55:47.645+0000 7fd06766d700 1 -- 172.21.15.64:0/3578644928 >> [v2:172.21.15.64:3300/0,v1:172.21.15.64:6789/0] conn(0x7fd060106800 msgr2=0x7fd06019a4e0 secure :-1 s=STATE_CONNECTION_ESTABLISHED l=1).mark_down
2023-10-14T10:55:48.253 INFO:teuthology.orchestra.run.smithi064.stdout:/usr/bin/ceph: stderr
2023-10-14T10:55:47.645+0000 7fd06766d700 1 --2- 172.21.15.64:0/3578644928 >> [v2:172.21.15.64:3300/0,v1:172.21.15.64:6789/0] conn(0x7fd060106800 0x7fd06019a4e0 secure :-1 s=READY pgs=73 cs=0 l=1 rev1=1 crypto rx=0x7fd050000c00 tx=0x7fd050011a30 comp rx=0 tx=0).stop
2023-10-14T10:55:48.253 INFO:teuthology.orchestra.run.smithi064.stdout:/usr/bin/ceph: stderr
2023-10-14T10:55:47.645+0000 7fd06766d700 1 -- 172.21.15.64:0/3578644928 shutdown_connections
2023-10-14T10:55:48.253 INFO:teuthology.orchestra.run.smithi064.stdout:/usr/bin/ceph: stderr
2023-10-14T10:55:47.645+0000 7fd06766d700 1 --2- 172.21.15.64:0/3578644928 >> [v2:172.21.15.64:6800/3135785782,v1:172.21.15.64:6801/3135785782] conn(0x7fd04c038870 0x7fd04c03ad30 unknown :-1 s=CLOSED pgs=8 cs=0 l=1 rev1=1 crypto rx=0 tx=0 comp rx=0 tx=0).stop
2023-10-14T10:55:48.254 INFO:teuthology.orchestra.run.smithi064.stdout:/usr/bin/ceph: stderr
2023-10-14T10:55:47.645+0000 7fd06766d700 1 --2- 172.21.15.64:0/3578644928 >> [v2:172.21.15.64:3300/0,v1:172.21.15.64:6789/0] conn(0x7fd060106800 0x7fd06019a4e0 unknown :-1 s=CLOSED pgs=73 cs=0 l=1 rev1=1 crypto rx=0 tx=0 comp rx=0 tx=0).stop
2023-10-14T10:55:48.254 INFO:teuthology.orchestra.run.smithi064.stdout:/usr/bin/ceph: stderr
2023-10-14T10:55:47.645+0000 7fd06766d700 1 -- 172.21.15.64:0/3578644928 >> 172.21.15.64:0/3578644928 conn(0x7fd060101dc0 msgr2=0x7fd0601034a0 unknown :-1 s=STATE_NONE l=0).mark_down
2023-10-14T10:55:48.254 INFO:teuthology.orchestra.run.smithi064.stdout:/usr/bin/ceph: stderr
2023-10-14T10:55:47.645+0000 7fd06766d700 1 -- 172.21.15.64:0/3578644928 shutdown_connections
2023-10-14T10:55:48.254 INFO:teuthology.orchestra.run.smithi064.stdout:/usr/bin/ceph: stderr
2023-10-14T10:55:47.645+0000 7fd06766d700 1 -- 172.21.15.64:0/3578644928 wait complete.
2023-10-14T10:55:48.254 INFO:teuthology.orchestra.run.smithi064.stdout:Fetching dashboard port number...
2023-10-14T10:55:48.827 INFO:journalctl@ceph.mon.a.smithi064.stdout:Oct 14 10:55:48 smithi064 ceph-mon[99506]: from='client.14166 -' entity='client.admin' cmd=[{"prefix": "dashboard ac-user-create", "username": "admin", "rolename": "administrator", "force_password": true, "pwd_update_required": true, "target": ["mon-mgr", ""]}]: dispatch
2023-10-14T10:55:48.827 INFO:journalctl@ceph.mon.a.smithi064.stdout:Oct 14 10:55:48 smithi064 ceph-mon[99506]: from='mgr.14152 172.21.15.64:0/3795403174' entity='mgr.x'
2023-10-14T10:55:49.874 INFO:teuthology.orchestra.run.smithi064.stdout:/usr/bin/ceph: stdout 8443
2023-10-14T10:55:49.874 INFO:teuthology.orchestra.run.smithi064.stdout:/usr/bin/ceph: stderr
2023-10-14T10:55:48.984+0000 7fecdf779700 1 Processor -- start
2023-10-14T10:55:49.874 INFO:teuthology.orchestra.run.smithi064.stdout:/usr/bin/ceph: stderr
2023-10-14T10:55:48.984+0000 7fecdf779700 1 -- start start
2023-10-14T10:55:49.875 INFO:teuthology.orchestra.run.smithi064.stdout:/usr/bin/ceph: stderr
2023-10-14T10:55:48.984+0000 7fecdf779700 1 --2- >> [v2:172.21.15.64:3300/0,v1:172.21.15.64:6789/0] conn(0x7fecd8105710 0x7fecd8105b30 unknown :-1 s=NONE pgs=0 cs=0 l=0 rev1=0 crypto rx=0 tx=0 comp rx=0 tx=0).connect
2023-10-14T10:55:49.875 INFO:teuthology.orchestra.run.smithi064.stdout:/usr/bin/ceph: stderr
2023-10-14T10:55:48.984+0000 7fecdf779700 1 -- --> [v2:172.21.15.64:3300/0,v1:172.21.15.64:6789/0] -- mon_getmap magic: 0 v1 -- 0x7fecd8106100 con 0x7fecd8105710
2023-10-14T10:55:49.875 INFO:teuthology.orchestra.run.smithi064.stdout:/usr/bin/ceph: stderr
2023-10-14T10:55:48.985+0000 7fecdd515700 1 --2- >> [v2:172.21.15.64:3300/0,v1:172.21.15.64:6789/0] conn(0x7fecd8105710 0x7fecd8105b30 unknown :-1 s=BANNER_CONNECTING pgs=0 cs=0 l=0 rev1=0 crypto rx=0 tx=0 comp rx=0 tx=0)._handle_peer_banner_payload supported=3 required=0
2023-10-14T10:55:49.876 INFO:teuthology.orchestra.run.smithi064.stdout:/usr/bin/ceph: stderr
2023-10-14T10:55:48.985+0000 7fecdd515700 1 --2- >> [v2:172.21.15.64:3300/0,v1:172.21.15.64:6789/0] conn(0x7fecd8105710 0x7fecd8105b30 unknown :-1 s=HELLO_CONNECTING pgs=0 cs=0 l=0 rev1=1 crypto rx=0 tx=0 comp rx=0 tx=0).handle_hello peer v2:172.21.15.64:3300/0 says I am v2:172.21.15.64:50030/0 (socket says 172.21.15.64:50030)
2023-10-14T10:55:49.876 INFO:teuthology.orchestra.run.smithi064.stdout:/usr/bin/ceph: stderr
2023-10-14T10:55:48.985+0000 7fecdd515700 1 -- 172.21.15.64:0/720674958 learned_addr learned my addr 172.21.15.64:0/720674958 (peer_addr_for_me v2:172.21.15.64:0/0)
2023-10-14T10:55:49.876 INFO:teuthology.orchestra.run.smithi064.stdout:/usr/bin/ceph: stderr
2023-10-14T10:55:48.985+0000 7fecdd515700 1 -- 172.21.15.64:0/720674958 --> [v2:172.21.15.64:3300/0,v1:172.21.15.64:6789/0] -- mon_subscribe({config=0+,monmap=0+}) v3 -- 0x7fecd8106910 con 0x7fecd8105710
2023-10-14T10:55:49.876 INFO:teuthology.orchestra.run.smithi064.stdout:/usr/bin/ceph: stderr
2023-10-14T10:55:48.985+0000 7fecdd515700 1 --2- 172.21.15.64:0/720674958 >> [v2:172.21.15.64:3300/0,v1:172.21.15.64:6789/0] conn(0x7fecd8105710 0x7fecd8105b30 secure :-1 s=READY pgs=74 cs=0 l=1 rev1=1 crypto rx=0x7fecd40098a0 tx=0x7fecd4009bb0 comp rx=0 tx=0).ready entity=mon.0 client_cookie=77de8380039e4633 server_cookie=0 in_seq=0 out_seq=0
2023-10-14T10:55:49.877 INFO:teuthology.orchestra.run.smithi064.stdout:/usr/bin/ceph: stderr
2023-10-14T10:55:48.985+0000 7feccffff700 1 -- 172.21.15.64:0/720674958 <== mon.0 v2:172.21.15.64:3300/0 1 ==== mon_map magic: 0 v1 ==== 205+0+0 (secure 0 0 0) 0x7fecd4004160 con 0x7fecd8105710
2023-10-14T10:55:49.877 INFO:teuthology.orchestra.run.smithi064.stdout:/usr/bin/ceph: stderr
2023-10-14T10:55:48.985+0000 7feccffff700 1 -- 172.21.15.64:0/720674958 <== mon.0 v2:172.21.15.64:3300/0 2 ==== config(26 keys) v1 ==== 1105+0+0 (secure 0 0 0) 0x7fecd40042c0 con 0x7fecd8105710
2023-10-14T10:55:49.877 INFO:teuthology.orchestra.run.smithi064.stdout:/usr/bin/ceph: stderr
2023-10-14T10:55:48.985+0000 7feccffff700 1 -- 172.21.15.64:0/720674958 <== mon.0 v2:172.21.15.64:3300/0 3 ==== mon_map magic: 0 v1 ==== 205+0+0 (secure 0 0 0) 0x7fecd40119b0 con 0x7fecd8105710
2023-10-14T10:55:49.877 INFO:teuthology.orchestra.run.smithi064.stdout:/usr/bin/ceph: stderr
2023-10-14T10:55:48.986+0000 7fecdf779700 1 -- 172.21.15.64:0/720674958 >> [v2:172.21.15.64:3300/0,v1:172.21.15.64:6789/0] conn(0x7fecd8105710 msgr2=0x7fecd8105b30 secure :-1 s=STATE_CONNECTION_ESTABLISHED l=1).mark_down
2023-10-14T10:55:49.878 INFO:teuthology.orchestra.run.smithi064.stdout:/usr/bin/ceph: stderr
2023-10-14T10:55:48.986+0000 7fecdf779700 1 --2- 172.21.15.64:0/720674958 >> [v2:172.21.15.64:3300/0,v1:172.21.15.64:6789/0] conn(0x7fecd8105710 0x7fecd8105b30 secure :-1 s=READY pgs=74 cs=0 l=1 rev1=1 crypto rx=0x7fecd40098a0 tx=0x7fecd4009bb0 comp rx=0 tx=0).stop
2023-10-14T10:55:49.878 INFO:teuthology.orchestra.run.smithi064.stdout:/usr/bin/ceph: stderr
2023-10-14T10:55:48.986+0000 7fecdf779700 1 -- 172.21.15.64:0/720674958 shutdown_connections
2023-10-14T10:55:49.878 INFO:teuthology.orchestra.run.smithi064.stdout:/usr/bin/ceph: stderr
2023-10-14T10:55:48.986+0000 7fecdf779700 1 --2- 172.21.15.64:0/720674958 >> [v2:172.21.15.64:3300/0,v1:172.21.15.64:6789/0] conn(0x7fecd8105710 0x7fecd8105b30 unknown :-1 s=CLOSED pgs=74 cs=0 l=1 rev1=1 crypto rx=0 tx=0 comp rx=0 tx=0).stop
2023-10-14T10:55:49.878 INFO:teuthology.orchestra.run.smithi064.stdout:/usr/bin/ceph: stderr
2023-10-14T10:55:48.986+0000 7fecdf779700 1 -- 172.21.15.64:0/720674958 >> 172.21.15.64:0/720674958 conn(0x7fecd8100cb0 msgr2=0x7fecd81030f0 unknown :-1 s=STATE_NONE l=0).mark_down
2023-10-14T10:55:49.878 INFO:teuthology.orchestra.run.smithi064.stdout:/usr/bin/ceph: stderr
2023-10-14T10:55:48.986+0000 7fecdf779700 1 -- 172.21.15.64:0/720674958 shutdown_connections
2023-10-14T10:55:49.879 INFO:teuthology.orchestra.run.smithi064.stdout:/usr/bin/ceph: stderr
2023-10-14T10:55:48.986+0000 7fecdf779700 1 -- 172.21.15.64:0/720674958 wait complete.
2023-10-14T10:55:49.879 INFO:teuthology.orchestra.run.smithi064.stdout:/usr/bin/ceph: stderr
2023-10-14T10:55:48.987+0000 7fecdf779700 1 Processor -- start
2023-10-14T10:55:49.879 INFO:teuthology.orchestra.run.smithi064.stdout:/usr/bin/ceph: stderr
2023-10-14T10:55:48.987+0000 7fecdf779700 1 -- start start
2023-10-14T10:55:49.879 INFO:teuthology.orchestra.run.smithi064.stdout:/usr/bin/ceph: stderr
2023-10-14T10:55:48.987+0000 7fecdf779700 1 --2- >> [v2:172.21.15.64:3300/0,v1:172.21.15.64:6789/0] conn(0x7fecd8105710 0x7fecd819c700 unknown :-1 s=NONE pgs=0 cs=0 l=1 rev1=0 crypto rx=0 tx=0 comp rx=0 tx=0).connect
2023-10-14T10:55:49.879 INFO:teuthology.orchestra.run.smithi064.stdout:/usr/bin/ceph: stderr
2023-10-14T10:55:48.987+0000 7fecdf779700 1 -- --> [v2:172.21.15.64:3300/0,v1:172.21.15.64:6789/0] -- mon_getmap magic: 0 v1 -- 0x7fecd819cc40 con 0x7fecd8105710
2023-10-14T10:55:49.879 INFO:teuthology.orchestra.run.smithi064.stdout:/usr/bin/ceph: stderr
2023-10-14T10:55:48.987+0000 7fecdd515700 1 --2- >> [v2:172.21.15.64:3300/0,v1:172.21.15.64:6789/0] conn(0x7fecd8105710 0x7fecd819c700 unknown :-1 s=BANNER_CONNECTING pgs=0 cs=0 l=1 rev1=0 crypto rx=0 tx=0 comp rx=0 tx=0)._handle_peer_banner_payload supported=3 required=0
2023-10-14T10:55:49.880 INFO:teuthology.orchestra.run.smithi064.stdout:/usr/bin/ceph: stderr
2023-10-14T10:55:48.987+0000 7fecdd515700 1 --2- >> [v2:172.21.15.64:3300/0,v1:172.21.15.64:6789/0] conn(0x7fecd8105710 0x7fecd819c700 unknown :-1 s=HELLO_CONNECTING pgs=0 cs=0 l=1 rev1=1 crypto rx=0 tx=0 comp rx=0 tx=0).handle_hello peer v2:172.21.15.64:3300/0 says I am v2:172.21.15.64:50032/0 (socket says 172.21.15.64:50032)
2023-10-14T10:55:49.880 INFO:teuthology.orchestra.run.smithi064.stdout:/usr/bin/ceph: stderr
2023-10-14T10:55:48.987+0000 7fecdd515700 1 -- 172.21.15.64:0/604363797 learned_addr learned my addr 172.21.15.64:0/604363797 (peer_addr_for_me v2:172.21.15.64:0/0)
2023-10-14T10:55:49.880 INFO:teuthology.orchestra.run.smithi064.stdout:/usr/bin/ceph: stderr
2023-10-14T10:55:48.987+0000 7fecdd515700 1 -- 172.21.15.64:0/604363797 --> [v2:172.21.15.64:3300/0,v1:172.21.15.64:6789/0] -- mon_subscribe({config=0+,monmap=0+}) v3 -- 0x7fecd4009550 con 0x7fecd8105710
2023-10-14T10:55:49.880 INFO:teuthology.orchestra.run.smithi064.stdout:/usr/bin/ceph: stderr
2023-10-14T10:55:48.987+0000 7fecdd515700 1 --2- 172.21.15.64:0/604363797 >> [v2:172.21.15.64:3300/0,v1:172.21.15.64:6789/0] conn(0x7fecd8105710 0x7fecd819c700 secure :-1 s=READY pgs=75 cs=0 l=1 rev1=1 crypto rx=0x7fecd4003e60 tx=0x7fecd4011aa0 comp rx=0 tx=0).ready entity=mon.0 client_cookie=0 server_cookie=0 in_seq=0 out_seq=0
2023-10-14T10:55:49.880 INFO:teuthology.orchestra.run.smithi064.stdout:/usr/bin/ceph: stderr
2023-10-14T10:55:48.988+0000 7fecce7fc700 1 -- 172.21.15.64:0/604363797 <== mon.0 v2:172.21.15.64:3300/0 1 ==== mon_map magic: 0 v1 ==== 205+0+0 (secure 0 0 0) 0x7fecd4003970 con 0x7fecd8105710
2023-10-14T10:55:49.881 INFO:teuthology.orchestra.run.smithi064.stdout:/usr/bin/ceph: stderr
2023-10-14T10:55:48.988+0000 7fecce7fc700 1 -- 172.21.15.64:0/604363797 <== mon.0 v2:172.21.15.64:3300/0 2 ==== config(26 keys) v1 ==== 1105+0+0 (secure 0 0 0) 0x7fecd4003ad0 con 0x7fecd8105710
2023-10-14T10:55:49.881 INFO:teuthology.orchestra.run.smithi064.stdout:/usr/bin/ceph: stderr
2023-10-14T10:55:48.988+0000 7fecdf779700 1 -- 172.21.15.64:0/604363797 --> [v2:172.21.15.64:3300/0,v1:172.21.15.64:6789/0] -- mon_subscribe({mgrmap=0+}) v3 -- 0x7fecd819ce40 con 0x7fecd8105710
2023-10-14T10:55:49.881 INFO:teuthology.orchestra.run.smithi064.stdout:/usr/bin/ceph: stderr
2023-10-14T10:55:48.988+0000 7fecce7fc700 1 -- 172.21.15.64:0/604363797 <== mon.0 v2:172.21.15.64:3300/0 3 ==== mon_map magic: 0 v1 ==== 205+0+0 (secure 0 0 0) 0x7fecd40195e0 con 0x7fecd8105710
2023-10-14T10:55:49.881 INFO:teuthology.orchestra.run.smithi064.stdout:/usr/bin/ceph: stderr
2023-10-14T10:55:48.988+0000 7fecdf779700 1 -- 172.21.15.64:0/604363797 --> [v2:172.21.15.64:3300/0,v1:172.21.15.64:6789/0] -- mon_subscribe({osdmap=0}) v3 -- 0x7fecd819d260 con 0x7fecd8105710
