2023-10-16T13:05:06.041 INFO:teuthology.orchestra.run.smithi092.stdout:/usr/bin/ceph: stderr
2023-10-16T13:05:05.381+0000 7f10ee101700 1 --2- >> [v2:172.21.15.92:3300/0,v1:172.21.15.92:6789/0] conn(0x7f10e8105180 0x7f10e819c760 unknown :-1 s=HELLO_CONNECTING pgs=0 cs=0 l=1 rev1=1 crypto rx=0 tx=0 comp rx=0 tx=0).handle_hello peer v2:172.21.15.92:3300/0 says I am v2:172.21.15.92:33946/0 (socket says 172.21.15.92:33946)
2023-10-16T13:05:06.041 INFO:teuthology.orchestra.run.smithi092.stdout:/usr/bin/ceph: stderr
2023-10-16T13:05:05.381+0000 7f10ee101700 1 -- 172.21.15.92:0/2288177199 learned_addr learned my addr 172.21.15.92:0/2288177199 (peer_addr_for_me v2:172.21.15.92:0/0)
2023-10-16T13:05:06.041 INFO:teuthology.orchestra.run.smithi092.stdout:/usr/bin/ceph: stderr
2023-10-16T13:05:05.382+0000 7f10ee101700 1 -- 172.21.15.92:0/2288177199 --> [v2:172.21.15.92:3300/0,v1:172.21.15.92:6789/0] -- mon_subscribe({config=0+,monmap=0+}) v3 -- 0x7f10d8009550 con 0x7f10e8105180
2023-10-16T13:05:06.041 INFO:teuthology.orchestra.run.smithi092.stdout:/usr/bin/ceph: stderr
2023-10-16T13:05:05.382+0000 7f10ee101700 1 --2- 172.21.15.92:0/2288177199 >> [v2:172.21.15.92:3300/0,v1:172.21.15.92:6789/0] conn(0x7f10e8105180 0x7f10e819c760 secure :-1 s=READY pgs=27 cs=0 l=1 rev1=1 crypto rx=0x7f10d8009130 tx=0x7f10d8011b40 comp rx=0 tx=0).ready entity=mon.0 client_cookie=0 server_cookie=0 in_seq=0 out_seq=0
2023-10-16T13:05:06.041 INFO:teuthology.orchestra.run.smithi092.stdout:/usr/bin/ceph: stderr
2023-10-16T13:05:05.382+0000 7f10e77fe700 1 -- 172.21.15.92:0/2288177199 <== mon.0 v2:172.21.15.92:3300/0 1 ==== mon_map magic: 0 v1 ==== 205+0+0 (secure 0 0 0) 0x7f10d8003aa0 con 0x7f10e8105180
2023-10-16T13:05:06.042 INFO:teuthology.orchestra.run.smithi092.stdout:/usr/bin/ceph: stderr
2023-10-16T13:05:05.382+0000 7f10e77fe700 1 -- 172.21.15.92:0/2288177199 <== mon.0 v2:172.21.15.92:3300/0 2 ==== config(27 keys) v1 ==== 1108+0+0 (secure 0 0 0) 0x7f10d8003c00 con 0x7f10e8105180
2023-10-16T13:05:06.042 INFO:teuthology.orchestra.run.smithi092.stdout:/usr/bin/ceph: stderr
2023-10-16T13:05:05.382+0000 7f10f0365700 1 -- 172.21.15.92:0/2288177199 --> [v2:172.21.15.92:3300/0,v1:172.21.15.92:6789/0] -- mon_subscribe({mgrmap=0+}) v3 -- 0x7f10e819cea0 con 0x7f10e8105180
2023-10-16T13:05:06.042 INFO:teuthology.orchestra.run.smithi092.stdout:/usr/bin/ceph: stderr
2023-10-16T13:05:05.382+0000 7f10e77fe700 1 -- 172.21.15.92:0/2288177199 <== mon.0 v2:172.21.15.92:3300/0 3 ==== mon_map magic: 0 v1 ==== 205+0+0 (secure 0 0 0) 0x7f10d8024800 con 0x7f10e8105180
2023-10-16T13:05:06.042 INFO:journalctl@ceph.mgr.x.smithi092.stdout:Oct 16 13:05:05 smithi092 ceph-6c276d7e-6c24-11ee-8db6-212e2dc638e7-mgr-x[99788]:
2023-10-16T13:05:05.770+0000 7f65df703200 -1 mgr[py] Module alerts has missing NOTIFY_TYPES member
2023-10-16T13:05:06.045 INFO:teuthology.orchestra.run.smithi092.stdout:/usr/bin/ceph: stderr
2023-10-16T13:05:05.382+0000 7f10f0365700 1 -- 172.21.15.92:0/2288177199 --> [v2:172.21.15.92:3300/0,v1:172.21.15.92:6789/0] -- mon_subscribe({osdmap=0}) v3 -- 0x7f10e819d340 con 0x7f10e8105180
2023-10-16T13:05:06.045 INFO:teuthology.orchestra.run.smithi092.stdout:/usr/bin/ceph: stderr
2023-10-16T13:05:05.383+0000 7f10e77fe700 1 -- 172.21.15.92:0/2288177199 <== mon.0 v2:172.21.15.92:3300/0 4 ==== mgrmap(e 5) v1 ==== 45579+0+0 (secure 0 0 0) 0x7f10d8024a70 con 0x7f10e8105180
2023-10-16T13:05:06.045 INFO:teuthology.orchestra.run.smithi092.stdout:/usr/bin/ceph: stderr
2023-10-16T13:05:05.383+0000 7f10e77fe700 1 --2- 172.21.15.92:0/2288177199 >> [v2:172.21.15.92:6800/184191966,v1:172.21.15.92:6801/184191966] conn(0x7f10d0038870 0x7f10d003ad30 unknown :-1 s=NONE pgs=0 cs=0 l=1 rev1=0 crypto rx=0 tx=0 comp rx=0 tx=0).connect
2023-10-16T13:05:06.045 INFO:teuthology.orchestra.run.smithi092.stdout:/usr/bin/ceph: stderr
2023-10-16T13:05:05.383+0000 7f10f0365700 1 -- 172.21.15.92:0/2288177199 --> [v2:172.21.15.92:3300/0,v1:172.21.15.92:6789/0] -- mon_command({"prefix": "get_command_descriptions"} v 0) v1 -- 0x7f10e8196030 con 0x7f10e8105180
2023-10-16T13:05:06.046 INFO:teuthology.orchestra.run.smithi092.stdout:/usr/bin/ceph: stderr
2023-10-16T13:05:05.383+0000 7f10ed900700 1 -- 172.21.15.92:0/2288177199 >> [v2:172.21.15.92:6800/184191966,v1:172.21.15.92:6801/184191966] conn(0x7f10d0038870 msgr2=0x7f10d003ad30 unknown :-1 s=STATE_CONNECTING_RE l=1).process reconnect failed to v2:172.21.15.92:6800/184191966
2023-10-16T13:05:06.046 INFO:teuthology.orchestra.run.smithi092.stdout:/usr/bin/ceph: stderr
2023-10-16T13:05:05.383+0000 7f10e77fe700 1 -- 172.21.15.92:0/2288177199 <== mon.0 v2:172.21.15.92:3300/0 5 ==== osd_map(1..1 src has 1..1) v4 ==== 725+0+0 (secure 0 0 0) 0x7f10d804c540 con 0x7f10e8105180
2023-10-16T13:05:06.046 INFO:teuthology.orchestra.run.smithi092.stdout:/usr/bin/ceph: stderr
2023-10-16T13:05:05.383+0000 7f10ed900700 1 --2- 172.21.15.92:0/2288177199 >> [v2:172.21.15.92:6800/184191966,v1:172.21.15.92:6801/184191966] conn(0x7f10d0038870 0x7f10d003ad30 unknown :-1 s=START_CONNECT pgs=0 cs=0 l=1 rev1=0 crypto rx=0 tx=0 comp rx=0 tx=0)._fault waiting 0.200000
2023-10-16T13:05:06.046 INFO:teuthology.orchestra.run.smithi092.stdout:/usr/bin/ceph: stderr
2023-10-16T13:05:05.388+0000 7f10e77fe700 1 -- 172.21.15.92:0/2288177199 <== mon.0 v2:172.21.15.92:3300/0 6 ==== mon_command_ack([{"prefix": "get_command_descriptions"}]=0 v0) v1 ==== 72+0+180459 (secure 0 0 0) 0x7f10d8024d20 con 0x7f10e8105180
2023-10-16T13:05:06.046 INFO:teuthology.orchestra.run.smithi092.stdout:/usr/bin/ceph: stderr
2023-10-16T13:05:05.584+0000 7f10ed900700 1 -- 172.21.15.92:0/2288177199 >> [v2:172.21.15.92:6800/184191966,v1:172.21.15.92:6801/184191966] conn(0x7f10d0038870 msgr2=0x7f10d003ad30 unknown :-1 s=STATE_CONNECTING_RE l=1).process reconnect failed to v2:172.21.15.92:6800/184191966
2023-10-16T13:05:06.047 INFO:teuthology.orchestra.run.smithi092.stdout:/usr/bin/ceph: stderr
2023-10-16T13:05:05.584+0000 7f10ed900700 1 --2- 172.21.15.92:0/2288177199 >> [v2:172.21.15.92:6800/184191966,v1:172.21.15.92:6801/184191966] conn(0x7f10d0038870 0x7f10d003ad30 unknown :-1 s=START_CONNECT pgs=0 cs=0 l=1 rev1=0 crypto rx=0 tx=0 comp rx=0 tx=0)._fault waiting 0.400000
2023-10-16T13:05:06.047 INFO:teuthology.orchestra.run.smithi092.stdout:/usr/bin/ceph: stderr
2023-10-16T13:05:05.637+0000 7f10f0365700 1 -- 172.21.15.92:0/2288177199 --> [v2:172.21.15.92:3300/0,v1:172.21.15.92:6789/0] -- mon_command({"prefix": "mgr stat"} v 0) v1 -- 0x7f10e81069b0 con 0x7f10e8105180
2023-10-16T13:05:06.047 INFO:teuthology.orchestra.run.smithi092.stdout:/usr/bin/ceph: stderr
2023-10-16T13:05:05.638+0000 7f10e77fe700 1 -- 172.21.15.92:0/2288177199 <== mon.0 v2:172.21.15.92:3300/0 7 ==== mon_command_ack([{"prefix": "mgr stat"}]=0 v5) v1 ==== 56+0+88 (secure 0 0 0) 0x7f10d801c0d0 con 0x7f10e8105180
2023-10-16T13:05:06.047 INFO:teuthology.orchestra.run.smithi092.stdout:/usr/bin/ceph: stderr
2023-10-16T13:05:05.640+0000 7f10f0365700 1 -- 172.21.15.92:0/2288177199 >> [v2:172.21.15.92:6800/184191966,v1:172.21.15.92:6801/184191966] conn(0x7f10d0038870 msgr2=0x7f10d003ad30 unknown :-1 s=STATE_CONNECTING l=1).mark_down
2023-10-16T13:05:06.047 INFO:teuthology.orchestra.run.smithi092.stdout:/usr/bin/ceph: stderr
2023-10-16T13:05:05.640+0000 7f10f0365700 1 --2- 172.21.15.92:0/2288177199 >> [v2:172.21.15.92:6800/184191966,v1:172.21.15.92:6801/184191966] conn(0x7f10d0038870 0x7f10d003ad30 unknown :-1 s=START_CONNECT pgs=0 cs=0 l=1 rev1=0 crypto rx=0 tx=0 comp rx=0 tx=0).stop
2023-10-16T13:05:06.048 INFO:teuthology.orchestra.run.smithi092.stdout:/usr/bin/ceph: stderr
2023-10-16T13:05:05.640+0000 7f10f0365700 1 -- 172.21.15.92:0/2288177199 >> [v2:172.21.15.92:3300/0,v1:172.21.15.92:6789/0] conn(0x7f10e8105180 msgr2=0x7f10e819c760 secure :-1 s=STATE_CONNECTION_ESTABLISHED l=1).mark_down
2023-10-16T13:05:06.048 INFO:teuthology.orchestra.run.smithi092.stdout:/usr/bin/ceph: stderr
2023-10-16T13:05:05.640+0000 7f10f0365700 1 --2- 172.21.15.92:0/2288177199 >> [v2:172.21.15.92:3300/0,v1:172.21.15.92:6789/0] conn(0x7f10e8105180 0x7f10e819c760 secure :-1 s=READY pgs=27 cs=0 l=1 rev1=1 crypto rx=0x7f10d8009130 tx=0x7f10d8011b40 comp rx=0 tx=0).stop
2023-10-16T13:05:06.048 INFO:teuthology.orchestra.run.smithi092.stdout:/usr/bin/ceph: stderr
2023-10-16T13:05:05.640+0000 7f10f0365700 1 -- 172.21.15.92:0/2288177199 shutdown_connections
2023-10-16T13:05:06.048 INFO:teuthology.orchestra.run.smithi092.stdout:/usr/bin/ceph: stderr
2023-10-16T13:05:05.640+0000 7f10f0365700 1 --2- 172.21.15.92:0/2288177199 >> [v2:172.21.15.92:6800/184191966,v1:172.21.15.92:6801/184191966] conn(0x7f10d0038870 0x7f10d003ad30 unknown :-1 s=CLOSED pgs=0 cs=0 l=1 rev1=0 crypto rx=0 tx=0 comp rx=0 tx=0).stop
2023-10-16T13:05:06.048 INFO:teuthology.orchestra.run.smithi092.stdout:/usr/bin/ceph: stderr
2023-10-16T13:05:05.640+0000 7f10f0365700 1 --2- 172.21.15.92:0/2288177199 >> [v2:172.21.15.92:3300/0,v1:172.21.15.92:6789/0] conn(0x7f10e8105180 0x7f10e819c760 unknown :-1 s=CLOSED pgs=27 cs=0 l=1 rev1=1 crypto rx=0 tx=0 comp rx=0 tx=0).stop
2023-10-16T13:05:06.049 INFO:teuthology.orchestra.run.smithi092.stdout:/usr/bin/ceph: stderr
2023-10-16T13:05:05.640+0000 7f10f0365700 1 -- 172.21.15.92:0/2288177199 >> 172.21.15.92:0/2288177199 conn(0x7f10e8100d80 msgr2=0x7f10e8190d40 unknown :-1 s=STATE_NONE l=0).mark_down
2023-10-16T13:05:06.049 INFO:teuthology.orchestra.run.smithi092.stdout:/usr/bin/ceph: stderr
2023-10-16T13:05:05.640+0000 7f10f0365700 1 -- 172.21.15.92:0/2288177199 shutdown_connections
2023-10-16T13:05:06.049 INFO:teuthology.orchestra.run.smithi092.stdout:/usr/bin/ceph: stderr
2023-10-16T13:05:05.640+0000 7f10f0365700 1 -- 172.21.15.92:0/2288177199 wait complete.
2023-10-16T13:05:06.049 INFO:teuthology.orchestra.run.smithi092.stdout:Waiting for the mgr to restart...
2023-10-16T13:05:06.049 INFO:teuthology.orchestra.run.smithi092.stdout:Waiting for mgr epoch 5...
2023-10-16T13:05:06.284 INFO:journalctl@ceph.mgr.x.smithi092.stdout:Oct 16 13:05:06 smithi092 ceph-6c276d7e-6c24-11ee-8db6-212e2dc638e7-mgr-x[99788]:
2023-10-16T13:05:06.202+0000 7f65df703200 -1 mgr[py] Module progress has missing NOTIFY_TYPES member
2023-10-16T13:05:06.746 INFO:journalctl@ceph.mon.a.smithi092.stdout:Oct 16 13:05:06 smithi092 ceph-mon[99542]: from='client.? 172.21.15.92:0/2288177199' entity='client.admin' cmd=[{"prefix": "mgr stat"}]: dispatch
2023-10-16T13:05:07.246 INFO:journalctl@ceph.mgr.x.smithi092.stdout:Oct 16 13:05:06 smithi092 ceph-6c276d7e-6c24-11ee-8db6-212e2dc638e7-mgr-x[99788]:
2023-10-16T13:05:06.872+0000 7f65df703200 -1 mgr[py] Module rook has missing NOTIFY_TYPES member
2023-10-16T13:05:07.247 INFO:journalctl@ceph.mgr.x.smithi092.stdout:Oct 16 13:05:06 smithi092 ceph-6c276d7e-6c24-11ee-8db6-212e2dc638e7-mgr-x[99788]:
2023-10-16T13:05:06.953+0000 7f65df703200 -1 mgr[py] Module iostat has missing NOTIFY_TYPES member
2023-10-16T13:05:07.980 INFO:journalctl@ceph.mgr.x.smithi092.stdout:Oct 16 13:05:07 smithi092 ceph-6c276d7e-6c24-11ee-8db6-212e2dc638e7-mgr-x[99788]:
2023-10-16T13:05:07.716+0000 7f65df703200 -1 mgr[py] Module test_orchestrator has missing NOTIFY_TYPES member
2023-10-16T13:05:07.980 INFO:journalctl@ceph.mgr.x.smithi092.stdout:Oct 16 13:05:07 smithi092 ceph-6c276d7e-6c24-11ee-8db6-212e2dc638e7-mgr-x[99788]:
2023-10-16T13:05:07.806+0000 7f65df703200 -1 mgr[py] Module osd_perf_query has missing NOTIFY_TYPES member
2023-10-16T13:05:08.246 INFO:journalctl@ceph.mgr.x.smithi092.stdout:Oct 16 13:05:07 smithi092 ceph-6c276d7e-6c24-11ee-8db6-212e2dc638e7-mgr-x[99788]:
2023-10-16T13:05:07.977+0000 7f65df703200 -1 mgr[py] Module orchestrator has missing NOTIFY_TYPES member
2023-10-16T13:05:08.626 INFO:journalctl@ceph.mgr.x.smithi092.stdout:Oct 16 13:05:08 smithi092 ceph-6c276d7e-6c24-11ee-8db6-212e2dc638e7-mgr-x[99788]:
2023-10-16T13:05:08.254+0000 7f65df703200 -1 mgr[py] Module rgw has missing NOTIFY_TYPES member
2023-10-16T13:05:08.626 INFO:journalctl@ceph.mgr.x.smithi092.stdout:Oct 16 13:05:08 smithi092 ceph-6c276d7e-6c24-11ee-8db6-212e2dc638e7-mgr-x[99788]:
2023-10-16T13:05:08.477+0000 7f65df703200 -1 mgr[py] Module influx has missing NOTIFY_TYPES member
2023-10-16T13:05:08.886 INFO:journalctl@ceph.mgr.x.smithi092.stdout:Oct 16 13:05:08 smithi092 ceph-6c276d7e-6c24-11ee-8db6-212e2dc638e7-mgr-x[99788]:
2023-10-16T13:05:08.623+0000 7f65df703200 -1 mgr[py] Module telemetry has missing NOTIFY_TYPES member
2023-10-16T13:05:09.246 INFO:journalctl@ceph.mgr.x.smithi092.stdout:Oct 16 13:05:08 smithi092 ceph-6c276d7e-6c24-11ee-8db6-212e2dc638e7-mgr-x[99788]:
2023-10-16T13:05:08.884+0000 7f65df703200 -1 mgr[py] Module telegraf has missing NOTIFY_TYPES member
2023-10-16T13:05:09.902 INFO:journalctl@ceph.mgr.x.smithi092.stdout:Oct 16 13:05:09 smithi092 ceph-6c276d7e-6c24-11ee-8db6-212e2dc638e7-mgr-x[99788]:
2023-10-16T13:05:09.576+0000 7f65df703200 -1 mgr[py] Module balancer has missing NOTIFY_TYPES member
2023-10-16T13:05:09.902 INFO:journalctl@ceph.mgr.x.smithi092.stdout:Oct 16 13:05:09 smithi092 ceph-6c276d7e-6c24-11ee-8db6-212e2dc638e7-mgr-x[99788]:
2023-10-16T13:05:09.706+0000 7f65df703200 -1 mgr[py] Module diskprediction_local has missing NOTIFY_TYPES member
2023-10-16T13:05:10.229 INFO:journalctl@ceph.mgr.x.smithi092.stdout:Oct 16 13:05:09 smithi092 ceph-6c276d7e-6c24-11ee-8db6-212e2dc638e7-mgr-x[99788]:
2023-10-16T13:05:09.899+0000 7f65df703200 -1 mgr[py] Module nfs has missing NOTIFY_TYPES member
2023-10-16T13:05:10.230 INFO:journalctl@ceph.mgr.x.smithi092.stdout:Oct 16 13:05:10 smithi092 ceph-6c276d7e-6c24-11ee-8db6-212e2dc638e7-mgr-x[99788]:
2023-10-16T13:05:10.011+0000 7f65df703200 -1 mgr[py] Module rbd_support has missing NOTIFY_TYPES member
2023-10-16T13:05:10.496 INFO:journalctl@ceph.mgr.x.smithi092.stdout:Oct 16 13:05:10 smithi092 ceph-6c276d7e-6c24-11ee-8db6-212e2dc638e7-mgr-x[99788]:
2023-10-16T13:05:10.226+0000 7f65df703200 -1 mgr[py] Module volumes has missing NOTIFY_TYPES member
2023-10-16T13:05:11.496 INFO:journalctl@ceph.mgr.x.smithi092.stdout:Oct 16 13:05:11 smithi092 ceph-6c276d7e-6c24-11ee-8db6-212e2dc638e7-mgr-x[99788]:
2023-10-16T13:05:11.090+0000 7f65df703200 -1 mgr[py] Module pg_autoscaler has missing NOTIFY_TYPES member
2023-10-16T13:05:11.497 INFO:journalctl@ceph.mon.a.smithi092.stdout:Oct 16 13:05:11 smithi092 ceph-mon[99542]: Active manager daemon x restarted
2023-10-16T13:05:11.497 INFO:journalctl@ceph.mon.a.smithi092.stdout:Oct 16 13:05:11 smithi092 ceph-mon[99542]: Activating manager daemon x
2023-10-16T13:05:11.497 INFO:journalctl@ceph.mon.a.smithi092.stdout:Oct 16 13:05:11 smithi092 ceph-mon[99542]: osdmap e2: 0 total, 0 up, 0 in
2023-10-16T13:05:11.498 INFO:journalctl@ceph.mon.a.smithi092.stdout:Oct 16 13:05:11 smithi092 ceph-mon[99542]: mgrmap e6: x(active, starting, since 0.0032196s)
2023-10-16T13:05:11.498 INFO:journalctl@ceph.mon.a.smithi092.stdout:Oct 16 13:05:11 smithi092 ceph-mon[99542]: from='mgr.14120 172.21.15.92:0/2563131706' entity='mgr.x' cmd=[{"prefix": "mon metadata", "id": "a"}]: dispatch
2023-10-16T13:05:11.498 INFO:journalctl@ceph.mon.a.smithi092.stdout:Oct 16 13:05:11 smithi092 ceph-mon[99542]: from='mgr.14120 172.21.15.92:0/2563131706' entity='mgr.x' cmd=[{"prefix": "mgr metadata", "who": "x", "id": "x"}]: dispatch
2023-10-16T13:05:11.498 INFO:journalctl@ceph.mon.a.smithi092.stdout:Oct 16 13:05:11 smithi092 ceph-mon[99542]: from='mgr.14120 172.21.15.92:0/2563131706' entity='mgr.x' cmd=[{"prefix": "mds metadata"}]: dispatch
2023-10-16T13:05:11.498 INFO:journalctl@ceph.mon.a.smithi092.stdout:Oct 16 13:05:11 smithi092 ceph-mon[99542]: from='mgr.14120 172.21.15.92:0/2563131706' entity='mgr.x' cmd=[{"prefix": "osd metadata"}]: dispatch
2023-10-16T13:05:11.499 INFO:journalctl@ceph.mon.a.smithi092.stdout:Oct 16 13:05:11 smithi092 ceph-mon[99542]: from='mgr.14120 172.21.15.92:0/2563131706' entity='mgr.x' cmd=[{"prefix": "mon metadata"}]: dispatch
2023-10-16T13:05:11.499 INFO:journalctl@ceph.mon.a.smithi092.stdout:Oct 16 13:05:11 smithi092 ceph-mon[99542]: Manager daemon x is now available
2023-10-16T13:05:11.499 INFO:journalctl@ceph.mon.a.smithi092.stdout:Oct 16 13:05:11 smithi092 ceph-mon[99542]: from='mgr.14120 172.21.15.92:0/2563131706' entity='mgr.x'
2023-10-16T13:05:11.499 INFO:journalctl@ceph.mon.a.smithi092.stdout:Oct 16 13:05:11 smithi092 ceph-mon[99542]: from='mgr.14120 172.21.15.92:0/2563131706' entity='mgr.x'
2023-10-16T13:05:11.499 INFO:journalctl@ceph.mon.a.smithi092.stdout:Oct 16 13:05:11 smithi092 ceph-mon[99542]: from='mgr.14120 172.21.15.92:0/2563131706' entity='mgr.x' cmd=[{"prefix": "config dump", "format": "json"}]: dispatch
2023-10-16T13:05:11.500 INFO:journalctl@ceph.mon.a.smithi092.stdout:Oct 16 13:05:11 smithi092 ceph-mon[99542]: from='mgr.14120 172.21.15.92:0/2563131706' entity='mgr.x' cmd=[{"prefix": "config dump", "format": "json"}]: dispatch
2023-10-16T13:05:11.500 INFO:journalctl@ceph.mon.a.smithi092.stdout:Oct 16 13:05:11 smithi092 ceph-mon[99542]: from='mgr.14120 172.21.15.92:0/2563131706' entity='mgr.x' cmd=[{"prefix": "config dump", "format": "json"}]: dispatch
2023-10-16T13:05:11.500 INFO:journalctl@ceph.mon.a.smithi092.stdout:Oct 16 13:05:11 smithi092 ceph-mon[99542]: from='mgr.14120 172.21.15.92:0/2563131706' entity='mgr.x' cmd=[{"prefix":"config rm","who":"mgr","name":"mgr/rbd_support/x/mirror_snapshot_schedule"}]: dispatch
2023-10-16T13:05:11.500 INFO:journalctl@ceph.mon.a.smithi092.stdout:Oct 16 13:05:11 smithi092 ceph-mon[99542]: from='mgr.14120 172.21.15.92:0/2563131706' entity='mgr.x' cmd=[{"prefix":"config rm","who":"mgr","name":"mgr/rbd_support/x/trash_purge_schedule"}]: dispatch
2023-10-16T13:05:12.496 INFO:teuthology.orchestra.run.smithi092.stdout:/usr/bin/ceph: stdout {
2023-10-16T13:05:12.497 INFO:teuthology.orchestra.run.smithi092.stdout:/usr/bin/ceph: stdout "mgrmap_epoch": 7,
2023-10-16T13:05:12.497 INFO:teuthology.orchestra.run.smithi092.stdout:/usr/bin/ceph: stdout "initialized": true
2023-10-16T13:05:12.497 INFO:teuthology.orchestra.run.smithi092.stdout:/usr/bin/ceph: stdout }
2023-10-16T13:05:12.497 INFO:teuthology.orchestra.run.smithi092.stdout:/usr/bin/ceph: stderr
2023-10-16T13:05:06.538+0000 7f8546174700 1 Processor -- start
2023-10-16T13:05:12.498 INFO:teuthology.orchestra.run.smithi092.stdout:/usr/bin/ceph: stderr
2023-10-16T13:05:06.538+0000 7f8546174700 1 -- start start
2023-10-16T13:05:12.498 INFO:teuthology.orchestra.run.smithi092.stdout:/usr/bin/ceph: stderr
2023-10-16T13:05:06.538+0000 7f8546174700 1 --2- >> [v2:172.21.15.92:3300/0,v1:172.21.15.92:6789/0] conn(0x7f85401068c0 0x7f8540106ce0 unknown :-1 s=NONE pgs=0 cs=0 l=0 rev1=0 crypto rx=0 tx=0 comp rx=0 tx=0).connect
2023-10-16T13:05:12.498 INFO:teuthology.orchestra.run.smithi092.stdout:/usr/bin/ceph: stderr
2023-10-16T13:05:06.538+0000 7f8546174700 1 -- --> [v2:172.21.15.92:3300/0,v1:172.21.15.92:6789/0] -- mon_getmap magic: 0 v1 -- 0x7f85401072b0 con 0x7f85401068c0
2023-10-16T13:05:12.498 INFO:teuthology.orchestra.run.smithi092.stdout:/usr/bin/ceph: stderr
2023-10-16T13:05:06.538+0000 7f853f7fe700 1 --2- >> [v2:172.21.15.92:3300/0,v1:172.21.15.92:6789/0] conn(0x7f85401068c0 0x7f8540106ce0 unknown :-1 s=BANNER_CONNECTING pgs=0 cs=0 l=0 rev1=0 crypto rx=0 tx=0 comp rx=0 tx=0)._handle_peer_banner_payload supported=3 required=0
2023-10-16T13:05:12.498 INFO:teuthology.orchestra.run.smithi092.stdout:/usr/bin/ceph: stderr
2023-10-16T13:05:06.538+0000 7f853f7fe700 1 --2- >> [v2:172.21.15.92:3300/0,v1:172.21.15.92:6789/0] conn(0x7f85401068c0 0x7f8540106ce0 unknown :-1 s=HELLO_CONNECTING pgs=0 cs=0 l=0 rev1=1 crypto rx=0 tx=0 comp rx=0 tx=0).handle_hello peer v2:172.21.15.92:3300/0 says I am v2:172.21.15.92:33954/0 (socket says 172.21.15.92:33954)
2023-10-16T13:05:12.499 INFO:teuthology.orchestra.run.smithi092.stdout:/usr/bin/ceph: stderr
2023-10-16T13:05:06.538+0000 7f853f7fe700 1 -- 172.21.15.92:0/3602425035 learned_addr learned my addr 172.21.15.92:0/3602425035 (peer_addr_for_me v2:172.21.15.92:0/0)
2023-10-16T13:05:12.499 INFO:teuthology.orchestra.run.smithi092.stdout:/usr/bin/ceph: stderr
2023-10-16T13:05:06.539+0000 7f853f7fe700 1 -- 172.21.15.92:0/3602425035 --> [v2:172.21.15.92:3300/0,v1:172.21.15.92:6789/0] -- mon_subscribe({config=0+,monmap=0+}) v3 -- 0x7f8540107ac0 con 0x7f85401068c0
2023-10-16T13:05:12.499 INFO:teuthology.orchestra.run.smithi092.stdout:/usr/bin/ceph: stderr
2023-10-16T13:05:06.539+0000 7f853f7fe700 1 --2- 172.21.15.92:0/3602425035 >> [v2:172.21.15.92:3300/0,v1:172.21.15.92:6789/0] conn(0x7f85401068c0 0x7f8540106ce0 secure :-1 s=READY pgs=28 cs=0 l=1 rev1=1 crypto rx=0x7f85300098a0 tx=0x7f8530009bb0 comp rx=0 tx=0).ready entity=mon.0 client_cookie=9161eac421728953 server_cookie=0 in_seq=0 out_seq=0
2023-10-16T13:05:12.500 INFO:teuthology.orchestra.run.smithi092.stdout:/usr/bin/ceph: stderr
2023-10-16T13:05:06.539+0000 7f853e7fc700 1 -- 172.21.15.92:0/3602425035 <== mon.0 v2:172.21.15.92:3300/0 1 ==== mon_map magic: 0 v1 ==== 205+0+0 (secure 0 0 0) 0x7f8530004160 con 0x7f85401068c0
2023-10-16T13:05:12.500 INFO:teuthology.orchestra.run.smithi092.stdout:/usr/bin/ceph: stderr
2023-10-16T13:05:06.539+0000 7f853e7fc700 1 -- 172.21.15.92:0/3602425035 <== mon.0 v2:172.21.15.92:3300/0 2 ==== config(27 keys) v1 ==== 1108+0+0 (secure 0 0 0) 0x7f85300042c0 con 0x7f85401068c0
2023-10-16T13:05:12.500 INFO:teuthology.orchestra.run.smithi092.stdout:/usr/bin/ceph: stderr
2023-10-16T13:05:06.539+0000 7f853e7fc700 1 -- 172.21.15.92:0/3602425035 <== mon.0 v2:172.21.15.92:3300/0 3 ==== mon_map magic: 0 v1 ==== 205+0+0 (secure 0 0 0) 0x7f8530011ac0 con 0x7f85401068c0
2023-10-16T13:05:12.500 INFO:teuthology.orchestra.run.smithi092.stdout:/usr/bin/ceph: stderr
2023-10-16T13:05:06.540+0000 7f8546174700 1 -- 172.21.15.92:0/3602425035 >> [v2:172.21.15.92:3300/0,v1:172.21.15.92:6789/0] conn(0x7f85401068c0 msgr2=0x7f8540106ce0 secure :-1 s=STATE_CONNECTION_ESTABLISHED l=1).mark_down
2023-10-16T13:05:12.500 INFO:teuthology.orchestra.run.smithi092.stdout:/usr/bin/ceph: stderr
2023-10-16T13:05:06.540+0000 7f8546174700 1 --2- 172.21.15.92:0/3602425035 >> [v2:172.21.15.92:3300/0,v1:172.21.15.92:6789/0] conn(0x7f85401068c0 0x7f8540106ce0 secure :-1 s=READY pgs=28 cs=0 l=1 rev1=1 crypto rx=0x7f85300098a0 tx=0x7f8530009bb0 comp rx=0 tx=0).stop
2023-10-16T13:05:12.501 INFO:teuthology.orchestra.run.smithi092.stdout:/usr/bin/ceph: stderr
2023-10-16T13:05:06.540+0000 7f8546174700 1 -- 172.21.15.92:0/3602425035 shutdown_connections
2023-10-16T13:05:12.501 INFO:teuthology.orchestra.run.smithi092.stdout:/usr/bin/ceph: stderr
2023-10-16T13:05:06.540+0000 7f8546174700 1 --2- 172.21.15.92:0/3602425035 >> [v2:172.21.15.92:3300/0,v1:172.21.15.92:6789/0] conn(0x7f85401068c0 0x7f8540106ce0 unknown :-1 s=CLOSED pgs=28 cs=0 l=1 rev1=1 crypto rx=0 tx=0 comp rx=0 tx=0).stop
2023-10-16T13:05:12.501 INFO:teuthology.orchestra.run.smithi092.stdout:/usr/bin/ceph: stderr
2023-10-16T13:05:06.540+0000 7f8546174700 1 -- 172.21.15.92:0/3602425035 >> 172.21.15.92:0/3602425035 conn(0x7f8540101e40 msgr2=0x7f85401042a0 unknown :-1 s=STATE_NONE l=0).mark_down
2023-10-16T13:05:12.501 INFO:teuthology.orchestra.run.smithi092.stdout:/usr/bin/ceph: stderr
2023-10-16T13:05:06.540+0000 7f8546174700 1 -- 172.21.15.92:0/3602425035 shutdown_connections
2023-10-16T13:05:12.501 INFO:teuthology.orchestra.run.smithi092.stdout:/usr/bin/ceph: stderr
2023-10-16T13:05:06.540+0000 7f8546174700 1 -- 172.21.15.92:0/3602425035 wait complete.
2023-10-16T13:05:12.502 INFO:teuthology.orchestra.run.smithi092.stdout:/usr/bin/ceph: stderr
2023-10-16T13:05:06.540+0000 7f8546174700 1 Processor -- start
2023-10-16T13:05:12.502 INFO:teuthology.orchestra.run.smithi092.stdout:/usr/bin/ceph: stderr
2023-10-16T13:05:06.540+0000 7f8546174700 1 -- start start
2023-10-16T13:05:12.502 INFO:teuthology.orchestra.run.smithi092.stdout:/usr/bin/ceph: stderr
2023-10-16T13:05:06.541+0000 7f8546174700 1 --2- >> [v2:172.21.15.92:3300/0,v1:172.21.15.92:6789/0] conn(0x7f85401068c0 0x7f854019a590 unknown :-1 s=NONE pgs=0 cs=0 l=1 rev1=0 crypto rx=0 tx=0 comp rx=0 tx=0).connect
2023-10-16T13:05:12.502 INFO:teuthology.orchestra.run.smithi092.stdout:/usr/bin/ceph: stderr
2023-10-16T13:05:06.541+0000 7f8546174700 1 -- --> [v2:172.21.15.92:3300/0,v1:172.21.15.92:6789/0] -- mon_getmap magic: 0 v1 -- 0x7f854019aad0 con 0x7f85401068c0
2023-10-16T13:05:12.502 INFO:teuthology.orchestra.run.smithi092.stdout:/usr/bin/ceph: stderr
2023-10-16T13:05:06.541+0000 7f853f7fe700 1 --2- >> [v2:172.21.15.92:3300/0,v1:172.21.15.92:6789/0] conn(0x7f85401068c0 0x7f854019a590 unknown :-1 s=BANNER_CONNECTING pgs=0 cs=0 l=1 rev1=0 crypto rx=0 tx=0 comp rx=0 tx=0)._handle_peer_banner_payload supported=3 required=0
2023-10-16T13:05:12.503 INFO:teuthology.orchestra.run.smithi092.stdout:/usr/bin/ceph: stderr
2023-10-16T13:05:06.541+0000 7f853f7fe700 1 --2- >> [v2:172.21.15.92:3300/0,v1:172.21.15.92:6789/0] conn(0x7f85401068c0 0x7f854019a590 unknown :-1 s=HELLO_CONNECTING pgs=0 cs=0 l=1 rev1=1 crypto rx=0 tx=0 comp rx=0 tx=0).handle_hello peer v2:172.21.15.92:3300/0 says I am v2:172.21.15.92:33956/0 (socket says 172.21.15.92:33956)
2023-10-16T13:05:12.503 INFO:teuthology.orchestra.run.smithi092.stdout:/usr/bin/ceph: stderr
2023-10-16T13:05:06.541+0000 7f853f7fe700 1 -- 172.21.15.92:0/498661951 learned_addr learned my addr 172.21.15.92:0/498661951 (peer_addr_for_me v2:172.21.15.92:0/0)
2023-10-16T13:05:12.503 INFO:teuthology.orchestra.run.smithi092.stdout:/usr/bin/ceph: stderr
2023-10-16T13:05:06.541+0000 7f853f7fe700 1 -- 172.21.15.92:0/498661951 --> [v2:172.21.15.92:3300/0,v1:172.21.15.92:6789/0] -- mon_subscribe({config=0+,monmap=0+}) v3 -- 0x7f8530009550 con 0x7f85401068c0
2023-10-16T13:05:12.503 INFO:teuthology.orchestra.run.smithi092.stdout:/usr/bin/ceph: stderr
2023-10-16T13:05:06.541+0000 7f853f7fe700 1 --2- 172.21.15.92:0/498661951 >> [v2:172.21.15.92:3300/0,v1:172.21.15.92:6789/0] conn(0x7f85401068c0 0x7f854019a590 secure :-1 s=READY pgs=29 cs=0 l=1 rev1=1 crypto rx=0x7f8530000c00 tx=0x7f8530011b40 comp rx=0 tx=0).ready entity=mon.0 client_cookie=0 server_cookie=0 in_seq=0 out_seq=0
2023-10-16T13:05:12.503 INFO:teuthology.orchestra.run.smithi092.stdout:/usr/bin/ceph: stderr
2023-10-16T13:05:06.541+0000 7f853cff9700 1 -- 172.21.15.92:0/498661951 <== mon.0 v2:172.21.15.92:3300/0 1 ==== mon_map magic: 0 v1 ==== 205+0+0 (secure 0 0 0) 0x7f8530003aa0 con 0x7f85401068c0
2023-10-16T13:05:12.503 INFO:teuthology.orchestra.run.smithi092.stdout:/usr/bin/ceph: stderr
2023-10-16T13:05:06.541+0000 7f853cff9700 1 -- 172.21.15.92:0/498661951 <== mon.0 v2:172.21.15.92:3300/0 2 ==== config(27 keys) v1 ==== 1108+0+0 (secure 0 0 0) 0x7f8530003c00 con 0x7f85401068c0
2023-10-16T13:05:12.504 INFO:teuthology.orchestra.run.smithi092.stdout:/usr/bin/ceph: stderr
2023-10-16T13:05:06.541+0000 7f8546174700 1 -- 172.21.15.92:0/498661951 --> [v2:172.21.15.92:3300/0,v1:172.21.15.92:6789/0] -- mon_subscribe({mgrmap=0+}) v3 -- 0x7f854019acd0 con 0x7f85401068c0
2023-10-16T13:05:12.504 INFO:teuthology.orchestra.run.smithi092.stdout:/usr/bin/ceph: stderr
2023-10-16T13:05:06.541+0000 7f853cff9700 1 -- 172.21.15.92:0/498661951 <== mon.0 v2:172.21.15.92:3300/0 3 ==== mon_map magic: 0 v1 ==== 205+0+0 (secure 0 0 0) 0x7f85300248a0 con 0x7f85401068c0
2023-10-16T13:05:12.504 INFO:teuthology.orchestra.run.smithi092.stdout:/usr/bin/ceph: stderr
2023-10-16T13:05:06.541+0000 7f8546174700 1 -- 172.21.15.92:0/498661951 --> [v2:172.21.15.92:3300/0,v1:172.21.15.92:6789/0] -- mon_subscribe({osdmap=0}) v3 -- 0x7f854019b170 con 0x7f85401068c0
2023-10-16T13:05:12.504 INFO:teuthology.orchestra.run.smithi092.stdout:/usr/bin/ceph: stderr
2023-10-16T13:05:06.542+0000 7f853cff9700 1 -- 172.21.15.92:0/498661951 <== mon.0 v2:172.21.15.92:3300/0 4 ==== mgrmap(e 5) v1 ==== 45579+0+0 (secure 0 0 0) 0x7f853002d3f0 con 0x7f85401068c0
2023-10-16T13:05:12.504 INFO:teuthology.orchestra.run.smithi092.stdout:/usr/bin/ceph: stderr
2023-10-16T13:05:06.543+0000 7f853cff9700 1 --2- 172.21.15.92:0/498661951 >> [v2:172.21.15.92:6800/184191966,v1:172.21.15.92:6801/184191966] conn(0x7f8528038870 0x7f852803ad30 unknown :-1 s=NONE pgs=0 cs=0 l=1 rev1=0 crypto rx=0 tx=0 comp rx=0 tx=0).connect
2023-10-16T13:05:12.505 INFO:teuthology.orchestra.run.smithi092.stdout:/usr/bin/ceph: stderr
2023-10-16T13:05:06.543+0000 7f853cff9700 1 -- 172.21.15.92:0/498661951 --> [v2:172.21.15.92:6800/184191966,v1:172.21.15.92:6801/184191966] -- command(tid 0: {"prefix": "get_command_descriptions"}) v1 -- 0x7f852803b440 con 0x7f8528038870
2023-10-16T13:05:12.505 INFO:teuthology.orchestra.run.smithi092.stdout:/usr/bin/ceph: stderr
2023-10-16T13:05:06.543+0000 7f853cff9700 1 -- 172.21.15.92:0/498661951 <== mon.0 v2:172.21.15.92:3300/0 5 ==== osd_map(1..1 src has 1..1) v4 ==== 725+0+0 (secure 0 0 0) 0x7f853004c560 con 0x7f85401068c0
2023-10-16T13:05:12.505 INFO:teuthology.orchestra.run.smithi092.stdout:/usr/bin/ceph: stderr
2023-10-16T13:05:06.543+0000 7f853effd700 1 -- 172.21.15.92:0/498661951 >> [v2:172.21.15.92:6800/184191966,v1:172.21.15.92:6801/184191966] conn(0x7f8528038870 msgr2=0x7f852803ad30 unknown :-1 s=STATE_CONNECTING_RE l=1).process reconnect failed to v2:172.21.15.92:6800/184191966
2023-10-16T13:05:12.505 INFO:teuthology.orchestra.run.smithi092.stdout:/usr/bin/ceph: stderr
2023-10-16T13:05:06.543+0000 7f853effd700 1 --2- 172.21.15.92:0/498661951 >> [v2:172.21.15.92:6800/184191966,v1:172.21.15.92:6801/184191966] conn(0x7f8528038870 0x7f852803ad30 unknown :-1 s=START_CONNECT pgs=0 cs=0 l=1 rev1=0 crypto rx=0 tx=0 comp rx=0 tx=0)._fault waiting 0.200000
2023-10-16T13:05:12.505 INFO:teuthology.orchestra.run.smithi092.stdout:/usr/bin/ceph: stderr
2023-10-16T13:05:06.744+0000 7f853effd700 1 -- 172.21.15.92:0/498661951 >> [v2:172.21.15.92:6800/184191966,v1:172.21.15.92:6801/184191966] conn(0x7f8528038870 msgr2=0x7f852803ad30 unknown :-1 s=STATE_CONNECTING_RE l=1).process reconnect failed to v2:172.21.15.92:6800/184191966
2023-10-16T13:05:12.505 INFO:teuthology.orchestra.run.smithi092.stdout:/usr/bin/ceph: stderr
2023-10-16T13:05:06.744+0000 7f853effd700 1 --2- 172.21.15.92:0/498661951 >> [v2:172.21.15.92:6800/184191966,v1:172.21.15.92:6801/184191966] conn(0x7f8528038870 0x7f852803ad30 unknown :-1 s=START_CONNECT pgs=0 cs=0 l=1 rev1=0 crypto rx=0 tx=0 comp rx=0 tx=0)._fault waiting 0.400000
2023-10-16T13:05:12.506 INFO:teuthology.orchestra.run.smithi092.stdout:/usr/bin/ceph: stderr
2023-10-16T13:05:07.145+0000 7f853effd700 1 -- 172.21.15.92:0/498661951 >> [v2:172.21.15.92:6800/184191966,v1:172.21.15.92:6801/184191966] conn(0x7f8528038870 msgr2=0x7f852803ad30 unknown :-1 s=STATE_CONNECTING_RE l=1).process reconnect failed to v2:172.21.15.92:6800/184191966
2023-10-16T13:05:12.506 INFO:teuthology.orchestra.run.smithi092.stdout:/usr/bin/ceph: stderr
2023-10-16T13:05:07.145+0000 7f853effd700 1 --2- 172.21.15.92:0/498661951 >> [v2:172.21.15.92:6800/184191966,v1:172.21.15.92:6801/184191966] conn(0x7f8528038870 0x7f852803ad30 unknown :-1 s=START_CONNECT pgs=0 cs=0 l=1 rev1=0 crypto rx=0 tx=0 comp rx=0 tx=0)._fault waiting 0.800000
2023-10-16T13:05:12.506 INFO:teuthology.orchestra.run.smithi092.stdout:/usr/bin/ceph: stderr
2023-10-16T13:05:07.946+0000 7f853effd700 1 -- 172.21.15.92:0/498661951 >> [v2:172.21.15.92:6800/184191966,v1:172.21.15.92:6801/184191966] conn(0x7f8528038870 msgr2=0x7f852803ad30 unknown :-1 s=STATE_CONNECTING_RE l=1).process reconnect failed to v2:172.21.15.92:6800/184191966
2023-10-16T13:05:12.506 INFO:teuthology.orchestra.run.smithi092.stdout:/usr/bin/ceph: stderr
2023-10-16T13:05:07.946+0000 7f853effd700 1 --2- 172.21.15.92:0/498661951 >> [v2:172.21.15.92:6800/184191966,v1:172.21.15.92:6801/184191966] conn(0x7f8528038870 0x7f852803ad30 unknown :-1 s=START_CONNECT pgs=0 cs=0 l=1 rev1=0 crypto rx=0 tx=0 comp rx=0 tx=0)._fault waiting 1.600000
2023-10-16T13:05:12.506 INFO:teuthology.orchestra.run.smithi092.stdout:/usr/bin/ceph: stderr
2023-10-16T13:05:09.547+0000 7f853effd700 1 -- 172.21.15.92:0/498661951 >> [v2:172.21.15.92:6800/184191966,v1:172.21.15.92:6801/184191966] conn(0x7f8528038870 msgr2=0x7f852803ad30 unknown :-1 s=STATE_CONNECTING_RE l=1).process reconnect failed to v2:172.21.15.92:6800/184191966
2023-10-16T13:05:12.507 INFO:teuthology.orchestra.run.smithi092.stdout:/usr/bin/ceph: stderr
2023-10-16T13:05:09.547+0000 7f853effd700 1 --2- 172.21.15.92:0/498661951 >> [v2:172.21.15.92:6800/184191966,v1:172.21.15.92:6801/184191966] conn(0x7f8528038870 0x7f852803ad30 unknown :-1 s=START_CONNECT pgs=0 cs=0 l=1 rev1=0 crypto rx=0 tx=0 comp rx=0 tx=0)._fault waiting 3.200000
2023-10-16T13:05:12.507 INFO:teuthology.orchestra.run.smithi092.stdout:/usr/bin/ceph: stderr
2023-10-16T13:05:11.104+0000 7f853cff9700 1 -- 172.21.15.92:0/498661951 <== mon.0 v2:172.21.15.92:3300/0 6 ==== mgrmap(e 6) v1 ==== 45346+0+0 (secure 0 0 0) 0x7f8530018c70 con 0x7f85401068c0
2023-10-16T13:05:12.507 INFO:teuthology.orchestra.run.smithi092.stdout:/usr/bin/ceph: stderr
2023-10-16T13:05:11.105+0000 7f853cff9700 1 -- 172.21.15.92:0/498661951 >> [v2:172.21.15.92:6800/184191966,v1:172.21.15.92:6801/184191966] conn(0x7f8528038870 msgr2=0x7f852803ad30 unknown :-1 s=STATE_CONNECTING l=1).mark_down
2023-10-16T13:05:12.507 INFO:teuthology.orchestra.run.smithi092.stdout:/usr/bin/ceph: stderr
2023-10-16T13:05:11.105+0000 7f853cff9700 1 --2- 172.21.15.92:0/498661951 >> [v2:172.21.15.92:6800/184191966,v1:172.21.15.92:6801/184191966] conn(0x7f8528038870 0x7f852803ad30 unknown :-1 s=START_CONNECT pgs=0 cs=0 l=1 rev1=0 crypto rx=0 tx=0 comp rx=0 tx=0).stop
2023-10-16T13:05:12.507 INFO:teuthology.orchestra.run.smithi092.stdout:/usr/bin/ceph: stderr
2023-10-16T13:05:12.106+0000 7f853cff9700 1 -- 172.21.15.92:0/498661951 <== mon.0 v2:172.21.15.92:3300/0 7 ==== mgrmap(e 7) v1 ==== 45473+0+0 (secure 0 0 0) 0x7f853004df20 con 0x7f85401068c0
2023-10-16T13:05:12.508 INFO:teuthology.orchestra.run.smithi092.stdout:/usr/bin/ceph: stderr
2023-10-16T13:05:12.106+0000 7f853cff9700 1 --2- 172.21.15.92:0/498661951 >> [v2:172.21.15.92:6800/1487044137,v1:172.21.15.92:6801/1487044137] conn(0x7f852803bfd0 0x7f852803e3c0 unknown :-1 s=NONE pgs=0 cs=0 l=1 rev1=0 crypto rx=0 tx=0 comp rx=0 tx=0).connect
2023-10-16T13:05:12.508 INFO:teuthology.orchestra.run.smithi092.stdout:/usr/bin/ceph: stderr
2023-10-16T13:05:12.106+0000 7f853cff9700 1 -- 172.21.15.92:0/498661951 --> [v2:172.21.15.92:6800/1487044137,v1:172.21.15.92:6801/1487044137] -- command(tid 0: {"prefix": "get_command_descriptions"}) v1 -- 0x7f852803b440 con 0x7f852803bfd0
2023-10-16T13:05:12.508 INFO:teuthology.orchestra.run.smithi092.stdout:/usr/bin/ceph: stderr
2023-10-16T13:05:12.106+0000 7f853effd700 1 --2- 172.21.15.92:0/498661951 >> [v2:172.21.15.92:6800/1487044137,v1:172.21.15.92:6801/1487044137] conn(0x7f852803bfd0 0x7f852803e3c0 unknown :-1 s=BANNER_CONNECTING pgs=0 cs=0 l=1 rev1=0 crypto rx=0 tx=0 comp rx=0 tx=0)._handle_peer_banner_payload supported=3 required=0
2023-10-16T13:05:12.508 INFO:teuthology.orchestra.run.smithi092.stdout:/usr/bin/ceph: stderr
2023-10-16T13:05:12.107+0000 7f853effd700 1 --2- 172.21.15.92:0/498661951 >> [v2:172.21.15.92:6800/1487044137,v1:172.21.15.92:6801/1487044137] conn(0x7f852803bfd0 0x7f852803e3c0 secure :-1 s=READY pgs=1 cs=0 l=1 rev1=1 crypto rx=0x7f8534003a10 tx=0x7f85340092b0 comp rx=0 tx=0).ready entity=mgr.14120 client_cookie=0 server_cookie=0 in_seq=0 out_seq=0
2023-10-16T13:05:12.508 INFO:teuthology.orchestra.run.smithi092.stdout:/usr/bin/ceph: stderr
2023-10-16T13:05:12.107+0000 7f853cff9700 1 -- 172.21.15.92:0/498661951 <== mgr.14120 v2:172.21.15.92:6800/1487044137 1 ==== command_reply(tid 0: 0 ) v1 ==== 8+0+6910 (secure 0 0 0) 0x7f852803b440 con 0x7f852803bfd0
2023-10-16T13:05:12.509 INFO:teuthology.orchestra.run.smithi092.stdout:/usr/bin/ceph: stderr
2023-10-16T13:05:12.118+0000 7f8546174700 1 -- 172.21.15.92:0/498661951 --> [v2:172.21.15.92:6800/1487044137,v1:172.21.15.92:6801/1487044137] -- command(tid 1: {"prefix": "mgr_status"}) v1 -- 0x7f854019b8d0 con 0x7f852803bfd0
2023-10-16T13:05:12.509 INFO:teuthology.orchestra.run.smithi092.stdout:/usr/bin/ceph: stderr
2023-10-16T13:05:12.118+0000 7f853cff9700 1 -- 172.21.15.92:0/498661951 <== mgr.14120 v2:172.21.15.92:6800/1487044137 2 ==== command_reply(tid 1: 0 ) v1 ==== 8+0+51 (secure 0 0 0) 0x7f854019b8d0 con 0x7f852803bfd0
2023-10-16T13:05:12.509 INFO:teuthology.orchestra.run.smithi092.stdout:/usr/bin/ceph: stderr
2023-10-16T13:05:12.118+0000 7f8546174700 1 -- 172.21.15.92:0/498661951 >> [v2:172.21.15.92:6800/1487044137,v1:172.21.15.92:6801/1487044137] conn(0x7f852803bfd0 msgr2=0x7f852803e3c0 secure :-1 s=STATE_CONNECTION_ESTABLISHED l=1).mark_down
2023-10-16T13:05:12.509 INFO:teuthology.orchestra.run.smithi092.stdout:/usr/bin/ceph: stderr
2023-10-16T13:05:12.118+0000 7f8546174700 1 --2- 172.21.15.92:0/498661951 >> [v2:172.21.15.92:6800/1487044137,v1:172.21.15.92:6801/1487044137] conn(0x7f852803bfd0 0x7f852803e3c0 secure :-1 s=READY pgs=1 cs=0 l=1 rev1=1 crypto rx=0x7f8534003a10 tx=0x7f85340092b0 comp rx=0 tx=0).stop
2023-10-16T13:05:12.509 INFO:teuthology.orchestra.run.smithi092.stdout:/usr/bin/ceph: stderr
2023-10-16T13:05:12.118+0000 7f8546174700 1 -- 172.21.15.92:0/498661951 >> [v2:172.21.15.92:3300/0,v1:172.21.15.92:6789/0] conn(0x7f85401068c0 msgr2=0x7f854019a590 secure :-1 s=STATE_CONNECTION_ESTABLISHED l=1).mark_down
2023-10-16T13:05:12.509 INFO:teuthology.orchestra.run.smithi092.stdout:/usr/bin/ceph: stderr
2023-10-16T13:05:12.118+0000 7f8546174700 1 --2- 172.21.15.92:0/498661951 >> [v2:172.21.15.92:3300/0,v1:172.21.15.92:6789/0] conn(0x7f85401068c0 0x7f854019a590 secure :-1 s=READY pgs=29 cs=0 l=1 rev1=1 crypto rx=0x7f8530000c00 tx=0x7f8530011b40 comp rx=0 tx=0).stop
2023-10-16T13:05:12.510 INFO:teuthology.orchestra.run.smithi092.stdout:/usr/bin/ceph: stderr
2023-10-16T13:05:12.119+0000 7f8546174700 1 -- 172.21.15.92:0/498661951 shutdown_connections
2023-10-16T13:05:12.510 INFO:teuthology.orchestra.run.smithi092.stdout:/usr/bin/ceph: stderr
2023-10-16T13:05:12.119+0000 7f8546174700 1 --2- 172.21.15.92:0/498661951 >> [v2:172.21.15.92:6800/1487044137,v1:172.21.15.92:6801/1487044137] conn(0x7f852803bfd0 0x7f852803e3c0 unknown :-1 s=CLOSED pgs=1 cs=0 l=1 rev1=1 crypto rx=0 tx=0 comp rx=0 tx=0).stop
2023-10-16T13:05:12.510 INFO:teuthology.orchestra.run.smithi092.stdout:/usr/bin/ceph: stderr
2023-10-16T13:05:12.119+0000 7f8546174700 1 --2- 172.21.15.92:0/498661951 >> [v2:172.21.15.92:3300/0,v1:172.21.15.92:6789/0] conn(0x7f85401068c0 0x7f854019a590 unknown :-1 s=CLOSED pgs=29 cs=0 l=1 rev1=1 crypto rx=0 tx=0 comp rx=0 tx=0).stop
2023-10-16T13:05:12.510 INFO:teuthology.orchestra.run.smithi092.stdout:/usr/bin/ceph: stderr
2023-10-16T13:05:12.119+0000 7f8546174700 1 --2- 172.21.15.92:0/498661951 >> [v2:172.21.15.92:6800/184191966,v1:172.21.15.92:6801/184191966] conn(0x7f8528038870 0x7f852803ad30 unknown :-1 s=CLOSED pgs=0 cs=0 l=1 rev1=0 crypto rx=0 tx=0 comp rx=0 tx=0).stop
2023-10-16T13:05:12.510 INFO:teuthology.orchestra.run.smithi092.stdout:/usr/bin/ceph: stderr
2023-10-16T13:05:12.119+0000 7f8546174700 1 -- 172.21.15.92:0/498661951 >> 172.21.15.92:0/498661951 conn(0x7f8540101e40 msgr2=0x7f8540102c30 unknown :-1 s=STATE_NONE l=0).mark_down
2023-10-16T13:05:12.511 INFO:teuthology.orchestra.run.smithi092.stdout:/usr/bin/ceph: stderr
2023-10-16T13:05:12.119+0000 7f8546174700 1 -- 172.21.15.92:0/498661951 shutdown_connections
2023-10-16T13:05:12.511 INFO:teuthology.orchestra.run.smithi092.stdout:/usr/bin/ceph: stderr
2023-10-16T13:05:12.119+0000 7f8546174700 1 -- 172.21.15.92:0/498661951 wait complete.
2023-10-16T13:05:12.511 INFO:teuthology.orchestra.run.smithi092.stdout:mgr epoch 5 is available
2023-10-16T13:05:12.511 INFO:teuthology.orchestra.run.smithi092.stdout:Setting orchestrator backend to cephadm...
2023-10-16T13:05:12.511 INFO:journalctl@ceph.mon.a.smithi092.stdout:Oct 16 13:05:12 smithi092 ceph-mon[99542]: Found migration_current of "None". Setting to last migration.
2023-10-16T13:05:12.512 INFO:journalctl@ceph.mon.a.smithi092.stdout:Oct 16 13:05:12 smithi092 ceph-mon[99542]: from='mgr.14120 172.21.15.92:0/2563131706' entity='mgr.x'
2023-10-16T13:05:12.512 INFO:journalctl@ceph.mon.a.smithi092.stdout:Oct 16 13:05:12 smithi092 ceph-mon[99542]: from='mgr.14120 172.21.15.92:0/2563131706' entity='mgr.x'
2023-10-16T13:05:12.512 INFO:journalctl@ceph.mon.a.smithi092.stdout:Oct 16 13:05:12 smithi092 ceph-mon[99542]: mgrmap e7: x(active, since 1.00531s)
2023-10-16T13:05:13.497 INFO:journalctl@ceph.mon.a.smithi092.stdout:Oct 16 13:05:13 smithi092 ceph-mon[99542]: from='client.14124 -' entity='client.admin' cmd=[{"prefix": "get_command_descriptions"}]: dispatch
2023-10-16T13:05:13.497 INFO:journalctl@ceph.mon.a.smithi092.stdout:Oct 16 13:05:13 smithi092 ceph-mon[99542]: from='client.14124 -' entity='client.admin' cmd=[{"prefix": "mgr_status"}]: dispatch
2023-10-16T13:05:13.497 INFO:journalctl@ceph.mon.a.smithi092.stdout:Oct 16 13:05:13 smithi092 ceph-mon[99542]: [16/Oct/2023:13:05:12] ENGINE Bus STARTING
2023-10-16T13:05:13.497 INFO:journalctl@ceph.mon.a.smithi092.stdout:Oct 16 13:05:13 smithi092 ceph-mon[99542]: [16/Oct/2023:13:05:12] ENGINE Serving on https://172.21.15.92:7150
2023-10-16T13:05:13.498 INFO:journalctl@ceph.mon.a.smithi092.stdout:Oct 16 13:05:13 smithi092 ceph-mon[99542]: from='mgr.14120 172.21.15.92:0/2563131706' entity='mgr.x' cmd=[{"prefix": "config dump", "format": "json"}]: dispatch
2023-10-16T13:05:13.498 INFO:journalctl@ceph.mon.a.smithi092.stdout:Oct 16 13:05:13 smithi092 ceph-mon[99542]: from='mgr.14120 172.21.15.92:0/2563131706' entity='mgr.x'
2023-10-16T13:05:13.740 INFO:teuthology.orchestra.run.smithi092.stdout:/usr/bin/ceph: stderr
2023-10-16T13:05:12.971+0000 7fc0d1a41700 1 Processor -- start
2023-10-16T13:05:13.740 INFO:teuthology.orchestra.run.smithi092.stdout:/usr/bin/ceph: stderr
2023-10-16T13:05:12.971+0000 7fc0d1a41700 1 -- start start
2023-10-16T13:05:13.740 INFO:teuthology.orchestra.run.smithi092.stdout:/usr/bin/ceph: stderr
2023-10-16T13:05:12.971+0000 7fc0d1a41700 1 --2- >> [v2:172.21.15.92:3300/0,v1:172.21.15.92:6789/0] conn(0x7fc0cc106db0 0x7fc0cc1071d0 unknown :-1 s=NONE pgs=0 cs=0 l=0 rev1=0 crypto rx=0 tx=0 comp rx=0 tx=0).connect
2023-10-16T13:05:13.741 INFO:teuthology.orchestra.run.smithi092.stdout:/usr/bin/ceph: stderr
2023-10-16T13:05:12.971+0000 7fc0d1a41700 1 -- --> [v2:172.21.15.92:3300/0,v1:172.21.15.92:6789/0] -- mon_getmap magic: 0 v1 -- 0x7fc0cc1077a0 con 0x7fc0cc106db0
2023-10-16T13:05:13.741 INFO:teuthology.orchestra.run.smithi092.stdout:/usr/bin/ceph: stderr
2023-10-16T13:05:12.971+0000 7fc0caffd700 1 --2- >> [v2:172.21.15.92:3300/0,v1:172.21.15.92:6789/0] conn(0x7fc0cc106db0 0x7fc0cc1071d0 unknown :-1 s=BANNER_CONNECTING pgs=0 cs=0 l=0 rev1=0 crypto rx=0 tx=0 comp rx=0 tx=0)._handle_peer_banner_payload supported=3 required=0
2023-10-16T13:05:13.741 INFO:teuthology.orchestra.run.smithi092.stdout:/usr/bin/ceph: stderr
2023-10-16T13:05:12.971+0000 7fc0caffd700 1 --2- >> [v2:172.21.15.92:3300/0,v1:172.21.15.92:6789/0] conn(0x7fc0cc106db0 0x7fc0cc1071d0 unknown :-1 s=HELLO_CONNECTING pgs=0 cs=0 l=0 rev1=1 crypto rx=0 tx=0 comp rx=0 tx=0).handle_hello peer v2:172.21.15.92:3300/0 says I am v2:172.21.15.92:34008/0 (socket says 172.21.15.92:34008)
2023-10-16T13:05:13.741 INFO:teuthology.orchestra.run.smithi092.stdout:/usr/bin/ceph: stderr
2023-10-16T13:05:12.971+0000 7fc0caffd700 1 -- 172.21.15.92:0/4012866184 learned_addr learned my addr 172.21.15.92:0/4012866184 (peer_addr_for_me v2:172.21.15.92:0/0)
2023-10-16T13:05:13.741 INFO:teuthology.orchestra.run.smithi092.stdout:/usr/bin/ceph: stderr
2023-10-16T13:05:12.972+0000 7fc0caffd700 1 -- 172.21.15.92:0/4012866184 --> [v2:172.21.15.92:3300/0,v1:172.21.15.92:6789/0] -- mon_subscribe({config=0+,monmap=0+}) v3 -- 0x7fc0cc1059c0 con 0x7fc0cc106db0
2023-10-16T13:05:13.742 INFO:teuthology.orchestra.run.smithi092.stdout:/usr/bin/ceph: stderr
2023-10-16T13:05:12.972+0000 7fc0caffd700 1 --2- 172.21.15.92:0/4012866184 >> [v2:172.21.15.92:3300/0,v1:172.21.15.92:6789/0] conn(0x7fc0cc106db0 0x7fc0cc1071d0 secure :-1 s=READY pgs=37 cs=0 l=1 rev1=1 crypto rx=0x7fc0bc0098a0 tx=0x7fc0bc009bb0 comp rx=0 tx=0).ready entity=mon.0 client_cookie=2c997541eb5d5c20 server_cookie=0 in_seq=0 out_seq=0
2023-10-16T13:05:13.742 INFO:teuthology.orchestra.run.smithi092.stdout:/usr/bin/ceph: stderr
2023-10-16T13:05:12.972+0000 7fc0c9ffb700 1 -- 172.21.15.92:0/4012866184 <== mon.0 v2:172.21.15.92:3300/0 1 ==== mon_map magic: 0 v1 ==== 205+0+0 (secure 0 0 0) 0x7fc0bc004160 con 0x7fc0cc106db0
2023-10-16T13:05:13.742 INFO:teuthology.orchestra.run.smithi092.stdout:/usr/bin/ceph: stderr
2023-10-16T13:05:12.972+0000 7fc0c9ffb700 1 -- 172.21.15.92:0/4012866184 <== mon.0 v2:172.21.15.92:3300/0 2 ==== config(27 keys) v1 ==== 1108+0+0 (secure 0 0 0) 0x7fc0bc0042c0 con 0x7fc0cc106db0
2023-10-16T13:05:13.742 INFO:teuthology.orchestra.run.smithi092.stdout:/usr/bin/ceph: stderr
2023-10-16T13:05:12.972+0000 7fc0c9ffb700 1 -- 172.21.15.92:0/4012866184 <== mon.0 v2:172.21.15.92:3300/0 3 ==== mon_map magic: 0 v1 ==== 205+0+0 (secure 0 0 0) 0x7fc0bc011ac0 con 0x7fc0cc106db0
2023-10-16T13:05:13.743 INFO:teuthology.orchestra.run.smithi092.stdout:/usr/bin/ceph: stderr
2023-10-16T13:05:12.972+0000 7fc0d1a41700 1 -- 172.21.15.92:0/4012866184 >> [v2:172.21.15.92:3300/0,v1:172.21.15.92:6789/0] conn(0x7fc0cc106db0 msgr2=0x7fc0cc1071d0 secure :-1 s=STATE_CONNECTION_ESTABLISHED l=1).mark_down
2023-10-16T13:05:13.743 INFO:teuthology.orchestra.run.smithi092.stdout:/usr/bin/ceph: stderr
2023-10-16T13:05:12.972+0000 7fc0d1a41700 1 --2- 172.21.15.92:0/4012866184 >> [v2:172.21.15.92:3300/0,v1:172.21.15.92:6789/0] conn(0x7fc0cc106db0 0x7fc0cc1071d0 secure :-1 s=READY pgs=37 cs=0 l=1 rev1=1 crypto rx=0x7fc0bc0098a0 tx=0x7fc0bc009bb0 comp rx=0 tx=0).stop
2023-10-16T13:05:13.743 INFO:teuthology.orchestra.run.smithi092.stdout:/usr/bin/ceph: stderr
2023-10-16T13:05:12.972+0000 7fc0d1a41700 1 -- 172.21.15.92:0/4012866184 shutdown_connections
2023-10-16T13:05:13.743 INFO:teuthology.orchestra.run.smithi092.stdout:/usr/bin/ceph: stderr
2023-10-16T13:05:12.972+0000 7fc0d1a41700 1 --2- 172.21.15.92:0/4012866184 >> [v2:172.21.15.92:3300/0,v1:172.21.15.92:6789/0] conn(0x7fc0cc106db0 0x7fc0cc1071d0 unknown :-1 s=CLOSED pgs=37 cs=0 l=1 rev1=1 crypto rx=0 tx=0 comp rx=0 tx=0).stop
2023-10-16T13:05:13.743 INFO:teuthology.orchestra.run.smithi092.stdout:/usr/bin/ceph: stderr
2023-10-16T13:05:12.972+0000 7fc0d1a41700 1 -- 172.21.15.92:0/4012866184 >> 172.21.15.92:0/4012866184 conn(0x7fc0cc1004f0 msgr2=0x7fc0cc102930 unknown :-1 s=STATE_NONE l=0).mark_down
2023-10-16T13:05:13.743 INFO:teuthology.orchestra.run.smithi092.stdout:/usr/bin/ceph: stderr
2023-10-16T13:05:12.972+0000 7fc0d1a41700 1 -- 172.21.15.92:0/4012866184 shutdown_connections
2023-10-16T13:05:13.744 INFO:teuthology.orchestra.run.smithi092.stdout:/usr/bin/ceph: stderr
2023-10-16T13:05:12.973+0000 7fc0d1a41700 1 -- 172.21.15.92:0/4012866184 wait complete.
2023-10-16T13:05:13.744 INFO:teuthology.orchestra.run.smithi092.stdout:/usr/bin/ceph: stderr
2023-10-16T13:05:12.973+0000 7fc0d1a41700 1 Processor -- start
2023-10-16T13:05:13.744 INFO:teuthology.orchestra.run.smithi092.stdout:/usr/bin/ceph: stderr
2023-10-16T13:05:12.973+0000 7fc0d1a41700 1 -- start start
2023-10-16T13:05:13.744 INFO:teuthology.orchestra.run.smithi092.stdout:/usr/bin/ceph: stderr
2023-10-16T13:05:12.973+0000 7fc0d1a41700 1 --2- >> [v2:172.21.15.92:3300/0,v1:172.21.15.92:6789/0] conn(0x7fc0cc106db0 0x7fc0cc190a20 unknown :-1 s=NONE pgs=0 cs=0 l=1 rev1=0 crypto rx=0 tx=0 comp rx=0 tx=0).connect
2023-10-16T13:05:13.744 INFO:teuthology.orchestra.run.smithi092.stdout:/usr/bin/ceph: stderr
2023-10-16T13:05:12.973+0000 7fc0d1a41700 1 -- --> [v2:172.21.15.92:3300/0,v1:172.21.15.92:6789/0] -- mon_getmap magic: 0 v1 -- 0x7fc0cc190f60 con 0x7fc0cc106db0
2023-10-16T13:05:13.745 INFO:teuthology.orchestra.run.smithi092.stdout:/usr/bin/ceph: stderr
2023-10-16T13:05:12.973+0000 7fc0caffd700 1 --2- >> [v2:172.21.15.92:3300/0,v1:172.21.15.92:6789/0] conn(0x7fc0cc106db0 0x7fc0cc190a20 unknown :-1 s=BANNER_CONNECTING pgs=0 cs=0 l=1 rev1=0 crypto rx=0 tx=0 comp rx=0 tx=0)._handle_peer_banner_payload supported=3 required=0
2023-10-16T13:05:13.745 INFO:teuthology.orchestra.run.smithi092.stdout:/usr/bin/ceph: stderr
2023-10-16T13:05:12.973+0000 7fc0caffd700 1 --2- >> [v2:172.21.15.92:3300/0,v1:172.21.15.92:6789/0] conn(0x7fc0cc106db0 0x7fc0cc190a20 unknown :-1 s=HELLO_CONNECTING pgs=0 cs=0 l=1 rev1=1 crypto rx=0 tx=0 comp rx=0 tx=0).handle_hello peer v2:172.21.15.92:3300/0 says I am v2:172.21.15.92:34010/0 (socket says 172.21.15.92:34010)
2023-10-16T13:05:13.745 INFO:teuthology.orchestra.run.smithi092.stdout:/usr/bin/ceph: stderr
2023-10-16T13:05:12.974+0000 7fc0caffd700 1 -- 172.21.15.92:0/3382748343 learned_addr learned my addr 172.21.15.92:0/3382748343 (peer_addr_for_me v2:172.21.15.92:0/0)
2023-10-16T13:05:13.745 INFO:teuthology.orchestra.run.smithi092.stdout:/usr/bin/ceph: stderr
2023-10-16T13:05:12.974+0000 7fc0caffd700 1 -- 172.21.15.92:0/3382748343 --> [v2:172.21.15.92:3300/0,v1:172.21.15.92:6789/0] -- mon_subscribe({config=0+,monmap=0+}) v3 -- 0x7fc0bc009550 con 0x7fc0cc106db0
2023-10-16T13:05:13.745 INFO:teuthology.orchestra.run.smithi092.stdout:/usr/bin/ceph: stderr
2023-10-16T13:05:12.974+0000 7fc0caffd700 1 --2- 172.21.15.92:0/3382748343 >> [v2:172.21.15.92:3300/0,v1:172.21.15.92:6789/0] conn(0x7fc0cc106db0 0x7fc0cc190a20 secure :-1 s=READY pgs=38 cs=0 l=1 rev1=1 crypto rx=0x7fc0bc003f70 tx=0x7fc0bc011b40 comp rx=0 tx=0).ready entity=mon.0 client_cookie=0 server_cookie=0 in_seq=0 out_seq=0
2023-10-16T13:05:13.746 INFO:teuthology.orchestra.run.smithi092.stdout:/usr/bin/ceph: stderr
2023-10-16T13:05:12.974+0000 7fc0d0a3f700 1 -- 172.21.15.92:0/3382748343 <== mon.0 v2:172.21.15.92:3300/0 1 ==== mon_map magic: 0 v1 ==== 205+0+0 (secure 0 0 0) 0x7fc0bc003b20 con 0x7fc0cc106db0
2023-10-16T13:05:13.746 INFO:teuthology.orchestra.run.smithi092.stdout:/usr/bin/ceph: stderr
2023-10-16T13:05:12.974+0000 7fc0d0a3f700 1 -- 172.21.15.92:0/3382748343 <== mon.0 v2:172.21.15.92:3300/0 2 ==== config(27 keys) v1 ==== 1108+0+0 (secure 0 0 0) 0x7fc0bc003c80 con 0x7fc0cc106db0
