2023-10-16T13:32:41.466+0000 7f1f22ffd700 1 --2- >> [v2:172.21.15.22:3300/0,v1:172.21.15.22:6789/0] conn(0x7f1f24106c80 0x7f1f2419c5e0 unknown :-1 s=BANNER_CONNECTING pgs=0 cs=0 l=1 rev1=0 crypto rx=0 tx=0 comp rx=0 tx=0)._handle_peer_banner_payload supported=3 required=0
2023-10-16T13:32:42.215 INFO:teuthology.orchestra.run.smithi022.stdout:/usr/bin/ceph: stderr
2023-10-16T13:32:41.466+0000 7f1f22ffd700 1 --2- >> [v2:172.21.15.22:3300/0,v1:172.21.15.22:6789/0] conn(0x7f1f24106c80 0x7f1f2419c5e0 unknown :-1 s=HELLO_CONNECTING pgs=0 cs=0 l=1 rev1=1 crypto rx=0 tx=0 comp rx=0 tx=0).handle_hello peer v2:172.21.15.22:3300/0 says I am v2:172.21.15.22:58192/0 (socket says 172.21.15.22:58192)
2023-10-16T13:32:42.215 INFO:teuthology.orchestra.run.smithi022.stdout:/usr/bin/ceph: stderr
2023-10-16T13:32:41.466+0000 7f1f22ffd700 1 -- 172.21.15.22:0/3999917367 learned_addr learned my addr 172.21.15.22:0/3999917367 (peer_addr_for_me v2:172.21.15.22:0/0)
2023-10-16T13:32:42.215 INFO:teuthology.orchestra.run.smithi022.stdout:/usr/bin/ceph: stderr
2023-10-16T13:32:41.466+0000 7f1f22ffd700 1 -- 172.21.15.22:0/3999917367 --> [v2:172.21.15.22:3300/0,v1:172.21.15.22:6789/0] -- mon_subscribe({config=0+,monmap=0+}) v3 -- 0x7f1f1800b7f0 con 0x7f1f24106c80
2023-10-16T13:32:42.216 INFO:teuthology.orchestra.run.smithi022.stdout:/usr/bin/ceph: stderr
2023-10-16T13:32:41.466+0000 7f1f22ffd700 1 --2- 172.21.15.22:0/3999917367 >> [v2:172.21.15.22:3300/0,v1:172.21.15.22:6789/0] conn(0x7f1f24106c80 0x7f1f2419c5e0 secure :-1 s=READY pgs=50 cs=0 l=1 rev1=1 crypto rx=0x7f1f18003a80 tx=0x7f1f18003df0 comp rx=0 tx=0).ready entity=mon.0 client_cookie=0 server_cookie=0 in_seq=0 out_seq=0
2023-10-16T13:32:42.216 INFO:teuthology.orchestra.run.smithi022.stdout:/usr/bin/ceph: stderr
2023-10-16T13:32:41.466+0000 7f1f28875700 1 -- 172.21.15.22:0/3999917367 <== mon.0 v2:172.21.15.22:3300/0 1 ==== mon_map magic: 0 v1 ==== 205+0+0 (secure 0 0 0) 0x7f1f180106e0 con 0x7f1f24106c80
2023-10-16T13:32:42.216 INFO:teuthology.orchestra.run.smithi022.stdout:/usr/bin/ceph: stderr
2023-10-16T13:32:41.466+0000 7f1f28875700 1 -- 172.21.15.22:0/3999917367 <== mon.0 v2:172.21.15.22:3300/0 2 ==== config(26 keys) v1 ==== 1074+0+0 (secure 0 0 0) 0x7f1f18010ce0 con 0x7f1f24106c80
2023-10-16T13:32:42.216 INFO:teuthology.orchestra.run.smithi022.stdout:/usr/bin/ceph: stderr
2023-10-16T13:32:41.466+0000 7f1f28875700 1 -- 172.21.15.22:0/3999917367 <== mon.0 v2:172.21.15.22:3300/0 3 ==== mon_map magic: 0 v1 ==== 205+0+0 (secure 0 0 0) 0x7f1f18019c40 con 0x7f1f24106c80
2023-10-16T13:32:42.216 INFO:teuthology.orchestra.run.smithi022.stdout:/usr/bin/ceph: stderr
2023-10-16T13:32:41.466+0000 7f1f29877700 1 -- 172.21.15.22:0/3999917367 --> [v2:172.21.15.22:3300/0,v1:172.21.15.22:6789/0] -- mon_subscribe({mgrmap=0+}) v3 -- 0x7f1f2419cd20 con 0x7f1f24106c80
2023-10-16T13:32:42.216 INFO:teuthology.orchestra.run.smithi022.stdout:/usr/bin/ceph: stderr
2023-10-16T13:32:41.466+0000 7f1f29877700 1 -- 172.21.15.22:0/3999917367 --> [v2:172.21.15.22:3300/0,v1:172.21.15.22:6789/0] -- mon_subscribe({osdmap=0}) v3 -- 0x7f1f2419d0e0 con 0x7f1f24106c80
2023-10-16T13:32:42.217 INFO:teuthology.orchestra.run.smithi022.stdout:/usr/bin/ceph: stderr
2023-10-16T13:32:41.467+0000 7f1f28875700 1 -- 172.21.15.22:0/3999917367 <== mon.0 v2:172.21.15.22:3300/0 4 ==== mgrmap(e 8) v1 ==== 45579+0+0 (secure 0 0 0) 0x7f1f1802a450 con 0x7f1f24106c80
2023-10-16T13:32:42.217 INFO:teuthology.orchestra.run.smithi022.stdout:/usr/bin/ceph: stderr
2023-10-16T13:32:41.468+0000 7f1f28875700 1 --2- 172.21.15.22:0/3999917367 >> [v2:172.21.15.22:6800/3798375333,v1:172.21.15.22:6801/3798375333] conn(0x7f1f0c038870 0x7f1f0c03ad30 unknown :-1 s=NONE pgs=0 cs=0 l=1 rev1=0 crypto rx=0 tx=0 comp rx=0 tx=0).connect
2023-10-16T13:32:42.217 INFO:teuthology.orchestra.run.smithi022.stdout:/usr/bin/ceph: stderr
2023-10-16T13:32:41.468+0000 7f1f28875700 1 -- 172.21.15.22:0/3999917367 <== mon.0 v2:172.21.15.22:3300/0 5 ==== osd_map(2..2 src has 1..2) v4 ==== 940+0+0 (secure 0 0 0) 0x7f1f1804cc10 con 0x7f1f24106c80
2023-10-16T13:32:42.217 INFO:teuthology.orchestra.run.smithi022.stdout:/usr/bin/ceph: stderr
2023-10-16T13:32:41.468+0000 7f1f0a7fc700 1 -- 172.21.15.22:0/3999917367 --> [v2:172.21.15.22:3300/0,v1:172.21.15.22:6789/0] -- mon_command({"prefix": "get_command_descriptions"} v 0) v1 -- 0x7f1f040052f0 con 0x7f1f24106c80
2023-10-16T13:32:42.217 INFO:teuthology.orchestra.run.smithi022.stdout:/usr/bin/ceph: stderr
2023-10-16T13:32:41.468+0000 7f1f227fc700 1 --2- 172.21.15.22:0/3999917367 >> [v2:172.21.15.22:6800/3798375333,v1:172.21.15.22:6801/3798375333] conn(0x7f1f0c038870 0x7f1f0c03ad30 unknown :-1 s=BANNER_CONNECTING pgs=0 cs=0 l=1 rev1=0 crypto rx=0 tx=0 comp rx=0 tx=0)._handle_peer_banner_payload supported=3 required=0
2023-10-16T13:32:42.218 INFO:teuthology.orchestra.run.smithi022.stdout:/usr/bin/ceph: stderr
2023-10-16T13:32:41.468+0000 7f1f227fc700 1 --2- 172.21.15.22:0/3999917367 >> [v2:172.21.15.22:6800/3798375333,v1:172.21.15.22:6801/3798375333] conn(0x7f1f0c038870 0x7f1f0c03ad30 secure :-1 s=READY pgs=13 cs=0 l=1 rev1=1 crypto rx=0x7f1f14006fd0 tx=0x7f1f14006e40 comp rx=0 tx=0).ready entity=mgr.14120 client_cookie=0 server_cookie=0 in_seq=0 out_seq=0
2023-10-16T13:32:42.218 INFO:teuthology.orchestra.run.smithi022.stdout:/usr/bin/ceph: stderr
2023-10-16T13:32:41.473+0000 7f1f28875700 1 -- 172.21.15.22:0/3999917367 <== mon.0 v2:172.21.15.22:3300/0 6 ==== mon_command_ack([{"prefix": "get_command_descriptions"}]=0 v0) v1 ==== 72+0+180459 (secure 0 0 0) 0x7f1f18028350 con 0x7f1f24106c80
2023-10-16T13:32:42.218 INFO:teuthology.orchestra.run.smithi022.stdout:/usr/bin/ceph: stderr
2023-10-16T13:32:41.500+0000 7f1f28875700 1 -- 172.21.15.22:0/3999917367 <== mon.0 v2:172.21.15.22:3300/0 7 ==== config(26 keys) v1 ==== 1105+0+0 (secure 0 0 0) 0x7f1f1804c620 con 0x7f1f24106c80
2023-10-16T13:32:42.218 INFO:teuthology.orchestra.run.smithi022.stdout:/usr/bin/ceph: stderr
2023-10-16T13:32:41.867+0000 7f1f0a7fc700 1 -- 172.21.15.22:0/3999917367 --> [v2:172.21.15.22:6800/3798375333,v1:172.21.15.22:6801/3798375333] -- mgr_command(tid 0: {"prefix": "orch apply", "service_type": "mgr", "unmanaged": true, "target": ["mon-mgr", ""]}) v1 -- 0x7f1f04000bc0 con 0x7f1f0c038870
2023-10-16T13:32:42.218 INFO:teuthology.orchestra.run.smithi022.stdout:/usr/bin/ceph: stderr
2023-10-16T13:32:41.872+0000 7f1f28875700 1 -- 172.21.15.22:0/3999917367 <== mgr.14120 v2:172.21.15.22:6800/3798375333 1 ==== mgr_command_reply(tid 0: 0 ) v1 ==== 8+0+24 (secure 0 0 0) 0x7f1f04000bc0 con 0x7f1f0c038870
2023-10-16T13:32:42.219 INFO:teuthology.orchestra.run.smithi022.stdout:/usr/bin/ceph: stderr
2023-10-16T13:32:41.875+0000 7f1f0a7fc700 1 -- 172.21.15.22:0/3999917367 >> [v2:172.21.15.22:6800/3798375333,v1:172.21.15.22:6801/3798375333] conn(0x7f1f0c038870 msgr2=0x7f1f0c03ad30 secure :-1 s=STATE_CONNECTION_ESTABLISHED l=1).mark_down
2023-10-16T13:32:42.219 INFO:teuthology.orchestra.run.smithi022.stdout:/usr/bin/ceph: stderr
2023-10-16T13:32:41.875+0000 7f1f0a7fc700 1 --2- 172.21.15.22:0/3999917367 >> [v2:172.21.15.22:6800/3798375333,v1:172.21.15.22:6801/3798375333] conn(0x7f1f0c038870 0x7f1f0c03ad30 secure :-1 s=READY pgs=13 cs=0 l=1 rev1=1 crypto rx=0x7f1f14006fd0 tx=0x7f1f14006e40 comp rx=0 tx=0).stop
2023-10-16T13:32:42.219 INFO:teuthology.orchestra.run.smithi022.stdout:/usr/bin/ceph: stderr
2023-10-16T13:32:41.875+0000 7f1f0a7fc700 1 -- 172.21.15.22:0/3999917367 >> [v2:172.21.15.22:3300/0,v1:172.21.15.22:6789/0] conn(0x7f1f24106c80 msgr2=0x7f1f2419c5e0 secure :-1 s=STATE_CONNECTION_ESTABLISHED l=1).mark_down
2023-10-16T13:32:42.219 INFO:teuthology.orchestra.run.smithi022.stdout:/usr/bin/ceph: stderr
2023-10-16T13:32:41.875+0000 7f1f0a7fc700 1 --2- 172.21.15.22:0/3999917367 >> [v2:172.21.15.22:3300/0,v1:172.21.15.22:6789/0] conn(0x7f1f24106c80 0x7f1f2419c5e0 secure :-1 s=READY pgs=50 cs=0 l=1 rev1=1 crypto rx=0x7f1f18003a80 tx=0x7f1f18003df0 comp rx=0 tx=0).stop
2023-10-16T13:32:42.219 INFO:teuthology.orchestra.run.smithi022.stdout:/usr/bin/ceph: stderr
2023-10-16T13:32:41.875+0000 7f1f0a7fc700 1 -- 172.21.15.22:0/3999917367 shutdown_connections
2023-10-16T13:32:42.220 INFO:teuthology.orchestra.run.smithi022.stdout:/usr/bin/ceph: stderr
2023-10-16T13:32:41.875+0000 7f1f0a7fc700 1 --2- 172.21.15.22:0/3999917367 >> [v2:172.21.15.22:6800/3798375333,v1:172.21.15.22:6801/3798375333] conn(0x7f1f0c038870 0x7f1f0c03ad30 unknown :-1 s=CLOSED pgs=13 cs=0 l=1 rev1=1 crypto rx=0 tx=0 comp rx=0 tx=0).stop
2023-10-16T13:32:42.220 INFO:teuthology.orchestra.run.smithi022.stdout:/usr/bin/ceph: stderr
2023-10-16T13:32:41.875+0000 7f1f0a7fc700 1 --2- 172.21.15.22:0/3999917367 >> [v2:172.21.15.22:3300/0,v1:172.21.15.22:6789/0] conn(0x7f1f24106c80 0x7f1f2419c5e0 unknown :-1 s=CLOSED pgs=50 cs=0 l=1 rev1=1 crypto rx=0 tx=0 comp rx=0 tx=0).stop
2023-10-16T13:32:42.220 INFO:teuthology.orchestra.run.smithi022.stdout:/usr/bin/ceph: stderr
2023-10-16T13:32:41.875+0000 7f1f0a7fc700 1 -- 172.21.15.22:0/3999917367 >> 172.21.15.22:0/3999917367 conn(0x7f1f241003e0 msgr2=0x7f1f2418f070 unknown :-1 s=STATE_NONE l=0).mark_down
2023-10-16T13:32:42.220 INFO:teuthology.orchestra.run.smithi022.stdout:/usr/bin/ceph: stderr
2023-10-16T13:32:41.875+0000 7f1f0a7fc700 1 -- 172.21.15.22:0/3999917367 shutdown_connections
2023-10-16T13:32:42.220 INFO:teuthology.orchestra.run.smithi022.stdout:/usr/bin/ceph: stderr
2023-10-16T13:32:41.875+0000 7f1f0a7fc700 1 -- 172.21.15.22:0/3999917367 wait complete.
2023-10-16T13:32:42.949 INFO:journalctl@ceph.mon.a.smithi022.stdout:Oct 16 13:32:42 smithi022 ceph-mon[99413]: from='mgr.14120 172.21.15.22:0/3207390595' entity='mgr.x'
2023-10-16T13:32:42.949 INFO:journalctl@ceph.mon.a.smithi022.stdout:Oct 16 13:32:42 smithi022 ceph-mon[99413]: from='client.14144 -' entity='client.admin' cmd=[{"prefix": "orch apply", "service_type": "mgr", "unmanaged": true, "target": ["mon-mgr", ""]}]: dispatch
2023-10-16T13:32:42.950 INFO:journalctl@ceph.mon.a.smithi022.stdout:Oct 16 13:32:42 smithi022 ceph-mon[99413]: Saving service mgr spec with placement count:2
2023-10-16T13:32:42.950 INFO:journalctl@ceph.mon.a.smithi022.stdout:Oct 16 13:32:42 smithi022 ceph-mon[99413]: from='mgr.14120 172.21.15.22:0/3207390595' entity='mgr.x'
2023-10-16T13:32:42.950 INFO:journalctl@ceph.mon.a.smithi022.stdout:Oct 16 13:32:42 smithi022 ceph-mon[99413]: from='mgr.14120 172.21.15.22:0/3207390595' entity='mgr.x'
2023-10-16T13:32:43.553 INFO:teuthology.orchestra.run.smithi022.stdout:/usr/bin/ceph: stderr
2023-10-16T13:32:42.686+0000 7f974759e700 1 Processor -- start
2023-10-16T13:32:43.554 INFO:teuthology.orchestra.run.smithi022.stdout:/usr/bin/ceph: stderr
2023-10-16T13:32:42.686+0000 7f974759e700 1 -- start start
2023-10-16T13:32:43.554 INFO:teuthology.orchestra.run.smithi022.stdout:/usr/bin/ceph: stderr
2023-10-16T13:32:42.686+0000 7f974759e700 1 --2- >> [v2:172.21.15.22:3300/0,v1:172.21.15.22:6789/0] conn(0x7f9748104df0 0x7f9748105210 unknown :-1 s=NONE pgs=0 cs=0 l=0 rev1=0 crypto rx=0 tx=0 comp rx=0 tx=0).connect
2023-10-16T13:32:43.554 INFO:teuthology.orchestra.run.smithi022.stdout:/usr/bin/ceph: stderr
2023-10-16T13:32:42.686+0000 7f974759e700 1 -- --> [v2:172.21.15.22:3300/0,v1:172.21.15.22:6789/0] -- mon_getmap magic: 0 v1 -- 0x7f97480746f0 con 0x7f9748104df0
2023-10-16T13:32:43.554 INFO:teuthology.orchestra.run.smithi022.stdout:/usr/bin/ceph: stderr
2023-10-16T13:32:42.686+0000 7f974659c700 1 --2- >> [v2:172.21.15.22:3300/0,v1:172.21.15.22:6789/0] conn(0x7f9748104df0 0x7f9748105210 unknown :-1 s=BANNER_CONNECTING pgs=0 cs=0 l=0 rev1=0 crypto rx=0 tx=0 comp rx=0 tx=0)._handle_peer_banner_payload supported=3 required=0
2023-10-16T13:32:43.555 INFO:teuthology.orchestra.run.smithi022.stdout:/usr/bin/ceph: stderr
2023-10-16T13:32:42.686+0000 7f974659c700 1 --2- >> [v2:172.21.15.22:3300/0,v1:172.21.15.22:6789/0] conn(0x7f9748104df0 0x7f9748105210 unknown :-1 s=HELLO_CONNECTING pgs=0 cs=0 l=0 rev1=1 crypto rx=0 tx=0 comp rx=0 tx=0).handle_hello peer v2:172.21.15.22:3300/0 says I am v2:172.21.15.22:58196/0 (socket says 172.21.15.22:58196)
2023-10-16T13:32:43.555 INFO:teuthology.orchestra.run.smithi022.stdout:/usr/bin/ceph: stderr
2023-10-16T13:32:42.686+0000 7f974659c700 1 -- 172.21.15.22:0/1034568384 learned_addr learned my addr 172.21.15.22:0/1034568384 (peer_addr_for_me v2:172.21.15.22:0/0)
2023-10-16T13:32:43.555 INFO:teuthology.orchestra.run.smithi022.stdout:/usr/bin/ceph: stderr
2023-10-16T13:32:42.687+0000 7f974659c700 1 -- 172.21.15.22:0/1034568384 --> [v2:172.21.15.22:3300/0,v1:172.21.15.22:6789/0] -- mon_subscribe({config=0+,monmap=0+}) v3 -- 0x7f9748105750 con 0x7f9748104df0
2023-10-16T13:32:43.555 INFO:teuthology.orchestra.run.smithi022.stdout:/usr/bin/ceph: stderr
2023-10-16T13:32:42.687+0000 7f974659c700 1 --2- 172.21.15.22:0/1034568384 >> [v2:172.21.15.22:3300/0,v1:172.21.15.22:6789/0] conn(0x7f9748104df0 0x7f9748105210 secure :-1 s=READY pgs=51 cs=0 l=1 rev1=1 crypto rx=0x7f97380098a0 tx=0x7f9738009bb0 comp rx=0 tx=0).ready entity=mon.0 client_cookie=1a9997e44920327d server_cookie=0 in_seq=0 out_seq=0
2023-10-16T13:32:43.555 INFO:teuthology.orchestra.run.smithi022.stdout:/usr/bin/ceph: stderr
2023-10-16T13:32:42.687+0000 7f974559a700 1 -- 172.21.15.22:0/1034568384 <== mon.0 v2:172.21.15.22:3300/0 1 ==== mon_map magic: 0 v1 ==== 205+0+0 (secure 0 0 0) 0x7f9738004160 con 0x7f9748104df0
2023-10-16T13:32:43.556 INFO:teuthology.orchestra.run.smithi022.stdout:/usr/bin/ceph: stderr
2023-10-16T13:32:42.687+0000 7f974559a700 1 -- 172.21.15.22:0/1034568384 <== mon.0 v2:172.21.15.22:3300/0 2 ==== config(26 keys) v1 ==== 1105+0+0 (secure 0 0 0) 0x7f97380042c0 con 0x7f9748104df0
2023-10-16T13:32:43.556 INFO:teuthology.orchestra.run.smithi022.stdout:/usr/bin/ceph: stderr
2023-10-16T13:32:42.687+0000 7f974559a700 1 -- 172.21.15.22:0/1034568384 <== mon.0 v2:172.21.15.22:3300/0 3 ==== mon_map magic: 0 v1 ==== 205+0+0 (secure 0 0 0) 0x7f97380119b0 con 0x7f9748104df0
2023-10-16T13:32:43.556 INFO:teuthology.orchestra.run.smithi022.stdout:/usr/bin/ceph: stderr
2023-10-16T13:32:42.688+0000 7f974759e700 1 -- 172.21.15.22:0/1034568384 >> [v2:172.21.15.22:3300/0,v1:172.21.15.22:6789/0] conn(0x7f9748104df0 msgr2=0x7f9748105210 secure :-1 s=STATE_CONNECTION_ESTABLISHED l=1).mark_down
2023-10-16T13:32:43.556 INFO:teuthology.orchestra.run.smithi022.stdout:/usr/bin/ceph: stderr
2023-10-16T13:32:42.688+0000 7f974759e700 1 --2- 172.21.15.22:0/1034568384 >> [v2:172.21.15.22:3300/0,v1:172.21.15.22:6789/0] conn(0x7f9748104df0 0x7f9748105210 secure :-1 s=READY pgs=51 cs=0 l=1 rev1=1 crypto rx=0x7f97380098a0 tx=0x7f9738009bb0 comp rx=0 tx=0).stop
2023-10-16T13:32:43.556 INFO:teuthology.orchestra.run.smithi022.stdout:/usr/bin/ceph: stderr
2023-10-16T13:32:42.688+0000 7f974759e700 1 -- 172.21.15.22:0/1034568384 shutdown_connections
2023-10-16T13:32:43.557 INFO:teuthology.orchestra.run.smithi022.stdout:/usr/bin/ceph: stderr
2023-10-16T13:32:42.688+0000 7f974759e700 1 --2- 172.21.15.22:0/1034568384 >> [v2:172.21.15.22:3300/0,v1:172.21.15.22:6789/0] conn(0x7f9748104df0 0x7f9748105210 unknown :-1 s=CLOSED pgs=51 cs=0 l=1 rev1=1 crypto rx=0 tx=0 comp rx=0 tx=0).stop
2023-10-16T13:32:43.557 INFO:teuthology.orchestra.run.smithi022.stdout:/usr/bin/ceph: stderr
2023-10-16T13:32:42.688+0000 7f974759e700 1 -- 172.21.15.22:0/1034568384 >> 172.21.15.22:0/1034568384 conn(0x7f9748100a30 msgr2=0x7f9748102e70 unknown :-1 s=STATE_NONE l=0).mark_down
2023-10-16T13:32:43.557 INFO:teuthology.orchestra.run.smithi022.stdout:/usr/bin/ceph: stderr
2023-10-16T13:32:42.688+0000 7f974759e700 1 -- 172.21.15.22:0/1034568384 shutdown_connections
2023-10-16T13:32:43.557 INFO:teuthology.orchestra.run.smithi022.stdout:/usr/bin/ceph: stderr
2023-10-16T13:32:42.688+0000 7f974759e700 1 -- 172.21.15.22:0/1034568384 wait complete.
2023-10-16T13:32:43.557 INFO:teuthology.orchestra.run.smithi022.stdout:/usr/bin/ceph: stderr
2023-10-16T13:32:42.688+0000 7f974759e700 1 Processor -- start
2023-10-16T13:32:43.558 INFO:teuthology.orchestra.run.smithi022.stdout:/usr/bin/ceph: stderr
2023-10-16T13:32:42.689+0000 7f974759e700 1 -- start start
2023-10-16T13:32:43.558 INFO:teuthology.orchestra.run.smithi022.stdout:/usr/bin/ceph: stderr
2023-10-16T13:32:42.689+0000 7f974759e700 1 --2- >> [v2:172.21.15.22:3300/0,v1:172.21.15.22:6789/0] conn(0x7f9748104df0 0x7f974819c430 unknown :-1 s=NONE pgs=0 cs=0 l=1 rev1=0 crypto rx=0 tx=0 comp rx=0 tx=0).connect
2023-10-16T13:32:43.558 INFO:teuthology.orchestra.run.smithi022.stdout:/usr/bin/ceph: stderr
2023-10-16T13:32:42.689+0000 7f974759e700 1 -- --> [v2:172.21.15.22:3300/0,v1:172.21.15.22:6789/0] -- mon_getmap magic: 0 v1 -- 0x7f974819c970 con 0x7f9748104df0
2023-10-16T13:32:43.558 INFO:teuthology.orchestra.run.smithi022.stdout:/usr/bin/ceph: stderr
2023-10-16T13:32:42.689+0000 7f974659c700 1 --2- >> [v2:172.21.15.22:3300/0,v1:172.21.15.22:6789/0] conn(0x7f9748104df0 0x7f974819c430 unknown :-1 s=BANNER_CONNECTING pgs=0 cs=0 l=1 rev1=0 crypto rx=0 tx=0 comp rx=0 tx=0)._handle_peer_banner_payload supported=3 required=0
2023-10-16T13:32:43.558 INFO:teuthology.orchestra.run.smithi022.stdout:/usr/bin/ceph: stderr
2023-10-16T13:32:42.689+0000 7f974659c700 1 --2- >> [v2:172.21.15.22:3300/0,v1:172.21.15.22:6789/0] conn(0x7f9748104df0 0x7f974819c430 unknown :-1 s=HELLO_CONNECTING pgs=0 cs=0 l=1 rev1=1 crypto rx=0 tx=0 comp rx=0 tx=0).handle_hello peer v2:172.21.15.22:3300/0 says I am v2:172.21.15.22:58198/0 (socket says 172.21.15.22:58198)
2023-10-16T13:32:43.559 INFO:teuthology.orchestra.run.smithi022.stdout:/usr/bin/ceph: stderr
2023-10-16T13:32:42.689+0000 7f974659c700 1 -- 172.21.15.22:0/3942517134 learned_addr learned my addr 172.21.15.22:0/3942517134 (peer_addr_for_me v2:172.21.15.22:0/0)
2023-10-16T13:32:43.559 INFO:teuthology.orchestra.run.smithi022.stdout:/usr/bin/ceph: stderr
2023-10-16T13:32:42.689+0000 7f974659c700 1 -- 172.21.15.22:0/3942517134 --> [v2:172.21.15.22:3300/0,v1:172.21.15.22:6789/0] -- mon_subscribe({config=0+,monmap=0+}) v3 -- 0x7f9738009550 con 0x7f9748104df0
2023-10-16T13:32:43.559 INFO:teuthology.orchestra.run.smithi022.stdout:/usr/bin/ceph: stderr
2023-10-16T13:32:42.689+0000 7f974659c700 1 --2- 172.21.15.22:0/3942517134 >> [v2:172.21.15.22:3300/0,v1:172.21.15.22:6789/0] conn(0x7f9748104df0 0x7f974819c430 secure :-1 s=READY pgs=52 cs=0 l=1 rev1=1 crypto rx=0x7f9738011980 tx=0x7f9738011a60 comp rx=0 tx=0).ready entity=mon.0 client_cookie=0 server_cookie=0 in_seq=0 out_seq=0
2023-10-16T13:32:43.559 INFO:teuthology.orchestra.run.smithi022.stdout:/usr/bin/ceph: stderr
2023-10-16T13:32:42.689+0000 7f97377fe700 1 -- 172.21.15.22:0/3942517134 <== mon.0 v2:172.21.15.22:3300/0 1 ==== mon_map magic: 0 v1 ==== 205+0+0 (secure 0 0 0) 0x7f9738003a60 con 0x7f9748104df0
2023-10-16T13:32:43.559 INFO:teuthology.orchestra.run.smithi022.stdout:/usr/bin/ceph: stderr
2023-10-16T13:32:42.689+0000 7f97377fe700 1 -- 172.21.15.22:0/3942517134 <== mon.0 v2:172.21.15.22:3300/0 2 ==== config(26 keys) v1 ==== 1105+0+0 (secure 0 0 0) 0x7f9738003bc0 con 0x7f9748104df0
2023-10-16T13:32:43.559 INFO:teuthology.orchestra.run.smithi022.stdout:/usr/bin/ceph: stderr
2023-10-16T13:32:42.689+0000 7f974759e700 1 -- 172.21.15.22:0/3942517134 --> [v2:172.21.15.22:3300/0,v1:172.21.15.22:6789/0] -- mon_subscribe({mgrmap=0+}) v3 -- 0x7f974819cb70 con 0x7f9748104df0
2023-10-16T13:32:43.560 INFO:teuthology.orchestra.run.smithi022.stdout:/usr/bin/ceph: stderr
2023-10-16T13:32:42.689+0000 7f97377fe700 1 -- 172.21.15.22:0/3942517134 <== mon.0 v2:172.21.15.22:3300/0 3 ==== mon_map magic: 0 v1 ==== 205+0+0 (secure 0 0 0) 0x7f973801a670 con 0x7f9748104df0
2023-10-16T13:32:43.560 INFO:teuthology.orchestra.run.smithi022.stdout:/usr/bin/ceph: stderr
2023-10-16T13:32:42.690+0000 7f974759e700 1 -- 172.21.15.22:0/3942517134 --> [v2:172.21.15.22:3300/0,v1:172.21.15.22:6789/0] -- mon_subscribe({osdmap=0}) v3 -- 0x7f974819cf90 con 0x7f9748104df0
2023-10-16T13:32:43.560 INFO:teuthology.orchestra.run.smithi022.stdout:/usr/bin/ceph: stderr
2023-10-16T13:32:42.690+0000 7f97377fe700 1 -- 172.21.15.22:0/3942517134 <== mon.0 v2:172.21.15.22:3300/0 4 ==== mgrmap(e 8) v1 ==== 45579+0+0 (secure 0 0 0) 0x7f973801a8e0 con 0x7f9748104df0
2023-10-16T13:32:43.560 INFO:teuthology.orchestra.run.smithi022.stdout:/usr/bin/ceph: stderr
2023-10-16T13:32:42.691+0000 7f97377fe700 1 --2- 172.21.15.22:0/3942517134 >> [v2:172.21.15.22:6800/3798375333,v1:172.21.15.22:6801/3798375333] conn(0x7f9730038870 0x7f973003ad30 unknown :-1 s=NONE pgs=0 cs=0 l=1 rev1=0 crypto rx=0 tx=0 comp rx=0 tx=0).connect
2023-10-16T13:32:43.560 INFO:teuthology.orchestra.run.smithi022.stdout:/usr/bin/ceph: stderr
2023-10-16T13:32:42.691+0000 7f974759e700 1 -- 172.21.15.22:0/3942517134 --> [v2:172.21.15.22:3300/0,v1:172.21.15.22:6789/0] -- mon_command({"prefix": "get_command_descriptions"} v 0) v1 -- 0x7f9748195d30 con 0x7f9748104df0
2023-10-16T13:32:43.561 INFO:teuthology.orchestra.run.smithi022.stdout:/usr/bin/ceph: stderr
2023-10-16T13:32:42.691+0000 7f97377fe700 1 -- 172.21.15.22:0/3942517134 <== mon.0 v2:172.21.15.22:3300/0 5 ==== osd_map(2..2 src has 1..2) v4 ==== 940+0+0 (secure 0 0 0) 0x7f973804c900 con 0x7f9748104df0
2023-10-16T13:32:43.561 INFO:teuthology.orchestra.run.smithi022.stdout:/usr/bin/ceph: stderr
2023-10-16T13:32:42.691+0000 7f9745d9b700 1 --2- 172.21.15.22:0/3942517134 >> [v2:172.21.15.22:6800/3798375333,v1:172.21.15.22:6801/3798375333] conn(0x7f9730038870 0x7f973003ad30 unknown :-1 s=BANNER_CONNECTING pgs=0 cs=0 l=1 rev1=0 crypto rx=0 tx=0 comp rx=0 tx=0)._handle_peer_banner_payload supported=3 required=0
2023-10-16T13:32:43.561 INFO:teuthology.orchestra.run.smithi022.stdout:/usr/bin/ceph: stderr
2023-10-16T13:32:42.691+0000 7f9745d9b700 1 --2- 172.21.15.22:0/3942517134 >> [v2:172.21.15.22:6800/3798375333,v1:172.21.15.22:6801/3798375333] conn(0x7f9730038870 0x7f973003ad30 secure :-1 s=READY pgs=14 cs=0 l=1 rev1=1 crypto rx=0x7f973c006fd0 tx=0x7f973c006e40 comp rx=0 tx=0).ready entity=mgr.14120 client_cookie=0 server_cookie=0 in_seq=0 out_seq=0
2023-10-16T13:32:43.561 INFO:teuthology.orchestra.run.smithi022.stdout:/usr/bin/ceph: stderr
2023-10-16T13:32:42.696+0000 7f97377fe700 1 -- 172.21.15.22:0/3942517134 <== mon.0 v2:172.21.15.22:3300/0 6 ==== mon_command_ack([{"prefix": "get_command_descriptions"}]=0 v0) v1 ==== 72+0+180459 (secure 0 0 0) 0x7f973801ab90 con 0x7f9748104df0
2023-10-16T13:32:43.561 INFO:teuthology.orchestra.run.smithi022.stdout:/usr/bin/ceph: stderr
2023-10-16T13:32:43.072+0000 7f974759e700 1 -- 172.21.15.22:0/3942517134 --> [v2:172.21.15.22:3300/0,v1:172.21.15.22:6789/0] -- mon_command([{prefix=config set, name=mgr/cephadm/container_init}] v 0) v1 -- 0x7f97480624e0 con 0x7f9748104df0
2023-10-16T13:32:43.562 INFO:teuthology.orchestra.run.smithi022.stdout:/usr/bin/ceph: stderr
2023-10-16T13:32:43.074+0000 7f97377fe700 1 -- 172.21.15.22:0/3942517134 <== mon.0 v2:172.21.15.22:3300/0 7 ==== mon_command_ack([{prefix=config set, name=mgr/cephadm/container_init}]=0 v7)=0 v7) v1 ==== 142+0+0 (secure 0 0 0) 0x7f9738018350 con 0x7f9748104df0
2023-10-16T13:32:43.562 INFO:teuthology.orchestra.run.smithi022.stdout:/usr/bin/ceph: stderr
2023-10-16T13:32:43.077+0000 7f974759e700 1 -- 172.21.15.22:0/3942517134 >> [v2:172.21.15.22:6800/3798375333,v1:172.21.15.22:6801/3798375333] conn(0x7f9730038870 msgr2=0x7f973003ad30 secure :-1 s=STATE_CONNECTION_ESTABLISHED l=1).mark_down
2023-10-16T13:32:43.562 INFO:teuthology.orchestra.run.smithi022.stdout:/usr/bin/ceph: stderr
2023-10-16T13:32:43.077+0000 7f974759e700 1 --2- 172.21.15.22:0/3942517134 >> [v2:172.21.15.22:6800/3798375333,v1:172.21.15.22:6801/3798375333] conn(0x7f9730038870 0x7f973003ad30 secure :-1 s=READY pgs=14 cs=0 l=1 rev1=1 crypto rx=0x7f973c006fd0 tx=0x7f973c006e40 comp rx=0 tx=0).stop
2023-10-16T13:32:43.562 INFO:teuthology.orchestra.run.smithi022.stdout:/usr/bin/ceph: stderr
2023-10-16T13:32:43.077+0000 7f974759e700 1 -- 172.21.15.22:0/3942517134 >> [v2:172.21.15.22:3300/0,v1:172.21.15.22:6789/0] conn(0x7f9748104df0 msgr2=0x7f974819c430 secure :-1 s=STATE_CONNECTION_ESTABLISHED l=1).mark_down
2023-10-16T13:32:43.563 INFO:teuthology.orchestra.run.smithi022.stdout:/usr/bin/ceph: stderr
2023-10-16T13:32:43.077+0000 7f974759e700 1 --2- 172.21.15.22:0/3942517134 >> [v2:172.21.15.22:3300/0,v1:172.21.15.22:6789/0] conn(0x7f9748104df0 0x7f974819c430 secure :-1 s=READY pgs=52 cs=0 l=1 rev1=1 crypto rx=0x7f9738011980 tx=0x7f9738011a60 comp rx=0 tx=0).stop
2023-10-16T13:32:43.563 INFO:teuthology.orchestra.run.smithi022.stdout:/usr/bin/ceph: stderr
2023-10-16T13:32:43.077+0000 7f974759e700 1 -- 172.21.15.22:0/3942517134 shutdown_connections
2023-10-16T13:32:43.563 INFO:teuthology.orchestra.run.smithi022.stdout:/usr/bin/ceph: stderr
2023-10-16T13:32:43.077+0000 7f974759e700 1 --2- 172.21.15.22:0/3942517134 >> [v2:172.21.15.22:6800/3798375333,v1:172.21.15.22:6801/3798375333] conn(0x7f9730038870 0x7f973003ad30 unknown :-1 s=CLOSED pgs=14 cs=0 l=1 rev1=1 crypto rx=0 tx=0 comp rx=0 tx=0).stop
2023-10-16T13:32:43.563 INFO:teuthology.orchestra.run.smithi022.stdout:/usr/bin/ceph: stderr
2023-10-16T13:32:43.077+0000 7f974759e700 1 --2- 172.21.15.22:0/3942517134 >> [v2:172.21.15.22:3300/0,v1:172.21.15.22:6789/0] conn(0x7f9748104df0 0x7f974819c430 unknown :-1 s=CLOSED pgs=52 cs=0 l=1 rev1=1 crypto rx=0 tx=0 comp rx=0 tx=0).stop
2023-10-16T13:32:43.563 INFO:teuthology.orchestra.run.smithi022.stdout:/usr/bin/ceph: stderr
2023-10-16T13:32:43.077+0000 7f974759e700 1 -- 172.21.15.22:0/3942517134 >> 172.21.15.22:0/3942517134 conn(0x7f9748100a30 msgr2=0x7f97481909b0 unknown :-1 s=STATE_NONE l=0).mark_down
2023-10-16T13:32:43.563 INFO:teuthology.orchestra.run.smithi022.stdout:/usr/bin/ceph: stderr
2023-10-16T13:32:43.077+0000 7f974759e700 1 -- 172.21.15.22:0/3942517134 shutdown_connections
2023-10-16T13:32:43.564 INFO:teuthology.orchestra.run.smithi022.stdout:/usr/bin/ceph: stderr
2023-10-16T13:32:43.077+0000 7f974759e700 1 -- 172.21.15.22:0/3942517134 wait complete.
2023-10-16T13:32:44.326 INFO:journalctl@ceph.mon.a.smithi022.stdout:Oct 16 13:32:44 smithi022 ceph-mon[99413]: from='client.? 172.21.15.22:0/3942517134' entity='client.admin'
2023-10-16T13:32:44.326 INFO:journalctl@ceph.mon.a.smithi022.stdout:Oct 16 13:32:44 smithi022 ceph-mon[99413]: from='mgr.14120 172.21.15.22:0/3207390595' entity='mgr.x'
2023-10-16T13:32:45.149 INFO:teuthology.orchestra.run.smithi022.stdout:/usr/bin/ceph: stderr
2023-10-16T13:32:44.057+0000 7f237bfdf700 1 Processor -- start
2023-10-16T13:32:45.150 INFO:teuthology.orchestra.run.smithi022.stdout:/usr/bin/ceph: stderr
2023-10-16T13:32:44.057+0000 7f237bfdf700 1 -- start start
2023-10-16T13:32:45.150 INFO:teuthology.orchestra.run.smithi022.stdout:/usr/bin/ceph: stderr
2023-10-16T13:32:44.058+0000 7f237bfdf700 1 --2- >> [v2:172.21.15.22:3300/0,v1:172.21.15.22:6789/0] conn(0x7f2374106c20 0x7f2374107040 unknown :-1 s=NONE pgs=0 cs=0 l=0 rev1=0 crypto rx=0 tx=0 comp rx=0 tx=0).connect
2023-10-16T13:32:45.150 INFO:teuthology.orchestra.run.smithi022.stdout:/usr/bin/ceph: stderr
2023-10-16T13:32:44.058+0000 7f237bfdf700 1 -- --> [v2:172.21.15.22:3300/0,v1:172.21.15.22:6789/0] -- mon_getmap magic: 0 v1 -- 0x7f2374107610 con 0x7f2374106c20
2023-10-16T13:32:45.150 INFO:teuthology.orchestra.run.smithi022.stdout:/usr/bin/ceph: stderr
2023-10-16T13:32:44.058+0000 7f2379d7b700 1 --2- >> [v2:172.21.15.22:3300/0,v1:172.21.15.22:6789/0] conn(0x7f2374106c20 0x7f2374107040 unknown :-1 s=BANNER_CONNECTING pgs=0 cs=0 l=0 rev1=0 crypto rx=0 tx=0 comp rx=0 tx=0)._handle_peer_banner_payload supported=3 required=0
2023-10-16T13:32:45.151 INFO:teuthology.orchestra.run.smithi022.stdout:/usr/bin/ceph: stderr
2023-10-16T13:32:44.058+0000 7f2379d7b700 1 --2- >> [v2:172.21.15.22:3300/0,v1:172.21.15.22:6789/0] conn(0x7f2374106c20 0x7f2374107040 unknown :-1 s=HELLO_CONNECTING pgs=0 cs=0 l=0 rev1=1 crypto rx=0 tx=0 comp rx=0 tx=0).handle_hello peer v2:172.21.15.22:3300/0 says I am v2:172.21.15.22:58202/0 (socket says 172.21.15.22:58202)
2023-10-16T13:32:45.151 INFO:teuthology.orchestra.run.smithi022.stdout:/usr/bin/ceph: stderr
2023-10-16T13:32:44.058+0000 7f2379d7b700 1 -- 172.21.15.22:0/4036375154 learned_addr learned my addr 172.21.15.22:0/4036375154 (peer_addr_for_me v2:172.21.15.22:0/0)
2023-10-16T13:32:45.151 INFO:teuthology.orchestra.run.smithi022.stdout:/usr/bin/ceph: stderr
2023-10-16T13:32:44.058+0000 7f2379d7b700 1 -- 172.21.15.22:0/4036375154 --> [v2:172.21.15.22:3300/0,v1:172.21.15.22:6789/0] -- mon_subscribe({config=0+,monmap=0+}) v3 -- 0x7f2374105880 con 0x7f2374106c20
2023-10-16T13:32:45.151 INFO:teuthology.orchestra.run.smithi022.stdout:/usr/bin/ceph: stderr
2023-10-16T13:32:44.058+0000 7f2379d7b700 1 --2- 172.21.15.22:0/4036375154 >> [v2:172.21.15.22:3300/0,v1:172.21.15.22:6789/0] conn(0x7f2374106c20 0x7f2374107040 secure :-1 s=READY pgs=53 cs=0 l=1 rev1=1 crypto rx=0x7f23700098a0 tx=0x7f2370009bb0 comp rx=0 tx=0).ready entity=mon.0 client_cookie=aa66a5dc488e4192 server_cookie=0 in_seq=0 out_seq=0
2023-10-16T13:32:45.152 INFO:teuthology.orchestra.run.smithi022.stdout:/usr/bin/ceph: stderr
2023-10-16T13:32:44.058+0000 7f2378d79700 1 -- 172.21.15.22:0/4036375154 <== mon.0 v2:172.21.15.22:3300/0 1 ==== mon_map magic: 0 v1 ==== 205+0+0 (secure 0 0 0) 0x7f2370004160 con 0x7f2374106c20
2023-10-16T13:32:45.152 INFO:teuthology.orchestra.run.smithi022.stdout:/usr/bin/ceph: stderr
2023-10-16T13:32:44.058+0000 7f2378d79700 1 -- 172.21.15.22:0/4036375154 <== mon.0 v2:172.21.15.22:3300/0 2 ==== config(26 keys) v1 ==== 1105+0+0 (secure 0 0 0) 0x7f23700042c0 con 0x7f2374106c20
2023-10-16T13:32:45.152 INFO:teuthology.orchestra.run.smithi022.stdout:/usr/bin/ceph: stderr
2023-10-16T13:32:44.059+0000 7f2378d79700 1 -- 172.21.15.22:0/4036375154 <== mon.0 v2:172.21.15.22:3300/0 3 ==== mon_map magic: 0 v1 ==== 205+0+0 (secure 0 0 0) 0x7f23700119b0 con 0x7f2374106c20
2023-10-16T13:32:45.152 INFO:teuthology.orchestra.run.smithi022.stdout:/usr/bin/ceph: stderr
2023-10-16T13:32:44.059+0000 7f237bfdf700 1 -- 172.21.15.22:0/4036375154 >> [v2:172.21.15.22:3300/0,v1:172.21.15.22:6789/0] conn(0x7f2374106c20 msgr2=0x7f2374107040 secure :-1 s=STATE_CONNECTION_ESTABLISHED l=1).mark_down
2023-10-16T13:32:45.152 INFO:teuthology.orchestra.run.smithi022.stdout:/usr/bin/ceph: stderr
2023-10-16T13:32:44.059+0000 7f237bfdf700 1 --2- 172.21.15.22:0/4036375154 >> [v2:172.21.15.22:3300/0,v1:172.21.15.22:6789/0] conn(0x7f2374106c20 0x7f2374107040 secure :-1 s=READY pgs=53 cs=0 l=1 rev1=1 crypto rx=0x7f23700098a0 tx=0x7f2370009bb0 comp rx=0 tx=0).stop
2023-10-16T13:32:45.153 INFO:teuthology.orchestra.run.smithi022.stdout:/usr/bin/ceph: stderr
2023-10-16T13:32:44.059+0000 7f237bfdf700 1 -- 172.21.15.22:0/4036375154 shutdown_connections
2023-10-16T13:32:45.153 INFO:teuthology.orchestra.run.smithi022.stdout:/usr/bin/ceph: stderr
2023-10-16T13:32:44.059+0000 7f237bfdf700 1 --2- 172.21.15.22:0/4036375154 >> [v2:172.21.15.22:3300/0,v1:172.21.15.22:6789/0] conn(0x7f2374106c20 0x7f2374107040 unknown :-1 s=CLOSED pgs=53 cs=0 l=1 rev1=1 crypto rx=0 tx=0 comp rx=0 tx=0).stop
2023-10-16T13:32:45.153 INFO:teuthology.orchestra.run.smithi022.stdout:/usr/bin/ceph: stderr
2023-10-16T13:32:44.059+0000 7f237bfdf700 1 -- 172.21.15.22:0/4036375154 >> 172.21.15.22:0/4036375154 conn(0x7f2374100350 msgr2=0x7f23741027b0 unknown :-1 s=STATE_NONE l=0).mark_down
2023-10-16T13:32:45.153 INFO:teuthology.orchestra.run.smithi022.stdout:/usr/bin/ceph: stderr
2023-10-16T13:32:44.059+0000 7f237bfdf700 1 -- 172.21.15.22:0/4036375154 shutdown_connections
2023-10-16T13:32:45.153 INFO:teuthology.orchestra.run.smithi022.stdout:/usr/bin/ceph: stderr
2023-10-16T13:32:44.059+0000 7f237bfdf700 1 -- 172.21.15.22:0/4036375154 wait complete.
2023-10-16T13:32:45.153 INFO:teuthology.orchestra.run.smithi022.stdout:/usr/bin/ceph: stderr
2023-10-16T13:32:44.060+0000 7f237bfdf700 1 Processor -- start
2023-10-16T13:32:45.154 INFO:teuthology.orchestra.run.smithi022.stdout:/usr/bin/ceph: stderr
2023-10-16T13:32:44.060+0000 7f237bfdf700 1 -- start start
2023-10-16T13:32:45.154 INFO:teuthology.orchestra.run.smithi022.stdout:/usr/bin/ceph: stderr
2023-10-16T13:32:44.060+0000 7f237bfdf700 1 --2- >> [v2:172.21.15.22:3300/0,v1:172.21.15.22:6789/0] conn(0x7f2374106c20 0x7f23741052f0 unknown :-1 s=NONE pgs=0 cs=0 l=1 rev1=0 crypto rx=0 tx=0 comp rx=0 tx=0).connect
2023-10-16T13:32:45.154 INFO:teuthology.orchestra.run.smithi022.stdout:/usr/bin/ceph: stderr
2023-10-16T13:32:44.060+0000 7f237bfdf700 1 -- --> [v2:172.21.15.22:3300/0,v1:172.21.15.22:6789/0] -- mon_getmap magic: 0 v1 -- 0x7f237419d1d0 con 0x7f2374106c20
2023-10-16T13:32:45.154 INFO:teuthology.orchestra.run.smithi022.stdout:/usr/bin/ceph: stderr
2023-10-16T13:32:44.060+0000 7f2379d7b700 1 --2- >> [v2:172.21.15.22:3300/0,v1:172.21.15.22:6789/0] conn(0x7f2374106c20 0x7f23741052f0 unknown :-1 s=BANNER_CONNECTING pgs=0 cs=0 l=1 rev1=0 crypto rx=0 tx=0 comp rx=0 tx=0)._handle_peer_banner_payload supported=3 required=0
2023-10-16T13:32:45.154 INFO:teuthology.orchestra.run.smithi022.stdout:/usr/bin/ceph: stderr
2023-10-16T13:32:44.060+0000 7f2379d7b700 1 --2- >> [v2:172.21.15.22:3300/0,v1:172.21.15.22:6789/0] conn(0x7f2374106c20 0x7f23741052f0 unknown :-1 s=HELLO_CONNECTING pgs=0 cs=0 l=1 rev1=1 crypto rx=0 tx=0 comp rx=0 tx=0).handle_hello peer v2:172.21.15.22:3300/0 says I am v2:172.21.15.22:58204/0 (socket says 172.21.15.22:58204)
2023-10-16T13:32:45.155 INFO:teuthology.orchestra.run.smithi022.stdout:/usr/bin/ceph: stderr
2023-10-16T13:32:44.060+0000 7f2379d7b700 1 -- 172.21.15.22:0/964133419 learned_addr learned my addr 172.21.15.22:0/964133419 (peer_addr_for_me v2:172.21.15.22:0/0)
2023-10-16T13:32:45.155 INFO:teuthology.orchestra.run.smithi022.stdout:/usr/bin/ceph: stderr
2023-10-16T13:32:44.061+0000 7f2379d7b700 1 -- 172.21.15.22:0/964133419 --> [v2:172.21.15.22:3300/0,v1:172.21.15.22:6789/0] -- mon_subscribe({config=0+,monmap=0+}) v3 -- 0x7f2370009550 con 0x7f2374106c20
2023-10-16T13:32:45.155 INFO:teuthology.orchestra.run.smithi022.stdout:/usr/bin/ceph: stderr
2023-10-16T13:32:44.061+0000 7f2379d7b700 1 --2- 172.21.15.22:0/964133419 >> [v2:172.21.15.22:3300/0,v1:172.21.15.22:6789/0] conn(0x7f2374106c20 0x7f23741052f0 secure :-1 s=READY pgs=54 cs=0 l=1 rev1=1 crypto rx=0x7f2370003e60 tx=0x7f2370011a30 comp rx=0 tx=0).ready entity=mon.0 client_cookie=0 server_cookie=0 in_seq=0 out_seq=0
2023-10-16T13:32:45.155 INFO:teuthology.orchestra.run.smithi022.stdout:/usr/bin/ceph: stderr
2023-10-16T13:32:44.061+0000 7f236affd700 1 -- 172.21.15.22:0/964133419 <== mon.0 v2:172.21.15.22:3300/0 1 ==== mon_map magic: 0 v1 ==== 205+0+0 (secure 0 0 0) 0x7f2370003a60 con 0x7f2374106c20
2023-10-16T13:32:45.155 INFO:teuthology.orchestra.run.smithi022.stdout:/usr/bin/ceph: stderr
2023-10-16T13:32:44.061+0000 7f237bfdf700 1 -- 172.21.15.22:0/964133419 --> [v2:172.21.15.22:3300/0,v1:172.21.15.22:6789/0] -- mon_subscribe({mgrmap=0+}) v3 -- 0x7f237419d310 con 0x7f2374106c20
2023-10-16T13:32:45.155 INFO:teuthology.orchestra.run.smithi022.stdout:/usr/bin/ceph: stderr
2023-10-16T13:32:44.061+0000 7f236affd700 1 -- 172.21.15.22:0/964133419 <== mon.0 v2:172.21.15.22:3300/0 2 ==== config(26 keys) v1 ==== 1105+0+0 (secure 0 0 0) 0x7f2370003bc0 con 0x7f2374106c20
2023-10-16T13:32:45.156 INFO:teuthology.orchestra.run.smithi022.stdout:/usr/bin/ceph: stderr
2023-10-16T13:32:44.061+0000 7f236affd700 1 -- 172.21.15.22:0/964133419 <== mon.0 v2:172.21.15.22:3300/0 3 ==== mon_map magic: 0 v1 ==== 205+0+0 (secure 0 0 0) 0x7f23700196c0 con 0x7f2374106c20
2023-10-16T13:32:45.156 INFO:teuthology.orchestra.run.smithi022.stdout:/usr/bin/ceph: stderr
2023-10-16T13:32:44.061+0000 7f237bfdf700 1 -- 172.21.15.22:0/964133419 --> [v2:172.21.15.22:3300/0,v1:172.21.15.22:6789/0] -- mon_subscribe({osdmap=0}) v3 -- 0x7f237419d730 con 0x7f2374106c20
2023-10-16T13:32:45.156 INFO:teuthology.orchestra.run.smithi022.stdout:/usr/bin/ceph: stderr
2023-10-16T13:32:44.062+0000 7f236affd700 1 -- 172.21.15.22:0/964133419 <== mon.0 v2:172.21.15.22:3300/0 4 ==== mgrmap(e 8) v1 ==== 45579+0+0 (secure 0 0 0) 0x7f2370019980 con 0x7f2374106c20
2023-10-16T13:32:45.156 INFO:teuthology.orchestra.run.smithi022.stdout:/usr/bin/ceph: stderr
2023-10-16T13:32:44.062+0000 7f236affd700 1 --2- 172.21.15.22:0/964133419 >> [v2:172.21.15.22:6800/3798375333,v1:172.21.15.22:6801/3798375333] conn(0x7f2360038800 0x7f236003acc0 unknown :-1 s=NONE pgs=0 cs=0 l=1 rev1=0 crypto rx=0 tx=0 comp rx=0 tx=0).connect
2023-10-16T13:32:45.156 INFO:teuthology.orchestra.run.smithi022.stdout:/usr/bin/ceph: stderr
2023-10-16T13:32:44.062+0000 7f236affd700 1 -- 172.21.15.22:0/964133419 <== mon.0 v2:172.21.15.22:3300/0 5 ==== osd_map(2..2 src has 1..2) v4 ==== 940+0+0 (secure 0 0 0) 0x7f237004cbd0 con 0x7f2374106c20
2023-10-16T13:32:45.157 INFO:teuthology.orchestra.run.smithi022.stdout:/usr/bin/ceph: stderr
2023-10-16T13:32:44.062+0000 7f237bfdf700 1 -- 172.21.15.22:0/964133419 --> [v2:172.21.15.22:3300/0,v1:172.21.15.22:6789/0] -- mon_command({"prefix": "get_command_descriptions"} v 0) v1 -- 0x7f2374109ac0 con 0x7f2374106c20
2023-10-16T13:32:45.157 INFO:teuthology.orchestra.run.smithi022.stdout:/usr/bin/ceph: stderr
2023-10-16T13:32:44.063+0000 7f237957a700 1 --2- 172.21.15.22:0/964133419 >> [v2:172.21.15.22:6800/3798375333,v1:172.21.15.22:6801/3798375333] conn(0x7f2360038800 0x7f236003acc0 unknown :-1 s=BANNER_CONNECTING pgs=0 cs=0 l=1 rev1=0 crypto rx=0 tx=0 comp rx=0 tx=0)._handle_peer_banner_payload supported=3 required=0
2023-10-16T13:32:45.157 INFO:teuthology.orchestra.run.smithi022.stdout:/usr/bin/ceph: stderr
2023-10-16T13:32:44.063+0000 7f237957a700 1 --2- 172.21.15.22:0/964133419 >> [v2:172.21.15.22:6800/3798375333,v1:172.21.15.22:6801/3798375333] conn(0x7f2360038800 0x7f236003acc0 secure :-1 s=READY pgs=15 cs=0 l=1 rev1=1 crypto rx=0x7f2364006fd0 tx=0x7f2364006e40 comp rx=0 tx=0).ready entity=mgr.14120 client_cookie=0 server_cookie=0 in_seq=0 out_seq=0
2023-10-16T13:32:45.157 INFO:teuthology.orchestra.run.smithi022.stdout:/usr/bin/ceph: stderr
2023-10-16T13:32:44.068+0000 7f236affd700 1 -- 172.21.15.22:0/964133419 <== mon.0 v2:172.21.15.22:3300/0 6 ==== mon_command_ack([{"prefix": "get_command_descriptions"}]=0 v0) v1 ==== 72+0+180459 (secure 0 0 0) 0x7f2370019e60 con 0x7f2374106c20
2023-10-16T13:32:45.157 INFO:teuthology.orchestra.run.smithi022.stdout:/usr/bin/ceph: stderr
2023-10-16T13:32:44.437+0000 7f237bfdf700 1 -- 172.21.15.22:0/964133419 --> [v2:172.21.15.22:3300/0,v1:172.21.15.22:6789/0] -- mon_command([{prefix=config set, name=mgr/dashboard/ssl_server_port}] v 0) v1 -- 0x7f237419d920 con 0x7f2374106c20
2023-10-16T13:32:45.158 INFO:teuthology.orchestra.run.smithi022.stdout:/usr/bin/ceph: stderr
2023-10-16T13:32:44.439+0000 7f236affd700 1 -- 172.21.15.22:0/964133419 <== mon.0 v2:172.21.15.22:3300/0 7 ==== mon_command_ack([{prefix=config set, name=mgr/dashboard/ssl_server_port}]=0 v8)=0 v8) v1 ==== 130+0+0 (secure 0 0 0) 0x7f2370010b70 con 0x7f2374106c20
2023-10-16T13:32:45.158 INFO:teuthology.orchestra.run.smithi022.stdout:/usr/bin/ceph: stderr
2023-10-16T13:32:44.442+0000 7f237bfdf700 1 -- 172.21.15.22:0/964133419 >> [v2:172.21.15.22:6800/3798375333,v1:172.21.15.22:6801/3798375333] conn(0x7f2360038800 msgr2=0x7f236003acc0 secure :-1 s=STATE_CONNECTION_ESTABLISHED l=1).mark_down
2023-10-16T13:32:45.158 INFO:teuthology.orchestra.run.smithi022.stdout:/usr/bin/ceph: stderr
2023-10-16T13:32:44.442+0000 7f237bfdf700 1 --2- 172.21.15.22:0/964133419 >> [v2:172.21.15.22:6800/3798375333,v1:172.21.15.22:6801/3798375333] conn(0x7f2360038800 0x7f236003acc0 secure :-1 s=READY pgs=15 cs=0 l=1 rev1=1 crypto rx=0x7f2364006fd0 tx=0x7f2364006e40 comp rx=0 tx=0).stop
2023-10-16T13:32:45.158 INFO:teuthology.orchestra.run.smithi022.stdout:/usr/bin/ceph: stderr
2023-10-16T13:32:44.442+0000 7f237bfdf700 1 -- 172.21.15.22:0/964133419 >> [v2:172.21.15.22:3300/0,v1:172.21.15.22:6789/0] conn(0x7f2374106c20 msgr2=0x7f23741052f0 secure :-1 s=STATE_CONNECTION_ESTABLISHED l=1).mark_down
2023-10-16T13:32:45.158 INFO:teuthology.orchestra.run.smithi022.stdout:/usr/bin/ceph: stderr
2023-10-16T13:32:44.442+0000 7f237bfdf700 1 --2- 172.21.15.22:0/964133419 >> [v2:172.21.15.22:3300/0,v1:172.21.15.22:6789/0] conn(0x7f2374106c20 0x7f23741052f0 secure :-1 s=READY pgs=54 cs=0 l=1 rev1=1 crypto rx=0x7f2370003e60 tx=0x7f2370011a30 comp rx=0 tx=0).stop
2023-10-16T13:32:45.159 INFO:teuthology.orchestra.run.smithi022.stdout:/usr/bin/ceph: stderr
2023-10-16T13:32:44.442+0000 7f237bfdf700 1 -- 172.21.15.22:0/964133419 shutdown_connections
2023-10-16T13:32:45.159 INFO:teuthology.orchestra.run.smithi022.stdout:/usr/bin/ceph: stderr
2023-10-16T13:32:44.442+0000 7f237bfdf700 1 --2- 172.21.15.22:0/964133419 >> [v2:172.21.15.22:6800/3798375333,v1:172.21.15.22:6801/3798375333] conn(0x7f2360038800 0x7f236003acc0 unknown :-1 s=CLOSED pgs=15 cs=0 l=1 rev1=1 crypto rx=0 tx=0 comp rx=0 tx=0).stop
2023-10-16T13:32:45.159 INFO:teuthology.orchestra.run.smithi022.stdout:/usr/bin/ceph: stderr
2023-10-16T13:32:44.442+0000 7f237bfdf700 1 --2- 172.21.15.22:0/964133419 >> [v2:172.21.15.22:3300/0,v1:172.21.15.22:6789/0] conn(0x7f2374106c20 0x7f23741052f0 unknown :-1 s=CLOSED pgs=54 cs=0 l=1 rev1=1 crypto rx=0 tx=0 comp rx=0 tx=0).stop
2023-10-16T13:32:45.159 INFO:teuthology.orchestra.run.smithi022.stdout:/usr/bin/ceph: stderr
2023-10-16T13:32:44.442+0000 7f237bfdf700 1 -- 172.21.15.22:0/964133419 >> 172.21.15.22:0/964133419 conn(0x7f2374100350 msgr2=0x7f2374101a40 unknown :-1 s=STATE_NONE l=0).mark_down
2023-10-16T13:32:45.159 INFO:teuthology.orchestra.run.smithi022.stdout:/usr/bin/ceph: stderr
2023-10-16T13:32:44.442+0000 7f237bfdf700 1 -- 172.21.15.22:0/964133419 shutdown_connections
2023-10-16T13:32:45.160 INFO:teuthology.orchestra.run.smithi022.stdout:/usr/bin/ceph: stderr
2023-10-16T13:32:44.443+0000 7f237bfdf700 1 -- 172.21.15.22:0/964133419 wait complete.
2023-10-16T13:32:45.160 INFO:teuthology.orchestra.run.smithi022.stdout:Enabling the dashboard module...
2023-10-16T13:32:45.699 INFO:journalctl@ceph.mon.a.smithi022.stdout:Oct 16 13:32:45 smithi022 ceph-mon[99413]: from='client.? 172.21.15.22:0/964133419' entity='client.admin'
2023-10-16T13:32:45.699 INFO:journalctl@ceph.mon.a.smithi022.stdout:Oct 16 13:32:45 smithi022 ceph-mon[99413]: from='mgr.14120 172.21.15.22:0/3207390595' entity='mgr.x'
2023-10-16T13:32:46.699 INFO:journalctl@ceph.mon.a.smithi022.stdout:Oct 16 13:32:46 smithi022 ceph-mon[99413]: from='client.? 172.21.15.22:0/206938796' entity='client.admin' cmd=[{"prefix": "mgr module enable", "module": "dashboard"}]: dispatch
2023-10-16T13:32:46.699 INFO:journalctl@ceph.mgr.x.smithi022.stdout:Oct 16 13:32:46 smithi022 ceph-3f3c736e-6c28-11ee-8db6-212e2dc638e7-mgr-x[99658]: ignoring --setuser ceph since I am not root
2023-10-16T13:32:46.700 INFO:journalctl@ceph.mgr.x.smithi022.stdout:Oct 16 13:32:46 smithi022 ceph-3f3c736e-6c28-11ee-8db6-212e2dc638e7-mgr-x[99658]: ignoring --setgroup ceph since I am not root
2023-10-16T13:32:46.700 INFO:journalctl@ceph.mgr.x.smithi022.stdout:Oct 16 13:32:46 smithi022 ceph-3f3c736e-6c28-11ee-8db6-212e2dc638e7-mgr-x[99658]:
2023-10-16T13:32:46.645+0000 7fe1e7a9b200 -1 mgr[py] Module devicehealth has missing NOTIFY_TYPES member
2023-10-16T13:32:46.896 INFO:teuthology.orchestra.run.smithi022.stdout:/usr/bin/ceph: stderr
2023-10-16T13:32:45.654+0000 7f55f0116700 1 Processor -- start
2023-10-16T13:32:46.896 INFO:teuthology.orchestra.run.smithi022.stdout:/usr/bin/ceph: stderr
2023-10-16T13:32:45.654+0000 7f55f0116700 1 -- start start
2023-10-16T13:32:46.896 INFO:teuthology.orchestra.run.smithi022.stdout:/usr/bin/ceph: stderr
2023-10-16T13:32:45.655+0000 7f55f0116700 1 --2- >> [v2:172.21.15.22:3300/0,v1:172.21.15.22:6789/0] conn(0x7f55e8105660 0x7f55e8105a80 unknown :-1 s=NONE pgs=0 cs=0 l=0 rev1=0 crypto rx=0 tx=0 comp rx=0 tx=0).connect
2023-10-16T13:32:46.897 INFO:teuthology.orchestra.run.smithi022.stdout:/usr/bin/ceph: stderr
2023-10-16T13:32:45.655+0000 7f55f0116700 1 -- --> [v2:172.21.15.22:3300/0,v1:172.21.15.22:6789/0] -- mon_getmap magic: 0 v1 -- 0x7f55e8106050 con 0x7f55e8105660
2023-10-16T13:32:46.897 INFO:teuthology.orchestra.run.smithi022.stdout:/usr/bin/ceph: stderr
2023-10-16T13:32:45.655+0000 7f55edeb2700 1 --2- >> [v2:172.21.15.22:3300/0,v1:172.21.15.22:6789/0] conn(0x7f55e8105660 0x7f55e8105a80 unknown :-1 s=BANNER_CONNECTING pgs=0 cs=0 l=0 rev1=0 crypto rx=0 tx=0 comp rx=0 tx=0)._handle_peer_banner_payload supported=3 required=0
2023-10-16T13:32:46.897 INFO:teuthology.orchestra.run.smithi022.stdout:/usr/bin/ceph: stderr
2023-10-16T13:32:45.655+0000 7f55edeb2700 1 --2- >> [v2:172.21.15.22:3300/0,v1:172.21.15.22:6789/0] conn(0x7f55e8105660 0x7f55e8105a80 unknown :-1 s=HELLO_CONNECTING pgs=0 cs=0 l=0 rev1=1 crypto rx=0 tx=0 comp rx=0 tx=0).handle_hello peer v2:172.21.15.22:3300/0 says I am v2:172.21.15.22:58208/0 (socket says 172.21.15.22:58208)
2023-10-16T13:32:46.897 INFO:teuthology.orchestra.run.smithi022.stdout:/usr/bin/ceph: stderr
2023-10-16T13:32:45.655+0000 7f55edeb2700 1 -- 172.21.15.22:0/304019524 learned_addr learned my addr 172.21.15.22:0/304019524 (peer_addr_for_me v2:172.21.15.22:0/0)
2023-10-16T13:32:46.897 INFO:teuthology.orchestra.run.smithi022.stdout:/usr/bin/ceph: stderr
2023-10-16T13:32:45.655+0000 7f55edeb2700 1 -- 172.21.15.22:0/304019524 --> [v2:172.21.15.22:3300/0,v1:172.21.15.22:6789/0] -- mon_subscribe({config=0+,monmap=0+}) v3 -- 0x7f55e8106860 con 0x7f55e8105660
2023-10-16T13:32:46.898 INFO:teuthology.orchestra.run.smithi022.stdout:/usr/bin/ceph: stderr
2023-10-16T13:32:45.655+0000 7f55edeb2700 1 --2- 172.21.15.22:0/304019524 >> [v2:172.21.15.22:3300/0,v1:172.21.15.22:6789/0] conn(0x7f55e8105660 0x7f55e8105a80 secure :-1 s=READY pgs=55 cs=0 l=1 rev1=1 crypto rx=0x7f55e40098a0 tx=0x7f55e4009bb0 comp rx=0 tx=0).ready entity=mon.0 client_cookie=33c8fe3f5234b546 server_cookie=0 in_seq=0 out_seq=0
2023-10-16T13:32:46.898 INFO:teuthology.orchestra.run.smithi022.stdout:/usr/bin/ceph: stderr
2023-10-16T13:32:45.656+0000 7f55eceb0700 1 -- 172.21.15.22:0/304019524 <== mon.0 v2:172.21.15.22:3300/0 1 ==== mon_map magic: 0 v1 ==== 205+0+0 (secure 0 0 0) 0x7f55e4004160 con 0x7f55e8105660
2023-10-16T13:32:46.898 INFO:teuthology.orchestra.run.smithi022.stdout:/usr/bin/ceph: stderr
2023-10-16T13:32:45.656+0000 7f55eceb0700 1 -- 172.21.15.22:0/304019524 <== mon.0 v2:172.21.15.22:3300/0 2 ==== config(26 keys) v1 ==== 1105+0+0 (secure 0 0 0) 0x7f55e40042c0 con 0x7f55e8105660
2023-10-16T13:32:46.898 INFO:teuthology.orchestra.run.smithi022.stdout:/usr/bin/ceph: stderr
2023-10-16T13:32:45.656+0000 7f55eceb0700 1 -- 172.21.15.22:0/304019524 <== mon.0 v2:172.21.15.22:3300/0 3 ==== mon_map magic: 0 v1 ==== 205+0+0 (secure 0 0 0) 0x7f55e40119b0 con 0x7f55e8105660
2023-10-16T13:32:46.898 INFO:teuthology.orchestra.run.smithi022.stdout:/usr/bin/ceph: stderr
2023-10-16T13:32:45.656+0000 7f55f0116700 1 -- 172.21.15.22:0/304019524 >> [v2:172.21.15.22:3300/0,v1:172.21.15.22:6789/0] conn(0x7f55e8105660 msgr2=0x7f55e8105a80 secure :-1 s=STATE_CONNECTION_ESTABLISHED l=1).mark_down
2023-10-16T13:32:46.899 INFO:teuthology.orchestra.run.smithi022.stdout:/usr/bin/ceph: stderr
2023-10-16T13:32:45.656+0000 7f55f0116700 1 --2- 172.21.15.22:0/304019524 >> [v2:172.21.15.22:3300/0,v1:172.21.15.22:6789/0] conn(0x7f55e8105660 0x7f55e8105a80 secure :-1 s=READY pgs=55 cs=0 l=1 rev1=1 crypto rx=0x7f55e40098a0 tx=0x7f55e4009bb0 comp rx=0 tx=0).stop
2023-10-16T13:32:46.899 INFO:teuthology.orchestra.run.smithi022.stdout:/usr/bin/ceph: stderr
2023-10-16T13:32:45.657+0000 7f55f0116700 1 -- 172.21.15.22:0/304019524 shutdown_connections
2023-10-16T13:32:46.899 INFO:teuthology.orchestra.run.smithi022.stdout:/usr/bin/ceph: stderr
2023-10-16T13:32:45.657+0000 7f55f0116700 1 --2- 172.21.15.22:0/304019524 >> [v2:172.21.15.22:3300/0,v1:172.21.15.22:6789/0] conn(0x7f55e8105660 0x7f55e8105a80 unknown :-1 s=CLOSED pgs=55 cs=0 l=1 rev1=1 crypto rx=0 tx=0 comp rx=0 tx=0).stop
2023-10-16T13:32:46.899 INFO:teuthology.orchestra.run.smithi022.stdout:/usr/bin/ceph: stderr
2023-10-16T13:32:45.657+0000 7f55f0116700 1 -- 172.21.15.22:0/304019524 >> 172.21.15.22:0/304019524 conn(0x7f55e8100be0 msgr2=0x7f55e8103040 unknown :-1 s=STATE_NONE l=0).mark_down
2023-10-16T13:32:46.899 INFO:teuthology.orchestra.run.smithi022.stdout:/usr/bin/ceph: stderr
2023-10-16T13:32:45.657+0000 7f55f0116700 1 -- 172.21.15.22:0/304019524 shutdown_connections
2023-10-16T13:32:46.900 INFO:teuthology.orchestra.run.smithi022.stdout:/usr/bin/ceph: stderr
2023-10-16T13:32:45.657+0000 7f55f0116700 1 -- 172.21.15.22:0/304019524 wait complete.
2023-10-16T13:32:46.900 INFO:teuthology.orchestra.run.smithi022.stdout:/usr/bin/ceph: stderr
2023-10-16T13:32:45.657+0000 7f55f0116700 1 Processor -- start
2023-10-16T13:32:46.900 INFO:teuthology.orchestra.run.smithi022.stdout:/usr/bin/ceph: stderr
2023-10-16T13:32:45.658+0000 7f55f0116700 1 -- start start
2023-10-16T13:32:46.900 INFO:teuthology.orchestra.run.smithi022.stdout:/usr/bin/ceph: stderr
2023-10-16T13:32:45.658+0000 7f55f0116700 1 --2- >> [v2:172.21.15.22:3300/0,v1:172.21.15.22:6789/0] conn(0x7f55e8105660 0x7f55e819a430 unknown :-1 s=NONE pgs=0 cs=0 l=1 rev1=0 crypto rx=0 tx=0 comp rx=0 tx=0).connect
2023-10-16T13:32:46.901 INFO:teuthology.orchestra.run.smithi022.stdout:/usr/bin/ceph: stderr
2023-10-16T13:32:45.658+0000 7f55f0116700 1 -- --> [v2:172.21.15.22:3300/0,v1:172.21.15.22:6789/0] -- mon_getmap magic: 0 v1 -- 0x7f55e819a970 con 0x7f55e8105660
2023-10-16T13:32:46.901 INFO:teuthology.orchestra.run.smithi022.stdout:/usr/bin/ceph: stderr
2023-10-16T13:32:45.658+0000 7f55edeb2700 1 --2- >> [v2:172.21.15.22:3300/0,v1:172.21.15.22:6789/0] conn(0x7f55e8105660 0x7f55e819a430 unknown :-1 s=BANNER_CONNECTING pgs=0 cs=0 l=1 rev1=0 crypto rx=0 tx=0 comp rx=0 tx=0)._handle_peer_banner_payload supported=3 required=0
2023-10-16T13:32:46.901 INFO:teuthology.orchestra.run.smithi022.stdout:/usr/bin/ceph: stderr
