2023-10-16T19:26:58.797+0000 7fc4d259c700 1 --2- >> [v2:172.21.15.60:3300/0,v1:172.21.15.60:6789/0] conn(0x7fc4d41057c0 0x7fc4d41983b0 unknown :-1 s=HELLO_CONNECTING pgs=0 cs=0 l=1 rev1=1 crypto rx=0 tx=0 comp rx=0 tx=0).handle_hello peer v2:172.21.15.60:3300/0 says I am v2:172.21.15.60:39464/0 (socket says 172.21.15.60:39464)
2023-10-16T19:26:59.682 INFO:teuthology.orchestra.run.smithi060.stdout:/usr/bin/ceph: stderr
2023-10-16T19:26:58.797+0000 7fc4d259c700 1 -- 172.21.15.60:0/2860448989 learned_addr learned my addr 172.21.15.60:0/2860448989 (peer_addr_for_me v2:172.21.15.60:0/0)
2023-10-16T19:26:59.682 INFO:teuthology.orchestra.run.smithi060.stdout:/usr/bin/ceph: stderr
2023-10-16T19:26:58.798+0000 7fc4d259c700 1 -- 172.21.15.60:0/2860448989 --> [v2:172.21.15.60:3300/0,v1:172.21.15.60:6789/0] -- mon_subscribe({config=0+,monmap=0+}) v3 -- 0x7fc4c400b7f0 con 0x7fc4d41057c0
2023-10-16T19:26:59.683 INFO:teuthology.orchestra.run.smithi060.stdout:/usr/bin/ceph: stderr
2023-10-16T19:26:58.798+0000 7fc4d259c700 1 --2- 172.21.15.60:0/2860448989 >> [v2:172.21.15.60:3300/0,v1:172.21.15.60:6789/0] conn(0x7fc4d41057c0 0x7fc4d41983b0 secure :-1 s=READY pgs=27 cs=0 l=1 rev1=1 crypto rx=0x7fc4c400b340 tx=0x7fc4c4010590 comp rx=0 tx=0).ready entity=mon.0 client_cookie=0 server_cookie=0 in_seq=0 out_seq=0
2023-10-16T19:26:59.683 INFO:teuthology.orchestra.run.smithi060.stdout:/usr/bin/ceph: stderr
2023-10-16T19:26:58.798+0000 7fc4c37fe700 1 -- 172.21.15.60:0/2860448989 <== mon.0 v2:172.21.15.60:3300/0 1 ==== mon_map magic: 0 v1 ==== 205+0+0 (secure 0 0 0) 0x7fc4c401e070 con 0x7fc4d41057c0
2023-10-16T19:26:59.683 INFO:teuthology.orchestra.run.smithi060.stdout:/usr/bin/ceph: stderr
2023-10-16T19:26:58.798+0000 7fc4d8b5d700 1 -- 172.21.15.60:0/2860448989 --> [v2:172.21.15.60:3300/0,v1:172.21.15.60:6789/0] -- mon_subscribe({mgrmap=0+}) v3 -- 0x7fc4d4198af0 con 0x7fc4d41057c0
2023-10-16T19:26:59.683 INFO:teuthology.orchestra.run.smithi060.stdout:/usr/bin/ceph: stderr
2023-10-16T19:26:58.798+0000 7fc4c37fe700 1 -- 172.21.15.60:0/2860448989 <== mon.0 v2:172.21.15.60:3300/0 2 ==== config(27 keys) v1 ==== 1108+0+0 (secure 0 0 0) 0x7fc4c4004340 con 0x7fc4d41057c0
2023-10-16T19:26:59.683 INFO:teuthology.orchestra.run.smithi060.stdout:/usr/bin/ceph: stderr
2023-10-16T19:26:58.798+0000 7fc4c37fe700 1 -- 172.21.15.60:0/2860448989 <== mon.0 v2:172.21.15.60:3300/0 3 ==== mon_map magic: 0 v1 ==== 205+0+0 (secure 0 0 0) 0x7fc4c4022b30 con 0x7fc4d41057c0
2023-10-16T19:26:59.684 INFO:teuthology.orchestra.run.smithi060.stdout:/usr/bin/ceph: stderr
2023-10-16T19:26:58.798+0000 7fc4d8b5d700 1 -- 172.21.15.60:0/2860448989 --> [v2:172.21.15.60:3300/0,v1:172.21.15.60:6789/0] -- mon_subscribe({osdmap=0}) v3 -- 0x7fc4d4198f90 con 0x7fc4d41057c0
2023-10-16T19:26:59.684 INFO:teuthology.orchestra.run.smithi060.stdout:/usr/bin/ceph: stderr
2023-10-16T19:26:58.799+0000 7fc4d8b5d700 1 -- 172.21.15.60:0/2860448989 --> [v2:172.21.15.60:3300/0,v1:172.21.15.60:6789/0] -- mon_command({"prefix": "get_command_descriptions"} v 0) v1 -- 0x7fc4d4192050 con 0x7fc4d41057c0
2023-10-16T19:26:59.684 INFO:teuthology.orchestra.run.smithi060.stdout:/usr/bin/ceph: stderr
2023-10-16T19:26:58.799+0000 7fc4c37fe700 1 -- 172.21.15.60:0/2860448989 <== mon.0 v2:172.21.15.60:3300/0 4 ==== mgrmap(e 5) v1 ==== 45579+0+0 (secure 0 0 0) 0x7fc4c402c440 con 0x7fc4d41057c0
2023-10-16T19:26:59.684 INFO:teuthology.orchestra.run.smithi060.stdout:/usr/bin/ceph: stderr
2023-10-16T19:26:58.799+0000 7fc4c37fe700 1 --2- 172.21.15.60:0/2860448989 >> [v2:172.21.15.60:6800/1362714626,v1:172.21.15.60:6801/1362714626] conn(0x7fc4bc038820 0x7fc4bc03ace0 unknown :-1 s=NONE pgs=0 cs=0 l=1 rev1=0 crypto rx=0 tx=0 comp rx=0 tx=0).connect
2023-10-16T19:26:59.685 INFO:teuthology.orchestra.run.smithi060.stdout:/usr/bin/ceph: stderr
2023-10-16T19:26:58.799+0000 7fc4c37fe700 1 -- 172.21.15.60:0/2860448989 <== mon.0 v2:172.21.15.60:3300/0 5 ==== osd_map(1..1 src has 1..1) v4 ==== 725+0+0 (secure 0 0 0) 0x7fc4c404ecb0 con 0x7fc4d41057c0
2023-10-16T19:26:59.685 INFO:teuthology.orchestra.run.smithi060.stdout:/usr/bin/ceph: stderr
2023-10-16T19:26:58.800+0000 7fc4d1d9b700 1 -- 172.21.15.60:0/2860448989 >> [v2:172.21.15.60:6800/1362714626,v1:172.21.15.60:6801/1362714626] conn(0x7fc4bc038820 msgr2=0x7fc4bc03ace0 unknown :-1 s=STATE_CONNECTING_RE l=1).process reconnect failed to v2:172.21.15.60:6800/1362714626
2023-10-16T19:26:59.685 INFO:teuthology.orchestra.run.smithi060.stdout:/usr/bin/ceph: stderr
2023-10-16T19:26:58.800+0000 7fc4d1d9b700 1 --2- 172.21.15.60:0/2860448989 >> [v2:172.21.15.60:6800/1362714626,v1:172.21.15.60:6801/1362714626] conn(0x7fc4bc038820 0x7fc4bc03ace0 unknown :-1 s=START_CONNECT pgs=0 cs=0 l=1 rev1=0 crypto rx=0 tx=0 comp rx=0 tx=0)._fault waiting 0.200000
2023-10-16T19:26:59.685 INFO:teuthology.orchestra.run.smithi060.stdout:/usr/bin/ceph: stderr
2023-10-16T19:26:58.804+0000 7fc4c37fe700 1 -- 172.21.15.60:0/2860448989 <== mon.0 v2:172.21.15.60:3300/0 6 ==== mon_command_ack([{"prefix": "get_command_descriptions"}]=0 v0) v1 ==== 72+0+180459 (secure 0 0 0) 0x7fc4c402cdf0 con 0x7fc4d41057c0
2023-10-16T19:26:59.685 INFO:teuthology.orchestra.run.smithi060.stdout:/usr/bin/ceph: stderr
2023-10-16T19:26:59.001+0000 7fc4d1d9b700 1 -- 172.21.15.60:0/2860448989 >> [v2:172.21.15.60:6800/1362714626,v1:172.21.15.60:6801/1362714626] conn(0x7fc4bc038820 msgr2=0x7fc4bc03ace0 unknown :-1 s=STATE_CONNECTING_RE l=1).process reconnect failed to v2:172.21.15.60:6800/1362714626
2023-10-16T19:26:59.686 INFO:teuthology.orchestra.run.smithi060.stdout:/usr/bin/ceph: stderr
2023-10-16T19:26:59.001+0000 7fc4d1d9b700 1 --2- 172.21.15.60:0/2860448989 >> [v2:172.21.15.60:6800/1362714626,v1:172.21.15.60:6801/1362714626] conn(0x7fc4bc038820 0x7fc4bc03ace0 unknown :-1 s=START_CONNECT pgs=0 cs=0 l=1 rev1=0 crypto rx=0 tx=0 comp rx=0 tx=0)._fault waiting 0.400000
2023-10-16T19:26:59.686 INFO:teuthology.orchestra.run.smithi060.stdout:/usr/bin/ceph: stderr
2023-10-16T19:26:59.282+0000 7fc4d8b5d700 1 -- 172.21.15.60:0/2860448989 --> [v2:172.21.15.60:3300/0,v1:172.21.15.60:6789/0] -- mon_command({"prefix": "mgr stat"} v 0) v1 -- 0x7fc4d40624e0 con 0x7fc4d41057c0
2023-10-16T19:26:59.686 INFO:teuthology.orchestra.run.smithi060.stdout:/usr/bin/ceph: stderr
2023-10-16T19:26:59.283+0000 7fc4c37fe700 1 -- 172.21.15.60:0/2860448989 <== mon.0 v2:172.21.15.60:3300/0 7 ==== mon_command_ack([{"prefix": "mgr stat"}]=0 v5) v1 ==== 56+0+88 (secure 0 0 0) 0x7fc4c4027030 con 0x7fc4d41057c0
2023-10-16T19:26:59.686 INFO:teuthology.orchestra.run.smithi060.stdout:/usr/bin/ceph: stderr
2023-10-16T19:26:59.285+0000 7fc4d8b5d700 1 -- 172.21.15.60:0/2860448989 >> [v2:172.21.15.60:6800/1362714626,v1:172.21.15.60:6801/1362714626] conn(0x7fc4bc038820 msgr2=0x7fc4bc03ace0 unknown :-1 s=STATE_CONNECTING l=1).mark_down
2023-10-16T19:26:59.686 INFO:teuthology.orchestra.run.smithi060.stdout:/usr/bin/ceph: stderr
2023-10-16T19:26:59.285+0000 7fc4d8b5d700 1 --2- 172.21.15.60:0/2860448989 >> [v2:172.21.15.60:6800/1362714626,v1:172.21.15.60:6801/1362714626] conn(0x7fc4bc038820 0x7fc4bc03ace0 unknown :-1 s=START_CONNECT pgs=0 cs=0 l=1 rev1=0 crypto rx=0 tx=0 comp rx=0 tx=0).stop
2023-10-16T19:26:59.687 INFO:teuthology.orchestra.run.smithi060.stdout:/usr/bin/ceph: stderr
2023-10-16T19:26:59.285+0000 7fc4d8b5d700 1 -- 172.21.15.60:0/2860448989 >> [v2:172.21.15.60:3300/0,v1:172.21.15.60:6789/0] conn(0x7fc4d41057c0 msgr2=0x7fc4d41983b0 secure :-1 s=STATE_CONNECTION_ESTABLISHED l=1).mark_down
2023-10-16T19:26:59.687 INFO:teuthology.orchestra.run.smithi060.stdout:/usr/bin/ceph: stderr
2023-10-16T19:26:59.285+0000 7fc4d8b5d700 1 --2- 172.21.15.60:0/2860448989 >> [v2:172.21.15.60:3300/0,v1:172.21.15.60:6789/0] conn(0x7fc4d41057c0 0x7fc4d41983b0 secure :-1 s=READY pgs=27 cs=0 l=1 rev1=1 crypto rx=0x7fc4c400b340 tx=0x7fc4c4010590 comp rx=0 tx=0).stop
2023-10-16T19:26:59.687 INFO:teuthology.orchestra.run.smithi060.stdout:/usr/bin/ceph: stderr
2023-10-16T19:26:59.286+0000 7fc4d8b5d700 1 -- 172.21.15.60:0/2860448989 shutdown_connections
2023-10-16T19:26:59.687 INFO:teuthology.orchestra.run.smithi060.stdout:/usr/bin/ceph: stderr
2023-10-16T19:26:59.286+0000 7fc4d8b5d700 1 --2- 172.21.15.60:0/2860448989 >> [v2:172.21.15.60:6800/1362714626,v1:172.21.15.60:6801/1362714626] conn(0x7fc4bc038820 0x7fc4bc03ace0 unknown :-1 s=CLOSED pgs=0 cs=0 l=1 rev1=0 crypto rx=0 tx=0 comp rx=0 tx=0).stop
2023-10-16T19:26:59.687 INFO:teuthology.orchestra.run.smithi060.stdout:/usr/bin/ceph: stderr
2023-10-16T19:26:59.286+0000 7fc4d8b5d700 1 --2- 172.21.15.60:0/2860448989 >> [v2:172.21.15.60:3300/0,v1:172.21.15.60:6789/0] conn(0x7fc4d41057c0 0x7fc4d41983b0 unknown :-1 s=CLOSED pgs=27 cs=0 l=1 rev1=1 crypto rx=0 tx=0 comp rx=0 tx=0).stop
2023-10-16T19:26:59.688 INFO:teuthology.orchestra.run.smithi060.stdout:/usr/bin/ceph: stderr
2023-10-16T19:26:59.286+0000 7fc4d8b5d700 1 -- 172.21.15.60:0/2860448989 >> 172.21.15.60:0/2860448989 conn(0x7fc4d4100d80 msgr2=0x7fc4d418f190 unknown :-1 s=STATE_NONE l=0).mark_down
2023-10-16T19:26:59.688 INFO:teuthology.orchestra.run.smithi060.stdout:/usr/bin/ceph: stderr
2023-10-16T19:26:59.286+0000 7fc4d8b5d700 1 -- 172.21.15.60:0/2860448989 shutdown_connections
2023-10-16T19:26:59.688 INFO:teuthology.orchestra.run.smithi060.stdout:/usr/bin/ceph: stderr
2023-10-16T19:26:59.286+0000 7fc4d8b5d700 1 -- 172.21.15.60:0/2860448989 wait complete.
2023-10-16T19:26:59.688 INFO:teuthology.orchestra.run.smithi060.stdout:Waiting for the mgr to restart...
2023-10-16T19:26:59.688 INFO:teuthology.orchestra.run.smithi060.stdout:Waiting for mgr epoch 5...
2023-10-16T19:26:59.928 INFO:journalctl@ceph.mon.a.smithi060.stdout:Oct 16 19:26:59 smithi060 ceph-mon[99437]: from='client.? 172.21.15.60:0/2860448989' entity='client.admin' cmd=[{"prefix": "mgr stat"}]: dispatch
2023-10-16T19:27:00.398 INFO:journalctl@ceph.mgr.x.smithi060.stdout:Oct 16 19:27:00 smithi060 ceph-ccbaddb2-6c59-11ee-8db6-212e2dc638e7-mgr-x[99682]:
2023-10-16T19:27:00.027+0000 7ffa136da200 -1 mgr[py] Module progress has missing NOTIFY_TYPES member
2023-10-16T19:27:01.148 INFO:journalctl@ceph.mgr.x.smithi060.stdout:Oct 16 19:27:00 smithi060 ceph-ccbaddb2-6c59-11ee-8db6-212e2dc638e7-mgr-x[99682]:
2023-10-16T19:27:00.816+0000 7ffa136da200 -1 mgr[py] Module rook has missing NOTIFY_TYPES member
2023-10-16T19:27:01.149 INFO:journalctl@ceph.mgr.x.smithi060.stdout:Oct 16 19:27:00 smithi060 ceph-ccbaddb2-6c59-11ee-8db6-212e2dc638e7-mgr-x[99682]:
2023-10-16T19:27:00.915+0000 7ffa136da200 -1 mgr[py] Module iostat has missing NOTIFY_TYPES member
2023-10-16T19:27:02.148 INFO:journalctl@ceph.mgr.x.smithi060.stdout:Oct 16 19:27:01 smithi060 ceph-ccbaddb2-6c59-11ee-8db6-212e2dc638e7-mgr-x[99682]:
2023-10-16T19:27:01.892+0000 7ffa136da200 -1 mgr[py] Module test_orchestrator has missing NOTIFY_TYPES member
2023-10-16T19:27:02.149 INFO:journalctl@ceph.mgr.x.smithi060.stdout:Oct 16 19:27:02 smithi060 ceph-ccbaddb2-6c59-11ee-8db6-212e2dc638e7-mgr-x[99682]:
2023-10-16T19:27:02.003+0000 7ffa136da200 -1 mgr[py] Module osd_perf_query has missing NOTIFY_TYPES member
2023-10-16T19:27:02.582 INFO:journalctl@ceph.mgr.x.smithi060.stdout:Oct 16 19:27:02 smithi060 ceph-ccbaddb2-6c59-11ee-8db6-212e2dc638e7-mgr-x[99682]:
2023-10-16T19:27:02.226+0000 7ffa136da200 -1 mgr[py] Module orchestrator has missing NOTIFY_TYPES member
2023-10-16T19:27:02.837 INFO:journalctl@ceph.mgr.x.smithi060.stdout:Oct 16 19:27:02 smithi060 ceph-ccbaddb2-6c59-11ee-8db6-212e2dc638e7-mgr-x[99682]:
2023-10-16T19:27:02.581+0000 7ffa136da200 -1 mgr[py] Module rgw has missing NOTIFY_TYPES member
2023-10-16T19:27:03.148 INFO:journalctl@ceph.mgr.x.smithi060.stdout:Oct 16 19:27:02 smithi060 ceph-ccbaddb2-6c59-11ee-8db6-212e2dc638e7-mgr-x[99682]:
2023-10-16T19:27:02.835+0000 7ffa136da200 -1 mgr[py] Module influx has missing NOTIFY_TYPES member
2023-10-16T19:27:03.149 INFO:journalctl@ceph.mgr.x.smithi060.stdout:Oct 16 19:27:03 smithi060 ceph-ccbaddb2-6c59-11ee-8db6-212e2dc638e7-mgr-x[99682]:
2023-10-16T19:27:03.018+0000 7ffa136da200 -1 mgr[py] Module telemetry has missing NOTIFY_TYPES member
2023-10-16T19:27:03.648 INFO:journalctl@ceph.mgr.x.smithi060.stdout:Oct 16 19:27:03 smithi060 ceph-ccbaddb2-6c59-11ee-8db6-212e2dc638e7-mgr-x[99682]:
2023-10-16T19:27:03.350+0000 7ffa136da200 -1 mgr[py] Module telegraf has missing NOTIFY_TYPES member
2023-10-16T19:27:04.589 INFO:journalctl@ceph.mgr.x.smithi060.stdout:Oct 16 19:27:04 smithi060 ceph-ccbaddb2-6c59-11ee-8db6-212e2dc638e7-mgr-x[99682]:
2023-10-16T19:27:04.177+0000 7ffa136da200 -1 mgr[py] Module balancer has missing NOTIFY_TYPES member
2023-10-16T19:27:04.589 INFO:journalctl@ceph.mgr.x.smithi060.stdout:Oct 16 19:27:04 smithi060 ceph-ccbaddb2-6c59-11ee-8db6-212e2dc638e7-mgr-x[99682]:
2023-10-16T19:27:04.337+0000 7ffa136da200 -1 mgr[py] Module diskprediction_local has missing NOTIFY_TYPES member
2023-10-16T19:27:04.898 INFO:journalctl@ceph.mgr.x.smithi060.stdout:Oct 16 19:27:04 smithi060 ceph-ccbaddb2-6c59-11ee-8db6-212e2dc638e7-mgr-x[99682]:
2023-10-16T19:27:04.588+0000 7ffa136da200 -1 mgr[py] Module nfs has missing NOTIFY_TYPES member
2023-10-16T19:27:04.899 INFO:journalctl@ceph.mgr.x.smithi060.stdout:Oct 16 19:27:04 smithi060 ceph-ccbaddb2-6c59-11ee-8db6-212e2dc638e7-mgr-x[99682]:
2023-10-16T19:27:04.724+0000 7ffa136da200 -1 mgr[py] Module rbd_support has missing NOTIFY_TYPES member
2023-10-16T19:27:05.398 INFO:journalctl@ceph.mgr.x.smithi060.stdout:Oct 16 19:27:05 smithi060 ceph-ccbaddb2-6c59-11ee-8db6-212e2dc638e7-mgr-x[99682]:
2023-10-16T19:27:04.999+0000 7ffa136da200 -1 mgr[py] Module volumes has missing NOTIFY_TYPES member
2023-10-16T19:27:06.399 INFO:journalctl@ceph.mgr.x.smithi060.stdout:Oct 16 19:27:06 smithi060 ceph-ccbaddb2-6c59-11ee-8db6-212e2dc638e7-mgr-x[99682]:
2023-10-16T19:27:06.059+0000 7ffa136da200 -1 mgr[py] Module pg_autoscaler has missing NOTIFY_TYPES member
2023-10-16T19:27:06.399 INFO:journalctl@ceph.mon.a.smithi060.stdout:Oct 16 19:27:06 smithi060 ceph-mon[99437]: Active manager daemon x restarted
2023-10-16T19:27:06.400 INFO:journalctl@ceph.mon.a.smithi060.stdout:Oct 16 19:27:06 smithi060 ceph-mon[99437]: Activating manager daemon x
2023-10-16T19:27:06.400 INFO:journalctl@ceph.mon.a.smithi060.stdout:Oct 16 19:27:06 smithi060 ceph-mon[99437]: osdmap e2: 0 total, 0 up, 0 in
2023-10-16T19:27:06.400 INFO:journalctl@ceph.mon.a.smithi060.stdout:Oct 16 19:27:06 smithi060 ceph-mon[99437]: mgrmap e6: x(active, starting, since 0.00328377s)
2023-10-16T19:27:06.401 INFO:journalctl@ceph.mon.a.smithi060.stdout:Oct 16 19:27:06 smithi060 ceph-mon[99437]: from='mgr.14120 172.21.15.60:0/4289215794' entity='mgr.x' cmd=[{"prefix": "mon metadata", "id": "a"}]: dispatch
2023-10-16T19:27:06.401 INFO:journalctl@ceph.mon.a.smithi060.stdout:Oct 16 19:27:06 smithi060 ceph-mon[99437]: from='mgr.14120 172.21.15.60:0/4289215794' entity='mgr.x' cmd=[{"prefix": "mgr metadata", "who": "x", "id": "x"}]: dispatch
2023-10-16T19:27:06.401 INFO:journalctl@ceph.mon.a.smithi060.stdout:Oct 16 19:27:06 smithi060 ceph-mon[99437]: from='mgr.14120 172.21.15.60:0/4289215794' entity='mgr.x' cmd=[{"prefix": "mds metadata"}]: dispatch
2023-10-16T19:27:06.402 INFO:journalctl@ceph.mon.a.smithi060.stdout:Oct 16 19:27:06 smithi060 ceph-mon[99437]: from='mgr.14120 172.21.15.60:0/4289215794' entity='mgr.x' cmd=[{"prefix": "osd metadata"}]: dispatch
2023-10-16T19:27:06.402 INFO:journalctl@ceph.mon.a.smithi060.stdout:Oct 16 19:27:06 smithi060 ceph-mon[99437]: from='mgr.14120 172.21.15.60:0/4289215794' entity='mgr.x' cmd=[{"prefix": "mon metadata"}]: dispatch
2023-10-16T19:27:06.402 INFO:journalctl@ceph.mon.a.smithi060.stdout:Oct 16 19:27:06 smithi060 ceph-mon[99437]: Manager daemon x is now available
2023-10-16T19:27:06.403 INFO:journalctl@ceph.mon.a.smithi060.stdout:Oct 16 19:27:06 smithi060 ceph-mon[99437]: from='mgr.14120 172.21.15.60:0/4289215794' entity='mgr.x'
2023-10-16T19:27:06.403 INFO:journalctl@ceph.mon.a.smithi060.stdout:Oct 16 19:27:06 smithi060 ceph-mon[99437]: from='mgr.14120 172.21.15.60:0/4289215794' entity='mgr.x'
2023-10-16T19:27:06.403 INFO:journalctl@ceph.mon.a.smithi060.stdout:Oct 16 19:27:06 smithi060 ceph-mon[99437]: from='mgr.14120 172.21.15.60:0/4289215794' entity='mgr.x' cmd=[{"prefix": "config dump", "format": "json"}]: dispatch
2023-10-16T19:27:06.403 INFO:journalctl@ceph.mon.a.smithi060.stdout:Oct 16 19:27:06 smithi060 ceph-mon[99437]: from='mgr.14120 172.21.15.60:0/4289215794' entity='mgr.x' cmd=[{"prefix": "config dump", "format": "json"}]: dispatch
2023-10-16T19:27:07.398 INFO:journalctl@ceph.mon.a.smithi060.stdout:Oct 16 19:27:07 smithi060 ceph-mon[99437]: Found migration_current of "None". Setting to last migration.
2023-10-16T19:27:07.399 INFO:journalctl@ceph.mon.a.smithi060.stdout:Oct 16 19:27:07 smithi060 ceph-mon[99437]: from='mgr.14120 172.21.15.60:0/4289215794' entity='mgr.x' cmd=[{"prefix": "config dump", "format": "json"}]: dispatch
2023-10-16T19:27:07.399 INFO:journalctl@ceph.mon.a.smithi060.stdout:Oct 16 19:27:07 smithi060 ceph-mon[99437]: from='mgr.14120 172.21.15.60:0/4289215794' entity='mgr.x' cmd=[{"prefix":"config rm","who":"mgr","name":"mgr/rbd_support/x/mirror_snapshot_schedule"}]: dispatch
2023-10-16T19:27:07.399 INFO:journalctl@ceph.mon.a.smithi060.stdout:Oct 16 19:27:07 smithi060 ceph-mon[99437]: from='mgr.14120 172.21.15.60:0/4289215794' entity='mgr.x' cmd=[{"prefix":"config rm","who":"mgr","name":"mgr/rbd_support/x/trash_purge_schedule"}]: dispatch
2023-10-16T19:27:07.399 INFO:journalctl@ceph.mon.a.smithi060.stdout:Oct 16 19:27:07 smithi060 ceph-mon[99437]: from='mgr.14120 172.21.15.60:0/4289215794' entity='mgr.x'
2023-10-16T19:27:07.400 INFO:journalctl@ceph.mon.a.smithi060.stdout:Oct 16 19:27:07 smithi060 ceph-mon[99437]: from='mgr.14120 172.21.15.60:0/4289215794' entity='mgr.x'
2023-10-16T19:27:07.400 INFO:journalctl@ceph.mon.a.smithi060.stdout:Oct 16 19:27:07 smithi060 ceph-mon[99437]: mgrmap e7: x(active, since 1.00613s)
2023-10-16T19:27:07.438 INFO:teuthology.orchestra.run.smithi060.stdout:/usr/bin/ceph: stdout {
2023-10-16T19:27:07.438 INFO:teuthology.orchestra.run.smithi060.stdout:/usr/bin/ceph: stdout "mgrmap_epoch": 7,
2023-10-16T19:27:07.438 INFO:teuthology.orchestra.run.smithi060.stdout:/usr/bin/ceph: stdout "initialized": true
2023-10-16T19:27:07.439 INFO:teuthology.orchestra.run.smithi060.stdout:/usr/bin/ceph: stdout }
2023-10-16T19:27:07.439 INFO:teuthology.orchestra.run.smithi060.stdout:/usr/bin/ceph: stderr
2023-10-16T19:27:00.159+0000 7f1519910700 1 Processor -- start
2023-10-16T19:27:07.439 INFO:teuthology.orchestra.run.smithi060.stdout:/usr/bin/ceph: stderr
2023-10-16T19:27:00.159+0000 7f1519910700 1 -- start start
2023-10-16T19:27:07.439 INFO:teuthology.orchestra.run.smithi060.stdout:/usr/bin/ceph: stderr
2023-10-16T19:27:00.159+0000 7f1519910700 1 --2- >> [v2:172.21.15.60:3300/0,v1:172.21.15.60:6789/0] conn(0x7f15141051a0 0x7f15141055c0 unknown :-1 s=NONE pgs=0 cs=0 l=0 rev1=0 crypto rx=0 tx=0 comp rx=0 tx=0).connect
2023-10-16T19:27:07.439 INFO:teuthology.orchestra.run.smithi060.stdout:/usr/bin/ceph: stderr
2023-10-16T19:27:00.159+0000 7f1519910700 1 -- --> [v2:172.21.15.60:3300/0,v1:172.21.15.60:6789/0] -- mon_getmap magic: 0 v1 -- 0x7f1514074770 con 0x7f15141051a0
2023-10-16T19:27:07.440 INFO:teuthology.orchestra.run.smithi060.stdout:/usr/bin/ceph: stderr
2023-10-16T19:27:00.160+0000 7f1512ffd700 1 --2- >> [v2:172.21.15.60:3300/0,v1:172.21.15.60:6789/0] conn(0x7f15141051a0 0x7f15141055c0 unknown :-1 s=BANNER_CONNECTING pgs=0 cs=0 l=0 rev1=0 crypto rx=0 tx=0 comp rx=0 tx=0)._handle_peer_banner_payload supported=3 required=0
2023-10-16T19:27:07.440 INFO:teuthology.orchestra.run.smithi060.stdout:/usr/bin/ceph: stderr
2023-10-16T19:27:00.160+0000 7f1512ffd700 1 --2- >> [v2:172.21.15.60:3300/0,v1:172.21.15.60:6789/0] conn(0x7f15141051a0 0x7f15141055c0 unknown :-1 s=HELLO_CONNECTING pgs=0 cs=0 l=0 rev1=1 crypto rx=0 tx=0 comp rx=0 tx=0).handle_hello peer v2:172.21.15.60:3300/0 says I am v2:172.21.15.60:39472/0 (socket says 172.21.15.60:39472)
2023-10-16T19:27:07.440 INFO:teuthology.orchestra.run.smithi060.stdout:/usr/bin/ceph: stderr
2023-10-16T19:27:00.160+0000 7f1512ffd700 1 -- 172.21.15.60:0/12963199 learned_addr learned my addr 172.21.15.60:0/12963199 (peer_addr_for_me v2:172.21.15.60:0/0)
2023-10-16T19:27:07.440 INFO:teuthology.orchestra.run.smithi060.stdout:/usr/bin/ceph: stderr
2023-10-16T19:27:00.160+0000 7f1512ffd700 1 -- 172.21.15.60:0/12963199 --> [v2:172.21.15.60:3300/0,v1:172.21.15.60:6789/0] -- mon_subscribe({config=0+,monmap=0+}) v3 -- 0x7f1514105b00 con 0x7f15141051a0
2023-10-16T19:27:07.440 INFO:teuthology.orchestra.run.smithi060.stdout:/usr/bin/ceph: stderr
2023-10-16T19:27:00.160+0000 7f1512ffd700 1 --2- 172.21.15.60:0/12963199 >> [v2:172.21.15.60:3300/0,v1:172.21.15.60:6789/0] conn(0x7f15141051a0 0x7f15141055c0 secure :-1 s=READY pgs=28 cs=0 l=1 rev1=1 crypto rx=0x7f15040098a0 tx=0x7f1504009bb0 comp rx=0 tx=0).ready entity=mon.0 client_cookie=34633215674e33c0 server_cookie=0 in_seq=0 out_seq=0
2023-10-16T19:27:07.441 INFO:teuthology.orchestra.run.smithi060.stdout:/usr/bin/ceph: stderr
2023-10-16T19:27:00.160+0000 7f1511ffb700 1 -- 172.21.15.60:0/12963199 <== mon.0 v2:172.21.15.60:3300/0 1 ==== mon_map magic: 0 v1 ==== 205+0+0 (secure 0 0 0) 0x7f1504004160 con 0x7f15141051a0
2023-10-16T19:27:07.441 INFO:teuthology.orchestra.run.smithi060.stdout:/usr/bin/ceph: stderr
2023-10-16T19:27:00.160+0000 7f1511ffb700 1 -- 172.21.15.60:0/12963199 <== mon.0 v2:172.21.15.60:3300/0 2 ==== config(27 keys) v1 ==== 1108+0+0 (secure 0 0 0) 0x7f15040042c0 con 0x7f15141051a0
2023-10-16T19:27:07.441 INFO:teuthology.orchestra.run.smithi060.stdout:/usr/bin/ceph: stderr
2023-10-16T19:27:00.160+0000 7f1511ffb700 1 -- 172.21.15.60:0/12963199 <== mon.0 v2:172.21.15.60:3300/0 3 ==== mon_map magic: 0 v1 ==== 205+0+0 (secure 0 0 0) 0x7f1504011ac0 con 0x7f15141051a0
2023-10-16T19:27:07.441 INFO:teuthology.orchestra.run.smithi060.stdout:/usr/bin/ceph: stderr
2023-10-16T19:27:00.161+0000 7f1519910700 1 -- 172.21.15.60:0/12963199 >> [v2:172.21.15.60:3300/0,v1:172.21.15.60:6789/0] conn(0x7f15141051a0 msgr2=0x7f15141055c0 secure :-1 s=STATE_CONNECTION_ESTABLISHED l=1).mark_down
2023-10-16T19:27:07.442 INFO:teuthology.orchestra.run.smithi060.stdout:/usr/bin/ceph: stderr
2023-10-16T19:27:00.161+0000 7f1519910700 1 --2- 172.21.15.60:0/12963199 >> [v2:172.21.15.60:3300/0,v1:172.21.15.60:6789/0] conn(0x7f15141051a0 0x7f15141055c0 secure :-1 s=READY pgs=28 cs=0 l=1 rev1=1 crypto rx=0x7f15040098a0 tx=0x7f1504009bb0 comp rx=0 tx=0).stop
2023-10-16T19:27:07.442 INFO:teuthology.orchestra.run.smithi060.stdout:/usr/bin/ceph: stderr
2023-10-16T19:27:00.161+0000 7f1519910700 1 -- 172.21.15.60:0/12963199 shutdown_connections
2023-10-16T19:27:07.442 INFO:teuthology.orchestra.run.smithi060.stdout:/usr/bin/ceph: stderr
2023-10-16T19:27:00.161+0000 7f1519910700 1 --2- 172.21.15.60:0/12963199 >> [v2:172.21.15.60:3300/0,v1:172.21.15.60:6789/0] conn(0x7f15141051a0 0x7f15141055c0 unknown :-1 s=CLOSED pgs=28 cs=0 l=1 rev1=1 crypto rx=0 tx=0 comp rx=0 tx=0).stop
2023-10-16T19:27:07.442 INFO:teuthology.orchestra.run.smithi060.stdout:/usr/bin/ceph: stderr
2023-10-16T19:27:00.161+0000 7f1519910700 1 -- 172.21.15.60:0/12963199 >> 172.21.15.60:0/12963199 conn(0x7f1514100d80 msgr2=0x7f15141031a0 unknown :-1 s=STATE_NONE l=0).mark_down
2023-10-16T19:27:07.442 INFO:teuthology.orchestra.run.smithi060.stdout:/usr/bin/ceph: stderr
2023-10-16T19:27:00.161+0000 7f1519910700 1 -- 172.21.15.60:0/12963199 shutdown_connections
2023-10-16T19:27:07.443 INFO:teuthology.orchestra.run.smithi060.stdout:/usr/bin/ceph: stderr
2023-10-16T19:27:00.161+0000 7f1519910700 1 -- 172.21.15.60:0/12963199 wait complete.
2023-10-16T19:27:07.443 INFO:teuthology.orchestra.run.smithi060.stdout:/usr/bin/ceph: stderr
2023-10-16T19:27:00.162+0000 7f1519910700 1 Processor -- start
2023-10-16T19:27:07.443 INFO:teuthology.orchestra.run.smithi060.stdout:/usr/bin/ceph: stderr
2023-10-16T19:27:00.162+0000 7f1519910700 1 -- start start
2023-10-16T19:27:07.443 INFO:teuthology.orchestra.run.smithi060.stdout:/usr/bin/ceph: stderr
2023-10-16T19:27:00.162+0000 7f1519910700 1 --2- >> [v2:172.21.15.60:3300/0,v1:172.21.15.60:6789/0] conn(0x7f15141051a0 0x7f151419c7a0 unknown :-1 s=NONE pgs=0 cs=0 l=1 rev1=0 crypto rx=0 tx=0 comp rx=0 tx=0).connect
2023-10-16T19:27:07.443 INFO:teuthology.orchestra.run.smithi060.stdout:/usr/bin/ceph: stderr
2023-10-16T19:27:00.162+0000 7f1519910700 1 -- --> [v2:172.21.15.60:3300/0,v1:172.21.15.60:6789/0] -- mon_getmap magic: 0 v1 -- 0x7f151419cce0 con 0x7f15141051a0
2023-10-16T19:27:07.444 INFO:teuthology.orchestra.run.smithi060.stdout:/usr/bin/ceph: stderr
2023-10-16T19:27:00.162+0000 7f1512ffd700 1 --2- >> [v2:172.21.15.60:3300/0,v1:172.21.15.60:6789/0] conn(0x7f15141051a0 0x7f151419c7a0 unknown :-1 s=BANNER_CONNECTING pgs=0 cs=0 l=1 rev1=0 crypto rx=0 tx=0 comp rx=0 tx=0)._handle_peer_banner_payload supported=3 required=0
2023-10-16T19:27:07.444 INFO:teuthology.orchestra.run.smithi060.stdout:/usr/bin/ceph: stderr
2023-10-16T19:27:00.162+0000 7f1512ffd700 1 --2- >> [v2:172.21.15.60:3300/0,v1:172.21.15.60:6789/0] conn(0x7f15141051a0 0x7f151419c7a0 unknown :-1 s=HELLO_CONNECTING pgs=0 cs=0 l=1 rev1=1 crypto rx=0 tx=0 comp rx=0 tx=0).handle_hello peer v2:172.21.15.60:3300/0 says I am v2:172.21.15.60:39474/0 (socket says 172.21.15.60:39474)
2023-10-16T19:27:07.444 INFO:teuthology.orchestra.run.smithi060.stdout:/usr/bin/ceph: stderr
2023-10-16T19:27:00.162+0000 7f1512ffd700 1 -- 172.21.15.60:0/813996639 learned_addr learned my addr 172.21.15.60:0/813996639 (peer_addr_for_me v2:172.21.15.60:0/0)
2023-10-16T19:27:07.444 INFO:teuthology.orchestra.run.smithi060.stdout:/usr/bin/ceph: stderr
2023-10-16T19:27:00.163+0000 7f1512ffd700 1 -- 172.21.15.60:0/813996639 --> [v2:172.21.15.60:3300/0,v1:172.21.15.60:6789/0] -- mon_subscribe({config=0+,monmap=0+}) v3 -- 0x7f1504009550 con 0x7f15141051a0
2023-10-16T19:27:07.444 INFO:teuthology.orchestra.run.smithi060.stdout:/usr/bin/ceph: stderr
2023-10-16T19:27:00.163+0000 7f1512ffd700 1 --2- 172.21.15.60:0/813996639 >> [v2:172.21.15.60:3300/0,v1:172.21.15.60:6789/0] conn(0x7f15141051a0 0x7f151419c7a0 secure :-1 s=READY pgs=29 cs=0 l=1 rev1=1 crypto rx=0x7f1504009130 tx=0x7f1504011b40 comp rx=0 tx=0).ready entity=mon.0 client_cookie=0 server_cookie=0 in_seq=0 out_seq=0
2023-10-16T19:27:07.445 INFO:teuthology.orchestra.run.smithi060.stdout:/usr/bin/ceph: stderr
2023-10-16T19:27:00.163+0000 7f151890e700 1 -- 172.21.15.60:0/813996639 <== mon.0 v2:172.21.15.60:3300/0 1 ==== mon_map magic: 0 v1 ==== 205+0+0 (secure 0 0 0) 0x7f1504003aa0 con 0x7f15141051a0
2023-10-16T19:27:07.445 INFO:teuthology.orchestra.run.smithi060.stdout:/usr/bin/ceph: stderr
2023-10-16T19:27:00.163+0000 7f1519910700 1 -- 172.21.15.60:0/813996639 --> [v2:172.21.15.60:3300/0,v1:172.21.15.60:6789/0] -- mon_subscribe({mgrmap=0+}) v3 -- 0x7f151419cee0 con 0x7f15141051a0
2023-10-16T19:27:07.445 INFO:teuthology.orchestra.run.smithi060.stdout:/usr/bin/ceph: stderr
2023-10-16T19:27:00.163+0000 7f151890e700 1 -- 172.21.15.60:0/813996639 <== mon.0 v2:172.21.15.60:3300/0 2 ==== config(27 keys) v1 ==== 1108+0+0 (secure 0 0 0) 0x7f1504003c00 con 0x7f15141051a0
2023-10-16T19:27:07.445 INFO:teuthology.orchestra.run.smithi060.stdout:/usr/bin/ceph: stderr
2023-10-16T19:27:00.163+0000 7f151890e700 1 -- 172.21.15.60:0/813996639 <== mon.0 v2:172.21.15.60:3300/0 3 ==== mon_map magic: 0 v1 ==== 205+0+0 (secure 0 0 0) 0x7f1504024800 con 0x7f15141051a0
2023-10-16T19:27:07.445 INFO:teuthology.orchestra.run.smithi060.stdout:/usr/bin/ceph: stderr
2023-10-16T19:27:00.163+0000 7f1519910700 1 -- 172.21.15.60:0/813996639 --> [v2:172.21.15.60:3300/0,v1:172.21.15.60:6789/0] -- mon_subscribe({osdmap=0}) v3 -- 0x7f151419d380 con 0x7f15141051a0
2023-10-16T19:27:07.445 INFO:teuthology.orchestra.run.smithi060.stdout:/usr/bin/ceph: stderr
2023-10-16T19:27:00.164+0000 7f151890e700 1 -- 172.21.15.60:0/813996639 <== mon.0 v2:172.21.15.60:3300/0 4 ==== mgrmap(e 5) v1 ==== 45579+0+0 (secure 0 0 0) 0x7f1504024ac0 con 0x7f15141051a0
2023-10-16T19:27:07.446 INFO:teuthology.orchestra.run.smithi060.stdout:/usr/bin/ceph: stderr
2023-10-16T19:27:00.164+0000 7f151890e700 1 --2- 172.21.15.60:0/813996639 >> [v2:172.21.15.60:6800/1362714626,v1:172.21.15.60:6801/1362714626] conn(0x7f14fc038820 0x7f14fc03ace0 unknown :-1 s=NONE pgs=0 cs=0 l=1 rev1=0 crypto rx=0 tx=0 comp rx=0 tx=0).connect
2023-10-16T19:27:07.446 INFO:teuthology.orchestra.run.smithi060.stdout:/usr/bin/ceph: stderr
2023-10-16T19:27:00.164+0000 7f151890e700 1 -- 172.21.15.60:0/813996639 --> [v2:172.21.15.60:6800/1362714626,v1:172.21.15.60:6801/1362714626] -- command(tid 0: {"prefix": "get_command_descriptions"}) v1 -- 0x7f14fc03b3f0 con 0x7f14fc038820
2023-10-16T19:27:07.446 INFO:teuthology.orchestra.run.smithi060.stdout:/usr/bin/ceph: stderr
2023-10-16T19:27:00.164+0000 7f151890e700 1 -- 172.21.15.60:0/813996639 <== mon.0 v2:172.21.15.60:3300/0 5 ==== osd_map(1..1 src has 1..1) v4 ==== 725+0+0 (secure 0 0 0) 0x7f150404c5e0 con 0x7f15141051a0
2023-10-16T19:27:07.446 INFO:teuthology.orchestra.run.smithi060.stdout:/usr/bin/ceph: stderr
2023-10-16T19:27:00.164+0000 7f15127fc700 1 -- 172.21.15.60:0/813996639 >> [v2:172.21.15.60:6800/1362714626,v1:172.21.15.60:6801/1362714626] conn(0x7f14fc038820 msgr2=0x7f14fc03ace0 unknown :-1 s=STATE_CONNECTING_RE l=1).process reconnect failed to v2:172.21.15.60:6800/1362714626
2023-10-16T19:27:07.447 INFO:teuthology.orchestra.run.smithi060.stdout:/usr/bin/ceph: stderr
2023-10-16T19:27:00.165+0000 7f15127fc700 1 --2- 172.21.15.60:0/813996639 >> [v2:172.21.15.60:6800/1362714626,v1:172.21.15.60:6801/1362714626] conn(0x7f14fc038820 0x7f14fc03ace0 unknown :-1 s=START_CONNECT pgs=0 cs=0 l=1 rev1=0 crypto rx=0 tx=0 comp rx=0 tx=0)._fault waiting 0.200000
2023-10-16T19:27:07.447 INFO:teuthology.orchestra.run.smithi060.stdout:/usr/bin/ceph: stderr
2023-10-16T19:27:00.366+0000 7f15127fc700 1 -- 172.21.15.60:0/813996639 >> [v2:172.21.15.60:6800/1362714626,v1:172.21.15.60:6801/1362714626] conn(0x7f14fc038820 msgr2=0x7f14fc03ace0 unknown :-1 s=STATE_CONNECTING_RE l=1).process reconnect failed to v2:172.21.15.60:6800/1362714626
2023-10-16T19:27:07.447 INFO:teuthology.orchestra.run.smithi060.stdout:/usr/bin/ceph: stderr
2023-10-16T19:27:00.366+0000 7f15127fc700 1 --2- 172.21.15.60:0/813996639 >> [v2:172.21.15.60:6800/1362714626,v1:172.21.15.60:6801/1362714626] conn(0x7f14fc038820 0x7f14fc03ace0 unknown :-1 s=START_CONNECT pgs=0 cs=0 l=1 rev1=0 crypto rx=0 tx=0 comp rx=0 tx=0)._fault waiting 0.400000
2023-10-16T19:27:07.447 INFO:teuthology.orchestra.run.smithi060.stdout:/usr/bin/ceph: stderr
2023-10-16T19:27:00.767+0000 7f15127fc700 1 -- 172.21.15.60:0/813996639 >> [v2:172.21.15.60:6800/1362714626,v1:172.21.15.60:6801/1362714626] conn(0x7f14fc038820 msgr2=0x7f14fc03ace0 unknown :-1 s=STATE_CONNECTING_RE l=1).process reconnect failed to v2:172.21.15.60:6800/1362714626
2023-10-16T19:27:07.447 INFO:teuthology.orchestra.run.smithi060.stdout:/usr/bin/ceph: stderr
2023-10-16T19:27:00.767+0000 7f15127fc700 1 --2- 172.21.15.60:0/813996639 >> [v2:172.21.15.60:6800/1362714626,v1:172.21.15.60:6801/1362714626] conn(0x7f14fc038820 0x7f14fc03ace0 unknown :-1 s=START_CONNECT pgs=0 cs=0 l=1 rev1=0 crypto rx=0 tx=0 comp rx=0 tx=0)._fault waiting 0.800000
2023-10-16T19:27:07.448 INFO:teuthology.orchestra.run.smithi060.stdout:/usr/bin/ceph: stderr
2023-10-16T19:27:01.568+0000 7f15127fc700 1 -- 172.21.15.60:0/813996639 >> [v2:172.21.15.60:6800/1362714626,v1:172.21.15.60:6801/1362714626] conn(0x7f14fc038820 msgr2=0x7f14fc03ace0 unknown :-1 s=STATE_CONNECTING_RE l=1).process reconnect failed to v2:172.21.15.60:6800/1362714626
2023-10-16T19:27:07.448 INFO:teuthology.orchestra.run.smithi060.stdout:/usr/bin/ceph: stderr
2023-10-16T19:27:01.568+0000 7f15127fc700 1 --2- 172.21.15.60:0/813996639 >> [v2:172.21.15.60:6800/1362714626,v1:172.21.15.60:6801/1362714626] conn(0x7f14fc038820 0x7f14fc03ace0 unknown :-1 s=START_CONNECT pgs=0 cs=0 l=1 rev1=0 crypto rx=0 tx=0 comp rx=0 tx=0)._fault waiting 1.600000
2023-10-16T19:27:07.448 INFO:teuthology.orchestra.run.smithi060.stdout:/usr/bin/ceph: stderr
2023-10-16T19:27:03.169+0000 7f15127fc700 1 -- 172.21.15.60:0/813996639 >> [v2:172.21.15.60:6800/1362714626,v1:172.21.15.60:6801/1362714626] conn(0x7f14fc038820 msgr2=0x7f14fc03ace0 unknown :-1 s=STATE_CONNECTING_RE l=1).process reconnect failed to v2:172.21.15.60:6800/1362714626
2023-10-16T19:27:07.448 INFO:teuthology.orchestra.run.smithi060.stdout:/usr/bin/ceph: stderr
2023-10-16T19:27:03.169+0000 7f15127fc700 1 --2- 172.21.15.60:0/813996639 >> [v2:172.21.15.60:6800/1362714626,v1:172.21.15.60:6801/1362714626] conn(0x7f14fc038820 0x7f14fc03ace0 unknown :-1 s=START_CONNECT pgs=0 cs=0 l=1 rev1=0 crypto rx=0 tx=0 comp rx=0 tx=0)._fault waiting 3.200000
2023-10-16T19:27:07.448 INFO:teuthology.orchestra.run.smithi060.stdout:/usr/bin/ceph: stderr
2023-10-16T19:27:06.075+0000 7f151890e700 1 -- 172.21.15.60:0/813996639 <== mon.0 v2:172.21.15.60:3300/0 6 ==== mgrmap(e 6) v1 ==== 45346+0+0 (secure 0 0 0) 0x7f150402d3f0 con 0x7f15141051a0
2023-10-16T19:27:07.448 INFO:teuthology.orchestra.run.smithi060.stdout:/usr/bin/ceph: stderr
2023-10-16T19:27:06.075+0000 7f151890e700 1 -- 172.21.15.60:0/813996639 >> [v2:172.21.15.60:6800/1362714626,v1:172.21.15.60:6801/1362714626] conn(0x7f14fc038820 msgr2=0x7f14fc03ace0 unknown :-1 s=STATE_CONNECTING l=1).mark_down
2023-10-16T19:27:07.449 INFO:teuthology.orchestra.run.smithi060.stdout:/usr/bin/ceph: stderr
2023-10-16T19:27:06.075+0000 7f151890e700 1 --2- 172.21.15.60:0/813996639 >> [v2:172.21.15.60:6800/1362714626,v1:172.21.15.60:6801/1362714626] conn(0x7f14fc038820 0x7f14fc03ace0 unknown :-1 s=START_CONNECT pgs=0 cs=0 l=1 rev1=0 crypto rx=0 tx=0 comp rx=0 tx=0).stop
2023-10-16T19:27:07.449 INFO:teuthology.orchestra.run.smithi060.stdout:/usr/bin/ceph: stderr
2023-10-16T19:27:07.076+0000 7f151890e700 1 -- 172.21.15.60:0/813996639 <== mon.0 v2:172.21.15.60:3300/0 7 ==== mgrmap(e 7) v1 ==== 45473+0+0 (secure 0 0 0) 0x7f150400ed40 con 0x7f15141051a0
2023-10-16T19:27:07.449 INFO:teuthology.orchestra.run.smithi060.stdout:/usr/bin/ceph: stderr
2023-10-16T19:27:07.077+0000 7f151890e700 1 --2- 172.21.15.60:0/813996639 >> [v2:172.21.15.60:6800/2065428177,v1:172.21.15.60:6801/2065428177] conn(0x7f14fc03bff0 0x7f14fc03e3e0 unknown :-1 s=NONE pgs=0 cs=0 l=1 rev1=0 crypto rx=0 tx=0 comp rx=0 tx=0).connect
2023-10-16T19:27:07.449 INFO:teuthology.orchestra.run.smithi060.stdout:/usr/bin/ceph: stderr
2023-10-16T19:27:07.077+0000 7f151890e700 1 -- 172.21.15.60:0/813996639 --> [v2:172.21.15.60:6800/2065428177,v1:172.21.15.60:6801/2065428177] -- command(tid 0: {"prefix": "get_command_descriptions"}) v1 -- 0x7f14fc03b3f0 con 0x7f14fc03bff0
2023-10-16T19:27:07.449 INFO:teuthology.orchestra.run.smithi060.stdout:/usr/bin/ceph: stderr
2023-10-16T19:27:07.077+0000 7f15127fc700 1 --2- 172.21.15.60:0/813996639 >> [v2:172.21.15.60:6800/2065428177,v1:172.21.15.60:6801/2065428177] conn(0x7f14fc03bff0 0x7f14fc03e3e0 unknown :-1 s=BANNER_CONNECTING pgs=0 cs=0 l=1 rev1=0 crypto rx=0 tx=0 comp rx=0 tx=0)._handle_peer_banner_payload supported=3 required=0
2023-10-16T19:27:07.450 INFO:teuthology.orchestra.run.smithi060.stdout:/usr/bin/ceph: stderr
2023-10-16T19:27:07.078+0000 7f15127fc700 1 --2- 172.21.15.60:0/813996639 >> [v2:172.21.15.60:6800/2065428177,v1:172.21.15.60:6801/2065428177] conn(0x7f14fc03bff0 0x7f14fc03e3e0 secure :-1 s=READY pgs=1 cs=0 l=1 rev1=1 crypto rx=0x7f1508003a10 tx=0x7f1508009290 comp rx=0 tx=0).ready entity=mgr.14120 client_cookie=0 server_cookie=0 in_seq=0 out_seq=0
2023-10-16T19:27:07.450 INFO:teuthology.orchestra.run.smithi060.stdout:/usr/bin/ceph: stderr
2023-10-16T19:27:07.078+0000 7f151890e700 1 -- 172.21.15.60:0/813996639 <== mgr.14120 v2:172.21.15.60:6800/2065428177 1 ==== command_reply(tid 0: 0 ) v1 ==== 8+0+6910 (secure 0 0 0) 0x7f14fc03b3f0 con 0x7f14fc03bff0
2023-10-16T19:27:07.450 INFO:teuthology.orchestra.run.smithi060.stdout:/usr/bin/ceph: stderr
2023-10-16T19:27:07.089+0000 7f1519910700 1 -- 172.21.15.60:0/813996639 --> [v2:172.21.15.60:6800/2065428177,v1:172.21.15.60:6801/2065428177] -- command(tid 1: {"prefix": "mgr_status"}) v1 -- 0x7f151419dae0 con 0x7f14fc03bff0
2023-10-16T19:27:07.450 INFO:teuthology.orchestra.run.smithi060.stdout:/usr/bin/ceph: stderr
2023-10-16T19:27:07.089+0000 7f151890e700 1 -- 172.21.15.60:0/813996639 <== mgr.14120 v2:172.21.15.60:6800/2065428177 2 ==== command_reply(tid 1: 0 ) v1 ==== 8+0+51 (secure 0 0 0) 0x7f151419dae0 con 0x7f14fc03bff0
2023-10-16T19:27:07.450 INFO:teuthology.orchestra.run.smithi060.stdout:/usr/bin/ceph: stderr
2023-10-16T19:27:07.090+0000 7f1519910700 1 -- 172.21.15.60:0/813996639 >> [v2:172.21.15.60:6800/2065428177,v1:172.21.15.60:6801/2065428177] conn(0x7f14fc03bff0 msgr2=0x7f14fc03e3e0 secure :-1 s=STATE_CONNECTION_ESTABLISHED l=1).mark_down
2023-10-16T19:27:07.451 INFO:teuthology.orchestra.run.smithi060.stdout:/usr/bin/ceph: stderr
2023-10-16T19:27:07.090+0000 7f1519910700 1 --2- 172.21.15.60:0/813996639 >> [v2:172.21.15.60:6800/2065428177,v1:172.21.15.60:6801/2065428177] conn(0x7f14fc03bff0 0x7f14fc03e3e0 secure :-1 s=READY pgs=1 cs=0 l=1 rev1=1 crypto rx=0x7f1508003a10 tx=0x7f1508009290 comp rx=0 tx=0).stop
2023-10-16T19:27:07.451 INFO:teuthology.orchestra.run.smithi060.stdout:/usr/bin/ceph: stderr
2023-10-16T19:27:07.090+0000 7f1519910700 1 -- 172.21.15.60:0/813996639 >> [v2:172.21.15.60:3300/0,v1:172.21.15.60:6789/0] conn(0x7f15141051a0 msgr2=0x7f151419c7a0 secure :-1 s=STATE_CONNECTION_ESTABLISHED l=1).mark_down
2023-10-16T19:27:07.451 INFO:teuthology.orchestra.run.smithi060.stdout:/usr/bin/ceph: stderr
2023-10-16T19:27:07.090+0000 7f1519910700 1 --2- 172.21.15.60:0/813996639 >> [v2:172.21.15.60:3300/0,v1:172.21.15.60:6789/0] conn(0x7f15141051a0 0x7f151419c7a0 secure :-1 s=READY pgs=29 cs=0 l=1 rev1=1 crypto rx=0x7f1504009130 tx=0x7f1504011b40 comp rx=0 tx=0).stop
2023-10-16T19:27:07.451 INFO:teuthology.orchestra.run.smithi060.stdout:/usr/bin/ceph: stderr
2023-10-16T19:27:07.090+0000 7f1519910700 1 -- 172.21.15.60:0/813996639 shutdown_connections
2023-10-16T19:27:07.451 INFO:teuthology.orchestra.run.smithi060.stdout:/usr/bin/ceph: stderr
2023-10-16T19:27:07.090+0000 7f1519910700 1 --2- 172.21.15.60:0/813996639 >> [v2:172.21.15.60:3300/0,v1:172.21.15.60:6789/0] conn(0x7f15141051a0 0x7f151419c7a0 unknown :-1 s=CLOSED pgs=29 cs=0 l=1 rev1=1 crypto rx=0 tx=0 comp rx=0 tx=0).stop
2023-10-16T19:27:07.451 INFO:teuthology.orchestra.run.smithi060.stdout:/usr/bin/ceph: stderr
2023-10-16T19:27:07.090+0000 7f1519910700 1 --2- 172.21.15.60:0/813996639 >> [v2:172.21.15.60:6800/2065428177,v1:172.21.15.60:6801/2065428177] conn(0x7f14fc03bff0 0x7f14fc03e3e0 unknown :-1 s=CLOSED pgs=1 cs=0 l=1 rev1=1 crypto rx=0 tx=0 comp rx=0 tx=0).stop
2023-10-16T19:27:07.452 INFO:teuthology.orchestra.run.smithi060.stdout:/usr/bin/ceph: stderr
2023-10-16T19:27:07.090+0000 7f1519910700 1 --2- 172.21.15.60:0/813996639 >> [v2:172.21.15.60:6800/1362714626,v1:172.21.15.60:6801/1362714626] conn(0x7f14fc038820 0x7f14fc03ace0 unknown :-1 s=CLOSED pgs=0 cs=0 l=1 rev1=0 crypto rx=0 tx=0 comp rx=0 tx=0).stop
2023-10-16T19:27:07.452 INFO:teuthology.orchestra.run.smithi060.stdout:/usr/bin/ceph: stderr
2023-10-16T19:27:07.090+0000 7f1519910700 1 -- 172.21.15.60:0/813996639 >> 172.21.15.60:0/813996639 conn(0x7f1514100d80 msgr2=0x7f1514190d60 unknown :-1 s=STATE_NONE l=0).mark_down
2023-10-16T19:27:07.452 INFO:teuthology.orchestra.run.smithi060.stdout:/usr/bin/ceph: stderr
2023-10-16T19:27:07.090+0000 7f1519910700 1 -- 172.21.15.60:0/813996639 shutdown_connections
2023-10-16T19:27:07.452 INFO:teuthology.orchestra.run.smithi060.stdout:/usr/bin/ceph: stderr
2023-10-16T19:27:07.090+0000 7f1519910700 1 -- 172.21.15.60:0/813996639 wait complete.
2023-10-16T19:27:07.452 INFO:teuthology.orchestra.run.smithi060.stdout:mgr epoch 5 is available
2023-10-16T19:27:07.453 INFO:teuthology.orchestra.run.smithi060.stdout:Setting orchestrator backend to cephadm...
2023-10-16T19:27:08.384 INFO:journalctl@ceph.mon.a.smithi060.stdout:Oct 16 19:27:08 smithi060 ceph-mon[99437]: [16/Oct/2023:19:27:06] ENGINE Bus STARTING
2023-10-16T19:27:08.385 INFO:journalctl@ceph.mon.a.smithi060.stdout:Oct 16 19:27:08 smithi060 ceph-mon[99437]: from='client.14124 -' entity='client.admin' cmd=[{"prefix": "get_command_descriptions"}]: dispatch
2023-10-16T19:27:08.385 INFO:journalctl@ceph.mon.a.smithi060.stdout:Oct 16 19:27:08 smithi060 ceph-mon[99437]: from='client.14124 -' entity='client.admin' cmd=[{"prefix": "mgr_status"}]: dispatch
2023-10-16T19:27:08.385 INFO:journalctl@ceph.mon.a.smithi060.stdout:Oct 16 19:27:08 smithi060 ceph-mon[99437]: [16/Oct/2023:19:27:07] ENGINE Serving on http://172.21.15.60:8765
2023-10-16T19:27:08.386 INFO:journalctl@ceph.mon.a.smithi060.stdout:Oct 16 19:27:08 smithi060 ceph-mon[99437]: [16/Oct/2023:19:27:07] ENGINE Serving on https://172.21.15.60:7150
2023-10-16T19:27:08.386 INFO:journalctl@ceph.mon.a.smithi060.stdout:Oct 16 19:27:08 smithi060 ceph-mon[99437]: [16/Oct/2023:19:27:07] ENGINE Bus STARTED
2023-10-16T19:27:08.386 INFO:journalctl@ceph.mon.a.smithi060.stdout:Oct 16 19:27:08 smithi060 ceph-mon[99437]: from='mgr.14120 172.21.15.60:0/4289215794' entity='mgr.x' cmd=[{"prefix": "config dump", "format": "json"}]: dispatch
2023-10-16T19:27:08.683 INFO:teuthology.orchestra.run.smithi060.stdout:/usr/bin/ceph: stderr
2023-10-16T19:27:07.943+0000 7f69718ea700 1 Processor -- start
2023-10-16T19:27:08.683 INFO:teuthology.orchestra.run.smithi060.stdout:/usr/bin/ceph: stderr
2023-10-16T19:27:07.943+0000 7f69718ea700 1 -- start start
2023-10-16T19:27:08.684 INFO:teuthology.orchestra.run.smithi060.stdout:/usr/bin/ceph: stderr
2023-10-16T19:27:07.943+0000 7f69718ea700 1 --2- >> [v2:172.21.15.60:3300/0,v1:172.21.15.60:6789/0] conn(0x7f696c1057c0 0x7f696c105be0 unknown :-1 s=NONE pgs=0 cs=0 l=0 rev1=0 crypto rx=0 tx=0 comp rx=0 tx=0).connect
2023-10-16T19:27:08.684 INFO:teuthology.orchestra.run.smithi060.stdout:/usr/bin/ceph: stderr
2023-10-16T19:27:07.943+0000 7f69718ea700 1 -- --> [v2:172.21.15.60:3300/0,v1:172.21.15.60:6789/0] -- mon_getmap magic: 0 v1 -- 0x7f696c1061b0 con 0x7f696c1057c0
2023-10-16T19:27:08.684 INFO:teuthology.orchestra.run.smithi060.stdout:/usr/bin/ceph: stderr
2023-10-16T19:27:07.943+0000 7f696affd700 1 --2- >> [v2:172.21.15.60:3300/0,v1:172.21.15.60:6789/0] conn(0x7f696c1057c0 0x7f696c105be0 unknown :-1 s=BANNER_CONNECTING pgs=0 cs=0 l=0 rev1=0 crypto rx=0 tx=0 comp rx=0 tx=0)._handle_peer_banner_payload supported=3 required=0
2023-10-16T19:27:08.684 INFO:teuthology.orchestra.run.smithi060.stdout:/usr/bin/ceph: stderr
2023-10-16T19:27:07.943+0000 7f696affd700 1 --2- >> [v2:172.21.15.60:3300/0,v1:172.21.15.60:6789/0] conn(0x7f696c1057c0 0x7f696c105be0 unknown :-1 s=HELLO_CONNECTING pgs=0 cs=0 l=0 rev1=1 crypto rx=0 tx=0 comp rx=0 tx=0).handle_hello peer v2:172.21.15.60:3300/0 says I am v2:172.21.15.60:39526/0 (socket says 172.21.15.60:39526)
2023-10-16T19:27:08.684 INFO:teuthology.orchestra.run.smithi060.stdout:/usr/bin/ceph: stderr
2023-10-16T19:27:07.943+0000 7f696affd700 1 -- 172.21.15.60:0/2974277941 learned_addr learned my addr 172.21.15.60:0/2974277941 (peer_addr_for_me v2:172.21.15.60:0/0)
2023-10-16T19:27:08.685 INFO:teuthology.orchestra.run.smithi060.stdout:/usr/bin/ceph: stderr
2023-10-16T19:27:07.944+0000 7f696affd700 1 -- 172.21.15.60:0/2974277941 --> [v2:172.21.15.60:3300/0,v1:172.21.15.60:6789/0] -- mon_subscribe({config=0+,monmap=0+}) v3 -- 0x7f696c1069c0 con 0x7f696c1057c0
2023-10-16T19:27:08.685 INFO:teuthology.orchestra.run.smithi060.stdout:/usr/bin/ceph: stderr
2023-10-16T19:27:07.944+0000 7f696affd700 1 --2- 172.21.15.60:0/2974277941 >> [v2:172.21.15.60:3300/0,v1:172.21.15.60:6789/0] conn(0x7f696c1057c0 0x7f696c105be0 secure :-1 s=READY pgs=37 cs=0 l=1 rev1=1 crypto rx=0x7f69600098a0 tx=0x7f6960009bb0 comp rx=0 tx=0).ready entity=mon.0 client_cookie=52cc45e576d2005e server_cookie=0 in_seq=0 out_seq=0
2023-10-16T19:27:08.685 INFO:teuthology.orchestra.run.smithi060.stdout:/usr/bin/ceph: stderr
2023-10-16T19:27:07.944+0000 7f6969ffb700 1 -- 172.21.15.60:0/2974277941 <== mon.0 v2:172.21.15.60:3300/0 1 ==== mon_map magic: 0 v1 ==== 205+0+0 (secure 0 0 0) 0x7f6960004160 con 0x7f696c1057c0
2023-10-16T19:27:08.685 INFO:teuthology.orchestra.run.smithi060.stdout:/usr/bin/ceph: stderr
2023-10-16T19:27:07.944+0000 7f6969ffb700 1 -- 172.21.15.60:0/2974277941 <== mon.0 v2:172.21.15.60:3300/0 2 ==== config(27 keys) v1 ==== 1108+0+0 (secure 0 0 0) 0x7f69600042c0 con 0x7f696c1057c0
2023-10-16T19:27:08.685 INFO:teuthology.orchestra.run.smithi060.stdout:/usr/bin/ceph: stderr
2023-10-16T19:27:07.944+0000 7f6969ffb700 1 -- 172.21.15.60:0/2974277941 <== mon.0 v2:172.21.15.60:3300/0 3 ==== mon_map magic: 0 v1 ==== 205+0+0 (secure 0 0 0) 0x7f6960011ac0 con 0x7f696c1057c0
2023-10-16T19:27:08.685 INFO:teuthology.orchestra.run.smithi060.stdout:/usr/bin/ceph: stderr
2023-10-16T19:27:07.945+0000 7f69718ea700 1 -- 172.21.15.60:0/2974277941 >> [v2:172.21.15.60:3300/0,v1:172.21.15.60:6789/0] conn(0x7f696c1057c0 msgr2=0x7f696c105be0 secure :-1 s=STATE_CONNECTION_ESTABLISHED l=1).mark_down
2023-10-16T19:27:08.686 INFO:teuthology.orchestra.run.smithi060.stdout:/usr/bin/ceph: stderr
2023-10-16T19:27:07.945+0000 7f69718ea700 1 --2- 172.21.15.60:0/2974277941 >> [v2:172.21.15.60:3300/0,v1:172.21.15.60:6789/0] conn(0x7f696c1057c0 0x7f696c105be0 secure :-1 s=READY pgs=37 cs=0 l=1 rev1=1 crypto rx=0x7f69600098a0 tx=0x7f6960009bb0 comp rx=0 tx=0).stop
2023-10-16T19:27:08.686 INFO:teuthology.orchestra.run.smithi060.stdout:/usr/bin/ceph: stderr
2023-10-16T19:27:07.945+0000 7f69718ea700 1 -- 172.21.15.60:0/2974277941 shutdown_connections
2023-10-16T19:27:08.686 INFO:teuthology.orchestra.run.smithi060.stdout:/usr/bin/ceph: stderr
2023-10-16T19:27:07.945+0000 7f69718ea700 1 --2- 172.21.15.60:0/2974277941 >> [v2:172.21.15.60:3300/0,v1:172.21.15.60:6789/0] conn(0x7f696c1057c0 0x7f696c105be0 unknown :-1 s=CLOSED pgs=37 cs=0 l=1 rev1=1 crypto rx=0 tx=0 comp rx=0 tx=0).stop
2023-10-16T19:27:08.686 INFO:teuthology.orchestra.run.smithi060.stdout:/usr/bin/ceph: stderr
2023-10-16T19:27:07.945+0000 7f69718ea700 1 -- 172.21.15.60:0/2974277941 >> 172.21.15.60:0/2974277941 conn(0x7f696c100d80 msgr2=0x7f696c1031a0 unknown :-1 s=STATE_NONE l=0).mark_down
2023-10-16T19:27:08.686 INFO:teuthology.orchestra.run.smithi060.stdout:/usr/bin/ceph: stderr
2023-10-16T19:27:07.945+0000 7f69718ea700 1 -- 172.21.15.60:0/2974277941 shutdown_connections
2023-10-16T19:27:08.687 INFO:teuthology.orchestra.run.smithi060.stdout:/usr/bin/ceph: stderr
2023-10-16T19:27:07.945+0000 7f69718ea700 1 -- 172.21.15.60:0/2974277941 wait complete.
2023-10-16T19:27:08.687 INFO:teuthology.orchestra.run.smithi060.stdout:/usr/bin/ceph: stderr
2023-10-16T19:27:07.946+0000 7f69718ea700 1 Processor -- start
2023-10-16T19:27:08.687 INFO:teuthology.orchestra.run.smithi060.stdout:/usr/bin/ceph: stderr
2023-10-16T19:27:07.946+0000 7f69718ea700 1 -- start start
2023-10-16T19:27:08.687 INFO:teuthology.orchestra.run.smithi060.stdout:/usr/bin/ceph: stderr
2023-10-16T19:27:07.946+0000 7f69718ea700 1 --2- >> [v2:172.21.15.60:3300/0,v1:172.21.15.60:6789/0] conn(0x7f696c1057c0 0x7f696c19a5b0 unknown :-1 s=NONE pgs=0 cs=0 l=1 rev1=0 crypto rx=0 tx=0 comp rx=0 tx=0).connect
2023-10-16T19:27:08.687 INFO:teuthology.orchestra.run.smithi060.stdout:/usr/bin/ceph: stderr
2023-10-16T19:27:07.946+0000 7f69718ea700 1 -- --> [v2:172.21.15.60:3300/0,v1:172.21.15.60:6789/0] -- mon_getmap magic: 0 v1 -- 0x7f696c19aaf0 con 0x7f696c1057c0
2023-10-16T19:27:08.688 INFO:teuthology.orchestra.run.smithi060.stdout:/usr/bin/ceph: stderr
2023-10-16T19:27:07.946+0000 7f696affd700 1 --2- >> [v2:172.21.15.60:3300/0,v1:172.21.15.60:6789/0] conn(0x7f696c1057c0 0x7f696c19a5b0 unknown :-1 s=BANNER_CONNECTING pgs=0 cs=0 l=1 rev1=0 crypto rx=0 tx=0 comp rx=0 tx=0)._handle_peer_banner_payload supported=3 required=0
2023-10-16T19:27:08.688 INFO:teuthology.orchestra.run.smithi060.stdout:/usr/bin/ceph: stderr
2023-10-16T19:27:07.946+0000 7f696affd700 1 --2- >> [v2:172.21.15.60:3300/0,v1:172.21.15.60:6789/0] conn(0x7f696c1057c0 0x7f696c19a5b0 unknown :-1 s=HELLO_CONNECTING pgs=0 cs=0 l=1 rev1=1 crypto rx=0 tx=0 comp rx=0 tx=0).handle_hello peer v2:172.21.15.60:3300/0 says I am v2:172.21.15.60:39528/0 (socket says 172.21.15.60:39528)
2023-10-16T19:27:08.688 INFO:teuthology.orchestra.run.smithi060.stdout:/usr/bin/ceph: stderr
2023-10-16T19:27:07.946+0000 7f696affd700 1 -- 172.21.15.60:0/2997187925 learned_addr learned my addr 172.21.15.60:0/2997187925 (peer_addr_for_me v2:172.21.15.60:0/0)
2023-10-16T19:27:08.688 INFO:teuthology.orchestra.run.smithi060.stdout:/usr/bin/ceph: stderr
2023-10-16T19:27:07.947+0000 7f696affd700 1 -- 172.21.15.60:0/2997187925 --> [v2:172.21.15.60:3300/0,v1:172.21.15.60:6789/0] -- mon_subscribe({config=0+,monmap=0+}) v3 -- 0x7f6960009550 con 0x7f696c1057c0
2023-10-16T19:27:08.688 INFO:teuthology.orchestra.run.smithi060.stdout:/usr/bin/ceph: stderr
2023-10-16T19:27:07.947+0000 7f696affd700 1 --2- 172.21.15.60:0/2997187925 >> [v2:172.21.15.60:3300/0,v1:172.21.15.60:6789/0] conn(0x7f696c1057c0 0x7f696c19a5b0 secure :-1 s=READY pgs=38 cs=0 l=1 rev1=1 crypto rx=0x7f6960000c00 tx=0x7f6960011b40 comp rx=0 tx=0).ready entity=mon.0 client_cookie=0 server_cookie=0 in_seq=0 out_seq=0
2023-10-16T19:27:08.688 INFO:teuthology.orchestra.run.smithi060.stdout:/usr/bin/ceph: stderr
2023-10-16T19:27:07.947+0000 7f69708e8700 1 -- 172.21.15.60:0/2997187925 <== mon.0 v2:172.21.15.60:3300/0 1 ==== mon_map magic: 0 v1 ==== 205+0+0 (secure 0 0 0) 0x7f6960003aa0 con 0x7f696c1057c0
2023-10-16T19:27:08.689 INFO:teuthology.orchestra.run.smithi060.stdout:/usr/bin/ceph: stderr
2023-10-16T19:27:07.947+0000 7f69718ea700 1 -- 172.21.15.60:0/2997187925 --> [v2:172.21.15.60:3300/0,v1:172.21.15.60:6789/0] -- mon_subscribe({mgrmap=0+}) v3 -- 0x7f696c19acf0 con 0x7f696c1057c0
2023-10-16T19:27:08.689 INFO:teuthology.orchestra.run.smithi060.stdout:/usr/bin/ceph: stderr
