2023-10-16T19:27:32.039+0000 7fd99bfff700 1 -- 172.21.15.60:0/705390394 >> [v2:172.21.15.60:6800/2065428177,v1:172.21.15.60:6801/2065428177] conn(0x7fd990038870 msgr2=0x7fd99003ad30 unknown :-1 s=STATE_CONNECTING l=1).mark_down
2023-10-16T19:27:33.441 INFO:teuthology.orchestra.run.smithi060.stdout:/usr/bin/ceph: stderr
2023-10-16T19:27:32.039+0000 7fd99bfff700 1 --2- 172.21.15.60:0/705390394 >> [v2:172.21.15.60:6800/2065428177,v1:172.21.15.60:6801/2065428177] conn(0x7fd990038870 0x7fd99003ad30 unknown :-1 s=START_CONNECT pgs=0 cs=0 l=1 rev1=0 crypto rx=0 tx=0 comp rx=0 tx=0).stop
2023-10-16T19:27:33.441 INFO:teuthology.orchestra.run.smithi060.stdout:/usr/bin/ceph: stderr
2023-10-16T19:27:33.040+0000 7fd99bfff700 1 -- 172.21.15.60:0/705390394 <== mon.0 v2:172.21.15.60:3300/0 7 ==== mgrmap(e 11) v1 ==== 45486+0+0 (secure 0 0 0) 0x7fd994017d90 con 0x7fd9a4104bc0
2023-10-16T19:27:33.442 INFO:teuthology.orchestra.run.smithi060.stdout:/usr/bin/ceph: stderr
2023-10-16T19:27:33.041+0000 7fd99bfff700 1 --2- 172.21.15.60:0/705390394 >> [v2:172.21.15.60:6800/3615041022,v1:172.21.15.60:6801/3615041022] conn(0x7fd99003c1b0 0x7fd99003e5a0 unknown :-1 s=NONE pgs=0 cs=0 l=1 rev1=0 crypto rx=0 tx=0 comp rx=0 tx=0).connect
2023-10-16T19:27:33.442 INFO:teuthology.orchestra.run.smithi060.stdout:/usr/bin/ceph: stderr
2023-10-16T19:27:33.041+0000 7fd99bfff700 1 -- 172.21.15.60:0/705390394 --> [v2:172.21.15.60:6800/3615041022,v1:172.21.15.60:6801/3615041022] -- command(tid 0: {"prefix": "get_command_descriptions"}) v1 -- 0x7fd99003b440 con 0x7fd99003c1b0
2023-10-16T19:27:33.442 INFO:teuthology.orchestra.run.smithi060.stdout:/usr/bin/ceph: stderr
2023-10-16T19:27:33.041+0000 7fd9a27fc700 1 --2- 172.21.15.60:0/705390394 >> [v2:172.21.15.60:6800/3615041022,v1:172.21.15.60:6801/3615041022] conn(0x7fd99003c1b0 0x7fd99003e5a0 unknown :-1 s=BANNER_CONNECTING pgs=0 cs=0 l=1 rev1=0 crypto rx=0 tx=0 comp rx=0 tx=0)._handle_peer_banner_payload supported=3 required=0
2023-10-16T19:27:33.442 INFO:teuthology.orchestra.run.smithi060.stdout:/usr/bin/ceph: stderr
2023-10-16T19:27:33.042+0000 7fd9a27fc700 1 --2- 172.21.15.60:0/705390394 >> [v2:172.21.15.60:6800/3615041022,v1:172.21.15.60:6801/3615041022] conn(0x7fd99003c1b0 0x7fd99003e5a0 secure :-1 s=READY pgs=2 cs=0 l=1 rev1=1 crypto rx=0x7fd98c003a10 tx=0x7fd98c009270 comp rx=0 tx=0).ready entity=mgr.14152 client_cookie=0 server_cookie=0 in_seq=0 out_seq=0
2023-10-16T19:27:33.442 INFO:teuthology.orchestra.run.smithi060.stdout:/usr/bin/ceph: stderr
2023-10-16T19:27:33.042+0000 7fd99bfff700 1 -- 172.21.15.60:0/705390394 <== mgr.14152 v2:172.21.15.60:6800/3615041022 1 ==== command_reply(tid 0: 0 ) v1 ==== 8+0+6910 (secure 0 0 0) 0x7fd99003b440 con 0x7fd99003c1b0
2023-10-16T19:27:33.443 INFO:teuthology.orchestra.run.smithi060.stdout:/usr/bin/ceph: stderr
2023-10-16T19:27:33.053+0000 7fd9a94c3700 1 -- 172.21.15.60:0/705390394 --> [v2:172.21.15.60:6800/3615041022,v1:172.21.15.60:6801/3615041022] -- command(tid 1: {"prefix": "mgr_status"}) v1 -- 0x7fd9a4107050 con 0x7fd99003c1b0
2023-10-16T19:27:33.443 INFO:teuthology.orchestra.run.smithi060.stdout:/usr/bin/ceph: stderr
2023-10-16T19:27:33.053+0000 7fd99bfff700 1 -- 172.21.15.60:0/705390394 <== mgr.14152 v2:172.21.15.60:6800/3615041022 2 ==== command_reply(tid 1: 0 ) v1 ==== 8+0+52 (secure 0 0 0) 0x7fd9a4107050 con 0x7fd99003c1b0
2023-10-16T19:27:33.443 INFO:teuthology.orchestra.run.smithi060.stdout:/usr/bin/ceph: stderr
2023-10-16T19:27:33.054+0000 7fd9a94c3700 1 -- 172.21.15.60:0/705390394 >> [v2:172.21.15.60:6800/3615041022,v1:172.21.15.60:6801/3615041022] conn(0x7fd99003c1b0 msgr2=0x7fd99003e5a0 secure :-1 s=STATE_CONNECTION_ESTABLISHED l=1).mark_down
2023-10-16T19:27:33.443 INFO:teuthology.orchestra.run.smithi060.stdout:/usr/bin/ceph: stderr
2023-10-16T19:27:33.054+0000 7fd9a94c3700 1 --2- 172.21.15.60:0/705390394 >> [v2:172.21.15.60:6800/3615041022,v1:172.21.15.60:6801/3615041022] conn(0x7fd99003c1b0 0x7fd99003e5a0 secure :-1 s=READY pgs=2 cs=0 l=1 rev1=1 crypto rx=0x7fd98c003a10 tx=0x7fd98c009270 comp rx=0 tx=0).stop
2023-10-16T19:27:33.443 INFO:teuthology.orchestra.run.smithi060.stdout:/usr/bin/ceph: stderr
2023-10-16T19:27:33.054+0000 7fd9a94c3700 1 -- 172.21.15.60:0/705390394 >> [v2:172.21.15.60:3300/0,v1:172.21.15.60:6789/0] conn(0x7fd9a4104bc0 msgr2=0x7fd9a41074b0 secure :-1 s=STATE_CONNECTION_ESTABLISHED l=1).mark_down
2023-10-16T19:27:33.444 INFO:teuthology.orchestra.run.smithi060.stdout:/usr/bin/ceph: stderr
2023-10-16T19:27:33.054+0000 7fd9a94c3700 1 --2- 172.21.15.60:0/705390394 >> [v2:172.21.15.60:3300/0,v1:172.21.15.60:6789/0] conn(0x7fd9a4104bc0 0x7fd9a41074b0 secure :-1 s=READY pgs=62 cs=0 l=1 rev1=1 crypto rx=0x7fd994006ba0 tx=0x7fd994011b00 comp rx=0 tx=0).stop
2023-10-16T19:27:33.444 INFO:teuthology.orchestra.run.smithi060.stdout:/usr/bin/ceph: stderr
2023-10-16T19:27:33.054+0000 7fd9a94c3700 1 -- 172.21.15.60:0/705390394 shutdown_connections
2023-10-16T19:27:33.444 INFO:teuthology.orchestra.run.smithi060.stdout:/usr/bin/ceph: stderr
2023-10-16T19:27:33.054+0000 7fd9a94c3700 1 --2- 172.21.15.60:0/705390394 >> [v2:172.21.15.60:6800/3615041022,v1:172.21.15.60:6801/3615041022] conn(0x7fd99003c1b0 0x7fd99003e5a0 unknown :-1 s=CLOSED pgs=2 cs=0 l=1 rev1=1 crypto rx=0 tx=0 comp rx=0 tx=0).stop
2023-10-16T19:27:33.444 INFO:teuthology.orchestra.run.smithi060.stdout:/usr/bin/ceph: stderr
2023-10-16T19:27:33.054+0000 7fd9a94c3700 1 --2- 172.21.15.60:0/705390394 >> [v2:172.21.15.60:3300/0,v1:172.21.15.60:6789/0] conn(0x7fd9a4104bc0 0x7fd9a41074b0 unknown :-1 s=CLOSED pgs=62 cs=0 l=1 rev1=1 crypto rx=0 tx=0 comp rx=0 tx=0).stop
2023-10-16T19:27:33.444 INFO:teuthology.orchestra.run.smithi060.stdout:/usr/bin/ceph: stderr
2023-10-16T19:27:33.054+0000 7fd9a94c3700 1 --2- 172.21.15.60:0/705390394 >> [v2:172.21.15.60:6800/2065428177,v1:172.21.15.60:6801/2065428177] conn(0x7fd990038870 0x7fd99003ad30 unknown :-1 s=CLOSED pgs=0 cs=0 l=1 rev1=0 crypto rx=0 tx=0 comp rx=0 tx=0).stop
2023-10-16T19:27:33.444 INFO:teuthology.orchestra.run.smithi060.stdout:/usr/bin/ceph: stderr
2023-10-16T19:27:33.054+0000 7fd9a94c3700 1 -- 172.21.15.60:0/705390394 >> 172.21.15.60:0/705390394 conn(0x7fd9a41004f0 msgr2=0x7fd9a4101200 unknown :-1 s=STATE_NONE l=0).mark_down
2023-10-16T19:27:33.445 INFO:teuthology.orchestra.run.smithi060.stdout:/usr/bin/ceph: stderr
2023-10-16T19:27:33.054+0000 7fd9a94c3700 1 -- 172.21.15.60:0/705390394 shutdown_connections
2023-10-16T19:27:33.445 INFO:teuthology.orchestra.run.smithi060.stdout:/usr/bin/ceph: stderr
2023-10-16T19:27:33.054+0000 7fd9a94c3700 1 -- 172.21.15.60:0/705390394 wait complete.
2023-10-16T19:27:33.445 INFO:teuthology.orchestra.run.smithi060.stdout:mgr epoch 9 is available
2023-10-16T19:27:33.445 INFO:teuthology.orchestra.run.smithi060.stdout:Generating a dashboard self-signed certificate...
2023-10-16T19:27:34.399 INFO:journalctl@ceph.mon.a.smithi060.stdout:Oct 16 19:27:34 smithi060 ceph-mon[99437]: [16/Oct/2023:19:27:32] ENGINE Serving on https://172.21.15.60:7150
2023-10-16T19:27:34.399 INFO:journalctl@ceph.mon.a.smithi060.stdout:Oct 16 19:27:34 smithi060 ceph-mon[99437]: [16/Oct/2023:19:27:33] ENGINE Serving on http://172.21.15.60:8765
2023-10-16T19:27:34.399 INFO:journalctl@ceph.mon.a.smithi060.stdout:Oct 16 19:27:34 smithi060 ceph-mon[99437]: [16/Oct/2023:19:27:33] ENGINE Bus STARTED
2023-10-16T19:27:34.400 INFO:journalctl@ceph.mon.a.smithi060.stdout:Oct 16 19:27:34 smithi060 ceph-mon[99437]: from='client.14156 -' entity='client.admin' cmd=[{"prefix": "get_command_descriptions"}]: dispatch
2023-10-16T19:27:34.400 INFO:journalctl@ceph.mon.a.smithi060.stdout:Oct 16 19:27:34 smithi060 ceph-mon[99437]: mgrmap e11: x(active, since 1.00577s)
2023-10-16T19:27:34.400 INFO:journalctl@ceph.mon.a.smithi060.stdout:Oct 16 19:27:34 smithi060 ceph-mon[99437]: from='client.14156 -' entity='client.admin' cmd=[{"prefix": "mgr_status"}]: dispatch
2023-10-16T19:27:35.071 INFO:teuthology.orchestra.run.smithi060.stdout:/usr/bin/ceph: stdout Self-signed certificate created
2023-10-16T19:27:35.072 INFO:teuthology.orchestra.run.smithi060.stdout:/usr/bin/ceph: stderr
2023-10-16T19:27:34.010+0000 7fa88500b700 1 Processor -- start
2023-10-16T19:27:35.072 INFO:teuthology.orchestra.run.smithi060.stdout:/usr/bin/ceph: stderr
2023-10-16T19:27:34.010+0000 7fa88500b700 1 -- start start
2023-10-16T19:27:35.072 INFO:teuthology.orchestra.run.smithi060.stdout:/usr/bin/ceph: stderr
2023-10-16T19:27:34.010+0000 7fa88500b700 1 --2- >> [v2:172.21.15.60:3300/0,v1:172.21.15.60:6789/0] conn(0x7fa8801057a0 0x7fa880105bc0 unknown :-1 s=NONE pgs=0 cs=0 l=0 rev1=0 crypto rx=0 tx=0 comp rx=0 tx=0).connect
2023-10-16T19:27:35.072 INFO:teuthology.orchestra.run.smithi060.stdout:/usr/bin/ceph: stderr
2023-10-16T19:27:34.010+0000 7fa88500b700 1 -- --> [v2:172.21.15.60:3300/0,v1:172.21.15.60:6789/0] -- mon_getmap magic: 0 v1 -- 0x7fa880106190 con 0x7fa8801057a0
2023-10-16T19:27:35.072 INFO:teuthology.orchestra.run.smithi060.stdout:/usr/bin/ceph: stderr
2023-10-16T19:27:34.011+0000 7fa87ed9d700 1 --2- >> [v2:172.21.15.60:3300/0,v1:172.21.15.60:6789/0] conn(0x7fa8801057a0 0x7fa880105bc0 unknown :-1 s=BANNER_CONNECTING pgs=0 cs=0 l=0 rev1=0 crypto rx=0 tx=0 comp rx=0 tx=0)._handle_peer_banner_payload supported=3 required=0
2023-10-16T19:27:35.073 INFO:teuthology.orchestra.run.smithi060.stdout:/usr/bin/ceph: stderr
2023-10-16T19:27:34.011+0000 7fa87ed9d700 1 --2- >> [v2:172.21.15.60:3300/0,v1:172.21.15.60:6789/0] conn(0x7fa8801057a0 0x7fa880105bc0 unknown :-1 s=HELLO_CONNECTING pgs=0 cs=0 l=0 rev1=1 crypto rx=0 tx=0 comp rx=0 tx=0).handle_hello peer v2:172.21.15.60:3300/0 says I am v2:172.21.15.60:39692/0 (socket says 172.21.15.60:39692)
2023-10-16T19:27:35.073 INFO:teuthology.orchestra.run.smithi060.stdout:/usr/bin/ceph: stderr
2023-10-16T19:27:34.011+0000 7fa87ed9d700 1 -- 172.21.15.60:0/3573923356 learned_addr learned my addr 172.21.15.60:0/3573923356 (peer_addr_for_me v2:172.21.15.60:0/0)
2023-10-16T19:27:35.073 INFO:teuthology.orchestra.run.smithi060.stdout:/usr/bin/ceph: stderr
2023-10-16T19:27:34.011+0000 7fa87ed9d700 1 -- 172.21.15.60:0/3573923356 --> [v2:172.21.15.60:3300/0,v1:172.21.15.60:6789/0] -- mon_subscribe({config=0+,monmap=0+}) v3 -- 0x7fa8801069a0 con 0x7fa8801057a0
2023-10-16T19:27:35.073 INFO:teuthology.orchestra.run.smithi060.stdout:/usr/bin/ceph: stderr
2023-10-16T19:27:34.011+0000 7fa87ed9d700 1 --2- 172.21.15.60:0/3573923356 >> [v2:172.21.15.60:3300/0,v1:172.21.15.60:6789/0] conn(0x7fa8801057a0 0x7fa880105bc0 secure :-1 s=READY pgs=70 cs=0 l=1 rev1=1 crypto rx=0x7fa8740098a0 tx=0x7fa874009bb0 comp rx=0 tx=0).ready entity=mon.0 client_cookie=d6ad3fd8b5c4f31 server_cookie=0 in_seq=0 out_seq=0
2023-10-16T19:27:35.073 INFO:teuthology.orchestra.run.smithi060.stdout:/usr/bin/ceph: stderr
2023-10-16T19:27:34.011+0000 7fa87dd9b700 1 -- 172.21.15.60:0/3573923356 <== mon.0 v2:172.21.15.60:3300/0 1 ==== mon_map magic: 0 v1 ==== 205+0+0 (secure 0 0 0) 0x7fa874004160 con 0x7fa8801057a0
2023-10-16T19:27:35.074 INFO:teuthology.orchestra.run.smithi060.stdout:/usr/bin/ceph: stderr
2023-10-16T19:27:34.011+0000 7fa87dd9b700 1 -- 172.21.15.60:0/3573923356 <== mon.0 v2:172.21.15.60:3300/0 2 ==== config(27 keys) v1 ==== 1139+0+0 (secure 0 0 0) 0x7fa8740042c0 con 0x7fa8801057a0
2023-10-16T19:27:35.074 INFO:teuthology.orchestra.run.smithi060.stdout:/usr/bin/ceph: stderr
2023-10-16T19:27:34.011+0000 7fa87dd9b700 1 -- 172.21.15.60:0/3573923356 <== mon.0 v2:172.21.15.60:3300/0 3 ==== mon_map magic: 0 v1 ==== 205+0+0 (secure 0 0 0) 0x7fa874011a80 con 0x7fa8801057a0
2023-10-16T19:27:35.074 INFO:teuthology.orchestra.run.smithi060.stdout:/usr/bin/ceph: stderr
2023-10-16T19:27:34.012+0000 7fa88500b700 1 -- 172.21.15.60:0/3573923356 >> [v2:172.21.15.60:3300/0,v1:172.21.15.60:6789/0] conn(0x7fa8801057a0 msgr2=0x7fa880105bc0 secure :-1 s=STATE_CONNECTION_ESTABLISHED l=1).mark_down
2023-10-16T19:27:35.074 INFO:teuthology.orchestra.run.smithi060.stdout:/usr/bin/ceph: stderr
2023-10-16T19:27:34.012+0000 7fa88500b700 1 --2- 172.21.15.60:0/3573923356 >> [v2:172.21.15.60:3300/0,v1:172.21.15.60:6789/0] conn(0x7fa8801057a0 0x7fa880105bc0 secure :-1 s=READY pgs=70 cs=0 l=1 rev1=1 crypto rx=0x7fa8740098a0 tx=0x7fa874009bb0 comp rx=0 tx=0).stop
2023-10-16T19:27:35.074 INFO:teuthology.orchestra.run.smithi060.stdout:/usr/bin/ceph: stderr
2023-10-16T19:27:34.012+0000 7fa88500b700 1 -- 172.21.15.60:0/3573923356 shutdown_connections
2023-10-16T19:27:35.075 INFO:teuthology.orchestra.run.smithi060.stdout:/usr/bin/ceph: stderr
2023-10-16T19:27:34.012+0000 7fa88500b700 1 --2- 172.21.15.60:0/3573923356 >> [v2:172.21.15.60:3300/0,v1:172.21.15.60:6789/0] conn(0x7fa8801057a0 0x7fa880105bc0 unknown :-1 s=CLOSED pgs=70 cs=0 l=1 rev1=1 crypto rx=0 tx=0 comp rx=0 tx=0).stop
2023-10-16T19:27:35.075 INFO:teuthology.orchestra.run.smithi060.stdout:/usr/bin/ceph: stderr
2023-10-16T19:27:34.012+0000 7fa88500b700 1 -- 172.21.15.60:0/3573923356 >> 172.21.15.60:0/3573923356 conn(0x7fa880100d40 msgr2=0x7fa880103180 unknown :-1 s=STATE_NONE l=0).mark_down
2023-10-16T19:27:35.075 INFO:teuthology.orchestra.run.smithi060.stdout:/usr/bin/ceph: stderr
2023-10-16T19:27:34.012+0000 7fa88500b700 1 -- 172.21.15.60:0/3573923356 shutdown_connections
2023-10-16T19:27:35.075 INFO:teuthology.orchestra.run.smithi060.stdout:/usr/bin/ceph: stderr
2023-10-16T19:27:34.012+0000 7fa88500b700 1 -- 172.21.15.60:0/3573923356 wait complete.
2023-10-16T19:27:35.075 INFO:teuthology.orchestra.run.smithi060.stdout:/usr/bin/ceph: stderr
2023-10-16T19:27:34.013+0000 7fa88500b700 1 Processor -- start
2023-10-16T19:27:35.076 INFO:teuthology.orchestra.run.smithi060.stdout:/usr/bin/ceph: stderr
2023-10-16T19:27:34.013+0000 7fa88500b700 1 -- start start
2023-10-16T19:27:35.076 INFO:teuthology.orchestra.run.smithi060.stdout:/usr/bin/ceph: stderr
2023-10-16T19:27:34.013+0000 7fa88500b700 1 --2- >> [v2:172.21.15.60:3300/0,v1:172.21.15.60:6789/0] conn(0x7fa8801057a0 0x7fa8801909f0 unknown :-1 s=NONE pgs=0 cs=0 l=1 rev1=0 crypto rx=0 tx=0 comp rx=0 tx=0).connect
2023-10-16T19:27:35.076 INFO:teuthology.orchestra.run.smithi060.stdout:/usr/bin/ceph: stderr
2023-10-16T19:27:34.013+0000 7fa88500b700 1 -- --> [v2:172.21.15.60:3300/0,v1:172.21.15.60:6789/0] -- mon_getmap magic: 0 v1 -- 0x7fa880190f30 con 0x7fa8801057a0
2023-10-16T19:27:35.076 INFO:teuthology.orchestra.run.smithi060.stdout:/usr/bin/ceph: stderr
2023-10-16T19:27:34.013+0000 7fa87ed9d700 1 --2- >> [v2:172.21.15.60:3300/0,v1:172.21.15.60:6789/0] conn(0x7fa8801057a0 0x7fa8801909f0 unknown :-1 s=BANNER_CONNECTING pgs=0 cs=0 l=1 rev1=0 crypto rx=0 tx=0 comp rx=0 tx=0)._handle_peer_banner_payload supported=3 required=0
2023-10-16T19:27:35.076 INFO:teuthology.orchestra.run.smithi060.stdout:/usr/bin/ceph: stderr
2023-10-16T19:27:34.013+0000 7fa87ed9d700 1 --2- >> [v2:172.21.15.60:3300/0,v1:172.21.15.60:6789/0] conn(0x7fa8801057a0 0x7fa8801909f0 unknown :-1 s=HELLO_CONNECTING pgs=0 cs=0 l=1 rev1=1 crypto rx=0 tx=0 comp rx=0 tx=0).handle_hello peer v2:172.21.15.60:3300/0 says I am v2:172.21.15.60:39694/0 (socket says 172.21.15.60:39694)
2023-10-16T19:27:35.077 INFO:teuthology.orchestra.run.smithi060.stdout:/usr/bin/ceph: stderr
2023-10-16T19:27:34.013+0000 7fa87ed9d700 1 -- 172.21.15.60:0/1382804393 learned_addr learned my addr 172.21.15.60:0/1382804393 (peer_addr_for_me v2:172.21.15.60:0/0)
2023-10-16T19:27:35.077 INFO:teuthology.orchestra.run.smithi060.stdout:/usr/bin/ceph: stderr
2023-10-16T19:27:34.014+0000 7fa87ed9d700 1 -- 172.21.15.60:0/1382804393 --> [v2:172.21.15.60:3300/0,v1:172.21.15.60:6789/0] -- mon_subscribe({config=0+,monmap=0+}) v3 -- 0x7fa874009550 con 0x7fa8801057a0
2023-10-16T19:27:35.077 INFO:teuthology.orchestra.run.smithi060.stdout:/usr/bin/ceph: stderr
2023-10-16T19:27:34.014+0000 7fa87ed9d700 1 --2- 172.21.15.60:0/1382804393 >> [v2:172.21.15.60:3300/0,v1:172.21.15.60:6789/0] conn(0x7fa8801057a0 0x7fa8801909f0 secure :-1 s=READY pgs=71 cs=0 l=1 rev1=1 crypto rx=0x7fa874003f20 tx=0x7fa874011b00 comp rx=0 tx=0).ready entity=mon.0 client_cookie=0 server_cookie=0 in_seq=0 out_seq=0
2023-10-16T19:27:35.077 INFO:teuthology.orchestra.run.smithi060.stdout:/usr/bin/ceph: stderr
2023-10-16T19:27:34.014+0000 7fa867fff700 1 -- 172.21.15.60:0/1382804393 <== mon.0 v2:172.21.15.60:3300/0 1 ==== mon_map magic: 0 v1 ==== 205+0+0 (secure 0 0 0) 0x7fa8740039e0 con 0x7fa8801057a0
2023-10-16T19:27:35.077 INFO:teuthology.orchestra.run.smithi060.stdout:/usr/bin/ceph: stderr
2023-10-16T19:27:34.014+0000 7fa867fff700 1 -- 172.21.15.60:0/1382804393 <== mon.0 v2:172.21.15.60:3300/0 2 ==== config(27 keys) v1 ==== 1139+0+0 (secure 0 0 0) 0x7fa874003b40 con 0x7fa8801057a0
2023-10-16T19:27:35.078 INFO:teuthology.orchestra.run.smithi060.stdout:/usr/bin/ceph: stderr
2023-10-16T19:27:34.014+0000 7fa88500b700 1 -- 172.21.15.60:0/1382804393 --> [v2:172.21.15.60:3300/0,v1:172.21.15.60:6789/0] -- mon_subscribe({mgrmap=0+}) v3 -- 0x7fa88018f040 con 0x7fa8801057a0
2023-10-16T19:27:35.078 INFO:teuthology.orchestra.run.smithi060.stdout:/usr/bin/ceph: stderr
2023-10-16T19:27:34.014+0000 7fa867fff700 1 -- 172.21.15.60:0/1382804393 <== mon.0 v2:172.21.15.60:3300/0 3 ==== mon_map magic: 0 v1 ==== 205+0+0 (secure 0 0 0) 0x7fa874024710 con 0x7fa8801057a0
2023-10-16T19:27:35.078 INFO:teuthology.orchestra.run.smithi060.stdout:/usr/bin/ceph: stderr
2023-10-16T19:27:34.014+0000 7fa88500b700 1 -- 172.21.15.60:0/1382804393 --> [v2:172.21.15.60:3300/0,v1:172.21.15.60:6789/0] -- mon_subscribe({osdmap=0}) v3 -- 0x7fa88018f4e0 con 0x7fa8801057a0
2023-10-16T19:27:35.078 INFO:teuthology.orchestra.run.smithi060.stdout:/usr/bin/ceph: stderr
2023-10-16T19:27:34.015+0000 7fa867fff700 1 -- 172.21.15.60:0/1382804393 <== mon.0 v2:172.21.15.60:3300/0 4 ==== mgrmap(e 11) v1 ==== 45486+0+0 (secure 0 0 0) 0x7fa8740249d0 con 0x7fa8801057a0
2023-10-16T19:27:35.078 INFO:teuthology.orchestra.run.smithi060.stdout:/usr/bin/ceph: stderr
2023-10-16T19:27:34.015+0000 7fa88500b700 1 -- 172.21.15.60:0/1382804393 --> [v2:172.21.15.60:3300/0,v1:172.21.15.60:6789/0] -- mon_command({"prefix": "get_command_descriptions"} v 0) v1 -- 0x7fa880109bd0 con 0x7fa8801057a0
2023-10-16T19:27:35.079 INFO:teuthology.orchestra.run.smithi060.stdout:/usr/bin/ceph: stderr
2023-10-16T19:27:34.015+0000 7fa867fff700 1 --2- 172.21.15.60:0/1382804393 >> [v2:172.21.15.60:6800/3615041022,v1:172.21.15.60:6801/3615041022] conn(0x7fa868038700 0x7fa86803abc0 unknown :-1 s=NONE pgs=0 cs=0 l=1 rev1=0 crypto rx=0 tx=0 comp rx=0 tx=0).connect
2023-10-16T19:27:35.079 INFO:teuthology.orchestra.run.smithi060.stdout:/usr/bin/ceph: stderr
2023-10-16T19:27:34.015+0000 7fa867fff700 1 -- 172.21.15.60:0/1382804393 <== mon.0 v2:172.21.15.60:3300/0 5 ==== osd_map(3..3 src has 1..3) v4 ==== 1155+0+0 (secure 0 0 0) 0x7fa87404c970 con 0x7fa8801057a0
2023-10-16T19:27:35.079 INFO:teuthology.orchestra.run.smithi060.stdout:/usr/bin/ceph: stderr
2023-10-16T19:27:34.015+0000 7fa87e59c700 1 --2- 172.21.15.60:0/1382804393 >> [v2:172.21.15.60:6800/3615041022,v1:172.21.15.60:6801/3615041022] conn(0x7fa868038700 0x7fa86803abc0 unknown :-1 s=BANNER_CONNECTING pgs=0 cs=0 l=1 rev1=0 crypto rx=0 tx=0 comp rx=0 tx=0)._handle_peer_banner_payload supported=3 required=0
2023-10-16T19:27:35.079 INFO:teuthology.orchestra.run.smithi060.stdout:/usr/bin/ceph: stderr
2023-10-16T19:27:34.016+0000 7fa87e59c700 1 --2- 172.21.15.60:0/1382804393 >> [v2:172.21.15.60:6800/3615041022,v1:172.21.15.60:6801/3615041022] conn(0x7fa868038700 0x7fa86803abc0 secure :-1 s=READY pgs=7 cs=0 l=1 rev1=1 crypto rx=0x7fa870006fd0 tx=0x7fa870006e40 comp rx=0 tx=0).ready entity=mgr.14152 client_cookie=0 server_cookie=0 in_seq=0 out_seq=0
2023-10-16T19:27:35.079 INFO:teuthology.orchestra.run.smithi060.stdout:/usr/bin/ceph: stderr
2023-10-16T19:27:34.020+0000 7fa867fff700 1 -- 172.21.15.60:0/1382804393 <== mon.0 v2:172.21.15.60:3300/0 6 ==== mon_command_ack([{"prefix": "get_command_descriptions"}]=0 v0) v1 ==== 72+0+180459 (secure 0 0 0) 0x7fa874022720 con 0x7fa8801057a0
2023-10-16T19:27:35.080 INFO:teuthology.orchestra.run.smithi060.stdout:/usr/bin/ceph: stderr
2023-10-16T19:27:34.041+0000 7fa867fff700 1 -- 172.21.15.60:0/1382804393 <== mon.0 v2:172.21.15.60:3300/0 7 ==== mgrmap(e 12) v1 ==== 45592+0+0 (secure 0 0 0) 0x7fa87402dcf0 con 0x7fa8801057a0
2023-10-16T19:27:35.080 INFO:teuthology.orchestra.run.smithi060.stdout:/usr/bin/ceph: stderr
2023-10-16T19:27:34.396+0000 7fa88500b700 1 -- 172.21.15.60:0/1382804393 --> [v2:172.21.15.60:6800/3615041022,v1:172.21.15.60:6801/3615041022] -- mgr_command(tid 0: {"prefix": "dashboard create-self-signed-cert", "target": ["mon-mgr", ""]}) v1 -- 0x7fa88018fc40 con 0x7fa868038700
2023-10-16T19:27:35.080 INFO:teuthology.orchestra.run.smithi060.stdout:/usr/bin/ceph: stderr
2023-10-16T19:27:34.616+0000 7fa867fff700 1 -- 172.21.15.60:0/1382804393 <== mgr.14152 v2:172.21.15.60:6800/3615041022 1 ==== mgr_command_reply(tid 0: 0 ) v1 ==== 8+0+32 (secure 0 0 0) 0x7fa88018fc40 con 0x7fa868038700
2023-10-16T19:27:35.080 INFO:teuthology.orchestra.run.smithi060.stdout:/usr/bin/ceph: stderr
2023-10-16T19:27:34.619+0000 7fa88500b700 1 -- 172.21.15.60:0/1382804393 >> [v2:172.21.15.60:6800/3615041022,v1:172.21.15.60:6801/3615041022] conn(0x7fa868038700 msgr2=0x7fa86803abc0 secure :-1 s=STATE_CONNECTION_ESTABLISHED l=1).mark_down
2023-10-16T19:27:35.080 INFO:teuthology.orchestra.run.smithi060.stdout:/usr/bin/ceph: stderr
2023-10-16T19:27:34.619+0000 7fa88500b700 1 --2- 172.21.15.60:0/1382804393 >> [v2:172.21.15.60:6800/3615041022,v1:172.21.15.60:6801/3615041022] conn(0x7fa868038700 0x7fa86803abc0 secure :-1 s=READY pgs=7 cs=0 l=1 rev1=1 crypto rx=0x7fa870006fd0 tx=0x7fa870006e40 comp rx=0 tx=0).stop
2023-10-16T19:27:35.081 INFO:teuthology.orchestra.run.smithi060.stdout:/usr/bin/ceph: stderr
2023-10-16T19:27:34.619+0000 7fa88500b700 1 -- 172.21.15.60:0/1382804393 >> [v2:172.21.15.60:3300/0,v1:172.21.15.60:6789/0] conn(0x7fa8801057a0 msgr2=0x7fa8801909f0 secure :-1 s=STATE_CONNECTION_ESTABLISHED l=1).mark_down
2023-10-16T19:27:35.081 INFO:teuthology.orchestra.run.smithi060.stdout:/usr/bin/ceph: stderr
2023-10-16T19:27:34.619+0000 7fa88500b700 1 --2- 172.21.15.60:0/1382804393 >> [v2:172.21.15.60:3300/0,v1:172.21.15.60:6789/0] conn(0x7fa8801057a0 0x7fa8801909f0 secure :-1 s=READY pgs=71 cs=0 l=1 rev1=1 crypto rx=0x7fa874003f20 tx=0x7fa874011b00 comp rx=0 tx=0).stop
2023-10-16T19:27:35.081 INFO:teuthology.orchestra.run.smithi060.stdout:/usr/bin/ceph: stderr
2023-10-16T19:27:34.619+0000 7fa88500b700 1 -- 172.21.15.60:0/1382804393 shutdown_connections
2023-10-16T19:27:35.081 INFO:teuthology.orchestra.run.smithi060.stdout:/usr/bin/ceph: stderr
2023-10-16T19:27:34.619+0000 7fa88500b700 1 --2- 172.21.15.60:0/1382804393 >> [v2:172.21.15.60:6800/3615041022,v1:172.21.15.60:6801/3615041022] conn(0x7fa868038700 0x7fa86803abc0 unknown :-1 s=CLOSED pgs=7 cs=0 l=1 rev1=1 crypto rx=0 tx=0 comp rx=0 tx=0).stop
2023-10-16T19:27:35.081 INFO:teuthology.orchestra.run.smithi060.stdout:/usr/bin/ceph: stderr
2023-10-16T19:27:34.619+0000 7fa88500b700 1 --2- 172.21.15.60:0/1382804393 >> [v2:172.21.15.60:3300/0,v1:172.21.15.60:6789/0] conn(0x7fa8801057a0 0x7fa8801909f0 unknown :-1 s=CLOSED pgs=71 cs=0 l=1 rev1=1 crypto rx=0 tx=0 comp rx=0 tx=0).stop
2023-10-16T19:27:35.082 INFO:teuthology.orchestra.run.smithi060.stdout:/usr/bin/ceph: stderr
2023-10-16T19:27:34.619+0000 7fa88500b700 1 -- 172.21.15.60:0/1382804393 >> 172.21.15.60:0/1382804393 conn(0x7fa880100d40 msgr2=0x7fa880079860 unknown :-1 s=STATE_NONE l=0).mark_down
2023-10-16T19:27:35.082 INFO:teuthology.orchestra.run.smithi060.stdout:/usr/bin/ceph: stderr
2023-10-16T19:27:34.619+0000 7fa88500b700 1 -- 172.21.15.60:0/1382804393 shutdown_connections
2023-10-16T19:27:35.082 INFO:teuthology.orchestra.run.smithi060.stdout:/usr/bin/ceph: stderr
2023-10-16T19:27:34.619+0000 7fa88500b700 1 -- 172.21.15.60:0/1382804393 wait complete.
2023-10-16T19:27:35.082 INFO:teuthology.orchestra.run.smithi060.stdout:Creating initial admin user...
2023-10-16T19:27:35.289 INFO:journalctl@ceph.mon.a.smithi060.stdout:Oct 16 19:27:35 smithi060 ceph-mon[99437]: mgrmap e12: x(active, since 2s)
2023-10-16T19:27:35.289 INFO:journalctl@ceph.mon.a.smithi060.stdout:Oct 16 19:27:35 smithi060 ceph-mon[99437]: from='mgr.14152 172.21.15.60:0/772261472' entity='mgr.x'
2023-10-16T19:27:35.289 INFO:journalctl@ceph.mon.a.smithi060.stdout:Oct 16 19:27:35 smithi060 ceph-mon[99437]: from='client.14164 -' entity='client.admin' cmd=[{"prefix": "dashboard create-self-signed-cert", "target": ["mon-mgr", ""]}]: dispatch
2023-10-16T19:27:35.290 INFO:journalctl@ceph.mon.a.smithi060.stdout:Oct 16 19:27:35 smithi060 ceph-mon[99437]: from='mgr.14152 172.21.15.60:0/772261472' entity='mgr.x'
2023-10-16T19:27:35.290 INFO:journalctl@ceph.mon.a.smithi060.stdout:Oct 16 19:27:35 smithi060 ceph-mon[99437]: from='mgr.14152 172.21.15.60:0/772261472' entity='mgr.x'
2023-10-16T19:27:36.255 INFO:journalctl@ceph.mon.a.smithi060.stdout:Oct 16 19:27:36 smithi060 ceph-mon[99437]: from='mgr.14152 172.21.15.60:0/772261472' entity='mgr.x'
2023-10-16T19:27:36.820 INFO:teuthology.orchestra.run.smithi060.stdout:/usr/bin/ceph: stdout {"username": "admin", "password": "$2b$12$zBg5r8nLM1YS1CMoKN7yaudWWp3/7Bdx.MMJWi7fZUohc2GTux/K6", "roles": ["administrator"], "name": null, "email": null, "lastUpdate": 1697484456, "enabled": true, "pwdExpirationDate": null, "pwdUpdateRequired": true}
2023-10-16T19:27:36.821 INFO:teuthology.orchestra.run.smithi060.stdout:/usr/bin/ceph: stderr
2023-10-16T19:27:35.561+0000 7efe5f531700 1 Processor -- start
2023-10-16T19:27:36.821 INFO:teuthology.orchestra.run.smithi060.stdout:/usr/bin/ceph: stderr
2023-10-16T19:27:35.561+0000 7efe5f531700 1 -- start start
2023-10-16T19:27:36.821 INFO:teuthology.orchestra.run.smithi060.stdout:/usr/bin/ceph: stderr
2023-10-16T19:27:35.561+0000 7efe5f531700 1 --2- >> [v2:172.21.15.60:3300/0,v1:172.21.15.60:6789/0] conn(0x7efe58105cd0 0x7efe581060f0 unknown :-1 s=NONE pgs=0 cs=0 l=0 rev1=0 crypto rx=0 tx=0 comp rx=0 tx=0).connect
2023-10-16T19:27:36.821 INFO:teuthology.orchestra.run.smithi060.stdout:/usr/bin/ceph: stderr
2023-10-16T19:27:35.561+0000 7efe5f531700 1 -- --> [v2:172.21.15.60:3300/0,v1:172.21.15.60:6789/0] -- mon_getmap magic: 0 v1 -- 0x7efe581066c0 con 0x7efe58105cd0
2023-10-16T19:27:36.822 INFO:teuthology.orchestra.run.smithi060.stdout:/usr/bin/ceph: stderr
2023-10-16T19:27:35.562+0000 7efe5d2cd700 1 --2- >> [v2:172.21.15.60:3300/0,v1:172.21.15.60:6789/0] conn(0x7efe58105cd0 0x7efe581060f0 unknown :-1 s=BANNER_CONNECTING pgs=0 cs=0 l=0 rev1=0 crypto rx=0 tx=0 comp rx=0 tx=0)._handle_peer_banner_payload supported=3 required=0
2023-10-16T19:27:36.822 INFO:teuthology.orchestra.run.smithi060.stdout:/usr/bin/ceph: stderr
2023-10-16T19:27:35.562+0000 7efe5d2cd700 1 --2- >> [v2:172.21.15.60:3300/0,v1:172.21.15.60:6789/0] conn(0x7efe58105cd0 0x7efe581060f0 unknown :-1 s=HELLO_CONNECTING pgs=0 cs=0 l=0 rev1=1 crypto rx=0 tx=0 comp rx=0 tx=0).handle_hello peer v2:172.21.15.60:3300/0 says I am v2:172.21.15.60:39698/0 (socket says 172.21.15.60:39698)
2023-10-16T19:27:36.822 INFO:teuthology.orchestra.run.smithi060.stdout:/usr/bin/ceph: stderr
2023-10-16T19:27:35.562+0000 7efe5d2cd700 1 -- 172.21.15.60:0/679566537 learned_addr learned my addr 172.21.15.60:0/679566537 (peer_addr_for_me v2:172.21.15.60:0/0)
2023-10-16T19:27:36.822 INFO:teuthology.orchestra.run.smithi060.stdout:/usr/bin/ceph: stderr
2023-10-16T19:27:35.562+0000 7efe5d2cd700 1 -- 172.21.15.60:0/679566537 --> [v2:172.21.15.60:3300/0,v1:172.21.15.60:6789/0] -- mon_subscribe({config=0+,monmap=0+}) v3 -- 0x7efe581069f0 con 0x7efe58105cd0
2023-10-16T19:27:36.823 INFO:teuthology.orchestra.run.smithi060.stdout:/usr/bin/ceph: stderr
2023-10-16T19:27:35.562+0000 7efe5d2cd700 1 --2- 172.21.15.60:0/679566537 >> [v2:172.21.15.60:3300/0,v1:172.21.15.60:6789/0] conn(0x7efe58105cd0 0x7efe581060f0 secure :-1 s=READY pgs=72 cs=0 l=1 rev1=1 crypto rx=0x7efe480098a0 tx=0x7efe48009bb0 comp rx=0 tx=0).ready entity=mon.0 client_cookie=b8a6ef0d4c97cd00 server_cookie=0 in_seq=0 out_seq=0
2023-10-16T19:27:36.823 INFO:teuthology.orchestra.run.smithi060.stdout:/usr/bin/ceph: stderr
2023-10-16T19:27:35.562+0000 7efe4ffff700 1 -- 172.21.15.60:0/679566537 <== mon.0 v2:172.21.15.60:3300/0 1 ==== mon_map magic: 0 v1 ==== 205+0+0 (secure 0 0 0) 0x7efe48004160 con 0x7efe58105cd0
2023-10-16T19:27:36.823 INFO:teuthology.orchestra.run.smithi060.stdout:/usr/bin/ceph: stderr
2023-10-16T19:27:35.562+0000 7efe4ffff700 1 -- 172.21.15.60:0/679566537 <== mon.0 v2:172.21.15.60:3300/0 2 ==== config(27 keys) v1 ==== 1139+0+0 (secure 0 0 0) 0x7efe480042c0 con 0x7efe58105cd0
2023-10-16T19:27:36.824 INFO:teuthology.orchestra.run.smithi060.stdout:/usr/bin/ceph: stderr
2023-10-16T19:27:35.562+0000 7efe4ffff700 1 -- 172.21.15.60:0/679566537 <== mon.0 v2:172.21.15.60:3300/0 3 ==== mon_map magic: 0 v1 ==== 205+0+0 (secure 0 0 0) 0x7efe48011a80 con 0x7efe58105cd0
2023-10-16T19:27:36.824 INFO:teuthology.orchestra.run.smithi060.stdout:/usr/bin/ceph: stderr
2023-10-16T19:27:35.563+0000 7efe5f531700 1 -- 172.21.15.60:0/679566537 >> [v2:172.21.15.60:3300/0,v1:172.21.15.60:6789/0] conn(0x7efe58105cd0 msgr2=0x7efe581060f0 secure :-1 s=STATE_CONNECTION_ESTABLISHED l=1).mark_down
2023-10-16T19:27:36.824 INFO:teuthology.orchestra.run.smithi060.stdout:/usr/bin/ceph: stderr
2023-10-16T19:27:35.563+0000 7efe5f531700 1 --2- 172.21.15.60:0/679566537 >> [v2:172.21.15.60:3300/0,v1:172.21.15.60:6789/0] conn(0x7efe58105cd0 0x7efe581060f0 secure :-1 s=READY pgs=72 cs=0 l=1 rev1=1 crypto rx=0x7efe480098a0 tx=0x7efe48009bb0 comp rx=0 tx=0).stop
2023-10-16T19:27:36.825 INFO:teuthology.orchestra.run.smithi060.stdout:/usr/bin/ceph: stderr
2023-10-16T19:27:35.563+0000 7efe5f531700 1 -- 172.21.15.60:0/679566537 shutdown_connections
2023-10-16T19:27:36.825 INFO:teuthology.orchestra.run.smithi060.stdout:/usr/bin/ceph: stderr
2023-10-16T19:27:35.563+0000 7efe5f531700 1 --2- 172.21.15.60:0/679566537 >> [v2:172.21.15.60:3300/0,v1:172.21.15.60:6789/0] conn(0x7efe58105cd0 0x7efe581060f0 unknown :-1 s=CLOSED pgs=72 cs=0 l=1 rev1=1 crypto rx=0 tx=0 comp rx=0 tx=0).stop
2023-10-16T19:27:36.825 INFO:teuthology.orchestra.run.smithi060.stdout:/usr/bin/ceph: stderr
2023-10-16T19:27:35.563+0000 7efe5f531700 1 -- 172.21.15.60:0/679566537 >> 172.21.15.60:0/679566537 conn(0x7efe581004f0 msgr2=0x7efe58102930 unknown :-1 s=STATE_NONE l=0).mark_down
2023-10-16T19:27:36.826 INFO:teuthology.orchestra.run.smithi060.stdout:/usr/bin/ceph: stderr
2023-10-16T19:27:35.563+0000 7efe5f531700 1 -- 172.21.15.60:0/679566537 shutdown_connections
2023-10-16T19:27:36.826 INFO:teuthology.orchestra.run.smithi060.stdout:/usr/bin/ceph: stderr
2023-10-16T19:27:35.563+0000 7efe5f531700 1 -- 172.21.15.60:0/679566537 wait complete.
2023-10-16T19:27:36.826 INFO:teuthology.orchestra.run.smithi060.stdout:/usr/bin/ceph: stderr
2023-10-16T19:27:35.564+0000 7efe5f531700 1 Processor -- start
2023-10-16T19:27:36.827 INFO:teuthology.orchestra.run.smithi060.stdout:/usr/bin/ceph: stderr
2023-10-16T19:27:35.564+0000 7efe5f531700 1 -- start start
2023-10-16T19:27:36.827 INFO:teuthology.orchestra.run.smithi060.stdout:/usr/bin/ceph: stderr
2023-10-16T19:27:35.564+0000 7efe5f531700 1 --2- >> [v2:172.21.15.60:3300/0,v1:172.21.15.60:6789/0] conn(0x7efe58105cd0 0x7efe5819a4b0 unknown :-1 s=NONE pgs=0 cs=0 l=1 rev1=0 crypto rx=0 tx=0 comp rx=0 tx=0).connect
2023-10-16T19:27:36.827 INFO:teuthology.orchestra.run.smithi060.stdout:/usr/bin/ceph: stderr
2023-10-16T19:27:35.564+0000 7efe5f531700 1 -- --> [v2:172.21.15.60:3300/0,v1:172.21.15.60:6789/0] -- mon_getmap magic: 0 v1 -- 0x7efe5819a9f0 con 0x7efe58105cd0
2023-10-16T19:27:36.828 INFO:teuthology.orchestra.run.smithi060.stdout:/usr/bin/ceph: stderr
2023-10-16T19:27:35.564+0000 7efe5d2cd700 1 --2- >> [v2:172.21.15.60:3300/0,v1:172.21.15.60:6789/0] conn(0x7efe58105cd0 0x7efe5819a4b0 unknown :-1 s=BANNER_CONNECTING pgs=0 cs=0 l=1 rev1=0 crypto rx=0 tx=0 comp rx=0 tx=0)._handle_peer_banner_payload supported=3 required=0
2023-10-16T19:27:36.828 INFO:teuthology.orchestra.run.smithi060.stdout:/usr/bin/ceph: stderr
2023-10-16T19:27:35.564+0000 7efe5d2cd700 1 --2- >> [v2:172.21.15.60:3300/0,v1:172.21.15.60:6789/0] conn(0x7efe58105cd0 0x7efe5819a4b0 unknown :-1 s=HELLO_CONNECTING pgs=0 cs=0 l=1 rev1=1 crypto rx=0 tx=0 comp rx=0 tx=0).handle_hello peer v2:172.21.15.60:3300/0 says I am v2:172.21.15.60:39700/0 (socket says 172.21.15.60:39700)
2023-10-16T19:27:36.828 INFO:teuthology.orchestra.run.smithi060.stdout:/usr/bin/ceph: stderr
2023-10-16T19:27:35.564+0000 7efe5d2cd700 1 -- 172.21.15.60:0/770176230 learned_addr learned my addr 172.21.15.60:0/770176230 (peer_addr_for_me v2:172.21.15.60:0/0)
2023-10-16T19:27:36.829 INFO:teuthology.orchestra.run.smithi060.stdout:/usr/bin/ceph: stderr
2023-10-16T19:27:35.564+0000 7efe5d2cd700 1 -- 172.21.15.60:0/770176230 --> [v2:172.21.15.60:3300/0,v1:172.21.15.60:6789/0] -- mon_subscribe({config=0+,monmap=0+}) v3 -- 0x7efe48009550 con 0x7efe58105cd0
2023-10-16T19:27:36.829 INFO:teuthology.orchestra.run.smithi060.stdout:/usr/bin/ceph: stderr
2023-10-16T19:27:35.564+0000 7efe5d2cd700 1 --2- 172.21.15.60:0/770176230 >> [v2:172.21.15.60:3300/0,v1:172.21.15.60:6789/0] conn(0x7efe58105cd0 0x7efe5819a4b0 secure :-1 s=READY pgs=73 cs=0 l=1 rev1=1 crypto rx=0x7efe48006ba0 tx=0x7efe48011b00 comp rx=0 tx=0).ready entity=mon.0 client_cookie=0 server_cookie=0 in_seq=0 out_seq=0
2023-10-16T19:27:36.829 INFO:teuthology.orchestra.run.smithi060.stdout:/usr/bin/ceph: stderr
2023-10-16T19:27:35.565+0000 7efe4e7fc700 1 -- 172.21.15.60:0/770176230 <== mon.0 v2:172.21.15.60:3300/0 1 ==== mon_map magic: 0 v1 ==== 205+0+0 (secure 0 0 0) 0x7efe480039b0 con 0x7efe58105cd0
2023-10-16T19:27:36.829 INFO:teuthology.orchestra.run.smithi060.stdout:/usr/bin/ceph: stderr
2023-10-16T19:27:35.565+0000 7efe5f531700 1 -- 172.21.15.60:0/770176230 --> [v2:172.21.15.60:3300/0,v1:172.21.15.60:6789/0] -- mon_subscribe({mgrmap=0+}) v3 -- 0x7efe5819abf0 con 0x7efe58105cd0
2023-10-16T19:27:36.830 INFO:teuthology.orchestra.run.smithi060.stdout:/usr/bin/ceph: stderr
2023-10-16T19:27:35.565+0000 7efe4e7fc700 1 -- 172.21.15.60:0/770176230 <== mon.0 v2:172.21.15.60:3300/0 2 ==== config(27 keys) v1 ==== 1139+0+0 (secure 0 0 0) 0x7efe48003b10 con 0x7efe58105cd0
2023-10-16T19:27:36.830 INFO:teuthology.orchestra.run.smithi060.stdout:/usr/bin/ceph: stderr
2023-10-16T19:27:35.565+0000 7efe4e7fc700 1 -- 172.21.15.60:0/770176230 <== mon.0 v2:172.21.15.60:3300/0 3 ==== mon_map magic: 0 v1 ==== 205+0+0 (secure 0 0 0) 0x7efe48019820 con 0x7efe58105cd0
2023-10-16T19:27:36.830 INFO:teuthology.orchestra.run.smithi060.stdout:/usr/bin/ceph: stderr
2023-10-16T19:27:35.565+0000 7efe5f531700 1 -- 172.21.15.60:0/770176230 --> [v2:172.21.15.60:3300/0,v1:172.21.15.60:6789/0] -- mon_subscribe({osdmap=0}) v3 -- 0x7efe5819b090 con 0x7efe58105cd0
2023-10-16T19:27:36.830 INFO:teuthology.orchestra.run.smithi060.stdout:/usr/bin/ceph: stderr
2023-10-16T19:27:35.566+0000 7efe4e7fc700 1 -- 172.21.15.60:0/770176230 <== mon.0 v2:172.21.15.60:3300/0 4 ==== mgrmap(e 12) v1 ==== 45592+0+0 (secure 0 0 0) 0x7efe48019ae0 con 0x7efe58105cd0
2023-10-16T19:27:36.830 INFO:teuthology.orchestra.run.smithi060.stdout:/usr/bin/ceph: stderr
2023-10-16T19:27:35.566+0000 7efe4e7fc700 1 --2- 172.21.15.60:0/770176230 >> [v2:172.21.15.60:6800/3615041022,v1:172.21.15.60:6801/3615041022] conn(0x7efe44038820 0x7efe4403ace0 unknown :-1 s=NONE pgs=0 cs=0 l=1 rev1=0 crypto rx=0 tx=0 comp rx=0 tx=0).connect
2023-10-16T19:27:36.831 INFO:teuthology.orchestra.run.smithi060.stdout:/usr/bin/ceph: stderr
2023-10-16T19:27:35.566+0000 7efe4e7fc700 1 -- 172.21.15.60:0/770176230 <== mon.0 v2:172.21.15.60:3300/0 5 ==== osd_map(3..3 src has 1..3) v4 ==== 1155+0+0 (secure 0 0 0) 0x7efe4804cde0 con 0x7efe58105cd0
2023-10-16T19:27:36.831 INFO:teuthology.orchestra.run.smithi060.stdout:/usr/bin/ceph: stderr
2023-10-16T19:27:35.566+0000 7efe5cacc700 1 --2- 172.21.15.60:0/770176230 >> [v2:172.21.15.60:6800/3615041022,v1:172.21.15.60:6801/3615041022] conn(0x7efe44038820 0x7efe4403ace0 unknown :-1 s=BANNER_CONNECTING pgs=0 cs=0 l=1 rev1=0 crypto rx=0 tx=0 comp rx=0 tx=0)._handle_peer_banner_payload supported=3 required=0
2023-10-16T19:27:36.831 INFO:teuthology.orchestra.run.smithi060.stdout:/usr/bin/ceph: stderr
2023-10-16T19:27:35.566+0000 7efe5f531700 1 -- 172.21.15.60:0/770176230 --> [v2:172.21.15.60:3300/0,v1:172.21.15.60:6789/0] -- mon_command({"prefix": "get_command_descriptions"} v 0) v1 -- 0x7efe580624e0 con 0x7efe58105cd0
2023-10-16T19:27:36.831 INFO:teuthology.orchestra.run.smithi060.stdout:/usr/bin/ceph: stderr
2023-10-16T19:27:35.566+0000 7efe5cacc700 1 --2- 172.21.15.60:0/770176230 >> [v2:172.21.15.60:6800/3615041022,v1:172.21.15.60:6801/3615041022] conn(0x7efe44038820 0x7efe4403ace0 secure :-1 s=READY pgs=8 cs=0 l=1 rev1=1 crypto rx=0x7efe54006fd0 tx=0x7efe54006e40 comp rx=0 tx=0).ready entity=mgr.14152 client_cookie=0 server_cookie=0 in_seq=0 out_seq=0
2023-10-16T19:27:36.831 INFO:teuthology.orchestra.run.smithi060.stdout:/usr/bin/ceph: stderr
2023-10-16T19:27:35.571+0000 7efe4e7fc700 1 -- 172.21.15.60:0/770176230 <== mon.0 v2:172.21.15.60:3300/0 6 ==== mon_command_ack([{"prefix": "get_command_descriptions"}]=0 v0) v1 ==== 72+0+180459 (secure 0 0 0) 0x7efe4802c3a0 con 0x7efe58105cd0
2023-10-16T19:27:36.832 INFO:teuthology.orchestra.run.smithi060.stdout:/usr/bin/ceph: stderr
2023-10-16T19:27:35.971+0000 7efe5f531700 1 -- 172.21.15.60:0/770176230 --> [v2:172.21.15.60:6800/3615041022,v1:172.21.15.60:6801/3615041022] -- mgr_command(tid 0: {"prefix": "dashboard ac-user-create", "username": "admin", "rolename": "administrator", "force_password": true, "pwd_update_required": true, "target": ["mon-mgr", ""]}) v1 -- 0x7efe58062300 con 0x7efe44038820
2023-10-16T19:27:36.832 INFO:teuthology.orchestra.run.smithi060.stdout:/usr/bin/ceph: stderr
2023-10-16T19:27:36.219+0000 7efe4e7fc700 1 -- 172.21.15.60:0/770176230 <== mgr.14152 v2:172.21.15.60:6800/3615041022 1 ==== mgr_command_reply(tid 0: 0 ) v1 ==== 8+0+252 (secure 0 0 0) 0x7efe58062300 con 0x7efe44038820
2023-10-16T19:27:36.832 INFO:teuthology.orchestra.run.smithi060.stdout:/usr/bin/ceph: stderr
2023-10-16T19:27:36.222+0000 7efe5f531700 1 -- 172.21.15.60:0/770176230 >> [v2:172.21.15.60:6800/3615041022,v1:172.21.15.60:6801/3615041022] conn(0x7efe44038820 msgr2=0x7efe4403ace0 secure :-1 s=STATE_CONNECTION_ESTABLISHED l=1).mark_down
2023-10-16T19:27:36.832 INFO:teuthology.orchestra.run.smithi060.stdout:/usr/bin/ceph: stderr
2023-10-16T19:27:36.222+0000 7efe5f531700 1 --2- 172.21.15.60:0/770176230 >> [v2:172.21.15.60:6800/3615041022,v1:172.21.15.60:6801/3615041022] conn(0x7efe44038820 0x7efe4403ace0 secure :-1 s=READY pgs=8 cs=0 l=1 rev1=1 crypto rx=0x7efe54006fd0 tx=0x7efe54006e40 comp rx=0 tx=0).stop
2023-10-16T19:27:36.832 INFO:teuthology.orchestra.run.smithi060.stdout:/usr/bin/ceph: stderr
2023-10-16T19:27:36.222+0000 7efe5f531700 1 -- 172.21.15.60:0/770176230 >> [v2:172.21.15.60:3300/0,v1:172.21.15.60:6789/0] conn(0x7efe58105cd0 msgr2=0x7efe5819a4b0 secure :-1 s=STATE_CONNECTION_ESTABLISHED l=1).mark_down
2023-10-16T19:27:36.833 INFO:teuthology.orchestra.run.smithi060.stdout:/usr/bin/ceph: stderr
2023-10-16T19:27:36.222+0000 7efe5f531700 1 --2- 172.21.15.60:0/770176230 >> [v2:172.21.15.60:3300/0,v1:172.21.15.60:6789/0] conn(0x7efe58105cd0 0x7efe5819a4b0 secure :-1 s=READY pgs=73 cs=0 l=1 rev1=1 crypto rx=0x7efe48006ba0 tx=0x7efe48011b00 comp rx=0 tx=0).stop
2023-10-16T19:27:36.833 INFO:teuthology.orchestra.run.smithi060.stdout:/usr/bin/ceph: stderr
2023-10-16T19:27:36.222+0000 7efe5f531700 1 -- 172.21.15.60:0/770176230 shutdown_connections
2023-10-16T19:27:36.833 INFO:teuthology.orchestra.run.smithi060.stdout:/usr/bin/ceph: stderr
2023-10-16T19:27:36.222+0000 7efe5f531700 1 --2- 172.21.15.60:0/770176230 >> [v2:172.21.15.60:6800/3615041022,v1:172.21.15.60:6801/3615041022] conn(0x7efe44038820 0x7efe4403ace0 unknown :-1 s=CLOSED pgs=8 cs=0 l=1 rev1=1 crypto rx=0 tx=0 comp rx=0 tx=0).stop
2023-10-16T19:27:36.833 INFO:teuthology.orchestra.run.smithi060.stdout:/usr/bin/ceph: stderr
2023-10-16T19:27:36.222+0000 7efe5f531700 1 --2- 172.21.15.60:0/770176230 >> [v2:172.21.15.60:3300/0,v1:172.21.15.60:6789/0] conn(0x7efe58105cd0 0x7efe5819a4b0 secure :-1 s=CLOSED pgs=73 cs=0 l=1 rev1=1 crypto rx=0x7efe48006ba0 tx=0x7efe48011b00 comp rx=0 tx=0).stop
2023-10-16T19:27:36.833 INFO:teuthology.orchestra.run.smithi060.stdout:/usr/bin/ceph: stderr
2023-10-16T19:27:36.222+0000 7efe5f531700 1 -- 172.21.15.60:0/770176230 >> 172.21.15.60:0/770176230 conn(0x7efe581004f0 msgr2=0x7efe58105140 unknown :-1 s=STATE_NONE l=0).mark_down
2023-10-16T19:27:36.833 INFO:teuthology.orchestra.run.smithi060.stdout:/usr/bin/ceph: stderr
2023-10-16T19:27:36.223+0000 7efe5f531700 1 -- 172.21.15.60:0/770176230 shutdown_connections
2023-10-16T19:27:36.834 INFO:teuthology.orchestra.run.smithi060.stdout:/usr/bin/ceph: stderr
2023-10-16T19:27:36.223+0000 7efe5f531700 1 -- 172.21.15.60:0/770176230 wait complete.
2023-10-16T19:27:36.834 INFO:teuthology.orchestra.run.smithi060.stdout:Fetching dashboard port number...
2023-10-16T19:27:37.648 INFO:journalctl@ceph.mon.a.smithi060.stdout:Oct 16 19:27:37 smithi060 ceph-mon[99437]: from='client.14166 -' entity='client.admin' cmd=[{"prefix": "dashboard ac-user-create", "username": "admin", "rolename": "administrator", "force_password": true, "pwd_update_required": true, "target": ["mon-mgr", ""]}]: dispatch
2023-10-16T19:27:37.649 INFO:journalctl@ceph.mon.a.smithi060.stdout:Oct 16 19:27:37 smithi060 ceph-mon[99437]: from='mgr.14152 172.21.15.60:0/772261472' entity='mgr.x'
2023-10-16T19:27:38.067 INFO:teuthology.orchestra.run.smithi060.stdout:/usr/bin/ceph: stdout 8443
2023-10-16T19:27:38.068 INFO:teuthology.orchestra.run.smithi060.stdout:/usr/bin/ceph: stderr
2023-10-16T19:27:37.298+0000 7f65c96ec700 1 Processor -- start
2023-10-16T19:27:38.068 INFO:teuthology.orchestra.run.smithi060.stdout:/usr/bin/ceph: stderr
2023-10-16T19:27:37.298+0000 7f65c96ec700 1 -- start start
2023-10-16T19:27:38.068 INFO:teuthology.orchestra.run.smithi060.stdout:/usr/bin/ceph: stderr
2023-10-16T19:27:37.299+0000 7f65c96ec700 1 --2- >> [v2:172.21.15.60:3300/0,v1:172.21.15.60:6789/0] conn(0x7f65c4104bc0 0x7f65c4104fe0 unknown :-1 s=NONE pgs=0 cs=0 l=0 rev1=0 crypto rx=0 tx=0 comp rx=0 tx=0).connect
2023-10-16T19:27:38.068 INFO:teuthology.orchestra.run.smithi060.stdout:/usr/bin/ceph: stderr
2023-10-16T19:27:37.299+0000 7f65c96ec700 1 -- --> [v2:172.21.15.60:3300/0,v1:172.21.15.60:6789/0] -- mon_getmap magic: 0 v1 -- 0x7f65c41055b0 con 0x7f65c4104bc0
2023-10-16T19:27:38.069 INFO:teuthology.orchestra.run.smithi060.stdout:/usr/bin/ceph: stderr
2023-10-16T19:27:37.299+0000 7f65c2ffd700 1 --2- >> [v2:172.21.15.60:3300/0,v1:172.21.15.60:6789/0] conn(0x7f65c4104bc0 0x7f65c4104fe0 unknown :-1 s=BANNER_CONNECTING pgs=0 cs=0 l=0 rev1=0 crypto rx=0 tx=0 comp rx=0 tx=0)._handle_peer_banner_payload supported=3 required=0
2023-10-16T19:27:38.069 INFO:teuthology.orchestra.run.smithi060.stdout:/usr/bin/ceph: stderr
2023-10-16T19:27:37.299+0000 7f65c2ffd700 1 --2- >> [v2:172.21.15.60:3300/0,v1:172.21.15.60:6789/0] conn(0x7f65c4104bc0 0x7f65c4104fe0 unknown :-1 s=HELLO_CONNECTING pgs=0 cs=0 l=0 rev1=1 crypto rx=0 tx=0 comp rx=0 tx=0).handle_hello peer v2:172.21.15.60:3300/0 says I am v2:172.21.15.60:39704/0 (socket says 172.21.15.60:39704)
2023-10-16T19:27:38.069 INFO:teuthology.orchestra.run.smithi060.stdout:/usr/bin/ceph: stderr
2023-10-16T19:27:37.299+0000 7f65c2ffd700 1 -- 172.21.15.60:0/150936197 learned_addr learned my addr 172.21.15.60:0/150936197 (peer_addr_for_me v2:172.21.15.60:0/0)
2023-10-16T19:27:38.069 INFO:teuthology.orchestra.run.smithi060.stdout:/usr/bin/ceph: stderr
2023-10-16T19:27:37.299+0000 7f65c2ffd700 1 -- 172.21.15.60:0/150936197 --> [v2:172.21.15.60:3300/0,v1:172.21.15.60:6789/0] -- mon_subscribe({config=0+,monmap=0+}) v3 -- 0x7f65c4107b50 con 0x7f65c4104bc0
2023-10-16T19:27:38.070 INFO:teuthology.orchestra.run.smithi060.stdout:/usr/bin/ceph: stderr
2023-10-16T19:27:37.299+0000 7f65c2ffd700 1 --2- 172.21.15.60:0/150936197 >> [v2:172.21.15.60:3300/0,v1:172.21.15.60:6789/0] conn(0x7f65c4104bc0 0x7f65c4104fe0 secure :-1 s=READY pgs=74 cs=0 l=1 rev1=1 crypto rx=0x7f65b40098a0 tx=0x7f65b4009bb0 comp rx=0 tx=0).ready entity=mon.0 client_cookie=5d96856793c82ea9 server_cookie=0 in_seq=0 out_seq=0
2023-10-16T19:27:38.070 INFO:teuthology.orchestra.run.smithi060.stdout:/usr/bin/ceph: stderr
2023-10-16T19:27:37.299+0000 7f65c1ffb700 1 -- 172.21.15.60:0/150936197 <== mon.0 v2:172.21.15.60:3300/0 1 ==== mon_map magic: 0 v1 ==== 205+0+0 (secure 0 0 0) 0x7f65b4004160 con 0x7f65c4104bc0
2023-10-16T19:27:38.070 INFO:teuthology.orchestra.run.smithi060.stdout:/usr/bin/ceph: stderr
2023-10-16T19:27:37.300+0000 7f65c1ffb700 1 -- 172.21.15.60:0/150936197 <== mon.0 v2:172.21.15.60:3300/0 2 ==== config(27 keys) v1 ==== 1139+0+0 (secure 0 0 0) 0x7f65b40042c0 con 0x7f65c4104bc0
2023-10-16T19:27:38.070 INFO:teuthology.orchestra.run.smithi060.stdout:/usr/bin/ceph: stderr
2023-10-16T19:27:37.300+0000 7f65c1ffb700 1 -- 172.21.15.60:0/150936197 <== mon.0 v2:172.21.15.60:3300/0 3 ==== mon_map magic: 0 v1 ==== 205+0+0 (secure 0 0 0) 0x7f65b4011a80 con 0x7f65c4104bc0
2023-10-16T19:27:38.071 INFO:teuthology.orchestra.run.smithi060.stdout:/usr/bin/ceph: stderr
2023-10-16T19:27:37.300+0000 7f65c96ec700 1 -- 172.21.15.60:0/150936197 >> [v2:172.21.15.60:3300/0,v1:172.21.15.60:6789/0] conn(0x7f65c4104bc0 msgr2=0x7f65c4104fe0 secure :-1 s=STATE_CONNECTION_ESTABLISHED l=1).mark_down
2023-10-16T19:27:38.071 INFO:teuthology.orchestra.run.smithi060.stdout:/usr/bin/ceph: stderr
2023-10-16T19:27:37.300+0000 7f65c96ec700 1 --2- 172.21.15.60:0/150936197 >> [v2:172.21.15.60:3300/0,v1:172.21.15.60:6789/0] conn(0x7f65c4104bc0 0x7f65c4104fe0 secure :-1 s=READY pgs=74 cs=0 l=1 rev1=1 crypto rx=0x7f65b40098a0 tx=0x7f65b4009bb0 comp rx=0 tx=0).stop
2023-10-16T19:27:38.071 INFO:teuthology.orchestra.run.smithi060.stdout:/usr/bin/ceph: stderr
2023-10-16T19:27:37.300+0000 7f65c96ec700 1 -- 172.21.15.60:0/150936197 shutdown_connections
2023-10-16T19:27:38.072 INFO:teuthology.orchestra.run.smithi060.stdout:/usr/bin/ceph: stderr
2023-10-16T19:27:37.300+0000 7f65c96ec700 1 --2- 172.21.15.60:0/150936197 >> [v2:172.21.15.60:3300/0,v1:172.21.15.60:6789/0] conn(0x7f65c4104bc0 0x7f65c4104fe0 unknown :-1 s=CLOSED pgs=74 cs=0 l=1 rev1=1 crypto rx=0 tx=0 comp rx=0 tx=0).stop
2023-10-16T19:27:38.072 INFO:teuthology.orchestra.run.smithi060.stdout:/usr/bin/ceph: stderr
2023-10-16T19:27:37.300+0000 7f65c96ec700 1 -- 172.21.15.60:0/150936197 >> 172.21.15.60:0/150936197 conn(0x7f65c41004f0 msgr2=0x7f65c4102930 unknown :-1 s=STATE_NONE l=0).mark_down
2023-10-16T19:27:38.072 INFO:teuthology.orchestra.run.smithi060.stdout:/usr/bin/ceph: stderr
2023-10-16T19:27:37.300+0000 7f65c96ec700 1 -- 172.21.15.60:0/150936197 shutdown_connections
2023-10-16T19:27:38.073 INFO:teuthology.orchestra.run.smithi060.stdout:/usr/bin/ceph: stderr
2023-10-16T19:27:37.300+0000 7f65c96ec700 1 -- 172.21.15.60:0/150936197 wait complete.
2023-10-16T19:27:38.073 INFO:teuthology.orchestra.run.smithi060.stdout:/usr/bin/ceph: stderr
2023-10-16T19:27:37.301+0000 7f65c96ec700 1 Processor -- start
2023-10-16T19:27:38.073 INFO:teuthology.orchestra.run.smithi060.stdout:/usr/bin/ceph: stderr
2023-10-16T19:27:37.301+0000 7f65c96ec700 1 -- start start
2023-10-16T19:27:38.074 INFO:teuthology.orchestra.run.smithi060.stdout:/usr/bin/ceph: stderr
2023-10-16T19:27:37.301+0000 7f65c96ec700 1 --2- >> [v2:172.21.15.60:3300/0,v1:172.21.15.60:6789/0] conn(0x7f65c4104bc0 0x7f65c419c6b0 unknown :-1 s=NONE pgs=0 cs=0 l=1 rev1=0 crypto rx=0 tx=0 comp rx=0 tx=0).connect
2023-10-16T19:27:38.074 INFO:teuthology.orchestra.run.smithi060.stdout:/usr/bin/ceph: stderr
2023-10-16T19:27:37.301+0000 7f65c96ec700 1 -- --> [v2:172.21.15.60:3300/0,v1:172.21.15.60:6789/0] -- mon_getmap magic: 0 v1 -- 0x7f65c419cbf0 con 0x7f65c4104bc0
2023-10-16T19:27:38.075 INFO:teuthology.orchestra.run.smithi060.stdout:/usr/bin/ceph: stderr
2023-10-16T19:27:37.302+0000 7f65c2ffd700 1 --2- >> [v2:172.21.15.60:3300/0,v1:172.21.15.60:6789/0] conn(0x7f65c4104bc0 0x7f65c419c6b0 unknown :-1 s=BANNER_CONNECTING pgs=0 cs=0 l=1 rev1=0 crypto rx=0 tx=0 comp rx=0 tx=0)._handle_peer_banner_payload supported=3 required=0
2023-10-16T19:27:38.075 INFO:teuthology.orchestra.run.smithi060.stdout:/usr/bin/ceph: stderr
2023-10-16T19:27:37.302+0000 7f65c2ffd700 1 --2- >> [v2:172.21.15.60:3300/0,v1:172.21.15.60:6789/0] conn(0x7f65c4104bc0 0x7f65c419c6b0 unknown :-1 s=HELLO_CONNECTING pgs=0 cs=0 l=1 rev1=1 crypto rx=0 tx=0 comp rx=0 tx=0).handle_hello peer v2:172.21.15.60:3300/0 says I am v2:172.21.15.60:39706/0 (socket says 172.21.15.60:39706)
2023-10-16T19:27:38.075 INFO:teuthology.orchestra.run.smithi060.stdout:/usr/bin/ceph: stderr
2023-10-16T19:27:37.302+0000 7f65c2ffd700 1 -- 172.21.15.60:0/4170861693 learned_addr learned my addr 172.21.15.60:0/4170861693 (peer_addr_for_me v2:172.21.15.60:0/0)
2023-10-16T19:27:38.075 INFO:teuthology.orchestra.run.smithi060.stdout:/usr/bin/ceph: stderr
2023-10-16T19:27:37.302+0000 7f65c2ffd700 1 -- 172.21.15.60:0/4170861693 --> [v2:172.21.15.60:3300/0,v1:172.21.15.60:6789/0] -- mon_subscribe({config=0+,monmap=0+}) v3 -- 0x7f65b4009550 con 0x7f65c4104bc0
2023-10-16T19:27:38.077 INFO:teuthology.orchestra.run.smithi060.stdout:/usr/bin/ceph: stderr
2023-10-16T19:27:37.302+0000 7f65c2ffd700 1 --2- 172.21.15.60:0/4170861693 >> [v2:172.21.15.60:3300/0,v1:172.21.15.60:6789/0] conn(0x7f65c4104bc0 0x7f65c419c6b0 secure :-1 s=READY pgs=75 cs=0 l=1 rev1=1 crypto rx=0x7f65b4000c00 tx=0x7f65b4011b00 comp rx=0 tx=0).ready entity=mon.0 client_cookie=0 server_cookie=0 in_seq=0 out_seq=0
2023-10-16T19:27:38.078 INFO:teuthology.orchestra.run.smithi060.stdout:/usr/bin/ceph: stderr
2023-10-16T19:27:37.302+0000 7f65abfff700 1 -- 172.21.15.60:0/4170861693 <== mon.0 v2:172.21.15.60:3300/0 1 ==== mon_map magic: 0 v1 ==== 205+0+0 (secure 0 0 0) 0x7f65b4003ba0 con 0x7f65c4104bc0
2023-10-16T19:27:38.078 INFO:teuthology.orchestra.run.smithi060.stdout:/usr/bin/ceph: stderr
