2023-10-16T19:27:12.425 INFO:teuthology.orchestra.run.smithi060.stdout:/usr/bin/ceph: stderr
2023-10-16T19:27:11.731+0000 7fa5a37fe700 1 --2- >> [v2:172.21.15.60:3300/0,v1:172.21.15.60:6789/0] conn(0x7fa5a407ad90 0x7fa5a419c7a0 unknown :-1 s=BANNER_CONNECTING pgs=0 cs=0 l=1 rev1=0 crypto rx=0 tx=0 comp rx=0 tx=0)._handle_peer_banner_payload supported=3 required=0
2023-10-16T19:27:12.425 INFO:teuthology.orchestra.run.smithi060.stdout:/usr/bin/ceph: stderr
2023-10-16T19:27:11.731+0000 7fa5a37fe700 1 --2- >> [v2:172.21.15.60:3300/0,v1:172.21.15.60:6789/0] conn(0x7fa5a407ad90 0x7fa5a419c7a0 unknown :-1 s=HELLO_CONNECTING pgs=0 cs=0 l=1 rev1=1 crypto rx=0 tx=0 comp rx=0 tx=0).handle_hello peer v2:172.21.15.60:3300/0 says I am v2:172.21.15.60:39546/0 (socket says 172.21.15.60:39546)
2023-10-16T19:27:12.425 INFO:teuthology.orchestra.run.smithi060.stdout:/usr/bin/ceph: stderr
2023-10-16T19:27:11.731+0000 7fa5a37fe700 1 -- 172.21.15.60:0/1508937375 learned_addr learned my addr 172.21.15.60:0/1508937375 (peer_addr_for_me v2:172.21.15.60:0/0)
2023-10-16T19:27:12.425 INFO:teuthology.orchestra.run.smithi060.stdout:/usr/bin/ceph: stderr
2023-10-16T19:27:11.731+0000 7fa5a37fe700 1 -- 172.21.15.60:0/1508937375 --> [v2:172.21.15.60:3300/0,v1:172.21.15.60:6789/0] -- mon_subscribe({config=0+,monmap=0+}) v3 -- 0x7fa594009550 con 0x7fa5a407ad90
2023-10-16T19:27:12.425 INFO:teuthology.orchestra.run.smithi060.stdout:/usr/bin/ceph: stderr
2023-10-16T19:27:11.731+0000 7fa5a37fe700 1 --2- 172.21.15.60:0/1508937375 >> [v2:172.21.15.60:3300/0,v1:172.21.15.60:6789/0] conn(0x7fa5a407ad90 0x7fa5a419c7a0 secure :-1 s=READY pgs=44 cs=0 l=1 rev1=1 crypto rx=0x7fa594003f70 tx=0x7fa594011b40 comp rx=0 tx=0).ready entity=mon.0 client_cookie=0 server_cookie=0 in_seq=0 out_seq=0
2023-10-16T19:27:12.426 INFO:teuthology.orchestra.run.smithi060.stdout:/usr/bin/ceph: stderr
2023-10-16T19:27:11.731+0000 7fa5a0ff9700 1 -- 172.21.15.60:0/1508937375 <== mon.0 v2:172.21.15.60:3300/0 1 ==== mon_map magic: 0 v1 ==== 205+0+0 (secure 0 0 0) 0x7fa5940039f0 con 0x7fa5a407ad90
2023-10-16T19:27:12.426 INFO:teuthology.orchestra.run.smithi060.stdout:/usr/bin/ceph: stderr
2023-10-16T19:27:11.731+0000 7fa5a0ff9700 1 -- 172.21.15.60:0/1508937375 <== mon.0 v2:172.21.15.60:3300/0 2 ==== config(27 keys) v1 ==== 1108+0+0 (secure 0 0 0) 0x7fa594003b50 con 0x7fa5a407ad90
2023-10-16T19:27:12.426 INFO:teuthology.orchestra.run.smithi060.stdout:/usr/bin/ceph: stderr
2023-10-16T19:27:11.731+0000 7fa5aa141700 1 -- 172.21.15.60:0/1508937375 --> [v2:172.21.15.60:3300/0,v1:172.21.15.60:6789/0] -- mon_subscribe({mgrmap=0+}) v3 -- 0x7fa5a419cee0 con 0x7fa5a407ad90
2023-10-16T19:27:12.426 INFO:teuthology.orchestra.run.smithi060.stdout:/usr/bin/ceph: stderr
2023-10-16T19:27:11.731+0000 7fa5a0ff9700 1 -- 172.21.15.60:0/1508937375 <== mon.0 v2:172.21.15.60:3300/0 3 ==== mon_map magic: 0 v1 ==== 205+0+0 (secure 0 0 0) 0x7fa59401a690 con 0x7fa5a407ad90
2023-10-16T19:27:12.426 INFO:teuthology.orchestra.run.smithi060.stdout:/usr/bin/ceph: stderr
2023-10-16T19:27:11.731+0000 7fa5aa141700 1 -- 172.21.15.60:0/1508937375 --> [v2:172.21.15.60:3300/0,v1:172.21.15.60:6789/0] -- mon_subscribe({osdmap=0}) v3 -- 0x7fa5a419d380 con 0x7fa5a407ad90
2023-10-16T19:27:12.427 INFO:teuthology.orchestra.run.smithi060.stdout:/usr/bin/ceph: stderr
2023-10-16T19:27:11.732+0000 7fa5a0ff9700 1 -- 172.21.15.60:0/1508937375 <== mon.0 v2:172.21.15.60:3300/0 4 ==== mgrmap(e 8) v1 ==== 45579+0+0 (secure 0 0 0) 0x7fa594024430 con 0x7fa5a407ad90
2023-10-16T19:27:12.427 INFO:teuthology.orchestra.run.smithi060.stdout:/usr/bin/ceph: stderr
2023-10-16T19:27:11.732+0000 7fa5a0ff9700 1 --2- 172.21.15.60:0/1508937375 >> [v2:172.21.15.60:6800/2065428177,v1:172.21.15.60:6801/2065428177] conn(0x7fa58c0387d0 0x7fa58c03ac90 unknown :-1 s=NONE pgs=0 cs=0 l=1 rev1=0 crypto rx=0 tx=0 comp rx=0 tx=0).connect
2023-10-16T19:27:12.427 INFO:teuthology.orchestra.run.smithi060.stdout:/usr/bin/ceph: stderr
2023-10-16T19:27:11.732+0000 7fa5aa141700 1 -- 172.21.15.60:0/1508937375 --> [v2:172.21.15.60:3300/0,v1:172.21.15.60:6789/0] -- mon_command({"prefix": "get_command_descriptions"} v 0) v1 -- 0x7fa5a410ccf0 con 0x7fa5a407ad90
2023-10-16T19:27:12.427 INFO:teuthology.orchestra.run.smithi060.stdout:/usr/bin/ceph: stderr
2023-10-16T19:27:11.733+0000 7fa5a0ff9700 1 -- 172.21.15.60:0/1508937375 <== mon.0 v2:172.21.15.60:3300/0 5 ==== osd_map(2..2 src has 1..2) v4 ==== 940+0+0 (secure 0 0 0) 0x7fa59404cb10 con 0x7fa5a407ad90
2023-10-16T19:27:12.427 INFO:teuthology.orchestra.run.smithi060.stdout:/usr/bin/ceph: stderr
2023-10-16T19:27:11.733+0000 7fa5a2ffd700 1 --2- 172.21.15.60:0/1508937375 >> [v2:172.21.15.60:6800/2065428177,v1:172.21.15.60:6801/2065428177] conn(0x7fa58c0387d0 0x7fa58c03ac90 unknown :-1 s=BANNER_CONNECTING pgs=0 cs=0 l=1 rev1=0 crypto rx=0 tx=0 comp rx=0 tx=0)._handle_peer_banner_payload supported=3 required=0
2023-10-16T19:27:12.427 INFO:teuthology.orchestra.run.smithi060.stdout:/usr/bin/ceph: stderr
2023-10-16T19:27:11.733+0000 7fa5a2ffd700 1 --2- 172.21.15.60:0/1508937375 >> [v2:172.21.15.60:6800/2065428177,v1:172.21.15.60:6801/2065428177] conn(0x7fa58c0387d0 0x7fa58c03ac90 secure :-1 s=READY pgs=10 cs=0 l=1 rev1=1 crypto rx=0x7fa598006fd0 tx=0x7fa598006e40 comp rx=0 tx=0).ready entity=mgr.14120 client_cookie=0 server_cookie=0 in_seq=0 out_seq=0
2023-10-16T19:27:12.428 INFO:teuthology.orchestra.run.smithi060.stdout:/usr/bin/ceph: stderr
2023-10-16T19:27:11.737+0000 7fa5a0ff9700 1 -- 172.21.15.60:0/1508937375 <== mon.0 v2:172.21.15.60:3300/0 6 ==== mon_command_ack([{"prefix": "get_command_descriptions"}]=0 v0) v1 ==== 72+0+180459 (secure 0 0 0) 0x7fa5940189a0 con 0x7fa5a407ad90
2023-10-16T19:27:12.428 INFO:teuthology.orchestra.run.smithi060.stdout:/usr/bin/ceph: stderr
2023-10-16T19:27:12.101+0000 7fa5aa141700 1 -- 172.21.15.60:0/1508937375 --> [v2:172.21.15.60:6800/2065428177,v1:172.21.15.60:6801/2065428177] -- mgr_command(tid 0: {"prefix": "cephadm get-pub-key", "target": ["mon-mgr", ""]}) v1 -- 0x7fa5a4104150 con 0x7fa58c0387d0
2023-10-16T19:27:12.428 INFO:teuthology.orchestra.run.smithi060.stdout:/usr/bin/ceph: stderr
2023-10-16T19:27:12.102+0000 7fa5a0ff9700 1 -- 172.21.15.60:0/1508937375 <== mgr.14120 v2:172.21.15.60:6800/2065428177 1 ==== mgr_command_reply(tid 0: 0 ) v1 ==== 8+0+595 (secure 0 0 0) 0x7fa5a4104150 con 0x7fa58c0387d0
2023-10-16T19:27:12.428 INFO:teuthology.orchestra.run.smithi060.stdout:/usr/bin/ceph: stderr
2023-10-16T19:27:12.104+0000 7fa5aa141700 1 -- 172.21.15.60:0/1508937375 >> [v2:172.21.15.60:6800/2065428177,v1:172.21.15.60:6801/2065428177] conn(0x7fa58c0387d0 msgr2=0x7fa58c03ac90 secure :-1 s=STATE_CONNECTION_ESTABLISHED l=1).mark_down
2023-10-16T19:27:12.428 INFO:teuthology.orchestra.run.smithi060.stdout:/usr/bin/ceph: stderr
2023-10-16T19:27:12.104+0000 7fa5aa141700 1 --2- 172.21.15.60:0/1508937375 >> [v2:172.21.15.60:6800/2065428177,v1:172.21.15.60:6801/2065428177] conn(0x7fa58c0387d0 0x7fa58c03ac90 secure :-1 s=READY pgs=10 cs=0 l=1 rev1=1 crypto rx=0x7fa598006fd0 tx=0x7fa598006e40 comp rx=0 tx=0).stop
2023-10-16T19:27:12.429 INFO:teuthology.orchestra.run.smithi060.stdout:/usr/bin/ceph: stderr
2023-10-16T19:27:12.104+0000 7fa5aa141700 1 -- 172.21.15.60:0/1508937375 >> [v2:172.21.15.60:3300/0,v1:172.21.15.60:6789/0] conn(0x7fa5a407ad90 msgr2=0x7fa5a419c7a0 secure :-1 s=STATE_CONNECTION_ESTABLISHED l=1).mark_down
2023-10-16T19:27:12.429 INFO:teuthology.orchestra.run.smithi060.stdout:/usr/bin/ceph: stderr
2023-10-16T19:27:12.104+0000 7fa5aa141700 1 --2- 172.21.15.60:0/1508937375 >> [v2:172.21.15.60:3300/0,v1:172.21.15.60:6789/0] conn(0x7fa5a407ad90 0x7fa5a419c7a0 secure :-1 s=READY pgs=44 cs=0 l=1 rev1=1 crypto rx=0x7fa594003f70 tx=0x7fa594011b40 comp rx=0 tx=0).stop
2023-10-16T19:27:12.429 INFO:teuthology.orchestra.run.smithi060.stdout:/usr/bin/ceph: stderr
2023-10-16T19:27:12.104+0000 7fa5aa141700 1 -- 172.21.15.60:0/1508937375 shutdown_connections
2023-10-16T19:27:12.429 INFO:teuthology.orchestra.run.smithi060.stdout:/usr/bin/ceph: stderr
2023-10-16T19:27:12.104+0000 7fa5aa141700 1 --2- 172.21.15.60:0/1508937375 >> [v2:172.21.15.60:6800/2065428177,v1:172.21.15.60:6801/2065428177] conn(0x7fa58c0387d0 0x7fa58c03ac90 unknown :-1 s=CLOSED pgs=10 cs=0 l=1 rev1=1 crypto rx=0 tx=0 comp rx=0 tx=0).stop
2023-10-16T19:27:12.429 INFO:teuthology.orchestra.run.smithi060.stdout:/usr/bin/ceph: stderr
2023-10-16T19:27:12.104+0000 7fa5aa141700 1 --2- 172.21.15.60:0/1508937375 >> [v2:172.21.15.60:3300/0,v1:172.21.15.60:6789/0] conn(0x7fa5a407ad90 0x7fa5a419c7a0 unknown :-1 s=CLOSED pgs=44 cs=0 l=1 rev1=1 crypto rx=0 tx=0 comp rx=0 tx=0).stop
2023-10-16T19:27:12.429 INFO:teuthology.orchestra.run.smithi060.stdout:/usr/bin/ceph: stderr
2023-10-16T19:27:12.104+0000 7fa5aa141700 1 -- 172.21.15.60:0/1508937375 >> 172.21.15.60:0/1508937375 conn(0x7fa5a4101e40 msgr2=0x7fa5a4103530 unknown :-1 s=STATE_NONE l=0).mark_down
2023-10-16T19:27:12.430 INFO:teuthology.orchestra.run.smithi060.stdout:/usr/bin/ceph: stderr
2023-10-16T19:27:12.105+0000 7fa5aa141700 1 -- 172.21.15.60:0/1508937375 shutdown_connections
2023-10-16T19:27:12.430 INFO:teuthology.orchestra.run.smithi060.stdout:/usr/bin/ceph: stderr
2023-10-16T19:27:12.105+0000 7fa5aa141700 1 -- 172.21.15.60:0/1508937375 wait complete.
2023-10-16T19:27:12.430 INFO:teuthology.orchestra.run.smithi060.stdout:Wrote public SSH key to /home/ubuntu/cephtest/ceph.pub
2023-10-16T19:27:12.430 INFO:teuthology.orchestra.run.smithi060.stdout:Adding key to root@localhost authorized_keys...
2023-10-16T19:27:12.430 INFO:teuthology.orchestra.run.smithi060.stdout:Adding host smithi060...
2023-10-16T19:27:13.351 INFO:journalctl@ceph.mon.a.smithi060.stdout:Oct 16 19:27:12 smithi060 ceph-mon[99437]: from='client.14138 -' entity='client.admin' cmd=[{"prefix": "cephadm get-pub-key", "target": ["mon-mgr", ""]}]: dispatch
2023-10-16T19:27:14.141 INFO:journalctl@ceph.mon.a.smithi060.stdout:Oct 16 19:27:13 smithi060 ceph-mon[99437]: from='client.14140 -' entity='client.admin' cmd=[{"prefix": "orch host add", "hostname": "smithi060", "addr": "172.21.15.60", "target": ["mon-mgr", ""]}]: dispatch
2023-10-16T19:27:14.141 INFO:journalctl@ceph.mon.a.smithi060.stdout:Oct 16 19:27:13 smithi060 ceph-mon[99437]: Deploying cephadm binary to smithi060
2023-10-16T19:27:16.671 INFO:teuthology.orchestra.run.smithi060.stdout:/usr/bin/ceph: stdout Added host 'smithi060' with addr '172.21.15.60'
2023-10-16T19:27:16.671 INFO:teuthology.orchestra.run.smithi060.stdout:/usr/bin/ceph: stderr
2023-10-16T19:27:12.945+0000 7fd2d4256700 1 Processor -- start
2023-10-16T19:27:16.672 INFO:teuthology.orchestra.run.smithi060.stdout:/usr/bin/ceph: stderr
2023-10-16T19:27:12.945+0000 7fd2d4256700 1 -- start start
2023-10-16T19:27:16.672 INFO:teuthology.orchestra.run.smithi060.stdout:/usr/bin/ceph: stderr
2023-10-16T19:27:12.945+0000 7fd2d4256700 1 --2- >> [v2:172.21.15.60:3300/0,v1:172.21.15.60:6789/0] conn(0x7fd2cc1057c0 0x7fd2cc105be0 unknown :-1 s=NONE pgs=0 cs=0 l=0 rev1=0 crypto rx=0 tx=0 comp rx=0 tx=0).connect
2023-10-16T19:27:16.672 INFO:teuthology.orchestra.run.smithi060.stdout:/usr/bin/ceph: stderr
2023-10-16T19:27:12.945+0000 7fd2d4256700 1 -- --> [v2:172.21.15.60:3300/0,v1:172.21.15.60:6789/0] -- mon_getmap magic: 0 v1 -- 0x7fd2cc1061b0 con 0x7fd2cc1057c0
2023-10-16T19:27:16.672 INFO:teuthology.orchestra.run.smithi060.stdout:/usr/bin/ceph: stderr
2023-10-16T19:27:12.945+0000 7fd2d1ff2700 1 --2- >> [v2:172.21.15.60:3300/0,v1:172.21.15.60:6789/0] conn(0x7fd2cc1057c0 0x7fd2cc105be0 unknown :-1 s=BANNER_CONNECTING pgs=0 cs=0 l=0 rev1=0 crypto rx=0 tx=0 comp rx=0 tx=0)._handle_peer_banner_payload supported=3 required=0
2023-10-16T19:27:16.672 INFO:teuthology.orchestra.run.smithi060.stdout:/usr/bin/ceph: stderr
2023-10-16T19:27:12.945+0000 7fd2d1ff2700 1 --2- >> [v2:172.21.15.60:3300/0,v1:172.21.15.60:6789/0] conn(0x7fd2cc1057c0 0x7fd2cc105be0 unknown :-1 s=HELLO_CONNECTING pgs=0 cs=0 l=0 rev1=1 crypto rx=0 tx=0 comp rx=0 tx=0).handle_hello peer v2:172.21.15.60:3300/0 says I am v2:172.21.15.60:39550/0 (socket says 172.21.15.60:39550)
2023-10-16T19:27:16.673 INFO:teuthology.orchestra.run.smithi060.stdout:/usr/bin/ceph: stderr
2023-10-16T19:27:12.945+0000 7fd2d1ff2700 1 -- 172.21.15.60:0/3456039403 learned_addr learned my addr 172.21.15.60:0/3456039403 (peer_addr_for_me v2:172.21.15.60:0/0)
2023-10-16T19:27:16.673 INFO:teuthology.orchestra.run.smithi060.stdout:/usr/bin/ceph: stderr
2023-10-16T19:27:12.946+0000 7fd2d1ff2700 1 -- 172.21.15.60:0/3456039403 --> [v2:172.21.15.60:3300/0,v1:172.21.15.60:6789/0] -- mon_subscribe({config=0+,monmap=0+}) v3 -- 0x7fd2cc1069c0 con 0x7fd2cc1057c0
2023-10-16T19:27:16.673 INFO:teuthology.orchestra.run.smithi060.stdout:/usr/bin/ceph: stderr
2023-10-16T19:27:12.946+0000 7fd2d1ff2700 1 --2- 172.21.15.60:0/3456039403 >> [v2:172.21.15.60:3300/0,v1:172.21.15.60:6789/0] conn(0x7fd2cc1057c0 0x7fd2cc105be0 secure :-1 s=READY pgs=45 cs=0 l=1 rev1=1 crypto rx=0x7fd2bc0098a0 tx=0x7fd2bc009bb0 comp rx=0 tx=0).ready entity=mon.0 client_cookie=75afa2f0e5282da0 server_cookie=0 in_seq=0 out_seq=0
2023-10-16T19:27:16.673 INFO:teuthology.orchestra.run.smithi060.stdout:/usr/bin/ceph: stderr
2023-10-16T19:27:12.946+0000 7fd2d0ff0700 1 -- 172.21.15.60:0/3456039403 <== mon.0 v2:172.21.15.60:3300/0 1 ==== mon_map magic: 0 v1 ==== 205+0+0 (secure 0 0 0) 0x7fd2bc004160 con 0x7fd2cc1057c0
2023-10-16T19:27:16.673 INFO:teuthology.orchestra.run.smithi060.stdout:/usr/bin/ceph: stderr
2023-10-16T19:27:12.946+0000 7fd2d0ff0700 1 -- 172.21.15.60:0/3456039403 <== mon.0 v2:172.21.15.60:3300/0 2 ==== config(27 keys) v1 ==== 1108+0+0 (secure 0 0 0) 0x7fd2bc0042c0 con 0x7fd2cc1057c0
2023-10-16T19:27:16.674 INFO:teuthology.orchestra.run.smithi060.stdout:/usr/bin/ceph: stderr
2023-10-16T19:27:12.946+0000 7fd2d0ff0700 1 -- 172.21.15.60:0/3456039403 <== mon.0 v2:172.21.15.60:3300/0 3 ==== mon_map magic: 0 v1 ==== 205+0+0 (secure 0 0 0) 0x7fd2bc011ac0 con 0x7fd2cc1057c0
2023-10-16T19:27:16.674 INFO:teuthology.orchestra.run.smithi060.stdout:/usr/bin/ceph: stderr
2023-10-16T19:27:12.947+0000 7fd2d4256700 1 -- 172.21.15.60:0/3456039403 >> [v2:172.21.15.60:3300/0,v1:172.21.15.60:6789/0] conn(0x7fd2cc1057c0 msgr2=0x7fd2cc105be0 secure :-1 s=STATE_CONNECTION_ESTABLISHED l=1).mark_down
2023-10-16T19:27:16.674 INFO:teuthology.orchestra.run.smithi060.stdout:/usr/bin/ceph: stderr
2023-10-16T19:27:12.947+0000 7fd2d4256700 1 --2- 172.21.15.60:0/3456039403 >> [v2:172.21.15.60:3300/0,v1:172.21.15.60:6789/0] conn(0x7fd2cc1057c0 0x7fd2cc105be0 secure :-1 s=READY pgs=45 cs=0 l=1 rev1=1 crypto rx=0x7fd2bc0098a0 tx=0x7fd2bc009bb0 comp rx=0 tx=0).stop
2023-10-16T19:27:16.674 INFO:teuthology.orchestra.run.smithi060.stdout:/usr/bin/ceph: stderr
2023-10-16T19:27:12.947+0000 7fd2d4256700 1 -- 172.21.15.60:0/3456039403 shutdown_connections
2023-10-16T19:27:16.674 INFO:teuthology.orchestra.run.smithi060.stdout:/usr/bin/ceph: stderr
2023-10-16T19:27:12.947+0000 7fd2d4256700 1 --2- 172.21.15.60:0/3456039403 >> [v2:172.21.15.60:3300/0,v1:172.21.15.60:6789/0] conn(0x7fd2cc1057c0 0x7fd2cc105be0 unknown :-1 s=CLOSED pgs=45 cs=0 l=1 rev1=1 crypto rx=0 tx=0 comp rx=0 tx=0).stop
2023-10-16T19:27:16.675 INFO:teuthology.orchestra.run.smithi060.stdout:/usr/bin/ceph: stderr
2023-10-16T19:27:12.947+0000 7fd2d4256700 1 -- 172.21.15.60:0/3456039403 >> 172.21.15.60:0/3456039403 conn(0x7fd2cc100d80 msgr2=0x7fd2cc1031a0 unknown :-1 s=STATE_NONE l=0).mark_down
2023-10-16T19:27:16.675 INFO:teuthology.orchestra.run.smithi060.stdout:/usr/bin/ceph: stderr
2023-10-16T19:27:12.947+0000 7fd2d4256700 1 -- 172.21.15.60:0/3456039403 shutdown_connections
2023-10-16T19:27:16.675 INFO:teuthology.orchestra.run.smithi060.stdout:/usr/bin/ceph: stderr
2023-10-16T19:27:12.947+0000 7fd2d4256700 1 -- 172.21.15.60:0/3456039403 wait complete.
2023-10-16T19:27:16.675 INFO:teuthology.orchestra.run.smithi060.stdout:/usr/bin/ceph: stderr
2023-10-16T19:27:12.947+0000 7fd2d4256700 1 Processor -- start
2023-10-16T19:27:16.675 INFO:teuthology.orchestra.run.smithi060.stdout:/usr/bin/ceph: stderr
2023-10-16T19:27:12.947+0000 7fd2d4256700 1 -- start start
2023-10-16T19:27:16.676 INFO:teuthology.orchestra.run.smithi060.stdout:/usr/bin/ceph: stderr
2023-10-16T19:27:12.948+0000 7fd2d4256700 1 --2- >> [v2:172.21.15.60:3300/0,v1:172.21.15.60:6789/0] conn(0x7fd2cc1057c0 0x7fd2cc190a10 unknown :-1 s=NONE pgs=0 cs=0 l=1 rev1=0 crypto rx=0 tx=0 comp rx=0 tx=0).connect
2023-10-16T19:27:16.676 INFO:teuthology.orchestra.run.smithi060.stdout:/usr/bin/ceph: stderr
2023-10-16T19:27:12.948+0000 7fd2d4256700 1 -- --> [v2:172.21.15.60:3300/0,v1:172.21.15.60:6789/0] -- mon_getmap magic: 0 v1 -- 0x7fd2cc190f50 con 0x7fd2cc1057c0
2023-10-16T19:27:16.676 INFO:teuthology.orchestra.run.smithi060.stdout:/usr/bin/ceph: stderr
2023-10-16T19:27:12.948+0000 7fd2d1ff2700 1 --2- >> [v2:172.21.15.60:3300/0,v1:172.21.15.60:6789/0] conn(0x7fd2cc1057c0 0x7fd2cc190a10 unknown :-1 s=BANNER_CONNECTING pgs=0 cs=0 l=1 rev1=0 crypto rx=0 tx=0 comp rx=0 tx=0)._handle_peer_banner_payload supported=3 required=0
2023-10-16T19:27:16.676 INFO:teuthology.orchestra.run.smithi060.stdout:/usr/bin/ceph: stderr
2023-10-16T19:27:12.948+0000 7fd2d1ff2700 1 --2- >> [v2:172.21.15.60:3300/0,v1:172.21.15.60:6789/0] conn(0x7fd2cc1057c0 0x7fd2cc190a10 unknown :-1 s=HELLO_CONNECTING pgs=0 cs=0 l=1 rev1=1 crypto rx=0 tx=0 comp rx=0 tx=0).handle_hello peer v2:172.21.15.60:3300/0 says I am v2:172.21.15.60:39552/0 (socket says 172.21.15.60:39552)
2023-10-16T19:27:16.676 INFO:teuthology.orchestra.run.smithi060.stdout:/usr/bin/ceph: stderr
2023-10-16T19:27:12.948+0000 7fd2d1ff2700 1 -- 172.21.15.60:0/2690365554 learned_addr learned my addr 172.21.15.60:0/2690365554 (peer_addr_for_me v2:172.21.15.60:0/0)
2023-10-16T19:27:16.677 INFO:teuthology.orchestra.run.smithi060.stdout:/usr/bin/ceph: stderr
2023-10-16T19:27:12.948+0000 7fd2d1ff2700 1 -- 172.21.15.60:0/2690365554 --> [v2:172.21.15.60:3300/0,v1:172.21.15.60:6789/0] -- mon_subscribe({config=0+,monmap=0+}) v3 -- 0x7fd2bc009550 con 0x7fd2cc1057c0
2023-10-16T19:27:16.677 INFO:teuthology.orchestra.run.smithi060.stdout:/usr/bin/ceph: stderr
2023-10-16T19:27:12.948+0000 7fd2d1ff2700 1 --2- 172.21.15.60:0/2690365554 >> [v2:172.21.15.60:3300/0,v1:172.21.15.60:6789/0] conn(0x7fd2cc1057c0 0x7fd2cc190a10 secure :-1 s=READY pgs=46 cs=0 l=1 rev1=1 crypto rx=0x7fd2bc003f70 tx=0x7fd2bc011b40 comp rx=0 tx=0).ready entity=mon.0 client_cookie=0 server_cookie=0 in_seq=0 out_seq=0
2023-10-16T19:27:16.677 INFO:teuthology.orchestra.run.smithi060.stdout:/usr/bin/ceph: stderr
2023-10-16T19:27:12.948+0000 7fd2c2ffd700 1 -- 172.21.15.60:0/2690365554 <== mon.0 v2:172.21.15.60:3300/0 1 ==== mon_map magic: 0 v1 ==== 205+0+0 (secure 0 0 0) 0x7fd2bc0039f0 con 0x7fd2cc1057c0
2023-10-16T19:27:16.677 INFO:teuthology.orchestra.run.smithi060.stdout:/usr/bin/ceph: stderr
2023-10-16T19:27:12.948+0000 7fd2c2ffd700 1 -- 172.21.15.60:0/2690365554 <== mon.0 v2:172.21.15.60:3300/0 2 ==== config(27 keys) v1 ==== 1108+0+0 (secure 0 0 0) 0x7fd2bc003b50 con 0x7fd2cc1057c0
2023-10-16T19:27:16.677 INFO:teuthology.orchestra.run.smithi060.stdout:/usr/bin/ceph: stderr
2023-10-16T19:27:12.948+0000 7fd2d4256700 1 -- 172.21.15.60:0/2690365554 --> [v2:172.21.15.60:3300/0,v1:172.21.15.60:6789/0] -- mon_subscribe({mgrmap=0+}) v3 -- 0x7fd2cc18f060 con 0x7fd2cc1057c0
2023-10-16T19:27:16.678 INFO:teuthology.orchestra.run.smithi060.stdout:/usr/bin/ceph: stderr
2023-10-16T19:27:12.948+0000 7fd2c2ffd700 1 -- 172.21.15.60:0/2690365554 <== mon.0 v2:172.21.15.60:3300/0 3 ==== mon_map magic: 0 v1 ==== 205+0+0 (secure 0 0 0) 0x7fd2bc01a690 con 0x7fd2cc1057c0
2023-10-16T19:27:16.678 INFO:teuthology.orchestra.run.smithi060.stdout:/usr/bin/ceph: stderr
2023-10-16T19:27:12.948+0000 7fd2d4256700 1 -- 172.21.15.60:0/2690365554 --> [v2:172.21.15.60:3300/0,v1:172.21.15.60:6789/0] -- mon_subscribe({osdmap=0}) v3 -- 0x7fd2cc18f500 con 0x7fd2cc1057c0
2023-10-16T19:27:16.678 INFO:teuthology.orchestra.run.smithi060.stdout:/usr/bin/ceph: stderr
2023-10-16T19:27:12.949+0000 7fd2c2ffd700 1 -- 172.21.15.60:0/2690365554 <== mon.0 v2:172.21.15.60:3300/0 4 ==== mgrmap(e 8) v1 ==== 45579+0+0 (secure 0 0 0) 0x7fd2bc024430 con 0x7fd2cc1057c0
2023-10-16T19:27:16.678 INFO:teuthology.orchestra.run.smithi060.stdout:/usr/bin/ceph: stderr
2023-10-16T19:27:12.950+0000 7fd2c2ffd700 1 --2- 172.21.15.60:0/2690365554 >> [v2:172.21.15.60:6800/2065428177,v1:172.21.15.60:6801/2065428177] conn(0x7fd2b8038820 0x7fd2b803ace0 unknown :-1 s=NONE pgs=0 cs=0 l=1 rev1=0 crypto rx=0 tx=0 comp rx=0 tx=0).connect
2023-10-16T19:27:16.678 INFO:teuthology.orchestra.run.smithi060.stdout:/usr/bin/ceph: stderr
2023-10-16T19:27:12.950+0000 7fd2d4256700 1 -- 172.21.15.60:0/2690365554 --> [v2:172.21.15.60:3300/0,v1:172.21.15.60:6789/0] -- mon_command({"prefix": "get_command_descriptions"} v 0) v1 -- 0x7fd2cc109bf0 con 0x7fd2cc1057c0
2023-10-16T19:27:16.679 INFO:teuthology.orchestra.run.smithi060.stdout:/usr/bin/ceph: stderr
2023-10-16T19:27:12.950+0000 7fd2c2ffd700 1 -- 172.21.15.60:0/2690365554 <== mon.0 v2:172.21.15.60:3300/0 5 ==== osd_map(2..2 src has 1..2) v4 ==== 940+0+0 (secure 0 0 0) 0x7fd2bc04ca00 con 0x7fd2cc1057c0
2023-10-16T19:27:16.679 INFO:teuthology.orchestra.run.smithi060.stdout:/usr/bin/ceph: stderr
2023-10-16T19:27:12.950+0000 7fd2d17f1700 1 --2- 172.21.15.60:0/2690365554 >> [v2:172.21.15.60:6800/2065428177,v1:172.21.15.60:6801/2065428177] conn(0x7fd2b8038820 0x7fd2b803ace0 unknown :-1 s=BANNER_CONNECTING pgs=0 cs=0 l=1 rev1=0 crypto rx=0 tx=0 comp rx=0 tx=0)._handle_peer_banner_payload supported=3 required=0
2023-10-16T19:27:16.679 INFO:teuthology.orchestra.run.smithi060.stdout:/usr/bin/ceph: stderr
2023-10-16T19:27:12.950+0000 7fd2d17f1700 1 --2- 172.21.15.60:0/2690365554 >> [v2:172.21.15.60:6800/2065428177,v1:172.21.15.60:6801/2065428177] conn(0x7fd2b8038820 0x7fd2b803ace0 secure :-1 s=READY pgs=11 cs=0 l=1 rev1=1 crypto rx=0x7fd2c8006fd0 tx=0x7fd2c8006e40 comp rx=0 tx=0).ready entity=mgr.14120 client_cookie=0 server_cookie=0 in_seq=0 out_seq=0
2023-10-16T19:27:16.679 INFO:teuthology.orchestra.run.smithi060.stdout:/usr/bin/ceph: stderr
2023-10-16T19:27:12.955+0000 7fd2c2ffd700 1 -- 172.21.15.60:0/2690365554 <== mon.0 v2:172.21.15.60:3300/0 6 ==== mon_command_ack([{"prefix": "get_command_descriptions"}]=0 v0) v1 ==== 72+0+180459 (secure 0 0 0) 0x7fd2bc0189a0 con 0x7fd2cc1057c0
2023-10-16T19:27:16.680 INFO:teuthology.orchestra.run.smithi060.stdout:/usr/bin/ceph: stderr
2023-10-16T19:27:13.326+0000 7fd2d4256700 1 -- 172.21.15.60:0/2690365554 --> [v2:172.21.15.60:6800/2065428177,v1:172.21.15.60:6801/2065428177] -- mgr_command(tid 0: {"prefix": "orch host add", "hostname": "smithi060", "addr": "172.21.15.60", "target": ["mon-mgr", ""]}) v1 -- 0x7fd2cc18fcb0 con 0x7fd2b8038820
2023-10-16T19:27:16.680 INFO:teuthology.orchestra.run.smithi060.stdout:/usr/bin/ceph: stderr
2023-10-16T19:27:16.271+0000 7fd2c2ffd700 1 -- 172.21.15.60:0/2690365554 <== mgr.14120 v2:172.21.15.60:6800/2065428177 1 ==== mgr_command_reply(tid 0: 0 ) v1 ==== 8+0+48 (secure 0 0 0) 0x7fd2cc18fcb0 con 0x7fd2b8038820
2023-10-16T19:27:16.680 INFO:teuthology.orchestra.run.smithi060.stdout:/usr/bin/ceph: stderr
2023-10-16T19:27:16.274+0000 7fd2d4256700 1 -- 172.21.15.60:0/2690365554 >> [v2:172.21.15.60:6800/2065428177,v1:172.21.15.60:6801/2065428177] conn(0x7fd2b8038820 msgr2=0x7fd2b803ace0 secure :-1 s=STATE_CONNECTION_ESTABLISHED l=1).mark_down
2023-10-16T19:27:16.680 INFO:teuthology.orchestra.run.smithi060.stdout:/usr/bin/ceph: stderr
2023-10-16T19:27:16.274+0000 7fd2d4256700 1 --2- 172.21.15.60:0/2690365554 >> [v2:172.21.15.60:6800/2065428177,v1:172.21.15.60:6801/2065428177] conn(0x7fd2b8038820 0x7fd2b803ace0 secure :-1 s=READY pgs=11 cs=0 l=1 rev1=1 crypto rx=0x7fd2c8006fd0 tx=0x7fd2c8006e40 comp rx=0 tx=0).stop
2023-10-16T19:27:16.680 INFO:teuthology.orchestra.run.smithi060.stdout:/usr/bin/ceph: stderr
2023-10-16T19:27:16.274+0000 7fd2d4256700 1 -- 172.21.15.60:0/2690365554 >> [v2:172.21.15.60:3300/0,v1:172.21.15.60:6789/0] conn(0x7fd2cc1057c0 msgr2=0x7fd2cc190a10 secure :-1 s=STATE_CONNECTION_ESTABLISHED l=1).mark_down
2023-10-16T19:27:16.681 INFO:teuthology.orchestra.run.smithi060.stdout:/usr/bin/ceph: stderr
2023-10-16T19:27:16.274+0000 7fd2d4256700 1 --2- 172.21.15.60:0/2690365554 >> [v2:172.21.15.60:3300/0,v1:172.21.15.60:6789/0] conn(0x7fd2cc1057c0 0x7fd2cc190a10 secure :-1 s=READY pgs=46 cs=0 l=1 rev1=1 crypto rx=0x7fd2bc003f70 tx=0x7fd2bc011b40 comp rx=0 tx=0).stop
2023-10-16T19:27:16.681 INFO:teuthology.orchestra.run.smithi060.stdout:/usr/bin/ceph: stderr
2023-10-16T19:27:16.274+0000 7fd2d4256700 1 -- 172.21.15.60:0/2690365554 shutdown_connections
2023-10-16T19:27:16.681 INFO:teuthology.orchestra.run.smithi060.stdout:/usr/bin/ceph: stderr
2023-10-16T19:27:16.274+0000 7fd2d4256700 1 --2- 172.21.15.60:0/2690365554 >> [v2:172.21.15.60:6800/2065428177,v1:172.21.15.60:6801/2065428177] conn(0x7fd2b8038820 0x7fd2b803ace0 unknown :-1 s=CLOSED pgs=11 cs=0 l=1 rev1=1 crypto rx=0 tx=0 comp rx=0 tx=0).stop
2023-10-16T19:27:16.681 INFO:teuthology.orchestra.run.smithi060.stdout:/usr/bin/ceph: stderr
2023-10-16T19:27:16.274+0000 7fd2d4256700 1 --2- 172.21.15.60:0/2690365554 >> [v2:172.21.15.60:3300/0,v1:172.21.15.60:6789/0] conn(0x7fd2cc1057c0 0x7fd2cc190a10 unknown :-1 s=CLOSED pgs=46 cs=0 l=1 rev1=1 crypto rx=0 tx=0 comp rx=0 tx=0).stop
2023-10-16T19:27:16.681 INFO:teuthology.orchestra.run.smithi060.stdout:/usr/bin/ceph: stderr
2023-10-16T19:27:16.274+0000 7fd2d4256700 1 -- 172.21.15.60:0/2690365554 >> 172.21.15.60:0/2690365554 conn(0x7fd2cc100d80 msgr2=0x7fd2cc0741a0 unknown :-1 s=STATE_NONE l=0).mark_down
2023-10-16T19:27:16.682 INFO:teuthology.orchestra.run.smithi060.stdout:/usr/bin/ceph: stderr
2023-10-16T19:27:16.274+0000 7fd2d4256700 1 -- 172.21.15.60:0/2690365554 shutdown_connections
2023-10-16T19:27:16.682 INFO:teuthology.orchestra.run.smithi060.stdout:/usr/bin/ceph: stderr
2023-10-16T19:27:16.274+0000 7fd2d4256700 1 -- 172.21.15.60:0/2690365554 wait complete.
2023-10-16T19:27:16.682 INFO:teuthology.orchestra.run.smithi060.stdout:Deploying unmanaged mon service...
2023-10-16T19:27:17.622 INFO:journalctl@ceph.mon.a.smithi060.stdout:Oct 16 19:27:17 smithi060 ceph-mon[99437]: from='mgr.14120 172.21.15.60:0/4289215794' entity='mgr.x'
2023-10-16T19:27:17.622 INFO:journalctl@ceph.mon.a.smithi060.stdout:Oct 16 19:27:17 smithi060 ceph-mon[99437]: Added host smithi060
2023-10-16T19:27:17.623 INFO:journalctl@ceph.mon.a.smithi060.stdout:Oct 16 19:27:17 smithi060 ceph-mon[99437]: from='mgr.14120 172.21.15.60:0/4289215794' entity='mgr.x' cmd=[{"prefix": "config dump", "format": "json"}]: dispatch
2023-10-16T19:27:18.011 INFO:teuthology.orchestra.run.smithi060.stdout:/usr/bin/ceph: stdout Scheduled mon update...
2023-10-16T19:27:18.017 INFO:teuthology.orchestra.run.smithi060.stdout:/usr/bin/ceph: stderr
2023-10-16T19:27:17.183+0000 7f0080426700 1 Processor -- start
2023-10-16T19:27:18.017 INFO:teuthology.orchestra.run.smithi060.stdout:/usr/bin/ceph: stderr
2023-10-16T19:27:17.183+0000 7f0080426700 1 -- start start
2023-10-16T19:27:18.017 INFO:teuthology.orchestra.run.smithi060.stdout:/usr/bin/ceph: stderr
2023-10-16T19:27:17.183+0000 7f0080426700 1 --2- >> [v2:172.21.15.60:3300/0,v1:172.21.15.60:6789/0] conn(0x7f00781068f0 0x7f0078106d10 unknown :-1 s=NONE pgs=0 cs=0 l=0 rev1=0 crypto rx=0 tx=0 comp rx=0 tx=0).connect
2023-10-16T19:27:18.018 INFO:teuthology.orchestra.run.smithi060.stdout:/usr/bin/ceph: stderr
2023-10-16T19:27:17.183+0000 7f0080426700 1 -- --> [v2:172.21.15.60:3300/0,v1:172.21.15.60:6789/0] -- mon_getmap magic: 0 v1 -- 0x7f00781072e0 con 0x7f00781068f0
2023-10-16T19:27:18.018 INFO:teuthology.orchestra.run.smithi060.stdout:/usr/bin/ceph: stderr
2023-10-16T19:27:17.184+0000 7f007e1c2700 1 --2- >> [v2:172.21.15.60:3300/0,v1:172.21.15.60:6789/0] conn(0x7f00781068f0 0x7f0078106d10 unknown :-1 s=BANNER_CONNECTING pgs=0 cs=0 l=0 rev1=0 crypto rx=0 tx=0 comp rx=0 tx=0)._handle_peer_banner_payload supported=3 required=0
2023-10-16T19:27:18.018 INFO:teuthology.orchestra.run.smithi060.stdout:/usr/bin/ceph: stderr
2023-10-16T19:27:17.184+0000 7f007e1c2700 1 --2- >> [v2:172.21.15.60:3300/0,v1:172.21.15.60:6789/0] conn(0x7f00781068f0 0x7f0078106d10 unknown :-1 s=HELLO_CONNECTING pgs=0 cs=0 l=0 rev1=1 crypto rx=0 tx=0 comp rx=0 tx=0).handle_hello peer v2:172.21.15.60:3300/0 says I am v2:172.21.15.60:39586/0 (socket says 172.21.15.60:39586)
2023-10-16T19:27:18.018 INFO:teuthology.orchestra.run.smithi060.stdout:/usr/bin/ceph: stderr
2023-10-16T19:27:17.184+0000 7f007e1c2700 1 -- 172.21.15.60:0/723158989 learned_addr learned my addr 172.21.15.60:0/723158989 (peer_addr_for_me v2:172.21.15.60:0/0)
2023-10-16T19:27:18.019 INFO:teuthology.orchestra.run.smithi060.stdout:/usr/bin/ceph: stderr
2023-10-16T19:27:17.184+0000 7f007e1c2700 1 -- 172.21.15.60:0/723158989 --> [v2:172.21.15.60:3300/0,v1:172.21.15.60:6789/0] -- mon_subscribe({config=0+,monmap=0+}) v3 -- 0x7f0078107af0 con 0x7f00781068f0
2023-10-16T19:27:18.019 INFO:teuthology.orchestra.run.smithi060.stdout:/usr/bin/ceph: stderr
2023-10-16T19:27:17.184+0000 7f007e1c2700 1 --2- 172.21.15.60:0/723158989 >> [v2:172.21.15.60:3300/0,v1:172.21.15.60:6789/0] conn(0x7f00781068f0 0x7f0078106d10 secure :-1 s=READY pgs=47 cs=0 l=1 rev1=1 crypto rx=0x7f006c0098a0 tx=0x7f006c009bb0 comp rx=0 tx=0).ready entity=mon.0 client_cookie=b81d305b283196ff server_cookie=0 in_seq=0 out_seq=0
2023-10-16T19:27:18.019 INFO:teuthology.orchestra.run.smithi060.stdout:/usr/bin/ceph: stderr
2023-10-16T19:27:17.184+0000 7f007d1c0700 1 -- 172.21.15.60:0/723158989 <== mon.0 v2:172.21.15.60:3300/0 1 ==== mon_map magic: 0 v1 ==== 205+0+0 (secure 0 0 0) 0x7f006c004160 con 0x7f00781068f0
2023-10-16T19:27:18.019 INFO:teuthology.orchestra.run.smithi060.stdout:/usr/bin/ceph: stderr
2023-10-16T19:27:17.184+0000 7f007d1c0700 1 -- 172.21.15.60:0/723158989 <== mon.0 v2:172.21.15.60:3300/0 2 ==== config(27 keys) v1 ==== 1108+0+0 (secure 0 0 0) 0x7f006c0042c0 con 0x7f00781068f0
2023-10-16T19:27:18.019 INFO:teuthology.orchestra.run.smithi060.stdout:/usr/bin/ceph: stderr
2023-10-16T19:27:17.184+0000 7f007d1c0700 1 -- 172.21.15.60:0/723158989 <== mon.0 v2:172.21.15.60:3300/0 3 ==== mon_map magic: 0 v1 ==== 205+0+0 (secure 0 0 0) 0x7f006c011ac0 con 0x7f00781068f0
2023-10-16T19:27:18.019 INFO:teuthology.orchestra.run.smithi060.stdout:/usr/bin/ceph: stderr
2023-10-16T19:27:17.185+0000 7f0080426700 1 -- 172.21.15.60:0/723158989 >> [v2:172.21.15.60:3300/0,v1:172.21.15.60:6789/0] conn(0x7f00781068f0 msgr2=0x7f0078106d10 secure :-1 s=STATE_CONNECTION_ESTABLISHED l=1).mark_down
2023-10-16T19:27:18.020 INFO:teuthology.orchestra.run.smithi060.stdout:/usr/bin/ceph: stderr
2023-10-16T19:27:17.185+0000 7f0080426700 1 --2- 172.21.15.60:0/723158989 >> [v2:172.21.15.60:3300/0,v1:172.21.15.60:6789/0] conn(0x7f00781068f0 0x7f0078106d10 secure :-1 s=READY pgs=47 cs=0 l=1 rev1=1 crypto rx=0x7f006c0098a0 tx=0x7f006c009bb0 comp rx=0 tx=0).stop
2023-10-16T19:27:18.020 INFO:teuthology.orchestra.run.smithi060.stdout:/usr/bin/ceph: stderr
2023-10-16T19:27:17.185+0000 7f0080426700 1 -- 172.21.15.60:0/723158989 shutdown_connections
2023-10-16T19:27:18.020 INFO:teuthology.orchestra.run.smithi060.stdout:/usr/bin/ceph: stderr
2023-10-16T19:27:17.185+0000 7f0080426700 1 --2- 172.21.15.60:0/723158989 >> [v2:172.21.15.60:3300/0,v1:172.21.15.60:6789/0] conn(0x7f00781068f0 0x7f0078106d10 unknown :-1 s=CLOSED pgs=47 cs=0 l=1 rev1=1 crypto rx=0 tx=0 comp rx=0 tx=0).stop
2023-10-16T19:27:18.020 INFO:teuthology.orchestra.run.smithi060.stdout:/usr/bin/ceph: stderr
2023-10-16T19:27:17.185+0000 7f0080426700 1 -- 172.21.15.60:0/723158989 >> 172.21.15.60:0/723158989 conn(0x7f0078101e90 msgr2=0x7f00781042d0 unknown :-1 s=STATE_NONE l=0).mark_down
2023-10-16T19:27:18.020 INFO:teuthology.orchestra.run.smithi060.stdout:/usr/bin/ceph: stderr
2023-10-16T19:27:17.185+0000 7f0080426700 1 -- 172.21.15.60:0/723158989 shutdown_connections
2023-10-16T19:27:18.021 INFO:teuthology.orchestra.run.smithi060.stdout:/usr/bin/ceph: stderr
2023-10-16T19:27:17.185+0000 7f0080426700 1 -- 172.21.15.60:0/723158989 wait complete.
2023-10-16T19:27:18.021 INFO:teuthology.orchestra.run.smithi060.stdout:/usr/bin/ceph: stderr
2023-10-16T19:27:17.186+0000 7f0080426700 1 Processor -- start
2023-10-16T19:27:18.021 INFO:teuthology.orchestra.run.smithi060.stdout:/usr/bin/ceph: stderr
2023-10-16T19:27:17.186+0000 7f0080426700 1 -- start start
2023-10-16T19:27:18.021 INFO:teuthology.orchestra.run.smithi060.stdout:/usr/bin/ceph: stderr
2023-10-16T19:27:17.186+0000 7f0080426700 1 --2- >> [v2:172.21.15.60:3300/0,v1:172.21.15.60:6789/0] conn(0x7f00781068f0 0x7f007819a580 unknown :-1 s=NONE pgs=0 cs=0 l=1 rev1=0 crypto rx=0 tx=0 comp rx=0 tx=0).connect
2023-10-16T19:27:18.021 INFO:teuthology.orchestra.run.smithi060.stdout:/usr/bin/ceph: stderr
2023-10-16T19:27:17.186+0000 7f0080426700 1 -- --> [v2:172.21.15.60:3300/0,v1:172.21.15.60:6789/0] -- mon_getmap magic: 0 v1 -- 0x7f007819aac0 con 0x7f00781068f0
2023-10-16T19:27:18.022 INFO:teuthology.orchestra.run.smithi060.stdout:/usr/bin/ceph: stderr
2023-10-16T19:27:17.186+0000 7f007e1c2700 1 --2- >> [v2:172.21.15.60:3300/0,v1:172.21.15.60:6789/0] conn(0x7f00781068f0 0x7f007819a580 unknown :-1 s=BANNER_CONNECTING pgs=0 cs=0 l=1 rev1=0 crypto rx=0 tx=0 comp rx=0 tx=0)._handle_peer_banner_payload supported=3 required=0
2023-10-16T19:27:18.022 INFO:teuthology.orchestra.run.smithi060.stdout:/usr/bin/ceph: stderr
2023-10-16T19:27:17.186+0000 7f007e1c2700 1 --2- >> [v2:172.21.15.60:3300/0,v1:172.21.15.60:6789/0] conn(0x7f00781068f0 0x7f007819a580 unknown :-1 s=HELLO_CONNECTING pgs=0 cs=0 l=1 rev1=1 crypto rx=0 tx=0 comp rx=0 tx=0).handle_hello peer v2:172.21.15.60:3300/0 says I am v2:172.21.15.60:39588/0 (socket says 172.21.15.60:39588)
2023-10-16T19:27:18.022 INFO:teuthology.orchestra.run.smithi060.stdout:/usr/bin/ceph: stderr
2023-10-16T19:27:17.186+0000 7f007e1c2700 1 -- 172.21.15.60:0/2835893777 learned_addr learned my addr 172.21.15.60:0/2835893777 (peer_addr_for_me v2:172.21.15.60:0/0)
2023-10-16T19:27:18.022 INFO:teuthology.orchestra.run.smithi060.stdout:/usr/bin/ceph: stderr
2023-10-16T19:27:17.186+0000 7f007e1c2700 1 -- 172.21.15.60:0/2835893777 --> [v2:172.21.15.60:3300/0,v1:172.21.15.60:6789/0] -- mon_subscribe({config=0+,monmap=0+}) v3 -- 0x7f006c009550 con 0x7f00781068f0
2023-10-16T19:27:18.022 INFO:teuthology.orchestra.run.smithi060.stdout:/usr/bin/ceph: stderr
2023-10-16T19:27:17.186+0000 7f007e1c2700 1 --2- 172.21.15.60:0/2835893777 >> [v2:172.21.15.60:3300/0,v1:172.21.15.60:6789/0] conn(0x7f00781068f0 0x7f007819a580 secure :-1 s=READY pgs=48 cs=0 l=1 rev1=1 crypto rx=0x7f006c003f70 tx=0x7f006c011b40 comp rx=0 tx=0).ready entity=mon.0 client_cookie=0 server_cookie=0 in_seq=0 out_seq=0
2023-10-16T19:27:18.023 INFO:teuthology.orchestra.run.smithi060.stdout:/usr/bin/ceph: stderr
2023-10-16T19:27:17.186+0000 7f006b7fe700 1 -- 172.21.15.60:0/2835893777 <== mon.0 v2:172.21.15.60:3300/0 1 ==== mon_map magic: 0 v1 ==== 205+0+0 (secure 0 0 0) 0x7f006c003b20 con 0x7f00781068f0
2023-10-16T19:27:18.023 INFO:teuthology.orchestra.run.smithi060.stdout:/usr/bin/ceph: stderr
2023-10-16T19:27:17.187+0000 7f006b7fe700 1 -- 172.21.15.60:0/2835893777 <== mon.0 v2:172.21.15.60:3300/0 2 ==== config(27 keys) v1 ==== 1108+0+0 (secure 0 0 0) 0x7f006c003c80 con 0x7f00781068f0
2023-10-16T19:27:18.023 INFO:teuthology.orchestra.run.smithi060.stdout:/usr/bin/ceph: stderr
2023-10-16T19:27:17.187+0000 7f0080426700 1 -- 172.21.15.60:0/2835893777 --> [v2:172.21.15.60:3300/0,v1:172.21.15.60:6789/0] -- mon_subscribe({mgrmap=0+}) v3 -- 0x7f007819acc0 con 0x7f00781068f0
2023-10-16T19:27:18.023 INFO:teuthology.orchestra.run.smithi060.stdout:/usr/bin/ceph: stderr
2023-10-16T19:27:17.187+0000 7f006b7fe700 1 -- 172.21.15.60:0/2835893777 <== mon.0 v2:172.21.15.60:3300/0 3 ==== mon_map magic: 0 v1 ==== 205+0+0 (secure 0 0 0) 0x7f006c024860 con 0x7f00781068f0
2023-10-16T19:27:18.023 INFO:teuthology.orchestra.run.smithi060.stdout:/usr/bin/ceph: stderr
2023-10-16T19:27:17.187+0000 7f0080426700 1 -- 172.21.15.60:0/2835893777 --> [v2:172.21.15.60:3300/0,v1:172.21.15.60:6789/0] -- mon_subscribe({osdmap=0}) v3 -- 0x7f007819b160 con 0x7f00781068f0
2023-10-16T19:27:18.023 INFO:teuthology.orchestra.run.smithi060.stdout:/usr/bin/ceph: stderr
2023-10-16T19:27:17.187+0000 7f006b7fe700 1 -- 172.21.15.60:0/2835893777 <== mon.0 v2:172.21.15.60:3300/0 4 ==== mgrmap(e 8) v1 ==== 45579+0+0 (secure 0 0 0) 0x7f006c01abd0 con 0x7f00781068f0
2023-10-16T19:27:18.024 INFO:teuthology.orchestra.run.smithi060.stdout:/usr/bin/ceph: stderr
2023-10-16T19:27:17.188+0000 7f006b7fe700 1 --2- 172.21.15.60:0/2835893777 >> [v2:172.21.15.60:6800/2065428177,v1:172.21.15.60:6801/2065428177] conn(0x7f0064038820 0x7f006403ace0 unknown :-1 s=NONE pgs=0 cs=0 l=1 rev1=0 crypto rx=0 tx=0 comp rx=0 tx=0).connect
2023-10-16T19:27:18.024 INFO:teuthology.orchestra.run.smithi060.stdout:/usr/bin/ceph: stderr
2023-10-16T19:27:17.188+0000 7f006b7fe700 1 -- 172.21.15.60:0/2835893777 <== mon.0 v2:172.21.15.60:3300/0 5 ==== osd_map(2..2 src has 1..2) v4 ==== 940+0+0 (secure 0 0 0) 0x7f006c04cb10 con 0x7f00781068f0
2023-10-16T19:27:18.024 INFO:teuthology.orchestra.run.smithi060.stdout:/usr/bin/ceph: stderr
2023-10-16T19:27:17.188+0000 7f0080426700 1 -- 172.21.15.60:0/2835893777 --> [v2:172.21.15.60:3300/0,v1:172.21.15.60:6789/0] -- mon_command({"prefix": "get_command_descriptions"} v 0) v1 -- 0x7f007810ad20 con 0x7f00781068f0
2023-10-16T19:27:18.024 INFO:teuthology.orchestra.run.smithi060.stdout:/usr/bin/ceph: stderr
2023-10-16T19:27:17.188+0000 7f007d9c1700 1 --2- 172.21.15.60:0/2835893777 >> [v2:172.21.15.60:6800/2065428177,v1:172.21.15.60:6801/2065428177] conn(0x7f0064038820 0x7f006403ace0 unknown :-1 s=BANNER_CONNECTING pgs=0 cs=0 l=1 rev1=0 crypto rx=0 tx=0 comp rx=0 tx=0)._handle_peer_banner_payload supported=3 required=0
2023-10-16T19:27:18.024 INFO:teuthology.orchestra.run.smithi060.stdout:/usr/bin/ceph: stderr
2023-10-16T19:27:17.188+0000 7f007d9c1700 1 --2- 172.21.15.60:0/2835893777 >> [v2:172.21.15.60:6800/2065428177,v1:172.21.15.60:6801/2065428177] conn(0x7f0064038820 0x7f006403ace0 secure :-1 s=READY pgs=12 cs=0 l=1 rev1=1 crypto rx=0x7f0074006fd0 tx=0x7f0074006e40 comp rx=0 tx=0).ready entity=mgr.14120 client_cookie=0 server_cookie=0 in_seq=0 out_seq=0
2023-10-16T19:27:18.025 INFO:teuthology.orchestra.run.smithi060.stdout:/usr/bin/ceph: stderr
2023-10-16T19:27:17.193+0000 7f006b7fe700 1 -- 172.21.15.60:0/2835893777 <== mon.0 v2:172.21.15.60:3300/0 6 ==== mon_command_ack([{"prefix": "get_command_descriptions"}]=0 v0) v1 ==== 72+0+180459 (secure 0 0 0) 0x7f006c02d3f0 con 0x7f00781068f0
2023-10-16T19:27:18.025 INFO:teuthology.orchestra.run.smithi060.stdout:/usr/bin/ceph: stderr
2023-10-16T19:27:17.586+0000 7f0080426700 1 -- 172.21.15.60:0/2835893777 --> [v2:172.21.15.60:6800/2065428177,v1:172.21.15.60:6801/2065428177] -- mgr_command(tid 0: {"prefix": "orch apply", "service_type": "mon", "unmanaged": true, "target": ["mon-mgr", ""]}) v1 -- 0x7f00781032f0 con 0x7f0064038820
2023-10-16T19:27:18.025 INFO:teuthology.orchestra.run.smithi060.stdout:/usr/bin/ceph: stderr
2023-10-16T19:27:17.591+0000 7f006b7fe700 1 -- 172.21.15.60:0/2835893777 <== mgr.14120 v2:172.21.15.60:6800/2065428177 1 ==== mgr_command_reply(tid 0: 0 ) v1 ==== 8+0+24 (secure 0 0 0) 0x7f00781032f0 con 0x7f0064038820
2023-10-16T19:27:18.025 INFO:teuthology.orchestra.run.smithi060.stdout:/usr/bin/ceph: stderr
2023-10-16T19:27:17.593+0000 7f0080426700 1 -- 172.21.15.60:0/2835893777 >> [v2:172.21.15.60:6800/2065428177,v1:172.21.15.60:6801/2065428177] conn(0x7f0064038820 msgr2=0x7f006403ace0 secure :-1 s=STATE_CONNECTION_ESTABLISHED l=1).mark_down
2023-10-16T19:27:18.025 INFO:teuthology.orchestra.run.smithi060.stdout:/usr/bin/ceph: stderr
2023-10-16T19:27:17.593+0000 7f0080426700 1 --2- 172.21.15.60:0/2835893777 >> [v2:172.21.15.60:6800/2065428177,v1:172.21.15.60:6801/2065428177] conn(0x7f0064038820 0x7f006403ace0 secure :-1 s=READY pgs=12 cs=0 l=1 rev1=1 crypto rx=0x7f0074006fd0 tx=0x7f0074006e40 comp rx=0 tx=0).stop
2023-10-16T19:27:18.026 INFO:teuthology.orchestra.run.smithi060.stdout:/usr/bin/ceph: stderr
2023-10-16T19:27:17.593+0000 7f0080426700 1 -- 172.21.15.60:0/2835893777 >> [v2:172.21.15.60:3300/0,v1:172.21.15.60:6789/0] conn(0x7f00781068f0 msgr2=0x7f007819a580 secure :-1 s=STATE_CONNECTION_ESTABLISHED l=1).mark_down
2023-10-16T19:27:18.026 INFO:teuthology.orchestra.run.smithi060.stdout:/usr/bin/ceph: stderr
2023-10-16T19:27:17.593+0000 7f0080426700 1 --2- 172.21.15.60:0/2835893777 >> [v2:172.21.15.60:3300/0,v1:172.21.15.60:6789/0] conn(0x7f00781068f0 0x7f007819a580 secure :-1 s=READY pgs=48 cs=0 l=1 rev1=1 crypto rx=0x7f006c003f70 tx=0x7f006c011b40 comp rx=0 tx=0).stop
2023-10-16T19:27:18.026 INFO:teuthology.orchestra.run.smithi060.stdout:/usr/bin/ceph: stderr
2023-10-16T19:27:17.593+0000 7f0080426700 1 -- 172.21.15.60:0/2835893777 shutdown_connections
2023-10-16T19:27:18.026 INFO:teuthology.orchestra.run.smithi060.stdout:/usr/bin/ceph: stderr
2023-10-16T19:27:17.593+0000 7f0080426700 1 --2- 172.21.15.60:0/2835893777 >> [v2:172.21.15.60:6800/2065428177,v1:172.21.15.60:6801/2065428177] conn(0x7f0064038820 0x7f006403ace0 unknown :-1 s=CLOSED pgs=12 cs=0 l=1 rev1=1 crypto rx=0 tx=0 comp rx=0 tx=0).stop
2023-10-16T19:27:18.026 INFO:teuthology.orchestra.run.smithi060.stdout:/usr/bin/ceph: stderr
2023-10-16T19:27:17.593+0000 7f0080426700 1 --2- 172.21.15.60:0/2835893777 >> [v2:172.21.15.60:3300/0,v1:172.21.15.60:6789/0] conn(0x7f00781068f0 0x7f007819a580 unknown :-1 s=CLOSED pgs=48 cs=0 l=1 rev1=1 crypto rx=0 tx=0 comp rx=0 tx=0).stop
2023-10-16T19:27:18.027 INFO:teuthology.orchestra.run.smithi060.stdout:/usr/bin/ceph: stderr
2023-10-16T19:27:17.593+0000 7f0080426700 1 -- 172.21.15.60:0/2835893777 >> 172.21.15.60:0/2835893777 conn(0x7f0078101e90 msgr2=0x7f0078102be0 unknown :-1 s=STATE_NONE l=0).mark_down
2023-10-16T19:27:18.027 INFO:teuthology.orchestra.run.smithi060.stdout:/usr/bin/ceph: stderr
2023-10-16T19:27:17.593+0000 7f0080426700 1 -- 172.21.15.60:0/2835893777 shutdown_connections
2023-10-16T19:27:18.027 INFO:teuthology.orchestra.run.smithi060.stdout:/usr/bin/ceph: stderr
2023-10-16T19:27:17.593+0000 7f0080426700 1 -- 172.21.15.60:0/2835893777 wait complete.
2023-10-16T19:27:18.027 INFO:teuthology.orchestra.run.smithi060.stdout:Deploying unmanaged mgr service...
2023-10-16T19:27:18.898 INFO:journalctl@ceph.mon.a.smithi060.stdout:Oct 16 19:27:18 smithi060 ceph-mon[99437]: from='client.14142 -' entity='client.admin' cmd=[{"prefix": "orch apply", "service_type": "mon", "unmanaged": true, "target": ["mon-mgr", ""]}]: dispatch
2023-10-16T19:27:18.899 INFO:journalctl@ceph.mon.a.smithi060.stdout:Oct 16 19:27:18 smithi060 ceph-mon[99437]: Saving service mon spec with placement count:5
2023-10-16T19:27:18.899 INFO:journalctl@ceph.mon.a.smithi060.stdout:Oct 16 19:27:18 smithi060 ceph-mon[99437]: from='mgr.14120 172.21.15.60:0/4289215794' entity='mgr.x'
2023-10-16T19:27:18.899 INFO:journalctl@ceph.mon.a.smithi060.stdout:Oct 16 19:27:18 smithi060 ceph-mon[99437]: from='mgr.14120 172.21.15.60:0/4289215794' entity='mgr.x'
2023-10-16T19:27:19.771 INFO:teuthology.orchestra.run.smithi060.stdout:/usr/bin/ceph: stdout Scheduled mgr update...
2023-10-16T19:27:19.772 INFO:teuthology.orchestra.run.smithi060.stdout:/usr/bin/ceph: stderr
2023-10-16T19:27:18.807+0000 7fa2f163d700 1 Processor -- start
2023-10-16T19:27:19.772 INFO:teuthology.orchestra.run.smithi060.stdout:/usr/bin/ceph: stderr
2023-10-16T19:27:18.807+0000 7fa2f163d700 1 -- start start
2023-10-16T19:27:19.772 INFO:teuthology.orchestra.run.smithi060.stdout:/usr/bin/ceph: stderr
2023-10-16T19:27:18.807+0000 7fa2f163d700 1 --2- >> [v2:172.21.15.60:3300/0,v1:172.21.15.60:6789/0] conn(0x7fa2ec1073a0 0x7fa2ec109790 unknown :-1 s=NONE pgs=0 cs=0 l=0 rev1=0 crypto rx=0 tx=0 comp rx=0 tx=0).connect
2023-10-16T19:27:19.772 INFO:teuthology.orchestra.run.smithi060.stdout:/usr/bin/ceph: stderr
2023-10-16T19:27:18.807+0000 7fa2f163d700 1 -- --> [v2:172.21.15.60:3300/0,v1:172.21.15.60:6789/0] -- mon_getmap magic: 0 v1 -- 0x7fa2ec079e50 con 0x7fa2ec1073a0
2023-10-16T19:27:19.773 INFO:teuthology.orchestra.run.smithi060.stdout:/usr/bin/ceph: stderr
2023-10-16T19:27:18.807+0000 7fa2eaffd700 1 --2- >> [v2:172.21.15.60:3300/0,v1:172.21.15.60:6789/0] conn(0x7fa2ec1073a0 0x7fa2ec109790 unknown :-1 s=BANNER_CONNECTING pgs=0 cs=0 l=0 rev1=0 crypto rx=0 tx=0 comp rx=0 tx=0)._handle_peer_banner_payload supported=3 required=0
2023-10-16T19:27:19.773 INFO:teuthology.orchestra.run.smithi060.stdout:/usr/bin/ceph: stderr
2023-10-16T19:27:18.808+0000 7fa2eaffd700 1 --2- >> [v2:172.21.15.60:3300/0,v1:172.21.15.60:6789/0] conn(0x7fa2ec1073a0 0x7fa2ec109790 unknown :-1 s=HELLO_CONNECTING pgs=0 cs=0 l=0 rev1=1 crypto rx=0 tx=0 comp rx=0 tx=0).handle_hello peer v2:172.21.15.60:3300/0 says I am v2:172.21.15.60:39592/0 (socket says 172.21.15.60:39592)
2023-10-16T19:27:19.773 INFO:teuthology.orchestra.run.smithi060.stdout:/usr/bin/ceph: stderr
2023-10-16T19:27:18.808+0000 7fa2eaffd700 1 -- 172.21.15.60:0/1872712284 learned_addr learned my addr 172.21.15.60:0/1872712284 (peer_addr_for_me v2:172.21.15.60:0/0)
2023-10-16T19:27:19.773 INFO:teuthology.orchestra.run.smithi060.stdout:/usr/bin/ceph: stderr
2023-10-16T19:27:18.808+0000 7fa2eaffd700 1 -- 172.21.15.60:0/1872712284 --> [v2:172.21.15.60:3300/0,v1:172.21.15.60:6789/0] -- mon_subscribe({config=0+,monmap=0+}) v3 -- 0x7fa2ec109cd0 con 0x7fa2ec1073a0
2023-10-16T19:27:19.773 INFO:teuthology.orchestra.run.smithi060.stdout:/usr/bin/ceph: stderr
2023-10-16T19:27:18.808+0000 7fa2eaffd700 1 --2- 172.21.15.60:0/1872712284 >> [v2:172.21.15.60:3300/0,v1:172.21.15.60:6789/0] conn(0x7fa2ec1073a0 0x7fa2ec109790 secure :-1 s=READY pgs=49 cs=0 l=1 rev1=1 crypto rx=0x7fa2e00098a0 tx=0x7fa2e0009bb0 comp rx=0 tx=0).ready entity=mon.0 client_cookie=4aa93b322e3912e server_cookie=0 in_seq=0 out_seq=0
2023-10-16T19:27:19.774 INFO:teuthology.orchestra.run.smithi060.stdout:/usr/bin/ceph: stderr
2023-10-16T19:27:18.808+0000 7fa2e9ffb700 1 -- 172.21.15.60:0/1872712284 <== mon.0 v2:172.21.15.60:3300/0 1 ==== mon_map magic: 0 v1 ==== 205+0+0 (secure 0 0 0) 0x7fa2e0004160 con 0x7fa2ec1073a0
2023-10-16T19:27:19.774 INFO:teuthology.orchestra.run.smithi060.stdout:/usr/bin/ceph: stderr
2023-10-16T19:27:18.808+0000 7fa2e9ffb700 1 -- 172.21.15.60:0/1872712284 <== mon.0 v2:172.21.15.60:3300/0 2 ==== config(27 keys) v1 ==== 1139+0+0 (secure 0 0 0) 0x7fa2e00042c0 con 0x7fa2ec1073a0
2023-10-16T19:27:19.774 INFO:teuthology.orchestra.run.smithi060.stdout:/usr/bin/ceph: stderr
2023-10-16T19:27:18.808+0000 7fa2e9ffb700 1 -- 172.21.15.60:0/1872712284 <== mon.0 v2:172.21.15.60:3300/0 3 ==== mon_map magic: 0 v1 ==== 205+0+0 (secure 0 0 0) 0x7fa2e0011a80 con 0x7fa2ec1073a0
2023-10-16T19:27:19.774 INFO:teuthology.orchestra.run.smithi060.stdout:/usr/bin/ceph: stderr
2023-10-16T19:27:18.809+0000 7fa2f163d700 1 -- 172.21.15.60:0/1872712284 >> [v2:172.21.15.60:3300/0,v1:172.21.15.60:6789/0] conn(0x7fa2ec1073a0 msgr2=0x7fa2ec109790 secure :-1 s=STATE_CONNECTION_ESTABLISHED l=1).mark_down
2023-10-16T19:27:19.775 INFO:teuthology.orchestra.run.smithi060.stdout:/usr/bin/ceph: stderr
2023-10-16T19:27:18.809+0000 7fa2f163d700 1 --2- 172.21.15.60:0/1872712284 >> [v2:172.21.15.60:3300/0,v1:172.21.15.60:6789/0] conn(0x7fa2ec1073a0 0x7fa2ec109790 secure :-1 s=READY pgs=49 cs=0 l=1 rev1=1 crypto rx=0x7fa2e00098a0 tx=0x7fa2e0009bb0 comp rx=0 tx=0).stop
2023-10-16T19:27:19.775 INFO:teuthology.orchestra.run.smithi060.stdout:/usr/bin/ceph: stderr
2023-10-16T19:27:18.809+0000 7fa2f163d700 1 -- 172.21.15.60:0/1872712284 shutdown_connections
2023-10-16T19:27:19.775 INFO:teuthology.orchestra.run.smithi060.stdout:/usr/bin/ceph: stderr
2023-10-16T19:27:18.809+0000 7fa2f163d700 1 --2- 172.21.15.60:0/1872712284 >> [v2:172.21.15.60:3300/0,v1:172.21.15.60:6789/0] conn(0x7fa2ec1073a0 0x7fa2ec109790 unknown :-1 s=CLOSED pgs=49 cs=0 l=1 rev1=1 crypto rx=0 tx=0 comp rx=0 tx=0).stop
2023-10-16T19:27:19.775 INFO:teuthology.orchestra.run.smithi060.stdout:/usr/bin/ceph: stderr
2023-10-16T19:27:18.809+0000 7fa2f163d700 1 -- 172.21.15.60:0/1872712284 >> 172.21.15.60:0/1872712284 conn(0x7fa2ec100d70 msgr2=0x7fa2ec1031b0 unknown :-1 s=STATE_NONE l=0).mark_down
2023-10-16T19:27:19.775 INFO:teuthology.orchestra.run.smithi060.stdout:/usr/bin/ceph: stderr
2023-10-16T19:27:18.809+0000 7fa2f163d700 1 -- 172.21.15.60:0/1872712284 shutdown_connections
2023-10-16T19:27:19.776 INFO:teuthology.orchestra.run.smithi060.stdout:/usr/bin/ceph: stderr
2023-10-16T19:27:18.809+0000 7fa2f163d700 1 -- 172.21.15.60:0/1872712284 wait complete.
2023-10-16T19:27:19.776 INFO:teuthology.orchestra.run.smithi060.stdout:/usr/bin/ceph: stderr
2023-10-16T19:27:18.809+0000 7fa2f163d700 1 Processor -- start
2023-10-16T19:27:19.776 INFO:teuthology.orchestra.run.smithi060.stdout:/usr/bin/ceph: stderr
2023-10-16T19:27:18.810+0000 7fa2f163d700 1 -- start start
2023-10-16T19:27:19.776 INFO:teuthology.orchestra.run.smithi060.stdout:/usr/bin/ceph: stderr
2023-10-16T19:27:18.810+0000 7fa2f163d700 1 --2- >> [v2:172.21.15.60:3300/0,v1:172.21.15.60:6789/0] conn(0x7fa2ec1073a0 0x7fa2ec19a4b0 unknown :-1 s=NONE pgs=0 cs=0 l=1 rev1=0 crypto rx=0 tx=0 comp rx=0 tx=0).connect
2023-10-16T19:27:19.776 INFO:teuthology.orchestra.run.smithi060.stdout:/usr/bin/ceph: stderr
2023-10-16T19:27:18.810+0000 7fa2f163d700 1 -- --> [v2:172.21.15.60:3300/0,v1:172.21.15.60:6789/0] -- mon_getmap magic: 0 v1 -- 0x7fa2ec19a9f0 con 0x7fa2ec1073a0
2023-10-16T19:27:19.777 INFO:teuthology.orchestra.run.smithi060.stdout:/usr/bin/ceph: stderr
2023-10-16T19:27:18.810+0000 7fa2eaffd700 1 --2- >> [v2:172.21.15.60:3300/0,v1:172.21.15.60:6789/0] conn(0x7fa2ec1073a0 0x7fa2ec19a4b0 unknown :-1 s=BANNER_CONNECTING pgs=0 cs=0 l=1 rev1=0 crypto rx=0 tx=0 comp rx=0 tx=0)._handle_peer_banner_payload supported=3 required=0
2023-10-16T19:27:19.777 INFO:teuthology.orchestra.run.smithi060.stdout:/usr/bin/ceph: stderr
