2023-10-16T19:27:18.810+0000 7fa2eaffd700 1 --2- >> [v2:172.21.15.60:3300/0,v1:172.21.15.60:6789/0] conn(0x7fa2ec1073a0 0x7fa2ec19a4b0 unknown :-1 s=HELLO_CONNECTING pgs=0 cs=0 l=1 rev1=1 crypto rx=0 tx=0 comp rx=0 tx=0).handle_hello peer v2:172.21.15.60:3300/0 says I am v2:172.21.15.60:39594/0 (socket says 172.21.15.60:39594)
2023-10-16T19:27:19.777 INFO:teuthology.orchestra.run.smithi060.stdout:/usr/bin/ceph: stderr
2023-10-16T19:27:18.810+0000 7fa2eaffd700 1 -- 172.21.15.60:0/470741151 learned_addr learned my addr 172.21.15.60:0/470741151 (peer_addr_for_me v2:172.21.15.60:0/0)
2023-10-16T19:27:19.777 INFO:teuthology.orchestra.run.smithi060.stdout:/usr/bin/ceph: stderr
2023-10-16T19:27:18.810+0000 7fa2eaffd700 1 -- 172.21.15.60:0/470741151 --> [v2:172.21.15.60:3300/0,v1:172.21.15.60:6789/0] -- mon_subscribe({config=0+,monmap=0+}) v3 -- 0x7fa2e0009550 con 0x7fa2ec1073a0
2023-10-16T19:27:19.777 INFO:teuthology.orchestra.run.smithi060.stdout:/usr/bin/ceph: stderr
2023-10-16T19:27:18.810+0000 7fa2eaffd700 1 --2- 172.21.15.60:0/470741151 >> [v2:172.21.15.60:3300/0,v1:172.21.15.60:6789/0] conn(0x7fa2ec1073a0 0x7fa2ec19a4b0 secure :-1 s=READY pgs=50 cs=0 l=1 rev1=1 crypto rx=0x7fa2e0011a80 tx=0x7fa2e0011b60 comp rx=0 tx=0).ready entity=mon.0 client_cookie=0 server_cookie=0 in_seq=0 out_seq=0
2023-10-16T19:27:19.778 INFO:teuthology.orchestra.run.smithi060.stdout:/usr/bin/ceph: stderr
2023-10-16T19:27:18.810+0000 7fa2d3fff700 1 -- 172.21.15.60:0/470741151 <== mon.0 v2:172.21.15.60:3300/0 1 ==== mon_map magic: 0 v1 ==== 205+0+0 (secure 0 0 0) 0x7fa2e0003c20 con 0x7fa2ec1073a0
2023-10-16T19:27:19.778 INFO:teuthology.orchestra.run.smithi060.stdout:/usr/bin/ceph: stderr
2023-10-16T19:27:18.811+0000 7fa2d3fff700 1 -- 172.21.15.60:0/470741151 <== mon.0 v2:172.21.15.60:3300/0 2 ==== config(27 keys) v1 ==== 1139+0+0 (secure 0 0 0) 0x7fa2e001a910 con 0x7fa2ec1073a0
2023-10-16T19:27:19.778 INFO:teuthology.orchestra.run.smithi060.stdout:/usr/bin/ceph: stderr
2023-10-16T19:27:18.811+0000 7fa2f163d700 1 -- 172.21.15.60:0/470741151 --> [v2:172.21.15.60:3300/0,v1:172.21.15.60:6789/0] -- mon_subscribe({mgrmap=0+}) v3 -- 0x7fa2ec19abf0 con 0x7fa2ec1073a0
2023-10-16T19:27:19.778 INFO:teuthology.orchestra.run.smithi060.stdout:/usr/bin/ceph: stderr
2023-10-16T19:27:18.811+0000 7fa2d3fff700 1 -- 172.21.15.60:0/470741151 <== mon.0 v2:172.21.15.60:3300/0 3 ==== mon_map magic: 0 v1 ==== 205+0+0 (secure 0 0 0) 0x7fa2e00199f0 con 0x7fa2ec1073a0
2023-10-16T19:27:19.778 INFO:teuthology.orchestra.run.smithi060.stdout:/usr/bin/ceph: stderr
2023-10-16T19:27:18.811+0000 7fa2f163d700 1 -- 172.21.15.60:0/470741151 --> [v2:172.21.15.60:3300/0,v1:172.21.15.60:6789/0] -- mon_subscribe({osdmap=0}) v3 -- 0x7fa2ec19b090 con 0x7fa2ec1073a0
2023-10-16T19:27:19.779 INFO:teuthology.orchestra.run.smithi060.stdout:/usr/bin/ceph: stderr
2023-10-16T19:27:18.811+0000 7fa2d3fff700 1 -- 172.21.15.60:0/470741151 <== mon.0 v2:172.21.15.60:3300/0 4 ==== mgrmap(e 8) v1 ==== 45579+0+0 (secure 0 0 0) 0x7fa2e0019c60 con 0x7fa2ec1073a0
2023-10-16T19:27:19.779 INFO:teuthology.orchestra.run.smithi060.stdout:/usr/bin/ceph: stderr
2023-10-16T19:27:18.812+0000 7fa2d3fff700 1 --2- 172.21.15.60:0/470741151 >> [v2:172.21.15.60:6800/2065428177,v1:172.21.15.60:6801/2065428177] conn(0x7fa2d4038870 0x7fa2d403ad30 unknown :-1 s=NONE pgs=0 cs=0 l=1 rev1=0 crypto rx=0 tx=0 comp rx=0 tx=0).connect
2023-10-16T19:27:19.779 INFO:teuthology.orchestra.run.smithi060.stdout:/usr/bin/ceph: stderr
2023-10-16T19:27:18.812+0000 7fa2f163d700 1 -- 172.21.15.60:0/470741151 --> [v2:172.21.15.60:3300/0,v1:172.21.15.60:6789/0] -- mon_command({"prefix": "get_command_descriptions"} v 0) v1 -- 0x7fa2ec10ab10 con 0x7fa2ec1073a0
2023-10-16T19:27:19.779 INFO:teuthology.orchestra.run.smithi060.stdout:/usr/bin/ceph: stderr
2023-10-16T19:27:18.812+0000 7fa2d3fff700 1 -- 172.21.15.60:0/470741151 <== mon.0 v2:172.21.15.60:3300/0 5 ==== osd_map(2..2 src has 1..2) v4 ==== 940+0+0 (secure 0 0 0) 0x7fa2e004c900 con 0x7fa2ec1073a0
2023-10-16T19:27:19.779 INFO:teuthology.orchestra.run.smithi060.stdout:/usr/bin/ceph: stderr
2023-10-16T19:27:18.812+0000 7fa2ea7fc700 1 --2- 172.21.15.60:0/470741151 >> [v2:172.21.15.60:6800/2065428177,v1:172.21.15.60:6801/2065428177] conn(0x7fa2d4038870 0x7fa2d403ad30 unknown :-1 s=BANNER_CONNECTING pgs=0 cs=0 l=1 rev1=0 crypto rx=0 tx=0 comp rx=0 tx=0)._handle_peer_banner_payload supported=3 required=0
2023-10-16T19:27:19.779 INFO:teuthology.orchestra.run.smithi060.stdout:/usr/bin/ceph: stderr
2023-10-16T19:27:18.812+0000 7fa2ea7fc700 1 --2- 172.21.15.60:0/470741151 >> [v2:172.21.15.60:6800/2065428177,v1:172.21.15.60:6801/2065428177] conn(0x7fa2d4038870 0x7fa2d403ad30 secure :-1 s=READY pgs=13 cs=0 l=1 rev1=1 crypto rx=0x7fa2dc006fd0 tx=0x7fa2dc006e40 comp rx=0 tx=0).ready entity=mgr.14120 client_cookie=0 server_cookie=0 in_seq=0 out_seq=0
2023-10-16T19:27:19.780 INFO:teuthology.orchestra.run.smithi060.stdout:/usr/bin/ceph: stderr
2023-10-16T19:27:18.817+0000 7fa2d3fff700 1 -- 172.21.15.60:0/470741151 <== mon.0 v2:172.21.15.60:3300/0 6 ==== mon_command_ack([{"prefix": "get_command_descriptions"}]=0 v0) v1 ==== 72+0+180459 (secure 0 0 0) 0x7fa2e002b300 con 0x7fa2ec1073a0
2023-10-16T19:27:19.780 INFO:teuthology.orchestra.run.smithi060.stdout:/usr/bin/ceph: stderr
2023-10-16T19:27:19.207+0000 7fa2f163d700 1 -- 172.21.15.60:0/470741151 --> [v2:172.21.15.60:6800/2065428177,v1:172.21.15.60:6801/2065428177] -- mgr_command(tid 0: {"prefix": "orch apply", "service_type": "mgr", "unmanaged": true, "target": ["mon-mgr", ""]}) v1 -- 0x7fa2ec19da50 con 0x7fa2d4038870
2023-10-16T19:27:19.780 INFO:teuthology.orchestra.run.smithi060.stdout:/usr/bin/ceph: stderr
2023-10-16T19:27:19.212+0000 7fa2d3fff700 1 -- 172.21.15.60:0/470741151 <== mgr.14120 v2:172.21.15.60:6800/2065428177 1 ==== mgr_command_reply(tid 0: 0 ) v1 ==== 8+0+24 (secure 0 0 0) 0x7fa2ec19da50 con 0x7fa2d4038870
2023-10-16T19:27:19.780 INFO:teuthology.orchestra.run.smithi060.stdout:/usr/bin/ceph: stderr
2023-10-16T19:27:19.214+0000 7fa2f163d700 1 -- 172.21.15.60:0/470741151 >> [v2:172.21.15.60:6800/2065428177,v1:172.21.15.60:6801/2065428177] conn(0x7fa2d4038870 msgr2=0x7fa2d403ad30 secure :-1 s=STATE_CONNECTION_ESTABLISHED l=1).mark_down
2023-10-16T19:27:19.781 INFO:teuthology.orchestra.run.smithi060.stdout:/usr/bin/ceph: stderr
2023-10-16T19:27:19.214+0000 7fa2f163d700 1 --2- 172.21.15.60:0/470741151 >> [v2:172.21.15.60:6800/2065428177,v1:172.21.15.60:6801/2065428177] conn(0x7fa2d4038870 0x7fa2d403ad30 secure :-1 s=READY pgs=13 cs=0 l=1 rev1=1 crypto rx=0x7fa2dc006fd0 tx=0x7fa2dc006e40 comp rx=0 tx=0).stop
2023-10-16T19:27:19.781 INFO:teuthology.orchestra.run.smithi060.stdout:/usr/bin/ceph: stderr
2023-10-16T19:27:19.214+0000 7fa2f163d700 1 -- 172.21.15.60:0/470741151 >> [v2:172.21.15.60:3300/0,v1:172.21.15.60:6789/0] conn(0x7fa2ec1073a0 msgr2=0x7fa2ec19a4b0 secure :-1 s=STATE_CONNECTION_ESTABLISHED l=1).mark_down
2023-10-16T19:27:19.781 INFO:teuthology.orchestra.run.smithi060.stdout:/usr/bin/ceph: stderr
2023-10-16T19:27:19.214+0000 7fa2f163d700 1 --2- 172.21.15.60:0/470741151 >> [v2:172.21.15.60:3300/0,v1:172.21.15.60:6789/0] conn(0x7fa2ec1073a0 0x7fa2ec19a4b0 secure :-1 s=READY pgs=50 cs=0 l=1 rev1=1 crypto rx=0x7fa2e0011a80 tx=0x7fa2e0011b60 comp rx=0 tx=0).stop
2023-10-16T19:27:19.781 INFO:teuthology.orchestra.run.smithi060.stdout:/usr/bin/ceph: stderr
2023-10-16T19:27:19.215+0000 7fa2f163d700 1 -- 172.21.15.60:0/470741151 shutdown_connections
2023-10-16T19:27:19.781 INFO:teuthology.orchestra.run.smithi060.stdout:/usr/bin/ceph: stderr
2023-10-16T19:27:19.215+0000 7fa2f163d700 1 --2- 172.21.15.60:0/470741151 >> [v2:172.21.15.60:6800/2065428177,v1:172.21.15.60:6801/2065428177] conn(0x7fa2d4038870 0x7fa2d403ad30 unknown :-1 s=CLOSED pgs=13 cs=0 l=1 rev1=1 crypto rx=0 tx=0 comp rx=0 tx=0).stop
2023-10-16T19:27:19.782 INFO:teuthology.orchestra.run.smithi060.stdout:/usr/bin/ceph: stderr
2023-10-16T19:27:19.215+0000 7fa2f163d700 1 --2- 172.21.15.60:0/470741151 >> [v2:172.21.15.60:3300/0,v1:172.21.15.60:6789/0] conn(0x7fa2ec1073a0 0x7fa2ec19a4b0 unknown :-1 s=CLOSED pgs=50 cs=0 l=1 rev1=1 crypto rx=0 tx=0 comp rx=0 tx=0).stop
2023-10-16T19:27:19.782 INFO:teuthology.orchestra.run.smithi060.stdout:/usr/bin/ceph: stderr
2023-10-16T19:27:19.215+0000 7fa2f163d700 1 -- 172.21.15.60:0/470741151 >> 172.21.15.60:0/470741151 conn(0x7fa2ec100d70 msgr2=0x7fa2ec101a10 unknown :-1 s=STATE_NONE l=0).mark_down
2023-10-16T19:27:19.782 INFO:teuthology.orchestra.run.smithi060.stdout:/usr/bin/ceph: stderr
2023-10-16T19:27:19.215+0000 7fa2f163d700 1 -- 172.21.15.60:0/470741151 shutdown_connections
2023-10-16T19:27:19.782 INFO:teuthology.orchestra.run.smithi060.stdout:/usr/bin/ceph: stderr
2023-10-16T19:27:19.215+0000 7fa2f163d700 1 -- 172.21.15.60:0/470741151 wait complete.
2023-10-16T19:27:20.017 INFO:journalctl@ceph.mon.a.smithi060.stdout:Oct 16 19:27:19 smithi060 ceph-mon[99437]: from='mgr.14120 172.21.15.60:0/4289215794' entity='mgr.x'
2023-10-16T19:27:20.018 INFO:journalctl@ceph.mon.a.smithi060.stdout:Oct 16 19:27:19 smithi060 ceph-mon[99437]: from='mgr.14120 172.21.15.60:0/4289215794' entity='mgr.x'
2023-10-16T19:27:20.989 INFO:journalctl@ceph.mon.a.smithi060.stdout:Oct 16 19:27:20 smithi060 ceph-mon[99437]: from='client.14144 -' entity='client.admin' cmd=[{"prefix": "orch apply", "service_type": "mgr", "unmanaged": true, "target": ["mon-mgr", ""]}]: dispatch
2023-10-16T19:27:20.989 INFO:journalctl@ceph.mon.a.smithi060.stdout:Oct 16 19:27:20 smithi060 ceph-mon[99437]: Saving service mgr spec with placement count:2
2023-10-16T19:27:20.989 INFO:journalctl@ceph.mon.a.smithi060.stdout:Oct 16 19:27:20 smithi060 ceph-mon[99437]: from='client.? 172.21.15.60:0/1601601254' entity='client.admin'
2023-10-16T19:27:20.990 INFO:journalctl@ceph.mon.a.smithi060.stdout:Oct 16 19:27:20 smithi060 ceph-mon[99437]: from='mgr.14120 172.21.15.60:0/4289215794' entity='mgr.x'
2023-10-16T19:27:21.018 INFO:teuthology.orchestra.run.smithi060.stdout:/usr/bin/ceph: stderr
2023-10-16T19:27:20.255+0000 7f04bff54700 1 Processor -- start
2023-10-16T19:27:21.019 INFO:teuthology.orchestra.run.smithi060.stdout:/usr/bin/ceph: stderr
2023-10-16T19:27:20.255+0000 7f04bff54700 1 -- start start
2023-10-16T19:27:21.019 INFO:teuthology.orchestra.run.smithi060.stdout:/usr/bin/ceph: stderr
2023-10-16T19:27:20.255+0000 7f04bff54700 1 --2- >> [v2:172.21.15.60:3300/0,v1:172.21.15.60:6789/0] conn(0x7f04b8107330 0x7f04b8109720 unknown :-1 s=NONE pgs=0 cs=0 l=0 rev1=0 crypto rx=0 tx=0 comp rx=0 tx=0).connect
2023-10-16T19:27:21.019 INFO:teuthology.orchestra.run.smithi060.stdout:/usr/bin/ceph: stderr
2023-10-16T19:27:20.255+0000 7f04bff54700 1 -- --> [v2:172.21.15.60:3300/0,v1:172.21.15.60:6789/0] -- mon_getmap magic: 0 v1 -- 0x7f04b80747f0 con 0x7f04b8107330
2023-10-16T19:27:21.019 INFO:teuthology.orchestra.run.smithi060.stdout:/usr/bin/ceph: stderr
2023-10-16T19:27:20.256+0000 7f04bdcf0700 1 --2- >> [v2:172.21.15.60:3300/0,v1:172.21.15.60:6789/0] conn(0x7f04b8107330 0x7f04b8109720 unknown :-1 s=BANNER_CONNECTING pgs=0 cs=0 l=0 rev1=0 crypto rx=0 tx=0 comp rx=0 tx=0)._handle_peer_banner_payload supported=3 required=0
2023-10-16T19:27:21.019 INFO:teuthology.orchestra.run.smithi060.stdout:/usr/bin/ceph: stderr
2023-10-16T19:27:20.256+0000 7f04bdcf0700 1 --2- >> [v2:172.21.15.60:3300/0,v1:172.21.15.60:6789/0] conn(0x7f04b8107330 0x7f04b8109720 unknown :-1 s=HELLO_CONNECTING pgs=0 cs=0 l=0 rev1=1 crypto rx=0 tx=0 comp rx=0 tx=0).handle_hello peer v2:172.21.15.60:3300/0 says I am v2:172.21.15.60:39598/0 (socket says 172.21.15.60:39598)
2023-10-16T19:27:21.020 INFO:teuthology.orchestra.run.smithi060.stdout:/usr/bin/ceph: stderr
2023-10-16T19:27:20.256+0000 7f04bdcf0700 1 -- 172.21.15.60:0/1511221971 learned_addr learned my addr 172.21.15.60:0/1511221971 (peer_addr_for_me v2:172.21.15.60:0/0)
2023-10-16T19:27:21.020 INFO:teuthology.orchestra.run.smithi060.stdout:/usr/bin/ceph: stderr
2023-10-16T19:27:20.256+0000 7f04bdcf0700 1 -- 172.21.15.60:0/1511221971 --> [v2:172.21.15.60:3300/0,v1:172.21.15.60:6789/0] -- mon_subscribe({config=0+,monmap=0+}) v3 -- 0x7f04b8109c60 con 0x7f04b8107330
2023-10-16T19:27:21.020 INFO:teuthology.orchestra.run.smithi060.stdout:/usr/bin/ceph: stderr
2023-10-16T19:27:20.256+0000 7f04bdcf0700 1 --2- 172.21.15.60:0/1511221971 >> [v2:172.21.15.60:3300/0,v1:172.21.15.60:6789/0] conn(0x7f04b8107330 0x7f04b8109720 secure :-1 s=READY pgs=51 cs=0 l=1 rev1=1 crypto rx=0x7f04b40098a0 tx=0x7f04b4009bb0 comp rx=0 tx=0).ready entity=mon.0 client_cookie=550aeadb2b575222 server_cookie=0 in_seq=0 out_seq=0
2023-10-16T19:27:21.020 INFO:teuthology.orchestra.run.smithi060.stdout:/usr/bin/ceph: stderr
2023-10-16T19:27:20.256+0000 7f04bccee700 1 -- 172.21.15.60:0/1511221971 <== mon.0 v2:172.21.15.60:3300/0 1 ==== mon_map magic: 0 v1 ==== 205+0+0 (secure 0 0 0) 0x7f04b4004160 con 0x7f04b8107330
2023-10-16T19:27:21.021 INFO:teuthology.orchestra.run.smithi060.stdout:/usr/bin/ceph: stderr
2023-10-16T19:27:20.256+0000 7f04bccee700 1 -- 172.21.15.60:0/1511221971 <== mon.0 v2:172.21.15.60:3300/0 2 ==== config(27 keys) v1 ==== 1139+0+0 (secure 0 0 0) 0x7f04b40042c0 con 0x7f04b8107330
2023-10-16T19:27:21.021 INFO:teuthology.orchestra.run.smithi060.stdout:/usr/bin/ceph: stderr
2023-10-16T19:27:20.256+0000 7f04bccee700 1 -- 172.21.15.60:0/1511221971 <== mon.0 v2:172.21.15.60:3300/0 3 ==== mon_map magic: 0 v1 ==== 205+0+0 (secure 0 0 0) 0x7f04b4011a80 con 0x7f04b8107330
2023-10-16T19:27:21.021 INFO:teuthology.orchestra.run.smithi060.stdout:/usr/bin/ceph: stderr
2023-10-16T19:27:20.257+0000 7f04bff54700 1 -- 172.21.15.60:0/1511221971 >> [v2:172.21.15.60:3300/0,v1:172.21.15.60:6789/0] conn(0x7f04b8107330 msgr2=0x7f04b8109720 secure :-1 s=STATE_CONNECTION_ESTABLISHED l=1).mark_down
2023-10-16T19:27:21.021 INFO:teuthology.orchestra.run.smithi060.stdout:/usr/bin/ceph: stderr
2023-10-16T19:27:20.257+0000 7f04bff54700 1 --2- 172.21.15.60:0/1511221971 >> [v2:172.21.15.60:3300/0,v1:172.21.15.60:6789/0] conn(0x7f04b8107330 0x7f04b8109720 secure :-1 s=READY pgs=51 cs=0 l=1 rev1=1 crypto rx=0x7f04b40098a0 tx=0x7f04b4009bb0 comp rx=0 tx=0).stop
2023-10-16T19:27:21.021 INFO:teuthology.orchestra.run.smithi060.stdout:/usr/bin/ceph: stderr
2023-10-16T19:27:20.257+0000 7f04bff54700 1 -- 172.21.15.60:0/1511221971 shutdown_connections
2023-10-16T19:27:21.022 INFO:teuthology.orchestra.run.smithi060.stdout:/usr/bin/ceph: stderr
2023-10-16T19:27:20.257+0000 7f04bff54700 1 --2- 172.21.15.60:0/1511221971 >> [v2:172.21.15.60:3300/0,v1:172.21.15.60:6789/0] conn(0x7f04b8107330 0x7f04b8109720 unknown :-1 s=CLOSED pgs=51 cs=0 l=1 rev1=1 crypto rx=0 tx=0 comp rx=0 tx=0).stop
2023-10-16T19:27:21.022 INFO:teuthology.orchestra.run.smithi060.stdout:/usr/bin/ceph: stderr
2023-10-16T19:27:20.257+0000 7f04bff54700 1 -- 172.21.15.60:0/1511221971 >> 172.21.15.60:0/1511221971 conn(0x7f04b8100d80 msgr2=0x7f04b81031a0 unknown :-1 s=STATE_NONE l=0).mark_down
2023-10-16T19:27:21.022 INFO:teuthology.orchestra.run.smithi060.stdout:/usr/bin/ceph: stderr
2023-10-16T19:27:20.257+0000 7f04bff54700 1 -- 172.21.15.60:0/1511221971 shutdown_connections
2023-10-16T19:27:21.022 INFO:teuthology.orchestra.run.smithi060.stdout:/usr/bin/ceph: stderr
2023-10-16T19:27:20.257+0000 7f04bff54700 1 -- 172.21.15.60:0/1511221971 wait complete.
2023-10-16T19:27:21.022 INFO:teuthology.orchestra.run.smithi060.stdout:/usr/bin/ceph: stderr
2023-10-16T19:27:20.258+0000 7f04bff54700 1 Processor -- start
2023-10-16T19:27:21.022 INFO:teuthology.orchestra.run.smithi060.stdout:/usr/bin/ceph: stderr
2023-10-16T19:27:20.258+0000 7f04bff54700 1 -- start start
2023-10-16T19:27:21.023 INFO:teuthology.orchestra.run.smithi060.stdout:/usr/bin/ceph: stderr
2023-10-16T19:27:20.258+0000 7f04bff54700 1 --2- >> [v2:172.21.15.60:3300/0,v1:172.21.15.60:6789/0] conn(0x7f04b8107330 0x7f04b819a4e0 unknown :-1 s=NONE pgs=0 cs=0 l=1 rev1=0 crypto rx=0 tx=0 comp rx=0 tx=0).connect
2023-10-16T19:27:21.023 INFO:teuthology.orchestra.run.smithi060.stdout:/usr/bin/ceph: stderr
2023-10-16T19:27:20.258+0000 7f04bff54700 1 -- --> [v2:172.21.15.60:3300/0,v1:172.21.15.60:6789/0] -- mon_getmap magic: 0 v1 -- 0x7f04b819aa20 con 0x7f04b8107330
2023-10-16T19:27:21.023 INFO:teuthology.orchestra.run.smithi060.stdout:/usr/bin/ceph: stderr
2023-10-16T19:27:20.258+0000 7f04bdcf0700 1 --2- >> [v2:172.21.15.60:3300/0,v1:172.21.15.60:6789/0] conn(0x7f04b8107330 0x7f04b819a4e0 unknown :-1 s=BANNER_CONNECTING pgs=0 cs=0 l=1 rev1=0 crypto rx=0 tx=0 comp rx=0 tx=0)._handle_peer_banner_payload supported=3 required=0
2023-10-16T19:27:21.023 INFO:teuthology.orchestra.run.smithi060.stdout:/usr/bin/ceph: stderr
2023-10-16T19:27:20.258+0000 7f04bdcf0700 1 --2- >> [v2:172.21.15.60:3300/0,v1:172.21.15.60:6789/0] conn(0x7f04b8107330 0x7f04b819a4e0 unknown :-1 s=HELLO_CONNECTING pgs=0 cs=0 l=1 rev1=1 crypto rx=0 tx=0 comp rx=0 tx=0).handle_hello peer v2:172.21.15.60:3300/0 says I am v2:172.21.15.60:39600/0 (socket says 172.21.15.60:39600)
2023-10-16T19:27:21.024 INFO:teuthology.orchestra.run.smithi060.stdout:/usr/bin/ceph: stderr
2023-10-16T19:27:20.258+0000 7f04bdcf0700 1 -- 172.21.15.60:0/1601601254 learned_addr learned my addr 172.21.15.60:0/1601601254 (peer_addr_for_me v2:172.21.15.60:0/0)
2023-10-16T19:27:21.024 INFO:teuthology.orchestra.run.smithi060.stdout:/usr/bin/ceph: stderr
2023-10-16T19:27:20.258+0000 7f04bdcf0700 1 -- 172.21.15.60:0/1601601254 --> [v2:172.21.15.60:3300/0,v1:172.21.15.60:6789/0] -- mon_subscribe({config=0+,monmap=0+}) v3 -- 0x7f04b4009550 con 0x7f04b8107330
2023-10-16T19:27:21.024 INFO:teuthology.orchestra.run.smithi060.stdout:/usr/bin/ceph: stderr
2023-10-16T19:27:20.258+0000 7f04bdcf0700 1 --2- 172.21.15.60:0/1601601254 >> [v2:172.21.15.60:3300/0,v1:172.21.15.60:6789/0] conn(0x7f04b8107330 0x7f04b819a4e0 secure :-1 s=READY pgs=52 cs=0 l=1 rev1=1 crypto rx=0x7f04b4003f20 tx=0x7f04b4011b00 comp rx=0 tx=0).ready entity=mon.0 client_cookie=0 server_cookie=0 in_seq=0 out_seq=0
2023-10-16T19:27:21.024 INFO:teuthology.orchestra.run.smithi060.stdout:/usr/bin/ceph: stderr
2023-10-16T19:27:20.259+0000 7f04aeffd700 1 -- 172.21.15.60:0/1601601254 <== mon.0 v2:172.21.15.60:3300/0 1 ==== mon_map magic: 0 v1 ==== 205+0+0 (secure 0 0 0) 0x7f04b4003b20 con 0x7f04b8107330
2023-10-16T19:27:21.024 INFO:teuthology.orchestra.run.smithi060.stdout:/usr/bin/ceph: stderr
2023-10-16T19:27:20.259+0000 7f04aeffd700 1 -- 172.21.15.60:0/1601601254 <== mon.0 v2:172.21.15.60:3300/0 2 ==== config(27 keys) v1 ==== 1139+0+0 (secure 0 0 0) 0x7f04b401a910 con 0x7f04b8107330
2023-10-16T19:27:21.024 INFO:teuthology.orchestra.run.smithi060.stdout:/usr/bin/ceph: stderr
2023-10-16T19:27:20.259+0000 7f04bff54700 1 -- 172.21.15.60:0/1601601254 --> [v2:172.21.15.60:3300/0,v1:172.21.15.60:6789/0] -- mon_subscribe({mgrmap=0+}) v3 -- 0x7f04b819ac20 con 0x7f04b8107330
2023-10-16T19:27:21.025 INFO:teuthology.orchestra.run.smithi060.stdout:/usr/bin/ceph: stderr
2023-10-16T19:27:20.259+0000 7f04aeffd700 1 -- 172.21.15.60:0/1601601254 <== mon.0 v2:172.21.15.60:3300/0 3 ==== mon_map magic: 0 v1 ==== 205+0+0 (secure 0 0 0) 0x7f04b40248c0 con 0x7f04b8107330
2023-10-16T19:27:21.025 INFO:teuthology.orchestra.run.smithi060.stdout:/usr/bin/ceph: stderr
2023-10-16T19:27:20.259+0000 7f04bff54700 1 -- 172.21.15.60:0/1601601254 --> [v2:172.21.15.60:3300/0,v1:172.21.15.60:6789/0] -- mon_subscribe({osdmap=0}) v3 -- 0x7f04b819b0c0 con 0x7f04b8107330
2023-10-16T19:27:21.025 INFO:teuthology.orchestra.run.smithi060.stdout:/usr/bin/ceph: stderr
2023-10-16T19:27:20.260+0000 7f04aeffd700 1 -- 172.21.15.60:0/1601601254 <== mon.0 v2:172.21.15.60:3300/0 4 ==== mgrmap(e 8) v1 ==== 45579+0+0 (secure 0 0 0) 0x7f04b401aa80 con 0x7f04b8107330
2023-10-16T19:27:21.025 INFO:teuthology.orchestra.run.smithi060.stdout:/usr/bin/ceph: stderr
2023-10-16T19:27:20.260+0000 7f04aeffd700 1 --2- 172.21.15.60:0/1601601254 >> [v2:172.21.15.60:6800/2065428177,v1:172.21.15.60:6801/2065428177] conn(0x7f04a4038870 0x7f04a403ad30 unknown :-1 s=NONE pgs=0 cs=0 l=1 rev1=0 crypto rx=0 tx=0 comp rx=0 tx=0).connect
2023-10-16T19:27:21.025 INFO:teuthology.orchestra.run.smithi060.stdout:/usr/bin/ceph: stderr
2023-10-16T19:27:20.260+0000 7f04aeffd700 1 -- 172.21.15.60:0/1601601254 <== mon.0 v2:172.21.15.60:3300/0 5 ==== osd_map(2..2 src has 1..2) v4 ==== 940+0+0 (secure 0 0 0) 0x7f04b404cb70 con 0x7f04b8107330
2023-10-16T19:27:21.026 INFO:teuthology.orchestra.run.smithi060.stdout:/usr/bin/ceph: stderr
2023-10-16T19:27:20.260+0000 7f04bd4ef700 1 --2- 172.21.15.60:0/1601601254 >> [v2:172.21.15.60:6800/2065428177,v1:172.21.15.60:6801/2065428177] conn(0x7f04a4038870 0x7f04a403ad30 unknown :-1 s=BANNER_CONNECTING pgs=0 cs=0 l=1 rev1=0 crypto rx=0 tx=0 comp rx=0 tx=0)._handle_peer_banner_payload supported=3 required=0
2023-10-16T19:27:21.026 INFO:teuthology.orchestra.run.smithi060.stdout:/usr/bin/ceph: stderr
2023-10-16T19:27:20.260+0000 7f04bff54700 1 -- 172.21.15.60:0/1601601254 --> [v2:172.21.15.60:3300/0,v1:172.21.15.60:6789/0] -- mon_command({"prefix": "get_command_descriptions"} v 0) v1 -- 0x7f04b80624e0 con 0x7f04b8107330
2023-10-16T19:27:21.026 INFO:teuthology.orchestra.run.smithi060.stdout:/usr/bin/ceph: stderr
2023-10-16T19:27:20.260+0000 7f04bd4ef700 1 --2- 172.21.15.60:0/1601601254 >> [v2:172.21.15.60:6800/2065428177,v1:172.21.15.60:6801/2065428177] conn(0x7f04a4038870 0x7f04a403ad30 secure :-1 s=READY pgs=14 cs=0 l=1 rev1=1 crypto rx=0x7f04a8006fd0 tx=0x7f04a8006e40 comp rx=0 tx=0).ready entity=mgr.14120 client_cookie=0 server_cookie=0 in_seq=0 out_seq=0
2023-10-16T19:27:21.026 INFO:teuthology.orchestra.run.smithi060.stdout:/usr/bin/ceph: stderr
2023-10-16T19:27:20.265+0000 7f04aeffd700 1 -- 172.21.15.60:0/1601601254 <== mon.0 v2:172.21.15.60:3300/0 6 ==== mon_command_ack([{"prefix": "get_command_descriptions"}]=0 v0) v1 ==== 72+0+180459 (secure 0 0 0) 0x7f04b401adf0 con 0x7f04b8107330
2023-10-16T19:27:21.027 INFO:teuthology.orchestra.run.smithi060.stdout:/usr/bin/ceph: stderr
2023-10-16T19:27:20.634+0000 7f04bff54700 1 -- 172.21.15.60:0/1601601254 --> [v2:172.21.15.60:3300/0,v1:172.21.15.60:6789/0] -- mon_command([{prefix=config set, name=mgr/cephadm/container_init}] v 0) v1 -- 0x7f04b819dc50 con 0x7f04b8107330
2023-10-16T19:27:21.027 INFO:teuthology.orchestra.run.smithi060.stdout:/usr/bin/ceph: stderr
2023-10-16T19:27:20.637+0000 7f04aeffd700 1 -- 172.21.15.60:0/1601601254 <== mon.0 v2:172.21.15.60:3300/0 7 ==== mon_command_ack([{prefix=config set, name=mgr/cephadm/container_init}]=0 v7)=0 v7) v1 ==== 142+0+0 (secure 0 0 0) 0x7f04b4029210 con 0x7f04b8107330
2023-10-16T19:27:21.027 INFO:teuthology.orchestra.run.smithi060.stdout:/usr/bin/ceph: stderr
2023-10-16T19:27:20.639+0000 7f04bff54700 1 -- 172.21.15.60:0/1601601254 >> [v2:172.21.15.60:6800/2065428177,v1:172.21.15.60:6801/2065428177] conn(0x7f04a4038870 msgr2=0x7f04a403ad30 secure :-1 s=STATE_CONNECTION_ESTABLISHED l=1).mark_down
2023-10-16T19:27:21.027 INFO:teuthology.orchestra.run.smithi060.stdout:/usr/bin/ceph: stderr
2023-10-16T19:27:20.639+0000 7f04bff54700 1 --2- 172.21.15.60:0/1601601254 >> [v2:172.21.15.60:6800/2065428177,v1:172.21.15.60:6801/2065428177] conn(0x7f04a4038870 0x7f04a403ad30 secure :-1 s=READY pgs=14 cs=0 l=1 rev1=1 crypto rx=0x7f04a8006fd0 tx=0x7f04a8006e40 comp rx=0 tx=0).stop
2023-10-16T19:27:21.027 INFO:teuthology.orchestra.run.smithi060.stdout:/usr/bin/ceph: stderr
2023-10-16T19:27:20.639+0000 7f04bff54700 1 -- 172.21.15.60:0/1601601254 >> [v2:172.21.15.60:3300/0,v1:172.21.15.60:6789/0] conn(0x7f04b8107330 msgr2=0x7f04b819a4e0 secure :-1 s=STATE_CONNECTION_ESTABLISHED l=1).mark_down
2023-10-16T19:27:21.027 INFO:teuthology.orchestra.run.smithi060.stdout:/usr/bin/ceph: stderr
2023-10-16T19:27:20.639+0000 7f04bff54700 1 --2- 172.21.15.60:0/1601601254 >> [v2:172.21.15.60:3300/0,v1:172.21.15.60:6789/0] conn(0x7f04b8107330 0x7f04b819a4e0 secure :-1 s=READY pgs=52 cs=0 l=1 rev1=1 crypto rx=0x7f04b4003f20 tx=0x7f04b4011b00 comp rx=0 tx=0).stop
2023-10-16T19:27:21.028 INFO:teuthology.orchestra.run.smithi060.stdout:/usr/bin/ceph: stderr
2023-10-16T19:27:20.640+0000 7f04bff54700 1 -- 172.21.15.60:0/1601601254 shutdown_connections
2023-10-16T19:27:21.028 INFO:teuthology.orchestra.run.smithi060.stdout:/usr/bin/ceph: stderr
2023-10-16T19:27:20.640+0000 7f04bff54700 1 --2- 172.21.15.60:0/1601601254 >> [v2:172.21.15.60:6800/2065428177,v1:172.21.15.60:6801/2065428177] conn(0x7f04a4038870 0x7f04a403ad30 unknown :-1 s=CLOSED pgs=14 cs=0 l=1 rev1=1 crypto rx=0 tx=0 comp rx=0 tx=0).stop
2023-10-16T19:27:21.028 INFO:teuthology.orchestra.run.smithi060.stdout:/usr/bin/ceph: stderr
2023-10-16T19:27:20.640+0000 7f04bff54700 1 --2- 172.21.15.60:0/1601601254 >> [v2:172.21.15.60:3300/0,v1:172.21.15.60:6789/0] conn(0x7f04b8107330 0x7f04b819a4e0 unknown :-1 s=CLOSED pgs=52 cs=0 l=1 rev1=1 crypto rx=0 tx=0 comp rx=0 tx=0).stop
2023-10-16T19:27:21.028 INFO:teuthology.orchestra.run.smithi060.stdout:/usr/bin/ceph: stderr
2023-10-16T19:27:20.640+0000 7f04bff54700 1 -- 172.21.15.60:0/1601601254 >> 172.21.15.60:0/1601601254 conn(0x7f04b8100d80 msgr2=0x7f04b8101aa0 unknown :-1 s=STATE_NONE l=0).mark_down
2023-10-16T19:27:21.028 INFO:teuthology.orchestra.run.smithi060.stdout:/usr/bin/ceph: stderr
2023-10-16T19:27:20.640+0000 7f04bff54700 1 -- 172.21.15.60:0/1601601254 shutdown_connections
2023-10-16T19:27:21.029 INFO:teuthology.orchestra.run.smithi060.stdout:/usr/bin/ceph: stderr
2023-10-16T19:27:20.640+0000 7f04bff54700 1 -- 172.21.15.60:0/1601601254 wait complete.
2023-10-16T19:27:22.263 INFO:teuthology.orchestra.run.smithi060.stdout:/usr/bin/ceph: stderr
2023-10-16T19:27:21.495+0000 7f7e24983700 1 Processor -- start
2023-10-16T19:27:22.264 INFO:teuthology.orchestra.run.smithi060.stdout:/usr/bin/ceph: stderr
2023-10-16T19:27:21.495+0000 7f7e24983700 1 -- start start
2023-10-16T19:27:22.264 INFO:teuthology.orchestra.run.smithi060.stdout:/usr/bin/ceph: stderr
2023-10-16T19:27:21.496+0000 7f7e24983700 1 --2- >> [v2:172.21.15.60:3300/0,v1:172.21.15.60:6789/0] conn(0x7f7e201068c0 0x7f7e20106ce0 unknown :-1 s=NONE pgs=0 cs=0 l=0 rev1=0 crypto rx=0 tx=0 comp rx=0 tx=0).connect
2023-10-16T19:27:22.264 INFO:teuthology.orchestra.run.smithi060.stdout:/usr/bin/ceph: stderr
2023-10-16T19:27:21.496+0000 7f7e24983700 1 -- --> [v2:172.21.15.60:3300/0,v1:172.21.15.60:6789/0] -- mon_getmap magic: 0 v1 -- 0x7f7e201072b0 con 0x7f7e201068c0
2023-10-16T19:27:22.264 INFO:teuthology.orchestra.run.smithi060.stdout:/usr/bin/ceph: stderr
2023-10-16T19:27:21.496+0000 7f7e1e59c700 1 --2- >> [v2:172.21.15.60:3300/0,v1:172.21.15.60:6789/0] conn(0x7f7e201068c0 0x7f7e20106ce0 unknown :-1 s=BANNER_CONNECTING pgs=0 cs=0 l=0 rev1=0 crypto rx=0 tx=0 comp rx=0 tx=0)._handle_peer_banner_payload supported=3 required=0
2023-10-16T19:27:22.265 INFO:teuthology.orchestra.run.smithi060.stdout:/usr/bin/ceph: stderr
2023-10-16T19:27:21.496+0000 7f7e1e59c700 1 --2- >> [v2:172.21.15.60:3300/0,v1:172.21.15.60:6789/0] conn(0x7f7e201068c0 0x7f7e20106ce0 unknown :-1 s=HELLO_CONNECTING pgs=0 cs=0 l=0 rev1=1 crypto rx=0 tx=0 comp rx=0 tx=0).handle_hello peer v2:172.21.15.60:3300/0 says I am v2:172.21.15.60:39604/0 (socket says 172.21.15.60:39604)
2023-10-16T19:27:22.265 INFO:teuthology.orchestra.run.smithi060.stdout:/usr/bin/ceph: stderr
2023-10-16T19:27:21.496+0000 7f7e1e59c700 1 -- 172.21.15.60:0/2455981814 learned_addr learned my addr 172.21.15.60:0/2455981814 (peer_addr_for_me v2:172.21.15.60:0/0)
2023-10-16T19:27:22.265 INFO:teuthology.orchestra.run.smithi060.stdout:/usr/bin/ceph: stderr
2023-10-16T19:27:21.497+0000 7f7e1e59c700 1 -- 172.21.15.60:0/2455981814 --> [v2:172.21.15.60:3300/0,v1:172.21.15.60:6789/0] -- mon_subscribe({config=0+,monmap=0+}) v3 -- 0x7f7e20107ac0 con 0x7f7e201068c0
2023-10-16T19:27:22.265 INFO:teuthology.orchestra.run.smithi060.stdout:/usr/bin/ceph: stderr
2023-10-16T19:27:21.497+0000 7f7e1e59c700 1 --2- 172.21.15.60:0/2455981814 >> [v2:172.21.15.60:3300/0,v1:172.21.15.60:6789/0] conn(0x7f7e201068c0 0x7f7e20106ce0 secure :-1 s=READY pgs=53 cs=0 l=1 rev1=1 crypto rx=0x7f7e100098a0 tx=0x7f7e10009bb0 comp rx=0 tx=0).ready entity=mon.0 client_cookie=9b60214f1ad7ba67 server_cookie=0 in_seq=0 out_seq=0
2023-10-16T19:27:22.265 INFO:teuthology.orchestra.run.smithi060.stdout:/usr/bin/ceph: stderr
2023-10-16T19:27:21.497+0000 7f7e1d59a700 1 -- 172.21.15.60:0/2455981814 <== mon.0 v2:172.21.15.60:3300/0 1 ==== mon_map magic: 0 v1 ==== 205+0+0 (secure 0 0 0) 0x7f7e10004160 con 0x7f7e201068c0
2023-10-16T19:27:22.266 INFO:teuthology.orchestra.run.smithi060.stdout:/usr/bin/ceph: stderr
2023-10-16T19:27:21.497+0000 7f7e1d59a700 1 -- 172.21.15.60:0/2455981814 <== mon.0 v2:172.21.15.60:3300/0 2 ==== config(27 keys) v1 ==== 1139+0+0 (secure 0 0 0) 0x7f7e100042c0 con 0x7f7e201068c0
2023-10-16T19:27:22.266 INFO:teuthology.orchestra.run.smithi060.stdout:/usr/bin/ceph: stderr
2023-10-16T19:27:21.497+0000 7f7e1d59a700 1 -- 172.21.15.60:0/2455981814 <== mon.0 v2:172.21.15.60:3300/0 3 ==== mon_map magic: 0 v1 ==== 205+0+0 (secure 0 0 0) 0x7f7e10011a80 con 0x7f7e201068c0
2023-10-16T19:27:22.266 INFO:teuthology.orchestra.run.smithi060.stdout:/usr/bin/ceph: stderr
2023-10-16T19:27:21.498+0000 7f7e24983700 1 -- 172.21.15.60:0/2455981814 >> [v2:172.21.15.60:3300/0,v1:172.21.15.60:6789/0] conn(0x7f7e201068c0 msgr2=0x7f7e20106ce0 secure :-1 s=STATE_CONNECTION_ESTABLISHED l=1).mark_down
2023-10-16T19:27:22.266 INFO:teuthology.orchestra.run.smithi060.stdout:/usr/bin/ceph: stderr
2023-10-16T19:27:21.498+0000 7f7e24983700 1 --2- 172.21.15.60:0/2455981814 >> [v2:172.21.15.60:3300/0,v1:172.21.15.60:6789/0] conn(0x7f7e201068c0 0x7f7e20106ce0 secure :-1 s=READY pgs=53 cs=0 l=1 rev1=1 crypto rx=0x7f7e100098a0 tx=0x7f7e10009bb0 comp rx=0 tx=0).stop
2023-10-16T19:27:22.266 INFO:teuthology.orchestra.run.smithi060.stdout:/usr/bin/ceph: stderr
2023-10-16T19:27:21.498+0000 7f7e24983700 1 -- 172.21.15.60:0/2455981814 shutdown_connections
2023-10-16T19:27:22.267 INFO:teuthology.orchestra.run.smithi060.stdout:/usr/bin/ceph: stderr
2023-10-16T19:27:21.498+0000 7f7e24983700 1 --2- 172.21.15.60:0/2455981814 >> [v2:172.21.15.60:3300/0,v1:172.21.15.60:6789/0] conn(0x7f7e201068c0 0x7f7e20106ce0 unknown :-1 s=CLOSED pgs=53 cs=0 l=1 rev1=1 crypto rx=0 tx=0 comp rx=0 tx=0).stop
2023-10-16T19:27:22.267 INFO:teuthology.orchestra.run.smithi060.stdout:/usr/bin/ceph: stderr
2023-10-16T19:27:21.498+0000 7f7e24983700 1 -- 172.21.15.60:0/2455981814 >> 172.21.15.60:0/2455981814 conn(0x7f7e20101e40 msgr2=0x7f7e201042a0 unknown :-1 s=STATE_NONE l=0).mark_down
2023-10-16T19:27:22.267 INFO:teuthology.orchestra.run.smithi060.stdout:/usr/bin/ceph: stderr
2023-10-16T19:27:21.498+0000 7f7e24983700 1 -- 172.21.15.60:0/2455981814 shutdown_connections
2023-10-16T19:27:22.267 INFO:teuthology.orchestra.run.smithi060.stdout:/usr/bin/ceph: stderr
2023-10-16T19:27:21.498+0000 7f7e24983700 1 -- 172.21.15.60:0/2455981814 wait complete.
2023-10-16T19:27:22.267 INFO:teuthology.orchestra.run.smithi060.stdout:/usr/bin/ceph: stderr
2023-10-16T19:27:21.499+0000 7f7e24983700 1 Processor -- start
2023-10-16T19:27:22.268 INFO:teuthology.orchestra.run.smithi060.stdout:/usr/bin/ceph: stderr
2023-10-16T19:27:21.499+0000 7f7e24983700 1 -- start start
2023-10-16T19:27:22.268 INFO:teuthology.orchestra.run.smithi060.stdout:/usr/bin/ceph: stderr
2023-10-16T19:27:21.499+0000 7f7e24983700 1 --2- >> [v2:172.21.15.60:3300/0,v1:172.21.15.60:6789/0] conn(0x7f7e201068c0 0x7f7e2019a560 unknown :-1 s=NONE pgs=0 cs=0 l=1 rev1=0 crypto rx=0 tx=0 comp rx=0 tx=0).connect
2023-10-16T19:27:22.268 INFO:teuthology.orchestra.run.smithi060.stdout:/usr/bin/ceph: stderr
2023-10-16T19:27:21.499+0000 7f7e24983700 1 -- --> [v2:172.21.15.60:3300/0,v1:172.21.15.60:6789/0] -- mon_getmap magic: 0 v1 -- 0x7f7e2019aaa0 con 0x7f7e201068c0
2023-10-16T19:27:22.268 INFO:teuthology.orchestra.run.smithi060.stdout:/usr/bin/ceph: stderr
2023-10-16T19:27:21.499+0000 7f7e1e59c700 1 --2- >> [v2:172.21.15.60:3300/0,v1:172.21.15.60:6789/0] conn(0x7f7e201068c0 0x7f7e2019a560 unknown :-1 s=BANNER_CONNECTING pgs=0 cs=0 l=1 rev1=0 crypto rx=0 tx=0 comp rx=0 tx=0)._handle_peer_banner_payload supported=3 required=0
2023-10-16T19:27:22.268 INFO:teuthology.orchestra.run.smithi060.stdout:/usr/bin/ceph: stderr
2023-10-16T19:27:21.499+0000 7f7e1e59c700 1 --2- >> [v2:172.21.15.60:3300/0,v1:172.21.15.60:6789/0] conn(0x7f7e201068c0 0x7f7e2019a560 unknown :-1 s=HELLO_CONNECTING pgs=0 cs=0 l=1 rev1=1 crypto rx=0 tx=0 comp rx=0 tx=0).handle_hello peer v2:172.21.15.60:3300/0 says I am v2:172.21.15.60:39606/0 (socket says 172.21.15.60:39606)
2023-10-16T19:27:22.269 INFO:teuthology.orchestra.run.smithi060.stdout:/usr/bin/ceph: stderr
2023-10-16T19:27:21.499+0000 7f7e1e59c700 1 -- 172.21.15.60:0/776103874 learned_addr learned my addr 172.21.15.60:0/776103874 (peer_addr_for_me v2:172.21.15.60:0/0)
2023-10-16T19:27:22.269 INFO:teuthology.orchestra.run.smithi060.stdout:/usr/bin/ceph: stderr
2023-10-16T19:27:21.500+0000 7f7e1e59c700 1 -- 172.21.15.60:0/776103874 --> [v2:172.21.15.60:3300/0,v1:172.21.15.60:6789/0] -- mon_subscribe({config=0+,monmap=0+}) v3 -- 0x7f7e10009550 con 0x7f7e201068c0
2023-10-16T19:27:22.269 INFO:teuthology.orchestra.run.smithi060.stdout:/usr/bin/ceph: stderr
2023-10-16T19:27:21.500+0000 7f7e1e59c700 1 --2- 172.21.15.60:0/776103874 >> [v2:172.21.15.60:3300/0,v1:172.21.15.60:6789/0] conn(0x7f7e201068c0 0x7f7e2019a560 secure :-1 s=READY pgs=54 cs=0 l=1 rev1=1 crypto rx=0x7f7e10003f20 tx=0x7f7e10011b00 comp rx=0 tx=0).ready entity=mon.0 client_cookie=0 server_cookie=0 in_seq=0 out_seq=0
2023-10-16T19:27:22.269 INFO:teuthology.orchestra.run.smithi060.stdout:/usr/bin/ceph: stderr
2023-10-16T19:27:21.500+0000 7f7e0f7fe700 1 -- 172.21.15.60:0/776103874 <== mon.0 v2:172.21.15.60:3300/0 1 ==== mon_map magic: 0 v1 ==== 205+0+0 (secure 0 0 0) 0x7f7e100039e0 con 0x7f7e201068c0
2023-10-16T19:27:22.269 INFO:teuthology.orchestra.run.smithi060.stdout:/usr/bin/ceph: stderr
2023-10-16T19:27:21.500+0000 7f7e24983700 1 -- 172.21.15.60:0/776103874 --> [v2:172.21.15.60:3300/0,v1:172.21.15.60:6789/0] -- mon_subscribe({mgrmap=0+}) v3 -- 0x7f7e2019aca0 con 0x7f7e201068c0
2023-10-16T19:27:22.270 INFO:teuthology.orchestra.run.smithi060.stdout:/usr/bin/ceph: stderr
2023-10-16T19:27:21.500+0000 7f7e0f7fe700 1 -- 172.21.15.60:0/776103874 <== mon.0 v2:172.21.15.60:3300/0 2 ==== config(27 keys) v1 ==== 1139+0+0 (secure 0 0 0) 0x7f7e10003b40 con 0x7f7e201068c0
2023-10-16T19:27:22.270 INFO:teuthology.orchestra.run.smithi060.stdout:/usr/bin/ceph: stderr
2023-10-16T19:27:21.500+0000 7f7e0f7fe700 1 -- 172.21.15.60:0/776103874 <== mon.0 v2:172.21.15.60:3300/0 3 ==== mon_map magic: 0 v1 ==== 205+0+0 (secure 0 0 0) 0x7f7e10024710 con 0x7f7e201068c0
2023-10-16T19:27:22.270 INFO:teuthology.orchestra.run.smithi060.stdout:/usr/bin/ceph: stderr
2023-10-16T19:27:21.500+0000 7f7e24983700 1 -- 172.21.15.60:0/776103874 --> [v2:172.21.15.60:3300/0,v1:172.21.15.60:6789/0] -- mon_subscribe({osdmap=0}) v3 -- 0x7f7e2019b140 con 0x7f7e201068c0
2023-10-16T19:27:22.270 INFO:teuthology.orchestra.run.smithi060.stdout:/usr/bin/ceph: stderr
2023-10-16T19:27:21.501+0000 7f7e0f7fe700 1 -- 172.21.15.60:0/776103874 <== mon.0 v2:172.21.15.60:3300/0 4 ==== mgrmap(e 8) v1 ==== 45579+0+0 (secure 0 0 0) 0x7f7e100249e0 con 0x7f7e201068c0
2023-10-16T19:27:22.270 INFO:teuthology.orchestra.run.smithi060.stdout:/usr/bin/ceph: stderr
2023-10-16T19:27:21.501+0000 7f7e24983700 1 -- 172.21.15.60:0/776103874 --> [v2:172.21.15.60:3300/0,v1:172.21.15.60:6789/0] -- mon_command({"prefix": "get_command_descriptions"} v 0) v1 -- 0x7f7e2010acf0 con 0x7f7e201068c0
2023-10-16T19:27:22.271 INFO:teuthology.orchestra.run.smithi060.stdout:/usr/bin/ceph: stderr
2023-10-16T19:27:21.501+0000 7f7e0f7fe700 1 --2- 172.21.15.60:0/776103874 >> [v2:172.21.15.60:6800/2065428177,v1:172.21.15.60:6801/2065428177] conn(0x7f7e08038820 0x7f7e0803ace0 unknown :-1 s=NONE pgs=0 cs=0 l=1 rev1=0 crypto rx=0 tx=0 comp rx=0 tx=0).connect
2023-10-16T19:27:22.271 INFO:teuthology.orchestra.run.smithi060.stdout:/usr/bin/ceph: stderr
2023-10-16T19:27:21.502+0000 7f7e0f7fe700 1 -- 172.21.15.60:0/776103874 <== mon.0 v2:172.21.15.60:3300/0 5 ==== osd_map(2..2 src has 1..2) v4 ==== 940+0+0 (secure 0 0 0) 0x7f7e1004c990 con 0x7f7e201068c0
2023-10-16T19:27:22.271 INFO:teuthology.orchestra.run.smithi060.stdout:/usr/bin/ceph: stderr
2023-10-16T19:27:21.502+0000 7f7e1dd9b700 1 --2- 172.21.15.60:0/776103874 >> [v2:172.21.15.60:6800/2065428177,v1:172.21.15.60:6801/2065428177] conn(0x7f7e08038820 0x7f7e0803ace0 unknown :-1 s=BANNER_CONNECTING pgs=0 cs=0 l=1 rev1=0 crypto rx=0 tx=0 comp rx=0 tx=0)._handle_peer_banner_payload supported=3 required=0
2023-10-16T19:27:22.271 INFO:teuthology.orchestra.run.smithi060.stdout:/usr/bin/ceph: stderr
2023-10-16T19:27:21.502+0000 7f7e1dd9b700 1 --2- 172.21.15.60:0/776103874 >> [v2:172.21.15.60:6800/2065428177,v1:172.21.15.60:6801/2065428177] conn(0x7f7e08038820 0x7f7e0803ace0 secure :-1 s=READY pgs=15 cs=0 l=1 rev1=1 crypto rx=0x7f7e14006fd0 tx=0x7f7e14006e40 comp rx=0 tx=0).ready entity=mgr.14120 client_cookie=0 server_cookie=0 in_seq=0 out_seq=0
2023-10-16T19:27:22.271 INFO:teuthology.orchestra.run.smithi060.stdout:/usr/bin/ceph: stderr
2023-10-16T19:27:21.506+0000 7f7e0f7fe700 1 -- 172.21.15.60:0/776103874 <== mon.0 v2:172.21.15.60:3300/0 6 ==== mon_command_ack([{"prefix": "get_command_descriptions"}]=0 v0) v1 ==== 72+0+180459 (secure 0 0 0) 0x7f7e10022720 con 0x7f7e201068c0
2023-10-16T19:27:22.272 INFO:teuthology.orchestra.run.smithi060.stdout:/usr/bin/ceph: stderr
2023-10-16T19:27:21.878+0000 7f7e24983700 1 -- 172.21.15.60:0/776103874 --> [v2:172.21.15.60:3300/0,v1:172.21.15.60:6789/0] -- mon_command([{prefix=config set, name=mgr/dashboard/ssl_server_port}] v 0) v1 -- 0x7f7e2010af60 con 0x7f7e201068c0
2023-10-16T19:27:22.272 INFO:teuthology.orchestra.run.smithi060.stdout:/usr/bin/ceph: stderr
2023-10-16T19:27:21.880+0000 7f7e0f7fe700 1 -- 172.21.15.60:0/776103874 <== mon.0 v2:172.21.15.60:3300/0 7 ==== mon_command_ack([{prefix=config set, name=mgr/dashboard/ssl_server_port}]=0 v8)=0 v8) v1 ==== 130+0+0 (secure 0 0 0) 0x7f7e1002c350 con 0x7f7e201068c0
2023-10-16T19:27:22.272 INFO:teuthology.orchestra.run.smithi060.stdout:/usr/bin/ceph: stderr
2023-10-16T19:27:21.883+0000 7f7e24983700 1 -- 172.21.15.60:0/776103874 >> [v2:172.21.15.60:6800/2065428177,v1:172.21.15.60:6801/2065428177] conn(0x7f7e08038820 msgr2=0x7f7e0803ace0 secure :-1 s=STATE_CONNECTION_ESTABLISHED l=1).mark_down
2023-10-16T19:27:22.272 INFO:teuthology.orchestra.run.smithi060.stdout:/usr/bin/ceph: stderr
2023-10-16T19:27:21.883+0000 7f7e24983700 1 --2- 172.21.15.60:0/776103874 >> [v2:172.21.15.60:6800/2065428177,v1:172.21.15.60:6801/2065428177] conn(0x7f7e08038820 0x7f7e0803ace0 secure :-1 s=READY pgs=15 cs=0 l=1 rev1=1 crypto rx=0x7f7e14006fd0 tx=0x7f7e14006e40 comp rx=0 tx=0).stop
2023-10-16T19:27:22.272 INFO:teuthology.orchestra.run.smithi060.stdout:/usr/bin/ceph: stderr
2023-10-16T19:27:21.883+0000 7f7e24983700 1 -- 172.21.15.60:0/776103874 >> [v2:172.21.15.60:3300/0,v1:172.21.15.60:6789/0] conn(0x7f7e201068c0 msgr2=0x7f7e2019a560 secure :-1 s=STATE_CONNECTION_ESTABLISHED l=1).mark_down
2023-10-16T19:27:22.273 INFO:teuthology.orchestra.run.smithi060.stdout:/usr/bin/ceph: stderr
2023-10-16T19:27:21.883+0000 7f7e24983700 1 --2- 172.21.15.60:0/776103874 >> [v2:172.21.15.60:3300/0,v1:172.21.15.60:6789/0] conn(0x7f7e201068c0 0x7f7e2019a560 secure :-1 s=READY pgs=54 cs=0 l=1 rev1=1 crypto rx=0x7f7e10003f20 tx=0x7f7e10011b00 comp rx=0 tx=0).stop
2023-10-16T19:27:22.273 INFO:teuthology.orchestra.run.smithi060.stdout:/usr/bin/ceph: stderr
2023-10-16T19:27:21.884+0000 7f7e24983700 1 -- 172.21.15.60:0/776103874 shutdown_connections
2023-10-16T19:27:22.273 INFO:teuthology.orchestra.run.smithi060.stdout:/usr/bin/ceph: stderr
2023-10-16T19:27:21.884+0000 7f7e24983700 1 --2- 172.21.15.60:0/776103874 >> [v2:172.21.15.60:6800/2065428177,v1:172.21.15.60:6801/2065428177] conn(0x7f7e08038820 0x7f7e0803ace0 unknown :-1 s=CLOSED pgs=15 cs=0 l=1 rev1=1 crypto rx=0 tx=0 comp rx=0 tx=0).stop
2023-10-16T19:27:22.273 INFO:teuthology.orchestra.run.smithi060.stdout:/usr/bin/ceph: stderr
2023-10-16T19:27:21.884+0000 7f7e24983700 1 --2- 172.21.15.60:0/776103874 >> [v2:172.21.15.60:3300/0,v1:172.21.15.60:6789/0] conn(0x7f7e201068c0 0x7f7e2019a560 unknown :-1 s=CLOSED pgs=54 cs=0 l=1 rev1=1 crypto rx=0 tx=0 comp rx=0 tx=0).stop
2023-10-16T19:27:22.273 INFO:teuthology.orchestra.run.smithi060.stdout:/usr/bin/ceph: stderr
2023-10-16T19:27:21.884+0000 7f7e24983700 1 -- 172.21.15.60:0/776103874 >> 172.21.15.60:0/776103874 conn(0x7f7e20101e40 msgr2=0x7f7e20102bd0 unknown :-1 s=STATE_NONE l=0).mark_down
2023-10-16T19:27:22.273 INFO:teuthology.orchestra.run.smithi060.stdout:/usr/bin/ceph: stderr
2023-10-16T19:27:21.884+0000 7f7e24983700 1 -- 172.21.15.60:0/776103874 shutdown_connections
2023-10-16T19:27:22.274 INFO:teuthology.orchestra.run.smithi060.stdout:/usr/bin/ceph: stderr
2023-10-16T19:27:21.884+0000 7f7e24983700 1 -- 172.21.15.60:0/776103874 wait complete.
2023-10-16T19:27:22.274 INFO:teuthology.orchestra.run.smithi060.stdout:Enabling the dashboard module...
2023-10-16T19:27:23.070 INFO:journalctl@ceph.mon.a.smithi060.stdout:Oct 16 19:27:22 smithi060 ceph-mon[99437]: from='mgr.14120 172.21.15.60:0/4289215794' entity='mgr.x'
2023-10-16T19:27:23.070 INFO:journalctl@ceph.mon.a.smithi060.stdout:Oct 16 19:27:22 smithi060 ceph-mon[99437]: from='client.? 172.21.15.60:0/776103874' entity='client.admin'
2023-10-16T19:27:24.120 INFO:journalctl@ceph.mon.a.smithi060.stdout:Oct 16 19:27:23 smithi060 ceph-mon[99437]: from='client.? 172.21.15.60:0/4160572504' entity='client.admin' cmd=[{"prefix": "mgr module enable", "module": "dashboard"}]: dispatch
2023-10-16T19:27:24.120 INFO:journalctl@ceph.mgr.x.smithi060.stdout:Oct 16 19:27:23 smithi060 ceph-ccbaddb2-6c59-11ee-8db6-212e2dc638e7-mgr-x[99682]: ignoring --setuser ceph since I am not root
2023-10-16T19:27:24.120 INFO:journalctl@ceph.mgr.x.smithi060.stdout:Oct 16 19:27:23 smithi060 ceph-ccbaddb2-6c59-11ee-8db6-212e2dc638e7-mgr-x[99682]: ignoring --setgroup ceph since I am not root
2023-10-16T19:27:24.121 INFO:journalctl@ceph.mgr.x.smithi060.stdout:Oct 16 19:27:24 smithi060 ceph-ccbaddb2-6c59-11ee-8db6-212e2dc638e7-mgr-x[99682]:
2023-10-16T19:27:24.020+0000 7f04c5bbb200 -1 mgr[py] Module devicehealth has missing NOTIFY_TYPES member
2023-10-16T19:27:24.121 INFO:journalctl@ceph.mgr.x.smithi060.stdout:Oct 16 19:27:24 smithi060 ceph-ccbaddb2-6c59-11ee-8db6-212e2dc638e7-mgr-x[99682]:
2023-10-16T19:27:24.117+0000 7f04c5bbb200 -1 mgr[py] Module osd_support has missing NOTIFY_TYPES member
2023-10-16T19:27:24.309 INFO:teuthology.orchestra.run.smithi060.stdout:/usr/bin/ceph: stderr
2023-10-16T19:27:22.749+0000 7f8ac85e3700 1 Processor -- start
2023-10-16T19:27:24.310 INFO:teuthology.orchestra.run.smithi060.stdout:/usr/bin/ceph: stderr
2023-10-16T19:27:22.750+0000 7f8ac85e3700 1 -- start start
2023-10-16T19:27:24.310 INFO:teuthology.orchestra.run.smithi060.stdout:/usr/bin/ceph: stderr
2023-10-16T19:27:22.750+0000 7f8ac85e3700 1 --2- >> [v2:172.21.15.60:3300/0,v1:172.21.15.60:6789/0] conn(0x7f8ac01057c0 0x7f8ac0105be0 unknown :-1 s=NONE pgs=0 cs=0 l=0 rev1=0 crypto rx=0 tx=0 comp rx=0 tx=0).connect
2023-10-16T19:27:24.310 INFO:teuthology.orchestra.run.smithi060.stdout:/usr/bin/ceph: stderr
2023-10-16T19:27:22.750+0000 7f8ac85e3700 1 -- --> [v2:172.21.15.60:3300/0,v1:172.21.15.60:6789/0] -- mon_getmap magic: 0 v1 -- 0x7f8ac01061b0 con 0x7f8ac01057c0
2023-10-16T19:27:24.310 INFO:teuthology.orchestra.run.smithi060.stdout:/usr/bin/ceph: stderr
2023-10-16T19:27:22.750+0000 7f8ac637f700 1 --2- >> [v2:172.21.15.60:3300/0,v1:172.21.15.60:6789/0] conn(0x7f8ac01057c0 0x7f8ac0105be0 unknown :-1 s=BANNER_CONNECTING pgs=0 cs=0 l=0 rev1=0 crypto rx=0 tx=0 comp rx=0 tx=0)._handle_peer_banner_payload supported=3 required=0
2023-10-16T19:27:24.311 INFO:teuthology.orchestra.run.smithi060.stdout:/usr/bin/ceph: stderr
2023-10-16T19:27:22.750+0000 7f8ac637f700 1 --2- >> [v2:172.21.15.60:3300/0,v1:172.21.15.60:6789/0] conn(0x7f8ac01057c0 0x7f8ac0105be0 unknown :-1 s=HELLO_CONNECTING pgs=0 cs=0 l=0 rev1=1 crypto rx=0 tx=0 comp rx=0 tx=0).handle_hello peer v2:172.21.15.60:3300/0 says I am v2:172.21.15.60:39610/0 (socket says 172.21.15.60:39610)
2023-10-16T19:27:24.311 INFO:teuthology.orchestra.run.smithi060.stdout:/usr/bin/ceph: stderr
2023-10-16T19:27:22.750+0000 7f8ac637f700 1 -- 172.21.15.60:0/909315167 learned_addr learned my addr 172.21.15.60:0/909315167 (peer_addr_for_me v2:172.21.15.60:0/0)
2023-10-16T19:27:24.311 INFO:teuthology.orchestra.run.smithi060.stdout:/usr/bin/ceph: stderr
2023-10-16T19:27:22.750+0000 7f8ac637f700 1 -- 172.21.15.60:0/909315167 --> [v2:172.21.15.60:3300/0,v1:172.21.15.60:6789/0] -- mon_subscribe({config=0+,monmap=0+}) v3 -- 0x7f8ac01069c0 con 0x7f8ac01057c0
2023-10-16T19:27:24.311 INFO:teuthology.orchestra.run.smithi060.stdout:/usr/bin/ceph: stderr
2023-10-16T19:27:22.751+0000 7f8ac637f700 1 --2- 172.21.15.60:0/909315167 >> [v2:172.21.15.60:3300/0,v1:172.21.15.60:6789/0] conn(0x7f8ac01057c0 0x7f8ac0105be0 secure :-1 s=READY pgs=55 cs=0 l=1 rev1=1 crypto rx=0x7f8ab00098a0 tx=0x7f8ab0009bb0 comp rx=0 tx=0).ready entity=mon.0 client_cookie=ff283facda3bc6df server_cookie=0 in_seq=0 out_seq=0
2023-10-16T19:27:24.311 INFO:teuthology.orchestra.run.smithi060.stdout:/usr/bin/ceph: stderr
2023-10-16T19:27:22.751+0000 7f8ac537d700 1 -- 172.21.15.60:0/909315167 <== mon.0 v2:172.21.15.60:3300/0 1 ==== mon_map magic: 0 v1 ==== 205+0+0 (secure 0 0 0) 0x7f8ab0004160 con 0x7f8ac01057c0
2023-10-16T19:27:24.312 INFO:teuthology.orchestra.run.smithi060.stdout:/usr/bin/ceph: stderr
2023-10-16T19:27:22.751+0000 7f8ac537d700 1 -- 172.21.15.60:0/909315167 <== mon.0 v2:172.21.15.60:3300/0 2 ==== config(27 keys) v1 ==== 1139+0+0 (secure 0 0 0) 0x7f8ab00042c0 con 0x7f8ac01057c0
2023-10-16T19:27:24.312 INFO:teuthology.orchestra.run.smithi060.stdout:/usr/bin/ceph: stderr
2023-10-16T19:27:22.751+0000 7f8ac537d700 1 -- 172.21.15.60:0/909315167 <== mon.0 v2:172.21.15.60:3300/0 3 ==== mon_map magic: 0 v1 ==== 205+0+0 (secure 0 0 0) 0x7f8ab0011a80 con 0x7f8ac01057c0
2023-10-16T19:27:24.312 INFO:teuthology.orchestra.run.smithi060.stdout:/usr/bin/ceph: stderr
2023-10-16T19:27:22.751+0000 7f8ac85e3700 1 -- 172.21.15.60:0/909315167 >> [v2:172.21.15.60:3300/0,v1:172.21.15.60:6789/0] conn(0x7f8ac01057c0 msgr2=0x7f8ac0105be0 secure :-1 s=STATE_CONNECTION_ESTABLISHED l=1).mark_down
2023-10-16T19:27:24.312 INFO:teuthology.orchestra.run.smithi060.stdout:/usr/bin/ceph: stderr
2023-10-16T19:27:22.751+0000 7f8ac85e3700 1 --2- 172.21.15.60:0/909315167 >> [v2:172.21.15.60:3300/0,v1:172.21.15.60:6789/0] conn(0x7f8ac01057c0 0x7f8ac0105be0 secure :-1 s=READY pgs=55 cs=0 l=1 rev1=1 crypto rx=0x7f8ab00098a0 tx=0x7f8ab0009bb0 comp rx=0 tx=0).stop
2023-10-16T19:27:24.312 INFO:teuthology.orchestra.run.smithi060.stdout:/usr/bin/ceph: stderr
2023-10-16T19:27:22.751+0000 7f8ac85e3700 1 -- 172.21.15.60:0/909315167 shutdown_connections
2023-10-16T19:27:24.313 INFO:teuthology.orchestra.run.smithi060.stdout:/usr/bin/ceph: stderr
2023-10-16T19:27:22.751+0000 7f8ac85e3700 1 --2- 172.21.15.60:0/909315167 >> [v2:172.21.15.60:3300/0,v1:172.21.15.60:6789/0] conn(0x7f8ac01057c0 0x7f8ac0105be0 unknown :-1 s=CLOSED pgs=55 cs=0 l=1 rev1=1 crypto rx=0 tx=0 comp rx=0 tx=0).stop
2023-10-16T19:27:24.313 INFO:teuthology.orchestra.run.smithi060.stdout:/usr/bin/ceph: stderr
2023-10-16T19:27:22.751+0000 7f8ac85e3700 1 -- 172.21.15.60:0/909315167 >> 172.21.15.60:0/909315167 conn(0x7f8ac0100d80 msgr2=0x7f8ac01031a0 unknown :-1 s=STATE_NONE l=0).mark_down
2023-10-16T19:27:24.313 INFO:teuthology.orchestra.run.smithi060.stdout:/usr/bin/ceph: stderr
2023-10-16T19:27:22.752+0000 7f8ac85e3700 1 -- 172.21.15.60:0/909315167 shutdown_connections
2023-10-16T19:27:24.313 INFO:teuthology.orchestra.run.smithi060.stdout:/usr/bin/ceph: stderr
2023-10-16T19:27:22.752+0000 7f8ac85e3700 1 -- 172.21.15.60:0/909315167 wait complete.
2023-10-16T19:27:24.313 INFO:teuthology.orchestra.run.smithi060.stdout:/usr/bin/ceph: stderr
2023-10-16T19:27:22.752+0000 7f8ac85e3700 1 Processor -- start
2023-10-16T19:27:24.314 INFO:teuthology.orchestra.run.smithi060.stdout:/usr/bin/ceph: stderr
2023-10-16T19:27:22.752+0000 7f8ac85e3700 1 -- start start
2023-10-16T19:27:24.314 INFO:teuthology.orchestra.run.smithi060.stdout:/usr/bin/ceph: stderr
2023-10-16T19:27:22.752+0000 7f8ac85e3700 1 --2- >> [v2:172.21.15.60:3300/0,v1:172.21.15.60:6789/0] conn(0x7f8ac01057c0 0x7f8ac0074470 unknown :-1 s=NONE pgs=0 cs=0 l=1 rev1=0 crypto rx=0 tx=0 comp rx=0 tx=0).connect
2023-10-16T19:27:24.314 INFO:teuthology.orchestra.run.smithi060.stdout:/usr/bin/ceph: stderr
2023-10-16T19:27:22.752+0000 7f8ac85e3700 1 -- --> [v2:172.21.15.60:3300/0,v1:172.21.15.60:6789/0] -- mon_getmap magic: 0 v1 -- 0x7f8ac019d2a0 con 0x7f8ac01057c0
2023-10-16T19:27:24.314 INFO:teuthology.orchestra.run.smithi060.stdout:/usr/bin/ceph: stderr
2023-10-16T19:27:22.752+0000 7f8ac637f700 1 --2- >> [v2:172.21.15.60:3300/0,v1:172.21.15.60:6789/0] conn(0x7f8ac01057c0 0x7f8ac0074470 unknown :-1 s=BANNER_CONNECTING pgs=0 cs=0 l=1 rev1=0 crypto rx=0 tx=0 comp rx=0 tx=0)._handle_peer_banner_payload supported=3 required=0
2023-10-16T19:27:24.314 INFO:teuthology.orchestra.run.smithi060.stdout:/usr/bin/ceph: stderr
2023-10-16T19:27:22.753+0000 7f8ac637f700 1 --2- >> [v2:172.21.15.60:3300/0,v1:172.21.15.60:6789/0] conn(0x7f8ac01057c0 0x7f8ac0074470 unknown :-1 s=HELLO_CONNECTING pgs=0 cs=0 l=1 rev1=1 crypto rx=0 tx=0 comp rx=0 tx=0).handle_hello peer v2:172.21.15.60:3300/0 says I am v2:172.21.15.60:39612/0 (socket says 172.21.15.60:39612)
2023-10-16T19:27:24.315 INFO:teuthology.orchestra.run.smithi060.stdout:/usr/bin/ceph: stderr
2023-10-16T19:27:22.753+0000 7f8ac637f700 1 -- 172.21.15.60:0/4160572504 learned_addr learned my addr 172.21.15.60:0/4160572504 (peer_addr_for_me v2:172.21.15.60:0/0)
2023-10-16T19:27:24.315 INFO:teuthology.orchestra.run.smithi060.stdout:/usr/bin/ceph: stderr
