2023-11-04T05:16:59.209+0000 7ff912b6d700 1 --2- >> [v2:172.21.15.37:3300/0,v1:172.21.15.37:6789/0] conn(0x7ff90c1074e0 0x7ff90c19a650 unknown :-1 s=NONE pgs=0 cs=0 l=1 rev1=0 crypto rx=0 tx=0 comp rx=0 tx=0).connect
2023-11-04T05:17:00.569 INFO:teuthology.orchestra.run.smithi037.stdout:/usr/bin/ceph: stderr
2023-11-04T05:16:59.209+0000 7ff912b6d700 1 -- --> [v2:172.21.15.37:3300/0,v1:172.21.15.37:6789/0] -- mon_getmap magic: 0 v1 -- 0x7ff90c19ab90 con 0x7ff90c1074e0
2023-11-04T05:17:00.569 INFO:teuthology.orchestra.run.smithi037.stdout:/usr/bin/ceph: stderr
2023-11-04T05:16:59.209+0000 7ff910909700 1 --2- >> [v2:172.21.15.37:3300/0,v1:172.21.15.37:6789/0] conn(0x7ff90c1074e0 0x7ff90c19a650 unknown :-1 s=BANNER_CONNECTING pgs=0 cs=0 l=1 rev1=0 crypto rx=0 tx=0 comp rx=0 tx=0)._handle_peer_banner_payload supported=3 required=0
2023-11-04T05:17:00.569 INFO:teuthology.orchestra.run.smithi037.stdout:/usr/bin/ceph: stderr
2023-11-04T05:16:59.209+0000 7ff910909700 1 --2- >> [v2:172.21.15.37:3300/0,v1:172.21.15.37:6789/0] conn(0x7ff90c1074e0 0x7ff90c19a650 unknown :-1 s=HELLO_CONNECTING pgs=0 cs=0 l=1 rev1=1 crypto rx=0 tx=0 comp rx=0 tx=0).handle_hello peer v2:172.21.15.37:3300/0 says I am v2:172.21.15.37:47908/0 (socket says 172.21.15.37:47908)
2023-11-04T05:17:00.569 INFO:teuthology.orchestra.run.smithi037.stdout:/usr/bin/ceph: stderr
2023-11-04T05:16:59.209+0000 7ff910909700 1 -- 172.21.15.37:0/2932400780 learned_addr learned my addr 172.21.15.37:0/2932400780 (peer_addr_for_me v2:172.21.15.37:0/0)
2023-11-04T05:17:00.569 INFO:teuthology.orchestra.run.smithi037.stdout:/usr/bin/ceph: stderr
2023-11-04T05:16:59.209+0000 7ff910909700 1 -- 172.21.15.37:0/2932400780 --> [v2:172.21.15.37:3300/0,v1:172.21.15.37:6789/0] -- mon_subscribe({config=0+,monmap=0+}) v3 -- 0x7ff900009550 con 0x7ff90c1074e0
2023-11-04T05:17:00.569 INFO:teuthology.orchestra.run.smithi037.stdout:/usr/bin/ceph: stderr
2023-11-04T05:16:59.209+0000 7ff910909700 1 --2- 172.21.15.37:0/2932400780 >> [v2:172.21.15.37:3300/0,v1:172.21.15.37:6789/0] conn(0x7ff90c1074e0 0x7ff90c19a650 secure :-1 s=READY pgs=56 cs=0 l=1 rev1=1 crypto rx=0x7ff900003e60 tx=0x7ff900011aa0 comp rx=0 tx=0).ready entity=mon.0 client_cookie=0 server_cookie=0 in_seq=0 out_seq=0
2023-11-04T05:17:00.570 INFO:teuthology.orchestra.run.smithi037.stdout:/usr/bin/ceph: stderr
2023-11-04T05:16:59.209+0000 7ff909ffb700 1 -- 172.21.15.37:0/2932400780 <== mon.0 v2:172.21.15.37:3300/0 1 ==== mon_map magic: 0 v1 ==== 205+0+0 (secure 0 0 0) 0x7ff900003970 con 0x7ff90c1074e0
2023-11-04T05:17:00.570 INFO:teuthology.orchestra.run.smithi037.stdout:/usr/bin/ceph: stderr
2023-11-04T05:16:59.209+0000 7ff909ffb700 1 -- 172.21.15.37:0/2932400780 <== mon.0 v2:172.21.15.37:3300/0 2 ==== config(26 keys) v1 ==== 1105+0+0 (secure 0 0 0) 0x7ff900003ad0 con 0x7ff90c1074e0
2023-11-04T05:17:00.570 INFO:teuthology.orchestra.run.smithi037.stdout:/usr/bin/ceph: stderr
2023-11-04T05:16:59.209+0000 7ff912b6d700 1 -- 172.21.15.37:0/2932400780 --> [v2:172.21.15.37:3300/0,v1:172.21.15.37:6789/0] -- mon_subscribe({mgrmap=0+}) v3 -- 0x7ff90c19ad90 con 0x7ff90c1074e0
2023-11-04T05:17:00.570 INFO:teuthology.orchestra.run.smithi037.stdout:/usr/bin/ceph: stderr
2023-11-04T05:16:59.209+0000 7ff909ffb700 1 -- 172.21.15.37:0/2932400780 <== mon.0 v2:172.21.15.37:3300/0 3 ==== mon_map magic: 0 v1 ==== 205+0+0 (secure 0 0 0) 0x7ff9000195e0 con 0x7ff90c1074e0
2023-11-04T05:17:00.570 INFO:teuthology.orchestra.run.smithi037.stdout:/usr/bin/ceph: stderr
2023-11-04T05:16:59.210+0000 7ff912b6d700 1 -- 172.21.15.37:0/2932400780 --> [v2:172.21.15.37:3300/0,v1:172.21.15.37:6789/0] -- mon_subscribe({osdmap=0}) v3 -- 0x7ff90c19b1b0 con 0x7ff90c1074e0
2023-11-04T05:17:00.571 INFO:teuthology.orchestra.run.smithi037.stdout:/usr/bin/ceph: stderr
2023-11-04T05:16:59.210+0000 7ff909ffb700 1 -- 172.21.15.37:0/2932400780 <== mon.0 v2:172.21.15.37:3300/0 4 ==== mgrmap(e 8) v1 ==== 45580+0+0 (secure 0 0 0) 0x7ff900019850 con 0x7ff90c1074e0
2023-11-04T05:17:00.571 INFO:teuthology.orchestra.run.smithi037.stdout:/usr/bin/ceph: stderr
2023-11-04T05:16:59.211+0000 7ff909ffb700 1 --2- 172.21.15.37:0/2932400780 >> [v2:172.21.15.37:6800/3405602857,v1:172.21.15.37:6801/3405602857] conn(0x7ff8fc038820 0x7ff8fc03ace0 unknown :-1 s=NONE pgs=0 cs=0 l=1 rev1=0 crypto rx=0 tx=0 comp rx=0 tx=0).connect
2023-11-04T05:17:00.571 INFO:teuthology.orchestra.run.smithi037.stdout:/usr/bin/ceph: stderr
2023-11-04T05:16:59.211+0000 7ff909ffb700 1 -- 172.21.15.37:0/2932400780 <== mon.0 v2:172.21.15.37:3300/0 5 ==== osd_map(2..2 src has 1..2) v4 ==== 940+0+0 (secure 0 0 0) 0x7ff90004cb90 con 0x7ff90c1074e0
2023-11-04T05:17:00.571 INFO:teuthology.orchestra.run.smithi037.stdout:/usr/bin/ceph: stderr
2023-11-04T05:16:59.211+0000 7ff90bfff700 1 --2- 172.21.15.37:0/2932400780 >> [v2:172.21.15.37:6800/3405602857,v1:172.21.15.37:6801/3405602857] conn(0x7ff8fc038820 0x7ff8fc03ace0 unknown :-1 s=BANNER_CONNECTING pgs=0 cs=0 l=1 rev1=0 crypto rx=0 tx=0 comp rx=0 tx=0)._handle_peer_banner_payload supported=3 required=0
2023-11-04T05:17:00.571 INFO:teuthology.orchestra.run.smithi037.stdout:/usr/bin/ceph: stderr
2023-11-04T05:16:59.211+0000 7ff912b6d700 1 -- 172.21.15.37:0/2932400780 --> [v2:172.21.15.37:3300/0,v1:172.21.15.37:6789/0] -- mon_command({"prefix": "get_command_descriptions"} v 0) v1 -- 0x7ff90c062820 con 0x7ff90c1074e0
2023-11-04T05:17:00.572 INFO:teuthology.orchestra.run.smithi037.stdout:/usr/bin/ceph: stderr
2023-11-04T05:16:59.211+0000 7ff90bfff700 1 --2- 172.21.15.37:0/2932400780 >> [v2:172.21.15.37:6800/3405602857,v1:172.21.15.37:6801/3405602857] conn(0x7ff8fc038820 0x7ff8fc03ace0 secure :-1 s=READY pgs=16 cs=0 l=1 rev1=1 crypto rx=0x7ff8f8006fd0 tx=0x7ff8f8006e40 comp rx=0 tx=0).ready entity=mgr.14120 client_cookie=0 server_cookie=0 in_seq=0 out_seq=0
2023-11-04T05:17:00.572 INFO:teuthology.orchestra.run.smithi037.stdout:/usr/bin/ceph: stderr
2023-11-04T05:16:59.217+0000 7ff909ffb700 1 -- 172.21.15.37:0/2932400780 <== mon.0 v2:172.21.15.37:3300/0 6 ==== mon_command_ack([{"prefix": "get_command_descriptions"}]=0 v0) v1 ==== 72+0+180874 (secure 0 0 0) 0x7ff900019b50 con 0x7ff90c1074e0
2023-11-04T05:17:00.572 INFO:teuthology.orchestra.run.smithi037.stdout:/usr/bin/ceph: stderr
2023-11-04T05:16:59.718+0000 7ff912b6d700 1 -- 172.21.15.37:0/2932400780 --> [v2:172.21.15.37:3300/0,v1:172.21.15.37:6789/0] -- mon_command({"prefix": "mgr module enable", "module": "dashboard"} v 0) v1 -- 0x7ff90c10ab80 con 0x7ff90c1074e0
2023-11-04T05:17:00.572 INFO:teuthology.orchestra.run.smithi037.stdout:/usr/bin/ceph: stderr
2023-11-04T05:16:59.874+0000 7ff909ffb700 1 -- 172.21.15.37:0/2932400780 <== mon.0 v2:172.21.15.37:3300/0 7 ==== mon_command_ack([{"prefix": "mgr module enable", "module": "dashboard"}]=0 v9) v1 ==== 88+0+0 (secure 0 0 0) 0x7ff900018350 con 0x7ff90c1074e0
2023-11-04T05:17:00.572 INFO:teuthology.orchestra.run.smithi037.stdout:/usr/bin/ceph: stderr
2023-11-04T05:16:59.875+0000 7ff909ffb700 1 -- 172.21.15.37:0/2932400780 <== mon.0 v2:172.21.15.37:3300/0 8 ==== mgrmap(e 9) v1 ==== 45593+0+0 (secure 0 0 0) 0x7ff900019d30 con 0x7ff90c1074e0
2023-11-04T05:17:00.573 INFO:teuthology.orchestra.run.smithi037.stdout:/usr/bin/ceph: stderr
2023-11-04T05:16:59.877+0000 7ff912b6d700 1 -- 172.21.15.37:0/2932400780 >> [v2:172.21.15.37:6800/3405602857,v1:172.21.15.37:6801/3405602857] conn(0x7ff8fc038820 msgr2=0x7ff8fc03ace0 secure :-1 s=STATE_CONNECTION_ESTABLISHED l=1).mark_down
2023-11-04T05:17:00.573 INFO:teuthology.orchestra.run.smithi037.stdout:/usr/bin/ceph: stderr
2023-11-04T05:16:59.877+0000 7ff912b6d700 1 --2- 172.21.15.37:0/2932400780 >> [v2:172.21.15.37:6800/3405602857,v1:172.21.15.37:6801/3405602857] conn(0x7ff8fc038820 0x7ff8fc03ace0 secure :-1 s=READY pgs=16 cs=0 l=1 rev1=1 crypto rx=0x7ff8f8006fd0 tx=0x7ff8f8006e40 comp rx=0 tx=0).stop
2023-11-04T05:17:00.573 INFO:teuthology.orchestra.run.smithi037.stdout:/usr/bin/ceph: stderr
2023-11-04T05:16:59.877+0000 7ff912b6d700 1 -- 172.21.15.37:0/2932400780 >> [v2:172.21.15.37:3300/0,v1:172.21.15.37:6789/0] conn(0x7ff90c1074e0 msgr2=0x7ff90c19a650 secure :-1 s=STATE_CONNECTION_ESTABLISHED l=1).mark_down
2023-11-04T05:17:00.573 INFO:teuthology.orchestra.run.smithi037.stdout:/usr/bin/ceph: stderr
2023-11-04T05:16:59.877+0000 7ff912b6d700 1 --2- 172.21.15.37:0/2932400780 >> [v2:172.21.15.37:3300/0,v1:172.21.15.37:6789/0] conn(0x7ff90c1074e0 0x7ff90c19a650 secure :-1 s=READY pgs=56 cs=0 l=1 rev1=1 crypto rx=0x7ff900003e60 tx=0x7ff900011aa0 comp rx=0 tx=0).stop
2023-11-04T05:17:00.573 INFO:teuthology.orchestra.run.smithi037.stdout:/usr/bin/ceph: stderr
2023-11-04T05:16:59.877+0000 7ff912b6d700 1 -- 172.21.15.37:0/2932400780 shutdown_connections
2023-11-04T05:17:00.573 INFO:teuthology.orchestra.run.smithi037.stdout:/usr/bin/ceph: stderr
2023-11-04T05:16:59.877+0000 7ff912b6d700 1 --2- 172.21.15.37:0/2932400780 >> [v2:172.21.15.37:6800/3405602857,v1:172.21.15.37:6801/3405602857] conn(0x7ff8fc038820 0x7ff8fc03ace0 unknown :-1 s=CLOSED pgs=16 cs=0 l=1 rev1=1 crypto rx=0 tx=0 comp rx=0 tx=0).stop
2023-11-04T05:17:00.574 INFO:teuthology.orchestra.run.smithi037.stdout:/usr/bin/ceph: stderr
2023-11-04T05:16:59.877+0000 7ff912b6d700 1 --2- 172.21.15.37:0/2932400780 >> [v2:172.21.15.37:3300/0,v1:172.21.15.37:6789/0] conn(0x7ff90c1074e0 0x7ff90c19a650 unknown :-1 s=CLOSED pgs=56 cs=0 l=1 rev1=1 crypto rx=0 tx=0 comp rx=0 tx=0).stop
2023-11-04T05:17:00.574 INFO:teuthology.orchestra.run.smithi037.stdout:/usr/bin/ceph: stderr
2023-11-04T05:16:59.877+0000 7ff912b6d700 1 -- 172.21.15.37:0/2932400780 >> 172.21.15.37:0/2932400780 conn(0x7ff90c100e70 msgr2=0x7ff90c101c20 unknown :-1 s=STATE_NONE l=0).mark_down
2023-11-04T05:17:00.574 INFO:teuthology.orchestra.run.smithi037.stdout:/usr/bin/ceph: stderr
2023-11-04T05:16:59.877+0000 7ff912b6d700 1 -- 172.21.15.37:0/2932400780 shutdown_connections
2023-11-04T05:17:00.574 INFO:teuthology.orchestra.run.smithi037.stdout:/usr/bin/ceph: stderr
2023-11-04T05:16:59.877+0000 7ff912b6d700 1 -- 172.21.15.37:0/2932400780 wait complete.
2023-11-04T05:17:00.728 INFO:journalctl@ceph.mgr.x.smithi037.stdout:Nov 04 05:17:00 smithi037 ceph-26cb3e7a-7ad1-11ee-8db9-212e2dc638e7-mgr-x[99733]:
2023-11-04T05:17:00.426+0000 7fba3faa0200 -1 mgr[py] Module zabbix has missing NOTIFY_TYPES member
2023-11-04T05:17:00.729 INFO:journalctl@ceph.mgr.x.smithi037.stdout:Nov 04 05:17:00 smithi037 ceph-26cb3e7a-7ad1-11ee-8db9-212e2dc638e7-mgr-x[99733]:
2023-11-04T05:17:00.643+0000 7fba3faa0200 -1 mgr[py] Module crash has missing NOTIFY_TYPES member
2023-11-04T05:17:01.131 INFO:journalctl@ceph.mon.a.smithi037.stdout:Nov 04 05:17:00 smithi037 ceph-mon[99483]: from='client.? 172.21.15.37:0/2932400780' entity='client.admin' cmd='[{"prefix": "mgr module enable", "module": "dashboard"}]': finished
2023-11-04T05:17:01.131 INFO:journalctl@ceph.mon.a.smithi037.stdout:Nov 04 05:17:00 smithi037 ceph-mon[99483]: mgrmap e9: x(active, since 18s)
2023-11-04T05:17:01.393 INFO:journalctl@ceph.mgr.x.smithi037.stdout:Nov 04 05:17:01 smithi037 ceph-26cb3e7a-7ad1-11ee-8db9-212e2dc638e7-mgr-x[99733]:
2023-11-04T05:17:01.129+0000 7fba3faa0200 -1 mgr[py] Module prometheus has missing NOTIFY_TYPES member
2023-11-04T05:17:01.393 INFO:journalctl@ceph.mgr.x.smithi037.stdout:Nov 04 05:17:01 smithi037 ceph-26cb3e7a-7ad1-11ee-8db9-212e2dc638e7-mgr-x[99733]:
2023-11-04T05:17:01.283+0000 7fba3faa0200 -1 mgr[py] Module status has missing NOTIFY_TYPES member
2023-11-04T05:17:01.393 INFO:journalctl@ceph.mgr.x.smithi037.stdout:Nov 04 05:17:01 smithi037 ceph-26cb3e7a-7ad1-11ee-8db9-212e2dc638e7-mgr-x[99733]:
2023-11-04T05:17:01.391+0000 7fba3faa0200 -1 mgr[py] Module selftest has missing NOTIFY_TYPES member
2023-11-04T05:17:01.716 INFO:journalctl@ceph.mgr.x.smithi037.stdout:Nov 04 05:17:01 smithi037 ceph-26cb3e7a-7ad1-11ee-8db9-212e2dc638e7-mgr-x[99733]:
2023-11-04T05:17:01.507+0000 7fba3faa0200 -1 mgr[py] Module alerts has missing NOTIFY_TYPES member
2023-11-04T05:17:01.973 INFO:journalctl@ceph.mon.a.smithi037.stdout:Nov 04 05:17:01 smithi037 ceph-mon[99483]: from='client.? 172.21.15.37:0/3277396435' entity='client.admin' cmd=[{"prefix": "mgr stat"}]: dispatch
2023-11-04T05:17:02.013 INFO:teuthology.orchestra.run.smithi037.stdout:/usr/bin/ceph: stdout {
2023-11-04T05:17:02.013 INFO:teuthology.orchestra.run.smithi037.stdout:/usr/bin/ceph: stdout "epoch": 9,
2023-11-04T05:17:02.013 INFO:teuthology.orchestra.run.smithi037.stdout:/usr/bin/ceph: stdout "available": true,
2023-11-04T05:17:02.013 INFO:teuthology.orchestra.run.smithi037.stdout:/usr/bin/ceph: stdout "active_name": "x",
2023-11-04T05:17:02.013 INFO:teuthology.orchestra.run.smithi037.stdout:/usr/bin/ceph: stdout "num_standby": 0
2023-11-04T05:17:02.014 INFO:teuthology.orchestra.run.smithi037.stdout:/usr/bin/ceph: stdout }
2023-11-04T05:17:02.014 INFO:teuthology.orchestra.run.smithi037.stdout:/usr/bin/ceph: stderr
2023-11-04T05:17:01.112+0000 7f5493f04700 1 Processor -- start
2023-11-04T05:17:02.014 INFO:teuthology.orchestra.run.smithi037.stdout:/usr/bin/ceph: stderr
2023-11-04T05:17:01.112+0000 7f5493f04700 1 -- start start
2023-11-04T05:17:02.014 INFO:teuthology.orchestra.run.smithi037.stdout:/usr/bin/ceph: stderr
2023-11-04T05:17:01.112+0000 7f5493f04700 1 --2- >> [v2:172.21.15.37:3300/0,v1:172.21.15.37:6789/0] conn(0x7f548c107420 0x7f548c109810 unknown :-1 s=NONE pgs=0 cs=0 l=0 rev1=0 crypto rx=0 tx=0 comp rx=0 tx=0).connect
2023-11-04T05:17:02.014 INFO:teuthology.orchestra.run.smithi037.stdout:/usr/bin/ceph: stderr
2023-11-04T05:17:01.112+0000 7f5493f04700 1 -- --> [v2:172.21.15.37:3300/0,v1:172.21.15.37:6789/0] -- mon_getmap magic: 0 v1 -- 0x7f548c079ed0 con 0x7f548c107420
2023-11-04T05:17:02.015 INFO:teuthology.orchestra.run.smithi037.stdout:/usr/bin/ceph: stderr
2023-11-04T05:17:01.112+0000 7f5491ca0700 1 --2- >> [v2:172.21.15.37:3300/0,v1:172.21.15.37:6789/0] conn(0x7f548c107420 0x7f548c109810 unknown :-1 s=BANNER_CONNECTING pgs=0 cs=0 l=0 rev1=0 crypto rx=0 tx=0 comp rx=0 tx=0)._handle_peer_banner_payload supported=3 required=0
2023-11-04T05:17:02.015 INFO:teuthology.orchestra.run.smithi037.stdout:/usr/bin/ceph: stderr
2023-11-04T05:17:01.112+0000 7f5491ca0700 1 --2- >> [v2:172.21.15.37:3300/0,v1:172.21.15.37:6789/0] conn(0x7f548c107420 0x7f548c109810 unknown :-1 s=HELLO_CONNECTING pgs=0 cs=0 l=0 rev1=1 crypto rx=0 tx=0 comp rx=0 tx=0).handle_hello peer v2:172.21.15.37:3300/0 says I am v2:172.21.15.37:47922/0 (socket says 172.21.15.37:47922)
2023-11-04T05:17:02.015 INFO:teuthology.orchestra.run.smithi037.stdout:/usr/bin/ceph: stderr
2023-11-04T05:17:01.112+0000 7f5491ca0700 1 -- 172.21.15.37:0/2512539305 learned_addr learned my addr 172.21.15.37:0/2512539305 (peer_addr_for_me v2:172.21.15.37:0/0)
2023-11-04T05:17:02.015 INFO:teuthology.orchestra.run.smithi037.stdout:/usr/bin/ceph: stderr
2023-11-04T05:17:01.113+0000 7f5491ca0700 1 -- 172.21.15.37:0/2512539305 --> [v2:172.21.15.37:3300/0,v1:172.21.15.37:6789/0] -- mon_subscribe({config=0+,monmap=0+}) v3 -- 0x7f548c109d50 con 0x7f548c107420
2023-11-04T05:17:02.015 INFO:teuthology.orchestra.run.smithi037.stdout:/usr/bin/ceph: stderr
2023-11-04T05:17:01.113+0000 7f5491ca0700 1 --2- 172.21.15.37:0/2512539305 >> [v2:172.21.15.37:3300/0,v1:172.21.15.37:6789/0] conn(0x7f548c107420 0x7f548c109810 secure :-1 s=READY pgs=59 cs=0 l=1 rev1=1 crypto rx=0x7f54880098a0 tx=0x7f5488009bb0 comp rx=0 tx=0).ready entity=mon.0 client_cookie=e1c071c63bdceeef server_cookie=0 in_seq=0 out_seq=0
2023-11-04T05:17:02.015 INFO:teuthology.orchestra.run.smithi037.stdout:/usr/bin/ceph: stderr
2023-11-04T05:17:01.113+0000 7f5490c9e700 1 -- 172.21.15.37:0/2512539305 <== mon.0 v2:172.21.15.37:3300/0 1 ==== mon_map magic: 0 v1 ==== 205+0+0 (secure 0 0 0) 0x7f5488004160 con 0x7f548c107420
2023-11-04T05:17:02.016 INFO:teuthology.orchestra.run.smithi037.stdout:/usr/bin/ceph: stderr
2023-11-04T05:17:01.113+0000 7f5490c9e700 1 -- 172.21.15.37:0/2512539305 <== mon.0 v2:172.21.15.37:3300/0 2 ==== config(26 keys) v1 ==== 1105+0+0 (secure 0 0 0) 0x7f54880042c0 con 0x7f548c107420
2023-11-04T05:17:02.020 INFO:teuthology.orchestra.run.smithi037.stdout:/usr/bin/ceph: stderr
2023-11-04T05:17:01.113+0000 7f5490c9e700 1 -- 172.21.15.37:0/2512539305 <== mon.0 v2:172.21.15.37:3300/0 3 ==== mon_map magic: 0 v1 ==== 205+0+0 (secure 0 0 0) 0x7f54880119b0 con 0x7f548c107420
2023-11-04T05:17:02.020 INFO:teuthology.orchestra.run.smithi037.stdout:/usr/bin/ceph: stderr
2023-11-04T05:17:01.114+0000 7f5493f04700 1 -- 172.21.15.37:0/2512539305 >> [v2:172.21.15.37:3300/0,v1:172.21.15.37:6789/0] conn(0x7f548c107420 msgr2=0x7f548c109810 secure :-1 s=STATE_CONNECTION_ESTABLISHED l=1).mark_down
2023-11-04T05:17:02.020 INFO:teuthology.orchestra.run.smithi037.stdout:/usr/bin/ceph: stderr
2023-11-04T05:17:01.114+0000 7f5493f04700 1 --2- 172.21.15.37:0/2512539305 >> [v2:172.21.15.37:3300/0,v1:172.21.15.37:6789/0] conn(0x7f548c107420 0x7f548c109810 secure :-1 s=READY pgs=59 cs=0 l=1 rev1=1 crypto rx=0x7f54880098a0 tx=0x7f5488009bb0 comp rx=0 tx=0).stop
2023-11-04T05:17:02.020 INFO:teuthology.orchestra.run.smithi037.stdout:/usr/bin/ceph: stderr
2023-11-04T05:17:01.114+0000 7f5493f04700 1 -- 172.21.15.37:0/2512539305 shutdown_connections
2023-11-04T05:17:02.020 INFO:teuthology.orchestra.run.smithi037.stdout:/usr/bin/ceph: stderr
2023-11-04T05:17:01.114+0000 7f5493f04700 1 --2- 172.21.15.37:0/2512539305 >> [v2:172.21.15.37:3300/0,v1:172.21.15.37:6789/0] conn(0x7f548c107420 0x7f548c109810 unknown :-1 s=CLOSED pgs=59 cs=0 l=1 rev1=1 crypto rx=0 tx=0 comp rx=0 tx=0).stop
2023-11-04T05:17:02.021 INFO:teuthology.orchestra.run.smithi037.stdout:/usr/bin/ceph: stderr
2023-11-04T05:17:01.114+0000 7f5493f04700 1 -- 172.21.15.37:0/2512539305 >> 172.21.15.37:0/2512539305 conn(0x7f548c100e70 msgr2=0x7f548c103290 unknown :-1 s=STATE_NONE l=0).mark_down
2023-11-04T05:17:02.021 INFO:teuthology.orchestra.run.smithi037.stdout:/usr/bin/ceph: stderr
2023-11-04T05:17:01.114+0000 7f5493f04700 1 -- 172.21.15.37:0/2512539305 shutdown_connections
2023-11-04T05:17:02.021 INFO:teuthology.orchestra.run.smithi037.stdout:/usr/bin/ceph: stderr
2023-11-04T05:17:01.114+0000 7f5493f04700 1 -- 172.21.15.37:0/2512539305 wait complete.
2023-11-04T05:17:02.021 INFO:teuthology.orchestra.run.smithi037.stdout:/usr/bin/ceph: stderr
2023-11-04T05:17:01.115+0000 7f5493f04700 1 Processor -- start
2023-11-04T05:17:02.021 INFO:teuthology.orchestra.run.smithi037.stdout:/usr/bin/ceph: stderr
2023-11-04T05:17:01.115+0000 7f5493f04700 1 -- start start
2023-11-04T05:17:02.022 INFO:teuthology.orchestra.run.smithi037.stdout:/usr/bin/ceph: stderr
2023-11-04T05:17:01.115+0000 7f5493f04700 1 --2- >> [v2:172.21.15.37:3300/0,v1:172.21.15.37:6789/0] conn(0x7f548c107420 0x7f548c19a670 unknown :-1 s=NONE pgs=0 cs=0 l=1 rev1=0 crypto rx=0 tx=0 comp rx=0 tx=0).connect
2023-11-04T05:17:02.022 INFO:teuthology.orchestra.run.smithi037.stdout:/usr/bin/ceph: stderr
2023-11-04T05:17:01.115+0000 7f5493f04700 1 -- --> [v2:172.21.15.37:3300/0,v1:172.21.15.37:6789/0] -- mon_getmap magic: 0 v1 -- 0x7f548c19abb0 con 0x7f548c107420
2023-11-04T05:17:02.022 INFO:teuthology.orchestra.run.smithi037.stdout:/usr/bin/ceph: stderr
2023-11-04T05:17:01.115+0000 7f5491ca0700 1 --2- >> [v2:172.21.15.37:3300/0,v1:172.21.15.37:6789/0] conn(0x7f548c107420 0x7f548c19a670 unknown :-1 s=BANNER_CONNECTING pgs=0 cs=0 l=1 rev1=0 crypto rx=0 tx=0 comp rx=0 tx=0)._handle_peer_banner_payload supported=3 required=0
2023-11-04T05:17:02.022 INFO:teuthology.orchestra.run.smithi037.stdout:/usr/bin/ceph: stderr
2023-11-04T05:17:01.115+0000 7f5491ca0700 1 --2- >> [v2:172.21.15.37:3300/0,v1:172.21.15.37:6789/0] conn(0x7f548c107420 0x7f548c19a670 unknown :-1 s=HELLO_CONNECTING pgs=0 cs=0 l=1 rev1=1 crypto rx=0 tx=0 comp rx=0 tx=0).handle_hello peer v2:172.21.15.37:3300/0 says I am v2:172.21.15.37:47924/0 (socket says 172.21.15.37:47924)
2023-11-04T05:17:02.022 INFO:teuthology.orchestra.run.smithi037.stdout:/usr/bin/ceph: stderr
2023-11-04T05:17:01.115+0000 7f5491ca0700 1 -- 172.21.15.37:0/3277396435 learned_addr learned my addr 172.21.15.37:0/3277396435 (peer_addr_for_me v2:172.21.15.37:0/0)
2023-11-04T05:17:02.023 INFO:teuthology.orchestra.run.smithi037.stdout:/usr/bin/ceph: stderr
2023-11-04T05:17:01.115+0000 7f5491ca0700 1 -- 172.21.15.37:0/3277396435 --> [v2:172.21.15.37:3300/0,v1:172.21.15.37:6789/0] -- mon_subscribe({config=0+,monmap=0+}) v3 -- 0x7f5488009550 con 0x7f548c107420
2023-11-04T05:17:02.023 INFO:teuthology.orchestra.run.smithi037.stdout:/usr/bin/ceph: stderr
2023-11-04T05:17:01.115+0000 7f5491ca0700 1 --2- 172.21.15.37:0/3277396435 >> [v2:172.21.15.37:3300/0,v1:172.21.15.37:6789/0] conn(0x7f548c107420 0x7f548c19a670 secure :-1 s=READY pgs=60 cs=0 l=1 rev1=1 crypto rx=0x7f5488003e60 tx=0x7f5488011aa0 comp rx=0 tx=0).ready entity=mon.0 client_cookie=0 server_cookie=0 in_seq=0 out_seq=0
2023-11-04T05:17:02.023 INFO:teuthology.orchestra.run.smithi037.stdout:/usr/bin/ceph: stderr
2023-11-04T05:17:01.116+0000 7f5482ffd700 1 -- 172.21.15.37:0/3277396435 <== mon.0 v2:172.21.15.37:3300/0 1 ==== mon_map magic: 0 v1 ==== 205+0+0 (secure 0 0 0) 0x7f5488003970 con 0x7f548c107420
2023-11-04T05:17:02.023 INFO:teuthology.orchestra.run.smithi037.stdout:/usr/bin/ceph: stderr
2023-11-04T05:17:01.116+0000 7f5482ffd700 1 -- 172.21.15.37:0/3277396435 <== mon.0 v2:172.21.15.37:3300/0 2 ==== config(26 keys) v1 ==== 1105+0+0 (secure 0 0 0) 0x7f5488003ad0 con 0x7f548c107420
2023-11-04T05:17:02.023 INFO:teuthology.orchestra.run.smithi037.stdout:/usr/bin/ceph: stderr
2023-11-04T05:17:01.116+0000 7f5493f04700 1 -- 172.21.15.37:0/3277396435 --> [v2:172.21.15.37:3300/0,v1:172.21.15.37:6789/0] -- mon_subscribe({mgrmap=0+}) v3 -- 0x7f548c19adb0 con 0x7f548c107420
2023-11-04T05:17:02.024 INFO:teuthology.orchestra.run.smithi037.stdout:/usr/bin/ceph: stderr
2023-11-04T05:17:01.116+0000 7f5482ffd700 1 -- 172.21.15.37:0/3277396435 <== mon.0 v2:172.21.15.37:3300/0 3 ==== mon_map magic: 0 v1 ==== 205+0+0 (secure 0 0 0) 0x7f54880195e0 con 0x7f548c107420
2023-11-04T05:17:02.024 INFO:teuthology.orchestra.run.smithi037.stdout:/usr/bin/ceph: stderr
2023-11-04T05:17:01.116+0000 7f5493f04700 1 -- 172.21.15.37:0/3277396435 --> [v2:172.21.15.37:3300/0,v1:172.21.15.37:6789/0] -- mon_subscribe({osdmap=0}) v3 -- 0x7f548c19b1d0 con 0x7f548c107420
2023-11-04T05:17:02.024 INFO:teuthology.orchestra.run.smithi037.stdout:/usr/bin/ceph: stderr
2023-11-04T05:17:01.117+0000 7f5482ffd700 1 -- 172.21.15.37:0/3277396435 <== mon.0 v2:172.21.15.37:3300/0 4 ==== mgrmap(e 9) v1 ==== 45593+0+0 (secure 0 0 0) 0x7f5488019890 con 0x7f548c107420
2023-11-04T05:17:02.024 INFO:teuthology.orchestra.run.smithi037.stdout:/usr/bin/ceph: stderr
2023-11-04T05:17:01.117+0000 7f5493f04700 1 -- 172.21.15.37:0/3277396435 --> [v2:172.21.15.37:3300/0,v1:172.21.15.37:6789/0] -- mon_command({"prefix": "get_command_descriptions"} v 0) v1 -- 0x7f548c062820 con 0x7f548c107420
2023-11-04T05:17:02.024 INFO:teuthology.orchestra.run.smithi037.stdout:/usr/bin/ceph: stderr
2023-11-04T05:17:01.117+0000 7f5482ffd700 1 --2- 172.21.15.37:0/3277396435 >> [v2:172.21.15.37:6800/3405602857,v1:172.21.15.37:6801/3405602857] conn(0x7f5478038870 0x7f547803ad30 unknown :-1 s=NONE pgs=0 cs=0 l=1 rev1=0 crypto rx=0 tx=0 comp rx=0 tx=0).connect
2023-11-04T05:17:02.024 INFO:teuthology.orchestra.run.smithi037.stdout:/usr/bin/ceph: stderr
2023-11-04T05:17:01.117+0000 7f549149f700 1 -- 172.21.15.37:0/3277396435 >> [v2:172.21.15.37:6800/3405602857,v1:172.21.15.37:6801/3405602857] conn(0x7f5478038870 msgr2=0x7f547803ad30 unknown :-1 s=STATE_CONNECTING_RE l=1).process reconnect failed to v2:172.21.15.37:6800/3405602857
2023-11-04T05:17:02.025 INFO:teuthology.orchestra.run.smithi037.stdout:/usr/bin/ceph: stderr
2023-11-04T05:17:01.117+0000 7f5482ffd700 1 -- 172.21.15.37:0/3277396435 <== mon.0 v2:172.21.15.37:3300/0 5 ==== osd_map(2..2 src has 1..2) v4 ==== 940+0+0 (secure 0 0 0) 0x7f548804ca60 con 0x7f548c107420
2023-11-04T05:17:02.025 INFO:teuthology.orchestra.run.smithi037.stdout:/usr/bin/ceph: stderr
2023-11-04T05:17:01.117+0000 7f549149f700 1 --2- 172.21.15.37:0/3277396435 >> [v2:172.21.15.37:6800/3405602857,v1:172.21.15.37:6801/3405602857] conn(0x7f5478038870 0x7f547803ad30 unknown :-1 s=START_CONNECT pgs=0 cs=0 l=1 rev1=0 crypto rx=0 tx=0 comp rx=0 tx=0)._fault waiting 0.200000
2023-11-04T05:17:02.025 INFO:teuthology.orchestra.run.smithi037.stdout:/usr/bin/ceph: stderr
2023-11-04T05:17:01.122+0000 7f5482ffd700 1 -- 172.21.15.37:0/3277396435 <== mon.0 v2:172.21.15.37:3300/0 6 ==== mon_command_ack([{"prefix": "get_command_descriptions"}]=0 v0) v1 ==== 72+0+180874 (secure 0 0 0) 0x7f548802b340 con 0x7f548c107420
2023-11-04T05:17:02.025 INFO:teuthology.orchestra.run.smithi037.stdout:/usr/bin/ceph: stderr
2023-11-04T05:17:01.318+0000 7f549149f700 1 -- 172.21.15.37:0/3277396435 >> [v2:172.21.15.37:6800/3405602857,v1:172.21.15.37:6801/3405602857] conn(0x7f5478038870 msgr2=0x7f547803ad30 unknown :-1 s=STATE_CONNECTING_RE l=1).process reconnect failed to v2:172.21.15.37:6800/3405602857
2023-11-04T05:17:02.025 INFO:teuthology.orchestra.run.smithi037.stdout:/usr/bin/ceph: stderr
2023-11-04T05:17:01.318+0000 7f549149f700 1 --2- 172.21.15.37:0/3277396435 >> [v2:172.21.15.37:6800/3405602857,v1:172.21.15.37:6801/3405602857] conn(0x7f5478038870 0x7f547803ad30 unknown :-1 s=START_CONNECT pgs=0 cs=0 l=1 rev1=0 crypto rx=0 tx=0 comp rx=0 tx=0)._fault waiting 0.400000
2023-11-04T05:17:02.026 INFO:teuthology.orchestra.run.smithi037.stdout:/usr/bin/ceph: stderr
2023-11-04T05:17:01.595+0000 7f5493f04700 1 -- 172.21.15.37:0/3277396435 --> [v2:172.21.15.37:3300/0,v1:172.21.15.37:6789/0] -- mon_command({"prefix": "mgr stat"} v 0) v1 -- 0x7f548c10ab90 con 0x7f548c107420
2023-11-04T05:17:02.026 INFO:teuthology.orchestra.run.smithi037.stdout:/usr/bin/ceph: stderr
2023-11-04T05:17:01.595+0000 7f5482ffd700 1 -- 172.21.15.37:0/3277396435 <== mon.0 v2:172.21.15.37:3300/0 7 ==== mon_command_ack([{"prefix": "mgr stat"}]=0 v9) v1 ==== 56+0+88 (secure 0 0 0) 0x7f54880172b0 con 0x7f548c107420
2023-11-04T05:17:02.026 INFO:teuthology.orchestra.run.smithi037.stdout:/usr/bin/ceph: stderr
2023-11-04T05:17:01.598+0000 7f5493f04700 1 -- 172.21.15.37:0/3277396435 >> [v2:172.21.15.37:6800/3405602857,v1:172.21.15.37:6801/3405602857] conn(0x7f5478038870 msgr2=0x7f547803ad30 unknown :-1 s=STATE_CONNECTING l=1).mark_down
2023-11-04T05:17:02.026 INFO:teuthology.orchestra.run.smithi037.stdout:/usr/bin/ceph: stderr
2023-11-04T05:17:01.598+0000 7f5493f04700 1 --2- 172.21.15.37:0/3277396435 >> [v2:172.21.15.37:6800/3405602857,v1:172.21.15.37:6801/3405602857] conn(0x7f5478038870 0x7f547803ad30 unknown :-1 s=START_CONNECT pgs=0 cs=0 l=1 rev1=0 crypto rx=0 tx=0 comp rx=0 tx=0).stop
2023-11-04T05:17:02.026 INFO:teuthology.orchestra.run.smithi037.stdout:/usr/bin/ceph: stderr
2023-11-04T05:17:01.598+0000 7f5493f04700 1 -- 172.21.15.37:0/3277396435 >> [v2:172.21.15.37:3300/0,v1:172.21.15.37:6789/0] conn(0x7f548c107420 msgr2=0x7f548c19a670 secure :-1 s=STATE_CONNECTION_ESTABLISHED l=1).mark_down
2023-11-04T05:17:02.027 INFO:teuthology.orchestra.run.smithi037.stdout:/usr/bin/ceph: stderr
2023-11-04T05:17:01.598+0000 7f5493f04700 1 --2- 172.21.15.37:0/3277396435 >> [v2:172.21.15.37:3300/0,v1:172.21.15.37:6789/0] conn(0x7f548c107420 0x7f548c19a670 secure :-1 s=READY pgs=60 cs=0 l=1 rev1=1 crypto rx=0x7f5488003e60 tx=0x7f5488011aa0 comp rx=0 tx=0).stop
2023-11-04T05:17:02.027 INFO:teuthology.orchestra.run.smithi037.stdout:/usr/bin/ceph: stderr
2023-11-04T05:17:01.598+0000 7f5493f04700 1 -- 172.21.15.37:0/3277396435 shutdown_connections
2023-11-04T05:17:02.027 INFO:teuthology.orchestra.run.smithi037.stdout:/usr/bin/ceph: stderr
2023-11-04T05:17:01.598+0000 7f5493f04700 1 --2- 172.21.15.37:0/3277396435 >> [v2:172.21.15.37:6800/3405602857,v1:172.21.15.37:6801/3405602857] conn(0x7f5478038870 0x7f547803ad30 unknown :-1 s=CLOSED pgs=0 cs=0 l=1 rev1=0 crypto rx=0 tx=0 comp rx=0 tx=0).stop
2023-11-04T05:17:02.027 INFO:teuthology.orchestra.run.smithi037.stdout:/usr/bin/ceph: stderr
2023-11-04T05:17:01.598+0000 7f5493f04700 1 --2- 172.21.15.37:0/3277396435 >> [v2:172.21.15.37:3300/0,v1:172.21.15.37:6789/0] conn(0x7f548c107420 0x7f548c19a670 unknown :-1 s=CLOSED pgs=60 cs=0 l=1 rev1=1 crypto rx=0 tx=0 comp rx=0 tx=0).stop
2023-11-04T05:17:02.027 INFO:teuthology.orchestra.run.smithi037.stdout:/usr/bin/ceph: stderr
2023-11-04T05:17:01.598+0000 7f5493f04700 1 -- 172.21.15.37:0/3277396435 >> 172.21.15.37:0/3277396435 conn(0x7f548c100e70 msgr2=0x7f548c1024c0 unknown :-1 s=STATE_NONE l=0).mark_down
2023-11-04T05:17:02.028 INFO:teuthology.orchestra.run.smithi037.stdout:/usr/bin/ceph: stderr
2023-11-04T05:17:01.598+0000 7f5493f04700 1 -- 172.21.15.37:0/3277396435 shutdown_connections
2023-11-04T05:17:02.028 INFO:teuthology.orchestra.run.smithi037.stdout:/usr/bin/ceph: stderr
2023-11-04T05:17:01.598+0000 7f5493f04700 1 -- 172.21.15.37:0/3277396435 wait complete.
2023-11-04T05:17:02.028 INFO:teuthology.orchestra.run.smithi037.stdout:Waiting for the mgr to restart...
2023-11-04T05:17:02.028 INFO:teuthology.orchestra.run.smithi037.stdout:Waiting for mgr epoch 9...
2023-11-04T05:17:02.228 INFO:journalctl@ceph.mgr.x.smithi037.stdout:Nov 04 05:17:02 smithi037 ceph-26cb3e7a-7ad1-11ee-8db9-212e2dc638e7-mgr-x[99733]:
2023-11-04T05:17:02.026+0000 7fba3faa0200 -1 mgr[py] Module progress has missing NOTIFY_TYPES member
2023-11-04T05:17:03.228 INFO:journalctl@ceph.mgr.x.smithi037.stdout:Nov 04 05:17:02 smithi037 ceph-26cb3e7a-7ad1-11ee-8db9-212e2dc638e7-mgr-x[99733]:
2023-11-04T05:17:02.824+0000 7fba3faa0200 -1 mgr[py] Module rook has missing NOTIFY_TYPES member
2023-11-04T05:17:03.229 INFO:journalctl@ceph.mgr.x.smithi037.stdout:Nov 04 05:17:02 smithi037 ceph-26cb3e7a-7ad1-11ee-8db9-212e2dc638e7-mgr-x[99733]:
2023-11-04T05:17:02.923+0000 7fba3faa0200 -1 mgr[py] Module iostat has missing NOTIFY_TYPES member
2023-11-04T05:17:04.228 INFO:journalctl@ceph.mgr.x.smithi037.stdout:Nov 04 05:17:03 smithi037 ceph-26cb3e7a-7ad1-11ee-8db9-212e2dc638e7-mgr-x[99733]:
2023-11-04T05:17:03.897+0000 7fba3faa0200 -1 mgr[py] Module test_orchestrator has missing NOTIFY_TYPES member
2023-11-04T05:17:04.229 INFO:journalctl@ceph.mgr.x.smithi037.stdout:Nov 04 05:17:04 smithi037 ceph-26cb3e7a-7ad1-11ee-8db9-212e2dc638e7-mgr-x[99733]:
2023-11-04T05:17:04.008+0000 7fba3faa0200 -1 mgr[py] Module osd_perf_query has missing NOTIFY_TYPES member
2023-11-04T05:17:04.585 INFO:journalctl@ceph.mgr.x.smithi037.stdout:Nov 04 05:17:04 smithi037 ceph-26cb3e7a-7ad1-11ee-8db9-212e2dc638e7-mgr-x[99733]:
2023-11-04T05:17:04.230+0000 7fba3faa0200 -1 mgr[py] Module orchestrator has missing NOTIFY_TYPES member
2023-11-04T05:17:04.839 INFO:journalctl@ceph.mgr.x.smithi037.stdout:Nov 04 05:17:04 smithi037 ceph-26cb3e7a-7ad1-11ee-8db9-212e2dc638e7-mgr-x[99733]:
2023-11-04T05:17:04.584+0000 7fba3faa0200 -1 mgr[py] Module rgw has missing NOTIFY_TYPES member
2023-11-04T05:17:05.228 INFO:journalctl@ceph.mgr.x.smithi037.stdout:Nov 04 05:17:04 smithi037 ceph-26cb3e7a-7ad1-11ee-8db9-212e2dc638e7-mgr-x[99733]:
2023-11-04T05:17:04.837+0000 7fba3faa0200 -1 mgr[py] Module influx has missing NOTIFY_TYPES member
2023-11-04T05:17:05.229 INFO:journalctl@ceph.mgr.x.smithi037.stdout:Nov 04 05:17:05 smithi037 ceph-26cb3e7a-7ad1-11ee-8db9-212e2dc638e7-mgr-x[99733]:
2023-11-04T05:17:05.020+0000 7fba3faa0200 -1 mgr[py] Module telemetry has missing NOTIFY_TYPES member
2023-11-04T05:17:05.728 INFO:journalctl@ceph.mgr.x.smithi037.stdout:Nov 04 05:17:05 smithi037 ceph-26cb3e7a-7ad1-11ee-8db9-212e2dc638e7-mgr-x[99733]:
2023-11-04T05:17:05.353+0000 7fba3faa0200 -1 mgr[py] Module telegraf has missing NOTIFY_TYPES member
2023-11-04T05:17:06.478 INFO:journalctl@ceph.mgr.x.smithi037.stdout:Nov 04 05:17:06 smithi037 ceph-26cb3e7a-7ad1-11ee-8db9-212e2dc638e7-mgr-x[99733]:
2023-11-04T05:17:06.180+0000 7fba3faa0200 -1 mgr[py] Module balancer has missing NOTIFY_TYPES member
2023-11-04T05:17:06.479 INFO:journalctl@ceph.mgr.x.smithi037.stdout:Nov 04 05:17:06 smithi037 ceph-26cb3e7a-7ad1-11ee-8db9-212e2dc638e7-mgr-x[99733]:
2023-11-04T05:17:06.339+0000 7fba3faa0200 -1 mgr[py] Module diskprediction_local has missing NOTIFY_TYPES member
2023-11-04T05:17:06.978 INFO:journalctl@ceph.mgr.x.smithi037.stdout:Nov 04 05:17:06 smithi037 ceph-26cb3e7a-7ad1-11ee-8db9-212e2dc638e7-mgr-x[99733]:
2023-11-04T05:17:06.587+0000 7fba3faa0200 -1 mgr[py] Module nfs has missing NOTIFY_TYPES member
2023-11-04T05:17:06.979 INFO:journalctl@ceph.mgr.x.smithi037.stdout:Nov 04 05:17:06 smithi037 ceph-26cb3e7a-7ad1-11ee-8db9-212e2dc638e7-mgr-x[99733]:
2023-11-04T05:17:06.724+0000 7fba3faa0200 -1 mgr[py] Module rbd_support has missing NOTIFY_TYPES member
2023-11-04T05:17:07.478 INFO:journalctl@ceph.mgr.x.smithi037.stdout:Nov 04 05:17:06 smithi037 ceph-26cb3e7a-7ad1-11ee-8db9-212e2dc638e7-mgr-x[99733]:
2023-11-04T05:17:06.998+0000 7fba3faa0200 -1 mgr[py] Module volumes has missing NOTIFY_TYPES member
2023-11-04T05:17:08.478 INFO:journalctl@ceph.mgr.x.smithi037.stdout:Nov 04 05:17:08 smithi037 ceph-26cb3e7a-7ad1-11ee-8db9-212e2dc638e7-mgr-x[99733]:
2023-11-04T05:17:08.079+0000 7fba3faa0200 -1 mgr[py] Module pg_autoscaler has missing NOTIFY_TYPES member
2023-11-04T05:17:08.479 INFO:journalctl@ceph.mon.a.smithi037.stdout:Nov 04 05:17:08 smithi037 ceph-mon[99483]: Active manager daemon x restarted
2023-11-04T05:17:08.479 INFO:journalctl@ceph.mon.a.smithi037.stdout:Nov 04 05:17:08 smithi037 ceph-mon[99483]: Activating manager daemon x
2023-11-04T05:17:08.479 INFO:journalctl@ceph.mon.a.smithi037.stdout:Nov 04 05:17:08 smithi037 ceph-mon[99483]: osdmap e3: 0 total, 0 up, 0 in
2023-11-04T05:17:08.480 INFO:journalctl@ceph.mon.a.smithi037.stdout:Nov 04 05:17:08 smithi037 ceph-mon[99483]: mgrmap e10: x(active, starting, since 0.00364981s)
2023-11-04T05:17:08.480 INFO:journalctl@ceph.mon.a.smithi037.stdout:Nov 04 05:17:08 smithi037 ceph-mon[99483]: from='mgr.14152 172.21.15.37:0/3261763267' entity='mgr.x' cmd=[{"prefix": "mon metadata", "id": "a"}]: dispatch
2023-11-04T05:17:08.480 INFO:journalctl@ceph.mon.a.smithi037.stdout:Nov 04 05:17:08 smithi037 ceph-mon[99483]: from='mgr.14152 172.21.15.37:0/3261763267' entity='mgr.x' cmd=[{"prefix": "mgr metadata", "who": "x", "id": "x"}]: dispatch
2023-11-04T05:17:08.480 INFO:journalctl@ceph.mon.a.smithi037.stdout:Nov 04 05:17:08 smithi037 ceph-mon[99483]: from='mgr.14152 172.21.15.37:0/3261763267' entity='mgr.x' cmd=[{"prefix": "mds metadata"}]: dispatch
2023-11-04T05:17:08.480 INFO:journalctl@ceph.mon.a.smithi037.stdout:Nov 04 05:17:08 smithi037 ceph-mon[99483]: from='mgr.14152 172.21.15.37:0/3261763267' entity='mgr.x' cmd=[{"prefix": "osd metadata"}]: dispatch
2023-11-04T05:17:08.481 INFO:journalctl@ceph.mon.a.smithi037.stdout:Nov 04 05:17:08 smithi037 ceph-mon[99483]: from='mgr.14152 172.21.15.37:0/3261763267' entity='mgr.x' cmd=[{"prefix": "mon metadata"}]: dispatch
2023-11-04T05:17:08.481 INFO:journalctl@ceph.mon.a.smithi037.stdout:Nov 04 05:17:08 smithi037 ceph-mon[99483]: Manager daemon x is now available
2023-11-04T05:17:09.479 INFO:journalctl@ceph.mon.a.smithi037.stdout:Nov 04 05:17:09 smithi037 ceph-mon[99483]: from='mgr.14152 172.21.15.37:0/3261763267' entity='mgr.x' cmd=[{"prefix": "config dump", "format": "json"}]: dispatch
2023-11-04T05:17:09.479 INFO:journalctl@ceph.mon.a.smithi037.stdout:Nov 04 05:17:09 smithi037 ceph-mon[99483]: from='mgr.14152 172.21.15.37:0/3261763267' entity='mgr.x' cmd=[{"prefix": "config dump", "format": "json"}]: dispatch
2023-11-04T05:17:09.480 INFO:journalctl@ceph.mon.a.smithi037.stdout:Nov 04 05:17:09 smithi037 ceph-mon[99483]: from='mgr.14152 172.21.15.37:0/3261763267' entity='mgr.x' cmd=[{"prefix":"config rm","who":"mgr","name":"mgr/rbd_support/x/mirror_snapshot_schedule"}]: dispatch
2023-11-04T05:17:09.480 INFO:journalctl@ceph.mon.a.smithi037.stdout:Nov 04 05:17:09 smithi037 ceph-mon[99483]: from='mgr.14152 172.21.15.37:0/3261763267' entity='mgr.x' cmd=[{"prefix":"config rm","who":"mgr","name":"mgr/rbd_support/x/trash_purge_schedule"}]: dispatch
2023-11-04T05:17:09.480 INFO:journalctl@ceph.mon.a.smithi037.stdout:Nov 04 05:17:09 smithi037 ceph-mon[99483]: [04/Nov/2023:05:17:08] ENGINE Bus STARTING
2023-11-04T05:17:09.480 INFO:journalctl@ceph.mon.a.smithi037.stdout:Nov 04 05:17:09 smithi037 ceph-mon[99483]: [04/Nov/2023:05:17:08] ENGINE Serving on https://172.21.15.37:7150
2023-11-04T05:17:09.480 INFO:journalctl@ceph.mon.a.smithi037.stdout:Nov 04 05:17:09 smithi037 ceph-mon[99483]: [04/Nov/2023:05:17:08] ENGINE Serving on http://172.21.15.37:8765
2023-11-04T05:17:09.480 INFO:journalctl@ceph.mon.a.smithi037.stdout:Nov 04 05:17:09 smithi037 ceph-mon[99483]: [04/Nov/2023:05:17:08] ENGINE Bus STARTED
2023-11-04T05:17:09.481 INFO:journalctl@ceph.mon.a.smithi037.stdout:Nov 04 05:17:09 smithi037 ceph-mon[99483]: mgrmap e11: x(active, since 1.00592s)
2023-11-04T05:17:09.577 INFO:teuthology.orchestra.run.smithi037.stdout:/usr/bin/ceph: stdout {
2023-11-04T05:17:09.577 INFO:teuthology.orchestra.run.smithi037.stdout:/usr/bin/ceph: stdout "mgrmap_epoch": 11,
2023-11-04T05:17:09.578 INFO:teuthology.orchestra.run.smithi037.stdout:/usr/bin/ceph: stdout "initialized": true
2023-11-04T05:17:09.578 INFO:teuthology.orchestra.run.smithi037.stdout:/usr/bin/ceph: stdout }
2023-11-04T05:17:09.578 INFO:teuthology.orchestra.run.smithi037.stdout:/usr/bin/ceph: stderr
2023-11-04T05:17:02.530+0000 7f2c77020700 1 Processor -- start
2023-11-04T05:17:09.578 INFO:teuthology.orchestra.run.smithi037.stdout:/usr/bin/ceph: stderr
2023-11-04T05:17:02.530+0000 7f2c77020700 1 -- start start
2023-11-04T05:17:09.579 INFO:teuthology.orchestra.run.smithi037.stdout:/usr/bin/ceph: stderr
2023-11-04T05:17:02.531+0000 7f2c77020700 1 --2- >> [v2:172.21.15.37:3300/0,v1:172.21.15.37:6789/0] conn(0x7f2c7010ddc0 0x7f2c701101b0 unknown :-1 s=NONE pgs=0 cs=0 l=0 rev1=0 crypto rx=0 tx=0 comp rx=0 tx=0).connect
2023-11-04T05:17:09.579 INFO:teuthology.orchestra.run.smithi037.stdout:/usr/bin/ceph: stderr
2023-11-04T05:17:02.531+0000 7f2c77020700 1 -- --> [v2:172.21.15.37:3300/0,v1:172.21.15.37:6789/0] -- mon_getmap magic: 0 v1 -- 0x7f2c70073290 con 0x7f2c7010ddc0
2023-11-04T05:17:09.579 INFO:teuthology.orchestra.run.smithi037.stdout:/usr/bin/ceph: stderr
2023-11-04T05:17:02.531+0000 7f2c74dbc700 1 --2- >> [v2:172.21.15.37:3300/0,v1:172.21.15.37:6789/0] conn(0x7f2c7010ddc0 0x7f2c701101b0 unknown :-1 s=BANNER_CONNECTING pgs=0 cs=0 l=0 rev1=0 crypto rx=0 tx=0 comp rx=0 tx=0)._handle_peer_banner_payload supported=3 required=0
2023-11-04T05:17:09.579 INFO:teuthology.orchestra.run.smithi037.stdout:/usr/bin/ceph: stderr
2023-11-04T05:17:02.531+0000 7f2c74dbc700 1 --2- >> [v2:172.21.15.37:3300/0,v1:172.21.15.37:6789/0] conn(0x7f2c7010ddc0 0x7f2c701101b0 unknown :-1 s=HELLO_CONNECTING pgs=0 cs=0 l=0 rev1=1 crypto rx=0 tx=0 comp rx=0 tx=0).handle_hello peer v2:172.21.15.37:3300/0 says I am v2:172.21.15.37:47932/0 (socket says 172.21.15.37:47932)
2023-11-04T05:17:09.579 INFO:teuthology.orchestra.run.smithi037.stdout:/usr/bin/ceph: stderr
2023-11-04T05:17:02.531+0000 7f2c74dbc700 1 -- 172.21.15.37:0/2012838899 learned_addr learned my addr 172.21.15.37:0/2012838899 (peer_addr_for_me v2:172.21.15.37:0/0)
2023-11-04T05:17:09.580 INFO:teuthology.orchestra.run.smithi037.stdout:/usr/bin/ceph: stderr
2023-11-04T05:17:02.531+0000 7f2c74dbc700 1 -- 172.21.15.37:0/2012838899 --> [v2:172.21.15.37:3300/0,v1:172.21.15.37:6789/0] -- mon_subscribe({config=0+,monmap=0+}) v3 -- 0x7f2c701106f0 con 0x7f2c7010ddc0
2023-11-04T05:17:09.580 INFO:teuthology.orchestra.run.smithi037.stdout:/usr/bin/ceph: stderr
2023-11-04T05:17:02.532+0000 7f2c74dbc700 1 --2- 172.21.15.37:0/2012838899 >> [v2:172.21.15.37:3300/0,v1:172.21.15.37:6789/0] conn(0x7f2c7010ddc0 0x7f2c701101b0 secure :-1 s=READY pgs=61 cs=0 l=1 rev1=1 crypto rx=0x7f2c64008920 tx=0x7f2c6400d330 comp rx=0 tx=0).ready entity=mon.0 client_cookie=6d92e20f5624ff9f server_cookie=0 in_seq=0 out_seq=0
2023-11-04T05:17:09.580 INFO:teuthology.orchestra.run.smithi037.stdout:/usr/bin/ceph: stderr
2023-11-04T05:17:02.532+0000 7f2c6f7fe700 1 -- 172.21.15.37:0/2012838899 <== mon.0 v2:172.21.15.37:3300/0 1 ==== mon_map magic: 0 v1 ==== 205+0+0 (secure 0 0 0) 0x7f2c64010070 con 0x7f2c7010ddc0
2023-11-04T05:17:09.580 INFO:teuthology.orchestra.run.smithi037.stdout:/usr/bin/ceph: stderr
2023-11-04T05:17:02.532+0000 7f2c6f7fe700 1 -- 172.21.15.37:0/2012838899 <== mon.0 v2:172.21.15.37:3300/0 2 ==== config(26 keys) v1 ==== 1105+0+0 (secure 0 0 0) 0x7f2c64004030 con 0x7f2c7010ddc0
2023-11-04T05:17:09.580 INFO:teuthology.orchestra.run.smithi037.stdout:/usr/bin/ceph: stderr
2023-11-04T05:17:02.532+0000 7f2c6f7fe700 1 -- 172.21.15.37:0/2012838899 <== mon.0 v2:172.21.15.37:3300/0 3 ==== mon_map magic: 0 v1 ==== 205+0+0 (secure 0 0 0) 0x7f2c64003b40 con 0x7f2c7010ddc0
2023-11-04T05:17:09.580 INFO:teuthology.orchestra.run.smithi037.stdout:/usr/bin/ceph: stderr
2023-11-04T05:17:02.533+0000 7f2c77020700 1 -- 172.21.15.37:0/2012838899 >> [v2:172.21.15.37:3300/0,v1:172.21.15.37:6789/0] conn(0x7f2c7010ddc0 msgr2=0x7f2c701101b0 secure :-1 s=STATE_CONNECTION_ESTABLISHED l=1).mark_down
2023-11-04T05:17:09.581 INFO:teuthology.orchestra.run.smithi037.stdout:/usr/bin/ceph: stderr
2023-11-04T05:17:02.533+0000 7f2c77020700 1 --2- 172.21.15.37:0/2012838899 >> [v2:172.21.15.37:3300/0,v1:172.21.15.37:6789/0] conn(0x7f2c7010ddc0 0x7f2c701101b0 secure :-1 s=READY pgs=61 cs=0 l=1 rev1=1 crypto rx=0x7f2c64008920 tx=0x7f2c6400d330 comp rx=0 tx=0).stop
2023-11-04T05:17:09.581 INFO:teuthology.orchestra.run.smithi037.stdout:/usr/bin/ceph: stderr
2023-11-04T05:17:02.533+0000 7f2c77020700 1 -- 172.21.15.37:0/2012838899 shutdown_connections
2023-11-04T05:17:09.581 INFO:teuthology.orchestra.run.smithi037.stdout:/usr/bin/ceph: stderr
2023-11-04T05:17:02.533+0000 7f2c77020700 1 --2- 172.21.15.37:0/2012838899 >> [v2:172.21.15.37:3300/0,v1:172.21.15.37:6789/0] conn(0x7f2c7010ddc0 0x7f2c701101b0 unknown :-1 s=CLOSED pgs=61 cs=0 l=1 rev1=1 crypto rx=0 tx=0 comp rx=0 tx=0).stop
2023-11-04T05:17:09.581 INFO:teuthology.orchestra.run.smithi037.stdout:/usr/bin/ceph: stderr
2023-11-04T05:17:02.533+0000 7f2c77020700 1 -- 172.21.15.37:0/2012838899 >> 172.21.15.37:0/2012838899 conn(0x7f2c7006dc40 msgr2=0x7f2c70070080 unknown :-1 s=STATE_NONE l=0).mark_down
2023-11-04T05:17:09.581 INFO:teuthology.orchestra.run.smithi037.stdout:/usr/bin/ceph: stderr
2023-11-04T05:17:02.534+0000 7f2c77020700 1 -- 172.21.15.37:0/2012838899 shutdown_connections
2023-11-04T05:17:09.582 INFO:teuthology.orchestra.run.smithi037.stdout:/usr/bin/ceph: stderr
2023-11-04T05:17:02.534+0000 7f2c77020700 1 -- 172.21.15.37:0/2012838899 wait complete.
2023-11-04T05:17:09.582 INFO:teuthology.orchestra.run.smithi037.stdout:/usr/bin/ceph: stderr
2023-11-04T05:17:02.534+0000 7f2c77020700 1 Processor -- start
2023-11-04T05:17:09.582 INFO:teuthology.orchestra.run.smithi037.stdout:/usr/bin/ceph: stderr
2023-11-04T05:17:02.535+0000 7f2c77020700 1 -- start start
2023-11-04T05:17:09.582 INFO:teuthology.orchestra.run.smithi037.stdout:/usr/bin/ceph: stderr
2023-11-04T05:17:02.535+0000 7f2c77020700 1 --2- >> [v2:172.21.15.37:3300/0,v1:172.21.15.37:6789/0] conn(0x7f2c7010ddc0 0x7f2c701a2430 unknown :-1 s=NONE pgs=0 cs=0 l=1 rev1=0 crypto rx=0 tx=0 comp rx=0 tx=0).connect
2023-11-04T05:17:09.582 INFO:teuthology.orchestra.run.smithi037.stdout:/usr/bin/ceph: stderr
2023-11-04T05:17:02.535+0000 7f2c77020700 1 -- --> [v2:172.21.15.37:3300/0,v1:172.21.15.37:6789/0] -- mon_getmap magic: 0 v1 -- 0x7f2c701a2970 con 0x7f2c7010ddc0
2023-11-04T05:17:09.583 INFO:teuthology.orchestra.run.smithi037.stdout:/usr/bin/ceph: stderr
2023-11-04T05:17:02.535+0000 7f2c74dbc700 1 --2- >> [v2:172.21.15.37:3300/0,v1:172.21.15.37:6789/0] conn(0x7f2c7010ddc0 0x7f2c701a2430 unknown :-1 s=BANNER_CONNECTING pgs=0 cs=0 l=1 rev1=0 crypto rx=0 tx=0 comp rx=0 tx=0)._handle_peer_banner_payload supported=3 required=0
2023-11-04T05:17:09.583 INFO:teuthology.orchestra.run.smithi037.stdout:/usr/bin/ceph: stderr
2023-11-04T05:17:02.535+0000 7f2c74dbc700 1 --2- >> [v2:172.21.15.37:3300/0,v1:172.21.15.37:6789/0] conn(0x7f2c7010ddc0 0x7f2c701a2430 unknown :-1 s=HELLO_CONNECTING pgs=0 cs=0 l=1 rev1=1 crypto rx=0 tx=0 comp rx=0 tx=0).handle_hello peer v2:172.21.15.37:3300/0 says I am v2:172.21.15.37:47934/0 (socket says 172.21.15.37:47934)
2023-11-04T05:17:09.583 INFO:teuthology.orchestra.run.smithi037.stdout:/usr/bin/ceph: stderr
2023-11-04T05:17:02.535+0000 7f2c74dbc700 1 -- 172.21.15.37:0/2683361840 learned_addr learned my addr 172.21.15.37:0/2683361840 (peer_addr_for_me v2:172.21.15.37:0/0)
2023-11-04T05:17:09.583 INFO:teuthology.orchestra.run.smithi037.stdout:/usr/bin/ceph: stderr
2023-11-04T05:17:02.535+0000 7f2c74dbc700 1 -- 172.21.15.37:0/2683361840 --> [v2:172.21.15.37:3300/0,v1:172.21.15.37:6789/0] -- mon_subscribe({config=0+,monmap=0+}) v3 -- 0x7f2c640085d0 con 0x7f2c7010ddc0
2023-11-04T05:17:09.584 INFO:teuthology.orchestra.run.smithi037.stdout:/usr/bin/ceph: stderr
2023-11-04T05:17:02.536+0000 7f2c74dbc700 1 --2- 172.21.15.37:0/2683361840 >> [v2:172.21.15.37:3300/0,v1:172.21.15.37:6789/0] conn(0x7f2c7010ddc0 0x7f2c701a2430 secure :-1 s=READY pgs=62 cs=0 l=1 rev1=1 crypto rx=0x7f2c64006b20 tx=0x7f2c64009ca0 comp rx=0 tx=0).ready entity=mon.0 client_cookie=0 server_cookie=0 in_seq=0 out_seq=0
2023-11-04T05:17:09.584 INFO:teuthology.orchestra.run.smithi037.stdout:/usr/bin/ceph: stderr
2023-11-04T05:17:02.536+0000 7f2c6dffb700 1 -- 172.21.15.37:0/2683361840 <== mon.0 v2:172.21.15.37:3300/0 1 ==== mon_map magic: 0 v1 ==== 205+0+0 (secure 0 0 0) 0x7f2c64010040 con 0x7f2c7010ddc0
2023-11-04T05:17:09.584 INFO:teuthology.orchestra.run.smithi037.stdout:/usr/bin/ceph: stderr
2023-11-04T05:17:02.536+0000 7f2c6dffb700 1 -- 172.21.15.37:0/2683361840 <== mon.0 v2:172.21.15.37:3300/0 2 ==== config(26 keys) v1 ==== 1105+0+0 (secure 0 0 0) 0x7f2c64004510 con 0x7f2c7010ddc0
2023-11-04T05:17:09.584 INFO:teuthology.orchestra.run.smithi037.stdout:/usr/bin/ceph: stderr
2023-11-04T05:17:02.537+0000 7f2c6dffb700 1 -- 172.21.15.37:0/2683361840 <== mon.0 v2:172.21.15.37:3300/0 3 ==== mon_map magic: 0 v1 ==== 205+0+0 (secure 0 0 0) 0x7f2c64021480 con 0x7f2c7010ddc0
2023-11-04T05:17:09.584 INFO:teuthology.orchestra.run.smithi037.stdout:/usr/bin/ceph: stderr
2023-11-04T05:17:02.537+0000 7f2c77020700 1 -- 172.21.15.37:0/2683361840 --> [v2:172.21.15.37:3300/0,v1:172.21.15.37:6789/0] -- mon_subscribe({mgrmap=0+}) v3 -- 0x7f2c701a2b70 con 0x7f2c7010ddc0
2023-11-04T05:17:09.584 INFO:teuthology.orchestra.run.smithi037.stdout:/usr/bin/ceph: stderr
2023-11-04T05:17:02.537+0000 7f2c77020700 1 -- 172.21.15.37:0/2683361840 --> [v2:172.21.15.37:3300/0,v1:172.21.15.37:6789/0] -- mon_subscribe({osdmap=0}) v3 -- 0x7f2c701a2f90 con 0x7f2c7010ddc0
2023-11-04T05:17:09.585 INFO:teuthology.orchestra.run.smithi037.stdout:/usr/bin/ceph: stderr
2023-11-04T05:17:02.540+0000 7f2c6dffb700 1 -- 172.21.15.37:0/2683361840 <== mon.0 v2:172.21.15.37:3300/0 4 ==== mgrmap(e 9) v1 ==== 45593+0+0 (secure 0 0 0) 0x7f2c6400b040 con 0x7f2c7010ddc0
2023-11-04T05:17:09.585 INFO:teuthology.orchestra.run.smithi037.stdout:/usr/bin/ceph: stderr
2023-11-04T05:17:02.540+0000 7f2c6dffb700 1 --2- 172.21.15.37:0/2683361840 >> [v2:172.21.15.37:6800/3405602857,v1:172.21.15.37:6801/3405602857] conn(0x7f2c60038960 0x7f2c6003ae20 unknown :-1 s=NONE pgs=0 cs=0 l=1 rev1=0 crypto rx=0 tx=0 comp rx=0 tx=0).connect
2023-11-04T05:17:09.585 INFO:teuthology.orchestra.run.smithi037.stdout:/usr/bin/ceph: stderr
2023-11-04T05:17:02.540+0000 7f2c6dffb700 1 -- 172.21.15.37:0/2683361840 --> [v2:172.21.15.37:6800/3405602857,v1:172.21.15.37:6801/3405602857] -- command(tid 0: {"prefix": "get_command_descriptions"}) v1 -- 0x7f2c6003b530 con 0x7f2c60038960
2023-11-04T05:17:09.585 INFO:teuthology.orchestra.run.smithi037.stdout:/usr/bin/ceph: stderr
2023-11-04T05:17:02.540+0000 7f2c6dffb700 1 -- 172.21.15.37:0/2683361840 <== mon.0 v2:172.21.15.37:3300/0 5 ==== osd_map(2..2 src has 1..2) v4 ==== 940+0+0 (secure 0 0 0) 0x7f2c6404c100 con 0x7f2c7010ddc0
2023-11-04T05:17:09.585 INFO:teuthology.orchestra.run.smithi037.stdout:/usr/bin/ceph: stderr
2023-11-04T05:17:02.540+0000 7f2c6ffff700 1 -- 172.21.15.37:0/2683361840 >> [v2:172.21.15.37:6800/3405602857,v1:172.21.15.37:6801/3405602857] conn(0x7f2c60038960 msgr2=0x7f2c6003ae20 unknown :-1 s=STATE_CONNECTING_RE l=1).process reconnect failed to v2:172.21.15.37:6800/3405602857
2023-11-04T05:17:09.586 INFO:teuthology.orchestra.run.smithi037.stdout:/usr/bin/ceph: stderr
2023-11-04T05:17:02.540+0000 7f2c6ffff700 1 --2- 172.21.15.37:0/2683361840 >> [v2:172.21.15.37:6800/3405602857,v1:172.21.15.37:6801/3405602857] conn(0x7f2c60038960 0x7f2c6003ae20 unknown :-1 s=START_CONNECT pgs=0 cs=0 l=1 rev1=0 crypto rx=0 tx=0 comp rx=0 tx=0)._fault waiting 0.200000
2023-11-04T05:17:09.586 INFO:teuthology.orchestra.run.smithi037.stdout:/usr/bin/ceph: stderr
2023-11-04T05:17:02.741+0000 7f2c6ffff700 1 -- 172.21.15.37:0/2683361840 >> [v2:172.21.15.37:6800/3405602857,v1:172.21.15.37:6801/3405602857] conn(0x7f2c60038960 msgr2=0x7f2c6003ae20 unknown :-1 s=STATE_CONNECTING_RE l=1).process reconnect failed to v2:172.21.15.37:6800/3405602857
2023-11-04T05:17:09.586 INFO:teuthology.orchestra.run.smithi037.stdout:/usr/bin/ceph: stderr
2023-11-04T05:17:02.741+0000 7f2c6ffff700 1 --2- 172.21.15.37:0/2683361840 >> [v2:172.21.15.37:6800/3405602857,v1:172.21.15.37:6801/3405602857] conn(0x7f2c60038960 0x7f2c6003ae20 unknown :-1 s=START_CONNECT pgs=0 cs=0 l=1 rev1=0 crypto rx=0 tx=0 comp rx=0 tx=0)._fault waiting 0.400000
2023-11-04T05:17:09.586 INFO:teuthology.orchestra.run.smithi037.stdout:/usr/bin/ceph: stderr
2023-11-04T05:17:03.142+0000 7f2c6ffff700 1 -- 172.21.15.37:0/2683361840 >> [v2:172.21.15.37:6800/3405602857,v1:172.21.15.37:6801/3405602857] conn(0x7f2c60038960 msgr2=0x7f2c6003ae20 unknown :-1 s=STATE_CONNECTING_RE l=1).process reconnect failed to v2:172.21.15.37:6800/3405602857
2023-11-04T05:17:09.586 INFO:teuthology.orchestra.run.smithi037.stdout:/usr/bin/ceph: stderr
