2023-12-11T16:09:10.537 INFO:journalctl@ceph.mon.smithi006.smithi006.stdout:Dec 11 16:09:10 smithi006 ceph-mon[107127]: from='client.? 172.21.15.6:0/2058242333' entity='client.admin' cmd=[{"prefix": "status", "format": "json-pretty"}]: dispatch
2023-12-11T16:09:13.431 INFO:teuthology.orchestra.run.smithi006.stdout:/usr/bin/ceph: stdout
2023-12-11T16:09:13.431 INFO:teuthology.orchestra.run.smithi006.stdout:/usr/bin/ceph: stdout {
2023-12-11T16:09:13.431 INFO:teuthology.orchestra.run.smithi006.stdout:/usr/bin/ceph: stdout "fsid": "786b6c60-983f-11ee-95a3-87774f69a715",
2023-12-11T16:09:13.431 INFO:teuthology.orchestra.run.smithi006.stdout:/usr/bin/ceph: stdout "health": {
2023-12-11T16:09:13.431 INFO:teuthology.orchestra.run.smithi006.stdout:/usr/bin/ceph: stdout "status": "HEALTH_OK",
2023-12-11T16:09:13.431 INFO:teuthology.orchestra.run.smithi006.stdout:/usr/bin/ceph: stdout "checks": {},
2023-12-11T16:09:13.432 INFO:teuthology.orchestra.run.smithi006.stdout:/usr/bin/ceph: stdout "mutes": []
2023-12-11T16:09:13.432 INFO:teuthology.orchestra.run.smithi006.stdout:/usr/bin/ceph: stdout },
2023-12-11T16:09:13.432 INFO:teuthology.orchestra.run.smithi006.stdout:/usr/bin/ceph: stdout "election_epoch": 5,
2023-12-11T16:09:13.432 INFO:teuthology.orchestra.run.smithi006.stdout:/usr/bin/ceph: stdout "quorum": [
2023-12-11T16:09:13.432 INFO:teuthology.orchestra.run.smithi006.stdout:/usr/bin/ceph: stdout 0
2023-12-11T16:09:13.432 INFO:teuthology.orchestra.run.smithi006.stdout:/usr/bin/ceph: stdout ],
2023-12-11T16:09:13.432 INFO:teuthology.orchestra.run.smithi006.stdout:/usr/bin/ceph: stdout "quorum_names": [
2023-12-11T16:09:13.432 INFO:teuthology.orchestra.run.smithi006.stdout:/usr/bin/ceph: stdout "smithi006"
2023-12-11T16:09:13.432 INFO:teuthology.orchestra.run.smithi006.stdout:/usr/bin/ceph: stdout ],
2023-12-11T16:09:13.432 INFO:teuthology.orchestra.run.smithi006.stdout:/usr/bin/ceph: stdout "quorum_age": 17,
2023-12-11T16:09:13.433 INFO:teuthology.orchestra.run.smithi006.stdout:/usr/bin/ceph: stdout "monmap": {
2023-12-11T16:09:13.433 INFO:teuthology.orchestra.run.smithi006.stdout:/usr/bin/ceph: stdout "epoch": 1,
2023-12-11T16:09:13.433 INFO:teuthology.orchestra.run.smithi006.stdout:/usr/bin/ceph: stdout "min_mon_release_name": "quincy",
2023-12-11T16:09:13.433 INFO:teuthology.orchestra.run.smithi006.stdout:/usr/bin/ceph: stdout "num_mons": 1
2023-12-11T16:09:13.433 INFO:teuthology.orchestra.run.smithi006.stdout:/usr/bin/ceph: stdout },
2023-12-11T16:09:13.433 INFO:teuthology.orchestra.run.smithi006.stdout:/usr/bin/ceph: stdout "osdmap": {
2023-12-11T16:09:13.433 INFO:teuthology.orchestra.run.smithi006.stdout:/usr/bin/ceph: stdout "epoch": 1,
2023-12-11T16:09:13.434 INFO:teuthology.orchestra.run.smithi006.stdout:/usr/bin/ceph: stdout "num_osds": 0,
2023-12-11T16:09:13.434 INFO:teuthology.orchestra.run.smithi006.stdout:/usr/bin/ceph: stdout "num_up_osds": 0,
2023-12-11T16:09:13.434 INFO:teuthology.orchestra.run.smithi006.stdout:/usr/bin/ceph: stdout "osd_up_since": 0,
2023-12-11T16:09:13.434 INFO:teuthology.orchestra.run.smithi006.stdout:/usr/bin/ceph: stdout "num_in_osds": 0,
2023-12-11T16:09:13.434 INFO:teuthology.orchestra.run.smithi006.stdout:/usr/bin/ceph: stdout "osd_in_since": 0,
2023-12-11T16:09:13.434 INFO:teuthology.orchestra.run.smithi006.stdout:/usr/bin/ceph: stdout "num_remapped_pgs": 0
2023-12-11T16:09:13.434 INFO:teuthology.orchestra.run.smithi006.stdout:/usr/bin/ceph: stdout },
2023-12-11T16:09:13.434 INFO:teuthology.orchestra.run.smithi006.stdout:/usr/bin/ceph: stdout "pgmap": {
2023-12-11T16:09:13.435 INFO:teuthology.orchestra.run.smithi006.stdout:/usr/bin/ceph: stdout "pgs_by_state": [],
2023-12-11T16:09:13.435 INFO:teuthology.orchestra.run.smithi006.stdout:/usr/bin/ceph: stdout "num_pgs": 0,
2023-12-11T16:09:13.435 INFO:teuthology.orchestra.run.smithi006.stdout:/usr/bin/ceph: stdout "num_pools": 0,
2023-12-11T16:09:13.435 INFO:teuthology.orchestra.run.smithi006.stdout:/usr/bin/ceph: stdout "num_objects": 0,
2023-12-11T16:09:13.435 INFO:teuthology.orchestra.run.smithi006.stdout:/usr/bin/ceph: stdout "data_bytes": 0,
2023-12-11T16:09:13.435 INFO:teuthology.orchestra.run.smithi006.stdout:/usr/bin/ceph: stdout "bytes_used": 0,
2023-12-11T16:09:13.435 INFO:teuthology.orchestra.run.smithi006.stdout:/usr/bin/ceph: stdout "bytes_avail": 0,
2023-12-11T16:09:13.436 INFO:teuthology.orchestra.run.smithi006.stdout:/usr/bin/ceph: stdout "bytes_total": 0
2023-12-11T16:09:13.436 INFO:teuthology.orchestra.run.smithi006.stdout:/usr/bin/ceph: stdout },
2023-12-11T16:09:13.436 INFO:teuthology.orchestra.run.smithi006.stdout:/usr/bin/ceph: stdout "fsmap": {
2023-12-11T16:09:13.436 INFO:teuthology.orchestra.run.smithi006.stdout:/usr/bin/ceph: stdout "epoch": 1,
2023-12-11T16:09:13.436 INFO:teuthology.orchestra.run.smithi006.stdout:/usr/bin/ceph: stdout "by_rank": [],
2023-12-11T16:09:13.436 INFO:teuthology.orchestra.run.smithi006.stdout:/usr/bin/ceph: stdout "up:standby": 0
2023-12-11T16:09:13.436 INFO:teuthology.orchestra.run.smithi006.stdout:/usr/bin/ceph: stdout },
2023-12-11T16:09:13.436 INFO:teuthology.orchestra.run.smithi006.stdout:/usr/bin/ceph: stdout "mgrmap": {
2023-12-11T16:09:13.437 INFO:teuthology.orchestra.run.smithi006.stdout:/usr/bin/ceph: stdout "available": true,
2023-12-11T16:09:13.437 INFO:teuthology.orchestra.run.smithi006.stdout:/usr/bin/ceph: stdout "num_standbys": 0,
2023-12-11T16:09:13.437 INFO:teuthology.orchestra.run.smithi006.stdout:/usr/bin/ceph: stdout "modules": [
2023-12-11T16:09:13.437 INFO:teuthology.orchestra.run.smithi006.stdout:/usr/bin/ceph: stdout "iostat",
2023-12-11T16:09:13.437 INFO:teuthology.orchestra.run.smithi006.stdout:/usr/bin/ceph: stdout "nfs",
2023-12-11T16:09:13.437 INFO:teuthology.orchestra.run.smithi006.stdout:/usr/bin/ceph: stdout "restful"
2023-12-11T16:09:13.437 INFO:teuthology.orchestra.run.smithi006.stdout:/usr/bin/ceph: stdout ],
2023-12-11T16:09:13.437 INFO:teuthology.orchestra.run.smithi006.stdout:/usr/bin/ceph: stdout "services": {}
2023-12-11T16:09:13.438 INFO:teuthology.orchestra.run.smithi006.stdout:/usr/bin/ceph: stdout },
2023-12-11T16:09:13.438 INFO:teuthology.orchestra.run.smithi006.stdout:/usr/bin/ceph: stdout "servicemap": {
2023-12-11T16:09:13.438 INFO:teuthology.orchestra.run.smithi006.stdout:/usr/bin/ceph: stdout "epoch": 1,
2023-12-11T16:09:13.438 INFO:teuthology.orchestra.run.smithi006.stdout:/usr/bin/ceph: stdout "modified": "2023-12-11T16:08:48.139732+0000",
2023-12-11T16:09:13.438 INFO:teuthology.orchestra.run.smithi006.stdout:/usr/bin/ceph: stdout "services": {}
2023-12-11T16:09:13.438 INFO:teuthology.orchestra.run.smithi006.stdout:/usr/bin/ceph: stdout },
2023-12-11T16:09:13.438 INFO:teuthology.orchestra.run.smithi006.stdout:/usr/bin/ceph: stdout "progress_events": {}
2023-12-11T16:09:13.439 INFO:teuthology.orchestra.run.smithi006.stdout:/usr/bin/ceph: stdout }
2023-12-11T16:09:13.439 INFO:teuthology.orchestra.run.smithi006.stdout:/usr/bin/ceph: stderr
2023-12-11T16:09:09.837+0000 7fd61d0e7700 1 Processor -- start
2023-12-11T16:09:13.439 INFO:teuthology.orchestra.run.smithi006.stdout:/usr/bin/ceph: stderr
2023-12-11T16:09:09.837+0000 7fd61d0e7700 1 -- start start
2023-12-11T16:09:13.439 INFO:teuthology.orchestra.run.smithi006.stdout:/usr/bin/ceph: stderr
2023-12-11T16:09:09.837+0000 7fd61d0e7700 1 --2- >> [v2:172.21.15.6:3300/0,v1:172.21.15.6:6789/0] conn(0x7fd618077bf0 0x7fd618076100 unknown :-1 s=NONE pgs=0 cs=0 l=0 rev1=0 crypto rx=0 tx=0 comp rx=0 tx=0).connect
2023-12-11T16:09:13.439 INFO:teuthology.orchestra.run.smithi006.stdout:/usr/bin/ceph: stderr
2023-12-11T16:09:09.837+0000 7fd61d0e7700 1 -- --> [v2:172.21.15.6:3300/0,v1:172.21.15.6:6789/0] -- mon_getmap magic: 0 v1 -- 0x7fd618078000 con 0x7fd618077bf0
2023-12-11T16:09:13.439 INFO:teuthology.orchestra.run.smithi006.stdout:/usr/bin/ceph: stderr
2023-12-11T16:09:09.837+0000 7fd616d9d700 1 --2- >> [v2:172.21.15.6:3300/0,v1:172.21.15.6:6789/0] conn(0x7fd618077bf0 0x7fd618076100 unknown :-1 s=BANNER_CONNECTING pgs=0 cs=0 l=0 rev1=0 crypto rx=0 tx=0 comp rx=0 tx=0)._handle_peer_banner_payload supported=3 required=0
2023-12-11T16:09:13.439 INFO:teuthology.orchestra.run.smithi006.stdout:/usr/bin/ceph: stderr
2023-12-11T16:09:09.837+0000 7fd616d9d700 1 --2- >> [v2:172.21.15.6:3300/0,v1:172.21.15.6:6789/0] conn(0x7fd618077bf0 0x7fd618076100 unknown :-1 s=HELLO_CONNECTING pgs=0 cs=0 l=0 rev1=1 crypto rx=0 tx=0 comp rx=0 tx=0).handle_hello peer v2:172.21.15.6:3300/0 says I am v2:172.21.15.6:48270/0 (socket says 172.21.15.6:48270)
2023-12-11T16:09:13.439 INFO:teuthology.orchestra.run.smithi006.stdout:/usr/bin/ceph: stderr
2023-12-11T16:09:09.837+0000 7fd616d9d700 1 -- 172.21.15.6:0/2398406830 learned_addr learned my addr 172.21.15.6:0/2398406830 (peer_addr_for_me v2:172.21.15.6:0/0)
2023-12-11T16:09:13.440 INFO:teuthology.orchestra.run.smithi006.stdout:/usr/bin/ceph: stderr
2023-12-11T16:09:09.838+0000 7fd616d9d700 1 -- 172.21.15.6:0/2398406830 --> [v2:172.21.15.6:3300/0,v1:172.21.15.6:6789/0] -- mon_subscribe({config=0+,monmap=0+}) v3 -- 0x7fd618076640 con 0x7fd618077bf0
2023-12-11T16:09:13.440 INFO:teuthology.orchestra.run.smithi006.stdout:/usr/bin/ceph: stderr
2023-12-11T16:09:09.838+0000 7fd616d9d700 1 --2- 172.21.15.6:0/2398406830 >> [v2:172.21.15.6:3300/0,v1:172.21.15.6:6789/0] conn(0x7fd618077bf0 0x7fd618076100 secure :-1 s=READY pgs=18 cs=0 l=1 rev1=1 crypto rx=0x7fd6080098e0 tx=0x7fd608009250 comp rx=0 tx=0).ready entity=mon.0 client_cookie=db975b4ded7f50d server_cookie=0 in_seq=0 out_seq=0
2023-12-11T16:09:13.440 INFO:teuthology.orchestra.run.smithi006.stdout:/usr/bin/ceph: stderr
2023-12-11T16:09:09.838+0000 7fd615d9b700 1 -- 172.21.15.6:0/2398406830 <== mon.0 v2:172.21.15.6:3300/0 1 ==== mon_map magic: 0 v1 ==== 229+0+0 (secure 0 0 0) 0x7fd60800b860 con 0x7fd618077bf0
2023-12-11T16:09:13.440 INFO:teuthology.orchestra.run.smithi006.stdout:/usr/bin/ceph: stderr
2023-12-11T16:09:09.838+0000 7fd615d9b700 1 -- 172.21.15.6:0/2398406830 <== mon.0 v2:172.21.15.6:3300/0 2 ==== config(26 keys) v1 ==== 1009+0+0 (secure 0 0 0) 0x7fd60800be30 con 0x7fd618077bf0
2023-12-11T16:09:13.440 INFO:teuthology.orchestra.run.smithi006.stdout:/usr/bin/ceph: stderr
2023-12-11T16:09:09.838+0000 7fd615d9b700 1 -- 172.21.15.6:0/2398406830 <== mon.0 v2:172.21.15.6:3300/0 3 ==== mon_map magic: 0 v1 ==== 229+0+0 (secure 0 0 0) 0x7fd608010380 con 0x7fd618077bf0
2023-12-11T16:09:13.440 INFO:teuthology.orchestra.run.smithi006.stdout:/usr/bin/ceph: stderr
2023-12-11T16:09:09.839+0000 7fd61d0e7700 1 -- 172.21.15.6:0/2398406830 >> [v2:172.21.15.6:3300/0,v1:172.21.15.6:6789/0] conn(0x7fd618077bf0 msgr2=0x7fd618076100 secure :-1 s=STATE_CONNECTION_ESTABLISHED l=1).mark_down
2023-12-11T16:09:13.440 INFO:teuthology.orchestra.run.smithi006.stdout:/usr/bin/ceph: stderr
2023-12-11T16:09:09.839+0000 7fd61d0e7700 1 --2- 172.21.15.6:0/2398406830 >> [v2:172.21.15.6:3300/0,v1:172.21.15.6:6789/0] conn(0x7fd618077bf0 0x7fd618076100 secure :-1 s=READY pgs=18 cs=0 l=1 rev1=1 crypto rx=0x7fd6080098e0 tx=0x7fd608009250 comp rx=0 tx=0).stop
2023-12-11T16:09:13.440 INFO:teuthology.orchestra.run.smithi006.stdout:/usr/bin/ceph: stderr
2023-12-11T16:09:09.839+0000 7fd61d0e7700 1 -- 172.21.15.6:0/2398406830 shutdown_connections
2023-12-11T16:09:13.441 INFO:teuthology.orchestra.run.smithi006.stdout:/usr/bin/ceph: stderr
2023-12-11T16:09:09.839+0000 7fd61d0e7700 1 --2- 172.21.15.6:0/2398406830 >> [v2:172.21.15.6:3300/0,v1:172.21.15.6:6789/0] conn(0x7fd618077bf0 0x7fd618076100 unknown :-1 s=CLOSED pgs=18 cs=0 l=1 rev1=1 crypto rx=0 tx=0 comp rx=0 tx=0).stop
2023-12-11T16:09:13.441 INFO:teuthology.orchestra.run.smithi006.stdout:/usr/bin/ceph: stderr
2023-12-11T16:09:09.839+0000 7fd61d0e7700 1 -- 172.21.15.6:0/2398406830 >> 172.21.15.6:0/2398406830 conn(0x7fd6180fda50 msgr2=0x7fd6180ffe60 unknown :-1 s=STATE_NONE l=0).mark_down
2023-12-11T16:09:13.441 INFO:teuthology.orchestra.run.smithi006.stdout:/usr/bin/ceph: stderr
2023-12-11T16:09:09.839+0000 7fd61d0e7700 1 -- 172.21.15.6:0/2398406830 shutdown_connections
2023-12-11T16:09:13.441 INFO:teuthology.orchestra.run.smithi006.stdout:/usr/bin/ceph: stderr
2023-12-11T16:09:09.839+0000 7fd61d0e7700 1 -- 172.21.15.6:0/2398406830 wait complete.
2023-12-11T16:09:13.441 INFO:teuthology.orchestra.run.smithi006.stdout:/usr/bin/ceph: stderr
2023-12-11T16:09:09.840+0000 7fd61d0e7700 1 Processor -- start
2023-12-11T16:09:13.441 INFO:teuthology.orchestra.run.smithi006.stdout:/usr/bin/ceph: stderr
2023-12-11T16:09:09.841+0000 7fd61d0e7700 1 -- start start
2023-12-11T16:09:13.441 INFO:teuthology.orchestra.run.smithi006.stdout:/usr/bin/ceph: stderr
2023-12-11T16:09:09.841+0000 7fd61d0e7700 1 --2- >> [v2:172.21.15.6:3300/0,v1:172.21.15.6:6789/0] conn(0x7fd618077bf0 0x7fd618113380 unknown :-1 s=NONE pgs=0 cs=0 l=1 rev1=0 crypto rx=0 tx=0 comp rx=0 tx=0).connect
2023-12-11T16:09:13.442 INFO:teuthology.orchestra.run.smithi006.stdout:/usr/bin/ceph: stderr
2023-12-11T16:09:09.841+0000 7fd61d0e7700 1 -- --> [v2:172.21.15.6:3300/0,v1:172.21.15.6:6789/0] -- mon_getmap magic: 0 v1 -- 0x7fd6181138c0 con 0x7fd618077bf0
2023-12-11T16:09:13.442 INFO:teuthology.orchestra.run.smithi006.stdout:/usr/bin/ceph: stderr
2023-12-11T16:09:09.841+0000 7fd616d9d700 1 --2- >> [v2:172.21.15.6:3300/0,v1:172.21.15.6:6789/0] conn(0x7fd618077bf0 0x7fd618113380 unknown :-1 s=BANNER_CONNECTING pgs=0 cs=0 l=1 rev1=0 crypto rx=0 tx=0 comp rx=0 tx=0)._handle_peer_banner_payload supported=3 required=0
2023-12-11T16:09:13.442 INFO:teuthology.orchestra.run.smithi006.stdout:/usr/bin/ceph: stderr
2023-12-11T16:09:09.841+0000 7fd616d9d700 1 --2- >> [v2:172.21.15.6:3300/0,v1:172.21.15.6:6789/0] conn(0x7fd618077bf0 0x7fd618113380 unknown :-1 s=HELLO_CONNECTING pgs=0 cs=0 l=1 rev1=1 crypto rx=0 tx=0 comp rx=0 tx=0).handle_hello peer v2:172.21.15.6:3300/0 says I am v2:172.21.15.6:48286/0 (socket says 172.21.15.6:48286)
2023-12-11T16:09:13.442 INFO:teuthology.orchestra.run.smithi006.stdout:/usr/bin/ceph: stderr
2023-12-11T16:09:09.841+0000 7fd616d9d700 1 -- 172.21.15.6:0/2058242333 learned_addr learned my addr 172.21.15.6:0/2058242333 (peer_addr_for_me v2:172.21.15.6:0/0)
2023-12-11T16:09:13.442 INFO:teuthology.orchestra.run.smithi006.stdout:/usr/bin/ceph: stderr
2023-12-11T16:09:09.842+0000 7fd616d9d700 1 -- 172.21.15.6:0/2058242333 --> [v2:172.21.15.6:3300/0,v1:172.21.15.6:6789/0] -- mon_subscribe({config=0+,monmap=0+}) v3 -- 0x7fd6080094f0 con 0x7fd618077bf0
2023-12-11T16:09:13.442 INFO:teuthology.orchestra.run.smithi006.stdout:/usr/bin/ceph: stderr
2023-12-11T16:09:09.842+0000 7fd616d9d700 1 --2- 172.21.15.6:0/2058242333 >> [v2:172.21.15.6:3300/0,v1:172.21.15.6:6789/0] conn(0x7fd618077bf0 0x7fd618113380 secure :-1 s=READY pgs=19 cs=0 l=1 rev1=1 crypto rx=0x7fd608006b00 tx=0x7fd608009250 comp rx=0 tx=0).ready entity=mon.0 client_cookie=0 server_cookie=0 in_seq=0 out_seq=0
2023-12-11T16:09:13.442 INFO:teuthology.orchestra.run.smithi006.stdout:/usr/bin/ceph: stderr
2023-12-11T16:09:09.842+0000 7fd5ff7fe700 1 -- 172.21.15.6:0/2058242333 <== mon.0 v2:172.21.15.6:3300/0 1 ==== mon_map magic: 0 v1 ==== 229+0+0 (secure 0 0 0) 0x7fd608010a80 con 0x7fd618077bf0
2023-12-11T16:09:13.443 INFO:teuthology.orchestra.run.smithi006.stdout:/usr/bin/ceph: stderr
2023-12-11T16:09:09.842+0000 7fd5ff7fe700 1 -- 172.21.15.6:0/2058242333 <== mon.0 v2:172.21.15.6:3300/0 2 ==== config(26 keys) v1 ==== 1009+0+0 (secure 0 0 0) 0x7fd60801a430 con 0x7fd618077bf0
2023-12-11T16:09:13.443 INFO:teuthology.orchestra.run.smithi006.stdout:/usr/bin/ceph: stderr
2023-12-11T16:09:09.842+0000 7fd61d0e7700 1 -- 172.21.15.6:0/2058242333 --> [v2:172.21.15.6:3300/0,v1:172.21.15.6:6789/0] -- mon_subscribe({mgrmap=0+}) v3 -- 0x7fd618113ac0 con 0x7fd618077bf0
2023-12-11T16:09:13.443 INFO:teuthology.orchestra.run.smithi006.stdout:/usr/bin/ceph: stderr
2023-12-11T16:09:09.842+0000 7fd5ff7fe700 1 -- 172.21.15.6:0/2058242333 <== mon.0 v2:172.21.15.6:3300/0 3 ==== mon_map magic: 0 v1 ==== 229+0+0 (secure 0 0 0) 0x7fd6080245b0 con 0x7fd618077bf0
2023-12-11T16:09:13.443 INFO:teuthology.orchestra.run.smithi006.stdout:/usr/bin/ceph: stderr
2023-12-11T16:09:09.842+0000 7fd61d0e7700 1 -- 172.21.15.6:0/2058242333 --> [v2:172.21.15.6:3300/0,v1:172.21.15.6:6789/0] -- mon_subscribe({osdmap=0}) v3 -- 0x7fd618113ed0 con 0x7fd618077bf0
2023-12-11T16:09:13.443 INFO:teuthology.orchestra.run.smithi006.stdout:/usr/bin/ceph: stderr
2023-12-11T16:09:09.843+0000 7fd5ff7fe700 1 -- 172.21.15.6:0/2058242333 <== mon.0 v2:172.21.15.6:3300/0 4 ==== mgrmap(e 4) v1 ==== 43270+0+0 (secure 0 0 0) 0x7fd6080247e0 con 0x7fd618077bf0
2023-12-11T16:09:13.443 INFO:teuthology.orchestra.run.smithi006.stdout:/usr/bin/ceph: stderr
2023-12-11T16:09:09.843+0000 7fd61d0e7700 1 -- 172.21.15.6:0/2058242333 --> [v2:172.21.15.6:3300/0,v1:172.21.15.6:6789/0] -- mon_command({"prefix": "get_command_descriptions"} v 0) v1 -- 0x7fd61804bb80 con 0x7fd618077bf0
2023-12-11T16:09:13.443 INFO:teuthology.orchestra.run.smithi006.stdout:/usr/bin/ceph: stderr
2023-12-11T16:09:09.844+0000 7fd5ff7fe700 1 --2- 172.21.15.6:0/2058242333 >> [v2:172.21.15.6:6800/3288724442,v1:172.21.15.6:6801/3288724442] conn(0x7fd600036640 0x7fd600038af0 unknown :-1 s=NONE pgs=0 cs=0 l=1 rev1=0 crypto rx=0 tx=0 comp rx=0 tx=0).connect
2023-12-11T16:09:13.443 INFO:teuthology.orchestra.run.smithi006.stdout:/usr/bin/ceph: stderr
2023-12-11T16:09:09.844+0000 7fd5ff7fe700 1 -- 172.21.15.6:0/2058242333 <== mon.0 v2:172.21.15.6:3300/0 5 ==== osd_map(1..1 src has 1..1) v4 ==== 721+0+0 (secure 0 0 0) 0x7fd60804ac00 con 0x7fd618077bf0
2023-12-11T16:09:13.444 INFO:teuthology.orchestra.run.smithi006.stdout:/usr/bin/ceph: stderr
2023-12-11T16:09:09.844+0000 7fd61659c700 1 --2- 172.21.15.6:0/2058242333 >> [v2:172.21.15.6:6800/3288724442,v1:172.21.15.6:6801/3288724442] conn(0x7fd600036640 0x7fd600038af0 unknown :-1 s=BANNER_CONNECTING pgs=0 cs=0 l=1 rev1=0 crypto rx=0 tx=0 comp rx=0 tx=0)._handle_peer_banner_payload supported=3 required=0
2023-12-11T16:09:13.444 INFO:teuthology.orchestra.run.smithi006.stdout:/usr/bin/ceph: stderr
2023-12-11T16:09:09.844+0000 7fd61659c700 1 --2- 172.21.15.6:0/2058242333 >> [v2:172.21.15.6:6800/3288724442,v1:172.21.15.6:6801/3288724442] conn(0x7fd600036640 0x7fd600038af0 secure :-1 s=READY pgs=6 cs=0 l=1 rev1=1 crypto rx=0x7fd60c009990 tx=0x7fd60c006e40 comp rx=0 tx=0).ready entity=mgr.14100 client_cookie=0 server_cookie=0 in_seq=0 out_seq=0
2023-12-11T16:09:13.444 INFO:teuthology.orchestra.run.smithi006.stdout:/usr/bin/ceph: stderr
2023-12-11T16:09:09.849+0000 7fd5ff7fe700 1 -- 172.21.15.6:0/2058242333 <== mon.0 v2:172.21.15.6:3300/0 6 ==== mon_command_ack([{"prefix": "get_command_descriptions"}]=0 v0) v1 ==== 72+0+174570 (secure 0 0 0) 0x7fd608018350 con 0x7fd618077bf0
2023-12-11T16:09:13.444 INFO:teuthology.orchestra.run.smithi006.stdout:/usr/bin/ceph: stderr
2023-12-11T16:09:10.131+0000 7fd61d0e7700 1 -- 172.21.15.6:0/2058242333 --> [v2:172.21.15.6:3300/0,v1:172.21.15.6:6789/0] -- mon_command({"prefix": "status", "format": "json-pretty"} v 0) v1 -- 0x7fd61810d140 con 0x7fd618077bf0
2023-12-11T16:09:13.444 INFO:teuthology.orchestra.run.smithi006.stdout:/usr/bin/ceph: stderr
2023-12-11T16:09:10.131+0000 7fd5ff7fe700 1 -- 172.21.15.6:0/2058242333 <== mon.0 v2:172.21.15.6:3300/0 7 ==== mon_command_ack([{"prefix": "status", "format": "json-pretty"}]=0 v0) v1 ==== 79+0+1248 (secure 0 0 0) 0x7fd60802cb30 con 0x7fd618077bf0
2023-12-11T16:09:13.444 INFO:teuthology.orchestra.run.smithi006.stdout:/usr/bin/ceph: stderr
2023-12-11T16:09:10.133+0000 7fd61d0e7700 1 -- 172.21.15.6:0/2058242333 >> [v2:172.21.15.6:6800/3288724442,v1:172.21.15.6:6801/3288724442] conn(0x7fd600036640 msgr2=0x7fd600038af0 secure :-1 s=STATE_CONNECTION_ESTABLISHED l=1).mark_down
2023-12-11T16:09:13.444 INFO:teuthology.orchestra.run.smithi006.stdout:/usr/bin/ceph: stderr
2023-12-11T16:09:10.133+0000 7fd61d0e7700 1 --2- 172.21.15.6:0/2058242333 >> [v2:172.21.15.6:6800/3288724442,v1:172.21.15.6:6801/3288724442] conn(0x7fd600036640 0x7fd600038af0 secure :-1 s=READY pgs=6 cs=0 l=1 rev1=1 crypto rx=0x7fd60c009990 tx=0x7fd60c006e40 comp rx=0 tx=0).stop
2023-12-11T16:09:13.445 INFO:teuthology.orchestra.run.smithi006.stdout:/usr/bin/ceph: stderr
2023-12-11T16:09:10.133+0000 7fd61d0e7700 1 -- 172.21.15.6:0/2058242333 >> [v2:172.21.15.6:3300/0,v1:172.21.15.6:6789/0] conn(0x7fd618077bf0 msgr2=0x7fd618113380 secure :-1 s=STATE_CONNECTION_ESTABLISHED l=1).mark_down
2023-12-11T16:09:13.445 INFO:teuthology.orchestra.run.smithi006.stdout:/usr/bin/ceph: stderr
2023-12-11T16:09:10.133+0000 7fd61d0e7700 1 --2- 172.21.15.6:0/2058242333 >> [v2:172.21.15.6:3300/0,v1:172.21.15.6:6789/0] conn(0x7fd618077bf0 0x7fd618113380 secure :-1 s=READY pgs=19 cs=0 l=1 rev1=1 crypto rx=0x7fd608006b00 tx=0x7fd608009250 comp rx=0 tx=0).stop
2023-12-11T16:09:13.445 INFO:teuthology.orchestra.run.smithi006.stdout:/usr/bin/ceph: stderr
2023-12-11T16:09:10.133+0000 7fd61d0e7700 1 -- 172.21.15.6:0/2058242333 shutdown_connections
2023-12-11T16:09:13.445 INFO:teuthology.orchestra.run.smithi006.stdout:/usr/bin/ceph: stderr
2023-12-11T16:09:10.133+0000 7fd61d0e7700 1 --2- 172.21.15.6:0/2058242333 >> [v2:172.21.15.6:6800/3288724442,v1:172.21.15.6:6801/3288724442] conn(0x7fd600036640 0x7fd600038af0 unknown :-1 s=CLOSED pgs=6 cs=0 l=1 rev1=1 crypto rx=0 tx=0 comp rx=0 tx=0).stop
2023-12-11T16:09:13.445 INFO:teuthology.orchestra.run.smithi006.stdout:/usr/bin/ceph: stderr
2023-12-11T16:09:10.133+0000 7fd61d0e7700 1 --2- 172.21.15.6:0/2058242333 >> [v2:172.21.15.6:3300/0,v1:172.21.15.6:6789/0] conn(0x7fd618077bf0 0x7fd618113380 unknown :-1 s=CLOSED pgs=19 cs=0 l=1 rev1=1 crypto rx=0 tx=0 comp rx=0 tx=0).stop
2023-12-11T16:09:13.445 INFO:teuthology.orchestra.run.smithi006.stdout:/usr/bin/ceph: stderr
2023-12-11T16:09:10.133+0000 7fd61d0e7700 1 -- 172.21.15.6:0/2058242333 >> 172.21.15.6:0/2058242333 conn(0x7fd6180fda50 msgr2=0x7fd6180ff260 unknown :-1 s=STATE_NONE l=0).mark_down
2023-12-11T16:09:13.445 INFO:teuthology.orchestra.run.smithi006.stdout:/usr/bin/ceph: stderr
2023-12-11T16:09:10.134+0000 7fd61d0e7700 1 -- 172.21.15.6:0/2058242333 shutdown_connections
2023-12-11T16:09:13.445 INFO:teuthology.orchestra.run.smithi006.stdout:/usr/bin/ceph: stderr
2023-12-11T16:09:10.134+0000 7fd61d0e7700 1 -- 172.21.15.6:0/2058242333 wait complete.
2023-12-11T16:09:13.446 INFO:teuthology.orchestra.run.smithi006.stdout:mgr is available
2023-12-11T16:09:14.351 INFO:teuthology.orchestra.run.smithi006.stdout:/usr/bin/ceph: stdout
2023-12-11T16:09:14.351 INFO:teuthology.orchestra.run.smithi006.stdout:/usr/bin/ceph: stdout [global]
2023-12-11T16:09:14.351 INFO:teuthology.orchestra.run.smithi006.stdout:/usr/bin/ceph: stdout fsid = 786b6c60-983f-11ee-95a3-87774f69a715
2023-12-11T16:09:14.351 INFO:teuthology.orchestra.run.smithi006.stdout:/usr/bin/ceph: stdout mon_osd_allow_pg_remap = true
2023-12-11T16:09:14.352 INFO:teuthology.orchestra.run.smithi006.stdout:/usr/bin/ceph: stdout mon_osd_allow_primary_affinity = true
2023-12-11T16:09:14.352 INFO:teuthology.orchestra.run.smithi006.stdout:/usr/bin/ceph: stdout mon_warn_on_no_sortbitwise = false
2023-12-11T16:09:14.352 INFO:teuthology.orchestra.run.smithi006.stdout:/usr/bin/ceph: stdout osd_crush_chooseleaf_type = 0
2023-12-11T16:09:14.352 INFO:teuthology.orchestra.run.smithi006.stdout:/usr/bin/ceph: stdout
2023-12-11T16:09:14.352 INFO:teuthology.orchestra.run.smithi006.stdout:/usr/bin/ceph: stdout [mgr]
2023-12-11T16:09:14.352 INFO:teuthology.orchestra.run.smithi006.stdout:/usr/bin/ceph: stdout mgr/telemetry/nag = false
2023-12-11T16:09:14.352 INFO:teuthology.orchestra.run.smithi006.stdout:/usr/bin/ceph: stdout
2023-12-11T16:09:14.352 INFO:teuthology.orchestra.run.smithi006.stdout:/usr/bin/ceph: stdout [osd]
2023-12-11T16:09:14.352 INFO:teuthology.orchestra.run.smithi006.stdout:/usr/bin/ceph: stdout mon_osd_backfillfull_ratio = 0.85
2023-12-11T16:09:14.352 INFO:teuthology.orchestra.run.smithi006.stdout:/usr/bin/ceph: stdout mon_osd_full_ratio = 0.9
2023-12-11T16:09:14.352 INFO:teuthology.orchestra.run.smithi006.stdout:/usr/bin/ceph: stdout mon_osd_nearfull_ratio = 0.8
2023-12-11T16:09:14.352 INFO:journalctl@ceph.mon.smithi006.smithi006.stdout:Dec 11 16:09:14 smithi006 ceph-mon[107127]: from='client.? 172.21.15.6:0/2720707912' entity='client.admin' cmd=[{"prefix": "config assimilate-conf"}]: dispatch
2023-12-11T16:09:14.358 INFO:teuthology.orchestra.run.smithi006.stdout:/usr/bin/ceph: stdout osd_map_max_advance = 10
2023-12-11T16:09:14.358 INFO:teuthology.orchestra.run.smithi006.stdout:/usr/bin/ceph: stdout osd_sloppy_crc = true
2023-12-11T16:09:14.358 INFO:teuthology.orchestra.run.smithi006.stdout:/usr/bin/ceph: stderr
2023-12-11T16:09:13.807+0000 7efd14387700 1 Processor -- start
2023-12-11T16:09:14.358 INFO:teuthology.orchestra.run.smithi006.stdout:/usr/bin/ceph: stderr
2023-12-11T16:09:13.807+0000 7efd14387700 1 -- start start
2023-12-11T16:09:14.358 INFO:teuthology.orchestra.run.smithi006.stdout:/usr/bin/ceph: stderr
2023-12-11T16:09:13.807+0000 7efd14387700 1 --2- >> [v2:172.21.15.6:3300/0,v1:172.21.15.6:6789/0] conn(0x7efd0c1022d0 0x7efd0c1026e0 unknown :-1 s=NONE pgs=0 cs=0 l=0 rev1=0 crypto rx=0 tx=0 comp rx=0 tx=0).connect
2023-12-11T16:09:14.358 INFO:teuthology.orchestra.run.smithi006.stdout:/usr/bin/ceph: stderr
2023-12-11T16:09:13.807+0000 7efd14387700 1 -- --> [v2:172.21.15.6:3300/0,v1:172.21.15.6:6789/0] -- mon_getmap magic: 0 v1 -- 0x7efd0c102c20 con 0x7efd0c1022d0
2023-12-11T16:09:14.358 INFO:teuthology.orchestra.run.smithi006.stdout:/usr/bin/ceph: stderr
2023-12-11T16:09:13.808+0000 7efd12123700 1 --2- >> [v2:172.21.15.6:3300/0,v1:172.21.15.6:6789/0] conn(0x7efd0c1022d0 0x7efd0c1026e0 unknown :-1 s=BANNER_CONNECTING pgs=0 cs=0 l=0 rev1=0 crypto rx=0 tx=0 comp rx=0 tx=0)._handle_peer_banner_payload supported=3 required=0
2023-12-11T16:09:14.359 INFO:teuthology.orchestra.run.smithi006.stdout:/usr/bin/ceph: stderr
2023-12-11T16:09:13.808+0000 7efd12123700 1 --2- >> [v2:172.21.15.6:3300/0,v1:172.21.15.6:6789/0] conn(0x7efd0c1022d0 0x7efd0c1026e0 unknown :-1 s=HELLO_CONNECTING pgs=0 cs=0 l=0 rev1=1 crypto rx=0 tx=0 comp rx=0 tx=0).handle_hello peer v2:172.21.15.6:3300/0 says I am v2:172.21.15.6:48296/0 (socket says 172.21.15.6:48296)
2023-12-11T16:09:14.359 INFO:teuthology.orchestra.run.smithi006.stdout:/usr/bin/ceph: stderr
2023-12-11T16:09:13.808+0000 7efd12123700 1 -- 172.21.15.6:0/3355990245 learned_addr learned my addr 172.21.15.6:0/3355990245 (peer_addr_for_me v2:172.21.15.6:0/0)
2023-12-11T16:09:14.359 INFO:teuthology.orchestra.run.smithi006.stdout:/usr/bin/ceph: stderr
2023-12-11T16:09:13.808+0000 7efd12123700 1 -- 172.21.15.6:0/3355990245 --> [v2:172.21.15.6:3300/0,v1:172.21.15.6:6789/0] -- mon_subscribe({config=0+,monmap=0+}) v3 -- 0x7efd0c102d60 con 0x7efd0c1022d0
2023-12-11T16:09:14.359 INFO:teuthology.orchestra.run.smithi006.stdout:/usr/bin/ceph: stderr
2023-12-11T16:09:13.808+0000 7efd12123700 1 --2- 172.21.15.6:0/3355990245 >> [v2:172.21.15.6:3300/0,v1:172.21.15.6:6789/0] conn(0x7efd0c1022d0 0x7efd0c1026e0 secure :-1 s=READY pgs=20 cs=0 l=1 rev1=1 crypto rx=0x7efd080098e0 tx=0x7efd08009250 comp rx=0 tx=0).ready entity=mon.0 client_cookie=a96d0658c3c5da0f server_cookie=0 in_seq=0 out_seq=0
2023-12-11T16:09:14.359 INFO:teuthology.orchestra.run.smithi006.stdout:/usr/bin/ceph: stderr
2023-12-11T16:09:13.808+0000 7efd11121700 1 -- 172.21.15.6:0/3355990245 <== mon.0 v2:172.21.15.6:3300/0 1 ==== mon_map magic: 0 v1 ==== 229+0+0 (secure 0 0 0) 0x7efd0800b860 con 0x7efd0c1022d0
2023-12-11T16:09:14.359 INFO:teuthology.orchestra.run.smithi006.stdout:/usr/bin/ceph: stderr
2023-12-11T16:09:13.809+0000 7efd11121700 1 -- 172.21.15.6:0/3355990245 <== mon.0 v2:172.21.15.6:3300/0 2 ==== config(26 keys) v1 ==== 1009+0+0 (secure 0 0 0) 0x7efd0800be30 con 0x7efd0c1022d0
2023-12-11T16:09:14.359 INFO:teuthology.orchestra.run.smithi006.stdout:/usr/bin/ceph: stderr
2023-12-11T16:09:13.809+0000 7efd11121700 1 -- 172.21.15.6:0/3355990245 <== mon.0 v2:172.21.15.6:3300/0 3 ==== mon_map magic: 0 v1 ==== 229+0+0 (secure 0 0 0) 0x7efd08010380 con 0x7efd0c1022d0
2023-12-11T16:09:14.359 INFO:teuthology.orchestra.run.smithi006.stdout:/usr/bin/ceph: stderr
2023-12-11T16:09:13.809+0000 7efd14387700 1 -- 172.21.15.6:0/3355990245 >> [v2:172.21.15.6:3300/0,v1:172.21.15.6:6789/0] conn(0x7efd0c1022d0 msgr2=0x7efd0c1026e0 secure :-1 s=STATE_CONNECTION_ESTABLISHED l=1).mark_down
2023-12-11T16:09:14.359 INFO:teuthology.orchestra.run.smithi006.stdout:/usr/bin/ceph: stderr
2023-12-11T16:09:13.809+0000 7efd14387700 1 --2- 172.21.15.6:0/3355990245 >> [v2:172.21.15.6:3300/0,v1:172.21.15.6:6789/0] conn(0x7efd0c1022d0 0x7efd0c1026e0 secure :-1 s=READY pgs=20 cs=0 l=1 rev1=1 crypto rx=0x7efd080098e0 tx=0x7efd08009250 comp rx=0 tx=0).stop
2023-12-11T16:09:14.359 INFO:teuthology.orchestra.run.smithi006.stdout:/usr/bin/ceph: stderr
2023-12-11T16:09:13.809+0000 7efd14387700 1 -- 172.21.15.6:0/3355990245 shutdown_connections
2023-12-11T16:09:14.359 INFO:teuthology.orchestra.run.smithi006.stdout:/usr/bin/ceph: stderr
2023-12-11T16:09:13.809+0000 7efd14387700 1 --2- 172.21.15.6:0/3355990245 >> [v2:172.21.15.6:3300/0,v1:172.21.15.6:6789/0] conn(0x7efd0c1022d0 0x7efd0c1026e0 unknown :-1 s=CLOSED pgs=20 cs=0 l=1 rev1=1 crypto rx=0 tx=0 comp rx=0 tx=0).stop
2023-12-11T16:09:14.359 INFO:teuthology.orchestra.run.smithi006.stdout:/usr/bin/ceph: stderr
2023-12-11T16:09:13.809+0000 7efd14387700 1 -- 172.21.15.6:0/3355990245 >> 172.21.15.6:0/3355990245 conn(0x7efd0c0fda50 msgr2=0x7efd0c0ffe60 unknown :-1 s=STATE_NONE l=0).mark_down
2023-12-11T16:09:14.359 INFO:teuthology.orchestra.run.smithi006.stdout:/usr/bin/ceph: stderr
2023-12-11T16:09:13.809+0000 7efd14387700 1 -- 172.21.15.6:0/3355990245 shutdown_connections
2023-12-11T16:09:14.359 INFO:teuthology.orchestra.run.smithi006.stdout:/usr/bin/ceph: stderr
2023-12-11T16:09:13.809+0000 7efd14387700 1 -- 172.21.15.6:0/3355990245 wait complete.
2023-12-11T16:09:14.359 INFO:teuthology.orchestra.run.smithi006.stdout:/usr/bin/ceph: stderr
2023-12-11T16:09:13.810+0000 7efd14387700 1 Processor -- start
2023-12-11T16:09:14.360 INFO:teuthology.orchestra.run.smithi006.stdout:/usr/bin/ceph: stderr
2023-12-11T16:09:13.811+0000 7efd14387700 1 -- start start
2023-12-11T16:09:14.360 INFO:teuthology.orchestra.run.smithi006.stdout:/usr/bin/ceph: stderr
2023-12-11T16:09:13.811+0000 7efd14387700 1 --2- >> [v2:172.21.15.6:3300/0,v1:172.21.15.6:6789/0] conn(0x7efd0c1022d0 0x7efd0c111140 unknown :-1 s=NONE pgs=0 cs=0 l=1 rev1=0 crypto rx=0 tx=0 comp rx=0 tx=0).connect
2023-12-11T16:09:14.360 INFO:teuthology.orchestra.run.smithi006.stdout:/usr/bin/ceph: stderr
2023-12-11T16:09:13.811+0000 7efd14387700 1 -- --> [v2:172.21.15.6:3300/0,v1:172.21.15.6:6789/0] -- mon_getmap magic: 0 v1 -- 0x7efd0c111680 con 0x7efd0c1022d0
2023-12-11T16:09:14.360 INFO:teuthology.orchestra.run.smithi006.stdout:/usr/bin/ceph: stderr
2023-12-11T16:09:13.811+0000 7efd12123700 1 --2- >> [v2:172.21.15.6:3300/0,v1:172.21.15.6:6789/0] conn(0x7efd0c1022d0 0x7efd0c111140 unknown :-1 s=BANNER_CONNECTING pgs=0 cs=0 l=1 rev1=0 crypto rx=0 tx=0 comp rx=0 tx=0)._handle_peer_banner_payload supported=3 required=0
2023-12-11T16:09:14.360 INFO:teuthology.orchestra.run.smithi006.stdout:/usr/bin/ceph: stderr
2023-12-11T16:09:13.811+0000 7efd12123700 1 --2- >> [v2:172.21.15.6:3300/0,v1:172.21.15.6:6789/0] conn(0x7efd0c1022d0 0x7efd0c111140 unknown :-1 s=HELLO_CONNECTING pgs=0 cs=0 l=1 rev1=1 crypto rx=0 tx=0 comp rx=0 tx=0).handle_hello peer v2:172.21.15.6:3300/0 says I am v2:172.21.15.6:48312/0 (socket says 172.21.15.6:48312)
2023-12-11T16:09:14.360 INFO:teuthology.orchestra.run.smithi006.stdout:/usr/bin/ceph: stderr
2023-12-11T16:09:13.811+0000 7efd12123700 1 -- 172.21.15.6:0/2720707912 learned_addr learned my addr 172.21.15.6:0/2720707912 (peer_addr_for_me v2:172.21.15.6:0/0)
2023-12-11T16:09:14.360 INFO:teuthology.orchestra.run.smithi006.stdout:/usr/bin/ceph: stderr
2023-12-11T16:09:13.812+0000 7efd12123700 1 -- 172.21.15.6:0/2720707912 --> [v2:172.21.15.6:3300/0,v1:172.21.15.6:6789/0] -- mon_subscribe({config=0+,monmap=0+}) v3 -- 0x7efd080094f0 con 0x7efd0c1022d0
2023-12-11T16:09:14.360 INFO:teuthology.orchestra.run.smithi006.stdout:/usr/bin/ceph: stderr
2023-12-11T16:09:13.812+0000 7efd12123700 1 --2- 172.21.15.6:0/2720707912 >> [v2:172.21.15.6:3300/0,v1:172.21.15.6:6789/0] conn(0x7efd0c1022d0 0x7efd0c111140 secure :-1 s=READY pgs=21 cs=0 l=1 rev1=1 crypto rx=0x7efd08000c00 tx=0x7efd08009250 comp rx=0 tx=0).ready entity=mon.0 client_cookie=0 server_cookie=0 in_seq=0 out_seq=0
2023-12-11T16:09:14.360 INFO:teuthology.orchestra.run.smithi006.stdout:/usr/bin/ceph: stderr
2023-12-11T16:09:13.812+0000 7efd02ffd700 1 -- 172.21.15.6:0/2720707912 <== mon.0 v2:172.21.15.6:3300/0 1 ==== mon_map magic: 0 v1 ==== 229+0+0 (secure 0 0 0) 0x7efd08010a80 con 0x7efd0c1022d0
2023-12-11T16:09:14.360 INFO:teuthology.orchestra.run.smithi006.stdout:/usr/bin/ceph: stderr
2023-12-11T16:09:13.812+0000 7efd02ffd700 1 -- 172.21.15.6:0/2720707912 <== mon.0 v2:172.21.15.6:3300/0 2 ==== config(26 keys) v1 ==== 1009+0+0 (secure 0 0 0) 0x7efd0801a430 con 0x7efd0c1022d0
2023-12-11T16:09:14.360 INFO:teuthology.orchestra.run.smithi006.stdout:/usr/bin/ceph: stderr
2023-12-11T16:09:13.812+0000 7efd14387700 1 -- 172.21.15.6:0/2720707912 --> [v2:172.21.15.6:3300/0,v1:172.21.15.6:6789/0] -- mon_subscribe({mgrmap=0+}) v3 -- 0x7efd0c111880 con 0x7efd0c1022d0
2023-12-11T16:09:14.360 INFO:teuthology.orchestra.run.smithi006.stdout:/usr/bin/ceph: stderr
2023-12-11T16:09:13.812+0000 7efd02ffd700 1 -- 172.21.15.6:0/2720707912 <== mon.0 v2:172.21.15.6:3300/0 3 ==== mon_map magic: 0 v1 ==== 229+0+0 (secure 0 0 0) 0x7efd080245b0 con 0x7efd0c1022d0
2023-12-11T16:09:14.360 INFO:teuthology.orchestra.run.smithi006.stdout:/usr/bin/ceph: stderr
2023-12-11T16:09:13.813+0000 7efd14387700 1 -- 172.21.15.6:0/2720707912 --> [v2:172.21.15.6:3300/0,v1:172.21.15.6:6789/0] -- mon_subscribe({osdmap=0}) v3 -- 0x7efd0c111c90 con 0x7efd0c1022d0
2023-12-11T16:09:14.360 INFO:teuthology.orchestra.run.smithi006.stdout:/usr/bin/ceph: stderr
2023-12-11T16:09:13.814+0000 7efd02ffd700 1 -- 172.21.15.6:0/2720707912 <== mon.0 v2:172.21.15.6:3300/0 4 ==== mgrmap(e 4) v1 ==== 43270+0+0 (secure 0 0 0) 0x7efd08010be0 con 0x7efd0c1022d0
2023-12-11T16:09:14.361 INFO:teuthology.orchestra.run.smithi006.stdout:/usr/bin/ceph: stderr
2023-12-11T16:09:13.814+0000 7efd14387700 1 -- 172.21.15.6:0/2720707912 --> [v2:172.21.15.6:3300/0,v1:172.21.15.6:6789/0] -- mon_command({"prefix": "get_command_descriptions"} v 0) v1 -- 0x7efd0c04bb80 con 0x7efd0c1022d0
2023-12-11T16:09:14.361 INFO:teuthology.orchestra.run.smithi006.stdout:/usr/bin/ceph: stderr
2023-12-11T16:09:13.814+0000 7efd02ffd700 1 --2- 172.21.15.6:0/2720707912 >> [v2:172.21.15.6:6800/3288724442,v1:172.21.15.6:6801/3288724442] conn(0x7efcf80365f0 0x7efcf8038aa0 unknown :-1 s=NONE pgs=0 cs=0 l=1 rev1=0 crypto rx=0 tx=0 comp rx=0 tx=0).connect
2023-12-11T16:09:14.361 INFO:teuthology.orchestra.run.smithi006.stdout:/usr/bin/ceph: stderr
2023-12-11T16:09:13.814+0000 7efd02ffd700 1 -- 172.21.15.6:0/2720707912 <== mon.0 v2:172.21.15.6:3300/0 5 ==== osd_map(1..1 src has 1..1) v4 ==== 721+0+0 (secure 0 0 0) 0x7efd0804aab0 con 0x7efd0c1022d0
2023-12-11T16:09:14.361 INFO:teuthology.orchestra.run.smithi006.stdout:/usr/bin/ceph: stderr
2023-12-11T16:09:13.814+0000 7efd11922700 1 --2- 172.21.15.6:0/2720707912 >> [v2:172.21.15.6:6800/3288724442,v1:172.21.15.6:6801/3288724442] conn(0x7efcf80365f0 0x7efcf8038aa0 unknown :-1 s=BANNER_CONNECTING pgs=0 cs=0 l=1 rev1=0 crypto rx=0 tx=0 comp rx=0 tx=0)._handle_peer_banner_payload supported=3 required=0
2023-12-11T16:09:14.361 INFO:teuthology.orchestra.run.smithi006.stdout:/usr/bin/ceph: stderr
2023-12-11T16:09:13.815+0000 7efd11922700 1 --2- 172.21.15.6:0/2720707912 >> [v2:172.21.15.6:6800/3288724442,v1:172.21.15.6:6801/3288724442] conn(0x7efcf80365f0 0x7efcf8038aa0 secure :-1 s=READY pgs=7 cs=0 l=1 rev1=1 crypto rx=0x7efcfc009990 tx=0x7efcfc006e40 comp rx=0 tx=0).ready entity=mgr.14100 client_cookie=0 server_cookie=0 in_seq=0 out_seq=0
2023-12-11T16:09:14.361 INFO:teuthology.orchestra.run.smithi006.stdout:/usr/bin/ceph: stderr
2023-12-11T16:09:13.819+0000 7efd02ffd700 1 -- 172.21.15.6:0/2720707912 <== mon.0 v2:172.21.15.6:3300/0 6 ==== mon_command_ack([{"prefix": "get_command_descriptions"}]=0 v0) v1 ==== 72+0+174570 (secure 0 0 0) 0x7efd080239e0 con 0x7efd0c1022d0
2023-12-11T16:09:14.361 INFO:teuthology.orchestra.run.smithi006.stdout:/usr/bin/ceph: stderr
2023-12-11T16:09:14.019+0000 7efd14387700 1 -- 172.21.15.6:0/2720707912 --> [v2:172.21.15.6:3300/0,v1:172.21.15.6:6789/0] -- mon_command({"prefix": "config assimilate-conf"} v 0) v1 -- 0x7efd0c1040e0 con 0x7efd0c1022d0
2023-12-11T16:09:14.361 INFO:teuthology.orchestra.run.smithi006.stdout:/usr/bin/ceph: stderr
2023-12-11T16:09:14.020+0000 7efd02ffd700 1 -- 172.21.15.6:0/2720707912 <== mon.0 v2:172.21.15.6:3300/0 7 ==== mon_command_ack([{"prefix": "config assimilate-conf"}]=0 v3) v1 ==== 70+0+373 (secure 0 0 0) 0x7efd08023390 con 0x7efd0c1022d0
2023-12-11T16:09:14.361 INFO:teuthology.orchestra.run.smithi006.stdout:/usr/bin/ceph: stderr
2023-12-11T16:09:14.022+0000 7efd14387700 1 -- 172.21.15.6:0/2720707912 >> [v2:172.21.15.6:6800/3288724442,v1:172.21.15.6:6801/3288724442] conn(0x7efcf80365f0 msgr2=0x7efcf8038aa0 secure :-1 s=STATE_CONNECTION_ESTABLISHED l=1).mark_down
2023-12-11T16:09:14.361 INFO:teuthology.orchestra.run.smithi006.stdout:/usr/bin/ceph: stderr
2023-12-11T16:09:14.022+0000 7efd14387700 1 --2- 172.21.15.6:0/2720707912 >> [v2:172.21.15.6:6800/3288724442,v1:172.21.15.6:6801/3288724442] conn(0x7efcf80365f0 0x7efcf8038aa0 secure :-1 s=READY pgs=7 cs=0 l=1 rev1=1 crypto rx=0x7efcfc009990 tx=0x7efcfc006e40 comp rx=0 tx=0).stop
2023-12-11T16:09:14.361 INFO:teuthology.orchestra.run.smithi006.stdout:/usr/bin/ceph: stderr
2023-12-11T16:09:14.022+0000 7efd14387700 1 -- 172.21.15.6:0/2720707912 >> [v2:172.21.15.6:3300/0,v1:172.21.15.6:6789/0] conn(0x7efd0c1022d0 msgr2=0x7efd0c111140 secure :-1 s=STATE_CONNECTION_ESTABLISHED l=1).mark_down
2023-12-11T16:09:14.361 INFO:teuthology.orchestra.run.smithi006.stdout:/usr/bin/ceph: stderr
2023-12-11T16:09:14.022+0000 7efd14387700 1 --2- 172.21.15.6:0/2720707912 >> [v2:172.21.15.6:3300/0,v1:172.21.15.6:6789/0] conn(0x7efd0c1022d0 0x7efd0c111140 secure :-1 s=READY pgs=21 cs=0 l=1 rev1=1 crypto rx=0x7efd08000c00 tx=0x7efd08009250 comp rx=0 tx=0).stop
2023-12-11T16:09:14.361 INFO:teuthology.orchestra.run.smithi006.stdout:/usr/bin/ceph: stderr
2023-12-11T16:09:14.022+0000 7efd14387700 1 -- 172.21.15.6:0/2720707912 shutdown_connections
2023-12-11T16:09:14.362 INFO:teuthology.orchestra.run.smithi006.stdout:/usr/bin/ceph: stderr
2023-12-11T16:09:14.022+0000 7efd14387700 1 --2- 172.21.15.6:0/2720707912 >> [v2:172.21.15.6:6800/3288724442,v1:172.21.15.6:6801/3288724442] conn(0x7efcf80365f0 0x7efcf8038aa0 unknown :-1 s=CLOSED pgs=7 cs=0 l=1 rev1=1 crypto rx=0 tx=0 comp rx=0 tx=0).stop
2023-12-11T16:09:14.362 INFO:teuthology.orchestra.run.smithi006.stdout:/usr/bin/ceph: stderr
2023-12-11T16:09:14.022+0000 7efd14387700 1 --2- 172.21.15.6:0/2720707912 >> [v2:172.21.15.6:3300/0,v1:172.21.15.6:6789/0] conn(0x7efd0c1022d0 0x7efd0c111140 unknown :-1 s=CLOSED pgs=21 cs=0 l=1 rev1=1 crypto rx=0 tx=0 comp rx=0 tx=0).stop
2023-12-11T16:09:14.362 INFO:teuthology.orchestra.run.smithi006.stdout:/usr/bin/ceph: stderr
2023-12-11T16:09:14.022+0000 7efd14387700 1 -- 172.21.15.6:0/2720707912 >> 172.21.15.6:0/2720707912 conn(0x7efd0c0fda50 msgr2=0x7efd0c0ffe50 unknown :-1 s=STATE_NONE l=0).mark_down
2023-12-11T16:09:14.362 INFO:teuthology.orchestra.run.smithi006.stdout:/usr/bin/ceph: stderr
2023-12-11T16:09:14.022+0000 7efd14387700 1 -- 172.21.15.6:0/2720707912 shutdown_connections
2023-12-11T16:09:14.362 INFO:teuthology.orchestra.run.smithi006.stdout:/usr/bin/ceph: stderr
2023-12-11T16:09:14.022+0000 7efd14387700 1 -- 172.21.15.6:0/2720707912 wait complete.
2023-12-11T16:09:14.362 INFO:teuthology.orchestra.run.smithi006.stdout:Enabling cephadm module...
2023-12-11T16:09:15.400 INFO:journalctl@ceph.mon.smithi006.smithi006.stdout:Dec 11 16:09:15 smithi006 ceph-mon[107127]: from='client.? 172.21.15.6:0/2511000647' entity='client.admin' cmd=[{"prefix": "mgr module enable", "module": "cephadm"}]: dispatch
2023-12-11T16:09:15.453 INFO:teuthology.orchestra.run.smithi006.stdout:/usr/bin/ceph: stderr
2023-12-11T16:09:14.810+0000 7f256849e700 1 Processor -- start
2023-12-11T16:09:15.453 INFO:teuthology.orchestra.run.smithi006.stdout:/usr/bin/ceph: stderr
2023-12-11T16:09:14.810+0000 7f256849e700 1 -- start start
2023-12-11T16:09:15.453 INFO:teuthology.orchestra.run.smithi006.stdout:/usr/bin/ceph: stderr
2023-12-11T16:09:14.810+0000 7f256849e700 1 --2- >> [v2:172.21.15.6:3300/0,v1:172.21.15.6:6789/0] conn(0x7f2560077bb0 0x7f25600760c0 unknown :-1 s=NONE pgs=0 cs=0 l=0 rev1=0 crypto rx=0 tx=0 comp rx=0 tx=0).connect
2023-12-11T16:09:15.453 INFO:teuthology.orchestra.run.smithi006.stdout:/usr/bin/ceph: stderr
2023-12-11T16:09:14.810+0000 7f256849e700 1 -- --> [v2:172.21.15.6:3300/0,v1:172.21.15.6:6789/0] -- mon_getmap magic: 0 v1 -- 0x7f2560077fc0 con 0x7f2560077bb0
2023-12-11T16:09:15.453 INFO:teuthology.orchestra.run.smithi006.stdout:/usr/bin/ceph: stderr
2023-12-11T16:09:14.810+0000 7f256623a700 1 --2- >> [v2:172.21.15.6:3300/0,v1:172.21.15.6:6789/0] conn(0x7f2560077bb0 0x7f25600760c0 unknown :-1 s=BANNER_CONNECTING pgs=0 cs=0 l=0 rev1=0 crypto rx=0 tx=0 comp rx=0 tx=0)._handle_peer_banner_payload supported=3 required=0
2023-12-11T16:09:15.453 INFO:teuthology.orchestra.run.smithi006.stdout:/usr/bin/ceph: stderr
2023-12-11T16:09:14.811+0000 7f256623a700 1 --2- >> [v2:172.21.15.6:3300/0,v1:172.21.15.6:6789/0] conn(0x7f2560077bb0 0x7f25600760c0 unknown :-1 s=HELLO_CONNECTING pgs=0 cs=0 l=0 rev1=1 crypto rx=0 tx=0 comp rx=0 tx=0).handle_hello peer v2:172.21.15.6:3300/0 says I am v2:172.21.15.6:48324/0 (socket says 172.21.15.6:48324)
2023-12-11T16:09:15.453 INFO:teuthology.orchestra.run.smithi006.stdout:/usr/bin/ceph: stderr
2023-12-11T16:09:14.811+0000 7f256623a700 1 -- 172.21.15.6:0/3314225799 learned_addr learned my addr 172.21.15.6:0/3314225799 (peer_addr_for_me v2:172.21.15.6:0/0)
2023-12-11T16:09:15.453 INFO:teuthology.orchestra.run.smithi006.stdout:/usr/bin/ceph: stderr
2023-12-11T16:09:14.811+0000 7f256623a700 1 -- 172.21.15.6:0/3314225799 --> [v2:172.21.15.6:3300/0,v1:172.21.15.6:6789/0] -- mon_subscribe({config=0+,monmap=0+}) v3 -- 0x7f2560076600 con 0x7f2560077bb0
2023-12-11T16:09:15.454 INFO:teuthology.orchestra.run.smithi006.stdout:/usr/bin/ceph: stderr
2023-12-11T16:09:14.811+0000 7f256623a700 1 --2- 172.21.15.6:0/3314225799 >> [v2:172.21.15.6:3300/0,v1:172.21.15.6:6789/0] conn(0x7f2560077bb0 0x7f25600760c0 secure :-1 s=READY pgs=22 cs=0 l=1 rev1=1 crypto rx=0x7f255c0098e0 tx=0x7f255c009250 comp rx=0 tx=0).ready entity=mon.0 client_cookie=557598f3e145777 server_cookie=0 in_seq=0 out_seq=0
2023-12-11T16:09:15.454 INFO:teuthology.orchestra.run.smithi006.stdout:/usr/bin/ceph: stderr
2023-12-11T16:09:14.811+0000 7f2565238700 1 -- 172.21.15.6:0/3314225799 <== mon.0 v2:172.21.15.6:3300/0 1 ==== mon_map magic: 0 v1 ==== 229+0+0 (secure 0 0 0) 0x7f255c00b860 con 0x7f2560077bb0
2023-12-11T16:09:15.454 INFO:teuthology.orchestra.run.smithi006.stdout:/usr/bin/ceph: stderr
2023-12-11T16:09:14.811+0000 7f2565238700 1 -- 172.21.15.6:0/3314225799 <== mon.0 v2:172.21.15.6:3300/0 2 ==== config(26 keys) v1 ==== 1009+0+0 (secure 0 0 0) 0x7f255c00be30 con 0x7f2560077bb0
2023-12-11T16:09:15.454 INFO:teuthology.orchestra.run.smithi006.stdout:/usr/bin/ceph: stderr
2023-12-11T16:09:14.811+0000 7f2565238700 1 -- 172.21.15.6:0/3314225799 <== mon.0 v2:172.21.15.6:3300/0 3 ==== mon_map magic: 0 v1 ==== 229+0+0 (secure 0 0 0) 0x7f255c010380 con 0x7f2560077bb0
2023-12-11T16:09:15.454 INFO:teuthology.orchestra.run.smithi006.stdout:/usr/bin/ceph: stderr
2023-12-11T16:09:14.812+0000 7f256849e700 1 -- 172.21.15.6:0/3314225799 >> [v2:172.21.15.6:3300/0,v1:172.21.15.6:6789/0] conn(0x7f2560077bb0 msgr2=0x7f25600760c0 secure :-1 s=STATE_CONNECTION_ESTABLISHED l=1).mark_down
2023-12-11T16:09:15.454 INFO:teuthology.orchestra.run.smithi006.stdout:/usr/bin/ceph: stderr
2023-12-11T16:09:14.812+0000 7f256849e700 1 --2- 172.21.15.6:0/3314225799 >> [v2:172.21.15.6:3300/0,v1:172.21.15.6:6789/0] conn(0x7f2560077bb0 0x7f25600760c0 secure :-1 s=READY pgs=22 cs=0 l=1 rev1=1 crypto rx=0x7f255c0098e0 tx=0x7f255c009250 comp rx=0 tx=0).stop
2023-12-11T16:09:15.454 INFO:teuthology.orchestra.run.smithi006.stdout:/usr/bin/ceph: stderr
2023-12-11T16:09:14.812+0000 7f256849e700 1 -- 172.21.15.6:0/3314225799 shutdown_connections
2023-12-11T16:09:15.454 INFO:teuthology.orchestra.run.smithi006.stdout:/usr/bin/ceph: stderr
2023-12-11T16:09:14.812+0000 7f256849e700 1 --2- 172.21.15.6:0/3314225799 >> [v2:172.21.15.6:3300/0,v1:172.21.15.6:6789/0] conn(0x7f2560077bb0 0x7f25600760c0 unknown :-1 s=CLOSED pgs=22 cs=0 l=1 rev1=1 crypto rx=0 tx=0 comp rx=0 tx=0).stop
2023-12-11T16:09:15.454 INFO:teuthology.orchestra.run.smithi006.stdout:/usr/bin/ceph: stderr
2023-12-11T16:09:14.812+0000 7f256849e700 1 -- 172.21.15.6:0/3314225799 >> 172.21.15.6:0/3314225799 conn(0x7f25600fda50 msgr2=0x7f25600ffe60 unknown :-1 s=STATE_NONE l=0).mark_down
2023-12-11T16:09:15.454 INFO:teuthology.orchestra.run.smithi006.stdout:/usr/bin/ceph: stderr
2023-12-11T16:09:14.812+0000 7f256849e700 1 -- 172.21.15.6:0/3314225799 shutdown_connections
2023-12-11T16:09:15.454 INFO:teuthology.orchestra.run.smithi006.stdout:/usr/bin/ceph: stderr
2023-12-11T16:09:14.812+0000 7f256849e700 1 -- 172.21.15.6:0/3314225799 wait complete.
2023-12-11T16:09:15.456 INFO:teuthology.orchestra.run.smithi006.stdout:/usr/bin/ceph: stderr
2023-12-11T16:09:14.813+0000 7f256849e700 1 Processor -- start
2023-12-11T16:09:15.456 INFO:teuthology.orchestra.run.smithi006.stdout:/usr/bin/ceph: stderr
2023-12-11T16:09:14.813+0000 7f256849e700 1 -- start start
2023-12-11T16:09:15.456 INFO:teuthology.orchestra.run.smithi006.stdout:/usr/bin/ceph: stderr
2023-12-11T16:09:14.813+0000 7f256849e700 1 --2- >> [v2:172.21.15.6:3300/0,v1:172.21.15.6:6789/0] conn(0x7f2560077bb0 0x7f25601133a0 unknown :-1 s=NONE pgs=0 cs=0 l=1 rev1=0 crypto rx=0 tx=0 comp rx=0 tx=0).connect
2023-12-11T16:09:15.456 INFO:teuthology.orchestra.run.smithi006.stdout:/usr/bin/ceph: stderr
2023-12-11T16:09:14.813+0000 7f256849e700 1 -- --> [v2:172.21.15.6:3300/0,v1:172.21.15.6:6789/0] -- mon_getmap magic: 0 v1 -- 0x7f25601138e0 con 0x7f2560077bb0
2023-12-11T16:09:15.456 INFO:teuthology.orchestra.run.smithi006.stdout:/usr/bin/ceph: stderr
2023-12-11T16:09:14.814+0000 7f256623a700 1 --2- >> [v2:172.21.15.6:3300/0,v1:172.21.15.6:6789/0] conn(0x7f2560077bb0 0x7f25601133a0 unknown :-1 s=BANNER_CONNECTING pgs=0 cs=0 l=1 rev1=0 crypto rx=0 tx=0 comp rx=0 tx=0)._handle_peer_banner_payload supported=3 required=0
2023-12-11T16:09:15.456 INFO:teuthology.orchestra.run.smithi006.stdout:/usr/bin/ceph: stderr
2023-12-11T16:09:14.814+0000 7f256623a700 1 --2- >> [v2:172.21.15.6:3300/0,v1:172.21.15.6:6789/0] conn(0x7f2560077bb0 0x7f25601133a0 unknown :-1 s=HELLO_CONNECTING pgs=0 cs=0 l=1 rev1=1 crypto rx=0 tx=0 comp rx=0 tx=0).handle_hello peer v2:172.21.15.6:3300/0 says I am v2:172.21.15.6:48332/0 (socket says 172.21.15.6:48332)
2023-12-11T16:09:15.456 INFO:teuthology.orchestra.run.smithi006.stdout:/usr/bin/ceph: stderr
2023-12-11T16:09:14.814+0000 7f256623a700 1 -- 172.21.15.6:0/2511000647 learned_addr learned my addr 172.21.15.6:0/2511000647 (peer_addr_for_me v2:172.21.15.6:0/0)
2023-12-11T16:09:15.456 INFO:teuthology.orchestra.run.smithi006.stdout:/usr/bin/ceph: stderr
2023-12-11T16:09:14.814+0000 7f256623a700 1 -- 172.21.15.6:0/2511000647 --> [v2:172.21.15.6:3300/0,v1:172.21.15.6:6789/0] -- mon_subscribe({config=0+,monmap=0+}) v3 -- 0x7f255c0094f0 con 0x7f2560077bb0
2023-12-11T16:09:15.456 INFO:teuthology.orchestra.run.smithi006.stdout:/usr/bin/ceph: stderr
2023-12-11T16:09:14.814+0000 7f256623a700 1 --2- 172.21.15.6:0/2511000647 >> [v2:172.21.15.6:3300/0,v1:172.21.15.6:6789/0] conn(0x7f2560077bb0 0x7f25601133a0 secure :-1 s=READY pgs=23 cs=0 l=1 rev1=1 crypto rx=0x7f255c006fd0 tx=0x7f255c009250 comp rx=0 tx=0).ready entity=mon.0 client_cookie=0 server_cookie=0 in_seq=0 out_seq=0
2023-12-11T16:09:15.457 INFO:teuthology.orchestra.run.smithi006.stdout:/usr/bin/ceph: stderr
2023-12-11T16:09:14.815+0000 7f2556ffd700 1 -- 172.21.15.6:0/2511000647 <== mon.0 v2:172.21.15.6:3300/0 1 ==== mon_map magic: 0 v1 ==== 229+0+0 (secure 0 0 0) 0x7f255c010750 con 0x7f2560077bb0
2023-12-11T16:09:15.457 INFO:teuthology.orchestra.run.smithi006.stdout:/usr/bin/ceph: stderr
2023-12-11T16:09:14.815+0000 7f2556ffd700 1 -- 172.21.15.6:0/2511000647 <== mon.0 v2:172.21.15.6:3300/0 2 ==== config(26 keys) v1 ==== 1009+0+0 (secure 0 0 0) 0x7f255c010d20 con 0x7f2560077bb0
2023-12-11T16:09:15.457 INFO:teuthology.orchestra.run.smithi006.stdout:/usr/bin/ceph: stderr
2023-12-11T16:09:14.815+0000 7f2556ffd700 1 -- 172.21.15.6:0/2511000647 <== mon.0 v2:172.21.15.6:3300/0 3 ==== mon_map magic: 0 v1 ==== 229+0+0 (secure 0 0 0) 0x7f255c01ada0 con 0x7f2560077bb0
2023-12-11T16:09:15.457 INFO:teuthology.orchestra.run.smithi006.stdout:/usr/bin/ceph: stderr
2023-12-11T16:09:14.815+0000 7f256849e700 1 -- 172.21.15.6:0/2511000647 --> [v2:172.21.15.6:3300/0,v1:172.21.15.6:6789/0] -- mon_subscribe({mgrmap=0+}) v3 -- 0x7f2560113ae0 con 0x7f2560077bb0
2023-12-11T16:09:15.457 INFO:teuthology.orchestra.run.smithi006.stdout:/usr/bin/ceph: stderr
2023-12-11T16:09:14.815+0000 7f256849e700 1 -- 172.21.15.6:0/2511000647 --> [v2:172.21.15.6:3300/0,v1:172.21.15.6:6789/0] -- mon_subscribe({osdmap=0}) v3 -- 0x7f2560113ef0 con 0x7f2560077bb0
2023-12-11T16:09:15.457 INFO:teuthology.orchestra.run.smithi006.stdout:/usr/bin/ceph: stderr
2023-12-11T16:09:14.816+0000 7f256849e700 1 -- 172.21.15.6:0/2511000647 --> [v2:172.21.15.6:3300/0,v1:172.21.15.6:6789/0] -- mon_command({"prefix": "get_command_descriptions"} v 0) v1 -- 0x7f256004bb80 con 0x7f2560077bb0
2023-12-11T16:09:15.457 INFO:teuthology.orchestra.run.smithi006.stdout:/usr/bin/ceph: stderr
