2023-12-11T16:09:54.433+0000 7fe7fa7fc700 1 -- 172.21.15.6:0/3972980904 <== mon.0 v2:172.21.15.6:3300/0 5 ==== osd_map(3..3 src has 1..3) v4 ==== 1151+0+0 (secure 0 0 0) 0x7fe80004a370 con 0x7fe8041011d0
2023-12-11T16:09:55.033 INFO:teuthology.orchestra.run.smithi006.stdout:/usr/bin/ceph: stderr
2023-12-11T16:09:54.433+0000 7fe809021700 1 --2- 172.21.15.6:0/3972980904 >> [v2:172.21.15.6:6800/2905170800,v1:172.21.15.6:6801/2905170800] conn(0x7fe7f0036570 0x7fe7f0038a20 unknown :-1 s=BANNER_CONNECTING pgs=0 cs=0 l=1 rev1=0 crypto rx=0 tx=0 comp rx=0 tx=0)._handle_peer_banner_payload supported=3 required=0
2023-12-11T16:09:55.033 INFO:teuthology.orchestra.run.smithi006.stdout:/usr/bin/ceph: stderr
2023-12-11T16:09:54.434+0000 7fe809021700 1 --2- 172.21.15.6:0/3972980904 >> [v2:172.21.15.6:6800/2905170800,v1:172.21.15.6:6801/2905170800] conn(0x7fe7f0036570 0x7fe7f0038a20 secure :-1 s=READY pgs=7 cs=0 l=1 rev1=1 crypto rx=0x7fe7f4009990 tx=0x7fe7f4006e40 comp rx=0 tx=0).ready entity=mgr.14162 client_cookie=0 server_cookie=0 in_seq=0 out_seq=0
2023-12-11T16:09:55.033 INFO:teuthology.orchestra.run.smithi006.stdout:/usr/bin/ceph: stderr
2023-12-11T16:09:54.438+0000 7fe7fa7fc700 1 -- 172.21.15.6:0/3972980904 <== mon.0 v2:172.21.15.6:3300/0 6 ==== mon_command_ack([{"prefix": "get_command_descriptions"}]=0 v0) v1 ==== 72+0+174570 (secure 0 0 0) 0x7fe80002bb30 con 0x7fe8041011d0
2023-12-11T16:09:55.034 INFO:teuthology.orchestra.run.smithi006.stdout:/usr/bin/ceph: stderr
2023-12-11T16:09:54.640+0000 7fe7fa7fc700 1 -- 172.21.15.6:0/3972980904 <== mon.0 v2:172.21.15.6:3300/0 7 ==== mgrmap(e 12) v1 ==== 43294+0+0 (secure 0 0 0) 0x7fe800021d10 con 0x7fe8041011d0
2023-12-11T16:09:55.034 INFO:teuthology.orchestra.run.smithi006.stdout:/usr/bin/ceph: stderr
2023-12-11T16:09:54.649+0000 7fe80ba86700 1 -- 172.21.15.6:0/3972980904 --> [v2:172.21.15.6:6800/2905170800,v1:172.21.15.6:6801/2905170800] -- mgr_command(tid 0: {"prefix": "dashboard create-self-signed-cert", "target": ["mon-mgr", ""]}) v1 -- 0x7fe8040febe0 con 0x7fe7f0036570
2023-12-11T16:09:55.034 INFO:teuthology.orchestra.run.smithi006.stdout:/usr/bin/ceph: stderr
2023-12-11T16:09:54.686+0000 7fe7fa7fc700 1 -- 172.21.15.6:0/3972980904 <== mgr.14162 v2:172.21.15.6:6800/2905170800 1 ==== mgr_command_reply(tid 0: 0 ) v1 ==== 8+0+32 (secure 0 0 0) 0x7fe8040febe0 con 0x7fe7f0036570
2023-12-11T16:09:55.034 INFO:teuthology.orchestra.run.smithi006.stdout:/usr/bin/ceph: stderr
2023-12-11T16:09:54.688+0000 7fe80ba86700 1 -- 172.21.15.6:0/3972980904 >> [v2:172.21.15.6:6800/2905170800,v1:172.21.15.6:6801/2905170800] conn(0x7fe7f0036570 msgr2=0x7fe7f0038a20 secure :-1 s=STATE_CONNECTION_ESTABLISHED l=1).mark_down
2023-12-11T16:09:55.034 INFO:teuthology.orchestra.run.smithi006.stdout:/usr/bin/ceph: stderr
2023-12-11T16:09:54.688+0000 7fe80ba86700 1 --2- 172.21.15.6:0/3972980904 >> [v2:172.21.15.6:6800/2905170800,v1:172.21.15.6:6801/2905170800] conn(0x7fe7f0036570 0x7fe7f0038a20 secure :-1 s=READY pgs=7 cs=0 l=1 rev1=1 crypto rx=0x7fe7f4009990 tx=0x7fe7f4006e40 comp rx=0 tx=0).stop
2023-12-11T16:09:55.034 INFO:teuthology.orchestra.run.smithi006.stdout:/usr/bin/ceph: stderr
2023-12-11T16:09:54.688+0000 7fe80ba86700 1 -- 172.21.15.6:0/3972980904 >> [v2:172.21.15.6:3300/0,v1:172.21.15.6:6789/0] conn(0x7fe8041011d0 msgr2=0x7fe804111190 secure :-1 s=STATE_CONNECTION_ESTABLISHED l=1).mark_down
2023-12-11T16:09:55.034 INFO:teuthology.orchestra.run.smithi006.stdout:/usr/bin/ceph: stderr
2023-12-11T16:09:54.688+0000 7fe80ba86700 1 --2- 172.21.15.6:0/3972980904 >> [v2:172.21.15.6:3300/0,v1:172.21.15.6:6789/0] conn(0x7fe8041011d0 0x7fe804111190 secure :-1 s=READY pgs=81 cs=0 l=1 rev1=1 crypto rx=0x7fe80000c010 tx=0x7fe800009250 comp rx=0 tx=0).stop
2023-12-11T16:09:55.034 INFO:teuthology.orchestra.run.smithi006.stdout:/usr/bin/ceph: stderr
2023-12-11T16:09:54.688+0000 7fe80ba86700 1 -- 172.21.15.6:0/3972980904 shutdown_connections
2023-12-11T16:09:55.034 INFO:teuthology.orchestra.run.smithi006.stdout:/usr/bin/ceph: stderr
2023-12-11T16:09:54.688+0000 7fe80ba86700 1 --2- 172.21.15.6:0/3972980904 >> [v2:172.21.15.6:6800/2905170800,v1:172.21.15.6:6801/2905170800] conn(0x7fe7f0036570 0x7fe7f0038a20 unknown :-1 s=CLOSED pgs=7 cs=0 l=1 rev1=1 crypto rx=0 tx=0 comp rx=0 tx=0).stop
2023-12-11T16:09:55.034 INFO:teuthology.orchestra.run.smithi006.stdout:/usr/bin/ceph: stderr
2023-12-11T16:09:54.688+0000 7fe80ba86700 1 --2- 172.21.15.6:0/3972980904 >> [v2:172.21.15.6:3300/0,v1:172.21.15.6:6789/0] conn(0x7fe8041011d0 0x7fe804111190 unknown :-1 s=CLOSED pgs=81 cs=0 l=1 rev1=1 crypto rx=0 tx=0 comp rx=0 tx=0).stop
2023-12-11T16:09:55.034 INFO:teuthology.orchestra.run.smithi006.stdout:/usr/bin/ceph: stderr
2023-12-11T16:09:54.688+0000 7fe80ba86700 1 -- 172.21.15.6:0/3972980904 >> 172.21.15.6:0/3972980904 conn(0x7fe8040fc970 msgr2=0x7fe804070b90 unknown :-1 s=STATE_NONE l=0).mark_down
2023-12-11T16:09:55.034 INFO:teuthology.orchestra.run.smithi006.stdout:/usr/bin/ceph: stderr
2023-12-11T16:09:54.688+0000 7fe80ba86700 1 -- 172.21.15.6:0/3972980904 shutdown_connections
2023-12-11T16:09:55.034 INFO:teuthology.orchestra.run.smithi006.stdout:/usr/bin/ceph: stderr
2023-12-11T16:09:54.688+0000 7fe80ba86700 1 -- 172.21.15.6:0/3972980904 wait complete.
2023-12-11T16:09:55.035 INFO:teuthology.orchestra.run.smithi006.stdout:Creating initial admin user...
2023-12-11T16:09:55.907 INFO:journalctl@ceph.mon.smithi006.smithi006.stdout:Dec 11 16:09:55 smithi006 ceph-mon[107127]: mgrmap e12: smithi006.crytjs(active, since 2s)
2023-12-11T16:09:55.908 INFO:journalctl@ceph.mon.smithi006.smithi006.stdout:Dec 11 16:09:55 smithi006 ceph-mon[107127]: from='client.14174 -' entity='client.admin' cmd=[{"prefix": "dashboard create-self-signed-cert", "target": ["mon-mgr", ""]}]: dispatch
2023-12-11T16:09:55.908 INFO:journalctl@ceph.mon.smithi006.smithi006.stdout:Dec 11 16:09:55 smithi006 ceph-mon[107127]: from='mgr.14162 172.21.15.6:0/2742500215' entity='mgr.smithi006.crytjs'
2023-12-11T16:09:55.908 INFO:journalctl@ceph.mon.smithi006.smithi006.stdout:Dec 11 16:09:55 smithi006 ceph-mon[107127]: from='mgr.14162 172.21.15.6:0/2742500215' entity='mgr.smithi006.crytjs'
2023-12-11T16:09:55.908 INFO:journalctl@ceph.mon.smithi006.smithi006.stdout:Dec 11 16:09:55 smithi006 ceph-mon[107127]: from='mgr.14162 172.21.15.6:0/2742500215' entity='mgr.smithi006.crytjs'
2023-12-11T16:09:56.579 INFO:teuthology.orchestra.run.smithi006.stdout:/usr/bin/ceph: stdout {"username": "admin", "password": "$2b$12$z67m0Q1noFYTQ77dvOO7a.2LIShghfCGEKFAb7ZKwRdSymn3rgXEC", "roles": ["administrator"], "name": null, "email": null, "lastUpdate": 1702310995, "enabled": true, "pwdExpirationDate": null, "pwdUpdateRequired": true}
2023-12-11T16:09:56.579 INFO:teuthology.orchestra.run.smithi006.stdout:/usr/bin/ceph: stderr
2023-12-11T16:09:55.441+0000 7fa4395e0700 1 Processor -- start
2023-12-11T16:09:56.580 INFO:teuthology.orchestra.run.smithi006.stdout:/usr/bin/ceph: stderr
2023-12-11T16:09:55.441+0000 7fa4395e0700 1 -- start start
2023-12-11T16:09:56.580 INFO:teuthology.orchestra.run.smithi006.stdout:/usr/bin/ceph: stderr
2023-12-11T16:09:55.442+0000 7fa4395e0700 1 --2- >> [v2:172.21.15.6:3300/0,v1:172.21.15.6:6789/0] conn(0x7fa434077bb0 0x7fa4340760c0 unknown :-1 s=NONE pgs=0 cs=0 l=0 rev1=0 crypto rx=0 tx=0 comp rx=0 tx=0).connect
2023-12-11T16:09:56.580 INFO:teuthology.orchestra.run.smithi006.stdout:/usr/bin/ceph: stderr
2023-12-11T16:09:55.442+0000 7fa4395e0700 1 -- --> [v2:172.21.15.6:3300/0,v1:172.21.15.6:6789/0] -- mon_getmap magic: 0 v1 -- 0x7fa434077fc0 con 0x7fa434077bb0
2023-12-11T16:09:56.580 INFO:teuthology.orchestra.run.smithi006.stdout:/usr/bin/ceph: stderr
2023-12-11T16:09:55.442+0000 7fa432ffd700 1 --2- >> [v2:172.21.15.6:3300/0,v1:172.21.15.6:6789/0] conn(0x7fa434077bb0 0x7fa4340760c0 unknown :-1 s=BANNER_CONNECTING pgs=0 cs=0 l=0 rev1=0 crypto rx=0 tx=0 comp rx=0 tx=0)._handle_peer_banner_payload supported=3 required=0
2023-12-11T16:09:56.580 INFO:teuthology.orchestra.run.smithi006.stdout:/usr/bin/ceph: stderr
2023-12-11T16:09:55.442+0000 7fa432ffd700 1 --2- >> [v2:172.21.15.6:3300/0,v1:172.21.15.6:6789/0] conn(0x7fa434077bb0 0x7fa4340760c0 unknown :-1 s=HELLO_CONNECTING pgs=0 cs=0 l=0 rev1=1 crypto rx=0 tx=0 comp rx=0 tx=0).handle_hello peer v2:172.21.15.6:3300/0 says I am v2:172.21.15.6:41704/0 (socket says 172.21.15.6:41704)
2023-12-11T16:09:56.580 INFO:teuthology.orchestra.run.smithi006.stdout:/usr/bin/ceph: stderr
2023-12-11T16:09:55.442+0000 7fa432ffd700 1 -- 172.21.15.6:0/2182598015 learned_addr learned my addr 172.21.15.6:0/2182598015 (peer_addr_for_me v2:172.21.15.6:0/0)
2023-12-11T16:09:56.580 INFO:teuthology.orchestra.run.smithi006.stdout:/usr/bin/ceph: stderr
2023-12-11T16:09:55.442+0000 7fa432ffd700 1 -- 172.21.15.6:0/2182598015 --> [v2:172.21.15.6:3300/0,v1:172.21.15.6:6789/0] -- mon_subscribe({config=0+,monmap=0+}) v3 -- 0x7fa434076600 con 0x7fa434077bb0
2023-12-11T16:09:56.580 INFO:teuthology.orchestra.run.smithi006.stdout:/usr/bin/ceph: stderr
2023-12-11T16:09:55.443+0000 7fa432ffd700 1 --2- 172.21.15.6:0/2182598015 >> [v2:172.21.15.6:3300/0,v1:172.21.15.6:6789/0] conn(0x7fa434077bb0 0x7fa4340760c0 secure :-1 s=READY pgs=82 cs=0 l=1 rev1=1 crypto rx=0x7fa4240098e0 tx=0x7fa424009250 comp rx=0 tx=0).ready entity=mon.0 client_cookie=e440f16eb65511b5 server_cookie=0 in_seq=0 out_seq=0
2023-12-11T16:09:56.580 INFO:teuthology.orchestra.run.smithi006.stdout:/usr/bin/ceph: stderr
2023-12-11T16:09:55.443+0000 7fa431ffb700 1 -- 172.21.15.6:0/2182598015 <== mon.0 v2:172.21.15.6:3300/0 1 ==== mon_map magic: 0 v1 ==== 229+0+0 (secure 0 0 0) 0x7fa42400b860 con 0x7fa434077bb0
2023-12-11T16:09:56.580 INFO:teuthology.orchestra.run.smithi006.stdout:/usr/bin/ceph: stderr
2023-12-11T16:09:55.443+0000 7fa431ffb700 1 -- 172.21.15.6:0/2182598015 <== mon.0 v2:172.21.15.6:3300/0 2 ==== config(26 keys) v1 ==== 1074+0+0 (secure 0 0 0) 0x7fa42400be70 con 0x7fa434077bb0
2023-12-11T16:09:56.580 INFO:teuthology.orchestra.run.smithi006.stdout:/usr/bin/ceph: stderr
2023-12-11T16:09:55.443+0000 7fa431ffb700 1 -- 172.21.15.6:0/2182598015 <== mon.0 v2:172.21.15.6:3300/0 3 ==== mon_map magic: 0 v1 ==== 229+0+0 (secure 0 0 0) 0x7fa424010380 con 0x7fa434077bb0
2023-12-11T16:09:56.580 INFO:teuthology.orchestra.run.smithi006.stdout:/usr/bin/ceph: stderr
2023-12-11T16:09:55.444+0000 7fa4395e0700 1 -- 172.21.15.6:0/2182598015 >> [v2:172.21.15.6:3300/0,v1:172.21.15.6:6789/0] conn(0x7fa434077bb0 msgr2=0x7fa4340760c0 secure :-1 s=STATE_CONNECTION_ESTABLISHED l=1).mark_down
2023-12-11T16:09:56.580 INFO:teuthology.orchestra.run.smithi006.stdout:/usr/bin/ceph: stderr
2023-12-11T16:09:55.444+0000 7fa4395e0700 1 --2- 172.21.15.6:0/2182598015 >> [v2:172.21.15.6:3300/0,v1:172.21.15.6:6789/0] conn(0x7fa434077bb0 0x7fa4340760c0 secure :-1 s=READY pgs=82 cs=0 l=1 rev1=1 crypto rx=0x7fa4240098e0 tx=0x7fa424009250 comp rx=0 tx=0).stop
2023-12-11T16:09:56.580 INFO:teuthology.orchestra.run.smithi006.stdout:/usr/bin/ceph: stderr
2023-12-11T16:09:55.444+0000 7fa4395e0700 1 -- 172.21.15.6:0/2182598015 shutdown_connections
2023-12-11T16:09:56.581 INFO:teuthology.orchestra.run.smithi006.stdout:/usr/bin/ceph: stderr
2023-12-11T16:09:55.444+0000 7fa4395e0700 1 --2- 172.21.15.6:0/2182598015 >> [v2:172.21.15.6:3300/0,v1:172.21.15.6:6789/0] conn(0x7fa434077bb0 0x7fa4340760c0 unknown :-1 s=CLOSED pgs=82 cs=0 l=1 rev1=1 crypto rx=0 tx=0 comp rx=0 tx=0).stop
2023-12-11T16:09:56.581 INFO:teuthology.orchestra.run.smithi006.stdout:/usr/bin/ceph: stderr
2023-12-11T16:09:55.444+0000 7fa4395e0700 1 -- 172.21.15.6:0/2182598015 >> 172.21.15.6:0/2182598015 conn(0x7fa4340fda50 msgr2=0x7fa4340ffe60 unknown :-1 s=STATE_NONE l=0).mark_down
2023-12-11T16:09:56.581 INFO:teuthology.orchestra.run.smithi006.stdout:/usr/bin/ceph: stderr
2023-12-11T16:09:55.444+0000 7fa4395e0700 1 -- 172.21.15.6:0/2182598015 shutdown_connections
2023-12-11T16:09:56.581 INFO:teuthology.orchestra.run.smithi006.stdout:/usr/bin/ceph: stderr
2023-12-11T16:09:55.444+0000 7fa4395e0700 1 -- 172.21.15.6:0/2182598015 wait complete.
2023-12-11T16:09:56.581 INFO:teuthology.orchestra.run.smithi006.stdout:/usr/bin/ceph: stderr
2023-12-11T16:09:55.445+0000 7fa4395e0700 1 Processor -- start
2023-12-11T16:09:56.581 INFO:teuthology.orchestra.run.smithi006.stdout:/usr/bin/ceph: stderr
2023-12-11T16:09:55.445+0000 7fa4395e0700 1 -- start start
2023-12-11T16:09:56.581 INFO:teuthology.orchestra.run.smithi006.stdout:/usr/bin/ceph: stderr
2023-12-11T16:09:55.445+0000 7fa4395e0700 1 --2- >> [v2:172.21.15.6:3300/0,v1:172.21.15.6:6789/0] conn(0x7fa434077bb0 0x7fa4341133d0 unknown :-1 s=NONE pgs=0 cs=0 l=1 rev1=0 crypto rx=0 tx=0 comp rx=0 tx=0).connect
2023-12-11T16:09:56.581 INFO:teuthology.orchestra.run.smithi006.stdout:/usr/bin/ceph: stderr
2023-12-11T16:09:55.445+0000 7fa4395e0700 1 -- --> [v2:172.21.15.6:3300/0,v1:172.21.15.6:6789/0] -- mon_getmap magic: 0 v1 -- 0x7fa434113910 con 0x7fa434077bb0
2023-12-11T16:09:56.581 INFO:teuthology.orchestra.run.smithi006.stdout:/usr/bin/ceph: stderr
2023-12-11T16:09:55.445+0000 7fa432ffd700 1 --2- >> [v2:172.21.15.6:3300/0,v1:172.21.15.6:6789/0] conn(0x7fa434077bb0 0x7fa4341133d0 unknown :-1 s=BANNER_CONNECTING pgs=0 cs=0 l=1 rev1=0 crypto rx=0 tx=0 comp rx=0 tx=0)._handle_peer_banner_payload supported=3 required=0
2023-12-11T16:09:56.581 INFO:teuthology.orchestra.run.smithi006.stdout:/usr/bin/ceph: stderr
2023-12-11T16:09:55.445+0000 7fa432ffd700 1 --2- >> [v2:172.21.15.6:3300/0,v1:172.21.15.6:6789/0] conn(0x7fa434077bb0 0x7fa4341133d0 unknown :-1 s=HELLO_CONNECTING pgs=0 cs=0 l=1 rev1=1 crypto rx=0 tx=0 comp rx=0 tx=0).handle_hello peer v2:172.21.15.6:3300/0 says I am v2:172.21.15.6:41716/0 (socket says 172.21.15.6:41716)
2023-12-11T16:09:56.581 INFO:teuthology.orchestra.run.smithi006.stdout:/usr/bin/ceph: stderr
2023-12-11T16:09:55.446+0000 7fa432ffd700 1 -- 172.21.15.6:0/1648924829 learned_addr learned my addr 172.21.15.6:0/1648924829 (peer_addr_for_me v2:172.21.15.6:0/0)
2023-12-11T16:09:56.581 INFO:teuthology.orchestra.run.smithi006.stdout:/usr/bin/ceph: stderr
2023-12-11T16:09:55.446+0000 7fa432ffd700 1 -- 172.21.15.6:0/1648924829 --> [v2:172.21.15.6:3300/0,v1:172.21.15.6:6789/0] -- mon_subscribe({config=0+,monmap=0+}) v3 -- 0x7fa4240094f0 con 0x7fa434077bb0
2023-12-11T16:09:56.581 INFO:teuthology.orchestra.run.smithi006.stdout:/usr/bin/ceph: stderr
2023-12-11T16:09:55.446+0000 7fa432ffd700 1 --2- 172.21.15.6:0/1648924829 >> [v2:172.21.15.6:3300/0,v1:172.21.15.6:6789/0] conn(0x7fa434077bb0 0x7fa4341133d0 secure :-1 s=READY pgs=83 cs=0 l=1 rev1=1 crypto rx=0x7fa424006d40 tx=0x7fa424009250 comp rx=0 tx=0).ready entity=mon.0 client_cookie=0 server_cookie=0 in_seq=0 out_seq=0
2023-12-11T16:09:56.581 INFO:teuthology.orchestra.run.smithi006.stdout:/usr/bin/ceph: stderr
2023-12-11T16:09:55.446+0000 7fa41b7fe700 1 -- 172.21.15.6:0/1648924829 <== mon.0 v2:172.21.15.6:3300/0 1 ==== mon_map magic: 0 v1 ==== 229+0+0 (secure 0 0 0) 0x7fa424010960 con 0x7fa434077bb0
2023-12-11T16:09:56.581 INFO:teuthology.orchestra.run.smithi006.stdout:/usr/bin/ceph: stderr
2023-12-11T16:09:55.446+0000 7fa41b7fe700 1 -- 172.21.15.6:0/1648924829 <== mon.0 v2:172.21.15.6:3300/0 2 ==== config(26 keys) v1 ==== 1074+0+0 (secure 0 0 0) 0x7fa42401a430 con 0x7fa434077bb0
2023-12-11T16:09:56.582 INFO:teuthology.orchestra.run.smithi006.stdout:/usr/bin/ceph: stderr
2023-12-11T16:09:55.446+0000 7fa41b7fe700 1 -- 172.21.15.6:0/1648924829 <== mon.0 v2:172.21.15.6:3300/0 3 ==== mon_map magic: 0 v1 ==== 229+0+0 (secure 0 0 0) 0x7fa4240245b0 con 0x7fa434077bb0
2023-12-11T16:09:56.582 INFO:teuthology.orchestra.run.smithi006.stdout:/usr/bin/ceph: stderr
2023-12-11T16:09:55.446+0000 7fa4395e0700 1 -- 172.21.15.6:0/1648924829 --> [v2:172.21.15.6:3300/0,v1:172.21.15.6:6789/0] -- mon_subscribe({mgrmap=0+}) v3 -- 0x7fa434113b10 con 0x7fa434077bb0
2023-12-11T16:09:56.582 INFO:teuthology.orchestra.run.smithi006.stdout:/usr/bin/ceph: stderr
2023-12-11T16:09:55.447+0000 7fa4395e0700 1 -- 172.21.15.6:0/1648924829 --> [v2:172.21.15.6:3300/0,v1:172.21.15.6:6789/0] -- mon_subscribe({osdmap=0}) v3 -- 0x7fa434113f20 con 0x7fa434077bb0
2023-12-11T16:09:56.582 INFO:teuthology.orchestra.run.smithi006.stdout:/usr/bin/ceph: stderr
2023-12-11T16:09:55.448+0000 7fa41b7fe700 1 -- 172.21.15.6:0/1648924829 <== mon.0 v2:172.21.15.6:3300/0 4 ==== mgrmap(e 12) v1 ==== 43294+0+0 (secure 0 0 0) 0x7fa42401a9f0 con 0x7fa434077bb0
2023-12-11T16:09:56.582 INFO:teuthology.orchestra.run.smithi006.stdout:/usr/bin/ceph: stderr
2023-12-11T16:09:55.448+0000 7fa4395e0700 1 -- 172.21.15.6:0/1648924829 --> [v2:172.21.15.6:3300/0,v1:172.21.15.6:6789/0] -- mon_command({"prefix": "get_command_descriptions"} v 0) v1 -- 0x7fa43404bb80 con 0x7fa434077bb0
2023-12-11T16:09:56.582 INFO:teuthology.orchestra.run.smithi006.stdout:/usr/bin/ceph: stderr
2023-12-11T16:09:55.448+0000 7fa41b7fe700 1 --2- 172.21.15.6:0/1648924829 >> [v2:172.21.15.6:6800/2905170800,v1:172.21.15.6:6801/2905170800] conn(0x7fa41c036640 0x7fa41c038af0 unknown :-1 s=NONE pgs=0 cs=0 l=1 rev1=0 crypto rx=0 tx=0 comp rx=0 tx=0).connect
2023-12-11T16:09:56.582 INFO:teuthology.orchestra.run.smithi006.stdout:/usr/bin/ceph: stderr
2023-12-11T16:09:55.448+0000 7fa41b7fe700 1 -- 172.21.15.6:0/1648924829 <== mon.0 v2:172.21.15.6:3300/0 5 ==== osd_map(3..3 src has 1..3) v4 ==== 1151+0+0 (secure 0 0 0) 0x7fa42404a270 con 0x7fa434077bb0
2023-12-11T16:09:56.582 INFO:teuthology.orchestra.run.smithi006.stdout:/usr/bin/ceph: stderr
2023-12-11T16:09:55.448+0000 7fa4327fc700 1 --2- 172.21.15.6:0/1648924829 >> [v2:172.21.15.6:6800/2905170800,v1:172.21.15.6:6801/2905170800] conn(0x7fa41c036640 0x7fa41c038af0 unknown :-1 s=BANNER_CONNECTING pgs=0 cs=0 l=1 rev1=0 crypto rx=0 tx=0 comp rx=0 tx=0)._handle_peer_banner_payload supported=3 required=0
2023-12-11T16:09:56.582 INFO:teuthology.orchestra.run.smithi006.stdout:/usr/bin/ceph: stderr
2023-12-11T16:09:55.449+0000 7fa4327fc700 1 --2- 172.21.15.6:0/1648924829 >> [v2:172.21.15.6:6800/2905170800,v1:172.21.15.6:6801/2905170800] conn(0x7fa41c036640 0x7fa41c038af0 secure :-1 s=READY pgs=8 cs=0 l=1 rev1=1 crypto rx=0x7fa428009990 tx=0x7fa428006e40 comp rx=0 tx=0).ready entity=mgr.14162 client_cookie=0 server_cookie=0 in_seq=0 out_seq=0
2023-12-11T16:09:56.582 INFO:teuthology.orchestra.run.smithi006.stdout:/usr/bin/ceph: stderr
2023-12-11T16:09:55.453+0000 7fa41b7fe700 1 -- 172.21.15.6:0/1648924829 <== mon.0 v2:172.21.15.6:3300/0 6 ==== mon_command_ack([{"prefix": "get_command_descriptions"}]=0 v0) v1 ==== 72+0+174570 (secure 0 0 0) 0x7fa42402b8e0 con 0x7fa434077bb0
2023-12-11T16:09:56.582 INFO:teuthology.orchestra.run.smithi006.stdout:/usr/bin/ceph: stderr
2023-12-11T16:09:55.692+0000 7fa4395e0700 1 -- 172.21.15.6:0/1648924829 --> [v2:172.21.15.6:6800/2905170800,v1:172.21.15.6:6801/2905170800] -- mgr_command(tid 0: {"prefix": "dashboard ac-user-create", "username": "admin", "rolename": "administrator", "force_password": true, "pwd_update_required": true, "target": ["mon-mgr", ""]}) v1 -- 0x7fa434108550 con 0x7fa41c036640
2023-12-11T16:09:56.582 INFO:teuthology.orchestra.run.smithi006.stdout:/usr/bin/ceph: stderr
2023-12-11T16:09:55.941+0000 7fa41b7fe700 1 -- 172.21.15.6:0/1648924829 <== mgr.14162 v2:172.21.15.6:6800/2905170800 1 ==== mgr_command_reply(tid 0: 0 ) v1 ==== 8+0+252 (secure 0 0 0) 0x7fa434108550 con 0x7fa41c036640
2023-12-11T16:09:56.582 INFO:teuthology.orchestra.run.smithi006.stdout:/usr/bin/ceph: stderr
2023-12-11T16:09:55.944+0000 7fa4395e0700 1 -- 172.21.15.6:0/1648924829 >> [v2:172.21.15.6:6800/2905170800,v1:172.21.15.6:6801/2905170800] conn(0x7fa41c036640 msgr2=0x7fa41c038af0 secure :-1 s=STATE_CONNECTION_ESTABLISHED l=1).mark_down
2023-12-11T16:09:56.582 INFO:teuthology.orchestra.run.smithi006.stdout:/usr/bin/ceph: stderr
2023-12-11T16:09:55.944+0000 7fa4395e0700 1 --2- 172.21.15.6:0/1648924829 >> [v2:172.21.15.6:6800/2905170800,v1:172.21.15.6:6801/2905170800] conn(0x7fa41c036640 0x7fa41c038af0 secure :-1 s=READY pgs=8 cs=0 l=1 rev1=1 crypto rx=0x7fa428009990 tx=0x7fa428006e40 comp rx=0 tx=0).stop
2023-12-11T16:09:56.583 INFO:teuthology.orchestra.run.smithi006.stdout:/usr/bin/ceph: stderr
2023-12-11T16:09:55.944+0000 7fa4395e0700 1 -- 172.21.15.6:0/1648924829 >> [v2:172.21.15.6:3300/0,v1:172.21.15.6:6789/0] conn(0x7fa434077bb0 msgr2=0x7fa4341133d0 secure :-1 s=STATE_CONNECTION_ESTABLISHED l=1).mark_down
2023-12-11T16:09:56.583 INFO:teuthology.orchestra.run.smithi006.stdout:/usr/bin/ceph: stderr
2023-12-11T16:09:55.944+0000 7fa4395e0700 1 --2- 172.21.15.6:0/1648924829 >> [v2:172.21.15.6:3300/0,v1:172.21.15.6:6789/0] conn(0x7fa434077bb0 0x7fa4341133d0 secure :-1 s=READY pgs=83 cs=0 l=1 rev1=1 crypto rx=0x7fa424006d40 tx=0x7fa424009250 comp rx=0 tx=0).stop
2023-12-11T16:09:56.583 INFO:teuthology.orchestra.run.smithi006.stdout:/usr/bin/ceph: stderr
2023-12-11T16:09:55.944+0000 7fa4395e0700 1 -- 172.21.15.6:0/1648924829 shutdown_connections
2023-12-11T16:09:56.583 INFO:teuthology.orchestra.run.smithi006.stdout:/usr/bin/ceph: stderr
2023-12-11T16:09:55.944+0000 7fa4395e0700 1 --2- 172.21.15.6:0/1648924829 >> [v2:172.21.15.6:6800/2905170800,v1:172.21.15.6:6801/2905170800] conn(0x7fa41c036640 0x7fa41c038af0 unknown :-1 s=CLOSED pgs=8 cs=0 l=1 rev1=1 crypto rx=0 tx=0 comp rx=0 tx=0).stop
2023-12-11T16:09:56.583 INFO:teuthology.orchestra.run.smithi006.stdout:/usr/bin/ceph: stderr
2023-12-11T16:09:55.944+0000 7fa4395e0700 1 --2- 172.21.15.6:0/1648924829 >> [v2:172.21.15.6:3300/0,v1:172.21.15.6:6789/0] conn(0x7fa434077bb0 0x7fa4341133d0 unknown :-1 s=CLOSED pgs=83 cs=0 l=1 rev1=1 crypto rx=0 tx=0 comp rx=0 tx=0).stop
2023-12-11T16:09:56.583 INFO:teuthology.orchestra.run.smithi006.stdout:/usr/bin/ceph: stderr
2023-12-11T16:09:55.944+0000 7fa4395e0700 1 -- 172.21.15.6:0/1648924829 >> 172.21.15.6:0/1648924829 conn(0x7fa4340fda50 msgr2=0x7fa4340ffe50 unknown :-1 s=STATE_NONE l=0).mark_down
2023-12-11T16:09:56.583 INFO:teuthology.orchestra.run.smithi006.stdout:/usr/bin/ceph: stderr
2023-12-11T16:09:55.944+0000 7fa4395e0700 1 -- 172.21.15.6:0/1648924829 shutdown_connections
2023-12-11T16:09:56.583 INFO:teuthology.orchestra.run.smithi006.stdout:/usr/bin/ceph: stderr
2023-12-11T16:09:55.944+0000 7fa4395e0700 1 -- 172.21.15.6:0/1648924829 wait complete.
2023-12-11T16:09:56.583 INFO:teuthology.orchestra.run.smithi006.stdout:Fetching dashboard port number...
2023-12-11T16:09:57.037 INFO:journalctl@ceph.mon.smithi006.smithi006.stdout:Dec 11 16:09:56 smithi006 ceph-mon[107127]: from='client.14176 -' entity='client.admin' cmd=[{"prefix": "dashboard ac-user-create", "username": "admin", "rolename": "administrator", "force_password": true, "pwd_update_required": true, "target": ["mon-mgr", ""]}]: dispatch
2023-12-11T16:09:57.037 INFO:journalctl@ceph.mon.smithi006.smithi006.stdout:Dec 11 16:09:56 smithi006 ceph-mon[107127]: from='mgr.14162 172.21.15.6:0/2742500215' entity='mgr.smithi006.crytjs'
2023-12-11T16:09:57.547 INFO:teuthology.orchestra.run.smithi006.stdout:/usr/bin/ceph: stdout 8443
2023-12-11T16:09:57.548 INFO:teuthology.orchestra.run.smithi006.stdout:/usr/bin/ceph: stderr
2023-12-11T16:09:56.993+0000 7f19fc3fe700 1 Processor -- start
2023-12-11T16:09:57.548 INFO:teuthology.orchestra.run.smithi006.stdout:/usr/bin/ceph: stderr
2023-12-11T16:09:56.994+0000 7f19fc3fe700 1 -- start start
2023-12-11T16:09:57.548 INFO:teuthology.orchestra.run.smithi006.stdout:/usr/bin/ceph: stderr
2023-12-11T16:09:56.994+0000 7f19fc3fe700 1 --2- >> [v2:172.21.15.6:3300/0,v1:172.21.15.6:6789/0] conn(0x7f19f4077bd0 0x7f19f40760e0 unknown :-1 s=NONE pgs=0 cs=0 l=0 rev1=0 crypto rx=0 tx=0 comp rx=0 tx=0).connect
2023-12-11T16:09:57.548 INFO:teuthology.orchestra.run.smithi006.stdout:/usr/bin/ceph: stderr
2023-12-11T16:09:56.994+0000 7f19fc3fe700 1 -- --> [v2:172.21.15.6:3300/0,v1:172.21.15.6:6789/0] -- mon_getmap magic: 0 v1 -- 0x7f19f4077fe0 con 0x7f19f4077bd0
2023-12-11T16:09:57.548 INFO:teuthology.orchestra.run.smithi006.stdout:/usr/bin/ceph: stderr
2023-12-11T16:09:56.994+0000 7f19fa19a700 1 --2- >> [v2:172.21.15.6:3300/0,v1:172.21.15.6:6789/0] conn(0x7f19f4077bd0 0x7f19f40760e0 unknown :-1 s=BANNER_CONNECTING pgs=0 cs=0 l=0 rev1=0 crypto rx=0 tx=0 comp rx=0 tx=0)._handle_peer_banner_payload supported=3 required=0
2023-12-11T16:09:57.548 INFO:teuthology.orchestra.run.smithi006.stdout:/usr/bin/ceph: stderr
2023-12-11T16:09:56.995+0000 7f19fa19a700 1 --2- >> [v2:172.21.15.6:3300/0,v1:172.21.15.6:6789/0] conn(0x7f19f4077bd0 0x7f19f40760e0 unknown :-1 s=HELLO_CONNECTING pgs=0 cs=0 l=0 rev1=1 crypto rx=0 tx=0 comp rx=0 tx=0).handle_hello peer v2:172.21.15.6:3300/0 says I am v2:172.21.15.6:41720/0 (socket says 172.21.15.6:41720)
2023-12-11T16:09:57.548 INFO:teuthology.orchestra.run.smithi006.stdout:/usr/bin/ceph: stderr
2023-12-11T16:09:56.995+0000 7f19fa19a700 1 -- 172.21.15.6:0/2398880659 learned_addr learned my addr 172.21.15.6:0/2398880659 (peer_addr_for_me v2:172.21.15.6:0/0)
2023-12-11T16:09:57.548 INFO:teuthology.orchestra.run.smithi006.stdout:/usr/bin/ceph: stderr
2023-12-11T16:09:56.995+0000 7f19fa19a700 1 -- 172.21.15.6:0/2398880659 --> [v2:172.21.15.6:3300/0,v1:172.21.15.6:6789/0] -- mon_subscribe({config=0+,monmap=0+}) v3 -- 0x7f19f4076620 con 0x7f19f4077bd0
2023-12-11T16:09:57.548 INFO:teuthology.orchestra.run.smithi006.stdout:/usr/bin/ceph: stderr
2023-12-11T16:09:56.995+0000 7f19fa19a700 1 --2- 172.21.15.6:0/2398880659 >> [v2:172.21.15.6:3300/0,v1:172.21.15.6:6789/0] conn(0x7f19f4077bd0 0x7f19f40760e0 secure :-1 s=READY pgs=84 cs=0 l=1 rev1=1 crypto rx=0x7f19f00098e0 tx=0x7f19f0009250 comp rx=0 tx=0).ready entity=mon.0 client_cookie=67711d6548bee08b server_cookie=0 in_seq=0 out_seq=0
2023-12-11T16:09:57.548 INFO:teuthology.orchestra.run.smithi006.stdout:/usr/bin/ceph: stderr
2023-12-11T16:09:56.995+0000 7f19f9198700 1 -- 172.21.15.6:0/2398880659 <== mon.0 v2:172.21.15.6:3300/0 1 ==== mon_map magic: 0 v1 ==== 229+0+0 (secure 0 0 0) 0x7f19f000b860 con 0x7f19f4077bd0
2023-12-11T16:09:57.548 INFO:teuthology.orchestra.run.smithi006.stdout:/usr/bin/ceph: stderr
2023-12-11T16:09:56.995+0000 7f19f9198700 1 -- 172.21.15.6:0/2398880659 <== mon.0 v2:172.21.15.6:3300/0 2 ==== config(26 keys) v1 ==== 1074+0+0 (secure 0 0 0) 0x7f19f000be70 con 0x7f19f4077bd0
2023-12-11T16:09:57.549 INFO:teuthology.orchestra.run.smithi006.stdout:/usr/bin/ceph: stderr
2023-12-11T16:09:56.995+0000 7f19f9198700 1 -- 172.21.15.6:0/2398880659 <== mon.0 v2:172.21.15.6:3300/0 3 ==== mon_map magic: 0 v1 ==== 229+0+0 (secure 0 0 0) 0x7f19f0010380 con 0x7f19f4077bd0
2023-12-11T16:09:57.549 INFO:teuthology.orchestra.run.smithi006.stdout:/usr/bin/ceph: stderr
2023-12-11T16:09:56.996+0000 7f19fc3fe700 1 -- 172.21.15.6:0/2398880659 >> [v2:172.21.15.6:3300/0,v1:172.21.15.6:6789/0] conn(0x7f19f4077bd0 msgr2=0x7f19f40760e0 secure :-1 s=STATE_CONNECTION_ESTABLISHED l=1).mark_down
2023-12-11T16:09:57.549 INFO:teuthology.orchestra.run.smithi006.stdout:/usr/bin/ceph: stderr
2023-12-11T16:09:56.996+0000 7f19fc3fe700 1 --2- 172.21.15.6:0/2398880659 >> [v2:172.21.15.6:3300/0,v1:172.21.15.6:6789/0] conn(0x7f19f4077bd0 0x7f19f40760e0 secure :-1 s=READY pgs=84 cs=0 l=1 rev1=1 crypto rx=0x7f19f00098e0 tx=0x7f19f0009250 comp rx=0 tx=0).stop
2023-12-11T16:09:57.549 INFO:teuthology.orchestra.run.smithi006.stdout:/usr/bin/ceph: stderr
2023-12-11T16:09:56.996+0000 7f19fc3fe700 1 -- 172.21.15.6:0/2398880659 shutdown_connections
2023-12-11T16:09:57.549 INFO:teuthology.orchestra.run.smithi006.stdout:/usr/bin/ceph: stderr
2023-12-11T16:09:56.996+0000 7f19fc3fe700 1 --2- 172.21.15.6:0/2398880659 >> [v2:172.21.15.6:3300/0,v1:172.21.15.6:6789/0] conn(0x7f19f4077bd0 0x7f19f40760e0 unknown :-1 s=CLOSED pgs=84 cs=0 l=1 rev1=1 crypto rx=0 tx=0 comp rx=0 tx=0).stop
2023-12-11T16:09:57.549 INFO:teuthology.orchestra.run.smithi006.stdout:/usr/bin/ceph: stderr
2023-12-11T16:09:56.996+0000 7f19fc3fe700 1 -- 172.21.15.6:0/2398880659 >> 172.21.15.6:0/2398880659 conn(0x7f19f40fda50 msgr2=0x7f19f40ffe60 unknown :-1 s=STATE_NONE l=0).mark_down
2023-12-11T16:09:57.549 INFO:teuthology.orchestra.run.smithi006.stdout:/usr/bin/ceph: stderr
2023-12-11T16:09:56.996+0000 7f19fc3fe700 1 -- 172.21.15.6:0/2398880659 shutdown_connections
2023-12-11T16:09:57.549 INFO:teuthology.orchestra.run.smithi006.stdout:/usr/bin/ceph: stderr
2023-12-11T16:09:56.996+0000 7f19fc3fe700 1 -- 172.21.15.6:0/2398880659 wait complete.
2023-12-11T16:09:57.549 INFO:teuthology.orchestra.run.smithi006.stdout:/usr/bin/ceph: stderr
2023-12-11T16:09:56.997+0000 7f19fc3fe700 1 Processor -- start
2023-12-11T16:09:57.549 INFO:teuthology.orchestra.run.smithi006.stdout:/usr/bin/ceph: stderr
2023-12-11T16:09:56.997+0000 7f19fc3fe700 1 -- start start
2023-12-11T16:09:57.550 INFO:teuthology.orchestra.run.smithi006.stdout:/usr/bin/ceph: stderr
2023-12-11T16:09:56.997+0000 7f19fc3fe700 1 --2- >> [v2:172.21.15.6:3300/0,v1:172.21.15.6:6789/0] conn(0x7f19f4077bd0 0x7f19f4113370 unknown :-1 s=NONE pgs=0 cs=0 l=1 rev1=0 crypto rx=0 tx=0 comp rx=0 tx=0).connect
2023-12-11T16:09:57.550 INFO:teuthology.orchestra.run.smithi006.stdout:/usr/bin/ceph: stderr
2023-12-11T16:09:56.997+0000 7f19fc3fe700 1 -- --> [v2:172.21.15.6:3300/0,v1:172.21.15.6:6789/0] -- mon_getmap magic: 0 v1 -- 0x7f19f41138b0 con 0x7f19f4077bd0
2023-12-11T16:09:57.550 INFO:teuthology.orchestra.run.smithi006.stdout:/usr/bin/ceph: stderr
2023-12-11T16:09:56.998+0000 7f19fa19a700 1 --2- >> [v2:172.21.15.6:3300/0,v1:172.21.15.6:6789/0] conn(0x7f19f4077bd0 0x7f19f4113370 unknown :-1 s=BANNER_CONNECTING pgs=0 cs=0 l=1 rev1=0 crypto rx=0 tx=0 comp rx=0 tx=0)._handle_peer_banner_payload supported=3 required=0
2023-12-11T16:09:57.550 INFO:teuthology.orchestra.run.smithi006.stdout:/usr/bin/ceph: stderr
2023-12-11T16:09:56.998+0000 7f19fa19a700 1 --2- >> [v2:172.21.15.6:3300/0,v1:172.21.15.6:6789/0] conn(0x7f19f4077bd0 0x7f19f4113370 unknown :-1 s=HELLO_CONNECTING pgs=0 cs=0 l=1 rev1=1 crypto rx=0 tx=0 comp rx=0 tx=0).handle_hello peer v2:172.21.15.6:3300/0 says I am v2:172.21.15.6:41724/0 (socket says 172.21.15.6:41724)
2023-12-11T16:09:57.550 INFO:teuthology.orchestra.run.smithi006.stdout:/usr/bin/ceph: stderr
2023-12-11T16:09:56.998+0000 7f19fa19a700 1 -- 172.21.15.6:0/4261279017 learned_addr learned my addr 172.21.15.6:0/4261279017 (peer_addr_for_me v2:172.21.15.6:0/0)
2023-12-11T16:09:57.550 INFO:teuthology.orchestra.run.smithi006.stdout:/usr/bin/ceph: stderr
2023-12-11T16:09:56.998+0000 7f19fa19a700 1 -- 172.21.15.6:0/4261279017 --> [v2:172.21.15.6:3300/0,v1:172.21.15.6:6789/0] -- mon_subscribe({config=0+,monmap=0+}) v3 -- 0x7f19f00094f0 con 0x7f19f4077bd0
2023-12-11T16:09:57.550 INFO:teuthology.orchestra.run.smithi006.stdout:/usr/bin/ceph: stderr
2023-12-11T16:09:56.998+0000 7f19fa19a700 1 --2- 172.21.15.6:0/4261279017 >> [v2:172.21.15.6:3300/0,v1:172.21.15.6:6789/0] conn(0x7f19f4077bd0 0x7f19f4113370 secure :-1 s=READY pgs=85 cs=0 l=1 rev1=1 crypto rx=0x7f19f0006d40 tx=0x7f19f0009250 comp rx=0 tx=0).ready entity=mon.0 client_cookie=0 server_cookie=0 in_seq=0 out_seq=0
2023-12-11T16:09:57.550 INFO:teuthology.orchestra.run.smithi006.stdout:/usr/bin/ceph: stderr
2023-12-11T16:09:56.999+0000 7f19eaffd700 1 -- 172.21.15.6:0/4261279017 <== mon.0 v2:172.21.15.6:3300/0 1 ==== mon_map magic: 0 v1 ==== 229+0+0 (secure 0 0 0) 0x7f19f0010960 con 0x7f19f4077bd0
2023-12-11T16:09:57.550 INFO:teuthology.orchestra.run.smithi006.stdout:/usr/bin/ceph: stderr
2023-12-11T16:09:56.999+0000 7f19eaffd700 1 -- 172.21.15.6:0/4261279017 <== mon.0 v2:172.21.15.6:3300/0 2 ==== config(26 keys) v1 ==== 1074+0+0 (secure 0 0 0) 0x7f19f001a430 con 0x7f19f4077bd0
2023-12-11T16:09:57.550 INFO:teuthology.orchestra.run.smithi006.stdout:/usr/bin/ceph: stderr
2023-12-11T16:09:56.999+0000 7f19fc3fe700 1 -- 172.21.15.6:0/4261279017 --> [v2:172.21.15.6:3300/0,v1:172.21.15.6:6789/0] -- mon_subscribe({mgrmap=0+}) v3 -- 0x7f19f4113ab0 con 0x7f19f4077bd0
2023-12-11T16:09:57.550 INFO:teuthology.orchestra.run.smithi006.stdout:/usr/bin/ceph: stderr
2023-12-11T16:09:56.999+0000 7f19eaffd700 1 -- 172.21.15.6:0/4261279017 <== mon.0 v2:172.21.15.6:3300/0 3 ==== mon_map magic: 0 v1 ==== 229+0+0 (secure 0 0 0) 0x7f19f00245b0 con 0x7f19f4077bd0
2023-12-11T16:09:57.550 INFO:teuthology.orchestra.run.smithi006.stdout:/usr/bin/ceph: stderr
2023-12-11T16:09:56.999+0000 7f19fc3fe700 1 -- 172.21.15.6:0/4261279017 --> [v2:172.21.15.6:3300/0,v1:172.21.15.6:6789/0] -- mon_subscribe({osdmap=0}) v3 -- 0x7f19f4113ec0 con 0x7f19f4077bd0
2023-12-11T16:09:57.550 INFO:teuthology.orchestra.run.smithi006.stdout:/usr/bin/ceph: stderr
2023-12-11T16:09:57.000+0000 7f19eaffd700 1 -- 172.21.15.6:0/4261279017 <== mon.0 v2:172.21.15.6:3300/0 4 ==== mgrmap(e 12) v1 ==== 43294+0+0 (secure 0 0 0) 0x7f19f001a9f0 con 0x7f19f4077bd0
2023-12-11T16:09:57.551 INFO:teuthology.orchestra.run.smithi006.stdout:/usr/bin/ceph: stderr
2023-12-11T16:09:57.000+0000 7f19fc3fe700 1 -- 172.21.15.6:0/4261279017 --> [v2:172.21.15.6:3300/0,v1:172.21.15.6:6789/0] -- mon_command({"prefix": "get_command_descriptions"} v 0) v1 -- 0x7f19f404bb80 con 0x7f19f4077bd0
2023-12-11T16:09:57.551 INFO:teuthology.orchestra.run.smithi006.stdout:/usr/bin/ceph: stderr
2023-12-11T16:09:57.000+0000 7f19eaffd700 1 --2- 172.21.15.6:0/4261279017 >> [v2:172.21.15.6:6800/2905170800,v1:172.21.15.6:6801/2905170800] conn(0x7f19e0036640 0x7f19e0038af0 unknown :-1 s=NONE pgs=0 cs=0 l=1 rev1=0 crypto rx=0 tx=0 comp rx=0 tx=0).connect
2023-12-11T16:09:57.551 INFO:teuthology.orchestra.run.smithi006.stdout:/usr/bin/ceph: stderr
2023-12-11T16:09:57.000+0000 7f19eaffd700 1 -- 172.21.15.6:0/4261279017 <== mon.0 v2:172.21.15.6:3300/0 5 ==== osd_map(3..3 src has 1..3) v4 ==== 1151+0+0 (secure 0 0 0) 0x7f19f004a330 con 0x7f19f4077bd0
2023-12-11T16:09:57.551 INFO:teuthology.orchestra.run.smithi006.stdout:/usr/bin/ceph: stderr
2023-12-11T16:09:57.000+0000 7f19f9999700 1 --2- 172.21.15.6:0/4261279017 >> [v2:172.21.15.6:6800/2905170800,v1:172.21.15.6:6801/2905170800] conn(0x7f19e0036640 0x7f19e0038af0 unknown :-1 s=BANNER_CONNECTING pgs=0 cs=0 l=1 rev1=0 crypto rx=0 tx=0 comp rx=0 tx=0)._handle_peer_banner_payload supported=3 required=0
2023-12-11T16:09:57.551 INFO:teuthology.orchestra.run.smithi006.stdout:/usr/bin/ceph: stderr
2023-12-11T16:09:57.001+0000 7f19f9999700 1 --2- 172.21.15.6:0/4261279017 >> [v2:172.21.15.6:6800/2905170800,v1:172.21.15.6:6801/2905170800] conn(0x7f19e0036640 0x7f19e0038af0 secure :-1 s=READY pgs=9 cs=0 l=1 rev1=1 crypto rx=0x7f19e4009990 tx=0x7f19e4006e40 comp rx=0 tx=0).ready entity=mgr.14162 client_cookie=0 server_cookie=0 in_seq=0 out_seq=0
2023-12-11T16:09:57.551 INFO:teuthology.orchestra.run.smithi006.stdout:/usr/bin/ceph: stderr
2023-12-11T16:09:57.005+0000 7f19eaffd700 1 -- 172.21.15.6:0/4261279017 <== mon.0 v2:172.21.15.6:3300/0 6 ==== mon_command_ack([{"prefix": "get_command_descriptions"}]=0 v0) v1 ==== 72+0+174570 (secure 0 0 0) 0x7f19f002b8e0 con 0x7f19f4077bd0
2023-12-11T16:09:57.551 INFO:teuthology.orchestra.run.smithi006.stdout:/usr/bin/ceph: stderr
2023-12-11T16:09:57.209+0000 7f19fc3fe700 1 -- 172.21.15.6:0/4261279017 --> [v2:172.21.15.6:3300/0,v1:172.21.15.6:6789/0] -- mon_command({"prefix": "config get", "who": "mgr", "key": "mgr/dashboard/ssl_server_port"} v 0) v1 -- 0x7f19f4108540 con 0x7f19f4077bd0
2023-12-11T16:09:57.551 INFO:teuthology.orchestra.run.smithi006.stdout:/usr/bin/ceph: stderr
2023-12-11T16:09:57.209+0000 7f19eaffd700 1 -- 172.21.15.6:0/4261279017 <== mon.0 v2:172.21.15.6:3300/0 7 ==== mon_command_ack([{"prefix": "config get", "who": "mgr", "key": "mgr/dashboard/ssl_server_port"}]=0 v8) v1 ==== 112+0+5 (secure 0 0 0) 0x7f19f002b2f0 con 0x7f19f4077bd0
2023-12-11T16:09:57.551 INFO:teuthology.orchestra.run.smithi006.stdout:/usr/bin/ceph: stderr
2023-12-11T16:09:57.211+0000 7f19fc3fe700 1 -- 172.21.15.6:0/4261279017 >> [v2:172.21.15.6:6800/2905170800,v1:172.21.15.6:6801/2905170800] conn(0x7f19e0036640 msgr2=0x7f19e0038af0 secure :-1 s=STATE_CONNECTION_ESTABLISHED l=1).mark_down
2023-12-11T16:09:57.551 INFO:teuthology.orchestra.run.smithi006.stdout:/usr/bin/ceph: stderr
2023-12-11T16:09:57.211+0000 7f19fc3fe700 1 --2- 172.21.15.6:0/4261279017 >> [v2:172.21.15.6:6800/2905170800,v1:172.21.15.6:6801/2905170800] conn(0x7f19e0036640 0x7f19e0038af0 secure :-1 s=READY pgs=9 cs=0 l=1 rev1=1 crypto rx=0x7f19e4009990 tx=0x7f19e4006e40 comp rx=0 tx=0).stop
2023-12-11T16:09:57.551 INFO:teuthology.orchestra.run.smithi006.stdout:/usr/bin/ceph: stderr
2023-12-11T16:09:57.211+0000 7f19fc3fe700 1 -- 172.21.15.6:0/4261279017 >> [v2:172.21.15.6:3300/0,v1:172.21.15.6:6789/0] conn(0x7f19f4077bd0 msgr2=0x7f19f4113370 secure :-1 s=STATE_CONNECTION_ESTABLISHED l=1).mark_down
2023-12-11T16:09:57.551 INFO:teuthology.orchestra.run.smithi006.stdout:/usr/bin/ceph: stderr
2023-12-11T16:09:57.211+0000 7f19fc3fe700 1 --2- 172.21.15.6:0/4261279017 >> [v2:172.21.15.6:3300/0,v1:172.21.15.6:6789/0] conn(0x7f19f4077bd0 0x7f19f4113370 secure :-1 s=READY pgs=85 cs=0 l=1 rev1=1 crypto rx=0x7f19f0006d40 tx=0x7f19f0009250 comp rx=0 tx=0).stop
2023-12-11T16:09:57.551 INFO:teuthology.orchestra.run.smithi006.stdout:/usr/bin/ceph: stderr
2023-12-11T16:09:57.211+0000 7f19fc3fe700 1 -- 172.21.15.6:0/4261279017 shutdown_connections
2023-12-11T16:09:57.551 INFO:teuthology.orchestra.run.smithi006.stdout:/usr/bin/ceph: stderr
2023-12-11T16:09:57.211+0000 7f19fc3fe700 1 --2- 172.21.15.6:0/4261279017 >> [v2:172.21.15.6:6800/2905170800,v1:172.21.15.6:6801/2905170800] conn(0x7f19e0036640 0x7f19e0038af0 unknown :-1 s=CLOSED pgs=9 cs=0 l=1 rev1=1 crypto rx=0 tx=0 comp rx=0 tx=0).stop
2023-12-11T16:09:57.552 INFO:teuthology.orchestra.run.smithi006.stdout:/usr/bin/ceph: stderr
2023-12-11T16:09:57.211+0000 7f19fc3fe700 1 --2- 172.21.15.6:0/4261279017 >> [v2:172.21.15.6:3300/0,v1:172.21.15.6:6789/0] conn(0x7f19f4077bd0 0x7f19f4113370 unknown :-1 s=CLOSED pgs=85 cs=0 l=1 rev1=1 crypto rx=0 tx=0 comp rx=0 tx=0).stop
2023-12-11T16:09:57.552 INFO:teuthology.orchestra.run.smithi006.stdout:/usr/bin/ceph: stderr
2023-12-11T16:09:57.211+0000 7f19fc3fe700 1 -- 172.21.15.6:0/4261279017 >> 172.21.15.6:0/4261279017 conn(0x7f19f40fda50 msgr2=0x7f19f40ffe10 unknown :-1 s=STATE_NONE l=0).mark_down
2023-12-11T16:09:57.552 INFO:teuthology.orchestra.run.smithi006.stdout:/usr/bin/ceph: stderr
2023-12-11T16:09:57.212+0000 7f19fc3fe700 1 -- 172.21.15.6:0/4261279017 shutdown_connections
2023-12-11T16:09:57.552 INFO:teuthology.orchestra.run.smithi006.stdout:/usr/bin/ceph: stderr
2023-12-11T16:09:57.212+0000 7f19fc3fe700 1 -- 172.21.15.6:0/4261279017 wait complete.
2023-12-11T16:09:57.559 INFO:teuthology.orchestra.run.smithi006.stdout:Non-zero exit code 1 from systemctl is-enabled firewalld.service
2023-12-11T16:09:57.560 INFO:teuthology.orchestra.run.smithi006.stdout:systemctl: stdout disabled
2023-12-11T16:09:57.578 INFO:teuthology.orchestra.run.smithi006.stdout:Non-zero exit code 3 from systemctl is-active firewalld.service
2023-12-11T16:09:57.578 INFO:teuthology.orchestra.run.smithi006.stdout:systemctl: stdout inactive
2023-12-11T16:09:57.578 INFO:teuthology.orchestra.run.smithi006.stdout:firewalld.service is not enabled
2023-12-11T16:09:57.578 INFO:teuthology.orchestra.run.smithi006.stdout:Not possible to open ports <[8443]>. firewalld.service is not available
2023-12-11T16:09:57.581 INFO:teuthology.orchestra.run.smithi006.stdout:Ceph Dashboard is now available at:
2023-12-11T16:09:57.581 INFO:teuthology.orchestra.run.smithi006.stdout:
2023-12-11T16:09:57.581 INFO:teuthology.orchestra.run.smithi006.stdout: URL: https://smithi006.front.sepia.ceph.com:8443/
2023-12-11T16:09:57.581 INFO:teuthology.orchestra.run.smithi006.stdout: User: admin
2023-12-11T16:09:57.581 INFO:teuthology.orchestra.run.smithi006.stdout: Password: 8awqahimgg
2023-12-11T16:09:57.582 INFO:teuthology.orchestra.run.smithi006.stdout:
2023-12-11T16:09:57.583 INFO:teuthology.orchestra.run.smithi006.stdout:Saving cluster configuration to /var/lib/ceph/786b6c60-983f-11ee-95a3-87774f69a715/config directory
2023-12-11T16:09:57.583 INFO:teuthology.orchestra.run.smithi006.stdout:Enabling autotune for osd_memory_target
2023-12-11T16:09:58.037 INFO:journalctl@ceph.mon.smithi006.smithi006.stdout:Dec 11 16:09:57 smithi006 ceph-mon[107127]: from='client.? 172.21.15.6:0/4261279017' entity='client.admin' cmd=[{"prefix": "config get", "who": "mgr", "key": "mgr/dashboard/ssl_server_port"}]: dispatch
2023-12-11T16:09:58.481 INFO:teuthology.orchestra.run.smithi006.stdout:/usr/bin/ceph: stderr
2023-12-11T16:09:57.946+0000 7f93c4413700 1 Processor -- start
2023-12-11T16:09:58.481 INFO:teuthology.orchestra.run.smithi006.stdout:/usr/bin/ceph: stderr
2023-12-11T16:09:57.946+0000 7f93c4413700 1 -- start start
2023-12-11T16:09:58.481 INFO:teuthology.orchestra.run.smithi006.stdout:/usr/bin/ceph: stderr
2023-12-11T16:09:57.946+0000 7f93c4413700 1 --2- >> [v2:172.21.15.6:3300/0,v1:172.21.15.6:6789/0] conn(0x7f93bc077bb0 0x7f93bc0760c0 unknown :-1 s=NONE pgs=0 cs=0 l=0 rev1=0 crypto rx=0 tx=0 comp rx=0 tx=0).connect
2023-12-11T16:09:58.481 INFO:teuthology.orchestra.run.smithi006.stdout:/usr/bin/ceph: stderr
2023-12-11T16:09:57.946+0000 7f93c4413700 1 -- --> [v2:172.21.15.6:3300/0,v1:172.21.15.6:6789/0] -- mon_getmap magic: 0 v1 -- 0x7f93bc077fc0 con 0x7f93bc077bb0
2023-12-11T16:09:58.481 INFO:teuthology.orchestra.run.smithi006.stdout:/usr/bin/ceph: stderr
2023-12-11T16:09:57.946+0000 7f93c21af700 1 --2- >> [v2:172.21.15.6:3300/0,v1:172.21.15.6:6789/0] conn(0x7f93bc077bb0 0x7f93bc0760c0 unknown :-1 s=BANNER_CONNECTING pgs=0 cs=0 l=0 rev1=0 crypto rx=0 tx=0 comp rx=0 tx=0)._handle_peer_banner_payload supported=3 required=0
2023-12-11T16:09:58.481 INFO:teuthology.orchestra.run.smithi006.stdout:/usr/bin/ceph: stderr
2023-12-11T16:09:57.946+0000 7f93c21af700 1 --2- >> [v2:172.21.15.6:3300/0,v1:172.21.15.6:6789/0] conn(0x7f93bc077bb0 0x7f93bc0760c0 unknown :-1 s=HELLO_CONNECTING pgs=0 cs=0 l=0 rev1=1 crypto rx=0 tx=0 comp rx=0 tx=0).handle_hello peer v2:172.21.15.6:3300/0 says I am v2:172.21.15.6:51572/0 (socket says 172.21.15.6:51572)
2023-12-11T16:09:58.481 INFO:teuthology.orchestra.run.smithi006.stdout:/usr/bin/ceph: stderr
2023-12-11T16:09:57.947+0000 7f93c21af700 1 -- 172.21.15.6:0/2000108899 learned_addr learned my addr 172.21.15.6:0/2000108899 (peer_addr_for_me v2:172.21.15.6:0/0)
2023-12-11T16:09:58.482 INFO:teuthology.orchestra.run.smithi006.stdout:/usr/bin/ceph: stderr
2023-12-11T16:09:57.947+0000 7f93c21af700 1 -- 172.21.15.6:0/2000108899 --> [v2:172.21.15.6:3300/0,v1:172.21.15.6:6789/0] -- mon_subscribe({config=0+,monmap=0+}) v3 -- 0x7f93bc076600 con 0x7f93bc077bb0
2023-12-11T16:09:58.482 INFO:teuthology.orchestra.run.smithi006.stdout:/usr/bin/ceph: stderr
2023-12-11T16:09:57.947+0000 7f93c21af700 1 --2- 172.21.15.6:0/2000108899 >> [v2:172.21.15.6:3300/0,v1:172.21.15.6:6789/0] conn(0x7f93bc077bb0 0x7f93bc0760c0 secure :-1 s=READY pgs=86 cs=0 l=1 rev1=1 crypto rx=0x7f93b80098e0 tx=0x7f93b8009250 comp rx=0 tx=0).ready entity=mon.0 client_cookie=80b745b4fda814e5 server_cookie=0 in_seq=0 out_seq=0
2023-12-11T16:09:58.482 INFO:teuthology.orchestra.run.smithi006.stdout:/usr/bin/ceph: stderr
2023-12-11T16:09:57.947+0000 7f93c11ad700 1 -- 172.21.15.6:0/2000108899 <== mon.0 v2:172.21.15.6:3300/0 1 ==== mon_map magic: 0 v1 ==== 229+0+0 (secure 0 0 0) 0x7f93b800b860 con 0x7f93bc077bb0
2023-12-11T16:09:58.482 INFO:teuthology.orchestra.run.smithi006.stdout:/usr/bin/ceph: stderr
2023-12-11T16:09:57.947+0000 7f93c11ad700 1 -- 172.21.15.6:0/2000108899 <== mon.0 v2:172.21.15.6:3300/0 2 ==== config(26 keys) v1 ==== 1074+0+0 (secure 0 0 0) 0x7f93b800be70 con 0x7f93bc077bb0
2023-12-11T16:09:58.482 INFO:teuthology.orchestra.run.smithi006.stdout:/usr/bin/ceph: stderr
2023-12-11T16:09:57.947+0000 7f93c11ad700 1 -- 172.21.15.6:0/2000108899 <== mon.0 v2:172.21.15.6:3300/0 3 ==== mon_map magic: 0 v1 ==== 229+0+0 (secure 0 0 0) 0x7f93b8010380 con 0x7f93bc077bb0
2023-12-11T16:09:58.482 INFO:teuthology.orchestra.run.smithi006.stdout:/usr/bin/ceph: stderr
2023-12-11T16:09:57.949+0000 7f93c4413700 1 -- 172.21.15.6:0/2000108899 >> [v2:172.21.15.6:3300/0,v1:172.21.15.6:6789/0] conn(0x7f93bc077bb0 msgr2=0x7f93bc0760c0 secure :-1 s=STATE_CONNECTION_ESTABLISHED l=1).mark_down
2023-12-11T16:09:58.482 INFO:teuthology.orchestra.run.smithi006.stdout:/usr/bin/ceph: stderr
2023-12-11T16:09:57.949+0000 7f93c4413700 1 --2- 172.21.15.6:0/2000108899 >> [v2:172.21.15.6:3300/0,v1:172.21.15.6:6789/0] conn(0x7f93bc077bb0 0x7f93bc0760c0 secure :-1 s=READY pgs=86 cs=0 l=1 rev1=1 crypto rx=0x7f93b80098e0 tx=0x7f93b8009250 comp rx=0 tx=0).stop
2023-12-11T16:09:58.482 INFO:teuthology.orchestra.run.smithi006.stdout:/usr/bin/ceph: stderr
2023-12-11T16:09:57.949+0000 7f93c4413700 1 -- 172.21.15.6:0/2000108899 shutdown_connections
2023-12-11T16:09:58.482 INFO:teuthology.orchestra.run.smithi006.stdout:/usr/bin/ceph: stderr
2023-12-11T16:09:57.949+0000 7f93c4413700 1 --2- 172.21.15.6:0/2000108899 >> [v2:172.21.15.6:3300/0,v1:172.21.15.6:6789/0] conn(0x7f93bc077bb0 0x7f93bc0760c0 unknown :-1 s=CLOSED pgs=86 cs=0 l=1 rev1=1 crypto rx=0 tx=0 comp rx=0 tx=0).stop
2023-12-11T16:09:58.482 INFO:teuthology.orchestra.run.smithi006.stdout:/usr/bin/ceph: stderr
2023-12-11T16:09:57.949+0000 7f93c4413700 1 -- 172.21.15.6:0/2000108899 >> 172.21.15.6:0/2000108899 conn(0x7f93bc0fda50 msgr2=0x7f93bc0ffe60 unknown :-1 s=STATE_NONE l=0).mark_down
2023-12-11T16:09:58.482 INFO:teuthology.orchestra.run.smithi006.stdout:/usr/bin/ceph: stderr
2023-12-11T16:09:57.949+0000 7f93c4413700 1 -- 172.21.15.6:0/2000108899 shutdown_connections
2023-12-11T16:09:58.482 INFO:teuthology.orchestra.run.smithi006.stdout:/usr/bin/ceph: stderr
2023-12-11T16:09:57.949+0000 7f93c4413700 1 -- 172.21.15.6:0/2000108899 wait complete.
2023-12-11T16:09:58.482 INFO:teuthology.orchestra.run.smithi006.stdout:/usr/bin/ceph: stderr
2023-12-11T16:09:57.950+0000 7f93c4413700 1 Processor -- start
2023-12-11T16:09:58.483 INFO:teuthology.orchestra.run.smithi006.stdout:/usr/bin/ceph: stderr
2023-12-11T16:09:57.950+0000 7f93c4413700 1 -- start start
2023-12-11T16:09:58.483 INFO:teuthology.orchestra.run.smithi006.stdout:/usr/bin/ceph: stderr
2023-12-11T16:09:57.950+0000 7f93c4413700 1 --2- >> [v2:172.21.15.6:3300/0,v1:172.21.15.6:6789/0] conn(0x7f93bc077bb0 0x7f93bc1133a0 unknown :-1 s=NONE pgs=0 cs=0 l=1 rev1=0 crypto rx=0 tx=0 comp rx=0 tx=0).connect
2023-12-11T16:09:58.483 INFO:teuthology.orchestra.run.smithi006.stdout:/usr/bin/ceph: stderr
2023-12-11T16:09:57.950+0000 7f93c4413700 1 -- --> [v2:172.21.15.6:3300/0,v1:172.21.15.6:6789/0] -- mon_getmap magic: 0 v1 -- 0x7f93bc1138e0 con 0x7f93bc077bb0
2023-12-11T16:09:58.483 INFO:teuthology.orchestra.run.smithi006.stdout:/usr/bin/ceph: stderr
2023-12-11T16:09:57.951+0000 7f93c21af700 1 --2- >> [v2:172.21.15.6:3300/0,v1:172.21.15.6:6789/0] conn(0x7f93bc077bb0 0x7f93bc1133a0 unknown :-1 s=BANNER_CONNECTING pgs=0 cs=0 l=1 rev1=0 crypto rx=0 tx=0 comp rx=0 tx=0)._handle_peer_banner_payload supported=3 required=0
2023-12-11T16:09:58.483 INFO:teuthology.orchestra.run.smithi006.stdout:/usr/bin/ceph: stderr
2023-12-11T16:09:57.951+0000 7f93c21af700 1 --2- >> [v2:172.21.15.6:3300/0,v1:172.21.15.6:6789/0] conn(0x7f93bc077bb0 0x7f93bc1133a0 unknown :-1 s=HELLO_CONNECTING pgs=0 cs=0 l=1 rev1=1 crypto rx=0 tx=0 comp rx=0 tx=0).handle_hello peer v2:172.21.15.6:3300/0 says I am v2:172.21.15.6:51586/0 (socket says 172.21.15.6:51586)
2023-12-11T16:09:58.483 INFO:teuthology.orchestra.run.smithi006.stdout:/usr/bin/ceph: stderr
2023-12-11T16:09:57.951+0000 7f93c21af700 1 -- 172.21.15.6:0/1069436012 learned_addr learned my addr 172.21.15.6:0/1069436012 (peer_addr_for_me v2:172.21.15.6:0/0)
2023-12-11T16:09:58.483 INFO:teuthology.orchestra.run.smithi006.stdout:/usr/bin/ceph: stderr
2023-12-11T16:09:57.951+0000 7f93c21af700 1 -- 172.21.15.6:0/1069436012 --> [v2:172.21.15.6:3300/0,v1:172.21.15.6:6789/0] -- mon_subscribe({config=0+,monmap=0+}) v3 -- 0x7f93b80094f0 con 0x7f93bc077bb0
2023-12-11T16:09:58.483 INFO:teuthology.orchestra.run.smithi006.stdout:/usr/bin/ceph: stderr
2023-12-11T16:09:57.951+0000 7f93c21af700 1 --2- 172.21.15.6:0/1069436012 >> [v2:172.21.15.6:3300/0,v1:172.21.15.6:6789/0] conn(0x7f93bc077bb0 0x7f93bc1133a0 secure :-1 s=READY pgs=87 cs=0 l=1 rev1=1 crypto rx=0x7f93b80094c0 tx=0x7f93b8009250 comp rx=0 tx=0).ready entity=mon.0 client_cookie=0 server_cookie=0 in_seq=0 out_seq=0
2023-12-11T16:09:58.483 INFO:teuthology.orchestra.run.smithi006.stdout:/usr/bin/ceph: stderr
2023-12-11T16:09:57.951+0000 7f93b2ffd700 1 -- 172.21.15.6:0/1069436012 <== mon.0 v2:172.21.15.6:3300/0 1 ==== mon_map magic: 0 v1 ==== 229+0+0 (secure 0 0 0) 0x7f93b8010850 con 0x7f93bc077bb0
2023-12-11T16:09:58.483 INFO:teuthology.orchestra.run.smithi006.stdout:/usr/bin/ceph: stderr
2023-12-11T16:09:57.951+0000 7f93b2ffd700 1 -- 172.21.15.6:0/1069436012 <== mon.0 v2:172.21.15.6:3300/0 2 ==== config(26 keys) v1 ==== 1074+0+0 (secure 0 0 0) 0x7f93b8010e60 con 0x7f93bc077bb0
2023-12-11T16:09:58.483 INFO:teuthology.orchestra.run.smithi006.stdout:/usr/bin/ceph: stderr
2023-12-11T16:09:57.951+0000 7f93b2ffd700 1 -- 172.21.15.6:0/1069436012 <== mon.0 v2:172.21.15.6:3300/0 3 ==== mon_map magic: 0 v1 ==== 229+0+0 (secure 0 0 0) 0x7f93b801a430 con 0x7f93bc077bb0
2023-12-11T16:09:58.483 INFO:teuthology.orchestra.run.smithi006.stdout:/usr/bin/ceph: stderr
2023-12-11T16:09:57.951+0000 7f93c4413700 1 -- 172.21.15.6:0/1069436012 --> [v2:172.21.15.6:3300/0,v1:172.21.15.6:6789/0] -- mon_subscribe({mgrmap=0+}) v3 -- 0x7f93bc113ae0 con 0x7f93bc077bb0
2023-12-11T16:09:58.483 INFO:teuthology.orchestra.run.smithi006.stdout:/usr/bin/ceph: stderr
2023-12-11T16:09:57.952+0000 7f93c4413700 1 -- 172.21.15.6:0/1069436012 --> [v2:172.21.15.6:3300/0,v1:172.21.15.6:6789/0] -- mon_subscribe({osdmap=0}) v3 -- 0x7f93bc113ef0 con 0x7f93bc077bb0
2023-12-11T16:09:58.483 INFO:teuthology.orchestra.run.smithi006.stdout:/usr/bin/ceph: stderr
2023-12-11T16:09:57.953+0000 7f93b2ffd700 1 -- 172.21.15.6:0/1069436012 <== mon.0 v2:172.21.15.6:3300/0 4 ==== mgrmap(e 12) v1 ==== 43294+0+0 (secure 0 0 0) 0x7f93b80247b0 con 0x7f93bc077bb0
2023-12-11T16:09:58.483 INFO:teuthology.orchestra.run.smithi006.stdout:/usr/bin/ceph: stderr
