2023-12-11T16:49:29.170 INFO:teuthology.orchestra.run.smithi148.stdout:Fetching dashboard port number...
2023-12-11T16:49:29.716 INFO:journalctl@ceph.mon.a.smithi148.stdout:Dec 11 16:49:29 smithi148 ceph-mon[97895]: from='client.14162 -' entity='client.admin' cmd=[{"prefix": "dashboard ac-user-create", "username": "admin", "rolename": "administrator", "force_password": true, "pwd_update_required": true, "target": ["mon-mgr", ""]}]: dispatch
2023-12-11T16:49:29.716 INFO:journalctl@ceph.mon.a.smithi148.stdout:Dec 11 16:49:29 smithi148 ceph-mon[97895]: from='mgr.14148 172.21.15.148:0/2035541685' entity='mgr.x'
2023-12-11T16:49:29.716 INFO:journalctl@ceph.mon.a.smithi148.stdout:Dec 11 16:49:29 smithi148 ceph-mon[97895]: from='mgr.14148 172.21.15.148:0/2035541685' entity='mgr.x'
2023-12-11T16:49:30.538 INFO:teuthology.orchestra.run.smithi148.stdout:/usr/bin/ceph: stdout 8443
2023-12-11T16:49:30.538 INFO:teuthology.orchestra.run.smithi148.stdout:/usr/bin/ceph: stderr
2023-12-11T16:49:29.733+0000 7eff28b14700 1 Processor -- start
2023-12-11T16:49:30.538 INFO:teuthology.orchestra.run.smithi148.stdout:/usr/bin/ceph: stderr
2023-12-11T16:49:29.734+0000 7eff28b14700 1 -- start start
2023-12-11T16:49:30.538 INFO:teuthology.orchestra.run.smithi148.stdout:/usr/bin/ceph: stderr
2023-12-11T16:49:29.734+0000 7eff28b14700 1 --2- >> [v2:172.21.15.148:3300/0,v1:172.21.15.148:6789/0] conn(0x7eff24106bf0 0x7eff24107010 unknown :-1 s=NONE pgs=0 cs=0 l=0 rev1=0 crypto rx=0 tx=0 comp rx=0 tx=0).connect
2023-12-11T16:49:30.538 INFO:teuthology.orchestra.run.smithi148.stdout:/usr/bin/ceph: stderr
2023-12-11T16:49:29.734+0000 7eff28b14700 1 -- --> [v2:172.21.15.148:3300/0,v1:172.21.15.148:6789/0] -- mon_getmap magic: 0 v1 -- 0x7eff241075e0 con 0x7eff24106bf0
2023-12-11T16:49:30.539 INFO:teuthology.orchestra.run.smithi148.stdout:/usr/bin/ceph: stderr
2023-12-11T16:49:29.734+0000 7eff2259c700 1 --2- >> [v2:172.21.15.148:3300/0,v1:172.21.15.148:6789/0] conn(0x7eff24106bf0 0x7eff24107010 unknown :-1 s=BANNER_CONNECTING pgs=0 cs=0 l=0 rev1=0 crypto rx=0 tx=0 comp rx=0 tx=0)._handle_peer_banner_payload supported=3 required=0
2023-12-11T16:49:30.539 INFO:teuthology.orchestra.run.smithi148.stdout:/usr/bin/ceph: stderr
2023-12-11T16:49:29.734+0000 7eff2259c700 1 --2- >> [v2:172.21.15.148:3300/0,v1:172.21.15.148:6789/0] conn(0x7eff24106bf0 0x7eff24107010 unknown :-1 s=HELLO_CONNECTING pgs=0 cs=0 l=0 rev1=1 crypto rx=0 tx=0 comp rx=0 tx=0).handle_hello peer v2:172.21.15.148:3300/0 says I am v2:172.21.15.148:35340/0 (socket says 172.21.15.148:35340)
2023-12-11T16:49:30.539 INFO:teuthology.orchestra.run.smithi148.stdout:/usr/bin/ceph: stderr
2023-12-11T16:49:29.734+0000 7eff2259c700 1 -- 172.21.15.148:0/3055715364 learned_addr learned my addr 172.21.15.148:0/3055715364 (peer_addr_for_me v2:172.21.15.148:0/0)
2023-12-11T16:49:30.539 INFO:teuthology.orchestra.run.smithi148.stdout:/usr/bin/ceph: stderr
2023-12-11T16:49:29.734+0000 7eff2259c700 1 -- 172.21.15.148:0/3055715364 --> [v2:172.21.15.148:3300/0,v1:172.21.15.148:6789/0] -- mon_subscribe({config=0+,monmap=0+}) v3 -- 0x7eff24107df0 con 0x7eff24106bf0
2023-12-11T16:49:30.539 INFO:teuthology.orchestra.run.smithi148.stdout:/usr/bin/ceph: stderr
2023-12-11T16:49:29.735+0000 7eff2259c700 1 --2- 172.21.15.148:0/3055715364 >> [v2:172.21.15.148:3300/0,v1:172.21.15.148:6789/0] conn(0x7eff24106bf0 0x7eff24107010 secure :-1 s=READY pgs=70 cs=0 l=1 rev1=1 crypto rx=0x7eff140098a0 tx=0x7eff14009bb0 comp rx=0 tx=0).ready entity=mon.0 client_cookie=4191e43b1bf773e9 server_cookie=0 in_seq=0 out_seq=0
2023-12-11T16:49:30.539 INFO:teuthology.orchestra.run.smithi148.stdout:/usr/bin/ceph: stderr
2023-12-11T16:49:29.735+0000 7eff2159a700 1 -- 172.21.15.148:0/3055715364 <== mon.0 v2:172.21.15.148:3300/0 1 ==== mon_map magic: 0 v1 ==== 205+0+0 (secure 0 0 0) 0x7eff14004160 con 0x7eff24106bf0
2023-12-11T16:49:30.539 INFO:teuthology.orchestra.run.smithi148.stdout:/usr/bin/ceph: stderr
2023-12-11T16:49:29.735+0000 7eff2159a700 1 -- 172.21.15.148:0/3055715364 <== mon.0 v2:172.21.15.148:3300/0 2 ==== config(25 keys) v1 ==== 1067+0+0 (secure 0 0 0) 0x7eff140042c0 con 0x7eff24106bf0
2023-12-11T16:49:30.539 INFO:teuthology.orchestra.run.smithi148.stdout:/usr/bin/ceph: stderr
2023-12-11T16:49:29.735+0000 7eff2159a700 1 -- 172.21.15.148:0/3055715364 <== mon.0 v2:172.21.15.148:3300/0 3 ==== mon_map magic: 0 v1 ==== 205+0+0 (secure 0 0 0) 0x7eff140118e0 con 0x7eff24106bf0
2023-12-11T16:49:30.539 INFO:teuthology.orchestra.run.smithi148.stdout:/usr/bin/ceph: stderr
2023-12-11T16:49:29.735+0000 7eff28b14700 1 -- 172.21.15.148:0/3055715364 >> [v2:172.21.15.148:3300/0,v1:172.21.15.148:6789/0] conn(0x7eff24106bf0 msgr2=0x7eff24107010 secure :-1 s=STATE_CONNECTION_ESTABLISHED l=1).mark_down
2023-12-11T16:49:30.539 INFO:teuthology.orchestra.run.smithi148.stdout:/usr/bin/ceph: stderr
2023-12-11T16:49:29.735+0000 7eff28b14700 1 --2- 172.21.15.148:0/3055715364 >> [v2:172.21.15.148:3300/0,v1:172.21.15.148:6789/0] conn(0x7eff24106bf0 0x7eff24107010 secure :-1 s=READY pgs=70 cs=0 l=1 rev1=1 crypto rx=0x7eff140098a0 tx=0x7eff14009bb0 comp rx=0 tx=0).stop
2023-12-11T16:49:30.539 INFO:teuthology.orchestra.run.smithi148.stdout:/usr/bin/ceph: stderr
2023-12-11T16:49:29.735+0000 7eff28b14700 1 -- 172.21.15.148:0/3055715364 shutdown_connections
2023-12-11T16:49:30.539 INFO:teuthology.orchestra.run.smithi148.stdout:/usr/bin/ceph: stderr
2023-12-11T16:49:29.735+0000 7eff28b14700 1 --2- 172.21.15.148:0/3055715364 >> [v2:172.21.15.148:3300/0,v1:172.21.15.148:6789/0] conn(0x7eff24106bf0 0x7eff24107010 unknown :-1 s=CLOSED pgs=70 cs=0 l=1 rev1=1 crypto rx=0 tx=0 comp rx=0 tx=0).stop
2023-12-11T16:49:30.539 INFO:teuthology.orchestra.run.smithi148.stdout:/usr/bin/ceph: stderr
2023-12-11T16:49:29.735+0000 7eff28b14700 1 -- 172.21.15.148:0/3055715364 >> 172.21.15.148:0/3055715364 conn(0x7eff24102190 msgr2=0x7eff241045d0 unknown :-1 s=STATE_NONE l=0).mark_down
2023-12-11T16:49:30.539 INFO:teuthology.orchestra.run.smithi148.stdout:/usr/bin/ceph: stderr
2023-12-11T16:49:29.736+0000 7eff28b14700 1 -- 172.21.15.148:0/3055715364 shutdown_connections
2023-12-11T16:49:30.539 INFO:teuthology.orchestra.run.smithi148.stdout:/usr/bin/ceph: stderr
2023-12-11T16:49:29.736+0000 7eff28b14700 1 -- 172.21.15.148:0/3055715364 wait complete.
2023-12-11T16:49:30.540 INFO:teuthology.orchestra.run.smithi148.stdout:/usr/bin/ceph: stderr
2023-12-11T16:49:29.737+0000 7eff28b14700 1 Processor -- start
2023-12-11T16:49:30.540 INFO:teuthology.orchestra.run.smithi148.stdout:/usr/bin/ceph: stderr
2023-12-11T16:49:29.737+0000 7eff28b14700 1 -- start start
2023-12-11T16:49:30.540 INFO:teuthology.orchestra.run.smithi148.stdout:/usr/bin/ceph: stderr
2023-12-11T16:49:29.737+0000 7eff28b14700 1 --2- >> [v2:172.21.15.148:3300/0,v1:172.21.15.148:6789/0] conn(0x7eff24106bf0 0x7eff2419cbb0 unknown :-1 s=NONE pgs=0 cs=0 l=1 rev1=0 crypto rx=0 tx=0 comp rx=0 tx=0).connect
2023-12-11T16:49:30.540 INFO:teuthology.orchestra.run.smithi148.stdout:/usr/bin/ceph: stderr
2023-12-11T16:49:29.737+0000 7eff28b14700 1 -- --> [v2:172.21.15.148:3300/0,v1:172.21.15.148:6789/0] -- mon_getmap magic: 0 v1 -- 0x7eff2419d0f0 con 0x7eff24106bf0
2023-12-11T16:49:30.540 INFO:teuthology.orchestra.run.smithi148.stdout:/usr/bin/ceph: stderr
2023-12-11T16:49:29.737+0000 7eff2259c700 1 --2- >> [v2:172.21.15.148:3300/0,v1:172.21.15.148:6789/0] conn(0x7eff24106bf0 0x7eff2419cbb0 unknown :-1 s=BANNER_CONNECTING pgs=0 cs=0 l=1 rev1=0 crypto rx=0 tx=0 comp rx=0 tx=0)._handle_peer_banner_payload supported=3 required=0
2023-12-11T16:49:30.540 INFO:teuthology.orchestra.run.smithi148.stdout:/usr/bin/ceph: stderr
2023-12-11T16:49:29.737+0000 7eff2259c700 1 --2- >> [v2:172.21.15.148:3300/0,v1:172.21.15.148:6789/0] conn(0x7eff24106bf0 0x7eff2419cbb0 unknown :-1 s=HELLO_CONNECTING pgs=0 cs=0 l=1 rev1=1 crypto rx=0 tx=0 comp rx=0 tx=0).handle_hello peer v2:172.21.15.148:3300/0 says I am v2:172.21.15.148:35350/0 (socket says 172.21.15.148:35350)
2023-12-11T16:49:30.540 INFO:teuthology.orchestra.run.smithi148.stdout:/usr/bin/ceph: stderr
2023-12-11T16:49:29.737+0000 7eff2259c700 1 -- 172.21.15.148:0/132817750 learned_addr learned my addr 172.21.15.148:0/132817750 (peer_addr_for_me v2:172.21.15.148:0/0)
2023-12-11T16:49:30.540 INFO:teuthology.orchestra.run.smithi148.stdout:/usr/bin/ceph: stderr
2023-12-11T16:49:29.738+0000 7eff2259c700 1 -- 172.21.15.148:0/132817750 --> [v2:172.21.15.148:3300/0,v1:172.21.15.148:6789/0] -- mon_subscribe({config=0+,monmap=0+}) v3 -- 0x7eff14009550 con 0x7eff24106bf0
2023-12-11T16:49:30.540 INFO:teuthology.orchestra.run.smithi148.stdout:/usr/bin/ceph: stderr
2023-12-11T16:49:29.738+0000 7eff2259c700 1 --2- 172.21.15.148:0/132817750 >> [v2:172.21.15.148:3300/0,v1:172.21.15.148:6789/0] conn(0x7eff24106bf0 0x7eff2419cbb0 secure :-1 s=READY pgs=71 cs=0 l=1 rev1=1 crypto rx=0x7eff14003f70 tx=0x7eff140119a0 comp rx=0 tx=0).ready entity=mon.0 client_cookie=0 server_cookie=0 in_seq=0 out_seq=0
2023-12-11T16:49:30.540 INFO:teuthology.orchestra.run.smithi148.stdout:/usr/bin/ceph: stderr
2023-12-11T16:49:29.738+0000 7eff137fe700 1 -- 172.21.15.148:0/132817750 <== mon.0 v2:172.21.15.148:3300/0 1 ==== mon_map magic: 0 v1 ==== 205+0+0 (secure 0 0 0) 0x7eff140037d0 con 0x7eff24106bf0
2023-12-11T16:49:30.540 INFO:teuthology.orchestra.run.smithi148.stdout:/usr/bin/ceph: stderr
2023-12-11T16:49:29.738+0000 7eff137fe700 1 -- 172.21.15.148:0/132817750 <== mon.0 v2:172.21.15.148:3300/0 2 ==== config(25 keys) v1 ==== 1067+0+0 (secure 0 0 0) 0x7eff1401b440 con 0x7eff24106bf0
2023-12-11T16:49:30.540 INFO:teuthology.orchestra.run.smithi148.stdout:/usr/bin/ceph: stderr
2023-12-11T16:49:29.738+0000 7eff28b14700 1 -- 172.21.15.148:0/132817750 --> [v2:172.21.15.148:3300/0,v1:172.21.15.148:6789/0] -- mon_subscribe({mgrmap=0+}) v3 -- 0x7eff2419d2f0 con 0x7eff24106bf0
2023-12-11T16:49:30.540 INFO:teuthology.orchestra.run.smithi148.stdout:/usr/bin/ceph: stderr
2023-12-11T16:49:29.738+0000 7eff137fe700 1 -- 172.21.15.148:0/132817750 <== mon.0 v2:172.21.15.148:3300/0 3 ==== mon_map magic: 0 v1 ==== 205+0+0 (secure 0 0 0) 0x7eff140193d0 con 0x7eff24106bf0
2023-12-11T16:49:30.540 INFO:teuthology.orchestra.run.smithi148.stdout:/usr/bin/ceph: stderr
2023-12-11T16:49:29.738+0000 7eff28b14700 1 -- 172.21.15.148:0/132817750 --> [v2:172.21.15.148:3300/0,v1:172.21.15.148:6789/0] -- mon_subscribe({osdmap=0}) v3 -- 0x7eff2419d790 con 0x7eff24106bf0
2023-12-11T16:49:30.541 INFO:teuthology.orchestra.run.smithi148.stdout:/usr/bin/ceph: stderr
2023-12-11T16:49:29.739+0000 7eff137fe700 1 -- 172.21.15.148:0/132817750 <== mon.0 v2:172.21.15.148:3300/0 4 ==== mgrmap(e 12) v1 ==== 45593+0+0 (secure 0 0 0) 0x7eff1401b860 con 0x7eff24106bf0
2023-12-11T16:49:30.541 INFO:teuthology.orchestra.run.smithi148.stdout:/usr/bin/ceph: stderr
2023-12-11T16:49:29.739+0000 7eff28b14700 1 -- 172.21.15.148:0/132817750 --> [v2:172.21.15.148:3300/0,v1:172.21.15.148:6789/0] -- mon_command({"prefix": "get_command_descriptions"} v 0) v1 -- 0x7eff2410b020 con 0x7eff24106bf0
2023-12-11T16:49:30.541 INFO:teuthology.orchestra.run.smithi148.stdout:/usr/bin/ceph: stderr
2023-12-11T16:49:29.740+0000 7eff137fe700 1 --2- 172.21.15.148:0/132817750 >> [v2:172.21.15.148:6800/4135805293,v1:172.21.15.148:6801/4135805293] conn(0x7eff0c038870 0x7eff0c03ad30 unknown :-1 s=NONE pgs=0 cs=0 l=1 rev1=0 crypto rx=0 tx=0 comp rx=0 tx=0).connect
2023-12-11T16:49:30.541 INFO:teuthology.orchestra.run.smithi148.stdout:/usr/bin/ceph: stderr
2023-12-11T16:49:29.740+0000 7eff137fe700 1 -- 172.21.15.148:0/132817750 <== mon.0 v2:172.21.15.148:3300/0 5 ==== osd_map(3..3 src has 1..3) v4 ==== 1155+0+0 (secure 0 0 0) 0x7eff1404c860 con 0x7eff24106bf0
2023-12-11T16:49:30.541 INFO:teuthology.orchestra.run.smithi148.stdout:/usr/bin/ceph: stderr
2023-12-11T16:49:29.740+0000 7eff21d9b700 1 --2- 172.21.15.148:0/132817750 >> [v2:172.21.15.148:6800/4135805293,v1:172.21.15.148:6801/4135805293] conn(0x7eff0c038870 0x7eff0c03ad30 unknown :-1 s=BANNER_CONNECTING pgs=0 cs=0 l=1 rev1=0 crypto rx=0 tx=0 comp rx=0 tx=0)._handle_peer_banner_payload supported=3 required=0
2023-12-11T16:49:30.541 INFO:teuthology.orchestra.run.smithi148.stdout:/usr/bin/ceph: stderr
2023-12-11T16:49:29.740+0000 7eff21d9b700 1 --2- 172.21.15.148:0/132817750 >> [v2:172.21.15.148:6800/4135805293,v1:172.21.15.148:6801/4135805293] conn(0x7eff0c038870 0x7eff0c03ad30 secure :-1 s=READY pgs=9 cs=0 l=1 rev1=1 crypto rx=0x7eff18006fd0 tx=0x7eff18006e40 comp rx=0 tx=0).ready entity=mgr.14148 client_cookie=0 server_cookie=0 in_seq=0 out_seq=0
2023-12-11T16:49:30.541 INFO:teuthology.orchestra.run.smithi148.stdout:/usr/bin/ceph: stderr
2023-12-11T16:49:29.746+0000 7eff137fe700 1 -- 172.21.15.148:0/132817750 <== mon.0 v2:172.21.15.148:3300/0 6 ==== mon_command_ack([{"prefix": "get_command_descriptions"}]=0 v0) v1 ==== 72+0+180949 (secure 0 0 0) 0x7eff14018b80 con 0x7eff24106bf0
2023-12-11T16:49:30.541 INFO:teuthology.orchestra.run.smithi148.stdout:/usr/bin/ceph: stderr
2023-12-11T16:49:29.984+0000 7eff28b14700 1 -- 172.21.15.148:0/132817750 --> [v2:172.21.15.148:3300/0,v1:172.21.15.148:6789/0] -- mon_command({"prefix": "config get", "who": "mgr", "key": "mgr/dashboard/ssl_server_port"} v 0) v1 -- 0x7eff241a0020 con 0x7eff24106bf0
2023-12-11T16:49:30.541 INFO:teuthology.orchestra.run.smithi148.stdout:/usr/bin/ceph: stderr
2023-12-11T16:49:29.984+0000 7eff137fe700 1 -- 172.21.15.148:0/132817750 <== mon.0 v2:172.21.15.148:3300/0 7 ==== mon_command_ack([{"prefix": "config get", "who": "mgr", "key": "mgr/dashboard/ssl_server_port"}]=0 v8) v1 ==== 112+0+5 (secure 0 0 0) 0x7eff1401f0b0 con 0x7eff24106bf0
2023-12-11T16:49:30.541 INFO:teuthology.orchestra.run.smithi148.stdout:/usr/bin/ceph: stderr
2023-12-11T16:49:29.986+0000 7eff28b14700 1 -- 172.21.15.148:0/132817750 >> [v2:172.21.15.148:6800/4135805293,v1:172.21.15.148:6801/4135805293] conn(0x7eff0c038870 msgr2=0x7eff0c03ad30 secure :-1 s=STATE_CONNECTION_ESTABLISHED l=1).mark_down
2023-12-11T16:49:30.541 INFO:teuthology.orchestra.run.smithi148.stdout:/usr/bin/ceph: stderr
2023-12-11T16:49:29.986+0000 7eff28b14700 1 --2- 172.21.15.148:0/132817750 >> [v2:172.21.15.148:6800/4135805293,v1:172.21.15.148:6801/4135805293] conn(0x7eff0c038870 0x7eff0c03ad30 secure :-1 s=READY pgs=9 cs=0 l=1 rev1=1 crypto rx=0x7eff18006fd0 tx=0x7eff18006e40 comp rx=0 tx=0).stop
2023-12-11T16:49:30.541 INFO:teuthology.orchestra.run.smithi148.stdout:/usr/bin/ceph: stderr
2023-12-11T16:49:29.986+0000 7eff28b14700 1 -- 172.21.15.148:0/132817750 >> [v2:172.21.15.148:3300/0,v1:172.21.15.148:6789/0] conn(0x7eff24106bf0 msgr2=0x7eff2419cbb0 secure :-1 s=STATE_CONNECTION_ESTABLISHED l=1).mark_down
2023-12-11T16:49:30.541 INFO:teuthology.orchestra.run.smithi148.stdout:/usr/bin/ceph: stderr
2023-12-11T16:49:29.986+0000 7eff28b14700 1 --2- 172.21.15.148:0/132817750 >> [v2:172.21.15.148:3300/0,v1:172.21.15.148:6789/0] conn(0x7eff24106bf0 0x7eff2419cbb0 secure :-1 s=READY pgs=71 cs=0 l=1 rev1=1 crypto rx=0x7eff14003f70 tx=0x7eff140119a0 comp rx=0 tx=0).stop
2023-12-11T16:49:30.541 INFO:teuthology.orchestra.run.smithi148.stdout:/usr/bin/ceph: stderr
2023-12-11T16:49:29.987+0000 7eff28b14700 1 -- 172.21.15.148:0/132817750 shutdown_connections
2023-12-11T16:49:30.542 INFO:teuthology.orchestra.run.smithi148.stdout:/usr/bin/ceph: stderr
2023-12-11T16:49:29.987+0000 7eff28b14700 1 --2- 172.21.15.148:0/132817750 >> [v2:172.21.15.148:6800/4135805293,v1:172.21.15.148:6801/4135805293] conn(0x7eff0c038870 0x7eff0c03ad30 unknown :-1 s=CLOSED pgs=9 cs=0 l=1 rev1=1 crypto rx=0 tx=0 comp rx=0 tx=0).stop
2023-12-11T16:49:30.542 INFO:teuthology.orchestra.run.smithi148.stdout:/usr/bin/ceph: stderr
2023-12-11T16:49:29.987+0000 7eff28b14700 1 --2- 172.21.15.148:0/132817750 >> [v2:172.21.15.148:3300/0,v1:172.21.15.148:6789/0] conn(0x7eff24106bf0 0x7eff2419cbb0 unknown :-1 s=CLOSED pgs=71 cs=0 l=1 rev1=1 crypto rx=0 tx=0 comp rx=0 tx=0).stop
2023-12-11T16:49:30.542 INFO:teuthology.orchestra.run.smithi148.stdout:/usr/bin/ceph: stderr
2023-12-11T16:49:29.987+0000 7eff28b14700 1 -- 172.21.15.148:0/132817750 >> 172.21.15.148:0/132817750 conn(0x7eff24102190 msgr2=0x7eff24102d10 unknown :-1 s=STATE_NONE l=0).mark_down
2023-12-11T16:49:30.542 INFO:teuthology.orchestra.run.smithi148.stdout:/usr/bin/ceph: stderr
2023-12-11T16:49:29.987+0000 7eff28b14700 1 -- 172.21.15.148:0/132817750 shutdown_connections
2023-12-11T16:49:30.542 INFO:teuthology.orchestra.run.smithi148.stdout:/usr/bin/ceph: stderr
2023-12-11T16:49:29.987+0000 7eff28b14700 1 -- 172.21.15.148:0/132817750 wait complete.
2023-12-11T16:49:30.559 INFO:teuthology.orchestra.run.smithi148.stdout:Non-zero exit code 1 from systemctl is-enabled firewalld.service
2023-12-11T16:49:30.559 INFO:teuthology.orchestra.run.smithi148.stdout:systemctl: stdout disabled
2023-12-11T16:49:30.576 INFO:teuthology.orchestra.run.smithi148.stdout:Non-zero exit code 3 from systemctl is-active firewalld.service
2023-12-11T16:49:30.576 INFO:teuthology.orchestra.run.smithi148.stdout:systemctl: stdout inactive
2023-12-11T16:49:30.576 INFO:teuthology.orchestra.run.smithi148.stdout:firewalld.service is not enabled
2023-12-11T16:49:30.576 INFO:teuthology.orchestra.run.smithi148.stdout:Not possible to open ports <[8443]>. firewalld.service is not available
2023-12-11T16:49:30.578 INFO:teuthology.orchestra.run.smithi148.stdout:Ceph Dashboard is now available at:
2023-12-11T16:49:30.578 INFO:teuthology.orchestra.run.smithi148.stdout:
2023-12-11T16:49:30.578 INFO:teuthology.orchestra.run.smithi148.stdout: URL: https://smithi148.front.sepia.ceph.com:8443/
2023-12-11T16:49:30.578 INFO:teuthology.orchestra.run.smithi148.stdout: User: admin
2023-12-11T16:49:30.578 INFO:teuthology.orchestra.run.smithi148.stdout: Password: rie053ocl4
2023-12-11T16:49:30.578 INFO:teuthology.orchestra.run.smithi148.stdout:
2023-12-11T16:49:30.579 INFO:teuthology.orchestra.run.smithi148.stdout:Saving cluster configuration to /var/lib/ceph/f9ee3ce0-9844-11ee-95a3-87774f69a715/config directory
2023-12-11T16:49:30.582 INFO:teuthology.orchestra.run.smithi148.stdout:Enabling autotune for osd_memory_target
2023-12-11T16:49:30.782 INFO:journalctl@ceph.mon.a.smithi148.stdout:Dec 11 16:49:30 smithi148 ceph-mon[97895]: from='client.? 172.21.15.148:0/132817750' entity='client.admin' cmd=[{"prefix": "config get", "who": "mgr", "key": "mgr/dashboard/ssl_server_port"}]: dispatch
2023-12-11T16:49:32.113 INFO:teuthology.orchestra.run.smithi148.stdout:/usr/bin/ceph: stderr
2023-12-11T16:49:31.441+0000 7f7e9ff5d700 1 Processor -- start
2023-12-11T16:49:32.114 INFO:teuthology.orchestra.run.smithi148.stdout:/usr/bin/ceph: stderr
2023-12-11T16:49:31.441+0000 7f7e9ff5d700 1 -- start start
2023-12-11T16:49:32.114 INFO:teuthology.orchestra.run.smithi148.stdout:/usr/bin/ceph: stderr
2023-12-11T16:49:31.441+0000 7f7e9ff5d700 1 --2- >> [v2:172.21.15.148:3300/0,v1:172.21.15.148:6789/0] conn(0x7f7e9807ce30 0x7f7e9807b290 unknown :-1 s=NONE pgs=0 cs=0 l=0 rev1=0 crypto rx=0 tx=0 comp rx=0 tx=0).connect
2023-12-11T16:49:32.114 INFO:teuthology.orchestra.run.smithi148.stdout:/usr/bin/ceph: stderr
2023-12-11T16:49:31.441+0000 7f7e9ff5d700 1 -- --> [v2:172.21.15.148:3300/0,v1:172.21.15.148:6789/0] -- mon_getmap magic: 0 v1 -- 0x7f7e9807b860 con 0x7f7e9807ce30
2023-12-11T16:49:32.114 INFO:teuthology.orchestra.run.smithi148.stdout:/usr/bin/ceph: stderr
2023-12-11T16:49:31.442+0000 7f7e9dcf9700 1 --2- >> [v2:172.21.15.148:3300/0,v1:172.21.15.148:6789/0] conn(0x7f7e9807ce30 0x7f7e9807b290 unknown :-1 s=BANNER_CONNECTING pgs=0 cs=0 l=0 rev1=0 crypto rx=0 tx=0 comp rx=0 tx=0)._handle_peer_banner_payload supported=3 required=0
2023-12-11T16:49:32.114 INFO:teuthology.orchestra.run.smithi148.stdout:/usr/bin/ceph: stderr
2023-12-11T16:49:31.442+0000 7f7e9dcf9700 1 --2- >> [v2:172.21.15.148:3300/0,v1:172.21.15.148:6789/0] conn(0x7f7e9807ce30 0x7f7e9807b290 unknown :-1 s=HELLO_CONNECTING pgs=0 cs=0 l=0 rev1=1 crypto rx=0 tx=0 comp rx=0 tx=0).handle_hello peer v2:172.21.15.148:3300/0 says I am v2:172.21.15.148:35352/0 (socket says 172.21.15.148:35352)
2023-12-11T16:49:32.114 INFO:teuthology.orchestra.run.smithi148.stdout:/usr/bin/ceph: stderr
2023-12-11T16:49:31.442+0000 7f7e9dcf9700 1 -- 172.21.15.148:0/1320243302 learned_addr learned my addr 172.21.15.148:0/1320243302 (peer_addr_for_me v2:172.21.15.148:0/0)
2023-12-11T16:49:32.115 INFO:teuthology.orchestra.run.smithi148.stdout:/usr/bin/ceph: stderr
2023-12-11T16:49:31.442+0000 7f7e9dcf9700 1 -- 172.21.15.148:0/1320243302 --> [v2:172.21.15.148:3300/0,v1:172.21.15.148:6789/0] -- mon_subscribe({config=0+,monmap=0+}) v3 -- 0x7f7e9807b9a0 con 0x7f7e9807ce30
2023-12-11T16:49:32.115 INFO:teuthology.orchestra.run.smithi148.stdout:/usr/bin/ceph: stderr
2023-12-11T16:49:31.443+0000 7f7e9dcf9700 1 --2- 172.21.15.148:0/1320243302 >> [v2:172.21.15.148:3300/0,v1:172.21.15.148:6789/0] conn(0x7f7e9807ce30 0x7f7e9807b290 secure :-1 s=READY pgs=72 cs=0 l=1 rev1=1 crypto rx=0x7f7e940098a0 tx=0x7f7e94009bb0 comp rx=0 tx=0).ready entity=mon.0 client_cookie=93c13a5a96b990c3 server_cookie=0 in_seq=0 out_seq=0
2023-12-11T16:49:32.115 INFO:teuthology.orchestra.run.smithi148.stdout:/usr/bin/ceph: stderr
2023-12-11T16:49:31.443+0000 7f7e9ccf7700 1 -- 172.21.15.148:0/1320243302 <== mon.0 v2:172.21.15.148:3300/0 1 ==== mon_map magic: 0 v1 ==== 205+0+0 (secure 0 0 0) 0x7f7e94004160 con 0x7f7e9807ce30
2023-12-11T16:49:32.115 INFO:teuthology.orchestra.run.smithi148.stdout:/usr/bin/ceph: stderr
2023-12-11T16:49:31.443+0000 7f7e9ccf7700 1 -- 172.21.15.148:0/1320243302 <== mon.0 v2:172.21.15.148:3300/0 2 ==== config(25 keys) v1 ==== 1067+0+0 (secure 0 0 0) 0x7f7e940042c0 con 0x7f7e9807ce30
2023-12-11T16:49:32.115 INFO:teuthology.orchestra.run.smithi148.stdout:/usr/bin/ceph: stderr
2023-12-11T16:49:31.443+0000 7f7e9ccf7700 1 -- 172.21.15.148:0/1320243302 <== mon.0 v2:172.21.15.148:3300/0 3 ==== mon_map magic: 0 v1 ==== 205+0+0 (secure 0 0 0) 0x7f7e940118e0 con 0x7f7e9807ce30
2023-12-11T16:49:32.115 INFO:teuthology.orchestra.run.smithi148.stdout:/usr/bin/ceph: stderr
2023-12-11T16:49:31.443+0000 7f7e9ff5d700 1 -- 172.21.15.148:0/1320243302 >> [v2:172.21.15.148:3300/0,v1:172.21.15.148:6789/0] conn(0x7f7e9807ce30 msgr2=0x7f7e9807b290 secure :-1 s=STATE_CONNECTION_ESTABLISHED l=1).mark_down
2023-12-11T16:49:32.115 INFO:teuthology.orchestra.run.smithi148.stdout:/usr/bin/ceph: stderr
2023-12-11T16:49:31.443+0000 7f7e9ff5d700 1 --2- 172.21.15.148:0/1320243302 >> [v2:172.21.15.148:3300/0,v1:172.21.15.148:6789/0] conn(0x7f7e9807ce30 0x7f7e9807b290 secure :-1 s=READY pgs=72 cs=0 l=1 rev1=1 crypto rx=0x7f7e940098a0 tx=0x7f7e94009bb0 comp rx=0 tx=0).stop
2023-12-11T16:49:32.115 INFO:teuthology.orchestra.run.smithi148.stdout:/usr/bin/ceph: stderr
2023-12-11T16:49:31.444+0000 7f7e9ff5d700 1 -- 172.21.15.148:0/1320243302 shutdown_connections
2023-12-11T16:49:32.116 INFO:teuthology.orchestra.run.smithi148.stdout:/usr/bin/ceph: stderr
2023-12-11T16:49:31.444+0000 7f7e9ff5d700 1 --2- 172.21.15.148:0/1320243302 >> [v2:172.21.15.148:3300/0,v1:172.21.15.148:6789/0] conn(0x7f7e9807ce30 0x7f7e9807b290 unknown :-1 s=CLOSED pgs=72 cs=0 l=1 rev1=1 crypto rx=0 tx=0 comp rx=0 tx=0).stop
2023-12-11T16:49:32.116 INFO:teuthology.orchestra.run.smithi148.stdout:/usr/bin/ceph: stderr
2023-12-11T16:49:31.444+0000 7f7e9ff5d700 1 -- 172.21.15.148:0/1320243302 >> 172.21.15.148:0/1320243302 conn(0x7f7e98102190 msgr2=0x7f7e981045d0 unknown :-1 s=STATE_NONE l=0).mark_down
2023-12-11T16:49:32.116 INFO:teuthology.orchestra.run.smithi148.stdout:/usr/bin/ceph: stderr
2023-12-11T16:49:31.444+0000 7f7e9ff5d700 1 -- 172.21.15.148:0/1320243302 shutdown_connections
2023-12-11T16:49:32.116 INFO:teuthology.orchestra.run.smithi148.stdout:/usr/bin/ceph: stderr
2023-12-11T16:49:31.444+0000 7f7e9ff5d700 1 -- 172.21.15.148:0/1320243302 wait complete.
2023-12-11T16:49:32.116 INFO:teuthology.orchestra.run.smithi148.stdout:/usr/bin/ceph: stderr
2023-12-11T16:49:31.445+0000 7f7e9ff5d700 1 Processor -- start
2023-12-11T16:49:32.116 INFO:teuthology.orchestra.run.smithi148.stdout:/usr/bin/ceph: stderr
2023-12-11T16:49:31.445+0000 7f7e9ff5d700 1 -- start start
2023-12-11T16:49:32.116 INFO:teuthology.orchestra.run.smithi148.stdout:/usr/bin/ceph: stderr
2023-12-11T16:49:31.445+0000 7f7e9ff5d700 1 --2- >> [v2:172.21.15.148:3300/0,v1:172.21.15.148:6789/0] conn(0x7f7e9807ce30 0x7f7e9819cb20 unknown :-1 s=NONE pgs=0 cs=0 l=1 rev1=0 crypto rx=0 tx=0 comp rx=0 tx=0).connect
2023-12-11T16:49:32.116 INFO:teuthology.orchestra.run.smithi148.stdout:/usr/bin/ceph: stderr
2023-12-11T16:49:31.445+0000 7f7e9ff5d700 1 -- --> [v2:172.21.15.148:3300/0,v1:172.21.15.148:6789/0] -- mon_getmap magic: 0 v1 -- 0x7f7e9819d060 con 0x7f7e9807ce30
2023-12-11T16:49:32.116 INFO:teuthology.orchestra.run.smithi148.stdout:/usr/bin/ceph: stderr
2023-12-11T16:49:31.445+0000 7f7e9dcf9700 1 --2- >> [v2:172.21.15.148:3300/0,v1:172.21.15.148:6789/0] conn(0x7f7e9807ce30 0x7f7e9819cb20 unknown :-1 s=BANNER_CONNECTING pgs=0 cs=0 l=1 rev1=0 crypto rx=0 tx=0 comp rx=0 tx=0)._handle_peer_banner_payload supported=3 required=0
2023-12-11T16:49:32.116 INFO:teuthology.orchestra.run.smithi148.stdout:/usr/bin/ceph: stderr
2023-12-11T16:49:31.445+0000 7f7e9dcf9700 1 --2- >> [v2:172.21.15.148:3300/0,v1:172.21.15.148:6789/0] conn(0x7f7e9807ce30 0x7f7e9819cb20 unknown :-1 s=HELLO_CONNECTING pgs=0 cs=0 l=1 rev1=1 crypto rx=0 tx=0 comp rx=0 tx=0).handle_hello peer v2:172.21.15.148:3300/0 says I am v2:172.21.15.148:35366/0 (socket says 172.21.15.148:35366)
2023-12-11T16:49:32.116 INFO:teuthology.orchestra.run.smithi148.stdout:/usr/bin/ceph: stderr
2023-12-11T16:49:31.445+0000 7f7e9dcf9700 1 -- 172.21.15.148:0/1681687266 learned_addr learned my addr 172.21.15.148:0/1681687266 (peer_addr_for_me v2:172.21.15.148:0/0)
2023-12-11T16:49:32.116 INFO:teuthology.orchestra.run.smithi148.stdout:/usr/bin/ceph: stderr
2023-12-11T16:49:31.446+0000 7f7e9dcf9700 1 -- 172.21.15.148:0/1681687266 --> [v2:172.21.15.148:3300/0,v1:172.21.15.148:6789/0] -- mon_subscribe({config=0+,monmap=0+}) v3 -- 0x7f7e94009550 con 0x7f7e9807ce30
2023-12-11T16:49:32.116 INFO:teuthology.orchestra.run.smithi148.stdout:/usr/bin/ceph: stderr
2023-12-11T16:49:31.446+0000 7f7e9dcf9700 1 --2- 172.21.15.148:0/1681687266 >> [v2:172.21.15.148:3300/0,v1:172.21.15.148:6789/0] conn(0x7f7e9807ce30 0x7f7e9819cb20 secure :-1 s=READY pgs=73 cs=0 l=1 rev1=1 crypto rx=0x7f7e940046e0 tx=0x7f7e940119a0 comp rx=0 tx=0).ready entity=mon.0 client_cookie=0 server_cookie=0 in_seq=0 out_seq=0
2023-12-11T16:49:32.117 INFO:teuthology.orchestra.run.smithi148.stdout:/usr/bin/ceph: stderr
2023-12-11T16:49:31.446+0000 7f7e8effd700 1 -- 172.21.15.148:0/1681687266 <== mon.0 v2:172.21.15.148:3300/0 1 ==== mon_map magic: 0 v1 ==== 205+0+0 (secure 0 0 0) 0x7f7e940037d0 con 0x7f7e9807ce30
2023-12-11T16:49:32.117 INFO:teuthology.orchestra.run.smithi148.stdout:/usr/bin/ceph: stderr
2023-12-11T16:49:31.446+0000 7f7e8effd700 1 -- 172.21.15.148:0/1681687266 <== mon.0 v2:172.21.15.148:3300/0 2 ==== config(25 keys) v1 ==== 1067+0+0 (secure 0 0 0) 0x7f7e9401b440 con 0x7f7e9807ce30
2023-12-11T16:49:32.117 INFO:teuthology.orchestra.run.smithi148.stdout:/usr/bin/ceph: stderr
2023-12-11T16:49:31.446+0000 7f7e8effd700 1 -- 172.21.15.148:0/1681687266 <== mon.0 v2:172.21.15.148:3300/0 3 ==== mon_map magic: 0 v1 ==== 205+0+0 (secure 0 0 0) 0x7f7e94023400 con 0x7f7e9807ce30
2023-12-11T16:49:32.117 INFO:teuthology.orchestra.run.smithi148.stdout:/usr/bin/ceph: stderr
2023-12-11T16:49:31.446+0000 7f7e9ff5d700 1 -- 172.21.15.148:0/1681687266 --> [v2:172.21.15.148:3300/0,v1:172.21.15.148:6789/0] -- mon_subscribe({mgrmap=0+}) v3 -- 0x7f7e9819d260 con 0x7f7e9807ce30
2023-12-11T16:49:32.117 INFO:teuthology.orchestra.run.smithi148.stdout:/usr/bin/ceph: stderr
2023-12-11T16:49:31.446+0000 7f7e9ff5d700 1 -- 172.21.15.148:0/1681687266 --> [v2:172.21.15.148:3300/0,v1:172.21.15.148:6789/0] -- mon_subscribe({osdmap=0}) v3 -- 0x7f7e9819d700 con 0x7f7e9807ce30
2023-12-11T16:49:32.117 INFO:teuthology.orchestra.run.smithi148.stdout:/usr/bin/ceph: stderr
2023-12-11T16:49:31.447+0000 7f7e8effd700 1 -- 172.21.15.148:0/1681687266 <== mon.0 v2:172.21.15.148:3300/0 4 ==== mgrmap(e 12) v1 ==== 45593+0+0 (secure 0 0 0) 0x7f7e9401b840 con 0x7f7e9807ce30
2023-12-11T16:49:32.117 INFO:teuthology.orchestra.run.smithi148.stdout:/usr/bin/ceph: stderr
2023-12-11T16:49:31.447+0000 7f7e9ff5d700 1 -- 172.21.15.148:0/1681687266 --> [v2:172.21.15.148:3300/0,v1:172.21.15.148:6789/0] -- mon_command({"prefix": "get_command_descriptions"} v 0) v1 -- 0x7f7e9810cfd0 con 0x7f7e9807ce30
2023-12-11T16:49:32.117 INFO:teuthology.orchestra.run.smithi148.stdout:/usr/bin/ceph: stderr
2023-12-11T16:49:31.448+0000 7f7e8effd700 1 --2- 172.21.15.148:0/1681687266 >> [v2:172.21.15.148:6800/4135805293,v1:172.21.15.148:6801/4135805293] conn(0x7f7e840388c0 0x7f7e8403ad80 unknown :-1 s=NONE pgs=0 cs=0 l=1 rev1=0 crypto rx=0 tx=0 comp rx=0 tx=0).connect
2023-12-11T16:49:32.117 INFO:teuthology.orchestra.run.smithi148.stdout:/usr/bin/ceph: stderr
2023-12-11T16:49:31.448+0000 7f7e8effd700 1 -- 172.21.15.148:0/1681687266 <== mon.0 v2:172.21.15.148:3300/0 5 ==== osd_map(3..3 src has 1..3) v4 ==== 1155+0+0 (secure 0 0 0) 0x7f7e9404c950 con 0x7f7e9807ce30
2023-12-11T16:49:32.117 INFO:teuthology.orchestra.run.smithi148.stdout:/usr/bin/ceph: stderr
2023-12-11T16:49:31.448+0000 7f7e9d4f8700 1 --2- 172.21.15.148:0/1681687266 >> [v2:172.21.15.148:6800/4135805293,v1:172.21.15.148:6801/4135805293] conn(0x7f7e840388c0 0x7f7e8403ad80 unknown :-1 s=BANNER_CONNECTING pgs=0 cs=0 l=1 rev1=0 crypto rx=0 tx=0 comp rx=0 tx=0)._handle_peer_banner_payload supported=3 required=0
2023-12-11T16:49:32.117 INFO:teuthology.orchestra.run.smithi148.stdout:/usr/bin/ceph: stderr
2023-12-11T16:49:31.449+0000 7f7e9d4f8700 1 --2- 172.21.15.148:0/1681687266 >> [v2:172.21.15.148:6800/4135805293,v1:172.21.15.148:6801/4135805293] conn(0x7f7e840388c0 0x7f7e8403ad80 secure :-1 s=READY pgs=10 cs=0 l=1 rev1=1 crypto rx=0x7f7e88006fd0 tx=0x7f7e88006e40 comp rx=0 tx=0).ready entity=mgr.14148 client_cookie=0 server_cookie=0 in_seq=0 out_seq=0
2023-12-11T16:49:32.117 INFO:teuthology.orchestra.run.smithi148.stdout:/usr/bin/ceph: stderr
2023-12-11T16:49:31.453+0000 7f7e8effd700 1 -- 172.21.15.148:0/1681687266 <== mon.0 v2:172.21.15.148:3300/0 6 ==== mon_command_ack([{"prefix": "get_command_descriptions"}]=0 v0) v1 ==== 72+0+180949 (secure 0 0 0) 0x7f7e9402b760 con 0x7f7e9807ce30
2023-12-11T16:49:32.117 INFO:teuthology.orchestra.run.smithi148.stdout:/usr/bin/ceph: stderr
2023-12-11T16:49:31.653+0000 7f7e9ff5d700 1 -- 172.21.15.148:0/1681687266 --> [v2:172.21.15.148:3300/0,v1:172.21.15.148:6789/0] -- mon_command([{prefix=config set, name=osd_memory_target_autotune}] v 0) v1 -- 0x7f7e9810d240 con 0x7f7e9807ce30
2023-12-11T16:49:32.117 INFO:teuthology.orchestra.run.smithi148.stdout:/usr/bin/ceph: stderr
2023-12-11T16:49:31.653+0000 7f7e8effd700 1 -- 172.21.15.148:0/1681687266 <== mon.0 v2:172.21.15.148:3300/0 7 ==== mon_command_ack([{prefix=config set, name=osd_memory_target_autotune}]=0 v8)=0 v8) v1 ==== 127+0+0 (secure 0 0 0) 0x7f7e94016260 con 0x7f7e9807ce30
2023-12-11T16:49:32.118 INFO:teuthology.orchestra.run.smithi148.stdout:/usr/bin/ceph: stderr
2023-12-11T16:49:31.655+0000 7f7e9ff5d700 1 -- 172.21.15.148:0/1681687266 >> [v2:172.21.15.148:6800/4135805293,v1:172.21.15.148:6801/4135805293] conn(0x7f7e840388c0 msgr2=0x7f7e8403ad80 secure :-1 s=STATE_CONNECTION_ESTABLISHED l=1).mark_down
2023-12-11T16:49:32.118 INFO:teuthology.orchestra.run.smithi148.stdout:/usr/bin/ceph: stderr
2023-12-11T16:49:31.655+0000 7f7e9ff5d700 1 --2- 172.21.15.148:0/1681687266 >> [v2:172.21.15.148:6800/4135805293,v1:172.21.15.148:6801/4135805293] conn(0x7f7e840388c0 0x7f7e8403ad80 secure :-1 s=READY pgs=10 cs=0 l=1 rev1=1 crypto rx=0x7f7e88006fd0 tx=0x7f7e88006e40 comp rx=0 tx=0).stop
2023-12-11T16:49:32.118 INFO:teuthology.orchestra.run.smithi148.stdout:/usr/bin/ceph: stderr
2023-12-11T16:49:31.655+0000 7f7e9ff5d700 1 -- 172.21.15.148:0/1681687266 >> [v2:172.21.15.148:3300/0,v1:172.21.15.148:6789/0] conn(0x7f7e9807ce30 msgr2=0x7f7e9819cb20 secure :-1 s=STATE_CONNECTION_ESTABLISHED l=1).mark_down
2023-12-11T16:49:32.118 INFO:teuthology.orchestra.run.smithi148.stdout:/usr/bin/ceph: stderr
2023-12-11T16:49:31.655+0000 7f7e9ff5d700 1 --2- 172.21.15.148:0/1681687266 >> [v2:172.21.15.148:3300/0,v1:172.21.15.148:6789/0] conn(0x7f7e9807ce30 0x7f7e9819cb20 secure :-1 s=READY pgs=73 cs=0 l=1 rev1=1 crypto rx=0x7f7e940046e0 tx=0x7f7e940119a0 comp rx=0 tx=0).stop
2023-12-11T16:49:32.118 INFO:teuthology.orchestra.run.smithi148.stdout:/usr/bin/ceph: stderr
2023-12-11T16:49:31.656+0000 7f7e9ff5d700 1 -- 172.21.15.148:0/1681687266 shutdown_connections
2023-12-11T16:49:32.118 INFO:teuthology.orchestra.run.smithi148.stdout:/usr/bin/ceph: stderr
2023-12-11T16:49:31.656+0000 7f7e9ff5d700 1 --2- 172.21.15.148:0/1681687266 >> [v2:172.21.15.148:6800/4135805293,v1:172.21.15.148:6801/4135805293] conn(0x7f7e840388c0 0x7f7e8403ad80 unknown :-1 s=CLOSED pgs=10 cs=0 l=1 rev1=1 crypto rx=0 tx=0 comp rx=0 tx=0).stop
2023-12-11T16:49:32.118 INFO:teuthology.orchestra.run.smithi148.stdout:/usr/bin/ceph: stderr
2023-12-11T16:49:31.656+0000 7f7e9ff5d700 1 --2- 172.21.15.148:0/1681687266 >> [v2:172.21.15.148:3300/0,v1:172.21.15.148:6789/0] conn(0x7f7e9807ce30 0x7f7e9819cb20 unknown :-1 s=CLOSED pgs=73 cs=0 l=1 rev1=1 crypto rx=0 tx=0 comp rx=0 tx=0).stop
2023-12-11T16:49:32.118 INFO:teuthology.orchestra.run.smithi148.stdout:/usr/bin/ceph: stderr
2023-12-11T16:49:31.656+0000 7f7e9ff5d700 1 -- 172.21.15.148:0/1681687266 >> 172.21.15.148:0/1681687266 conn(0x7f7e98102190 msgr2=0x7f7e98102d40 unknown :-1 s=STATE_NONE l=0).mark_down
2023-12-11T16:49:32.118 INFO:teuthology.orchestra.run.smithi148.stdout:/usr/bin/ceph: stderr
2023-12-11T16:49:31.656+0000 7f7e9ff5d700 1 -- 172.21.15.148:0/1681687266 shutdown_connections
2023-12-11T16:49:32.118 INFO:teuthology.orchestra.run.smithi148.stdout:/usr/bin/ceph: stderr
2023-12-11T16:49:31.656+0000 7f7e9ff5d700 1 -- 172.21.15.148:0/1681687266 wait complete.
2023-12-11T16:49:32.965 INFO:journalctl@ceph.mon.a.smithi148.stdout:Dec 11 16:49:32 smithi148 ceph-mon[97895]: mgrmap e13: x(active, since 6s)
2023-12-11T16:49:33.394 INFO:teuthology.orchestra.run.smithi148.stdout:/usr/bin/ceph: stderr
2023-12-11T16:49:32.633+0000 7f62eb2da700 1 Processor -- start
2023-12-11T16:49:33.394 INFO:teuthology.orchestra.run.smithi148.stdout:/usr/bin/ceph: stderr
2023-12-11T16:49:32.633+0000 7f62eb2da700 1 -- start start
2023-12-11T16:49:33.394 INFO:teuthology.orchestra.run.smithi148.stdout:/usr/bin/ceph: stderr
2023-12-11T16:49:32.633+0000 7f62eb2da700 1 --2- >> [v2:172.21.15.148:3300/0,v1:172.21.15.148:6789/0] conn(0x7f62e4106bf0 0x7f62e4107010 unknown :-1 s=NONE pgs=0 cs=0 l=0 rev1=0 crypto rx=0 tx=0 comp rx=0 tx=0).connect
2023-12-11T16:49:33.394 INFO:teuthology.orchestra.run.smithi148.stdout:/usr/bin/ceph: stderr
2023-12-11T16:49:32.633+0000 7f62eb2da700 1 -- --> [v2:172.21.15.148:3300/0,v1:172.21.15.148:6789/0] -- mon_getmap magic: 0 v1 -- 0x7f62e41075e0 con 0x7f62e4106bf0
2023-12-11T16:49:33.395 INFO:teuthology.orchestra.run.smithi148.stdout:/usr/bin/ceph: stderr
2023-12-11T16:49:32.633+0000 7f62e9076700 1 --2- >> [v2:172.21.15.148:3300/0,v1:172.21.15.148:6789/0] conn(0x7f62e4106bf0 0x7f62e4107010 unknown :-1 s=BANNER_CONNECTING pgs=0 cs=0 l=0 rev1=0 crypto rx=0 tx=0 comp rx=0 tx=0)._handle_peer_banner_payload supported=3 required=0
2023-12-11T16:49:33.395 INFO:teuthology.orchestra.run.smithi148.stdout:/usr/bin/ceph: stderr
2023-12-11T16:49:32.634+0000 7f62e9076700 1 --2- >> [v2:172.21.15.148:3300/0,v1:172.21.15.148:6789/0] conn(0x7f62e4106bf0 0x7f62e4107010 unknown :-1 s=HELLO_CONNECTING pgs=0 cs=0 l=0 rev1=1 crypto rx=0 tx=0 comp rx=0 tx=0).handle_hello peer v2:172.21.15.148:3300/0 says I am v2:172.21.15.148:35368/0 (socket says 172.21.15.148:35368)
2023-12-11T16:49:33.395 INFO:teuthology.orchestra.run.smithi148.stdout:/usr/bin/ceph: stderr
2023-12-11T16:49:32.634+0000 7f62e9076700 1 -- 172.21.15.148:0/4199799267 learned_addr learned my addr 172.21.15.148:0/4199799267 (peer_addr_for_me v2:172.21.15.148:0/0)
2023-12-11T16:49:33.395 INFO:teuthology.orchestra.run.smithi148.stdout:/usr/bin/ceph: stderr
2023-12-11T16:49:32.634+0000 7f62e9076700 1 -- 172.21.15.148:0/4199799267 --> [v2:172.21.15.148:3300/0,v1:172.21.15.148:6789/0] -- mon_subscribe({config=0+,monmap=0+}) v3 -- 0x7f62e4107df0 con 0x7f62e4106bf0
2023-12-11T16:49:33.395 INFO:teuthology.orchestra.run.smithi148.stdout:/usr/bin/ceph: stderr
2023-12-11T16:49:32.634+0000 7f62e9076700 1 --2- 172.21.15.148:0/4199799267 >> [v2:172.21.15.148:3300/0,v1:172.21.15.148:6789/0] conn(0x7f62e4106bf0 0x7f62e4107010 secure :-1 s=READY pgs=74 cs=0 l=1 rev1=1 crypto rx=0x7f62e00098a0 tx=0x7f62e0009bb0 comp rx=0 tx=0).ready entity=mon.0 client_cookie=2dee4643b4d58c6c server_cookie=0 in_seq=0 out_seq=0
2023-12-11T16:49:33.395 INFO:teuthology.orchestra.run.smithi148.stdout:/usr/bin/ceph: stderr
2023-12-11T16:49:32.634+0000 7f62dbfff700 1 -- 172.21.15.148:0/4199799267 <== mon.0 v2:172.21.15.148:3300/0 1 ==== mon_map magic: 0 v1 ==== 205+0+0 (secure 0 0 0) 0x7f62e0004160 con 0x7f62e4106bf0
2023-12-11T16:49:33.395 INFO:teuthology.orchestra.run.smithi148.stdout:/usr/bin/ceph: stderr
2023-12-11T16:49:32.634+0000 7f62dbfff700 1 -- 172.21.15.148:0/4199799267 <== mon.0 v2:172.21.15.148:3300/0 2 ==== config(25 keys) v1 ==== 1067+0+0 (secure 0 0 0) 0x7f62e00042c0 con 0x7f62e4106bf0
2023-12-11T16:49:33.395 INFO:teuthology.orchestra.run.smithi148.stdout:/usr/bin/ceph: stderr
2023-12-11T16:49:32.634+0000 7f62dbfff700 1 -- 172.21.15.148:0/4199799267 <== mon.0 v2:172.21.15.148:3300/0 3 ==== mon_map magic: 0 v1 ==== 205+0+0 (secure 0 0 0) 0x7f62e00118e0 con 0x7f62e4106bf0
2023-12-11T16:49:33.395 INFO:teuthology.orchestra.run.smithi148.stdout:/usr/bin/ceph: stderr
2023-12-11T16:49:32.635+0000 7f62eb2da700 1 -- 172.21.15.148:0/4199799267 >> [v2:172.21.15.148:3300/0,v1:172.21.15.148:6789/0] conn(0x7f62e4106bf0 msgr2=0x7f62e4107010 secure :-1 s=STATE_CONNECTION_ESTABLISHED l=1).mark_down
2023-12-11T16:49:33.395 INFO:teuthology.orchestra.run.smithi148.stdout:/usr/bin/ceph: stderr
2023-12-11T16:49:32.635+0000 7f62eb2da700 1 --2- 172.21.15.148:0/4199799267 >> [v2:172.21.15.148:3300/0,v1:172.21.15.148:6789/0] conn(0x7f62e4106bf0 0x7f62e4107010 secure :-1 s=READY pgs=74 cs=0 l=1 rev1=1 crypto rx=0x7f62e00098a0 tx=0x7f62e0009bb0 comp rx=0 tx=0).stop
2023-12-11T16:49:33.395 INFO:teuthology.orchestra.run.smithi148.stdout:/usr/bin/ceph: stderr
2023-12-11T16:49:32.635+0000 7f62eb2da700 1 -- 172.21.15.148:0/4199799267 shutdown_connections
2023-12-11T16:49:33.395 INFO:teuthology.orchestra.run.smithi148.stdout:/usr/bin/ceph: stderr
2023-12-11T16:49:32.635+0000 7f62eb2da700 1 --2- 172.21.15.148:0/4199799267 >> [v2:172.21.15.148:3300/0,v1:172.21.15.148:6789/0] conn(0x7f62e4106bf0 0x7f62e4107010 unknown :-1 s=CLOSED pgs=74 cs=0 l=1 rev1=1 crypto rx=0 tx=0 comp rx=0 tx=0).stop
2023-12-11T16:49:33.395 INFO:teuthology.orchestra.run.smithi148.stdout:/usr/bin/ceph: stderr
2023-12-11T16:49:32.635+0000 7f62eb2da700 1 -- 172.21.15.148:0/4199799267 >> 172.21.15.148:0/4199799267 conn(0x7f62e4102190 msgr2=0x7f62e41045d0 unknown :-1 s=STATE_NONE l=0).mark_down
2023-12-11T16:49:33.396 INFO:teuthology.orchestra.run.smithi148.stdout:/usr/bin/ceph: stderr
2023-12-11T16:49:32.635+0000 7f62eb2da700 1 -- 172.21.15.148:0/4199799267 shutdown_connections
2023-12-11T16:49:33.396 INFO:teuthology.orchestra.run.smithi148.stdout:/usr/bin/ceph: stderr
2023-12-11T16:49:32.635+0000 7f62eb2da700 1 -- 172.21.15.148:0/4199799267 wait complete.
2023-12-11T16:49:33.396 INFO:teuthology.orchestra.run.smithi148.stdout:/usr/bin/ceph: stderr
2023-12-11T16:49:32.636+0000 7f62eb2da700 1 Processor -- start
2023-12-11T16:49:33.396 INFO:teuthology.orchestra.run.smithi148.stdout:/usr/bin/ceph: stderr
2023-12-11T16:49:32.637+0000 7f62eb2da700 1 -- start start
2023-12-11T16:49:33.396 INFO:teuthology.orchestra.run.smithi148.stdout:/usr/bin/ceph: stderr
2023-12-11T16:49:32.637+0000 7f62eb2da700 1 --2- >> [v2:172.21.15.148:3300/0,v1:172.21.15.148:6789/0] conn(0x7f62e4106bf0 0x7f62e419cbc0 unknown :-1 s=NONE pgs=0 cs=0 l=1 rev1=0 crypto rx=0 tx=0 comp rx=0 tx=0).connect
2023-12-11T16:49:33.396 INFO:teuthology.orchestra.run.smithi148.stdout:/usr/bin/ceph: stderr
2023-12-11T16:49:32.637+0000 7f62eb2da700 1 -- --> [v2:172.21.15.148:3300/0,v1:172.21.15.148:6789/0] -- mon_getmap magic: 0 v1 -- 0x7f62e419d100 con 0x7f62e4106bf0
2023-12-11T16:49:33.396 INFO:teuthology.orchestra.run.smithi148.stdout:/usr/bin/ceph: stderr
2023-12-11T16:49:32.637+0000 7f62e9076700 1 --2- >> [v2:172.21.15.148:3300/0,v1:172.21.15.148:6789/0] conn(0x7f62e4106bf0 0x7f62e419cbc0 unknown :-1 s=BANNER_CONNECTING pgs=0 cs=0 l=1 rev1=0 crypto rx=0 tx=0 comp rx=0 tx=0)._handle_peer_banner_payload supported=3 required=0
2023-12-11T16:49:33.396 INFO:teuthology.orchestra.run.smithi148.stdout:/usr/bin/ceph: stderr
2023-12-11T16:49:32.637+0000 7f62e9076700 1 --2- >> [v2:172.21.15.148:3300/0,v1:172.21.15.148:6789/0] conn(0x7f62e4106bf0 0x7f62e419cbc0 unknown :-1 s=HELLO_CONNECTING pgs=0 cs=0 l=1 rev1=1 crypto rx=0 tx=0 comp rx=0 tx=0).handle_hello peer v2:172.21.15.148:3300/0 says I am v2:172.21.15.148:35378/0 (socket says 172.21.15.148:35378)
2023-12-11T16:49:33.396 INFO:teuthology.orchestra.run.smithi148.stdout:/usr/bin/ceph: stderr
2023-12-11T16:49:32.637+0000 7f62e9076700 1 -- 172.21.15.148:0/587504475 learned_addr learned my addr 172.21.15.148:0/587504475 (peer_addr_for_me v2:172.21.15.148:0/0)
2023-12-11T16:49:33.396 INFO:teuthology.orchestra.run.smithi148.stdout:/usr/bin/ceph: stderr
2023-12-11T16:49:32.638+0000 7f62e9076700 1 -- 172.21.15.148:0/587504475 --> [v2:172.21.15.148:3300/0,v1:172.21.15.148:6789/0] -- mon_subscribe({config=0+,monmap=0+}) v3 -- 0x7f62e0009550 con 0x7f62e4106bf0
2023-12-11T16:49:33.396 INFO:teuthology.orchestra.run.smithi148.stdout:/usr/bin/ceph: stderr
2023-12-11T16:49:32.638+0000 7f62e9076700 1 --2- 172.21.15.148:0/587504475 >> [v2:172.21.15.148:3300/0,v1:172.21.15.148:6789/0] conn(0x7f62e4106bf0 0x7f62e419cbc0 secure :-1 s=READY pgs=75 cs=0 l=1 rev1=1 crypto rx=0x7f62e0003f70 tx=0x7f62e00119a0 comp rx=0 tx=0).ready entity=mon.0 client_cookie=0 server_cookie=0 in_seq=0 out_seq=0
2023-12-11T16:49:33.396 INFO:teuthology.orchestra.run.smithi148.stdout:/usr/bin/ceph: stderr
2023-12-11T16:49:32.638+0000 7f62da7fc700 1 -- 172.21.15.148:0/587504475 <== mon.0 v2:172.21.15.148:3300/0 1 ==== mon_map magic: 0 v1 ==== 205+0+0 (secure 0 0 0) 0x7f62e00037d0 con 0x7f62e4106bf0
2023-12-11T16:49:33.396 INFO:teuthology.orchestra.run.smithi148.stdout:/usr/bin/ceph: stderr
2023-12-11T16:49:32.638+0000 7f62eb2da700 1 -- 172.21.15.148:0/587504475 --> [v2:172.21.15.148:3300/0,v1:172.21.15.148:6789/0] -- mon_subscribe({mgrmap=0+}) v3 -- 0x7f62e419d300 con 0x7f62e4106bf0
2023-12-11T16:49:33.396 INFO:teuthology.orchestra.run.smithi148.stdout:/usr/bin/ceph: stderr
2023-12-11T16:49:32.638+0000 7f62eb2da700 1 -- 172.21.15.148:0/587504475 --> [v2:172.21.15.148:3300/0,v1:172.21.15.148:6789/0] -- mon_subscribe({osdmap=0}) v3 -- 0x7f62e419d7a0 con 0x7f62e4106bf0
2023-12-11T16:49:33.397 INFO:teuthology.orchestra.run.smithi148.stdout:/usr/bin/ceph: stderr
2023-12-11T16:49:32.638+0000 7f62da7fc700 1 -- 172.21.15.148:0/587504475 <== mon.0 v2:172.21.15.148:3300/0 2 ==== config(25 keys) v1 ==== 1067+0+0 (secure 0 0 0) 0x7f62e001b440 con 0x7f62e4106bf0
2023-12-11T16:49:33.397 INFO:teuthology.orchestra.run.smithi148.stdout:/usr/bin/ceph: stderr
2023-12-11T16:49:32.638+0000 7f62da7fc700 1 -- 172.21.15.148:0/587504475 <== mon.0 v2:172.21.15.148:3300/0 3 ==== mon_map magic: 0 v1 ==== 205+0+0 (secure 0 0 0) 0x7f62e00193d0 con 0x7f62e4106bf0
2023-12-11T16:49:33.397 INFO:teuthology.orchestra.run.smithi148.stdout:/usr/bin/ceph: stderr
2023-12-11T16:49:32.639+0000 7f62da7fc700 1 -- 172.21.15.148:0/587504475 <== mon.0 v2:172.21.15.148:3300/0 4 ==== mgrmap(e 13) v1 ==== 45637+0+0 (secure 0 0 0) 0x7f62e0019530 con 0x7f62e4106bf0
2023-12-11T16:49:33.397 INFO:teuthology.orchestra.run.smithi148.stdout:/usr/bin/ceph: stderr
2023-12-11T16:49:32.639+0000 7f62eb2da700 1 -- 172.21.15.148:0/587504475 --> [v2:172.21.15.148:3300/0,v1:172.21.15.148:6789/0] -- mon_command({"prefix": "get_command_descriptions"} v 0) v1 -- 0x7f62c80052f0 con 0x7f62e4106bf0
2023-12-11T16:49:33.397 INFO:teuthology.orchestra.run.smithi148.stdout:/usr/bin/ceph: stderr
2023-12-11T16:49:32.640+0000 7f62da7fc700 1 --2- 172.21.15.148:0/587504475 >> [v2:172.21.15.148:6800/4135805293,v1:172.21.15.148:6801/4135805293] conn(0x7f62d0038910 0x7f62d003add0 unknown :-1 s=NONE pgs=0 cs=0 l=1 rev1=0 crypto rx=0 tx=0 comp rx=0 tx=0).connect
2023-12-11T16:49:33.397 INFO:teuthology.orchestra.run.smithi148.stdout:/usr/bin/ceph: stderr
2023-12-11T16:49:32.640+0000 7f62da7fc700 1 -- 172.21.15.148:0/587504475 <== mon.0 v2:172.21.15.148:3300/0 5 ==== osd_map(3..3 src has 1..3) v4 ==== 1155+0+0 (secure 0 0 0) 0x7f62e004c810 con 0x7f62e4106bf0
2023-12-11T16:49:33.397 INFO:teuthology.orchestra.run.smithi148.stdout:/usr/bin/ceph: stderr
2023-12-11T16:49:32.640+0000 7f62e8875700 1 --2- 172.21.15.148:0/587504475 >> [v2:172.21.15.148:6800/4135805293,v1:172.21.15.148:6801/4135805293] conn(0x7f62d0038910 0x7f62d003add0 unknown :-1 s=BANNER_CONNECTING pgs=0 cs=0 l=1 rev1=0 crypto rx=0 tx=0 comp rx=0 tx=0)._handle_peer_banner_payload supported=3 required=0
2023-12-11T16:49:33.397 INFO:teuthology.orchestra.run.smithi148.stdout:/usr/bin/ceph: stderr
2023-12-11T16:49:32.641+0000 7f62e8875700 1 --2- 172.21.15.148:0/587504475 >> [v2:172.21.15.148:6800/4135805293,v1:172.21.15.148:6801/4135805293] conn(0x7f62d0038910 0x7f62d003add0 secure :-1 s=READY pgs=11 cs=0 l=1 rev1=1 crypto rx=0x7f62d4006fd0 tx=0x7f62d4006e40 comp rx=0 tx=0).ready entity=mgr.14148 client_cookie=0 server_cookie=0 in_seq=0 out_seq=0
2023-12-11T16:49:33.397 INFO:teuthology.orchestra.run.smithi148.stdout:/usr/bin/ceph: stderr
2023-12-11T16:49:32.645+0000 7f62da7fc700 1 -- 172.21.15.148:0/587504475 <== mon.0 v2:172.21.15.148:3300/0 6 ==== mon_command_ack([{"prefix": "get_command_descriptions"}]=0 v0) v1 ==== 72+0+180949 (secure 0 0 0) 0x7f62e0018710 con 0x7f62e4106bf0
2023-12-11T16:49:33.397 INFO:teuthology.orchestra.run.smithi148.stdout:/usr/bin/ceph: stderr
2023-12-11T16:49:32.952+0000 7f62eb2da700 1 -- 172.21.15.148:0/587504475 --> [v2:172.21.15.148:3300/0,v1:172.21.15.148:6789/0] -- mon_command([{prefix=config-key set, key=mgr/dashboard/cluster/status}] v 0) v1 -- 0x7f62c8005b20 con 0x7f62e4106bf0
2023-12-11T16:49:33.397 INFO:teuthology.orchestra.run.smithi148.stdout:/usr/bin/ceph: stderr
2023-12-11T16:49:32.954+0000 7f62da7fc700 1 -- 172.21.15.148:0/587504475 <== mon.0 v2:172.21.15.148:3300/0 7 ==== mon_command_ack([{prefix=config-key set, key=mgr/dashboard/cluster/status}]=0 set mgr/dashboard/cluster/status v27)=0 set mgr/dashboard/cluster/status v27) v1 ==== 153+0+0 (secure 0 0 0) 0x7f62e001f070 con 0x7f62e4106bf0
2023-12-11T16:49:33.397 INFO:teuthology.orchestra.run.smithi148.stdout:/usr/bin/ceph: stderr
2023-12-11T16:49:32.957+0000 7f62eb2da700 1 -- 172.21.15.148:0/587504475 >> [v2:172.21.15.148:6800/4135805293,v1:172.21.15.148:6801/4135805293] conn(0x7f62d0038910 msgr2=0x7f62d003add0 secure :-1 s=STATE_CONNECTION_ESTABLISHED l=1).mark_down
2023-12-11T16:49:33.397 INFO:teuthology.orchestra.run.smithi148.stdout:/usr/bin/ceph: stderr
2023-12-11T16:49:32.957+0000 7f62eb2da700 1 --2- 172.21.15.148:0/587504475 >> [v2:172.21.15.148:6800/4135805293,v1:172.21.15.148:6801/4135805293] conn(0x7f62d0038910 0x7f62d003add0 secure :-1 s=READY pgs=11 cs=0 l=1 rev1=1 crypto rx=0x7f62d4006fd0 tx=0x7f62d4006e40 comp rx=0 tx=0).stop
2023-12-11T16:49:33.397 INFO:teuthology.orchestra.run.smithi148.stdout:/usr/bin/ceph: stderr
2023-12-11T16:49:32.957+0000 7f62eb2da700 1 -- 172.21.15.148:0/587504475 >> [v2:172.21.15.148:3300/0,v1:172.21.15.148:6789/0] conn(0x7f62e4106bf0 msgr2=0x7f62e419cbc0 secure :-1 s=STATE_CONNECTION_ESTABLISHED l=1).mark_down
2023-12-11T16:49:33.398 INFO:teuthology.orchestra.run.smithi148.stdout:/usr/bin/ceph: stderr
2023-12-11T16:49:32.957+0000 7f62eb2da700 1 --2- 172.21.15.148:0/587504475 >> [v2:172.21.15.148:3300/0,v1:172.21.15.148:6789/0] conn(0x7f62e4106bf0 0x7f62e419cbc0 secure :-1 s=READY pgs=75 cs=0 l=1 rev1=1 crypto rx=0x7f62e0003f70 tx=0x7f62e00119a0 comp rx=0 tx=0).stop
2023-12-11T16:49:33.398 INFO:teuthology.orchestra.run.smithi148.stdout:/usr/bin/ceph: stderr
2023-12-11T16:49:32.957+0000 7f62eb2da700 1 -- 172.21.15.148:0/587504475 shutdown_connections
2023-12-11T16:49:33.398 INFO:teuthology.orchestra.run.smithi148.stdout:/usr/bin/ceph: stderr
2023-12-11T16:49:32.957+0000 7f62eb2da700 1 --2- 172.21.15.148:0/587504475 >> [v2:172.21.15.148:6800/4135805293,v1:172.21.15.148:6801/4135805293] conn(0x7f62d0038910 0x7f62d003add0 unknown :-1 s=CLOSED pgs=11 cs=0 l=1 rev1=1 crypto rx=0 tx=0 comp rx=0 tx=0).stop
2023-12-11T16:49:33.398 INFO:teuthology.orchestra.run.smithi148.stdout:/usr/bin/ceph: stderr
2023-12-11T16:49:32.957+0000 7f62eb2da700 1 --2- 172.21.15.148:0/587504475 >> [v2:172.21.15.148:3300/0,v1:172.21.15.148:6789/0] conn(0x7f62e4106bf0 0x7f62e419cbc0 unknown :-1 s=CLOSED pgs=75 cs=0 l=1 rev1=1 crypto rx=0 tx=0 comp rx=0 tx=0).stop
2023-12-11T16:49:33.398 INFO:teuthology.orchestra.run.smithi148.stdout:/usr/bin/ceph: stderr
2023-12-11T16:49:32.957+0000 7f62eb2da700 1 -- 172.21.15.148:0/587504475 >> 172.21.15.148:0/587504475 conn(0x7f62e4102190 msgr2=0x7f62e4102cf0 unknown :-1 s=STATE_NONE l=0).mark_down
2023-12-11T16:49:33.398 INFO:teuthology.orchestra.run.smithi148.stdout:/usr/bin/ceph: stderr
2023-12-11T16:49:32.957+0000 7f62eb2da700 1 -- 172.21.15.148:0/587504475 shutdown_connections
2023-12-11T16:49:33.398 INFO:teuthology.orchestra.run.smithi148.stdout:/usr/bin/ceph: stderr
2023-12-11T16:49:32.957+0000 7f62eb2da700 1 -- 172.21.15.148:0/587504475 wait complete.
2023-12-11T16:49:33.398 INFO:teuthology.orchestra.run.smithi148.stdout:/usr/bin/ceph: stderr set mgr/dashboard/cluster/status
