2023-12-11T18:59:20.172+0000 7efefaa37700 1 -- 172.21.15.148:0/2330198281 >> [v2:172.21.15.148:6800/3146776205,v1:172.21.15.148:6801/3146776205] conn(0x7efedc036640 msgr2=0x7efedc038af0 secure :-1 s=STATE_CONNECTION_ESTABLISHED l=1).mark_down
2023-12-11T18:59:20.522 INFO:teuthology.orchestra.run.smithi148.stdout:/usr/bin/ceph: stderr
2023-12-11T18:59:20.172+0000 7efefaa37700 1 --2- 172.21.15.148:0/2330198281 >> [v2:172.21.15.148:6800/3146776205,v1:172.21.15.148:6801/3146776205] conn(0x7efedc036640 0x7efedc038af0 secure :-1 s=READY pgs=18 cs=0 l=1 rev1=1 crypto rx=0x7efee8009990 tx=0x7efee8006e40 comp rx=0 tx=0).stop
2023-12-11T18:59:20.522 INFO:teuthology.orchestra.run.smithi148.stdout:/usr/bin/ceph: stderr
2023-12-11T18:59:20.172+0000 7efefaa37700 1 -- 172.21.15.148:0/2330198281 >> [v2:172.21.15.148:3300/0,v1:172.21.15.148:6789/0] conn(0x7efef4077bb0 msgr2=0x7efef41133d0 secure :-1 s=STATE_CONNECTION_ESTABLISHED l=1).mark_down
2023-12-11T18:59:20.522 INFO:teuthology.orchestra.run.smithi148.stdout:/usr/bin/ceph: stderr
2023-12-11T18:59:20.172+0000 7efefaa37700 1 --2- 172.21.15.148:0/2330198281 >> [v2:172.21.15.148:3300/0,v1:172.21.15.148:6789/0] conn(0x7efef4077bb0 0x7efef41133d0 secure :-1 s=READY pgs=60 cs=0 l=1 rev1=1 crypto rx=0x7efee4006d40 tx=0x7efee4009250 comp rx=0 tx=0).stop
2023-12-11T18:59:20.522 INFO:teuthology.orchestra.run.smithi148.stdout:/usr/bin/ceph: stderr
2023-12-11T18:59:20.172+0000 7efefaa37700 1 -- 172.21.15.148:0/2330198281 shutdown_connections
2023-12-11T18:59:20.522 INFO:teuthology.orchestra.run.smithi148.stdout:/usr/bin/ceph: stderr
2023-12-11T18:59:20.172+0000 7efefaa37700 1 --2- 172.21.15.148:0/2330198281 >> [v2:172.21.15.148:6800/3146776205,v1:172.21.15.148:6801/3146776205] conn(0x7efedc036640 0x7efedc038af0 unknown :-1 s=CLOSED pgs=18 cs=0 l=1 rev1=1 crypto rx=0 tx=0 comp rx=0 tx=0).stop
2023-12-11T18:59:20.522 INFO:teuthology.orchestra.run.smithi148.stdout:/usr/bin/ceph: stderr
2023-12-11T18:59:20.172+0000 7efefaa37700 1 --2- 172.21.15.148:0/2330198281 >> [v2:172.21.15.148:3300/0,v1:172.21.15.148:6789/0] conn(0x7efef4077bb0 0x7efef41133d0 unknown :-1 s=CLOSED pgs=60 cs=0 l=1 rev1=1 crypto rx=0 tx=0 comp rx=0 tx=0).stop
2023-12-11T18:59:20.522 INFO:teuthology.orchestra.run.smithi148.stdout:/usr/bin/ceph: stderr
2023-12-11T18:59:20.172+0000 7efefaa37700 1 -- 172.21.15.148:0/2330198281 >> 172.21.15.148:0/2330198281 conn(0x7efef40fda50 msgr2=0x7efef40ffe50 unknown :-1 s=STATE_NONE l=0).mark_down
2023-12-11T18:59:20.522 INFO:teuthology.orchestra.run.smithi148.stdout:/usr/bin/ceph: stderr
2023-12-11T18:59:20.173+0000 7efefaa37700 1 -- 172.21.15.148:0/2330198281 shutdown_connections
2023-12-11T18:59:20.523 INFO:teuthology.orchestra.run.smithi148.stdout:/usr/bin/ceph: stderr
2023-12-11T18:59:20.173+0000 7efefaa37700 1 -- 172.21.15.148:0/2330198281 wait complete.
2023-12-11T18:59:21.424 INFO:journalctl@ceph.mon.smithi148.smithi148.stdout:Dec 11 18:59:21 smithi148 ceph-mon[135911]: from='client.14154 -' entity='client.admin' cmd=[{"prefix": "orch apply", "service_type": "alertmanager", "target": ["mon-mgr", ""]}]: dispatch
2023-12-11T18:59:21.424 INFO:journalctl@ceph.mon.smithi148.smithi148.stdout:Dec 11 18:59:21 smithi148 ceph-mon[135911]: Saving service alertmanager spec with placement count:1
2023-12-11T18:59:21.424 INFO:journalctl@ceph.mon.smithi148.smithi148.stdout:Dec 11 18:59:21 smithi148 ceph-mon[135911]: from='mgr.14120 172.21.15.148:0/3407517587' entity='mgr.smithi148.rowhsr'
2023-12-11T18:59:21.425 INFO:journalctl@ceph.mon.smithi148.smithi148.stdout:Dec 11 18:59:21 smithi148 ceph-mon[135911]: from='client.? 172.21.15.148:0/3958426787' entity='client.admin'
2023-12-11T18:59:21.488 INFO:teuthology.orchestra.run.smithi148.stdout:/usr/bin/ceph: stderr
2023-12-11T18:59:20.926+0000 7f912b1e4700 1 Processor -- start
2023-12-11T18:59:21.488 INFO:teuthology.orchestra.run.smithi148.stdout:/usr/bin/ceph: stderr
2023-12-11T18:59:20.926+0000 7f912b1e4700 1 -- start start
2023-12-11T18:59:21.489 INFO:teuthology.orchestra.run.smithi148.stdout:/usr/bin/ceph: stderr
2023-12-11T18:59:20.926+0000 7f912b1e4700 1 --2- >> [v2:172.21.15.148:3300/0,v1:172.21.15.148:6789/0] conn(0x7f91241022d0 0x7f91241026e0 unknown :-1 s=NONE pgs=0 cs=0 l=0 rev1=0 crypto rx=0 tx=0 comp rx=0 tx=0).connect
2023-12-11T18:59:21.489 INFO:teuthology.orchestra.run.smithi148.stdout:/usr/bin/ceph: stderr
2023-12-11T18:59:20.926+0000 7f912b1e4700 1 -- --> [v2:172.21.15.148:3300/0,v1:172.21.15.148:6789/0] -- mon_getmap magic: 0 v1 -- 0x7f9124102c20 con 0x7f91241022d0
2023-12-11T18:59:21.489 INFO:teuthology.orchestra.run.smithi148.stdout:/usr/bin/ceph: stderr
2023-12-11T18:59:20.927+0000 7f9128f80700 1 --2- >> [v2:172.21.15.148:3300/0,v1:172.21.15.148:6789/0] conn(0x7f91241022d0 0x7f91241026e0 unknown :-1 s=BANNER_CONNECTING pgs=0 cs=0 l=0 rev1=0 crypto rx=0 tx=0 comp rx=0 tx=0)._handle_peer_banner_payload supported=3 required=0
2023-12-11T18:59:21.489 INFO:teuthology.orchestra.run.smithi148.stdout:/usr/bin/ceph: stderr
2023-12-11T18:59:20.927+0000 7f9128f80700 1 --2- >> [v2:172.21.15.148:3300/0,v1:172.21.15.148:6789/0] conn(0x7f91241022d0 0x7f91241026e0 unknown :-1 s=HELLO_CONNECTING pgs=0 cs=0 l=0 rev1=1 crypto rx=0 tx=0 comp rx=0 tx=0).handle_hello peer v2:172.21.15.148:3300/0 says I am v2:172.21.15.148:38918/0 (socket says 172.21.15.148:38918)
2023-12-11T18:59:21.489 INFO:teuthology.orchestra.run.smithi148.stdout:/usr/bin/ceph: stderr
2023-12-11T18:59:20.927+0000 7f9128f80700 1 -- 172.21.15.148:0/1243179951 learned_addr learned my addr 172.21.15.148:0/1243179951 (peer_addr_for_me v2:172.21.15.148:0/0)
2023-12-11T18:59:21.489 INFO:teuthology.orchestra.run.smithi148.stdout:/usr/bin/ceph: stderr
2023-12-11T18:59:20.927+0000 7f9128f80700 1 -- 172.21.15.148:0/1243179951 --> [v2:172.21.15.148:3300/0,v1:172.21.15.148:6789/0] -- mon_subscribe({config=0+,monmap=0+}) v3 -- 0x7f9124102d60 con 0x7f91241022d0
2023-12-11T18:59:21.490 INFO:teuthology.orchestra.run.smithi148.stdout:/usr/bin/ceph: stderr
2023-12-11T18:59:20.927+0000 7f9128f80700 1 --2- 172.21.15.148:0/1243179951 >> [v2:172.21.15.148:3300/0,v1:172.21.15.148:6789/0] conn(0x7f91241022d0 0x7f91241026e0 secure :-1 s=READY pgs=61 cs=0 l=1 rev1=1 crypto rx=0x7f91180098e0 tx=0x7f9118009250 comp rx=0 tx=0).ready entity=mon.0 client_cookie=7680d53f2e5ee4a8 server_cookie=0 in_seq=0 out_seq=0
2023-12-11T18:59:21.490 INFO:teuthology.orchestra.run.smithi148.stdout:/usr/bin/ceph: stderr
2023-12-11T18:59:20.927+0000 7f91237fe700 1 -- 172.21.15.148:0/1243179951 <== mon.0 v2:172.21.15.148:3300/0 1 ==== mon_map magic: 0 v1 ==== 229+0+0 (secure 0 0 0) 0x7f911800b860 con 0x7f91241022d0
2023-12-11T18:59:21.490 INFO:teuthology.orchestra.run.smithi148.stdout:/usr/bin/ceph: stderr
2023-12-11T18:59:20.928+0000 7f91237fe700 1 -- 172.21.15.148:0/1243179951 <== mon.0 v2:172.21.15.148:3300/0 2 ==== config(26 keys) v1 ==== 1074+0+0 (secure 0 0 0) 0x7f911800be70 con 0x7f91241022d0
2023-12-11T18:59:21.490 INFO:teuthology.orchestra.run.smithi148.stdout:/usr/bin/ceph: stderr
2023-12-11T18:59:20.928+0000 7f91237fe700 1 -- 172.21.15.148:0/1243179951 <== mon.0 v2:172.21.15.148:3300/0 3 ==== mon_map magic: 0 v1 ==== 229+0+0 (secure 0 0 0) 0x7f9118010380 con 0x7f91241022d0
2023-12-11T18:59:21.490 INFO:teuthology.orchestra.run.smithi148.stdout:/usr/bin/ceph: stderr
2023-12-11T18:59:20.928+0000 7f912b1e4700 1 -- 172.21.15.148:0/1243179951 >> [v2:172.21.15.148:3300/0,v1:172.21.15.148:6789/0] conn(0x7f91241022d0 msgr2=0x7f91241026e0 secure :-1 s=STATE_CONNECTION_ESTABLISHED l=1).mark_down
2023-12-11T18:59:21.490 INFO:teuthology.orchestra.run.smithi148.stdout:/usr/bin/ceph: stderr
2023-12-11T18:59:20.928+0000 7f912b1e4700 1 --2- 172.21.15.148:0/1243179951 >> [v2:172.21.15.148:3300/0,v1:172.21.15.148:6789/0] conn(0x7f91241022d0 0x7f91241026e0 secure :-1 s=READY pgs=61 cs=0 l=1 rev1=1 crypto rx=0x7f91180098e0 tx=0x7f9118009250 comp rx=0 tx=0).stop
2023-12-11T18:59:21.491 INFO:teuthology.orchestra.run.smithi148.stdout:/usr/bin/ceph: stderr
2023-12-11T18:59:20.928+0000 7f912b1e4700 1 -- 172.21.15.148:0/1243179951 shutdown_connections
2023-12-11T18:59:21.491 INFO:teuthology.orchestra.run.smithi148.stdout:/usr/bin/ceph: stderr
2023-12-11T18:59:20.928+0000 7f912b1e4700 1 --2- 172.21.15.148:0/1243179951 >> [v2:172.21.15.148:3300/0,v1:172.21.15.148:6789/0] conn(0x7f91241022d0 0x7f91241026e0 unknown :-1 s=CLOSED pgs=61 cs=0 l=1 rev1=1 crypto rx=0 tx=0 comp rx=0 tx=0).stop
2023-12-11T18:59:21.491 INFO:teuthology.orchestra.run.smithi148.stdout:/usr/bin/ceph: stderr
2023-12-11T18:59:20.928+0000 7f912b1e4700 1 -- 172.21.15.148:0/1243179951 >> 172.21.15.148:0/1243179951 conn(0x7f91240fda50 msgr2=0x7f91240ffe60 unknown :-1 s=STATE_NONE l=0).mark_down
2023-12-11T18:59:21.491 INFO:teuthology.orchestra.run.smithi148.stdout:/usr/bin/ceph: stderr
2023-12-11T18:59:20.928+0000 7f912b1e4700 1 -- 172.21.15.148:0/1243179951 shutdown_connections
2023-12-11T18:59:21.491 INFO:teuthology.orchestra.run.smithi148.stdout:/usr/bin/ceph: stderr
2023-12-11T18:59:20.928+0000 7f912b1e4700 1 -- 172.21.15.148:0/1243179951 wait complete.
2023-12-11T18:59:21.491 INFO:teuthology.orchestra.run.smithi148.stdout:/usr/bin/ceph: stderr
2023-12-11T18:59:20.929+0000 7f912b1e4700 1 Processor -- start
2023-12-11T18:59:21.491 INFO:teuthology.orchestra.run.smithi148.stdout:/usr/bin/ceph: stderr
2023-12-11T18:59:20.929+0000 7f912b1e4700 1 -- start start
2023-12-11T18:59:21.492 INFO:teuthology.orchestra.run.smithi148.stdout:/usr/bin/ceph: stderr
2023-12-11T18:59:20.929+0000 7f912b1e4700 1 --2- >> [v2:172.21.15.148:3300/0,v1:172.21.15.148:6789/0] conn(0x7f91241022d0 0x7f9124111170 unknown :-1 s=NONE pgs=0 cs=0 l=1 rev1=0 crypto rx=0 tx=0 comp rx=0 tx=0).connect
2023-12-11T18:59:21.492 INFO:teuthology.orchestra.run.smithi148.stdout:/usr/bin/ceph: stderr
2023-12-11T18:59:20.929+0000 7f912b1e4700 1 -- --> [v2:172.21.15.148:3300/0,v1:172.21.15.148:6789/0] -- mon_getmap magic: 0 v1 -- 0x7f91241116b0 con 0x7f91241022d0
2023-12-11T18:59:21.492 INFO:teuthology.orchestra.run.smithi148.stdout:/usr/bin/ceph: stderr
2023-12-11T18:59:20.930+0000 7f9128f80700 1 --2- >> [v2:172.21.15.148:3300/0,v1:172.21.15.148:6789/0] conn(0x7f91241022d0 0x7f9124111170 unknown :-1 s=BANNER_CONNECTING pgs=0 cs=0 l=1 rev1=0 crypto rx=0 tx=0 comp rx=0 tx=0)._handle_peer_banner_payload supported=3 required=0
2023-12-11T18:59:21.492 INFO:teuthology.orchestra.run.smithi148.stdout:/usr/bin/ceph: stderr
2023-12-11T18:59:20.930+0000 7f9128f80700 1 --2- >> [v2:172.21.15.148:3300/0,v1:172.21.15.148:6789/0] conn(0x7f91241022d0 0x7f9124111170 unknown :-1 s=HELLO_CONNECTING pgs=0 cs=0 l=1 rev1=1 crypto rx=0 tx=0 comp rx=0 tx=0).handle_hello peer v2:172.21.15.148:3300/0 says I am v2:172.21.15.148:38934/0 (socket says 172.21.15.148:38934)
2023-12-11T18:59:21.492 INFO:teuthology.orchestra.run.smithi148.stdout:/usr/bin/ceph: stderr
2023-12-11T18:59:20.930+0000 7f9128f80700 1 -- 172.21.15.148:0/3958426787 learned_addr learned my addr 172.21.15.148:0/3958426787 (peer_addr_for_me v2:172.21.15.148:0/0)
2023-12-11T18:59:21.492 INFO:teuthology.orchestra.run.smithi148.stdout:/usr/bin/ceph: stderr
2023-12-11T18:59:20.930+0000 7f9128f80700 1 -- 172.21.15.148:0/3958426787 --> [v2:172.21.15.148:3300/0,v1:172.21.15.148:6789/0] -- mon_subscribe({config=0+,monmap=0+}) v3 -- 0x7f91180094f0 con 0x7f91241022d0
2023-12-11T18:59:21.493 INFO:teuthology.orchestra.run.smithi148.stdout:/usr/bin/ceph: stderr
2023-12-11T18:59:20.930+0000 7f9128f80700 1 --2- 172.21.15.148:0/3958426787 >> [v2:172.21.15.148:3300/0,v1:172.21.15.148:6789/0] conn(0x7f91241022d0 0x7f9124111170 secure :-1 s=READY pgs=62 cs=0 l=1 rev1=1 crypto rx=0x7f911800c010 tx=0x7f9118009250 comp rx=0 tx=0).ready entity=mon.0 client_cookie=0 server_cookie=0 in_seq=0 out_seq=0
2023-12-11T18:59:21.493 INFO:teuthology.orchestra.run.smithi148.stdout:/usr/bin/ceph: stderr
2023-12-11T18:59:20.930+0000 7f91217fa700 1 -- 172.21.15.148:0/3958426787 <== mon.0 v2:172.21.15.148:3300/0 1 ==== mon_map magic: 0 v1 ==== 229+0+0 (secure 0 0 0) 0x7f9118010960 con 0x7f91241022d0
2023-12-11T18:59:21.493 INFO:teuthology.orchestra.run.smithi148.stdout:/usr/bin/ceph: stderr
2023-12-11T18:59:20.931+0000 7f91217fa700 1 -- 172.21.15.148:0/3958426787 <== mon.0 v2:172.21.15.148:3300/0 2 ==== config(26 keys) v1 ==== 1074+0+0 (secure 0 0 0) 0x7f911801a430 con 0x7f91241022d0
2023-12-11T18:59:21.493 INFO:teuthology.orchestra.run.smithi148.stdout:/usr/bin/ceph: stderr
2023-12-11T18:59:20.931+0000 7f912b1e4700 1 -- 172.21.15.148:0/3958426787 --> [v2:172.21.15.148:3300/0,v1:172.21.15.148:6789/0] -- mon_subscribe({mgrmap=0+}) v3 -- 0x7f91241118b0 con 0x7f91241022d0
2023-12-11T18:59:21.493 INFO:teuthology.orchestra.run.smithi148.stdout:/usr/bin/ceph: stderr
2023-12-11T18:59:20.931+0000 7f91217fa700 1 -- 172.21.15.148:0/3958426787 <== mon.0 v2:172.21.15.148:3300/0 3 ==== mon_map magic: 0 v1 ==== 229+0+0 (secure 0 0 0) 0x7f9118019580 con 0x7f91241022d0
2023-12-11T18:59:21.493 INFO:teuthology.orchestra.run.smithi148.stdout:/usr/bin/ceph: stderr
2023-12-11T18:59:20.931+0000 7f912b1e4700 1 -- 172.21.15.148:0/3958426787 --> [v2:172.21.15.148:3300/0,v1:172.21.15.148:6789/0] -- mon_subscribe({osdmap=0}) v3 -- 0x7f9124111cc0 con 0x7f91241022d0
2023-12-11T18:59:21.494 INFO:teuthology.orchestra.run.smithi148.stdout:/usr/bin/ceph: stderr
2023-12-11T18:59:20.932+0000 7f91217fa700 1 -- 172.21.15.148:0/3958426787 <== mon.0 v2:172.21.15.148:3300/0 4 ==== mgrmap(e 8) v1 ==== 43281+0+0 (secure 0 0 0) 0x7f911801a980 con 0x7f91241022d0
2023-12-11T18:59:21.494 INFO:teuthology.orchestra.run.smithi148.stdout:/usr/bin/ceph: stderr
2023-12-11T18:59:20.932+0000 7f912b1e4700 1 -- 172.21.15.148:0/3958426787 --> [v2:172.21.15.148:3300/0,v1:172.21.15.148:6789/0] -- mon_command({"prefix": "get_command_descriptions"} v 0) v1 -- 0x7f912404bb80 con 0x7f91241022d0
2023-12-11T18:59:21.494 INFO:teuthology.orchestra.run.smithi148.stdout:/usr/bin/ceph: stderr
2023-12-11T18:59:20.932+0000 7f91217fa700 1 --2- 172.21.15.148:0/3958426787 >> [v2:172.21.15.148:6800/3146776205,v1:172.21.15.148:6801/3146776205] conn(0x7f91140365f0 0x7f9114038aa0 unknown :-1 s=NONE pgs=0 cs=0 l=1 rev1=0 crypto rx=0 tx=0 comp rx=0 tx=0).connect
2023-12-11T18:59:21.494 INFO:teuthology.orchestra.run.smithi148.stdout:/usr/bin/ceph: stderr
2023-12-11T18:59:20.932+0000 7f91217fa700 1 -- 172.21.15.148:0/3958426787 <== mon.0 v2:172.21.15.148:3300/0 5 ==== osd_map(2..2 src has 1..2) v4 ==== 936+0+0 (secure 0 0 0) 0x7f911804a420 con 0x7f91241022d0
2023-12-11T18:59:21.494 INFO:teuthology.orchestra.run.smithi148.stdout:/usr/bin/ceph: stderr
2023-12-11T18:59:20.932+0000 7f9123fff700 1 --2- 172.21.15.148:0/3958426787 >> [v2:172.21.15.148:6800/3146776205,v1:172.21.15.148:6801/3146776205] conn(0x7f91140365f0 0x7f9114038aa0 unknown :-1 s=BANNER_CONNECTING pgs=0 cs=0 l=1 rev1=0 crypto rx=0 tx=0 comp rx=0 tx=0)._handle_peer_banner_payload supported=3 required=0
2023-12-11T18:59:21.494 INFO:teuthology.orchestra.run.smithi148.stdout:/usr/bin/ceph: stderr
2023-12-11T18:59:20.933+0000 7f9123fff700 1 --2- 172.21.15.148:0/3958426787 >> [v2:172.21.15.148:6800/3146776205,v1:172.21.15.148:6801/3146776205] conn(0x7f91140365f0 0x7f9114038aa0 secure :-1 s=READY pgs=19 cs=0 l=1 rev1=1 crypto rx=0x7f9110009990 tx=0x7f9110006e40 comp rx=0 tx=0).ready entity=mgr.14120 client_cookie=0 server_cookie=0 in_seq=0 out_seq=0
2023-12-11T18:59:21.494 INFO:teuthology.orchestra.run.smithi148.stdout:/usr/bin/ceph: stderr
2023-12-11T18:59:20.937+0000 7f91217fa700 1 -- 172.21.15.148:0/3958426787 <== mon.0 v2:172.21.15.148:3300/0 6 ==== mon_command_ack([{"prefix": "get_command_descriptions"}]=0 v0) v1 ==== 72+0+174570 (secure 0 0 0) 0x7f911802b950 con 0x7f91241022d0
2023-12-11T18:59:21.495 INFO:teuthology.orchestra.run.smithi148.stdout:/usr/bin/ceph: stderr
2023-12-11T18:59:21.129+0000 7f912b1e4700 1 -- 172.21.15.148:0/3958426787 --> [v2:172.21.15.148:3300/0,v1:172.21.15.148:6789/0] -- mon_command([{prefix=config set, name=mgr/cephadm/container_init}] v 0) v1 -- 0x7f91241040b0 con 0x7f91241022d0
2023-12-11T18:59:21.495 INFO:teuthology.orchestra.run.smithi148.stdout:/usr/bin/ceph: stderr
2023-12-11T18:59:21.133+0000 7f91217fa700 1 -- 172.21.15.148:0/3958426787 <== mon.0 v2:172.21.15.148:3300/0 7 ==== mon_command_ack([{prefix=config set, name=mgr/cephadm/container_init}]=0 v7)=0 v7) v1 ==== 142+0+0 (secure 0 0 0) 0x7f911802b300 con 0x7f91241022d0
2023-12-11T18:59:21.495 INFO:teuthology.orchestra.run.smithi148.stdout:/usr/bin/ceph: stderr
2023-12-11T18:59:21.135+0000 7f912b1e4700 1 -- 172.21.15.148:0/3958426787 >> [v2:172.21.15.148:6800/3146776205,v1:172.21.15.148:6801/3146776205] conn(0x7f91140365f0 msgr2=0x7f9114038aa0 secure :-1 s=STATE_CONNECTION_ESTABLISHED l=1).mark_down
2023-12-11T18:59:21.495 INFO:teuthology.orchestra.run.smithi148.stdout:/usr/bin/ceph: stderr
2023-12-11T18:59:21.135+0000 7f912b1e4700 1 --2- 172.21.15.148:0/3958426787 >> [v2:172.21.15.148:6800/3146776205,v1:172.21.15.148:6801/3146776205] conn(0x7f91140365f0 0x7f9114038aa0 secure :-1 s=READY pgs=19 cs=0 l=1 rev1=1 crypto rx=0x7f9110009990 tx=0x7f9110006e40 comp rx=0 tx=0).stop
2023-12-11T18:59:21.495 INFO:teuthology.orchestra.run.smithi148.stdout:/usr/bin/ceph: stderr
2023-12-11T18:59:21.135+0000 7f912b1e4700 1 -- 172.21.15.148:0/3958426787 >> [v2:172.21.15.148:3300/0,v1:172.21.15.148:6789/0] conn(0x7f91241022d0 msgr2=0x7f9124111170 secure :-1 s=STATE_CONNECTION_ESTABLISHED l=1).mark_down
2023-12-11T18:59:21.495 INFO:teuthology.orchestra.run.smithi148.stdout:/usr/bin/ceph: stderr
2023-12-11T18:59:21.135+0000 7f912b1e4700 1 --2- 172.21.15.148:0/3958426787 >> [v2:172.21.15.148:3300/0,v1:172.21.15.148:6789/0] conn(0x7f91241022d0 0x7f9124111170 secure :-1 s=READY pgs=62 cs=0 l=1 rev1=1 crypto rx=0x7f911800c010 tx=0x7f9118009250 comp rx=0 tx=0).stop
2023-12-11T18:59:21.496 INFO:teuthology.orchestra.run.smithi148.stdout:/usr/bin/ceph: stderr
2023-12-11T18:59:21.135+0000 7f912b1e4700 1 -- 172.21.15.148:0/3958426787 shutdown_connections
2023-12-11T18:59:21.496 INFO:teuthology.orchestra.run.smithi148.stdout:/usr/bin/ceph: stderr
2023-12-11T18:59:21.135+0000 7f912b1e4700 1 --2- 172.21.15.148:0/3958426787 >> [v2:172.21.15.148:6800/3146776205,v1:172.21.15.148:6801/3146776205] conn(0x7f91140365f0 0x7f9114038aa0 unknown :-1 s=CLOSED pgs=19 cs=0 l=1 rev1=1 crypto rx=0 tx=0 comp rx=0 tx=0).stop
2023-12-11T18:59:21.496 INFO:teuthology.orchestra.run.smithi148.stdout:/usr/bin/ceph: stderr
2023-12-11T18:59:21.135+0000 7f912b1e4700 1 --2- 172.21.15.148:0/3958426787 >> [v2:172.21.15.148:3300/0,v1:172.21.15.148:6789/0] conn(0x7f91241022d0 0x7f9124111170 unknown :-1 s=CLOSED pgs=62 cs=0 l=1 rev1=1 crypto rx=0 tx=0 comp rx=0 tx=0).stop
2023-12-11T18:59:21.496 INFO:teuthology.orchestra.run.smithi148.stdout:/usr/bin/ceph: stderr
2023-12-11T18:59:21.135+0000 7f912b1e4700 1 -- 172.21.15.148:0/3958426787 >> 172.21.15.148:0/3958426787 conn(0x7f91240fda50 msgr2=0x7f91240ff250 unknown :-1 s=STATE_NONE l=0).mark_down
2023-12-11T18:59:21.497 INFO:teuthology.orchestra.run.smithi148.stdout:/usr/bin/ceph: stderr
2023-12-11T18:59:21.136+0000 7f912b1e4700 1 -- 172.21.15.148:0/3958426787 shutdown_connections
2023-12-11T18:59:21.497 INFO:teuthology.orchestra.run.smithi148.stdout:/usr/bin/ceph: stderr
2023-12-11T18:59:21.136+0000 7f912b1e4700 1 -- 172.21.15.148:0/3958426787 wait complete.
2023-12-11T18:59:22.435 INFO:teuthology.orchestra.run.smithi148.stdout:/usr/bin/ceph: stderr
2023-12-11T18:59:21.884+0000 7f39d1bf6700 1 Processor -- start
2023-12-11T18:59:22.435 INFO:teuthology.orchestra.run.smithi148.stdout:/usr/bin/ceph: stderr
2023-12-11T18:59:21.884+0000 7f39d1bf6700 1 -- start start
2023-12-11T18:59:22.435 INFO:teuthology.orchestra.run.smithi148.stdout:/usr/bin/ceph: stderr
2023-12-11T18:59:21.885+0000 7f39d1bf6700 1 --2- >> [v2:172.21.15.148:3300/0,v1:172.21.15.148:6789/0] conn(0x7f39cc077bf0 0x7f39cc076100 unknown :-1 s=NONE pgs=0 cs=0 l=0 rev1=0 crypto rx=0 tx=0 comp rx=0 tx=0).connect
2023-12-11T18:59:22.435 INFO:teuthology.orchestra.run.smithi148.stdout:/usr/bin/ceph: stderr
2023-12-11T18:59:21.885+0000 7f39d1bf6700 1 -- --> [v2:172.21.15.148:3300/0,v1:172.21.15.148:6789/0] -- mon_getmap magic: 0 v1 -- 0x7f39cc078000 con 0x7f39cc077bf0
2023-12-11T18:59:22.435 INFO:teuthology.orchestra.run.smithi148.stdout:/usr/bin/ceph: stderr
2023-12-11T18:59:21.885+0000 7f39cb7fe700 1 --2- >> [v2:172.21.15.148:3300/0,v1:172.21.15.148:6789/0] conn(0x7f39cc077bf0 0x7f39cc076100 unknown :-1 s=BANNER_CONNECTING pgs=0 cs=0 l=0 rev1=0 crypto rx=0 tx=0 comp rx=0 tx=0)._handle_peer_banner_payload supported=3 required=0
2023-12-11T18:59:22.435 INFO:teuthology.orchestra.run.smithi148.stdout:/usr/bin/ceph: stderr
2023-12-11T18:59:21.885+0000 7f39cb7fe700 1 --2- >> [v2:172.21.15.148:3300/0,v1:172.21.15.148:6789/0] conn(0x7f39cc077bf0 0x7f39cc076100 unknown :-1 s=HELLO_CONNECTING pgs=0 cs=0 l=0 rev1=1 crypto rx=0 tx=0 comp rx=0 tx=0).handle_hello peer v2:172.21.15.148:3300/0 says I am v2:172.21.15.148:38940/0 (socket says 172.21.15.148:38940)
2023-12-11T18:59:22.435 INFO:teuthology.orchestra.run.smithi148.stdout:/usr/bin/ceph: stderr
2023-12-11T18:59:21.885+0000 7f39cb7fe700 1 -- 172.21.15.148:0/1226641166 learned_addr learned my addr 172.21.15.148:0/1226641166 (peer_addr_for_me v2:172.21.15.148:0/0)
2023-12-11T18:59:22.435 INFO:teuthology.orchestra.run.smithi148.stdout:/usr/bin/ceph: stderr
2023-12-11T18:59:21.885+0000 7f39cb7fe700 1 -- 172.21.15.148:0/1226641166 --> [v2:172.21.15.148:3300/0,v1:172.21.15.148:6789/0] -- mon_subscribe({config=0+,monmap=0+}) v3 -- 0x7f39cc076640 con 0x7f39cc077bf0
2023-12-11T18:59:22.435 INFO:teuthology.orchestra.run.smithi148.stdout:/usr/bin/ceph: stderr
2023-12-11T18:59:21.885+0000 7f39cb7fe700 1 --2- 172.21.15.148:0/1226641166 >> [v2:172.21.15.148:3300/0,v1:172.21.15.148:6789/0] conn(0x7f39cc077bf0 0x7f39cc076100 secure :-1 s=READY pgs=63 cs=0 l=1 rev1=1 crypto rx=0x7f39bc0098e0 tx=0x7f39bc009250 comp rx=0 tx=0).ready entity=mon.0 client_cookie=d21061881aa83146 server_cookie=0 in_seq=0 out_seq=0
2023-12-11T18:59:22.435 INFO:teuthology.orchestra.run.smithi148.stdout:/usr/bin/ceph: stderr
2023-12-11T18:59:21.886+0000 7f39ca7fc700 1 -- 172.21.15.148:0/1226641166 <== mon.0 v2:172.21.15.148:3300/0 1 ==== mon_map magic: 0 v1 ==== 229+0+0 (secure 0 0 0) 0x7f39bc00b860 con 0x7f39cc077bf0
2023-12-11T18:59:22.435 INFO:teuthology.orchestra.run.smithi148.stdout:/usr/bin/ceph: stderr
2023-12-11T18:59:21.886+0000 7f39ca7fc700 1 -- 172.21.15.148:0/1226641166 <== mon.0 v2:172.21.15.148:3300/0 2 ==== config(26 keys) v1 ==== 1074+0+0 (secure 0 0 0) 0x7f39bc00be70 con 0x7f39cc077bf0
2023-12-11T18:59:22.436 INFO:teuthology.orchestra.run.smithi148.stdout:/usr/bin/ceph: stderr
2023-12-11T18:59:21.886+0000 7f39ca7fc700 1 -- 172.21.15.148:0/1226641166 <== mon.0 v2:172.21.15.148:3300/0 3 ==== mon_map magic: 0 v1 ==== 229+0+0 (secure 0 0 0) 0x7f39bc010380 con 0x7f39cc077bf0
2023-12-11T18:59:22.436 INFO:teuthology.orchestra.run.smithi148.stdout:/usr/bin/ceph: stderr
2023-12-11T18:59:21.886+0000 7f39d1bf6700 1 -- 172.21.15.148:0/1226641166 >> [v2:172.21.15.148:3300/0,v1:172.21.15.148:6789/0] conn(0x7f39cc077bf0 msgr2=0x7f39cc076100 secure :-1 s=STATE_CONNECTION_ESTABLISHED l=1).mark_down
2023-12-11T18:59:22.436 INFO:teuthology.orchestra.run.smithi148.stdout:/usr/bin/ceph: stderr
2023-12-11T18:59:21.886+0000 7f39d1bf6700 1 --2- 172.21.15.148:0/1226641166 >> [v2:172.21.15.148:3300/0,v1:172.21.15.148:6789/0] conn(0x7f39cc077bf0 0x7f39cc076100 secure :-1 s=READY pgs=63 cs=0 l=1 rev1=1 crypto rx=0x7f39bc0098e0 tx=0x7f39bc009250 comp rx=0 tx=0).stop
2023-12-11T18:59:22.436 INFO:teuthology.orchestra.run.smithi148.stdout:/usr/bin/ceph: stderr
2023-12-11T18:59:21.886+0000 7f39d1bf6700 1 -- 172.21.15.148:0/1226641166 shutdown_connections
2023-12-11T18:59:22.436 INFO:teuthology.orchestra.run.smithi148.stdout:/usr/bin/ceph: stderr
2023-12-11T18:59:21.886+0000 7f39d1bf6700 1 --2- 172.21.15.148:0/1226641166 >> [v2:172.21.15.148:3300/0,v1:172.21.15.148:6789/0] conn(0x7f39cc077bf0 0x7f39cc076100 unknown :-1 s=CLOSED pgs=63 cs=0 l=1 rev1=1 crypto rx=0 tx=0 comp rx=0 tx=0).stop
2023-12-11T18:59:22.436 INFO:teuthology.orchestra.run.smithi148.stdout:/usr/bin/ceph: stderr
2023-12-11T18:59:21.886+0000 7f39d1bf6700 1 -- 172.21.15.148:0/1226641166 >> 172.21.15.148:0/1226641166 conn(0x7f39cc0fda50 msgr2=0x7f39cc0ffe60 unknown :-1 s=STATE_NONE l=0).mark_down
2023-12-11T18:59:22.436 INFO:teuthology.orchestra.run.smithi148.stdout:/usr/bin/ceph: stderr
2023-12-11T18:59:21.886+0000 7f39d1bf6700 1 -- 172.21.15.148:0/1226641166 shutdown_connections
2023-12-11T18:59:22.436 INFO:teuthology.orchestra.run.smithi148.stdout:/usr/bin/ceph: stderr
2023-12-11T18:59:21.886+0000 7f39d1bf6700 1 -- 172.21.15.148:0/1226641166 wait complete.
2023-12-11T18:59:22.436 INFO:teuthology.orchestra.run.smithi148.stdout:/usr/bin/ceph: stderr
2023-12-11T18:59:21.887+0000 7f39d1bf6700 1 Processor -- start
2023-12-11T18:59:22.436 INFO:teuthology.orchestra.run.smithi148.stdout:/usr/bin/ceph: stderr
2023-12-11T18:59:21.887+0000 7f39d1bf6700 1 -- start start
2023-12-11T18:59:22.436 INFO:teuthology.orchestra.run.smithi148.stdout:/usr/bin/ceph: stderr
2023-12-11T18:59:21.888+0000 7f39d1bf6700 1 --2- >> [v2:172.21.15.148:3300/0,v1:172.21.15.148:6789/0] conn(0x7f39cc077bf0 0x7f39cc1133e0 unknown :-1 s=NONE pgs=0 cs=0 l=1 rev1=0 crypto rx=0 tx=0 comp rx=0 tx=0).connect
2023-12-11T18:59:22.436 INFO:teuthology.orchestra.run.smithi148.stdout:/usr/bin/ceph: stderr
2023-12-11T18:59:21.888+0000 7f39d1bf6700 1 -- --> [v2:172.21.15.148:3300/0,v1:172.21.15.148:6789/0] -- mon_getmap magic: 0 v1 -- 0x7f39cc113920 con 0x7f39cc077bf0
2023-12-11T18:59:22.436 INFO:teuthology.orchestra.run.smithi148.stdout:/usr/bin/ceph: stderr
2023-12-11T18:59:21.888+0000 7f39cb7fe700 1 --2- >> [v2:172.21.15.148:3300/0,v1:172.21.15.148:6789/0] conn(0x7f39cc077bf0 0x7f39cc1133e0 unknown :-1 s=BANNER_CONNECTING pgs=0 cs=0 l=1 rev1=0 crypto rx=0 tx=0 comp rx=0 tx=0)._handle_peer_banner_payload supported=3 required=0
2023-12-11T18:59:22.436 INFO:teuthology.orchestra.run.smithi148.stdout:/usr/bin/ceph: stderr
2023-12-11T18:59:21.888+0000 7f39cb7fe700 1 --2- >> [v2:172.21.15.148:3300/0,v1:172.21.15.148:6789/0] conn(0x7f39cc077bf0 0x7f39cc1133e0 unknown :-1 s=HELLO_CONNECTING pgs=0 cs=0 l=1 rev1=1 crypto rx=0 tx=0 comp rx=0 tx=0).handle_hello peer v2:172.21.15.148:3300/0 says I am v2:172.21.15.148:38956/0 (socket says 172.21.15.148:38956)
2023-12-11T18:59:22.437 INFO:teuthology.orchestra.run.smithi148.stdout:/usr/bin/ceph: stderr
2023-12-11T18:59:21.888+0000 7f39cb7fe700 1 -- 172.21.15.148:0/4122071894 learned_addr learned my addr 172.21.15.148:0/4122071894 (peer_addr_for_me v2:172.21.15.148:0/0)
2023-12-11T18:59:22.437 INFO:teuthology.orchestra.run.smithi148.stdout:/usr/bin/ceph: stderr
2023-12-11T18:59:21.888+0000 7f39cb7fe700 1 -- 172.21.15.148:0/4122071894 --> [v2:172.21.15.148:3300/0,v1:172.21.15.148:6789/0] -- mon_subscribe({config=0+,monmap=0+}) v3 -- 0x7f39bc0094f0 con 0x7f39cc077bf0
2023-12-11T18:59:22.437 INFO:teuthology.orchestra.run.smithi148.stdout:/usr/bin/ceph: stderr
2023-12-11T18:59:21.889+0000 7f39cb7fe700 1 --2- 172.21.15.148:0/4122071894 >> [v2:172.21.15.148:3300/0,v1:172.21.15.148:6789/0] conn(0x7f39cc077bf0 0x7f39cc1133e0 secure :-1 s=READY pgs=64 cs=0 l=1 rev1=1 crypto rx=0x7f39bc006d40 tx=0x7f39bc009250 comp rx=0 tx=0).ready entity=mon.0 client_cookie=0 server_cookie=0 in_seq=0 out_seq=0
2023-12-11T18:59:22.437 INFO:teuthology.orchestra.run.smithi148.stdout:/usr/bin/ceph: stderr
2023-12-11T18:59:21.889+0000 7f39b3fff700 1 -- 172.21.15.148:0/4122071894 <== mon.0 v2:172.21.15.148:3300/0 1 ==== mon_map magic: 0 v1 ==== 229+0+0 (secure 0 0 0) 0x7f39bc010960 con 0x7f39cc077bf0
2023-12-11T18:59:22.437 INFO:teuthology.orchestra.run.smithi148.stdout:/usr/bin/ceph: stderr
2023-12-11T18:59:21.889+0000 7f39b3fff700 1 -- 172.21.15.148:0/4122071894 <== mon.0 v2:172.21.15.148:3300/0 2 ==== config(26 keys) v1 ==== 1074+0+0 (secure 0 0 0) 0x7f39bc01a430 con 0x7f39cc077bf0
2023-12-11T18:59:22.437 INFO:teuthology.orchestra.run.smithi148.stdout:/usr/bin/ceph: stderr
2023-12-11T18:59:21.889+0000 7f39d1bf6700 1 -- 172.21.15.148:0/4122071894 --> [v2:172.21.15.148:3300/0,v1:172.21.15.148:6789/0] -- mon_subscribe({mgrmap=0+}) v3 -- 0x7f39cc113b20 con 0x7f39cc077bf0
2023-12-11T18:59:22.437 INFO:teuthology.orchestra.run.smithi148.stdout:/usr/bin/ceph: stderr
2023-12-11T18:59:21.889+0000 7f39b3fff700 1 -- 172.21.15.148:0/4122071894 <== mon.0 v2:172.21.15.148:3300/0 3 ==== mon_map magic: 0 v1 ==== 229+0+0 (secure 0 0 0) 0x7f39bc0245b0 con 0x7f39cc077bf0
2023-12-11T18:59:22.437 INFO:teuthology.orchestra.run.smithi148.stdout:/usr/bin/ceph: stderr
2023-12-11T18:59:21.889+0000 7f39d1bf6700 1 -- 172.21.15.148:0/4122071894 --> [v2:172.21.15.148:3300/0,v1:172.21.15.148:6789/0] -- mon_subscribe({osdmap=0}) v3 -- 0x7f39cc113f30 con 0x7f39cc077bf0
2023-12-11T18:59:22.437 INFO:teuthology.orchestra.run.smithi148.stdout:/usr/bin/ceph: stderr
2023-12-11T18:59:21.890+0000 7f39b3fff700 1 -- 172.21.15.148:0/4122071894 <== mon.0 v2:172.21.15.148:3300/0 4 ==== mgrmap(e 8) v1 ==== 43281+0+0 (secure 0 0 0) 0x7f39bc01a9f0 con 0x7f39cc077bf0
2023-12-11T18:59:22.437 INFO:teuthology.orchestra.run.smithi148.stdout:/usr/bin/ceph: stderr
2023-12-11T18:59:21.890+0000 7f39d1bf6700 1 -- 172.21.15.148:0/4122071894 --> [v2:172.21.15.148:3300/0,v1:172.21.15.148:6789/0] -- mon_command({"prefix": "get_command_descriptions"} v 0) v1 -- 0x7f39cc04bb80 con 0x7f39cc077bf0
2023-12-11T18:59:22.437 INFO:teuthology.orchestra.run.smithi148.stdout:/usr/bin/ceph: stderr
2023-12-11T18:59:21.890+0000 7f39b3fff700 1 --2- 172.21.15.148:0/4122071894 >> [v2:172.21.15.148:6800/3146776205,v1:172.21.15.148:6801/3146776205] conn(0x7f39b4036640 0x7f39b4038af0 unknown :-1 s=NONE pgs=0 cs=0 l=1 rev1=0 crypto rx=0 tx=0 comp rx=0 tx=0).connect
2023-12-11T18:59:22.437 INFO:teuthology.orchestra.run.smithi148.stdout:/usr/bin/ceph: stderr
2023-12-11T18:59:21.890+0000 7f39b3fff700 1 -- 172.21.15.148:0/4122071894 <== mon.0 v2:172.21.15.148:3300/0 5 ==== osd_map(2..2 src has 1..2) v4 ==== 936+0+0 (secure 0 0 0) 0x7f39bc04a090 con 0x7f39cc077bf0
2023-12-11T18:59:22.437 INFO:teuthology.orchestra.run.smithi148.stdout:/usr/bin/ceph: stderr
2023-12-11T18:59:21.891+0000 7f39caffd700 1 --2- 172.21.15.148:0/4122071894 >> [v2:172.21.15.148:6800/3146776205,v1:172.21.15.148:6801/3146776205] conn(0x7f39b4036640 0x7f39b4038af0 unknown :-1 s=BANNER_CONNECTING pgs=0 cs=0 l=1 rev1=0 crypto rx=0 tx=0 comp rx=0 tx=0)._handle_peer_banner_payload supported=3 required=0
2023-12-11T18:59:22.437 INFO:teuthology.orchestra.run.smithi148.stdout:/usr/bin/ceph: stderr
2023-12-11T18:59:21.891+0000 7f39caffd700 1 --2- 172.21.15.148:0/4122071894 >> [v2:172.21.15.148:6800/3146776205,v1:172.21.15.148:6801/3146776205] conn(0x7f39b4036640 0x7f39b4038af0 secure :-1 s=READY pgs=20 cs=0 l=1 rev1=1 crypto rx=0x7f39c0009990 tx=0x7f39c0006e40 comp rx=0 tx=0).ready entity=mgr.14120 client_cookie=0 server_cookie=0 in_seq=0 out_seq=0
2023-12-11T18:59:22.438 INFO:teuthology.orchestra.run.smithi148.stdout:/usr/bin/ceph: stderr
2023-12-11T18:59:21.895+0000 7f39b3fff700 1 -- 172.21.15.148:0/4122071894 <== mon.0 v2:172.21.15.148:3300/0 6 ==== mon_command_ack([{"prefix": "get_command_descriptions"}]=0 v0) v1 ==== 72+0+174570 (secure 0 0 0) 0x7f39bc02b8c0 con 0x7f39cc077bf0
2023-12-11T18:59:22.438 INFO:teuthology.orchestra.run.smithi148.stdout:/usr/bin/ceph: stderr
2023-12-11T18:59:22.087+0000 7f39d1bf6700 1 -- 172.21.15.148:0/4122071894 --> [v2:172.21.15.148:3300/0,v1:172.21.15.148:6789/0] -- mon_command([{prefix=config set, name=mgr/dashboard/ssl_server_port}] v 0) v1 -- 0x7f39cc108570 con 0x7f39cc077bf0
2023-12-11T18:59:22.438 INFO:teuthology.orchestra.run.smithi148.stdout:/usr/bin/ceph: stderr
2023-12-11T18:59:22.093+0000 7f39b3fff700 1 -- 172.21.15.148:0/4122071894 <== mon.0 v2:172.21.15.148:3300/0 7 ==== mon_command_ack([{prefix=config set, name=mgr/dashboard/ssl_server_port}]=0 v8)=0 v8) v1 ==== 130+0+0 (secure 0 0 0) 0x7f39bc02b2f0 con 0x7f39cc077bf0
2023-12-11T18:59:22.438 INFO:teuthology.orchestra.run.smithi148.stdout:/usr/bin/ceph: stderr
2023-12-11T18:59:22.096+0000 7f39d1bf6700 1 -- 172.21.15.148:0/4122071894 >> [v2:172.21.15.148:6800/3146776205,v1:172.21.15.148:6801/3146776205] conn(0x7f39b4036640 msgr2=0x7f39b4038af0 secure :-1 s=STATE_CONNECTION_ESTABLISHED l=1).mark_down
2023-12-11T18:59:22.438 INFO:teuthology.orchestra.run.smithi148.stdout:/usr/bin/ceph: stderr
2023-12-11T18:59:22.096+0000 7f39d1bf6700 1 --2- 172.21.15.148:0/4122071894 >> [v2:172.21.15.148:6800/3146776205,v1:172.21.15.148:6801/3146776205] conn(0x7f39b4036640 0x7f39b4038af0 secure :-1 s=READY pgs=20 cs=0 l=1 rev1=1 crypto rx=0x7f39c0009990 tx=0x7f39c0006e40 comp rx=0 tx=0).stop
2023-12-11T18:59:22.438 INFO:teuthology.orchestra.run.smithi148.stdout:/usr/bin/ceph: stderr
2023-12-11T18:59:22.096+0000 7f39d1bf6700 1 -- 172.21.15.148:0/4122071894 >> [v2:172.21.15.148:3300/0,v1:172.21.15.148:6789/0] conn(0x7f39cc077bf0 msgr2=0x7f39cc1133e0 secure :-1 s=STATE_CONNECTION_ESTABLISHED l=1).mark_down
2023-12-11T18:59:22.438 INFO:teuthology.orchestra.run.smithi148.stdout:/usr/bin/ceph: stderr
2023-12-11T18:59:22.096+0000 7f39d1bf6700 1 --2- 172.21.15.148:0/4122071894 >> [v2:172.21.15.148:3300/0,v1:172.21.15.148:6789/0] conn(0x7f39cc077bf0 0x7f39cc1133e0 secure :-1 s=READY pgs=64 cs=0 l=1 rev1=1 crypto rx=0x7f39bc006d40 tx=0x7f39bc009250 comp rx=0 tx=0).stop
2023-12-11T18:59:22.438 INFO:teuthology.orchestra.run.smithi148.stdout:/usr/bin/ceph: stderr
2023-12-11T18:59:22.096+0000 7f39d1bf6700 1 -- 172.21.15.148:0/4122071894 shutdown_connections
2023-12-11T18:59:22.438 INFO:teuthology.orchestra.run.smithi148.stdout:/usr/bin/ceph: stderr
2023-12-11T18:59:22.096+0000 7f39d1bf6700 1 --2- 172.21.15.148:0/4122071894 >> [v2:172.21.15.148:6800/3146776205,v1:172.21.15.148:6801/3146776205] conn(0x7f39b4036640 0x7f39b4038af0 unknown :-1 s=CLOSED pgs=20 cs=0 l=1 rev1=1 crypto rx=0 tx=0 comp rx=0 tx=0).stop
2023-12-11T18:59:22.438 INFO:teuthology.orchestra.run.smithi148.stdout:/usr/bin/ceph: stderr
2023-12-11T18:59:22.096+0000 7f39d1bf6700 1 --2- 172.21.15.148:0/4122071894 >> [v2:172.21.15.148:3300/0,v1:172.21.15.148:6789/0] conn(0x7f39cc077bf0 0x7f39cc1133e0 unknown :-1 s=CLOSED pgs=64 cs=0 l=1 rev1=1 crypto rx=0 tx=0 comp rx=0 tx=0).stop
2023-12-11T18:59:22.438 INFO:teuthology.orchestra.run.smithi148.stdout:/usr/bin/ceph: stderr
2023-12-11T18:59:22.096+0000 7f39d1bf6700 1 -- 172.21.15.148:0/4122071894 >> 172.21.15.148:0/4122071894 conn(0x7f39cc0fda50 msgr2=0x7f39cc0ff270 unknown :-1 s=STATE_NONE l=0).mark_down
2023-12-11T18:59:22.438 INFO:teuthology.orchestra.run.smithi148.stdout:/usr/bin/ceph: stderr
2023-12-11T18:59:22.096+0000 7f39d1bf6700 1 -- 172.21.15.148:0/4122071894 shutdown_connections
2023-12-11T18:59:22.438 INFO:teuthology.orchestra.run.smithi148.stdout:/usr/bin/ceph: stderr
2023-12-11T18:59:22.097+0000 7f39d1bf6700 1 -- 172.21.15.148:0/4122071894 wait complete.
2023-12-11T18:59:22.438 INFO:teuthology.orchestra.run.smithi148.stdout:Enabling the dashboard module...
2023-12-11T18:59:23.380 INFO:journalctl@ceph.mon.smithi148.smithi148.stdout:Dec 11 18:59:23 smithi148 ceph-mon[135911]: from='client.? 172.21.15.148:0/4122071894' entity='client.admin'
2023-12-11T18:59:23.380 INFO:journalctl@ceph.mon.smithi148.smithi148.stdout:Dec 11 18:59:23 smithi148 ceph-mon[135911]: from='client.? 172.21.15.148:0/190338596' entity='client.admin' cmd=[{"prefix": "mgr module enable", "module": "dashboard"}]: dispatch
2023-12-11T18:59:23.470 INFO:teuthology.orchestra.run.smithi148.stdout:/usr/bin/ceph: stderr
2023-12-11T18:59:22.808+0000 7f542fe7c700 1 Processor -- start
2023-12-11T18:59:23.471 INFO:teuthology.orchestra.run.smithi148.stdout:/usr/bin/ceph: stderr
2023-12-11T18:59:22.808+0000 7f542fe7c700 1 -- start start
2023-12-11T18:59:23.471 INFO:teuthology.orchestra.run.smithi148.stdout:/usr/bin/ceph: stderr
2023-12-11T18:59:22.809+0000 7f542fe7c700 1 --2- >> [v2:172.21.15.148:3300/0,v1:172.21.15.148:6789/0] conn(0x7f5428077bf0 0x7f5428076100 unknown :-1 s=NONE pgs=0 cs=0 l=0 rev1=0 crypto rx=0 tx=0 comp rx=0 tx=0).connect
2023-12-11T18:59:23.471 INFO:teuthology.orchestra.run.smithi148.stdout:/usr/bin/ceph: stderr
2023-12-11T18:59:22.809+0000 7f542fe7c700 1 -- --> [v2:172.21.15.148:3300/0,v1:172.21.15.148:6789/0] -- mon_getmap magic: 0 v1 -- 0x7f5428078000 con 0x7f5428077bf0
2023-12-11T18:59:23.471 INFO:teuthology.orchestra.run.smithi148.stdout:/usr/bin/ceph: stderr
2023-12-11T18:59:22.809+0000 7f542dc18700 1 --2- >> [v2:172.21.15.148:3300/0,v1:172.21.15.148:6789/0] conn(0x7f5428077bf0 0x7f5428076100 unknown :-1 s=BANNER_CONNECTING pgs=0 cs=0 l=0 rev1=0 crypto rx=0 tx=0 comp rx=0 tx=0)._handle_peer_banner_payload supported=3 required=0
2023-12-11T18:59:23.471 INFO:teuthology.orchestra.run.smithi148.stdout:/usr/bin/ceph: stderr
2023-12-11T18:59:22.809+0000 7f542dc18700 1 --2- >> [v2:172.21.15.148:3300/0,v1:172.21.15.148:6789/0] conn(0x7f5428077bf0 0x7f5428076100 unknown :-1 s=HELLO_CONNECTING pgs=0 cs=0 l=0 rev1=1 crypto rx=0 tx=0 comp rx=0 tx=0).handle_hello peer v2:172.21.15.148:3300/0 says I am v2:172.21.15.148:38958/0 (socket says 172.21.15.148:38958)
2023-12-11T18:59:23.471 INFO:teuthology.orchestra.run.smithi148.stdout:/usr/bin/ceph: stderr
2023-12-11T18:59:22.809+0000 7f542dc18700 1 -- 172.21.15.148:0/1559542980 learned_addr learned my addr 172.21.15.148:0/1559542980 (peer_addr_for_me v2:172.21.15.148:0/0)
2023-12-11T18:59:23.471 INFO:teuthology.orchestra.run.smithi148.stdout:/usr/bin/ceph: stderr
2023-12-11T18:59:22.810+0000 7f542dc18700 1 -- 172.21.15.148:0/1559542980 --> [v2:172.21.15.148:3300/0,v1:172.21.15.148:6789/0] -- mon_subscribe({config=0+,monmap=0+}) v3 -- 0x7f5428076640 con 0x7f5428077bf0
2023-12-11T18:59:23.472 INFO:teuthology.orchestra.run.smithi148.stdout:/usr/bin/ceph: stderr
2023-12-11T18:59:22.810+0000 7f542dc18700 1 --2- 172.21.15.148:0/1559542980 >> [v2:172.21.15.148:3300/0,v1:172.21.15.148:6789/0] conn(0x7f5428077bf0 0x7f5428076100 secure :-1 s=READY pgs=65 cs=0 l=1 rev1=1 crypto rx=0x7f54240098e0 tx=0x7f5424009250 comp rx=0 tx=0).ready entity=mon.0 client_cookie=1dbe277c672c7fa6 server_cookie=0 in_seq=0 out_seq=0
2023-12-11T18:59:23.472 INFO:teuthology.orchestra.run.smithi148.stdout:/usr/bin/ceph: stderr
2023-12-11T18:59:22.810+0000 7f542cc16700 1 -- 172.21.15.148:0/1559542980 <== mon.0 v2:172.21.15.148:3300/0 1 ==== mon_map magic: 0 v1 ==== 229+0+0 (secure 0 0 0) 0x7f542400b860 con 0x7f5428077bf0
2023-12-11T18:59:23.472 INFO:teuthology.orchestra.run.smithi148.stdout:/usr/bin/ceph: stderr
2023-12-11T18:59:22.810+0000 7f542cc16700 1 -- 172.21.15.148:0/1559542980 <== mon.0 v2:172.21.15.148:3300/0 2 ==== config(26 keys) v1 ==== 1074+0+0 (secure 0 0 0) 0x7f542400be70 con 0x7f5428077bf0
2023-12-11T18:59:23.472 INFO:teuthology.orchestra.run.smithi148.stdout:/usr/bin/ceph: stderr
2023-12-11T18:59:22.810+0000 7f542cc16700 1 -- 172.21.15.148:0/1559542980 <== mon.0 v2:172.21.15.148:3300/0 3 ==== mon_map magic: 0 v1 ==== 229+0+0 (secure 0 0 0) 0x7f5424010380 con 0x7f5428077bf0
2023-12-11T18:59:23.472 INFO:teuthology.orchestra.run.smithi148.stdout:/usr/bin/ceph: stderr
2023-12-11T18:59:22.811+0000 7f542fe7c700 1 -- 172.21.15.148:0/1559542980 >> [v2:172.21.15.148:3300/0,v1:172.21.15.148:6789/0] conn(0x7f5428077bf0 msgr2=0x7f5428076100 secure :-1 s=STATE_CONNECTION_ESTABLISHED l=1).mark_down
2023-12-11T18:59:23.472 INFO:teuthology.orchestra.run.smithi148.stdout:/usr/bin/ceph: stderr
2023-12-11T18:59:22.811+0000 7f542fe7c700 1 --2- 172.21.15.148:0/1559542980 >> [v2:172.21.15.148:3300/0,v1:172.21.15.148:6789/0] conn(0x7f5428077bf0 0x7f5428076100 secure :-1 s=READY pgs=65 cs=0 l=1 rev1=1 crypto rx=0x7f54240098e0 tx=0x7f5424009250 comp rx=0 tx=0).stop
2023-12-11T18:59:23.472 INFO:teuthology.orchestra.run.smithi148.stdout:/usr/bin/ceph: stderr
2023-12-11T18:59:22.811+0000 7f542fe7c700 1 -- 172.21.15.148:0/1559542980 shutdown_connections
2023-12-11T18:59:23.472 INFO:teuthology.orchestra.run.smithi148.stdout:/usr/bin/ceph: stderr
2023-12-11T18:59:22.811+0000 7f542fe7c700 1 --2- 172.21.15.148:0/1559542980 >> [v2:172.21.15.148:3300/0,v1:172.21.15.148:6789/0] conn(0x7f5428077bf0 0x7f5428076100 unknown :-1 s=CLOSED pgs=65 cs=0 l=1 rev1=1 crypto rx=0 tx=0 comp rx=0 tx=0).stop
2023-12-11T18:59:23.472 INFO:teuthology.orchestra.run.smithi148.stdout:/usr/bin/ceph: stderr
2023-12-11T18:59:22.811+0000 7f542fe7c700 1 -- 172.21.15.148:0/1559542980 >> 172.21.15.148:0/1559542980 conn(0x7f54280fda50 msgr2=0x7f54280ffe60 unknown :-1 s=STATE_NONE l=0).mark_down
2023-12-11T18:59:23.472 INFO:teuthology.orchestra.run.smithi148.stdout:/usr/bin/ceph: stderr
2023-12-11T18:59:22.811+0000 7f542fe7c700 1 -- 172.21.15.148:0/1559542980 shutdown_connections
2023-12-11T18:59:23.472 INFO:teuthology.orchestra.run.smithi148.stdout:/usr/bin/ceph: stderr
2023-12-11T18:59:22.811+0000 7f542fe7c700 1 -- 172.21.15.148:0/1559542980 wait complete.
2023-12-11T18:59:23.472 INFO:teuthology.orchestra.run.smithi148.stdout:/usr/bin/ceph: stderr
2023-12-11T18:59:22.812+0000 7f542fe7c700 1 Processor -- start
2023-12-11T18:59:23.472 INFO:teuthology.orchestra.run.smithi148.stdout:/usr/bin/ceph: stderr
2023-12-11T18:59:22.812+0000 7f542fe7c700 1 -- start start
2023-12-11T18:59:23.472 INFO:teuthology.orchestra.run.smithi148.stdout:/usr/bin/ceph: stderr
2023-12-11T18:59:22.812+0000 7f542fe7c700 1 --2- >> [v2:172.21.15.148:3300/0,v1:172.21.15.148:6789/0] conn(0x7f5428077bf0 0x7f54281133e0 unknown :-1 s=NONE pgs=0 cs=0 l=1 rev1=0 crypto rx=0 tx=0 comp rx=0 tx=0).connect
2023-12-11T18:59:23.473 INFO:teuthology.orchestra.run.smithi148.stdout:/usr/bin/ceph: stderr
2023-12-11T18:59:22.812+0000 7f542fe7c700 1 -- --> [v2:172.21.15.148:3300/0,v1:172.21.15.148:6789/0] -- mon_getmap magic: 0 v1 -- 0x7f5428113920 con 0x7f5428077bf0
2023-12-11T18:59:23.473 INFO:teuthology.orchestra.run.smithi148.stdout:/usr/bin/ceph: stderr
2023-12-11T18:59:22.812+0000 7f542dc18700 1 --2- >> [v2:172.21.15.148:3300/0,v1:172.21.15.148:6789/0] conn(0x7f5428077bf0 0x7f54281133e0 unknown :-1 s=BANNER_CONNECTING pgs=0 cs=0 l=1 rev1=0 crypto rx=0 tx=0 comp rx=0 tx=0)._handle_peer_banner_payload supported=3 required=0
2023-12-11T18:59:23.473 INFO:teuthology.orchestra.run.smithi148.stdout:/usr/bin/ceph: stderr
2023-12-11T18:59:22.812+0000 7f542dc18700 1 --2- >> [v2:172.21.15.148:3300/0,v1:172.21.15.148:6789/0] conn(0x7f5428077bf0 0x7f54281133e0 unknown :-1 s=HELLO_CONNECTING pgs=0 cs=0 l=1 rev1=1 crypto rx=0 tx=0 comp rx=0 tx=0).handle_hello peer v2:172.21.15.148:3300/0 says I am v2:172.21.15.148:38972/0 (socket says 172.21.15.148:38972)
2023-12-11T18:59:23.473 INFO:teuthology.orchestra.run.smithi148.stdout:/usr/bin/ceph: stderr
2023-12-11T18:59:22.812+0000 7f542dc18700 1 -- 172.21.15.148:0/190338596 learned_addr learned my addr 172.21.15.148:0/190338596 (peer_addr_for_me v2:172.21.15.148:0/0)
2023-12-11T18:59:23.473 INFO:teuthology.orchestra.run.smithi148.stdout:/usr/bin/ceph: stderr
2023-12-11T18:59:22.813+0000 7f542dc18700 1 -- 172.21.15.148:0/190338596 --> [v2:172.21.15.148:3300/0,v1:172.21.15.148:6789/0] -- mon_subscribe({config=0+,monmap=0+}) v3 -- 0x7f54240094f0 con 0x7f5428077bf0
2023-12-11T18:59:23.473 INFO:teuthology.orchestra.run.smithi148.stdout:/usr/bin/ceph: stderr
2023-12-11T18:59:22.813+0000 7f542dc18700 1 --2- 172.21.15.148:0/190338596 >> [v2:172.21.15.148:3300/0,v1:172.21.15.148:6789/0] conn(0x7f5428077bf0 0x7f54281133e0 secure :-1 s=READY pgs=66 cs=0 l=1 rev1=1 crypto rx=0x7f54240094c0 tx=0x7f5424009250 comp rx=0 tx=0).ready entity=mon.0 client_cookie=0 server_cookie=0 in_seq=0 out_seq=0
2023-12-11T18:59:23.473 INFO:teuthology.orchestra.run.smithi148.stdout:/usr/bin/ceph: stderr
2023-12-11T18:59:22.813+0000 7f541e7fc700 1 -- 172.21.15.148:0/190338596 <== mon.0 v2:172.21.15.148:3300/0 1 ==== mon_map magic: 0 v1 ==== 229+0+0 (secure 0 0 0) 0x7f5424010850 con 0x7f5428077bf0
2023-12-11T18:59:23.473 INFO:teuthology.orchestra.run.smithi148.stdout:/usr/bin/ceph: stderr
2023-12-11T18:59:22.813+0000 7f541e7fc700 1 -- 172.21.15.148:0/190338596 <== mon.0 v2:172.21.15.148:3300/0 2 ==== config(26 keys) v1 ==== 1074+0+0 (secure 0 0 0) 0x7f5424010e60 con 0x7f5428077bf0
2023-12-11T18:59:23.473 INFO:teuthology.orchestra.run.smithi148.stdout:/usr/bin/ceph: stderr
2023-12-11T18:59:22.813+0000 7f541e7fc700 1 -- 172.21.15.148:0/190338596 <== mon.0 v2:172.21.15.148:3300/0 3 ==== mon_map magic: 0 v1 ==== 229+0+0 (secure 0 0 0) 0x7f542401a430 con 0x7f5428077bf0
2023-12-11T18:59:23.473 INFO:teuthology.orchestra.run.smithi148.stdout:/usr/bin/ceph: stderr
2023-12-11T18:59:22.813+0000 7f542fe7c700 1 -- 172.21.15.148:0/190338596 --> [v2:172.21.15.148:3300/0,v1:172.21.15.148:6789/0] -- mon_subscribe({mgrmap=0+}) v3 -- 0x7f5428113b20 con 0x7f5428077bf0
2023-12-11T18:59:23.473 INFO:teuthology.orchestra.run.smithi148.stdout:/usr/bin/ceph: stderr
2023-12-11T18:59:22.813+0000 7f542fe7c700 1 -- 172.21.15.148:0/190338596 --> [v2:172.21.15.148:3300/0,v1:172.21.15.148:6789/0] -- mon_subscribe({osdmap=0}) v3 -- 0x7f5428113f30 con 0x7f5428077bf0
2023-12-11T18:59:23.473 INFO:teuthology.orchestra.run.smithi148.stdout:/usr/bin/ceph: stderr
2023-12-11T18:59:22.814+0000 7f541e7fc700 1 -- 172.21.15.148:0/190338596 <== mon.0 v2:172.21.15.148:3300/0 4 ==== mgrmap(e 8) v1 ==== 43281+0+0 (secure 0 0 0) 0x7f54240247b0 con 0x7f5428077bf0
2023-12-11T18:59:23.473 INFO:teuthology.orchestra.run.smithi148.stdout:/usr/bin/ceph: stderr
2023-12-11T18:59:22.814+0000 7f542fe7c700 1 -- 172.21.15.148:0/190338596 --> [v2:172.21.15.148:3300/0,v1:172.21.15.148:6789/0] -- mon_command({"prefix": "get_command_descriptions"} v 0) v1 -- 0x7f542804bb80 con 0x7f5428077bf0
2023-12-11T18:59:23.473 INFO:teuthology.orchestra.run.smithi148.stdout:/usr/bin/ceph: stderr
2023-12-11T18:59:22.815+0000 7f541e7fc700 1 --2- 172.21.15.148:0/190338596 >> [v2:172.21.15.148:6800/3146776205,v1:172.21.15.148:6801/3146776205] conn(0x7f5414036690 0x7f5414038b40 unknown :-1 s=NONE pgs=0 cs=0 l=1 rev1=0 crypto rx=0 tx=0 comp rx=0 tx=0).connect
2023-12-11T18:59:23.474 INFO:teuthology.orchestra.run.smithi148.stdout:/usr/bin/ceph: stderr
2023-12-11T18:59:22.815+0000 7f541e7fc700 1 -- 172.21.15.148:0/190338596 <== mon.0 v2:172.21.15.148:3300/0 5 ==== osd_map(2..2 src has 1..2) v4 ==== 936+0+0 (secure 0 0 0) 0x7f542404a4b0 con 0x7f5428077bf0
2023-12-11T18:59:23.474 INFO:teuthology.orchestra.run.smithi148.stdout:/usr/bin/ceph: stderr
2023-12-11T18:59:22.815+0000 7f542d417700 1 --2- 172.21.15.148:0/190338596 >> [v2:172.21.15.148:6800/3146776205,v1:172.21.15.148:6801/3146776205] conn(0x7f5414036690 0x7f5414038b40 unknown :-1 s=BANNER_CONNECTING pgs=0 cs=0 l=1 rev1=0 crypto rx=0 tx=0 comp rx=0 tx=0)._handle_peer_banner_payload supported=3 required=0
2023-12-11T18:59:23.474 INFO:teuthology.orchestra.run.smithi148.stdout:/usr/bin/ceph: stderr
2023-12-11T18:59:22.816+0000 7f542d417700 1 --2- 172.21.15.148:0/190338596 >> [v2:172.21.15.148:6800/3146776205,v1:172.21.15.148:6801/3146776205] conn(0x7f5414036690 0x7f5414038b40 secure :-1 s=READY pgs=21 cs=0 l=1 rev1=1 crypto rx=0x7f5418009990 tx=0x7f5418006e40 comp rx=0 tx=0).ready entity=mgr.14120 client_cookie=0 server_cookie=0 in_seq=0 out_seq=0
2023-12-11T18:59:23.474 INFO:teuthology.orchestra.run.smithi148.stdout:/usr/bin/ceph: stderr
2023-12-11T18:59:22.820+0000 7f541e7fc700 1 -- 172.21.15.148:0/190338596 <== mon.0 v2:172.21.15.148:3300/0 6 ==== mon_command_ack([{"prefix": "get_command_descriptions"}]=0 v0) v1 ==== 72+0+174570 (secure 0 0 0) 0x7f5424022520 con 0x7f5428077bf0
2023-12-11T18:59:23.474 INFO:teuthology.orchestra.run.smithi148.stdout:/usr/bin/ceph: stderr
2023-12-11T18:59:23.063+0000 7f542fe7c700 1 -- 172.21.15.148:0/190338596 --> [v2:172.21.15.148:3300/0,v1:172.21.15.148:6789/0] -- mon_command({"prefix": "mgr module enable", "module": "dashboard"} v 0) v1 -- 0x7f54280008d0 con 0x7f5428077bf0
2023-12-11T18:59:23.474 INFO:teuthology.orchestra.run.smithi148.stdout:/usr/bin/ceph: stderr
2023-12-11T18:59:23.093+0000 7f541e7fc700 1 -- 172.21.15.148:0/190338596 <== mon.0 v2:172.21.15.148:3300/0 7 ==== mgrmap(e 9) v1 ==== 43294+0+0 (secure 0 0 0) 0x7f542402d3f0 con 0x7f5428077bf0
2023-12-11T18:59:23.474 INFO:teuthology.orchestra.run.smithi148.stdout:/usr/bin/ceph: stderr
2023-12-11T18:59:23.095+0000 7f541e7fc700 1 -- 172.21.15.148:0/190338596 <== mon.0 v2:172.21.15.148:3300/0 8 ==== mon_command_ack([{"prefix": "mgr module enable", "module": "dashboard"}]=0 v9) v1 ==== 88+0+0 (secure 0 0 0) 0x7f542404c860 con 0x7f5428077bf0
2023-12-11T18:59:23.474 INFO:teuthology.orchestra.run.smithi148.stdout:/usr/bin/ceph: stderr
2023-12-11T18:59:23.098+0000 7f542fe7c700 1 -- 172.21.15.148:0/190338596 >> [v2:172.21.15.148:6800/3146776205,v1:172.21.15.148:6801/3146776205] conn(0x7f5414036690 msgr2=0x7f5414038b40 secure :-1 s=STATE_CONNECTION_ESTABLISHED l=1).mark_down
2023-12-11T18:59:23.474 INFO:teuthology.orchestra.run.smithi148.stdout:/usr/bin/ceph: stderr
2023-12-11T18:59:23.098+0000 7f542fe7c700 1 --2- 172.21.15.148:0/190338596 >> [v2:172.21.15.148:6800/3146776205,v1:172.21.15.148:6801/3146776205] conn(0x7f5414036690 0x7f5414038b40 secure :-1 s=READY pgs=21 cs=0 l=1 rev1=1 crypto rx=0x7f5418009990 tx=0x7f5418006e40 comp rx=0 tx=0).stop
2023-12-11T18:59:23.474 INFO:teuthology.orchestra.run.smithi148.stdout:/usr/bin/ceph: stderr
2023-12-11T18:59:23.098+0000 7f542fe7c700 1 -- 172.21.15.148:0/190338596 >> [v2:172.21.15.148:3300/0,v1:172.21.15.148:6789/0] conn(0x7f5428077bf0 msgr2=0x7f54281133e0 secure :-1 s=STATE_CONNECTION_ESTABLISHED l=1).mark_down
2023-12-11T18:59:23.474 INFO:teuthology.orchestra.run.smithi148.stdout:/usr/bin/ceph: stderr
2023-12-11T18:59:23.098+0000 7f542fe7c700 1 --2- 172.21.15.148:0/190338596 >> [v2:172.21.15.148:3300/0,v1:172.21.15.148:6789/0] conn(0x7f5428077bf0 0x7f54281133e0 secure :-1 s=READY pgs=66 cs=0 l=1 rev1=1 crypto rx=0x7f54240094c0 tx=0x7f5424009250 comp rx=0 tx=0).stop
2023-12-11T18:59:23.474 INFO:teuthology.orchestra.run.smithi148.stdout:/usr/bin/ceph: stderr
2023-12-11T18:59:23.098+0000 7f542fe7c700 1 -- 172.21.15.148:0/190338596 shutdown_connections
