2023-12-11T18:59:13.425+0000 7f75d1ffb700 1 -- 172.21.15.148:0/1840549828 <== mgr.14120 v2:172.21.15.148:6800/3146776205 1 ==== mgr_command_reply(tid 0: 0 ) v1 ==== 8+0+24 (secure 0 0 0) 0x7f75dc0008d0 con 0x7f75c80365f0
2023-12-11T18:59:13.921 INFO:teuthology.orchestra.run.smithi148.stdout:/usr/bin/ceph: stderr
2023-12-11T18:59:13.428+0000 7f75e35ba700 1 -- 172.21.15.148:0/1840549828 >> [v2:172.21.15.148:6800/3146776205,v1:172.21.15.148:6801/3146776205] conn(0x7f75c80365f0 msgr2=0x7f75c8038aa0 secure :-1 s=STATE_CONNECTION_ESTABLISHED l=1).mark_down
2023-12-11T18:59:13.921 INFO:teuthology.orchestra.run.smithi148.stdout:/usr/bin/ceph: stderr
2023-12-11T18:59:13.428+0000 7f75e35ba700 1 --2- 172.21.15.148:0/1840549828 >> [v2:172.21.15.148:6800/3146776205,v1:172.21.15.148:6801/3146776205] conn(0x7f75c80365f0 0x7f75c8038aa0 secure :-1 s=READY pgs=12 cs=0 l=1 rev1=1 crypto rx=0x7f75cc009990 tx=0x7f75cc006e40 comp rx=0 tx=0).stop
2023-12-11T18:59:13.922 INFO:teuthology.orchestra.run.smithi148.stdout:/usr/bin/ceph: stderr
2023-12-11T18:59:13.428+0000 7f75e35ba700 1 -- 172.21.15.148:0/1840549828 >> [v2:172.21.15.148:3300/0,v1:172.21.15.148:6789/0] conn(0x7f75dc077bb0 msgr2=0x7f75dc1133d0 secure :-1 s=STATE_CONNECTION_ESTABLISHED l=1).mark_down
2023-12-11T18:59:13.922 INFO:teuthology.orchestra.run.smithi148.stdout:/usr/bin/ceph: stderr
2023-12-11T18:59:13.428+0000 7f75e35ba700 1 --2- 172.21.15.148:0/1840549828 >> [v2:172.21.15.148:3300/0,v1:172.21.15.148:6789/0] conn(0x7f75dc077bb0 0x7f75dc1133d0 secure :-1 s=READY pgs=48 cs=0 l=1 rev1=1 crypto rx=0x7f75d8006fd0 tx=0x7f75d8009250 comp rx=0 tx=0).stop
2023-12-11T18:59:13.922 INFO:teuthology.orchestra.run.smithi148.stdout:/usr/bin/ceph: stderr
2023-12-11T18:59:13.428+0000 7f75e35ba700 1 -- 172.21.15.148:0/1840549828 shutdown_connections
2023-12-11T18:59:13.922 INFO:teuthology.orchestra.run.smithi148.stdout:/usr/bin/ceph: stderr
2023-12-11T18:59:13.428+0000 7f75e35ba700 1 --2- 172.21.15.148:0/1840549828 >> [v2:172.21.15.148:6800/3146776205,v1:172.21.15.148:6801/3146776205] conn(0x7f75c80365f0 0x7f75c8038aa0 unknown :-1 s=CLOSED pgs=12 cs=0 l=1 rev1=1 crypto rx=0 tx=0 comp rx=0 tx=0).stop
2023-12-11T18:59:13.922 INFO:teuthology.orchestra.run.smithi148.stdout:/usr/bin/ceph: stderr
2023-12-11T18:59:13.428+0000 7f75e35ba700 1 --2- 172.21.15.148:0/1840549828 >> [v2:172.21.15.148:3300/0,v1:172.21.15.148:6789/0] conn(0x7f75dc077bb0 0x7f75dc1133d0 unknown :-1 s=CLOSED pgs=48 cs=0 l=1 rev1=1 crypto rx=0 tx=0 comp rx=0 tx=0).stop
2023-12-11T18:59:13.922 INFO:teuthology.orchestra.run.smithi148.stdout:/usr/bin/ceph: stderr
2023-12-11T18:59:13.428+0000 7f75e35ba700 1 -- 172.21.15.148:0/1840549828 >> 172.21.15.148:0/1840549828 conn(0x7f75dc0fda50 msgr2=0x7f75dc0ffe50 unknown :-1 s=STATE_NONE l=0).mark_down
2023-12-11T18:59:13.922 INFO:teuthology.orchestra.run.smithi148.stdout:/usr/bin/ceph: stderr
2023-12-11T18:59:13.428+0000 7f75e35ba700 1 -- 172.21.15.148:0/1840549828 shutdown_connections
2023-12-11T18:59:13.922 INFO:teuthology.orchestra.run.smithi148.stdout:/usr/bin/ceph: stderr
2023-12-11T18:59:13.428+0000 7f75e35ba700 1 -- 172.21.15.148:0/1840549828 wait complete.
2023-12-11T18:59:13.922 INFO:teuthology.orchestra.run.smithi148.stdout:Deploying mgr service with default placement...
2023-12-11T18:59:14.674 INFO:journalctl@ceph.mon.smithi148.smithi148.stdout:Dec 11 18:59:14 smithi148 ceph-mon[135911]: from='client.14142 -' entity='client.admin' cmd=[{"prefix": "orch apply", "service_type": "mon", "target": ["mon-mgr", ""]}]: dispatch
2023-12-11T18:59:14.675 INFO:journalctl@ceph.mon.smithi148.smithi148.stdout:Dec 11 18:59:14 smithi148 ceph-mon[135911]: Saving service mon spec with placement count:5
2023-12-11T18:59:14.675 INFO:journalctl@ceph.mon.smithi148.smithi148.stdout:Dec 11 18:59:14 smithi148 ceph-mon[135911]: from='mgr.14120 172.21.15.148:0/3407517587' entity='mgr.smithi148.rowhsr'
2023-12-11T18:59:14.675 INFO:journalctl@ceph.mon.smithi148.smithi148.stdout:Dec 11 18:59:14 smithi148 ceph-mon[135911]: from='mgr.14120 172.21.15.148:0/3407517587' entity='mgr.smithi148.rowhsr'
2023-12-11T18:59:15.154 INFO:teuthology.orchestra.run.smithi148.stdout:/usr/bin/ceph: stdout Scheduled mgr update...
2023-12-11T18:59:15.154 INFO:teuthology.orchestra.run.smithi148.stdout:/usr/bin/ceph: stderr
2023-12-11T18:59:14.571+0000 7f7670bb6700 1 Processor -- start
2023-12-11T18:59:15.154 INFO:teuthology.orchestra.run.smithi148.stdout:/usr/bin/ceph: stderr
2023-12-11T18:59:14.572+0000 7f7670bb6700 1 -- start start
2023-12-11T18:59:15.154 INFO:teuthology.orchestra.run.smithi148.stdout:/usr/bin/ceph: stderr
2023-12-11T18:59:14.572+0000 7f7670bb6700 1 --2- >> [v2:172.21.15.148:3300/0,v1:172.21.15.148:6789/0] conn(0x7f766c077bd0 0x7f766c0760e0 unknown :-1 s=NONE pgs=0 cs=0 l=0 rev1=0 crypto rx=0 tx=0 comp rx=0 tx=0).connect
2023-12-11T18:59:15.154 INFO:teuthology.orchestra.run.smithi148.stdout:/usr/bin/ceph: stderr
2023-12-11T18:59:14.572+0000 7f7670bb6700 1 -- --> [v2:172.21.15.148:3300/0,v1:172.21.15.148:6789/0] -- mon_getmap magic: 0 v1 -- 0x7f766c077fe0 con 0x7f766c077bd0
2023-12-11T18:59:15.154 INFO:teuthology.orchestra.run.smithi148.stdout:/usr/bin/ceph: stderr
2023-12-11T18:59:14.572+0000 7f766a59c700 1 --2- >> [v2:172.21.15.148:3300/0,v1:172.21.15.148:6789/0] conn(0x7f766c077bd0 0x7f766c0760e0 unknown :-1 s=BANNER_CONNECTING pgs=0 cs=0 l=0 rev1=0 crypto rx=0 tx=0 comp rx=0 tx=0)._handle_peer_banner_payload supported=3 required=0
2023-12-11T18:59:15.154 INFO:teuthology.orchestra.run.smithi148.stdout:/usr/bin/ceph: stderr
2023-12-11T18:59:14.572+0000 7f766a59c700 1 --2- >> [v2:172.21.15.148:3300/0,v1:172.21.15.148:6789/0] conn(0x7f766c077bd0 0x7f766c0760e0 unknown :-1 s=HELLO_CONNECTING pgs=0 cs=0 l=0 rev1=1 crypto rx=0 tx=0 comp rx=0 tx=0).handle_hello peer v2:172.21.15.148:3300/0 says I am v2:172.21.15.148:38838/0 (socket says 172.21.15.148:38838)
2023-12-11T18:59:15.154 INFO:teuthology.orchestra.run.smithi148.stdout:/usr/bin/ceph: stderr
2023-12-11T18:59:14.572+0000 7f766a59c700 1 -- 172.21.15.148:0/3737621733 learned_addr learned my addr 172.21.15.148:0/3737621733 (peer_addr_for_me v2:172.21.15.148:0/0)
2023-12-11T18:59:15.154 INFO:teuthology.orchestra.run.smithi148.stdout:/usr/bin/ceph: stderr
2023-12-11T18:59:14.573+0000 7f766a59c700 1 -- 172.21.15.148:0/3737621733 --> [v2:172.21.15.148:3300/0,v1:172.21.15.148:6789/0] -- mon_subscribe({config=0+,monmap=0+}) v3 -- 0x7f766c076620 con 0x7f766c077bd0
2023-12-11T18:59:15.154 INFO:teuthology.orchestra.run.smithi148.stdout:/usr/bin/ceph: stderr
2023-12-11T18:59:14.573+0000 7f766a59c700 1 --2- 172.21.15.148:0/3737621733 >> [v2:172.21.15.148:3300/0,v1:172.21.15.148:6789/0] conn(0x7f766c077bd0 0x7f766c0760e0 secure :-1 s=READY pgs=49 cs=0 l=1 rev1=1 crypto rx=0x7f765c0098e0 tx=0x7f765c009250 comp rx=0 tx=0).ready entity=mon.0 client_cookie=951d634ea45244b0 server_cookie=0 in_seq=0 out_seq=0
2023-12-11T18:59:15.154 INFO:teuthology.orchestra.run.smithi148.stdout:/usr/bin/ceph: stderr
2023-12-11T18:59:14.573+0000 7f766959a700 1 -- 172.21.15.148:0/3737621733 <== mon.0 v2:172.21.15.148:3300/0 1 ==== mon_map magic: 0 v1 ==== 229+0+0 (secure 0 0 0) 0x7f765c00b860 con 0x7f766c077bd0
2023-12-11T18:59:15.154 INFO:teuthology.orchestra.run.smithi148.stdout:/usr/bin/ceph: stderr
2023-12-11T18:59:14.573+0000 7f766959a700 1 -- 172.21.15.148:0/3737621733 <== mon.0 v2:172.21.15.148:3300/0 2 ==== config(26 keys) v1 ==== 1074+0+0 (secure 0 0 0) 0x7f765c00be70 con 0x7f766c077bd0
2023-12-11T18:59:15.155 INFO:teuthology.orchestra.run.smithi148.stdout:/usr/bin/ceph: stderr
2023-12-11T18:59:14.573+0000 7f766959a700 1 -- 172.21.15.148:0/3737621733 <== mon.0 v2:172.21.15.148:3300/0 3 ==== mon_map magic: 0 v1 ==== 229+0+0 (secure 0 0 0) 0x7f765c010380 con 0x7f766c077bd0
2023-12-11T18:59:15.155 INFO:teuthology.orchestra.run.smithi148.stdout:/usr/bin/ceph: stderr
2023-12-11T18:59:14.574+0000 7f7670bb6700 1 -- 172.21.15.148:0/3737621733 >> [v2:172.21.15.148:3300/0,v1:172.21.15.148:6789/0] conn(0x7f766c077bd0 msgr2=0x7f766c0760e0 secure :-1 s=STATE_CONNECTION_ESTABLISHED l=1).mark_down
2023-12-11T18:59:15.155 INFO:teuthology.orchestra.run.smithi148.stdout:/usr/bin/ceph: stderr
2023-12-11T18:59:14.574+0000 7f7670bb6700 1 --2- 172.21.15.148:0/3737621733 >> [v2:172.21.15.148:3300/0,v1:172.21.15.148:6789/0] conn(0x7f766c077bd0 0x7f766c0760e0 secure :-1 s=READY pgs=49 cs=0 l=1 rev1=1 crypto rx=0x7f765c0098e0 tx=0x7f765c009250 comp rx=0 tx=0).stop
2023-12-11T18:59:15.155 INFO:teuthology.orchestra.run.smithi148.stdout:/usr/bin/ceph: stderr
2023-12-11T18:59:14.574+0000 7f7670bb6700 1 -- 172.21.15.148:0/3737621733 shutdown_connections
2023-12-11T18:59:15.155 INFO:teuthology.orchestra.run.smithi148.stdout:/usr/bin/ceph: stderr
2023-12-11T18:59:14.574+0000 7f7670bb6700 1 --2- 172.21.15.148:0/3737621733 >> [v2:172.21.15.148:3300/0,v1:172.21.15.148:6789/0] conn(0x7f766c077bd0 0x7f766c0760e0 unknown :-1 s=CLOSED pgs=49 cs=0 l=1 rev1=1 crypto rx=0 tx=0 comp rx=0 tx=0).stop
2023-12-11T18:59:15.155 INFO:teuthology.orchestra.run.smithi148.stdout:/usr/bin/ceph: stderr
2023-12-11T18:59:14.574+0000 7f7670bb6700 1 -- 172.21.15.148:0/3737621733 >> 172.21.15.148:0/3737621733 conn(0x7f766c0fda50 msgr2=0x7f766c0ffe60 unknown :-1 s=STATE_NONE l=0).mark_down
2023-12-11T18:59:15.155 INFO:teuthology.orchestra.run.smithi148.stdout:/usr/bin/ceph: stderr
2023-12-11T18:59:14.574+0000 7f7670bb6700 1 -- 172.21.15.148:0/3737621733 shutdown_connections
2023-12-11T18:59:15.155 INFO:teuthology.orchestra.run.smithi148.stdout:/usr/bin/ceph: stderr
2023-12-11T18:59:14.574+0000 7f7670bb6700 1 -- 172.21.15.148:0/3737621733 wait complete.
2023-12-11T18:59:15.155 INFO:teuthology.orchestra.run.smithi148.stdout:/usr/bin/ceph: stderr
2023-12-11T18:59:14.575+0000 7f7670bb6700 1 Processor -- start
2023-12-11T18:59:15.155 INFO:teuthology.orchestra.run.smithi148.stdout:/usr/bin/ceph: stderr
2023-12-11T18:59:14.575+0000 7f7670bb6700 1 -- start start
2023-12-11T18:59:15.155 INFO:teuthology.orchestra.run.smithi148.stdout:/usr/bin/ceph: stderr
2023-12-11T18:59:14.575+0000 7f7670bb6700 1 --2- >> [v2:172.21.15.148:3300/0,v1:172.21.15.148:6789/0] conn(0x7f766c077bd0 0x7f766c1133c0 unknown :-1 s=NONE pgs=0 cs=0 l=1 rev1=0 crypto rx=0 tx=0 comp rx=0 tx=0).connect
2023-12-11T18:59:15.155 INFO:teuthology.orchestra.run.smithi148.stdout:/usr/bin/ceph: stderr
2023-12-11T18:59:14.575+0000 7f7670bb6700 1 -- --> [v2:172.21.15.148:3300/0,v1:172.21.15.148:6789/0] -- mon_getmap magic: 0 v1 -- 0x7f766c113900 con 0x7f766c077bd0
2023-12-11T18:59:15.155 INFO:teuthology.orchestra.run.smithi148.stdout:/usr/bin/ceph: stderr
2023-12-11T18:59:14.576+0000 7f766a59c700 1 --2- >> [v2:172.21.15.148:3300/0,v1:172.21.15.148:6789/0] conn(0x7f766c077bd0 0x7f766c1133c0 unknown :-1 s=BANNER_CONNECTING pgs=0 cs=0 l=1 rev1=0 crypto rx=0 tx=0 comp rx=0 tx=0)._handle_peer_banner_payload supported=3 required=0
2023-12-11T18:59:15.156 INFO:teuthology.orchestra.run.smithi148.stdout:/usr/bin/ceph: stderr
2023-12-11T18:59:14.576+0000 7f766a59c700 1 --2- >> [v2:172.21.15.148:3300/0,v1:172.21.15.148:6789/0] conn(0x7f766c077bd0 0x7f766c1133c0 unknown :-1 s=HELLO_CONNECTING pgs=0 cs=0 l=1 rev1=1 crypto rx=0 tx=0 comp rx=0 tx=0).handle_hello peer v2:172.21.15.148:3300/0 says I am v2:172.21.15.148:38852/0 (socket says 172.21.15.148:38852)
2023-12-11T18:59:15.156 INFO:teuthology.orchestra.run.smithi148.stdout:/usr/bin/ceph: stderr
2023-12-11T18:59:14.576+0000 7f766a59c700 1 -- 172.21.15.148:0/3210412706 learned_addr learned my addr 172.21.15.148:0/3210412706 (peer_addr_for_me v2:172.21.15.148:0/0)
2023-12-11T18:59:15.156 INFO:teuthology.orchestra.run.smithi148.stdout:/usr/bin/ceph: stderr
2023-12-11T18:59:14.576+0000 7f766a59c700 1 -- 172.21.15.148:0/3210412706 --> [v2:172.21.15.148:3300/0,v1:172.21.15.148:6789/0] -- mon_subscribe({config=0+,monmap=0+}) v3 -- 0x7f765c0094f0 con 0x7f766c077bd0
2023-12-11T18:59:15.156 INFO:teuthology.orchestra.run.smithi148.stdout:/usr/bin/ceph: stderr
2023-12-11T18:59:14.576+0000 7f766a59c700 1 --2- 172.21.15.148:0/3210412706 >> [v2:172.21.15.148:3300/0,v1:172.21.15.148:6789/0] conn(0x7f766c077bd0 0x7f766c1133c0 secure :-1 s=READY pgs=50 cs=0 l=1 rev1=1 crypto rx=0x7f765c006d40 tx=0x7f765c009250 comp rx=0 tx=0).ready entity=mon.0 client_cookie=0 server_cookie=0 in_seq=0 out_seq=0
2023-12-11T18:59:15.156 INFO:teuthology.orchestra.run.smithi148.stdout:/usr/bin/ceph: stderr
2023-12-11T18:59:14.576+0000 7f765affd700 1 -- 172.21.15.148:0/3210412706 <== mon.0 v2:172.21.15.148:3300/0 1 ==== mon_map magic: 0 v1 ==== 229+0+0 (secure 0 0 0) 0x7f765c010960 con 0x7f766c077bd0
2023-12-11T18:59:15.156 INFO:teuthology.orchestra.run.smithi148.stdout:/usr/bin/ceph: stderr
2023-12-11T18:59:14.576+0000 7f765affd700 1 -- 172.21.15.148:0/3210412706 <== mon.0 v2:172.21.15.148:3300/0 2 ==== config(26 keys) v1 ==== 1074+0+0 (secure 0 0 0) 0x7f765c01a430 con 0x7f766c077bd0
2023-12-11T18:59:15.156 INFO:teuthology.orchestra.run.smithi148.stdout:/usr/bin/ceph: stderr
2023-12-11T18:59:14.576+0000 7f7670bb6700 1 -- 172.21.15.148:0/3210412706 --> [v2:172.21.15.148:3300/0,v1:172.21.15.148:6789/0] -- mon_subscribe({mgrmap=0+}) v3 -- 0x7f766c113b00 con 0x7f766c077bd0
2023-12-11T18:59:15.156 INFO:teuthology.orchestra.run.smithi148.stdout:/usr/bin/ceph: stderr
2023-12-11T18:59:14.576+0000 7f765affd700 1 -- 172.21.15.148:0/3210412706 <== mon.0 v2:172.21.15.148:3300/0 3 ==== mon_map magic: 0 v1 ==== 229+0+0 (secure 0 0 0) 0x7f765c0245b0 con 0x7f766c077bd0
2023-12-11T18:59:15.156 INFO:teuthology.orchestra.run.smithi148.stdout:/usr/bin/ceph: stderr
2023-12-11T18:59:14.577+0000 7f7670bb6700 1 -- 172.21.15.148:0/3210412706 --> [v2:172.21.15.148:3300/0,v1:172.21.15.148:6789/0] -- mon_subscribe({osdmap=0}) v3 -- 0x7f766c113f10 con 0x7f766c077bd0
2023-12-11T18:59:15.156 INFO:teuthology.orchestra.run.smithi148.stdout:/usr/bin/ceph: stderr
2023-12-11T18:59:14.578+0000 7f765affd700 1 -- 172.21.15.148:0/3210412706 <== mon.0 v2:172.21.15.148:3300/0 4 ==== mgrmap(e 8) v1 ==== 43281+0+0 (secure 0 0 0) 0x7f765c01a9f0 con 0x7f766c077bd0
2023-12-11T18:59:15.156 INFO:teuthology.orchestra.run.smithi148.stdout:/usr/bin/ceph: stderr
2023-12-11T18:59:14.578+0000 7f7670bb6700 1 -- 172.21.15.148:0/3210412706 --> [v2:172.21.15.148:3300/0,v1:172.21.15.148:6789/0] -- mon_command({"prefix": "get_command_descriptions"} v 0) v1 -- 0x7f766c04bb80 con 0x7f766c077bd0
2023-12-11T18:59:15.156 INFO:teuthology.orchestra.run.smithi148.stdout:/usr/bin/ceph: stderr
2023-12-11T18:59:14.578+0000 7f765affd700 1 --2- 172.21.15.148:0/3210412706 >> [v2:172.21.15.148:6800/3146776205,v1:172.21.15.148:6801/3146776205] conn(0x7f7654036640 0x7f7654038af0 unknown :-1 s=NONE pgs=0 cs=0 l=1 rev1=0 crypto rx=0 tx=0 comp rx=0 tx=0).connect
2023-12-11T18:59:15.157 INFO:teuthology.orchestra.run.smithi148.stdout:/usr/bin/ceph: stderr
2023-12-11T18:59:14.578+0000 7f765affd700 1 -- 172.21.15.148:0/3210412706 <== mon.0 v2:172.21.15.148:3300/0 5 ==== osd_map(2..2 src has 1..2) v4 ==== 936+0+0 (secure 0 0 0) 0x7f765c04a150 con 0x7f766c077bd0
2023-12-11T18:59:15.157 INFO:teuthology.orchestra.run.smithi148.stdout:/usr/bin/ceph: stderr
2023-12-11T18:59:14.578+0000 7f7669d9b700 1 --2- 172.21.15.148:0/3210412706 >> [v2:172.21.15.148:6800/3146776205,v1:172.21.15.148:6801/3146776205] conn(0x7f7654036640 0x7f7654038af0 unknown :-1 s=BANNER_CONNECTING pgs=0 cs=0 l=1 rev1=0 crypto rx=0 tx=0 comp rx=0 tx=0)._handle_peer_banner_payload supported=3 required=0
2023-12-11T18:59:15.157 INFO:teuthology.orchestra.run.smithi148.stdout:/usr/bin/ceph: stderr
2023-12-11T18:59:14.579+0000 7f7669d9b700 1 --2- 172.21.15.148:0/3210412706 >> [v2:172.21.15.148:6800/3146776205,v1:172.21.15.148:6801/3146776205] conn(0x7f7654036640 0x7f7654038af0 secure :-1 s=READY pgs=13 cs=0 l=1 rev1=1 crypto rx=0x7f7660009990 tx=0x7f7660006e40 comp rx=0 tx=0).ready entity=mgr.14120 client_cookie=0 server_cookie=0 in_seq=0 out_seq=0
2023-12-11T18:59:15.157 INFO:teuthology.orchestra.run.smithi148.stdout:/usr/bin/ceph: stderr
2023-12-11T18:59:14.583+0000 7f765affd700 1 -- 172.21.15.148:0/3210412706 <== mon.0 v2:172.21.15.148:3300/0 6 ==== mon_command_ack([{"prefix": "get_command_descriptions"}]=0 v0) v1 ==== 72+0+174570 (secure 0 0 0) 0x7f765c02b8c0 con 0x7f766c077bd0
2023-12-11T18:59:15.157 INFO:teuthology.orchestra.run.smithi148.stdout:/usr/bin/ceph: stderr
2023-12-11T18:59:14.807+0000 7f7670bb6700 1 -- 172.21.15.148:0/3210412706 --> [v2:172.21.15.148:6800/3146776205,v1:172.21.15.148:6801/3146776205] -- mgr_command(tid 0: {"prefix": "orch apply", "service_type": "mgr", "target": ["mon-mgr", ""]}) v1 -- 0x7f766c10d1f0 con 0x7f7654036640
2023-12-11T18:59:15.157 INFO:teuthology.orchestra.run.smithi148.stdout:/usr/bin/ceph: stderr
2023-12-11T18:59:14.812+0000 7f765affd700 1 -- 172.21.15.148:0/3210412706 <== mgr.14120 v2:172.21.15.148:6800/3146776205 1 ==== mgr_command_reply(tid 0: 0 ) v1 ==== 8+0+24 (secure 0 0 0) 0x7f766c10d1f0 con 0x7f7654036640
2023-12-11T18:59:15.157 INFO:teuthology.orchestra.run.smithi148.stdout:/usr/bin/ceph: stderr
2023-12-11T18:59:14.814+0000 7f7670bb6700 1 -- 172.21.15.148:0/3210412706 >> [v2:172.21.15.148:6800/3146776205,v1:172.21.15.148:6801/3146776205] conn(0x7f7654036640 msgr2=0x7f7654038af0 secure :-1 s=STATE_CONNECTION_ESTABLISHED l=1).mark_down
2023-12-11T18:59:15.157 INFO:teuthology.orchestra.run.smithi148.stdout:/usr/bin/ceph: stderr
2023-12-11T18:59:14.814+0000 7f7670bb6700 1 --2- 172.21.15.148:0/3210412706 >> [v2:172.21.15.148:6800/3146776205,v1:172.21.15.148:6801/3146776205] conn(0x7f7654036640 0x7f7654038af0 secure :-1 s=READY pgs=13 cs=0 l=1 rev1=1 crypto rx=0x7f7660009990 tx=0x7f7660006e40 comp rx=0 tx=0).stop
2023-12-11T18:59:15.157 INFO:teuthology.orchestra.run.smithi148.stdout:/usr/bin/ceph: stderr
2023-12-11T18:59:14.814+0000 7f7670bb6700 1 -- 172.21.15.148:0/3210412706 >> [v2:172.21.15.148:3300/0,v1:172.21.15.148:6789/0] conn(0x7f766c077bd0 msgr2=0x7f766c1133c0 secure :-1 s=STATE_CONNECTION_ESTABLISHED l=1).mark_down
2023-12-11T18:59:15.157 INFO:teuthology.orchestra.run.smithi148.stdout:/usr/bin/ceph: stderr
2023-12-11T18:59:14.814+0000 7f7670bb6700 1 --2- 172.21.15.148:0/3210412706 >> [v2:172.21.15.148:3300/0,v1:172.21.15.148:6789/0] conn(0x7f766c077bd0 0x7f766c1133c0 secure :-1 s=READY pgs=50 cs=0 l=1 rev1=1 crypto rx=0x7f765c006d40 tx=0x7f765c009250 comp rx=0 tx=0).stop
2023-12-11T18:59:15.157 INFO:teuthology.orchestra.run.smithi148.stdout:/usr/bin/ceph: stderr
2023-12-11T18:59:14.815+0000 7f7670bb6700 1 -- 172.21.15.148:0/3210412706 shutdown_connections
2023-12-11T18:59:15.157 INFO:teuthology.orchestra.run.smithi148.stdout:/usr/bin/ceph: stderr
2023-12-11T18:59:14.815+0000 7f7670bb6700 1 --2- 172.21.15.148:0/3210412706 >> [v2:172.21.15.148:6800/3146776205,v1:172.21.15.148:6801/3146776205] conn(0x7f7654036640 0x7f7654038af0 unknown :-1 s=CLOSED pgs=13 cs=0 l=1 rev1=1 crypto rx=0 tx=0 comp rx=0 tx=0).stop
2023-12-11T18:59:15.157 INFO:teuthology.orchestra.run.smithi148.stdout:/usr/bin/ceph: stderr
2023-12-11T18:59:14.815+0000 7f7670bb6700 1 --2- 172.21.15.148:0/3210412706 >> [v2:172.21.15.148:3300/0,v1:172.21.15.148:6789/0] conn(0x7f766c077bd0 0x7f766c1133c0 unknown :-1 s=CLOSED pgs=50 cs=0 l=1 rev1=1 crypto rx=0 tx=0 comp rx=0 tx=0).stop
2023-12-11T18:59:15.157 INFO:teuthology.orchestra.run.smithi148.stdout:/usr/bin/ceph: stderr
2023-12-11T18:59:14.815+0000 7f7670bb6700 1 -- 172.21.15.148:0/3210412706 >> 172.21.15.148:0/3210412706 conn(0x7f766c0fda50 msgr2=0x7f766c0ff250 unknown :-1 s=STATE_NONE l=0).mark_down
2023-12-11T18:59:15.158 INFO:teuthology.orchestra.run.smithi148.stdout:/usr/bin/ceph: stderr
2023-12-11T18:59:14.815+0000 7f7670bb6700 1 -- 172.21.15.148:0/3210412706 shutdown_connections
2023-12-11T18:59:15.158 INFO:teuthology.orchestra.run.smithi148.stdout:/usr/bin/ceph: stderr
2023-12-11T18:59:14.815+0000 7f7670bb6700 1 -- 172.21.15.148:0/3210412706 wait complete.
2023-12-11T18:59:15.158 INFO:teuthology.orchestra.run.smithi148.stdout:Deploying crash service with default placement...
2023-12-11T18:59:16.174 INFO:journalctl@ceph.mon.smithi148.smithi148.stdout:Dec 11 18:59:15 smithi148 ceph-mon[135911]: from='mgr.14120 172.21.15.148:0/3407517587' entity='mgr.smithi148.rowhsr'
2023-12-11T18:59:16.174 INFO:journalctl@ceph.mon.smithi148.smithi148.stdout:Dec 11 18:59:15 smithi148 ceph-mon[135911]: from='client.14144 -' entity='client.admin' cmd=[{"prefix": "orch apply", "service_type": "mgr", "target": ["mon-mgr", ""]}]: dispatch
2023-12-11T18:59:16.174 INFO:journalctl@ceph.mon.smithi148.smithi148.stdout:Dec 11 18:59:15 smithi148 ceph-mon[135911]: Saving service mgr spec with placement count:2
2023-12-11T18:59:16.175 INFO:journalctl@ceph.mon.smithi148.smithi148.stdout:Dec 11 18:59:15 smithi148 ceph-mon[135911]: from='mgr.14120 172.21.15.148:0/3407517587' entity='mgr.smithi148.rowhsr'
2023-12-11T18:59:16.339 INFO:teuthology.orchestra.run.smithi148.stdout:/usr/bin/ceph: stdout Scheduled crash update...
2023-12-11T18:59:16.339 INFO:teuthology.orchestra.run.smithi148.stdout:/usr/bin/ceph: stderr
2023-12-11T18:59:15.559+0000 7fde41382700 1 Processor -- start
2023-12-11T18:59:16.339 INFO:teuthology.orchestra.run.smithi148.stdout:/usr/bin/ceph: stderr
2023-12-11T18:59:15.559+0000 7fde41382700 1 -- start start
2023-12-11T18:59:16.340 INFO:teuthology.orchestra.run.smithi148.stdout:/usr/bin/ceph: stderr
2023-12-11T18:59:15.559+0000 7fde41382700 1 --2- >> [v2:172.21.15.148:3300/0,v1:172.21.15.148:6789/0] conn(0x7fde3c077bd0 0x7fde3c0760e0 unknown :-1 s=NONE pgs=0 cs=0 l=0 rev1=0 crypto rx=0 tx=0 comp rx=0 tx=0).connect
2023-12-11T18:59:16.340 INFO:teuthology.orchestra.run.smithi148.stdout:/usr/bin/ceph: stderr
2023-12-11T18:59:15.559+0000 7fde41382700 1 -- --> [v2:172.21.15.148:3300/0,v1:172.21.15.148:6789/0] -- mon_getmap magic: 0 v1 -- 0x7fde3c077fe0 con 0x7fde3c077bd0
2023-12-11T18:59:16.340 INFO:teuthology.orchestra.run.smithi148.stdout:/usr/bin/ceph: stderr
2023-12-11T18:59:15.560+0000 7fde3affd700 1 --2- >> [v2:172.21.15.148:3300/0,v1:172.21.15.148:6789/0] conn(0x7fde3c077bd0 0x7fde3c0760e0 unknown :-1 s=BANNER_CONNECTING pgs=0 cs=0 l=0 rev1=0 crypto rx=0 tx=0 comp rx=0 tx=0)._handle_peer_banner_payload supported=3 required=0
2023-12-11T18:59:16.340 INFO:teuthology.orchestra.run.smithi148.stdout:/usr/bin/ceph: stderr
2023-12-11T18:59:15.560+0000 7fde3affd700 1 --2- >> [v2:172.21.15.148:3300/0,v1:172.21.15.148:6789/0] conn(0x7fde3c077bd0 0x7fde3c0760e0 unknown :-1 s=HELLO_CONNECTING pgs=0 cs=0 l=0 rev1=1 crypto rx=0 tx=0 comp rx=0 tx=0).handle_hello peer v2:172.21.15.148:3300/0 says I am v2:172.21.15.148:38856/0 (socket says 172.21.15.148:38856)
2023-12-11T18:59:16.340 INFO:teuthology.orchestra.run.smithi148.stdout:/usr/bin/ceph: stderr
2023-12-11T18:59:15.560+0000 7fde3affd700 1 -- 172.21.15.148:0/2954700884 learned_addr learned my addr 172.21.15.148:0/2954700884 (peer_addr_for_me v2:172.21.15.148:0/0)
2023-12-11T18:59:16.340 INFO:teuthology.orchestra.run.smithi148.stdout:/usr/bin/ceph: stderr
2023-12-11T18:59:15.560+0000 7fde3affd700 1 -- 172.21.15.148:0/2954700884 --> [v2:172.21.15.148:3300/0,v1:172.21.15.148:6789/0] -- mon_subscribe({config=0+,monmap=0+}) v3 -- 0x7fde3c076620 con 0x7fde3c077bd0
2023-12-11T18:59:16.340 INFO:teuthology.orchestra.run.smithi148.stdout:/usr/bin/ceph: stderr
2023-12-11T18:59:15.560+0000 7fde3affd700 1 --2- 172.21.15.148:0/2954700884 >> [v2:172.21.15.148:3300/0,v1:172.21.15.148:6789/0] conn(0x7fde3c077bd0 0x7fde3c0760e0 secure :-1 s=READY pgs=51 cs=0 l=1 rev1=1 crypto rx=0x7fde2c0098e0 tx=0x7fde2c009250 comp rx=0 tx=0).ready entity=mon.0 client_cookie=854f7f8db7429bb0 server_cookie=0 in_seq=0 out_seq=0
2023-12-11T18:59:16.340 INFO:teuthology.orchestra.run.smithi148.stdout:/usr/bin/ceph: stderr
2023-12-11T18:59:15.560+0000 7fde39ffb700 1 -- 172.21.15.148:0/2954700884 <== mon.0 v2:172.21.15.148:3300/0 1 ==== mon_map magic: 0 v1 ==== 229+0+0 (secure 0 0 0) 0x7fde2c00b860 con 0x7fde3c077bd0
2023-12-11T18:59:16.340 INFO:teuthology.orchestra.run.smithi148.stdout:/usr/bin/ceph: stderr
2023-12-11T18:59:15.561+0000 7fde39ffb700 1 -- 172.21.15.148:0/2954700884 <== mon.0 v2:172.21.15.148:3300/0 2 ==== config(26 keys) v1 ==== 1074+0+0 (secure 0 0 0) 0x7fde2c00be70 con 0x7fde3c077bd0
2023-12-11T18:59:16.340 INFO:teuthology.orchestra.run.smithi148.stdout:/usr/bin/ceph: stderr
2023-12-11T18:59:15.561+0000 7fde39ffb700 1 -- 172.21.15.148:0/2954700884 <== mon.0 v2:172.21.15.148:3300/0 3 ==== mon_map magic: 0 v1 ==== 229+0+0 (secure 0 0 0) 0x7fde2c010380 con 0x7fde3c077bd0
2023-12-11T18:59:16.340 INFO:teuthology.orchestra.run.smithi148.stdout:/usr/bin/ceph: stderr
2023-12-11T18:59:15.561+0000 7fde41382700 1 -- 172.21.15.148:0/2954700884 >> [v2:172.21.15.148:3300/0,v1:172.21.15.148:6789/0] conn(0x7fde3c077bd0 msgr2=0x7fde3c0760e0 secure :-1 s=STATE_CONNECTION_ESTABLISHED l=1).mark_down
2023-12-11T18:59:16.340 INFO:teuthology.orchestra.run.smithi148.stdout:/usr/bin/ceph: stderr
2023-12-11T18:59:15.561+0000 7fde41382700 1 --2- 172.21.15.148:0/2954700884 >> [v2:172.21.15.148:3300/0,v1:172.21.15.148:6789/0] conn(0x7fde3c077bd0 0x7fde3c0760e0 secure :-1 s=READY pgs=51 cs=0 l=1 rev1=1 crypto rx=0x7fde2c0098e0 tx=0x7fde2c009250 comp rx=0 tx=0).stop
2023-12-11T18:59:16.340 INFO:teuthology.orchestra.run.smithi148.stdout:/usr/bin/ceph: stderr
2023-12-11T18:59:15.561+0000 7fde41382700 1 -- 172.21.15.148:0/2954700884 shutdown_connections
2023-12-11T18:59:16.341 INFO:teuthology.orchestra.run.smithi148.stdout:/usr/bin/ceph: stderr
2023-12-11T18:59:15.561+0000 7fde41382700 1 --2- 172.21.15.148:0/2954700884 >> [v2:172.21.15.148:3300/0,v1:172.21.15.148:6789/0] conn(0x7fde3c077bd0 0x7fde3c0760e0 unknown :-1 s=CLOSED pgs=51 cs=0 l=1 rev1=1 crypto rx=0 tx=0 comp rx=0 tx=0).stop
2023-12-11T18:59:16.341 INFO:teuthology.orchestra.run.smithi148.stdout:/usr/bin/ceph: stderr
2023-12-11T18:59:15.561+0000 7fde41382700 1 -- 172.21.15.148:0/2954700884 >> 172.21.15.148:0/2954700884 conn(0x7fde3c0fda50 msgr2=0x7fde3c0ffe60 unknown :-1 s=STATE_NONE l=0).mark_down
2023-12-11T18:59:16.341 INFO:teuthology.orchestra.run.smithi148.stdout:/usr/bin/ceph: stderr
2023-12-11T18:59:15.561+0000 7fde41382700 1 -- 172.21.15.148:0/2954700884 shutdown_connections
2023-12-11T18:59:16.341 INFO:teuthology.orchestra.run.smithi148.stdout:/usr/bin/ceph: stderr
2023-12-11T18:59:15.561+0000 7fde41382700 1 -- 172.21.15.148:0/2954700884 wait complete.
2023-12-11T18:59:16.341 INFO:teuthology.orchestra.run.smithi148.stdout:/usr/bin/ceph: stderr
2023-12-11T18:59:15.562+0000 7fde41382700 1 Processor -- start
2023-12-11T18:59:16.341 INFO:teuthology.orchestra.run.smithi148.stdout:/usr/bin/ceph: stderr
2023-12-11T18:59:15.563+0000 7fde41382700 1 -- start start
2023-12-11T18:59:16.341 INFO:teuthology.orchestra.run.smithi148.stdout:/usr/bin/ceph: stderr
2023-12-11T18:59:15.563+0000 7fde41382700 1 --2- >> [v2:172.21.15.148:3300/0,v1:172.21.15.148:6789/0] conn(0x7fde3c077bd0 0x7fde3c1133c0 unknown :-1 s=NONE pgs=0 cs=0 l=1 rev1=0 crypto rx=0 tx=0 comp rx=0 tx=0).connect
2023-12-11T18:59:16.341 INFO:teuthology.orchestra.run.smithi148.stdout:/usr/bin/ceph: stderr
2023-12-11T18:59:15.563+0000 7fde41382700 1 -- --> [v2:172.21.15.148:3300/0,v1:172.21.15.148:6789/0] -- mon_getmap magic: 0 v1 -- 0x7fde3c113900 con 0x7fde3c077bd0
2023-12-11T18:59:16.341 INFO:teuthology.orchestra.run.smithi148.stdout:/usr/bin/ceph: stderr
2023-12-11T18:59:15.563+0000 7fde3affd700 1 --2- >> [v2:172.21.15.148:3300/0,v1:172.21.15.148:6789/0] conn(0x7fde3c077bd0 0x7fde3c1133c0 unknown :-1 s=BANNER_CONNECTING pgs=0 cs=0 l=1 rev1=0 crypto rx=0 tx=0 comp rx=0 tx=0)._handle_peer_banner_payload supported=3 required=0
2023-12-11T18:59:16.341 INFO:teuthology.orchestra.run.smithi148.stdout:/usr/bin/ceph: stderr
2023-12-11T18:59:15.563+0000 7fde3affd700 1 --2- >> [v2:172.21.15.148:3300/0,v1:172.21.15.148:6789/0] conn(0x7fde3c077bd0 0x7fde3c1133c0 unknown :-1 s=HELLO_CONNECTING pgs=0 cs=0 l=1 rev1=1 crypto rx=0 tx=0 comp rx=0 tx=0).handle_hello peer v2:172.21.15.148:3300/0 says I am v2:172.21.15.148:38862/0 (socket says 172.21.15.148:38862)
2023-12-11T18:59:16.341 INFO:teuthology.orchestra.run.smithi148.stdout:/usr/bin/ceph: stderr
2023-12-11T18:59:15.563+0000 7fde3affd700 1 -- 172.21.15.148:0/2529635949 learned_addr learned my addr 172.21.15.148:0/2529635949 (peer_addr_for_me v2:172.21.15.148:0/0)
2023-12-11T18:59:16.341 INFO:teuthology.orchestra.run.smithi148.stdout:/usr/bin/ceph: stderr
2023-12-11T18:59:15.564+0000 7fde3affd700 1 -- 172.21.15.148:0/2529635949 --> [v2:172.21.15.148:3300/0,v1:172.21.15.148:6789/0] -- mon_subscribe({config=0+,monmap=0+}) v3 -- 0x7fde2c0094f0 con 0x7fde3c077bd0
2023-12-11T18:59:16.341 INFO:teuthology.orchestra.run.smithi148.stdout:/usr/bin/ceph: stderr
2023-12-11T18:59:15.564+0000 7fde3affd700 1 --2- 172.21.15.148:0/2529635949 >> [v2:172.21.15.148:3300/0,v1:172.21.15.148:6789/0] conn(0x7fde3c077bd0 0x7fde3c1133c0 secure :-1 s=READY pgs=52 cs=0 l=1 rev1=1 crypto rx=0x7fde2c006d40 tx=0x7fde2c009250 comp rx=0 tx=0).ready entity=mon.0 client_cookie=0 server_cookie=0 in_seq=0 out_seq=0
2023-12-11T18:59:16.341 INFO:teuthology.orchestra.run.smithi148.stdout:/usr/bin/ceph: stderr
2023-12-11T18:59:15.564+0000 7fde237fe700 1 -- 172.21.15.148:0/2529635949 <== mon.0 v2:172.21.15.148:3300/0 1 ==== mon_map magic: 0 v1 ==== 229+0+0 (secure 0 0 0) 0x7fde2c010960 con 0x7fde3c077bd0
2023-12-11T18:59:16.341 INFO:teuthology.orchestra.run.smithi148.stdout:/usr/bin/ceph: stderr
2023-12-11T18:59:15.564+0000 7fde237fe700 1 -- 172.21.15.148:0/2529635949 <== mon.0 v2:172.21.15.148:3300/0 2 ==== config(26 keys) v1 ==== 1074+0+0 (secure 0 0 0) 0x7fde2c01a430 con 0x7fde3c077bd0
2023-12-11T18:59:16.342 INFO:teuthology.orchestra.run.smithi148.stdout:/usr/bin/ceph: stderr
2023-12-11T18:59:15.564+0000 7fde41382700 1 -- 172.21.15.148:0/2529635949 --> [v2:172.21.15.148:3300/0,v1:172.21.15.148:6789/0] -- mon_subscribe({mgrmap=0+}) v3 -- 0x7fde3c113b00 con 0x7fde3c077bd0
2023-12-11T18:59:16.342 INFO:teuthology.orchestra.run.smithi148.stdout:/usr/bin/ceph: stderr
2023-12-11T18:59:15.564+0000 7fde237fe700 1 -- 172.21.15.148:0/2529635949 <== mon.0 v2:172.21.15.148:3300/0 3 ==== mon_map magic: 0 v1 ==== 229+0+0 (secure 0 0 0) 0x7fde2c0245b0 con 0x7fde3c077bd0
2023-12-11T18:59:16.342 INFO:teuthology.orchestra.run.smithi148.stdout:/usr/bin/ceph: stderr
2023-12-11T18:59:15.564+0000 7fde41382700 1 -- 172.21.15.148:0/2529635949 --> [v2:172.21.15.148:3300/0,v1:172.21.15.148:6789/0] -- mon_subscribe({osdmap=0}) v3 -- 0x7fde3c113f10 con 0x7fde3c077bd0
2023-12-11T18:59:16.342 INFO:teuthology.orchestra.run.smithi148.stdout:/usr/bin/ceph: stderr
2023-12-11T18:59:15.565+0000 7fde237fe700 1 -- 172.21.15.148:0/2529635949 <== mon.0 v2:172.21.15.148:3300/0 4 ==== mgrmap(e 8) v1 ==== 43281+0+0 (secure 0 0 0) 0x7fde2c010ac0 con 0x7fde3c077bd0
2023-12-11T18:59:16.342 INFO:teuthology.orchestra.run.smithi148.stdout:/usr/bin/ceph: stderr
2023-12-11T18:59:15.566+0000 7fde41382700 1 -- 172.21.15.148:0/2529635949 --> [v2:172.21.15.148:3300/0,v1:172.21.15.148:6789/0] -- mon_command({"prefix": "get_command_descriptions"} v 0) v1 -- 0x7fde3c04bb80 con 0x7fde3c077bd0
2023-12-11T18:59:16.342 INFO:teuthology.orchestra.run.smithi148.stdout:/usr/bin/ceph: stderr
2023-12-11T18:59:15.566+0000 7fde237fe700 1 --2- 172.21.15.148:0/2529635949 >> [v2:172.21.15.148:6800/3146776205,v1:172.21.15.148:6801/3146776205] conn(0x7fde24036640 0x7fde24038af0 unknown :-1 s=NONE pgs=0 cs=0 l=1 rev1=0 crypto rx=0 tx=0 comp rx=0 tx=0).connect
2023-12-11T18:59:16.342 INFO:teuthology.orchestra.run.smithi148.stdout:/usr/bin/ceph: stderr
2023-12-11T18:59:15.566+0000 7fde237fe700 1 -- 172.21.15.148:0/2529635949 <== mon.0 v2:172.21.15.148:3300/0 5 ==== osd_map(2..2 src has 1..2) v4 ==== 936+0+0 (secure 0 0 0) 0x7fde2c04a150 con 0x7fde3c077bd0
2023-12-11T18:59:16.342 INFO:teuthology.orchestra.run.smithi148.stdout:/usr/bin/ceph: stderr
2023-12-11T18:59:15.566+0000 7fde3a7fc700 1 --2- 172.21.15.148:0/2529635949 >> [v2:172.21.15.148:6800/3146776205,v1:172.21.15.148:6801/3146776205] conn(0x7fde24036640 0x7fde24038af0 unknown :-1 s=BANNER_CONNECTING pgs=0 cs=0 l=1 rev1=0 crypto rx=0 tx=0 comp rx=0 tx=0)._handle_peer_banner_payload supported=3 required=0
2023-12-11T18:59:16.342 INFO:teuthology.orchestra.run.smithi148.stdout:/usr/bin/ceph: stderr
2023-12-11T18:59:15.567+0000 7fde3a7fc700 1 --2- 172.21.15.148:0/2529635949 >> [v2:172.21.15.148:6800/3146776205,v1:172.21.15.148:6801/3146776205] conn(0x7fde24036640 0x7fde24038af0 secure :-1 s=READY pgs=14 cs=0 l=1 rev1=1 crypto rx=0x7fde30009990 tx=0x7fde30006e40 comp rx=0 tx=0).ready entity=mgr.14120 client_cookie=0 server_cookie=0 in_seq=0 out_seq=0
2023-12-11T18:59:16.342 INFO:teuthology.orchestra.run.smithi148.stdout:/usr/bin/ceph: stderr
2023-12-11T18:59:15.571+0000 7fde237fe700 1 -- 172.21.15.148:0/2529635949 <== mon.0 v2:172.21.15.148:3300/0 6 ==== mon_command_ack([{"prefix": "get_command_descriptions"}]=0 v0) v1 ==== 72+0+174570 (secure 0 0 0) 0x7fde2c02b4d0 con 0x7fde3c077bd0
2023-12-11T18:59:16.342 INFO:teuthology.orchestra.run.smithi148.stdout:/usr/bin/ceph: stderr
2023-12-11T18:59:15.802+0000 7fde41382700 1 -- 172.21.15.148:0/2529635949 --> [v2:172.21.15.148:6800/3146776205,v1:172.21.15.148:6801/3146776205] -- mgr_command(tid 0: {"prefix": "orch apply", "service_type": "crash", "target": ["mon-mgr", ""]}) v1 -- 0x7fde3c10d1f0 con 0x7fde24036640
2023-12-11T18:59:16.342 INFO:teuthology.orchestra.run.smithi148.stdout:/usr/bin/ceph: stderr
2023-12-11T18:59:15.807+0000 7fde237fe700 1 -- 172.21.15.148:0/2529635949 <== mgr.14120 v2:172.21.15.148:6800/3146776205 1 ==== mgr_command_reply(tid 0: 0 ) v1 ==== 8+0+26 (secure 0 0 0) 0x7fde3c10d1f0 con 0x7fde24036640
2023-12-11T18:59:16.342 INFO:teuthology.orchestra.run.smithi148.stdout:/usr/bin/ceph: stderr
2023-12-11T18:59:15.809+0000 7fde41382700 1 -- 172.21.15.148:0/2529635949 >> [v2:172.21.15.148:6800/3146776205,v1:172.21.15.148:6801/3146776205] conn(0x7fde24036640 msgr2=0x7fde24038af0 secure :-1 s=STATE_CONNECTION_ESTABLISHED l=1).mark_down
2023-12-11T18:59:16.343 INFO:teuthology.orchestra.run.smithi148.stdout:/usr/bin/ceph: stderr
2023-12-11T18:59:15.809+0000 7fde41382700 1 --2- 172.21.15.148:0/2529635949 >> [v2:172.21.15.148:6800/3146776205,v1:172.21.15.148:6801/3146776205] conn(0x7fde24036640 0x7fde24038af0 secure :-1 s=READY pgs=14 cs=0 l=1 rev1=1 crypto rx=0x7fde30009990 tx=0x7fde30006e40 comp rx=0 tx=0).stop
2023-12-11T18:59:16.343 INFO:teuthology.orchestra.run.smithi148.stdout:/usr/bin/ceph: stderr
2023-12-11T18:59:15.809+0000 7fde41382700 1 -- 172.21.15.148:0/2529635949 >> [v2:172.21.15.148:3300/0,v1:172.21.15.148:6789/0] conn(0x7fde3c077bd0 msgr2=0x7fde3c1133c0 secure :-1 s=STATE_CONNECTION_ESTABLISHED l=1).mark_down
2023-12-11T18:59:16.343 INFO:teuthology.orchestra.run.smithi148.stdout:/usr/bin/ceph: stderr
2023-12-11T18:59:15.809+0000 7fde41382700 1 --2- 172.21.15.148:0/2529635949 >> [v2:172.21.15.148:3300/0,v1:172.21.15.148:6789/0] conn(0x7fde3c077bd0 0x7fde3c1133c0 secure :-1 s=READY pgs=52 cs=0 l=1 rev1=1 crypto rx=0x7fde2c006d40 tx=0x7fde2c009250 comp rx=0 tx=0).stop
2023-12-11T18:59:16.343 INFO:teuthology.orchestra.run.smithi148.stdout:/usr/bin/ceph: stderr
2023-12-11T18:59:15.809+0000 7fde41382700 1 -- 172.21.15.148:0/2529635949 shutdown_connections
2023-12-11T18:59:16.343 INFO:teuthology.orchestra.run.smithi148.stdout:/usr/bin/ceph: stderr
2023-12-11T18:59:15.809+0000 7fde41382700 1 --2- 172.21.15.148:0/2529635949 >> [v2:172.21.15.148:6800/3146776205,v1:172.21.15.148:6801/3146776205] conn(0x7fde24036640 0x7fde24038af0 unknown :-1 s=CLOSED pgs=14 cs=0 l=1 rev1=1 crypto rx=0 tx=0 comp rx=0 tx=0).stop
2023-12-11T18:59:16.343 INFO:teuthology.orchestra.run.smithi148.stdout:/usr/bin/ceph: stderr
2023-12-11T18:59:15.810+0000 7fde41382700 1 --2- 172.21.15.148:0/2529635949 >> [v2:172.21.15.148:3300/0,v1:172.21.15.148:6789/0] conn(0x7fde3c077bd0 0x7fde3c1133c0 unknown :-1 s=CLOSED pgs=52 cs=0 l=1 rev1=1 crypto rx=0 tx=0 comp rx=0 tx=0).stop
2023-12-11T18:59:16.343 INFO:teuthology.orchestra.run.smithi148.stdout:/usr/bin/ceph: stderr
2023-12-11T18:59:15.810+0000 7fde41382700 1 -- 172.21.15.148:0/2529635949 >> 172.21.15.148:0/2529635949 conn(0x7fde3c0fda50 msgr2=0x7fde3c0ff250 unknown :-1 s=STATE_NONE l=0).mark_down
2023-12-11T18:59:16.343 INFO:teuthology.orchestra.run.smithi148.stdout:/usr/bin/ceph: stderr
2023-12-11T18:59:15.810+0000 7fde41382700 1 -- 172.21.15.148:0/2529635949 shutdown_connections
2023-12-11T18:59:16.343 INFO:teuthology.orchestra.run.smithi148.stdout:/usr/bin/ceph: stderr
2023-12-11T18:59:15.810+0000 7fde41382700 1 -- 172.21.15.148:0/2529635949 wait complete.
2023-12-11T18:59:16.343 INFO:teuthology.orchestra.run.smithi148.stdout:Deploying prometheus service with default placement...
2023-12-11T18:59:17.174 INFO:journalctl@ceph.mon.smithi148.smithi148.stdout:Dec 11 18:59:16 smithi148 ceph-mon[135911]: from='client.14146 -' entity='client.admin' cmd=[{"prefix": "orch apply", "service_type": "crash", "target": ["mon-mgr", ""]}]: dispatch
2023-12-11T18:59:17.174 INFO:journalctl@ceph.mon.smithi148.smithi148.stdout:Dec 11 18:59:16 smithi148 ceph-mon[135911]: Saving service crash spec with placement *
2023-12-11T18:59:17.174 INFO:journalctl@ceph.mon.smithi148.smithi148.stdout:Dec 11 18:59:16 smithi148 ceph-mon[135911]: from='mgr.14120 172.21.15.148:0/3407517587' entity='mgr.smithi148.rowhsr'
2023-12-11T18:59:17.174 INFO:journalctl@ceph.mon.smithi148.smithi148.stdout:Dec 11 18:59:16 smithi148 ceph-mon[135911]: from='mgr.14120 172.21.15.148:0/3407517587' entity='mgr.smithi148.rowhsr'
2023-12-11T18:59:17.374 INFO:teuthology.orchestra.run.smithi148.stdout:/usr/bin/ceph: stdout Scheduled prometheus update...
2023-12-11T18:59:17.375 INFO:teuthology.orchestra.run.smithi148.stdout:/usr/bin/ceph: stderr
2023-12-11T18:59:16.754+0000 7ff52cabd700 1 Processor -- start
2023-12-11T18:59:17.375 INFO:teuthology.orchestra.run.smithi148.stdout:/usr/bin/ceph: stderr
2023-12-11T18:59:16.754+0000 7ff52cabd700 1 -- start start
2023-12-11T18:59:17.375 INFO:teuthology.orchestra.run.smithi148.stdout:/usr/bin/ceph: stderr
2023-12-11T18:59:16.754+0000 7ff52cabd700 1 --2- >> [v2:172.21.15.148:3300/0,v1:172.21.15.148:6789/0] conn(0x7ff528077bb0 0x7ff5280760c0 unknown :-1 s=NONE pgs=0 cs=0 l=0 rev1=0 crypto rx=0 tx=0 comp rx=0 tx=0).connect
2023-12-11T18:59:17.375 INFO:teuthology.orchestra.run.smithi148.stdout:/usr/bin/ceph: stderr
2023-12-11T18:59:16.754+0000 7ff52cabd700 1 -- --> [v2:172.21.15.148:3300/0,v1:172.21.15.148:6789/0] -- mon_getmap magic: 0 v1 -- 0x7ff528077fc0 con 0x7ff528077bb0
2023-12-11T18:59:17.375 INFO:teuthology.orchestra.run.smithi148.stdout:/usr/bin/ceph: stderr
2023-12-11T18:59:16.755+0000 7ff52659c700 1 --2- >> [v2:172.21.15.148:3300/0,v1:172.21.15.148:6789/0] conn(0x7ff528077bb0 0x7ff5280760c0 unknown :-1 s=BANNER_CONNECTING pgs=0 cs=0 l=0 rev1=0 crypto rx=0 tx=0 comp rx=0 tx=0)._handle_peer_banner_payload supported=3 required=0
2023-12-11T18:59:17.375 INFO:teuthology.orchestra.run.smithi148.stdout:/usr/bin/ceph: stderr
2023-12-11T18:59:16.755+0000 7ff52659c700 1 --2- >> [v2:172.21.15.148:3300/0,v1:172.21.15.148:6789/0] conn(0x7ff528077bb0 0x7ff5280760c0 unknown :-1 s=HELLO_CONNECTING pgs=0 cs=0 l=0 rev1=1 crypto rx=0 tx=0 comp rx=0 tx=0).handle_hello peer v2:172.21.15.148:3300/0 says I am v2:172.21.15.148:38864/0 (socket says 172.21.15.148:38864)
2023-12-11T18:59:17.375 INFO:teuthology.orchestra.run.smithi148.stdout:/usr/bin/ceph: stderr
2023-12-11T18:59:16.755+0000 7ff52659c700 1 -- 172.21.15.148:0/4086498446 learned_addr learned my addr 172.21.15.148:0/4086498446 (peer_addr_for_me v2:172.21.15.148:0/0)
2023-12-11T18:59:17.375 INFO:teuthology.orchestra.run.smithi148.stdout:/usr/bin/ceph: stderr
2023-12-11T18:59:16.755+0000 7ff52659c700 1 -- 172.21.15.148:0/4086498446 --> [v2:172.21.15.148:3300/0,v1:172.21.15.148:6789/0] -- mon_subscribe({config=0+,monmap=0+}) v3 -- 0x7ff528076600 con 0x7ff528077bb0
2023-12-11T18:59:17.375 INFO:teuthology.orchestra.run.smithi148.stdout:/usr/bin/ceph: stderr
2023-12-11T18:59:16.755+0000 7ff52659c700 1 --2- 172.21.15.148:0/4086498446 >> [v2:172.21.15.148:3300/0,v1:172.21.15.148:6789/0] conn(0x7ff528077bb0 0x7ff5280760c0 secure :-1 s=READY pgs=53 cs=0 l=1 rev1=1 crypto rx=0x7ff5180098e0 tx=0x7ff518009250 comp rx=0 tx=0).ready entity=mon.0 client_cookie=f363086887f1b37f server_cookie=0 in_seq=0 out_seq=0
2023-12-11T18:59:17.375 INFO:teuthology.orchestra.run.smithi148.stdout:/usr/bin/ceph: stderr
2023-12-11T18:59:16.755+0000 7ff52559a700 1 -- 172.21.15.148:0/4086498446 <== mon.0 v2:172.21.15.148:3300/0 1 ==== mon_map magic: 0 v1 ==== 229+0+0 (secure 0 0 0) 0x7ff51800b860 con 0x7ff528077bb0
2023-12-11T18:59:17.375 INFO:teuthology.orchestra.run.smithi148.stdout:/usr/bin/ceph: stderr
2023-12-11T18:59:16.756+0000 7ff52559a700 1 -- 172.21.15.148:0/4086498446 <== mon.0 v2:172.21.15.148:3300/0 2 ==== config(26 keys) v1 ==== 1074+0+0 (secure 0 0 0) 0x7ff51800be70 con 0x7ff528077bb0
2023-12-11T18:59:17.375 INFO:teuthology.orchestra.run.smithi148.stdout:/usr/bin/ceph: stderr
2023-12-11T18:59:16.756+0000 7ff52559a700 1 -- 172.21.15.148:0/4086498446 <== mon.0 v2:172.21.15.148:3300/0 3 ==== mon_map magic: 0 v1 ==== 229+0+0 (secure 0 0 0) 0x7ff518010380 con 0x7ff528077bb0
2023-12-11T18:59:17.376 INFO:teuthology.orchestra.run.smithi148.stdout:/usr/bin/ceph: stderr
2023-12-11T18:59:16.756+0000 7ff52cabd700 1 -- 172.21.15.148:0/4086498446 >> [v2:172.21.15.148:3300/0,v1:172.21.15.148:6789/0] conn(0x7ff528077bb0 msgr2=0x7ff5280760c0 secure :-1 s=STATE_CONNECTION_ESTABLISHED l=1).mark_down
2023-12-11T18:59:17.376 INFO:teuthology.orchestra.run.smithi148.stdout:/usr/bin/ceph: stderr
2023-12-11T18:59:16.756+0000 7ff52cabd700 1 --2- 172.21.15.148:0/4086498446 >> [v2:172.21.15.148:3300/0,v1:172.21.15.148:6789/0] conn(0x7ff528077bb0 0x7ff5280760c0 secure :-1 s=READY pgs=53 cs=0 l=1 rev1=1 crypto rx=0x7ff5180098e0 tx=0x7ff518009250 comp rx=0 tx=0).stop
2023-12-11T18:59:17.376 INFO:teuthology.orchestra.run.smithi148.stdout:/usr/bin/ceph: stderr
2023-12-11T18:59:16.756+0000 7ff52cabd700 1 -- 172.21.15.148:0/4086498446 shutdown_connections
2023-12-11T18:59:17.376 INFO:teuthology.orchestra.run.smithi148.stdout:/usr/bin/ceph: stderr
2023-12-11T18:59:16.756+0000 7ff52cabd700 1 --2- 172.21.15.148:0/4086498446 >> [v2:172.21.15.148:3300/0,v1:172.21.15.148:6789/0] conn(0x7ff528077bb0 0x7ff5280760c0 unknown :-1 s=CLOSED pgs=53 cs=0 l=1 rev1=1 crypto rx=0 tx=0 comp rx=0 tx=0).stop
2023-12-11T18:59:17.376 INFO:teuthology.orchestra.run.smithi148.stdout:/usr/bin/ceph: stderr
2023-12-11T18:59:16.756+0000 7ff52cabd700 1 -- 172.21.15.148:0/4086498446 >> 172.21.15.148:0/4086498446 conn(0x7ff5280fda50 msgr2=0x7ff5280ffe60 unknown :-1 s=STATE_NONE l=0).mark_down
2023-12-11T18:59:17.376 INFO:teuthology.orchestra.run.smithi148.stdout:/usr/bin/ceph: stderr
2023-12-11T18:59:16.756+0000 7ff52cabd700 1 -- 172.21.15.148:0/4086498446 shutdown_connections
2023-12-11T18:59:17.376 INFO:teuthology.orchestra.run.smithi148.stdout:/usr/bin/ceph: stderr
2023-12-11T18:59:16.756+0000 7ff52cabd700 1 -- 172.21.15.148:0/4086498446 wait complete.
2023-12-11T18:59:17.376 INFO:teuthology.orchestra.run.smithi148.stdout:/usr/bin/ceph: stderr
2023-12-11T18:59:16.758+0000 7ff52cabd700 1 Processor -- start
2023-12-11T18:59:17.376 INFO:teuthology.orchestra.run.smithi148.stdout:/usr/bin/ceph: stderr
2023-12-11T18:59:16.758+0000 7ff52cabd700 1 -- start start
2023-12-11T18:59:17.376 INFO:teuthology.orchestra.run.smithi148.stdout:/usr/bin/ceph: stderr
2023-12-11T18:59:16.758+0000 7ff52cabd700 1 --2- >> [v2:172.21.15.148:3300/0,v1:172.21.15.148:6789/0] conn(0x7ff528077bb0 0x7ff5281133d0 unknown :-1 s=NONE pgs=0 cs=0 l=1 rev1=0 crypto rx=0 tx=0 comp rx=0 tx=0).connect
2023-12-11T18:59:17.376 INFO:teuthology.orchestra.run.smithi148.stdout:/usr/bin/ceph: stderr
2023-12-11T18:59:16.758+0000 7ff52cabd700 1 -- --> [v2:172.21.15.148:3300/0,v1:172.21.15.148:6789/0] -- mon_getmap magic: 0 v1 -- 0x7ff528113910 con 0x7ff528077bb0
2023-12-11T18:59:17.377 INFO:teuthology.orchestra.run.smithi148.stdout:/usr/bin/ceph: stderr
2023-12-11T18:59:16.758+0000 7ff52659c700 1 --2- >> [v2:172.21.15.148:3300/0,v1:172.21.15.148:6789/0] conn(0x7ff528077bb0 0x7ff5281133d0 unknown :-1 s=BANNER_CONNECTING pgs=0 cs=0 l=1 rev1=0 crypto rx=0 tx=0 comp rx=0 tx=0)._handle_peer_banner_payload supported=3 required=0
2023-12-11T18:59:17.377 INFO:teuthology.orchestra.run.smithi148.stdout:/usr/bin/ceph: stderr
2023-12-11T18:59:16.758+0000 7ff52659c700 1 --2- >> [v2:172.21.15.148:3300/0,v1:172.21.15.148:6789/0] conn(0x7ff528077bb0 0x7ff5281133d0 unknown :-1 s=HELLO_CONNECTING pgs=0 cs=0 l=1 rev1=1 crypto rx=0 tx=0 comp rx=0 tx=0).handle_hello peer v2:172.21.15.148:3300/0 says I am v2:172.21.15.148:38866/0 (socket says 172.21.15.148:38866)
2023-12-11T18:59:17.377 INFO:teuthology.orchestra.run.smithi148.stdout:/usr/bin/ceph: stderr
2023-12-11T18:59:16.758+0000 7ff52659c700 1 -- 172.21.15.148:0/3495403404 learned_addr learned my addr 172.21.15.148:0/3495403404 (peer_addr_for_me v2:172.21.15.148:0/0)
2023-12-11T18:59:17.377 INFO:teuthology.orchestra.run.smithi148.stdout:/usr/bin/ceph: stderr
2023-12-11T18:59:16.759+0000 7ff52659c700 1 -- 172.21.15.148:0/3495403404 --> [v2:172.21.15.148:3300/0,v1:172.21.15.148:6789/0] -- mon_subscribe({config=0+,monmap=0+}) v3 -- 0x7ff5180094f0 con 0x7ff528077bb0
2023-12-11T18:59:17.377 INFO:teuthology.orchestra.run.smithi148.stdout:/usr/bin/ceph: stderr
2023-12-11T18:59:16.759+0000 7ff52659c700 1 --2- 172.21.15.148:0/3495403404 >> [v2:172.21.15.148:3300/0,v1:172.21.15.148:6789/0] conn(0x7ff528077bb0 0x7ff5281133d0 secure :-1 s=READY pgs=54 cs=0 l=1 rev1=1 crypto rx=0x7ff518006d40 tx=0x7ff518009250 comp rx=0 tx=0).ready entity=mon.0 client_cookie=0 server_cookie=0 in_seq=0 out_seq=0
2023-12-11T18:59:17.377 INFO:teuthology.orchestra.run.smithi148.stdout:/usr/bin/ceph: stderr
2023-12-11T18:59:16.759+0000 7ff516ffd700 1 -- 172.21.15.148:0/3495403404 <== mon.0 v2:172.21.15.148:3300/0 1 ==== mon_map magic: 0 v1 ==== 229+0+0 (secure 0 0 0) 0x7ff518010960 con 0x7ff528077bb0
2023-12-11T18:59:17.377 INFO:teuthology.orchestra.run.smithi148.stdout:/usr/bin/ceph: stderr
2023-12-11T18:59:16.759+0000 7ff516ffd700 1 -- 172.21.15.148:0/3495403404 <== mon.0 v2:172.21.15.148:3300/0 2 ==== config(26 keys) v1 ==== 1074+0+0 (secure 0 0 0) 0x7ff51801a430 con 0x7ff528077bb0
2023-12-11T18:59:17.377 INFO:teuthology.orchestra.run.smithi148.stdout:/usr/bin/ceph: stderr
2023-12-11T18:59:16.759+0000 7ff516ffd700 1 -- 172.21.15.148:0/3495403404 <== mon.0 v2:172.21.15.148:3300/0 3 ==== mon_map magic: 0 v1 ==== 229+0+0 (secure 0 0 0) 0x7ff5180245b0 con 0x7ff528077bb0
2023-12-11T18:59:17.377 INFO:teuthology.orchestra.run.smithi148.stdout:/usr/bin/ceph: stderr
2023-12-11T18:59:16.759+0000 7ff52cabd700 1 -- 172.21.15.148:0/3495403404 --> [v2:172.21.15.148:3300/0,v1:172.21.15.148:6789/0] -- mon_subscribe({mgrmap=0+}) v3 -- 0x7ff528113b10 con 0x7ff528077bb0
2023-12-11T18:59:17.377 INFO:teuthology.orchestra.run.smithi148.stdout:/usr/bin/ceph: stderr
2023-12-11T18:59:16.760+0000 7ff52cabd700 1 -- 172.21.15.148:0/3495403404 --> [v2:172.21.15.148:3300/0,v1:172.21.15.148:6789/0] -- mon_subscribe({osdmap=0}) v3 -- 0x7ff528113f20 con 0x7ff528077bb0
2023-12-11T18:59:17.377 INFO:teuthology.orchestra.run.smithi148.stdout:/usr/bin/ceph: stderr
2023-12-11T18:59:16.760+0000 7ff516ffd700 1 -- 172.21.15.148:0/3495403404 <== mon.0 v2:172.21.15.148:3300/0 4 ==== mgrmap(e 8) v1 ==== 43281+0+0 (secure 0 0 0) 0x7ff51801a9f0 con 0x7ff528077bb0
2023-12-11T18:59:17.377 INFO:teuthology.orchestra.run.smithi148.stdout:/usr/bin/ceph: stderr
2023-12-11T18:59:16.761+0000 7ff516ffd700 1 --2- 172.21.15.148:0/3495403404 >> [v2:172.21.15.148:6800/3146776205,v1:172.21.15.148:6801/3146776205] conn(0x7ff510036640 0x7ff510038af0 unknown :-1 s=NONE pgs=0 cs=0 l=1 rev1=0 crypto rx=0 tx=0 comp rx=0 tx=0).connect
2023-12-11T18:59:17.377 INFO:teuthology.orchestra.run.smithi148.stdout:/usr/bin/ceph: stderr
2023-12-11T18:59:16.761+0000 7ff516ffd700 1 -- 172.21.15.148:0/3495403404 <== mon.0 v2:172.21.15.148:3300/0 5 ==== osd_map(2..2 src has 1..2) v4 ==== 936+0+0 (secure 0 0 0) 0x7ff51804a300 con 0x7ff528077bb0
2023-12-11T18:59:17.377 INFO:teuthology.orchestra.run.smithi148.stdout:/usr/bin/ceph: stderr
2023-12-11T18:59:16.761+0000 7ff52cabd700 1 -- 172.21.15.148:0/3495403404 --> [v2:172.21.15.148:3300/0,v1:172.21.15.148:6789/0] -- mon_command({"prefix": "get_command_descriptions"} v 0) v1 -- 0x7ff52804bb80 con 0x7ff528077bb0
2023-12-11T18:59:17.378 INFO:teuthology.orchestra.run.smithi148.stdout:/usr/bin/ceph: stderr
2023-12-11T18:59:16.761+0000 7ff525d9b700 1 --2- 172.21.15.148:0/3495403404 >> [v2:172.21.15.148:6800/3146776205,v1:172.21.15.148:6801/3146776205] conn(0x7ff510036640 0x7ff510038af0 unknown :-1 s=BANNER_CONNECTING pgs=0 cs=0 l=1 rev1=0 crypto rx=0 tx=0 comp rx=0 tx=0)._handle_peer_banner_payload supported=3 required=0
2023-12-11T18:59:17.378 INFO:teuthology.orchestra.run.smithi148.stdout:/usr/bin/ceph: stderr
2023-12-11T18:59:16.762+0000 7ff525d9b700 1 --2- 172.21.15.148:0/3495403404 >> [v2:172.21.15.148:6800/3146776205,v1:172.21.15.148:6801/3146776205] conn(0x7ff510036640 0x7ff510038af0 secure :-1 s=READY pgs=15 cs=0 l=1 rev1=1 crypto rx=0x7ff51c009990 tx=0x7ff51c006e40 comp rx=0 tx=0).ready entity=mgr.14120 client_cookie=0 server_cookie=0 in_seq=0 out_seq=0
2023-12-11T18:59:17.378 INFO:teuthology.orchestra.run.smithi148.stdout:/usr/bin/ceph: stderr
2023-12-11T18:59:16.766+0000 7ff516ffd700 1 -- 172.21.15.148:0/3495403404 <== mon.0 v2:172.21.15.148:3300/0 6 ==== mon_command_ack([{"prefix": "get_command_descriptions"}]=0 v0) v1 ==== 72+0+174570 (secure 0 0 0) 0x7ff51802b8c0 con 0x7ff528077bb0
2023-12-11T18:59:17.378 INFO:teuthology.orchestra.run.smithi148.stdout:/usr/bin/ceph: stderr
2023-12-11T18:59:16.996+0000 7ff52cabd700 1 -- 172.21.15.148:0/3495403404 --> [v2:172.21.15.148:6800/3146776205,v1:172.21.15.148:6801/3146776205] -- mgr_command(tid 0: {"prefix": "orch apply", "service_type": "prometheus", "target": ["mon-mgr", ""]}) v1 -- 0x7ff52810d160 con 0x7ff510036640
2023-12-11T18:59:17.378 INFO:teuthology.orchestra.run.smithi148.stdout:/usr/bin/ceph: stderr
