2023-12-11T17:43:07.856 INFO:journalctl@ceph.mgr.x.smithi022.stdout:Dec 11 17:43:07 smithi022 ceph-8e840bc6-984c-11ee-95a3-87774f69a715-mgr-x[98305]:
2023-12-11T17:43:07.721+0000 7faa90603200 -1 mgr[py] Module snap_schedule has missing NOTIFY_TYPES member
2023-12-11T17:43:07.856 INFO:journalctl@ceph.mgr.x.smithi022.stdout:Dec 11 17:43:07 smithi022 ceph-8e840bc6-984c-11ee-95a3-87774f69a715-mgr-x[98305]:
2023-12-11T17:43:07.853+0000 7faa90603200 -1 mgr[py] Module zabbix has missing NOTIFY_TYPES member
2023-12-11T17:43:08.126 INFO:journalctl@ceph.mgr.x.smithi022.stdout:Dec 11 17:43:08 smithi022 ceph-8e840bc6-984c-11ee-95a3-87774f69a715-mgr-x[98305]:
2023-12-11T17:43:08.092+0000 7faa90603200 -1 mgr[py] Module crash has missing NOTIFY_TYPES member
2023-12-11T17:43:08.582 INFO:journalctl@ceph.mon.a.smithi022.stdout:Dec 11 17:43:08 smithi022 ceph-mon[98058]: from='client.? 172.21.15.22:0/1021420560' entity='client.admin' cmd='[{"prefix": "mgr module enable", "module": "cephadm"}]': finished
2023-12-11T17:43:08.582 INFO:journalctl@ceph.mon.a.smithi022.stdout:Dec 11 17:43:08 smithi022 ceph-mon[98058]: mgrmap e5: x(active, since 6s)
2023-12-11T17:43:08.876 INFO:journalctl@ceph.mgr.x.smithi022.stdout:Dec 11 17:43:08 smithi022 ceph-8e840bc6-984c-11ee-95a3-87774f69a715-mgr-x[98305]:
2023-12-11T17:43:08.579+0000 7faa90603200 -1 mgr[py] Module prometheus has missing NOTIFY_TYPES member
2023-12-11T17:43:08.876 INFO:journalctl@ceph.mgr.x.smithi022.stdout:Dec 11 17:43:08 smithi022 ceph-8e840bc6-984c-11ee-95a3-87774f69a715-mgr-x[98305]:
2023-12-11T17:43:08.758+0000 7faa90603200 -1 mgr[py] Module status has missing NOTIFY_TYPES member
2023-12-11T17:43:09.088 INFO:teuthology.orchestra.run.smithi022.stdout:/usr/bin/ceph: stdout {
2023-12-11T17:43:09.088 INFO:teuthology.orchestra.run.smithi022.stdout:/usr/bin/ceph: stdout "epoch": 5,
2023-12-11T17:43:09.088 INFO:teuthology.orchestra.run.smithi022.stdout:/usr/bin/ceph: stdout "available": true,
2023-12-11T17:43:09.088 INFO:teuthology.orchestra.run.smithi022.stdout:/usr/bin/ceph: stdout "active_name": "x",
2023-12-11T17:43:09.088 INFO:teuthology.orchestra.run.smithi022.stdout:/usr/bin/ceph: stdout "num_standby": 0
2023-12-11T17:43:09.088 INFO:teuthology.orchestra.run.smithi022.stdout:/usr/bin/ceph: stdout }
2023-12-11T17:43:09.088 INFO:teuthology.orchestra.run.smithi022.stdout:/usr/bin/ceph: stderr
2023-12-11T17:43:08.298+0000 7f9d8f9e3700 1 Processor -- start
2023-12-11T17:43:09.088 INFO:teuthology.orchestra.run.smithi022.stdout:/usr/bin/ceph: stderr
2023-12-11T17:43:08.298+0000 7f9d8f9e3700 1 -- start start
2023-12-11T17:43:09.089 INFO:teuthology.orchestra.run.smithi022.stdout:/usr/bin/ceph: stderr
2023-12-11T17:43:08.299+0000 7f9d8f9e3700 1 --2- >> [v2:172.21.15.22:3300/0,v1:172.21.15.22:6789/0] conn(0x7f9d8807ce40 0x7f9d8807b2a0 unknown :-1 s=NONE pgs=0 cs=0 l=0 rev1=0 crypto rx=0 tx=0 comp rx=0 tx=0).connect
2023-12-11T17:43:09.093 INFO:teuthology.orchestra.run.smithi022.stdout:/usr/bin/ceph: stderr
2023-12-11T17:43:08.299+0000 7f9d8f9e3700 1 -- --> [v2:172.21.15.22:3300/0,v1:172.21.15.22:6789/0] -- mon_getmap magic: 0 v1 -- 0x7f9d8807b870 con 0x7f9d8807ce40
2023-12-11T17:43:09.094 INFO:teuthology.orchestra.run.smithi022.stdout:/usr/bin/ceph: stderr
2023-12-11T17:43:08.299+0000 7f9d8d77f700 1 --2- >> [v2:172.21.15.22:3300/0,v1:172.21.15.22:6789/0] conn(0x7f9d8807ce40 0x7f9d8807b2a0 unknown :-1 s=BANNER_CONNECTING pgs=0 cs=0 l=0 rev1=0 crypto rx=0 tx=0 comp rx=0 tx=0)._handle_peer_banner_payload supported=3 required=0
2023-12-11T17:43:09.094 INFO:teuthology.orchestra.run.smithi022.stdout:/usr/bin/ceph: stderr
2023-12-11T17:43:08.299+0000 7f9d8d77f700 1 --2- >> [v2:172.21.15.22:3300/0,v1:172.21.15.22:6789/0] conn(0x7f9d8807ce40 0x7f9d8807b2a0 unknown :-1 s=HELLO_CONNECTING pgs=0 cs=0 l=0 rev1=1 crypto rx=0 tx=0 comp rx=0 tx=0).handle_hello peer v2:172.21.15.22:3300/0 says I am v2:172.21.15.22:60520/0 (socket says 172.21.15.22:60520)
2023-12-11T17:43:09.094 INFO:teuthology.orchestra.run.smithi022.stdout:/usr/bin/ceph: stderr
2023-12-11T17:43:08.299+0000 7f9d8d77f700 1 -- 172.21.15.22:0/2360225630 learned_addr learned my addr 172.21.15.22:0/2360225630 (peer_addr_for_me v2:172.21.15.22:0/0)
2023-12-11T17:43:09.094 INFO:teuthology.orchestra.run.smithi022.stdout:/usr/bin/ceph: stderr
2023-12-11T17:43:08.300+0000 7f9d8d77f700 1 -- 172.21.15.22:0/2360225630 --> [v2:172.21.15.22:3300/0,v1:172.21.15.22:6789/0] -- mon_subscribe({config=0+,monmap=0+}) v3 -- 0x7f9d8807b9b0 con 0x7f9d8807ce40
2023-12-11T17:43:09.094 INFO:teuthology.orchestra.run.smithi022.stdout:/usr/bin/ceph: stderr
2023-12-11T17:43:08.300+0000 7f9d8d77f700 1 --2- 172.21.15.22:0/2360225630 >> [v2:172.21.15.22:3300/0,v1:172.21.15.22:6789/0] conn(0x7f9d8807ce40 0x7f9d8807b2a0 secure :-1 s=READY pgs=24 cs=0 l=1 rev1=1 crypto rx=0x7f9d840098a0 tx=0x7f9d84009bb0 comp rx=0 tx=0).ready entity=mon.0 client_cookie=4c41697603e132ed server_cookie=0 in_seq=0 out_seq=0
2023-12-11T17:43:09.094 INFO:teuthology.orchestra.run.smithi022.stdout:/usr/bin/ceph: stderr
2023-12-11T17:43:08.300+0000 7f9d7ffff700 1 -- 172.21.15.22:0/2360225630 <== mon.0 v2:172.21.15.22:3300/0 1 ==== mon_map magic: 0 v1 ==== 205+0+0 (secure 0 0 0) 0x7f9d84004160 con 0x7f9d8807ce40
2023-12-11T17:43:09.094 INFO:teuthology.orchestra.run.smithi022.stdout:/usr/bin/ceph: stderr
2023-12-11T17:43:08.300+0000 7f9d7ffff700 1 -- 172.21.15.22:0/2360225630 <== mon.0 v2:172.21.15.22:3300/0 2 ==== config(26 keys) v1 ==== 1074+0+0 (secure 0 0 0) 0x7f9d840042c0 con 0x7f9d8807ce40
2023-12-11T17:43:09.094 INFO:teuthology.orchestra.run.smithi022.stdout:/usr/bin/ceph: stderr
2023-12-11T17:43:08.300+0000 7f9d7ffff700 1 -- 172.21.15.22:0/2360225630 <== mon.0 v2:172.21.15.22:3300/0 3 ==== mon_map magic: 0 v1 ==== 205+0+0 (secure 0 0 0) 0x7f9d84011a00 con 0x7f9d8807ce40
2023-12-11T17:43:09.094 INFO:teuthology.orchestra.run.smithi022.stdout:/usr/bin/ceph: stderr
2023-12-11T17:43:08.301+0000 7f9d8f9e3700 1 -- 172.21.15.22:0/2360225630 >> [v2:172.21.15.22:3300/0,v1:172.21.15.22:6789/0] conn(0x7f9d8807ce40 msgr2=0x7f9d8807b2a0 secure :-1 s=STATE_CONNECTION_ESTABLISHED l=1).mark_down
2023-12-11T17:43:09.094 INFO:teuthology.orchestra.run.smithi022.stdout:/usr/bin/ceph: stderr
2023-12-11T17:43:08.301+0000 7f9d8f9e3700 1 --2- 172.21.15.22:0/2360225630 >> [v2:172.21.15.22:3300/0,v1:172.21.15.22:6789/0] conn(0x7f9d8807ce40 0x7f9d8807b2a0 secure :-1 s=READY pgs=24 cs=0 l=1 rev1=1 crypto rx=0x7f9d840098a0 tx=0x7f9d84009bb0 comp rx=0 tx=0).stop
2023-12-11T17:43:09.094 INFO:teuthology.orchestra.run.smithi022.stdout:/usr/bin/ceph: stderr
2023-12-11T17:43:08.301+0000 7f9d8f9e3700 1 -- 172.21.15.22:0/2360225630 shutdown_connections
2023-12-11T17:43:09.095 INFO:teuthology.orchestra.run.smithi022.stdout:/usr/bin/ceph: stderr
2023-12-11T17:43:08.301+0000 7f9d8f9e3700 1 --2- 172.21.15.22:0/2360225630 >> [v2:172.21.15.22:3300/0,v1:172.21.15.22:6789/0] conn(0x7f9d8807ce40 0x7f9d8807b2a0 unknown :-1 s=CLOSED pgs=24 cs=0 l=1 rev1=1 crypto rx=0 tx=0 comp rx=0 tx=0).stop
2023-12-11T17:43:09.095 INFO:teuthology.orchestra.run.smithi022.stdout:/usr/bin/ceph: stderr
2023-12-11T17:43:08.301+0000 7f9d8f9e3700 1 -- 172.21.15.22:0/2360225630 >> 172.21.15.22:0/2360225630 conn(0x7f9d881022f0 msgr2=0x7f9d88104770 unknown :-1 s=STATE_NONE l=0).mark_down
2023-12-11T17:43:09.095 INFO:teuthology.orchestra.run.smithi022.stdout:/usr/bin/ceph: stderr
2023-12-11T17:43:08.301+0000 7f9d8f9e3700 1 -- 172.21.15.22:0/2360225630 shutdown_connections
2023-12-11T17:43:09.095 INFO:teuthology.orchestra.run.smithi022.stdout:/usr/bin/ceph: stderr
2023-12-11T17:43:08.301+0000 7f9d8f9e3700 1 -- 172.21.15.22:0/2360225630 wait complete.
2023-12-11T17:43:09.095 INFO:teuthology.orchestra.run.smithi022.stdout:/usr/bin/ceph: stderr
2023-12-11T17:43:08.302+0000 7f9d8f9e3700 1 Processor -- start
2023-12-11T17:43:09.095 INFO:teuthology.orchestra.run.smithi022.stdout:/usr/bin/ceph: stderr
2023-12-11T17:43:08.302+0000 7f9d8f9e3700 1 -- start start
2023-12-11T17:43:09.095 INFO:teuthology.orchestra.run.smithi022.stdout:/usr/bin/ceph: stderr
2023-12-11T17:43:08.303+0000 7f9d8f9e3700 1 --2- >> [v2:172.21.15.22:3300/0,v1:172.21.15.22:6789/0] conn(0x7f9d8807ce40 0x7f9d8819cc90 unknown :-1 s=NONE pgs=0 cs=0 l=1 rev1=0 crypto rx=0 tx=0 comp rx=0 tx=0).connect
2023-12-11T17:43:09.095 INFO:teuthology.orchestra.run.smithi022.stdout:/usr/bin/ceph: stderr
2023-12-11T17:43:08.303+0000 7f9d8f9e3700 1 -- --> [v2:172.21.15.22:3300/0,v1:172.21.15.22:6789/0] -- mon_getmap magic: 0 v1 -- 0x7f9d8819d1d0 con 0x7f9d8807ce40
2023-12-11T17:43:09.095 INFO:teuthology.orchestra.run.smithi022.stdout:/usr/bin/ceph: stderr
2023-12-11T17:43:08.303+0000 7f9d8d77f700 1 --2- >> [v2:172.21.15.22:3300/0,v1:172.21.15.22:6789/0] conn(0x7f9d8807ce40 0x7f9d8819cc90 unknown :-1 s=BANNER_CONNECTING pgs=0 cs=0 l=1 rev1=0 crypto rx=0 tx=0 comp rx=0 tx=0)._handle_peer_banner_payload supported=3 required=0
2023-12-11T17:43:09.095 INFO:teuthology.orchestra.run.smithi022.stdout:/usr/bin/ceph: stderr
2023-12-11T17:43:08.303+0000 7f9d8d77f700 1 --2- >> [v2:172.21.15.22:3300/0,v1:172.21.15.22:6789/0] conn(0x7f9d8807ce40 0x7f9d8819cc90 unknown :-1 s=HELLO_CONNECTING pgs=0 cs=0 l=1 rev1=1 crypto rx=0 tx=0 comp rx=0 tx=0).handle_hello peer v2:172.21.15.22:3300/0 says I am v2:172.21.15.22:60534/0 (socket says 172.21.15.22:60534)
2023-12-11T17:43:09.095 INFO:teuthology.orchestra.run.smithi022.stdout:/usr/bin/ceph: stderr
2023-12-11T17:43:08.303+0000 7f9d8d77f700 1 -- 172.21.15.22:0/2357753743 learned_addr learned my addr 172.21.15.22:0/2357753743 (peer_addr_for_me v2:172.21.15.22:0/0)
2023-12-11T17:43:09.095 INFO:teuthology.orchestra.run.smithi022.stdout:/usr/bin/ceph: stderr
2023-12-11T17:43:08.303+0000 7f9d8d77f700 1 -- 172.21.15.22:0/2357753743 --> [v2:172.21.15.22:3300/0,v1:172.21.15.22:6789/0] -- mon_subscribe({config=0+,monmap=0+}) v3 -- 0x7f9d84009550 con 0x7f9d8807ce40
2023-12-11T17:43:09.095 INFO:teuthology.orchestra.run.smithi022.stdout:/usr/bin/ceph: stderr
2023-12-11T17:43:08.303+0000 7f9d8d77f700 1 --2- 172.21.15.22:0/2357753743 >> [v2:172.21.15.22:3300/0,v1:172.21.15.22:6789/0] conn(0x7f9d8807ce40 0x7f9d8819cc90 secure :-1 s=READY pgs=25 cs=0 l=1 rev1=1 crypto rx=0x7f9d84009130 tx=0x7f9d84011ad0 comp rx=0 tx=0).ready entity=mon.0 client_cookie=0 server_cookie=0 in_seq=0 out_seq=0
2023-12-11T17:43:09.095 INFO:teuthology.orchestra.run.smithi022.stdout:/usr/bin/ceph: stderr
2023-12-11T17:43:08.304+0000 7f9d7e7fc700 1 -- 172.21.15.22:0/2357753743 <== mon.0 v2:172.21.15.22:3300/0 1 ==== mon_map magic: 0 v1 ==== 205+0+0 (secure 0 0 0) 0x7f9d84003b70 con 0x7f9d8807ce40
2023-12-11T17:43:09.096 INFO:teuthology.orchestra.run.smithi022.stdout:/usr/bin/ceph: stderr
2023-12-11T17:43:08.304+0000 7f9d7e7fc700 1 -- 172.21.15.22:0/2357753743 <== mon.0 v2:172.21.15.22:3300/0 2 ==== config(26 keys) v1 ==== 1074+0+0 (secure 0 0 0) 0x7f9d84003cd0 con 0x7f9d8807ce40
2023-12-11T17:43:09.096 INFO:teuthology.orchestra.run.smithi022.stdout:/usr/bin/ceph: stderr
2023-12-11T17:43:08.304+0000 7f9d7e7fc700 1 -- 172.21.15.22:0/2357753743 <== mon.0 v2:172.21.15.22:3300/0 3 ==== mon_map magic: 0 v1 ==== 205+0+0 (secure 0 0 0) 0x7f9d840197d0 con 0x7f9d8807ce40
2023-12-11T17:43:09.096 INFO:teuthology.orchestra.run.smithi022.stdout:/usr/bin/ceph: stderr
2023-12-11T17:43:08.304+0000 7f9d8f9e3700 1 -- 172.21.15.22:0/2357753743 --> [v2:172.21.15.22:3300/0,v1:172.21.15.22:6789/0] -- mon_subscribe({mgrmap=0+}) v3 -- 0x7f9d8819d3d0 con 0x7f9d8807ce40
2023-12-11T17:43:09.096 INFO:teuthology.orchestra.run.smithi022.stdout:/usr/bin/ceph: stderr
2023-12-11T17:43:08.304+0000 7f9d8f9e3700 1 -- 172.21.15.22:0/2357753743 --> [v2:172.21.15.22:3300/0,v1:172.21.15.22:6789/0] -- mon_subscribe({osdmap=0}) v3 -- 0x7f9d8819d870 con 0x7f9d8807ce40
2023-12-11T17:43:09.096 INFO:teuthology.orchestra.run.smithi022.stdout:/usr/bin/ceph: stderr
2023-12-11T17:43:08.305+0000 7f9d7e7fc700 1 -- 172.21.15.22:0/2357753743 <== mon.0 v2:172.21.15.22:3300/0 4 ==== mgrmap(e 5) v1 ==== 45580+0+0 (secure 0 0 0) 0x7f9d8401abb0 con 0x7f9d8807ce40
2023-12-11T17:43:09.096 INFO:teuthology.orchestra.run.smithi022.stdout:/usr/bin/ceph: stderr
2023-12-11T17:43:08.305+0000 7f9d8f9e3700 1 -- 172.21.15.22:0/2357753743 --> [v2:172.21.15.22:3300/0,v1:172.21.15.22:6789/0] -- mon_command({"prefix": "get_command_descriptions"} v 0) v1 -- 0x7f9d8810d180 con 0x7f9d8807ce40
2023-12-11T17:43:09.096 INFO:teuthology.orchestra.run.smithi022.stdout:/usr/bin/ceph: stderr
2023-12-11T17:43:08.305+0000 7f9d7e7fc700 1 --2- 172.21.15.22:0/2357753743 >> [v2:172.21.15.22:6800/3990844911,v1:172.21.15.22:6801/3990844911] conn(0x7f9d74038870 0x7f9d7403ad30 unknown :-1 s=NONE pgs=0 cs=0 l=1 rev1=0 crypto rx=0 tx=0 comp rx=0 tx=0).connect
2023-12-11T17:43:09.096 INFO:teuthology.orchestra.run.smithi022.stdout:/usr/bin/ceph: stderr
2023-12-11T17:43:08.305+0000 7f9d7e7fc700 1 -- 172.21.15.22:0/2357753743 <== mon.0 v2:172.21.15.22:3300/0 5 ==== osd_map(1..1 src has 1..1) v4 ==== 725+0+0 (secure 0 0 0) 0x7f9d8404ca50 con 0x7f9d8807ce40
2023-12-11T17:43:09.096 INFO:teuthology.orchestra.run.smithi022.stdout:/usr/bin/ceph: stderr
2023-12-11T17:43:08.306+0000 7f9d8cf7e700 1 -- 172.21.15.22:0/2357753743 >> [v2:172.21.15.22:6800/3990844911,v1:172.21.15.22:6801/3990844911] conn(0x7f9d74038870 msgr2=0x7f9d7403ad30 unknown :-1 s=STATE_CONNECTING_RE l=1).process reconnect failed to v2:172.21.15.22:6800/3990844911
2023-12-11T17:43:09.096 INFO:teuthology.orchestra.run.smithi022.stdout:/usr/bin/ceph: stderr
2023-12-11T17:43:08.306+0000 7f9d8cf7e700 1 --2- 172.21.15.22:0/2357753743 >> [v2:172.21.15.22:6800/3990844911,v1:172.21.15.22:6801/3990844911] conn(0x7f9d74038870 0x7f9d7403ad30 unknown :-1 s=START_CONNECT pgs=0 cs=0 l=1 rev1=0 crypto rx=0 tx=0 comp rx=0 tx=0)._fault waiting 0.200000
2023-12-11T17:43:09.096 INFO:teuthology.orchestra.run.smithi022.stdout:/usr/bin/ceph: stderr
2023-12-11T17:43:08.311+0000 7f9d7e7fc700 1 -- 172.21.15.22:0/2357753743 <== mon.0 v2:172.21.15.22:3300/0 6 ==== mon_command_ack([{"prefix": "get_command_descriptions"}]=0 v0) v1 ==== 72+0+180949 (secure 0 0 0) 0x7f9d8401a430 con 0x7f9d8807ce40
2023-12-11T17:43:09.096 INFO:teuthology.orchestra.run.smithi022.stdout:/usr/bin/ceph: stderr
2023-12-11T17:43:08.507+0000 7f9d8cf7e700 1 -- 172.21.15.22:0/2357753743 >> [v2:172.21.15.22:6800/3990844911,v1:172.21.15.22:6801/3990844911] conn(0x7f9d74038870 msgr2=0x7f9d7403ad30 unknown :-1 s=STATE_CONNECTING_RE l=1).process reconnect failed to v2:172.21.15.22:6800/3990844911
2023-12-11T17:43:09.096 INFO:teuthology.orchestra.run.smithi022.stdout:/usr/bin/ceph: stderr
2023-12-11T17:43:08.507+0000 7f9d8cf7e700 1 --2- 172.21.15.22:0/2357753743 >> [v2:172.21.15.22:6800/3990844911,v1:172.21.15.22:6801/3990844911] conn(0x7f9d74038870 0x7f9d7403ad30 unknown :-1 s=START_CONNECT pgs=0 cs=0 l=1 rev1=0 crypto rx=0 tx=0 comp rx=0 tx=0)._fault waiting 0.400000
2023-12-11T17:43:09.096 INFO:teuthology.orchestra.run.smithi022.stdout:/usr/bin/ceph: stderr
2023-12-11T17:43:08.576+0000 7f9d8f9e3700 1 -- 172.21.15.22:0/2357753743 --> [v2:172.21.15.22:3300/0,v1:172.21.15.22:6789/0] -- mon_command({"prefix": "mgr stat"} v 0) v1 -- 0x7f9d881a0100 con 0x7f9d8807ce40
2023-12-11T17:43:09.097 INFO:teuthology.orchestra.run.smithi022.stdout:/usr/bin/ceph: stderr
2023-12-11T17:43:08.577+0000 7f9d7e7fc700 1 -- 172.21.15.22:0/2357753743 <== mon.0 v2:172.21.15.22:3300/0 7 ==== mon_command_ack([{"prefix": "mgr stat"}]=0 v5) v1 ==== 56+0+88 (secure 0 0 0) 0x7f9d8402db40 con 0x7f9d8807ce40
2023-12-11T17:43:09.097 INFO:teuthology.orchestra.run.smithi022.stdout:/usr/bin/ceph: stderr
2023-12-11T17:43:08.579+0000 7f9d8f9e3700 1 -- 172.21.15.22:0/2357753743 >> [v2:172.21.15.22:6800/3990844911,v1:172.21.15.22:6801/3990844911] conn(0x7f9d74038870 msgr2=0x7f9d7403ad30 unknown :-1 s=STATE_CONNECTING l=1).mark_down
2023-12-11T17:43:09.097 INFO:teuthology.orchestra.run.smithi022.stdout:/usr/bin/ceph: stderr
2023-12-11T17:43:08.579+0000 7f9d8f9e3700 1 --2- 172.21.15.22:0/2357753743 >> [v2:172.21.15.22:6800/3990844911,v1:172.21.15.22:6801/3990844911] conn(0x7f9d74038870 0x7f9d7403ad30 unknown :-1 s=START_CONNECT pgs=0 cs=0 l=1 rev1=0 crypto rx=0 tx=0 comp rx=0 tx=0).stop
2023-12-11T17:43:09.097 INFO:teuthology.orchestra.run.smithi022.stdout:/usr/bin/ceph: stderr
2023-12-11T17:43:08.580+0000 7f9d8f9e3700 1 -- 172.21.15.22:0/2357753743 >> [v2:172.21.15.22:3300/0,v1:172.21.15.22:6789/0] conn(0x7f9d8807ce40 msgr2=0x7f9d8819cc90 secure :-1 s=STATE_CONNECTION_ESTABLISHED l=1).mark_down
2023-12-11T17:43:09.097 INFO:teuthology.orchestra.run.smithi022.stdout:/usr/bin/ceph: stderr
2023-12-11T17:43:08.580+0000 7f9d8f9e3700 1 --2- 172.21.15.22:0/2357753743 >> [v2:172.21.15.22:3300/0,v1:172.21.15.22:6789/0] conn(0x7f9d8807ce40 0x7f9d8819cc90 secure :-1 s=READY pgs=25 cs=0 l=1 rev1=1 crypto rx=0x7f9d84009130 tx=0x7f9d84011ad0 comp rx=0 tx=0).stop
2023-12-11T17:43:09.097 INFO:teuthology.orchestra.run.smithi022.stdout:/usr/bin/ceph: stderr
2023-12-11T17:43:08.580+0000 7f9d8f9e3700 1 -- 172.21.15.22:0/2357753743 shutdown_connections
2023-12-11T17:43:09.097 INFO:teuthology.orchestra.run.smithi022.stdout:/usr/bin/ceph: stderr
2023-12-11T17:43:08.580+0000 7f9d8f9e3700 1 --2- 172.21.15.22:0/2357753743 >> [v2:172.21.15.22:6800/3990844911,v1:172.21.15.22:6801/3990844911] conn(0x7f9d74038870 0x7f9d7403ad30 unknown :-1 s=CLOSED pgs=0 cs=0 l=1 rev1=0 crypto rx=0 tx=0 comp rx=0 tx=0).stop
2023-12-11T17:43:09.097 INFO:teuthology.orchestra.run.smithi022.stdout:/usr/bin/ceph: stderr
2023-12-11T17:43:08.580+0000 7f9d8f9e3700 1 --2- 172.21.15.22:0/2357753743 >> [v2:172.21.15.22:3300/0,v1:172.21.15.22:6789/0] conn(0x7f9d8807ce40 0x7f9d8819cc90 unknown :-1 s=CLOSED pgs=25 cs=0 l=1 rev1=1 crypto rx=0 tx=0 comp rx=0 tx=0).stop
2023-12-11T17:43:09.097 INFO:teuthology.orchestra.run.smithi022.stdout:/usr/bin/ceph: stderr
2023-12-11T17:43:08.580+0000 7f9d8f9e3700 1 -- 172.21.15.22:0/2357753743 >> 172.21.15.22:0/2357753743 conn(0x7f9d881022f0 msgr2=0x7f9d88102ed0 unknown :-1 s=STATE_NONE l=0).mark_down
2023-12-11T17:43:09.097 INFO:teuthology.orchestra.run.smithi022.stdout:/usr/bin/ceph: stderr
2023-12-11T17:43:08.580+0000 7f9d8f9e3700 1 -- 172.21.15.22:0/2357753743 shutdown_connections
2023-12-11T17:43:09.097 INFO:teuthology.orchestra.run.smithi022.stdout:/usr/bin/ceph: stderr
2023-12-11T17:43:08.580+0000 7f9d8f9e3700 1 -- 172.21.15.22:0/2357753743 wait complete.
2023-12-11T17:43:09.097 INFO:teuthology.orchestra.run.smithi022.stdout:Waiting for the mgr to restart...
2023-12-11T17:43:09.097 INFO:teuthology.orchestra.run.smithi022.stdout:Waiting for mgr epoch 5...
2023-12-11T17:43:09.220 INFO:journalctl@ceph.mgr.x.smithi022.stdout:Dec 11 17:43:08 smithi022 ceph-8e840bc6-984c-11ee-95a3-87774f69a715-mgr-x[98305]:
2023-12-11T17:43:08.879+0000 7faa90603200 -1 mgr[py] Module selftest has missing NOTIFY_TYPES member
2023-12-11T17:43:09.221 INFO:journalctl@ceph.mgr.x.smithi022.stdout:Dec 11 17:43:09 smithi022 ceph-8e840bc6-984c-11ee-95a3-87774f69a715-mgr-x[98305]:
2023-12-11T17:43:09.009+0000 7faa90603200 -1 mgr[py] Module alerts has missing NOTIFY_TYPES member
2023-12-11T17:43:09.613 INFO:journalctl@ceph.mon.a.smithi022.stdout:Dec 11 17:43:09 smithi022 ceph-mon[98058]: from='client.? 172.21.15.22:0/2357753743' entity='client.admin' cmd=[{"prefix": "mgr stat"}]: dispatch
2023-12-11T17:43:09.876 INFO:journalctl@ceph.mgr.x.smithi022.stdout:Dec 11 17:43:09 smithi022 ceph-8e840bc6-984c-11ee-95a3-87774f69a715-mgr-x[98305]:
2023-12-11T17:43:09.610+0000 7faa90603200 -1 mgr[py] Module progress has missing NOTIFY_TYPES member
2023-12-11T17:43:10.876 INFO:journalctl@ceph.mgr.x.smithi022.stdout:Dec 11 17:43:10 smithi022 ceph-8e840bc6-984c-11ee-95a3-87774f69a715-mgr-x[98305]:
2023-12-11T17:43:10.498+0000 7faa90603200 -1 mgr[py] Module rook has missing NOTIFY_TYPES member
2023-12-11T17:43:10.876 INFO:journalctl@ceph.mgr.x.smithi022.stdout:Dec 11 17:43:10 smithi022 ceph-8e840bc6-984c-11ee-95a3-87774f69a715-mgr-x[98305]:
2023-12-11T17:43:10.608+0000 7faa90603200 -1 mgr[py] Module iostat has missing NOTIFY_TYPES member
2023-12-11T17:43:11.876 INFO:journalctl@ceph.mgr.x.smithi022.stdout:Dec 11 17:43:11 smithi022 ceph-8e840bc6-984c-11ee-95a3-87774f69a715-mgr-x[98305]:
2023-12-11T17:43:11.613+0000 7faa90603200 -1 mgr[py] Module test_orchestrator has missing NOTIFY_TYPES member
2023-12-11T17:43:11.876 INFO:journalctl@ceph.mgr.x.smithi022.stdout:Dec 11 17:43:11 smithi022 ceph-8e840bc6-984c-11ee-95a3-87774f69a715-mgr-x[98305]:
2023-12-11T17:43:11.738+0000 7faa90603200 -1 mgr[py] Module osd_perf_query has missing NOTIFY_TYPES member
2023-12-11T17:43:12.376 INFO:journalctl@ceph.mgr.x.smithi022.stdout:Dec 11 17:43:11 smithi022 ceph-8e840bc6-984c-11ee-95a3-87774f69a715-mgr-x[98305]:
2023-12-11T17:43:11.972+0000 7faa90603200 -1 mgr[py] Module orchestrator has missing NOTIFY_TYPES member
2023-12-11T17:43:12.841 INFO:journalctl@ceph.mgr.x.smithi022.stdout:Dec 11 17:43:12 smithi022 ceph-8e840bc6-984c-11ee-95a3-87774f69a715-mgr-x[98305]:
2023-12-11T17:43:12.514+0000 7faa90603200 -1 mgr[py] Module rgw has missing NOTIFY_TYPES member
2023-12-11T17:43:12.842 INFO:journalctl@ceph.mgr.x.smithi022.stdout:Dec 11 17:43:12 smithi022 ceph-8e840bc6-984c-11ee-95a3-87774f69a715-mgr-x[98305]:
2023-12-11T17:43:12.635+0000 7faa90603200 -1 mgr[py] Module influx has missing NOTIFY_TYPES member
2023-12-11T17:43:12.842 INFO:journalctl@ceph.mgr.x.smithi022.stdout:Dec 11 17:43:12 smithi022 ceph-8e840bc6-984c-11ee-95a3-87774f69a715-mgr-x[98305]:
2023-12-11T17:43:12.838+0000 7faa90603200 -1 mgr[py] Module telemetry has missing NOTIFY_TYPES member
2023-12-11T17:43:13.626 INFO:journalctl@ceph.mgr.x.smithi022.stdout:Dec 11 17:43:13 smithi022 ceph-8e840bc6-984c-11ee-95a3-87774f69a715-mgr-x[98305]:
2023-12-11T17:43:13.194+0000 7faa90603200 -1 mgr[py] Module telegraf has missing NOTIFY_TYPES member
2023-12-11T17:43:14.621 INFO:journalctl@ceph.mgr.x.smithi022.stdout:Dec 11 17:43:14 smithi022 ceph-8e840bc6-984c-11ee-95a3-87774f69a715-mgr-x[98305]:
2023-12-11T17:43:14.176+0000 7faa90603200 -1 mgr[py] Module balancer has missing NOTIFY_TYPES member
2023-12-11T17:43:14.621 INFO:journalctl@ceph.mgr.x.smithi022.stdout:Dec 11 17:43:14 smithi022 ceph-8e840bc6-984c-11ee-95a3-87774f69a715-mgr-x[98305]:
2023-12-11T17:43:14.358+0000 7faa90603200 -1 mgr[py] Module diskprediction_local has missing NOTIFY_TYPES member
2023-12-11T17:43:14.876 INFO:journalctl@ceph.mgr.x.smithi022.stdout:Dec 11 17:43:14 smithi022 ceph-8e840bc6-984c-11ee-95a3-87774f69a715-mgr-x[98305]:
2023-12-11T17:43:14.618+0000 7faa90603200 -1 mgr[py] Module nfs has missing NOTIFY_TYPES member
2023-12-11T17:43:14.876 INFO:journalctl@ceph.mgr.x.smithi022.stdout:Dec 11 17:43:14 smithi022 ceph-8e840bc6-984c-11ee-95a3-87774f69a715-mgr-x[98305]:
2023-12-11T17:43:14.772+0000 7faa90603200 -1 mgr[py] Module rbd_support has missing NOTIFY_TYPES member
2023-12-11T17:43:15.376 INFO:journalctl@ceph.mgr.x.smithi022.stdout:Dec 11 17:43:15 smithi022 ceph-8e840bc6-984c-11ee-95a3-87774f69a715-mgr-x[98305]:
2023-12-11T17:43:15.061+0000 7faa90603200 -1 mgr[py] Module volumes has missing NOTIFY_TYPES member
2023-12-11T17:43:16.626 INFO:journalctl@ceph.mgr.x.smithi022.stdout:Dec 11 17:43:16 smithi022 ceph-8e840bc6-984c-11ee-95a3-87774f69a715-mgr-x[98305]:
2023-12-11T17:43:16.171+0000 7faa90603200 -1 mgr[py] Module pg_autoscaler has missing NOTIFY_TYPES member
2023-12-11T17:43:16.626 INFO:journalctl@ceph.mon.a.smithi022.stdout:Dec 11 17:43:16 smithi022 ceph-mon[98058]: Active manager daemon x restarted
2023-12-11T17:43:16.626 INFO:journalctl@ceph.mon.a.smithi022.stdout:Dec 11 17:43:16 smithi022 ceph-mon[98058]: Activating manager daemon x
2023-12-11T17:43:16.627 INFO:journalctl@ceph.mon.a.smithi022.stdout:Dec 11 17:43:16 smithi022 ceph-mon[98058]: osdmap e2: 0 total, 0 up, 0 in
2023-12-11T17:43:16.627 INFO:journalctl@ceph.mon.a.smithi022.stdout:Dec 11 17:43:16 smithi022 ceph-mon[98058]: mgrmap e6: x(active, starting, since 0.0039142s)
2023-12-11T17:43:16.627 INFO:journalctl@ceph.mon.a.smithi022.stdout:Dec 11 17:43:16 smithi022 ceph-mon[98058]: from='mgr.14118 172.21.15.22:0/5700305' entity='mgr.x' cmd=[{"prefix": "mon metadata", "id": "a"}]: dispatch
2023-12-11T17:43:16.627 INFO:journalctl@ceph.mon.a.smithi022.stdout:Dec 11 17:43:16 smithi022 ceph-mon[98058]: from='mgr.14118 172.21.15.22:0/5700305' entity='mgr.x' cmd=[{"prefix": "mgr metadata", "who": "x", "id": "x"}]: dispatch
2023-12-11T17:43:16.627 INFO:journalctl@ceph.mon.a.smithi022.stdout:Dec 11 17:43:16 smithi022 ceph-mon[98058]: from='mgr.14118 172.21.15.22:0/5700305' entity='mgr.x' cmd=[{"prefix": "mds metadata"}]: dispatch
2023-12-11T17:43:16.627 INFO:journalctl@ceph.mon.a.smithi022.stdout:Dec 11 17:43:16 smithi022 ceph-mon[98058]: from='mgr.14118 172.21.15.22:0/5700305' entity='mgr.x' cmd=[{"prefix": "osd metadata"}]: dispatch
2023-12-11T17:43:16.627 INFO:journalctl@ceph.mon.a.smithi022.stdout:Dec 11 17:43:16 smithi022 ceph-mon[98058]: from='mgr.14118 172.21.15.22:0/5700305' entity='mgr.x' cmd=[{"prefix": "mon metadata"}]: dispatch
2023-12-11T17:43:16.627 INFO:journalctl@ceph.mon.a.smithi022.stdout:Dec 11 17:43:16 smithi022 ceph-mon[98058]: Manager daemon x is now available
2023-12-11T17:43:16.627 INFO:journalctl@ceph.mon.a.smithi022.stdout:Dec 11 17:43:16 smithi022 ceph-mon[98058]: from='mgr.14118 172.21.15.22:0/5700305' entity='mgr.x'
2023-12-11T17:43:16.627 INFO:journalctl@ceph.mon.a.smithi022.stdout:Dec 11 17:43:16 smithi022 ceph-mon[98058]: from='mgr.14118 172.21.15.22:0/5700305' entity='mgr.x'
2023-12-11T17:43:17.626 INFO:journalctl@ceph.mon.a.smithi022.stdout:Dec 11 17:43:17 smithi022 ceph-mon[98058]: Found migration_current of "None". Setting to last migration.
2023-12-11T17:43:17.626 INFO:journalctl@ceph.mon.a.smithi022.stdout:Dec 11 17:43:17 smithi022 ceph-mon[98058]: from='mgr.14118 172.21.15.22:0/5700305' entity='mgr.x' cmd=[{"prefix": "config dump", "format": "json"}]: dispatch
2023-12-11T17:43:17.626 INFO:journalctl@ceph.mon.a.smithi022.stdout:Dec 11 17:43:17 smithi022 ceph-mon[98058]: from='mgr.14118 172.21.15.22:0/5700305' entity='mgr.x' cmd=[{"prefix": "config dump", "format": "json"}]: dispatch
2023-12-11T17:43:17.626 INFO:journalctl@ceph.mon.a.smithi022.stdout:Dec 11 17:43:17 smithi022 ceph-mon[98058]: from='mgr.14118 172.21.15.22:0/5700305' entity='mgr.x' cmd=[{"prefix": "config dump", "format": "json"}]: dispatch
2023-12-11T17:43:17.627 INFO:journalctl@ceph.mon.a.smithi022.stdout:Dec 11 17:43:17 smithi022 ceph-mon[98058]: from='mgr.14118 172.21.15.22:0/5700305' entity='mgr.x' cmd=[{"prefix":"config rm","who":"mgr","name":"mgr/rbd_support/x/mirror_snapshot_schedule"}]: dispatch
2023-12-11T17:43:17.627 INFO:journalctl@ceph.mon.a.smithi022.stdout:Dec 11 17:43:17 smithi022 ceph-mon[98058]: from='mgr.14118 172.21.15.22:0/5700305' entity='mgr.x' cmd=[{"prefix":"config rm","who":"mgr","name":"mgr/rbd_support/x/trash_purge_schedule"}]: dispatch
2023-12-11T17:43:17.627 INFO:journalctl@ceph.mon.a.smithi022.stdout:Dec 11 17:43:17 smithi022 ceph-mon[98058]: from='mgr.14118 172.21.15.22:0/5700305' entity='mgr.x'
2023-12-11T17:43:17.627 INFO:journalctl@ceph.mon.a.smithi022.stdout:Dec 11 17:43:17 smithi022 ceph-mon[98058]: from='mgr.14118 172.21.15.22:0/5700305' entity='mgr.x'
2023-12-11T17:43:17.627 INFO:journalctl@ceph.mon.a.smithi022.stdout:Dec 11 17:43:17 smithi022 ceph-mon[98058]: mgrmap e7: x(active, since 1.00726s)
2023-12-11T17:43:17.710 INFO:teuthology.orchestra.run.smithi022.stdout:/usr/bin/ceph: stdout {
2023-12-11T17:43:17.711 INFO:teuthology.orchestra.run.smithi022.stdout:/usr/bin/ceph: stdout "mgrmap_epoch": 7,
2023-12-11T17:43:17.711 INFO:teuthology.orchestra.run.smithi022.stdout:/usr/bin/ceph: stdout "initialized": true
2023-12-11T17:43:17.711 INFO:teuthology.orchestra.run.smithi022.stdout:/usr/bin/ceph: stdout }
2023-12-11T17:43:17.711 INFO:teuthology.orchestra.run.smithi022.stdout:/usr/bin/ceph: stderr
2023-12-11T17:43:09.655+0000 7f3f29a8f700 1 Processor -- start
2023-12-11T17:43:17.711 INFO:teuthology.orchestra.run.smithi022.stdout:/usr/bin/ceph: stderr
2023-12-11T17:43:09.655+0000 7f3f29a8f700 1 -- start start
2023-12-11T17:43:17.711 INFO:teuthology.orchestra.run.smithi022.stdout:/usr/bin/ceph: stderr
2023-12-11T17:43:09.656+0000 7f3f29a8f700 1 --2- >> [v2:172.21.15.22:3300/0,v1:172.21.15.22:6789/0] conn(0x7f3f2407ce60 0x7f3f2407b2c0 unknown :-1 s=NONE pgs=0 cs=0 l=0 rev1=0 crypto rx=0 tx=0 comp rx=0 tx=0).connect
2023-12-11T17:43:17.711 INFO:teuthology.orchestra.run.smithi022.stdout:/usr/bin/ceph: stderr
2023-12-11T17:43:09.656+0000 7f3f29a8f700 1 -- --> [v2:172.21.15.22:3300/0,v1:172.21.15.22:6789/0] -- mon_getmap magic: 0 v1 -- 0x7f3f2407b890 con 0x7f3f2407ce60
2023-12-11T17:43:17.711 INFO:teuthology.orchestra.run.smithi022.stdout:/usr/bin/ceph: stderr
2023-12-11T17:43:09.656+0000 7f3f237fe700 1 --2- >> [v2:172.21.15.22:3300/0,v1:172.21.15.22:6789/0] conn(0x7f3f2407ce60 0x7f3f2407b2c0 unknown :-1 s=BANNER_CONNECTING pgs=0 cs=0 l=0 rev1=0 crypto rx=0 tx=0 comp rx=0 tx=0)._handle_peer_banner_payload supported=3 required=0
2023-12-11T17:43:17.711 INFO:teuthology.orchestra.run.smithi022.stdout:/usr/bin/ceph: stderr
2023-12-11T17:43:09.656+0000 7f3f237fe700 1 --2- >> [v2:172.21.15.22:3300/0,v1:172.21.15.22:6789/0] conn(0x7f3f2407ce60 0x7f3f2407b2c0 unknown :-1 s=HELLO_CONNECTING pgs=0 cs=0 l=0 rev1=1 crypto rx=0 tx=0 comp rx=0 tx=0).handle_hello peer v2:172.21.15.22:3300/0 says I am v2:172.21.15.22:48838/0 (socket says 172.21.15.22:48838)
2023-12-11T17:43:17.711 INFO:teuthology.orchestra.run.smithi022.stdout:/usr/bin/ceph: stderr
2023-12-11T17:43:09.656+0000 7f3f237fe700 1 -- 172.21.15.22:0/648667885 learned_addr learned my addr 172.21.15.22:0/648667885 (peer_addr_for_me v2:172.21.15.22:0/0)
2023-12-11T17:43:17.711 INFO:teuthology.orchestra.run.smithi022.stdout:/usr/bin/ceph: stderr
2023-12-11T17:43:09.656+0000 7f3f237fe700 1 -- 172.21.15.22:0/648667885 --> [v2:172.21.15.22:3300/0,v1:172.21.15.22:6789/0] -- mon_subscribe({config=0+,monmap=0+}) v3 -- 0x7f3f2407b9d0 con 0x7f3f2407ce60
2023-12-11T17:43:17.711 INFO:teuthology.orchestra.run.smithi022.stdout:/usr/bin/ceph: stderr
2023-12-11T17:43:09.657+0000 7f3f237fe700 1 --2- 172.21.15.22:0/648667885 >> [v2:172.21.15.22:3300/0,v1:172.21.15.22:6789/0] conn(0x7f3f2407ce60 0x7f3f2407b2c0 secure :-1 s=READY pgs=26 cs=0 l=1 rev1=1 crypto rx=0x7f3f140098a0 tx=0x7f3f14009bb0 comp rx=0 tx=0).ready entity=mon.0 client_cookie=8eefac78768be27e server_cookie=0 in_seq=0 out_seq=0
2023-12-11T17:43:17.711 INFO:teuthology.orchestra.run.smithi022.stdout:/usr/bin/ceph: stderr
2023-12-11T17:43:09.657+0000 7f3f227fc700 1 -- 172.21.15.22:0/648667885 <== mon.0 v2:172.21.15.22:3300/0 1 ==== mon_map magic: 0 v1 ==== 205+0+0 (secure 0 0 0) 0x7f3f14004160 con 0x7f3f2407ce60
2023-12-11T17:43:17.712 INFO:teuthology.orchestra.run.smithi022.stdout:/usr/bin/ceph: stderr
2023-12-11T17:43:09.657+0000 7f3f227fc700 1 -- 172.21.15.22:0/648667885 <== mon.0 v2:172.21.15.22:3300/0 2 ==== config(26 keys) v1 ==== 1074+0+0 (secure 0 0 0) 0x7f3f140042c0 con 0x7f3f2407ce60
2023-12-11T17:43:17.712 INFO:teuthology.orchestra.run.smithi022.stdout:/usr/bin/ceph: stderr
2023-12-11T17:43:09.657+0000 7f3f227fc700 1 -- 172.21.15.22:0/648667885 <== mon.0 v2:172.21.15.22:3300/0 3 ==== mon_map magic: 0 v1 ==== 205+0+0 (secure 0 0 0) 0x7f3f14011a00 con 0x7f3f2407ce60
2023-12-11T17:43:17.712 INFO:teuthology.orchestra.run.smithi022.stdout:/usr/bin/ceph: stderr
2023-12-11T17:43:09.658+0000 7f3f29a8f700 1 -- 172.21.15.22:0/648667885 >> [v2:172.21.15.22:3300/0,v1:172.21.15.22:6789/0] conn(0x7f3f2407ce60 msgr2=0x7f3f2407b2c0 secure :-1 s=STATE_CONNECTION_ESTABLISHED l=1).mark_down
2023-12-11T17:43:17.712 INFO:teuthology.orchestra.run.smithi022.stdout:/usr/bin/ceph: stderr
2023-12-11T17:43:09.658+0000 7f3f29a8f700 1 --2- 172.21.15.22:0/648667885 >> [v2:172.21.15.22:3300/0,v1:172.21.15.22:6789/0] conn(0x7f3f2407ce60 0x7f3f2407b2c0 secure :-1 s=READY pgs=26 cs=0 l=1 rev1=1 crypto rx=0x7f3f140098a0 tx=0x7f3f14009bb0 comp rx=0 tx=0).stop
2023-12-11T17:43:17.712 INFO:teuthology.orchestra.run.smithi022.stdout:/usr/bin/ceph: stderr
2023-12-11T17:43:09.658+0000 7f3f29a8f700 1 -- 172.21.15.22:0/648667885 shutdown_connections
2023-12-11T17:43:17.712 INFO:teuthology.orchestra.run.smithi022.stdout:/usr/bin/ceph: stderr
2023-12-11T17:43:09.658+0000 7f3f29a8f700 1 --2- 172.21.15.22:0/648667885 >> [v2:172.21.15.22:3300/0,v1:172.21.15.22:6789/0] conn(0x7f3f2407ce60 0x7f3f2407b2c0 unknown :-1 s=CLOSED pgs=26 cs=0 l=1 rev1=1 crypto rx=0 tx=0 comp rx=0 tx=0).stop
2023-12-11T17:43:17.712 INFO:teuthology.orchestra.run.smithi022.stdout:/usr/bin/ceph: stderr
2023-12-11T17:43:09.658+0000 7f3f29a8f700 1 -- 172.21.15.22:0/648667885 >> 172.21.15.22:0/648667885 conn(0x7f3f241022f0 msgr2=0x7f3f24104770 unknown :-1 s=STATE_NONE l=0).mark_down
2023-12-11T17:43:17.712 INFO:teuthology.orchestra.run.smithi022.stdout:/usr/bin/ceph: stderr
2023-12-11T17:43:09.658+0000 7f3f29a8f700 1 -- 172.21.15.22:0/648667885 shutdown_connections
2023-12-11T17:43:17.712 INFO:teuthology.orchestra.run.smithi022.stdout:/usr/bin/ceph: stderr
2023-12-11T17:43:09.658+0000 7f3f29a8f700 1 -- 172.21.15.22:0/648667885 wait complete.
2023-12-11T17:43:17.712 INFO:teuthology.orchestra.run.smithi022.stdout:/usr/bin/ceph: stderr
2023-12-11T17:43:09.659+0000 7f3f29a8f700 1 Processor -- start
2023-12-11T17:43:17.712 INFO:teuthology.orchestra.run.smithi022.stdout:/usr/bin/ceph: stderr
2023-12-11T17:43:09.659+0000 7f3f29a8f700 1 -- start start
2023-12-11T17:43:17.712 INFO:teuthology.orchestra.run.smithi022.stdout:/usr/bin/ceph: stderr
2023-12-11T17:43:09.660+0000 7f3f29a8f700 1 --2- >> [v2:172.21.15.22:3300/0,v1:172.21.15.22:6789/0] conn(0x7f3f2407ce60 0x7f3f2419cce0 unknown :-1 s=NONE pgs=0 cs=0 l=1 rev1=0 crypto rx=0 tx=0 comp rx=0 tx=0).connect
2023-12-11T17:43:17.712 INFO:teuthology.orchestra.run.smithi022.stdout:/usr/bin/ceph: stderr
2023-12-11T17:43:09.660+0000 7f3f29a8f700 1 -- --> [v2:172.21.15.22:3300/0,v1:172.21.15.22:6789/0] -- mon_getmap magic: 0 v1 -- 0x7f3f2419d220 con 0x7f3f2407ce60
2023-12-11T17:43:17.712 INFO:teuthology.orchestra.run.smithi022.stdout:/usr/bin/ceph: stderr
2023-12-11T17:43:09.660+0000 7f3f237fe700 1 --2- >> [v2:172.21.15.22:3300/0,v1:172.21.15.22:6789/0] conn(0x7f3f2407ce60 0x7f3f2419cce0 unknown :-1 s=BANNER_CONNECTING pgs=0 cs=0 l=1 rev1=0 crypto rx=0 tx=0 comp rx=0 tx=0)._handle_peer_banner_payload supported=3 required=0
2023-12-11T17:43:17.713 INFO:teuthology.orchestra.run.smithi022.stdout:/usr/bin/ceph: stderr
2023-12-11T17:43:09.660+0000 7f3f237fe700 1 --2- >> [v2:172.21.15.22:3300/0,v1:172.21.15.22:6789/0] conn(0x7f3f2407ce60 0x7f3f2419cce0 unknown :-1 s=HELLO_CONNECTING pgs=0 cs=0 l=1 rev1=1 crypto rx=0 tx=0 comp rx=0 tx=0).handle_hello peer v2:172.21.15.22:3300/0 says I am v2:172.21.15.22:48844/0 (socket says 172.21.15.22:48844)
2023-12-11T17:43:17.713 INFO:teuthology.orchestra.run.smithi022.stdout:/usr/bin/ceph: stderr
2023-12-11T17:43:09.660+0000 7f3f237fe700 1 -- 172.21.15.22:0/1427048527 learned_addr learned my addr 172.21.15.22:0/1427048527 (peer_addr_for_me v2:172.21.15.22:0/0)
2023-12-11T17:43:17.713 INFO:teuthology.orchestra.run.smithi022.stdout:/usr/bin/ceph: stderr
2023-12-11T17:43:09.660+0000 7f3f237fe700 1 -- 172.21.15.22:0/1427048527 --> [v2:172.21.15.22:3300/0,v1:172.21.15.22:6789/0] -- mon_subscribe({config=0+,monmap=0+}) v3 -- 0x7f3f14009550 con 0x7f3f2407ce60
2023-12-11T17:43:17.713 INFO:teuthology.orchestra.run.smithi022.stdout:/usr/bin/ceph: stderr
2023-12-11T17:43:09.661+0000 7f3f237fe700 1 --2- 172.21.15.22:0/1427048527 >> [v2:172.21.15.22:3300/0,v1:172.21.15.22:6789/0] conn(0x7f3f2407ce60 0x7f3f2419cce0 secure :-1 s=READY pgs=27 cs=0 l=1 rev1=1 crypto rx=0x7f3f14009130 tx=0x7f3f14011ad0 comp rx=0 tx=0).ready entity=mon.0 client_cookie=0 server_cookie=0 in_seq=0 out_seq=0
2023-12-11T17:43:17.713 INFO:teuthology.orchestra.run.smithi022.stdout:/usr/bin/ceph: stderr
2023-12-11T17:43:09.661+0000 7f3f20ff9700 1 -- 172.21.15.22:0/1427048527 <== mon.0 v2:172.21.15.22:3300/0 1 ==== mon_map magic: 0 v1 ==== 205+0+0 (secure 0 0 0) 0x7f3f14003ab0 con 0x7f3f2407ce60
2023-12-11T17:43:17.713 INFO:teuthology.orchestra.run.smithi022.stdout:/usr/bin/ceph: stderr
2023-12-11T17:43:09.661+0000 7f3f20ff9700 1 -- 172.21.15.22:0/1427048527 <== mon.0 v2:172.21.15.22:3300/0 2 ==== config(26 keys) v1 ==== 1074+0+0 (secure 0 0 0) 0x7f3f14003c10 con 0x7f3f2407ce60
2023-12-11T17:43:17.713 INFO:teuthology.orchestra.run.smithi022.stdout:/usr/bin/ceph: stderr
2023-12-11T17:43:09.661+0000 7f3f20ff9700 1 -- 172.21.15.22:0/1427048527 <== mon.0 v2:172.21.15.22:3300/0 3 ==== mon_map magic: 0 v1 ==== 205+0+0 (secure 0 0 0) 0x7f3f140247d0 con 0x7f3f2407ce60
2023-12-11T17:43:17.713 INFO:teuthology.orchestra.run.smithi022.stdout:/usr/bin/ceph: stderr
2023-12-11T17:43:09.661+0000 7f3f29a8f700 1 -- 172.21.15.22:0/1427048527 --> [v2:172.21.15.22:3300/0,v1:172.21.15.22:6789/0] -- mon_subscribe({mgrmap=0+}) v3 -- 0x7f3f2419d420 con 0x7f3f2407ce60
2023-12-11T17:43:17.713 INFO:teuthology.orchestra.run.smithi022.stdout:/usr/bin/ceph: stderr
2023-12-11T17:43:09.661+0000 7f3f29a8f700 1 -- 172.21.15.22:0/1427048527 --> [v2:172.21.15.22:3300/0,v1:172.21.15.22:6789/0] -- mon_subscribe({osdmap=0}) v3 -- 0x7f3f2419d8c0 con 0x7f3f2407ce60
2023-12-11T17:43:17.713 INFO:teuthology.orchestra.run.smithi022.stdout:/usr/bin/ceph: stderr
2023-12-11T17:43:09.662+0000 7f3f20ff9700 1 -- 172.21.15.22:0/1427048527 <== mon.0 v2:172.21.15.22:3300/0 4 ==== mgrmap(e 5) v1 ==== 45580+0+0 (secure 0 0 0) 0x7f3f1402d3f0 con 0x7f3f2407ce60
2023-12-11T17:43:17.713 INFO:teuthology.orchestra.run.smithi022.stdout:/usr/bin/ceph: stderr
2023-12-11T17:43:09.663+0000 7f3f20ff9700 1 --2- 172.21.15.22:0/1427048527 >> [v2:172.21.15.22:6800/3990844911,v1:172.21.15.22:6801/3990844911] conn(0x7f3f0c038870 0x7f3f0c03ad30 unknown :-1 s=NONE pgs=0 cs=0 l=1 rev1=0 crypto rx=0 tx=0 comp rx=0 tx=0).connect
2023-12-11T17:43:17.713 INFO:teuthology.orchestra.run.smithi022.stdout:/usr/bin/ceph: stderr
2023-12-11T17:43:09.663+0000 7f3f29a8f700 1 -- 172.21.15.22:0/1427048527 --> [v2:172.21.15.22:6800/3990844911,v1:172.21.15.22:6801/3990844911] -- command(tid 0: {"prefix": "get_command_descriptions"}) v1 -- 0x7f3f2410d160 con 0x7f3f0c038870
2023-12-11T17:43:17.713 INFO:teuthology.orchestra.run.smithi022.stdout:/usr/bin/ceph: stderr
2023-12-11T17:43:09.663+0000 7f3f20ff9700 1 -- 172.21.15.22:0/1427048527 <== mon.0 v2:172.21.15.22:3300/0 5 ==== osd_map(1..1 src has 1..1) v4 ==== 725+0+0 (secure 0 0 0) 0x7f3f1404c5b0 con 0x7f3f2407ce60
2023-12-11T17:43:17.713 INFO:teuthology.orchestra.run.smithi022.stdout:/usr/bin/ceph: stderr
2023-12-11T17:43:09.663+0000 7f3f22ffd700 1 -- 172.21.15.22:0/1427048527 >> [v2:172.21.15.22:6800/3990844911,v1:172.21.15.22:6801/3990844911] conn(0x7f3f0c038870 msgr2=0x7f3f0c03ad30 unknown :-1 s=STATE_CONNECTING_RE l=1).process reconnect failed to v2:172.21.15.22:6800/3990844911
2023-12-11T17:43:17.714 INFO:teuthology.orchestra.run.smithi022.stdout:/usr/bin/ceph: stderr
2023-12-11T17:43:09.663+0000 7f3f22ffd700 1 --2- 172.21.15.22:0/1427048527 >> [v2:172.21.15.22:6800/3990844911,v1:172.21.15.22:6801/3990844911] conn(0x7f3f0c038870 0x7f3f0c03ad30 unknown :-1 s=START_CONNECT pgs=0 cs=0 l=1 rev1=0 crypto rx=0 tx=0 comp rx=0 tx=0)._fault waiting 0.200000
2023-12-11T17:43:17.714 INFO:teuthology.orchestra.run.smithi022.stdout:/usr/bin/ceph: stderr
2023-12-11T17:43:09.864+0000 7f3f22ffd700 1 -- 172.21.15.22:0/1427048527 >> [v2:172.21.15.22:6800/3990844911,v1:172.21.15.22:6801/3990844911] conn(0x7f3f0c038870 msgr2=0x7f3f0c03ad30 unknown :-1 s=STATE_CONNECTING_RE l=1).process reconnect failed to v2:172.21.15.22:6800/3990844911
2023-12-11T17:43:17.714 INFO:teuthology.orchestra.run.smithi022.stdout:/usr/bin/ceph: stderr
2023-12-11T17:43:09.864+0000 7f3f22ffd700 1 --2- 172.21.15.22:0/1427048527 >> [v2:172.21.15.22:6800/3990844911,v1:172.21.15.22:6801/3990844911] conn(0x7f3f0c038870 0x7f3f0c03ad30 unknown :-1 s=START_CONNECT pgs=0 cs=0 l=1 rev1=0 crypto rx=0 tx=0 comp rx=0 tx=0)._fault waiting 0.400000
2023-12-11T17:43:17.714 INFO:teuthology.orchestra.run.smithi022.stdout:/usr/bin/ceph: stderr
2023-12-11T17:43:10.265+0000 7f3f22ffd700 1 -- 172.21.15.22:0/1427048527 >> [v2:172.21.15.22:6800/3990844911,v1:172.21.15.22:6801/3990844911] conn(0x7f3f0c038870 msgr2=0x7f3f0c03ad30 unknown :-1 s=STATE_CONNECTING_RE l=1).process reconnect failed to v2:172.21.15.22:6800/3990844911
2023-12-11T17:43:17.714 INFO:teuthology.orchestra.run.smithi022.stdout:/usr/bin/ceph: stderr
2023-12-11T17:43:10.265+0000 7f3f22ffd700 1 --2- 172.21.15.22:0/1427048527 >> [v2:172.21.15.22:6800/3990844911,v1:172.21.15.22:6801/3990844911] conn(0x7f3f0c038870 0x7f3f0c03ad30 unknown :-1 s=START_CONNECT pgs=0 cs=0 l=1 rev1=0 crypto rx=0 tx=0 comp rx=0 tx=0)._fault waiting 0.800000
2023-12-11T17:43:17.714 INFO:teuthology.orchestra.run.smithi022.stdout:/usr/bin/ceph: stderr
2023-12-11T17:43:11.066+0000 7f3f22ffd700 1 -- 172.21.15.22:0/1427048527 >> [v2:172.21.15.22:6800/3990844911,v1:172.21.15.22:6801/3990844911] conn(0x7f3f0c038870 msgr2=0x7f3f0c03ad30 unknown :-1 s=STATE_CONNECTING_RE l=1).process reconnect failed to v2:172.21.15.22:6800/3990844911
2023-12-11T17:43:17.714 INFO:teuthology.orchestra.run.smithi022.stdout:/usr/bin/ceph: stderr
2023-12-11T17:43:11.066+0000 7f3f22ffd700 1 --2- 172.21.15.22:0/1427048527 >> [v2:172.21.15.22:6800/3990844911,v1:172.21.15.22:6801/3990844911] conn(0x7f3f0c038870 0x7f3f0c03ad30 unknown :-1 s=START_CONNECT pgs=0 cs=0 l=1 rev1=0 crypto rx=0 tx=0 comp rx=0 tx=0)._fault waiting 1.600000
2023-12-11T17:43:17.714 INFO:teuthology.orchestra.run.smithi022.stdout:/usr/bin/ceph: stderr
2023-12-11T17:43:12.667+0000 7f3f22ffd700 1 -- 172.21.15.22:0/1427048527 >> [v2:172.21.15.22:6800/3990844911,v1:172.21.15.22:6801/3990844911] conn(0x7f3f0c038870 msgr2=0x7f3f0c03ad30 unknown :-1 s=STATE_CONNECTING_RE l=1).process reconnect failed to v2:172.21.15.22:6800/3990844911
2023-12-11T17:43:17.714 INFO:teuthology.orchestra.run.smithi022.stdout:/usr/bin/ceph: stderr
2023-12-11T17:43:12.667+0000 7f3f22ffd700 1 --2- 172.21.15.22:0/1427048527 >> [v2:172.21.15.22:6800/3990844911,v1:172.21.15.22:6801/3990844911] conn(0x7f3f0c038870 0x7f3f0c03ad30 unknown :-1 s=START_CONNECT pgs=0 cs=0 l=1 rev1=0 crypto rx=0 tx=0 comp rx=0 tx=0)._fault waiting 3.200000
2023-12-11T17:43:17.714 INFO:teuthology.orchestra.run.smithi022.stdout:/usr/bin/ceph: stderr
2023-12-11T17:43:15.870+0000 7f3f22ffd700 1 -- 172.21.15.22:0/1427048527 >> [v2:172.21.15.22:6800/3990844911,v1:172.21.15.22:6801/3990844911] conn(0x7f3f0c038870 msgr2=0x7f3f0c03ad30 unknown :-1 s=STATE_CONNECTING_RE l=1).process reconnect failed to v2:172.21.15.22:6800/3990844911
2023-12-11T17:43:17.714 INFO:teuthology.orchestra.run.smithi022.stdout:/usr/bin/ceph: stderr
2023-12-11T17:43:15.870+0000 7f3f22ffd700 1 --2- 172.21.15.22:0/1427048527 >> [v2:172.21.15.22:6800/3990844911,v1:172.21.15.22:6801/3990844911] conn(0x7f3f0c038870 0x7f3f0c03ad30 unknown :-1 s=START_CONNECT pgs=0 cs=0 l=1 rev1=0 crypto rx=0 tx=0 comp rx=0 tx=0)._fault waiting 6.400000
2023-12-11T17:43:17.714 INFO:teuthology.orchestra.run.smithi022.stdout:/usr/bin/ceph: stderr
2023-12-11T17:43:16.176+0000 7f3f20ff9700 1 -- 172.21.15.22:0/1427048527 <== mon.0 v2:172.21.15.22:3300/0 6 ==== mgrmap(e 6) v1 ==== 45347+0+0 (secure 0 0 0) 0x7f3f14019460 con 0x7f3f2407ce60
2023-12-11T17:43:17.714 INFO:teuthology.orchestra.run.smithi022.stdout:/usr/bin/ceph: stderr
2023-12-11T17:43:16.176+0000 7f3f20ff9700 1 -- 172.21.15.22:0/1427048527 >> [v2:172.21.15.22:6800/3990844911,v1:172.21.15.22:6801/3990844911] conn(0x7f3f0c038870 msgr2=0x7f3f0c03ad30 unknown :-1 s=STATE_CONNECTING l=1).mark_down
2023-12-11T17:43:17.714 INFO:teuthology.orchestra.run.smithi022.stdout:/usr/bin/ceph: stderr
2023-12-11T17:43:16.176+0000 7f3f20ff9700 1 --2- 172.21.15.22:0/1427048527 >> [v2:172.21.15.22:6800/3990844911,v1:172.21.15.22:6801/3990844911] conn(0x7f3f0c038870 0x7f3f0c03ad30 unknown :-1 s=START_CONNECT pgs=0 cs=0 l=1 rev1=0 crypto rx=0 tx=0 comp rx=0 tx=0).stop
2023-12-11T17:43:17.715 INFO:teuthology.orchestra.run.smithi022.stdout:/usr/bin/ceph: stderr
2023-12-11T17:43:17.178+0000 7f3f20ff9700 1 -- 172.21.15.22:0/1427048527 <== mon.0 v2:172.21.15.22:3300/0 7 ==== mgrmap(e 7) v1 ==== 45474+0+0 (secure 0 0 0) 0x7f3f14018c00 con 0x7f3f2407ce60
2023-12-11T17:43:17.715 INFO:teuthology.orchestra.run.smithi022.stdout:/usr/bin/ceph: stderr
2023-12-11T17:43:17.178+0000 7f3f20ff9700 1 --2- 172.21.15.22:0/1427048527 >> [v2:172.21.15.22:6800/3431164787,v1:172.21.15.22:6801/3431164787] conn(0x7f3f0c03bfd0 0x7f3f0c03e3c0 unknown :-1 s=NONE pgs=0 cs=0 l=1 rev1=0 crypto rx=0 tx=0 comp rx=0 tx=0).connect
2023-12-11T17:43:17.715 INFO:teuthology.orchestra.run.smithi022.stdout:/usr/bin/ceph: stderr
2023-12-11T17:43:17.178+0000 7f3f20ff9700 1 -- 172.21.15.22:0/1427048527 --> [v2:172.21.15.22:6800/3431164787,v1:172.21.15.22:6801/3431164787] -- command(tid 0: {"prefix": "get_command_descriptions"}) v1 -- 0x7f3f2410d160 con 0x7f3f0c03bfd0
2023-12-11T17:43:17.715 INFO:teuthology.orchestra.run.smithi022.stdout:/usr/bin/ceph: stderr
2023-12-11T17:43:17.179+0000 7f3f22ffd700 1 --2- 172.21.15.22:0/1427048527 >> [v2:172.21.15.22:6800/3431164787,v1:172.21.15.22:6801/3431164787] conn(0x7f3f0c03bfd0 0x7f3f0c03e3c0 unknown :-1 s=BANNER_CONNECTING pgs=0 cs=0 l=1 rev1=0 crypto rx=0 tx=0 comp rx=0 tx=0)._handle_peer_banner_payload supported=3 required=0
2023-12-11T17:43:17.715 INFO:teuthology.orchestra.run.smithi022.stdout:/usr/bin/ceph: stderr
2023-12-11T17:43:17.180+0000 7f3f22ffd700 1 --2- 172.21.15.22:0/1427048527 >> [v2:172.21.15.22:6800/3431164787,v1:172.21.15.22:6801/3431164787] conn(0x7f3f0c03bfd0 0x7f3f0c03e3c0 secure :-1 s=READY pgs=1 cs=0 l=1 rev1=1 crypto rx=0x7f3f18003a10 tx=0x7f3f180092b0 comp rx=0 tx=0).ready entity=mgr.14118 client_cookie=0 server_cookie=0 in_seq=0 out_seq=0
2023-12-11T17:43:17.715 INFO:teuthology.orchestra.run.smithi022.stdout:/usr/bin/ceph: stderr
2023-12-11T17:43:17.181+0000 7f3f20ff9700 1 -- 172.21.15.22:0/1427048527 <== mgr.14118 v2:172.21.15.22:6800/3431164787 1 ==== command_reply(tid 0: 0 ) v1 ==== 8+0+7774 (secure 0 0 0) 0x7f3f2410d160 con 0x7f3f0c03bfd0
2023-12-11T17:43:17.715 INFO:teuthology.orchestra.run.smithi022.stdout:/usr/bin/ceph: stderr
2023-12-11T17:43:17.188+0000 7f3f29a8f700 1 -- 172.21.15.22:0/1427048527 --> [v2:172.21.15.22:6800/3431164787,v1:172.21.15.22:6801/3431164787] -- command(tid 1: {"prefix": "mgr_status"}) v1 -- 0x7f3f2410d2d0 con 0x7f3f0c03bfd0
2023-12-11T17:43:17.715 INFO:teuthology.orchestra.run.smithi022.stdout:/usr/bin/ceph: stderr
2023-12-11T17:43:17.188+0000 7f3f20ff9700 1 -- 172.21.15.22:0/1427048527 <== mgr.14118 v2:172.21.15.22:6800/3431164787 2 ==== command_reply(tid 1: 0 ) v1 ==== 8+0+51 (secure 0 0 0) 0x7f3f2410d2d0 con 0x7f3f0c03bfd0
2023-12-11T17:43:17.715 INFO:teuthology.orchestra.run.smithi022.stdout:/usr/bin/ceph: stderr
2023-12-11T17:43:17.188+0000 7f3f29a8f700 1 -- 172.21.15.22:0/1427048527 >> [v2:172.21.15.22:6800/3431164787,v1:172.21.15.22:6801/3431164787] conn(0x7f3f0c03bfd0 msgr2=0x7f3f0c03e3c0 secure :-1 s=STATE_CONNECTION_ESTABLISHED l=1).mark_down
2023-12-11T17:43:17.715 INFO:teuthology.orchestra.run.smithi022.stdout:/usr/bin/ceph: stderr
2023-12-11T17:43:17.188+0000 7f3f29a8f700 1 --2- 172.21.15.22:0/1427048527 >> [v2:172.21.15.22:6800/3431164787,v1:172.21.15.22:6801/3431164787] conn(0x7f3f0c03bfd0 0x7f3f0c03e3c0 secure :-1 s=READY pgs=1 cs=0 l=1 rev1=1 crypto rx=0x7f3f18003a10 tx=0x7f3f180092b0 comp rx=0 tx=0).stop
2023-12-11T17:43:17.715 INFO:teuthology.orchestra.run.smithi022.stdout:/usr/bin/ceph: stderr
2023-12-11T17:43:17.188+0000 7f3f29a8f700 1 -- 172.21.15.22:0/1427048527 >> [v2:172.21.15.22:3300/0,v1:172.21.15.22:6789/0] conn(0x7f3f2407ce60 msgr2=0x7f3f2419cce0 secure :-1 s=STATE_CONNECTION_ESTABLISHED l=1).mark_down
2023-12-11T17:43:17.715 INFO:teuthology.orchestra.run.smithi022.stdout:/usr/bin/ceph: stderr
2023-12-11T17:43:17.188+0000 7f3f29a8f700 1 --2- 172.21.15.22:0/1427048527 >> [v2:172.21.15.22:3300/0,v1:172.21.15.22:6789/0] conn(0x7f3f2407ce60 0x7f3f2419cce0 secure :-1 s=READY pgs=27 cs=0 l=1 rev1=1 crypto rx=0x7f3f14009130 tx=0x7f3f14011ad0 comp rx=0 tx=0).stop
2023-12-11T17:43:17.715 INFO:teuthology.orchestra.run.smithi022.stdout:/usr/bin/ceph: stderr
2023-12-11T17:43:17.188+0000 7f3f29a8f700 1 -- 172.21.15.22:0/1427048527 shutdown_connections
2023-12-11T17:43:17.715 INFO:teuthology.orchestra.run.smithi022.stdout:/usr/bin/ceph: stderr
2023-12-11T17:43:17.188+0000 7f3f29a8f700 1 --2- 172.21.15.22:0/1427048527 >> [v2:172.21.15.22:6800/3431164787,v1:172.21.15.22:6801/3431164787] conn(0x7f3f0c03bfd0 0x7f3f0c03e3c0 unknown :-1 s=CLOSED pgs=1 cs=0 l=1 rev1=1 crypto rx=0 tx=0 comp rx=0 tx=0).stop
2023-12-11T17:43:17.716 INFO:teuthology.orchestra.run.smithi022.stdout:/usr/bin/ceph: stderr
2023-12-11T17:43:17.188+0000 7f3f29a8f700 1 --2- 172.21.15.22:0/1427048527 >> [v2:172.21.15.22:3300/0,v1:172.21.15.22:6789/0] conn(0x7f3f2407ce60 0x7f3f2419cce0 unknown :-1 s=CLOSED pgs=27 cs=0 l=1 rev1=1 crypto rx=0 tx=0 comp rx=0 tx=0).stop
2023-12-11T17:43:17.716 INFO:teuthology.orchestra.run.smithi022.stdout:/usr/bin/ceph: stderr
2023-12-11T17:43:17.188+0000 7f3f29a8f700 1 --2- 172.21.15.22:0/1427048527 >> [v2:172.21.15.22:6800/3990844911,v1:172.21.15.22:6801/3990844911] conn(0x7f3f0c038870 0x7f3f0c03ad30 unknown :-1 s=CLOSED pgs=0 cs=0 l=1 rev1=0 crypto rx=0 tx=0 comp rx=0 tx=0).stop
2023-12-11T17:43:17.716 INFO:teuthology.orchestra.run.smithi022.stdout:/usr/bin/ceph: stderr
2023-12-11T17:43:17.188+0000 7f3f29a8f700 1 -- 172.21.15.22:0/1427048527 >> 172.21.15.22:0/1427048527 conn(0x7f3f241022f0 msgr2=0x7f3f24102f10 unknown :-1 s=STATE_NONE l=0).mark_down
2023-12-11T17:43:17.716 INFO:teuthology.orchestra.run.smithi022.stdout:/usr/bin/ceph: stderr
2023-12-11T17:43:17.189+0000 7f3f29a8f700 1 -- 172.21.15.22:0/1427048527 shutdown_connections
2023-12-11T17:43:17.716 INFO:teuthology.orchestra.run.smithi022.stdout:/usr/bin/ceph: stderr
2023-12-11T17:43:17.189+0000 7f3f29a8f700 1 -- 172.21.15.22:0/1427048527 wait complete.
