2023-12-11T17:43:34.007+0000 7fdb38ff9700 1 --2- 172.21.15.22:0/2516587957 >> [v2:172.21.15.22:3300/0,v1:172.21.15.22:6789/0] conn(0x7fdb44106dc0 0x7fdb4419cd80 unknown :-1 s=CLOSED pgs=52 cs=0 l=1 rev1=1 crypto rx=0 tx=0 comp rx=0 tx=0).stop
2023-12-11T17:43:34.705 INFO:teuthology.orchestra.run.smithi022.stdout:/usr/bin/ceph: stderr
2023-12-11T17:43:34.007+0000 7fdb38ff9700 1 -- 172.21.15.22:0/2516587957 >> 172.21.15.22:0/2516587957 conn(0x7fdb44102380 msgr2=0x7fdb44102e80 unknown :-1 s=STATE_NONE l=0).mark_down
2023-12-11T17:43:34.705 INFO:teuthology.orchestra.run.smithi022.stdout:/usr/bin/ceph: stderr
2023-12-11T17:43:34.008+0000 7fdb38ff9700 1 -- 172.21.15.22:0/2516587957 shutdown_connections
2023-12-11T17:43:34.705 INFO:teuthology.orchestra.run.smithi022.stdout:/usr/bin/ceph: stderr
2023-12-11T17:43:34.008+0000 7fdb38ff9700 1 -- 172.21.15.22:0/2516587957 wait complete.
2023-12-11T17:43:34.705 INFO:teuthology.orchestra.run.smithi022.stdout:Enabling the dashboard module...
2023-12-11T17:43:35.376 INFO:journalctl@ceph.mon.a.smithi022.stdout:Dec 11 17:43:35 smithi022 ceph-mon[98058]: from='client.? 172.21.15.22:0/2516587957' entity='client.admin'
2023-12-11T17:43:35.376 INFO:journalctl@ceph.mon.a.smithi022.stdout:Dec 11 17:43:35 smithi022 ceph-mon[98058]: from='mgr.14118 172.21.15.22:0/5700305' entity='mgr.x'
2023-12-11T17:43:36.329 INFO:journalctl@ceph.mon.a.smithi022.stdout:Dec 11 17:43:36 smithi022 ceph-mon[98058]: from='client.? 172.21.15.22:0/2556507382' entity='client.admin' cmd=[{"prefix": "mgr module enable", "module": "dashboard"}]: dispatch
2023-12-11T17:43:36.329 INFO:journalctl@ceph.mgr.x.smithi022.stdout:Dec 11 17:43:36 smithi022 ceph-8e840bc6-984c-11ee-95a3-87774f69a715-mgr-x[98305]: ignoring --setuser ceph since I am not root
2023-12-11T17:43:36.329 INFO:journalctl@ceph.mgr.x.smithi022.stdout:Dec 11 17:43:36 smithi022 ceph-8e840bc6-984c-11ee-95a3-87774f69a715-mgr-x[98305]: ignoring --setgroup ceph since I am not root
2023-12-11T17:43:36.544 INFO:teuthology.orchestra.run.smithi022.stdout:/usr/bin/ceph: stderr
2023-12-11T17:43:35.327+0000 7fe4208e2700 1 Processor -- start
2023-12-11T17:43:36.544 INFO:teuthology.orchestra.run.smithi022.stdout:/usr/bin/ceph: stderr
2023-12-11T17:43:35.328+0000 7fe4208e2700 1 -- start start
2023-12-11T17:43:36.544 INFO:teuthology.orchestra.run.smithi022.stdout:/usr/bin/ceph: stderr
2023-12-11T17:43:35.328+0000 7fe4208e2700 1 --2- >> [v2:172.21.15.22:3300/0,v1:172.21.15.22:6789/0] conn(0x7fe41c106de0 0x7fe41c107200 unknown :-1 s=NONE pgs=0 cs=0 l=0 rev1=0 crypto rx=0 tx=0 comp rx=0 tx=0).connect
2023-12-11T17:43:36.544 INFO:teuthology.orchestra.run.smithi022.stdout:/usr/bin/ceph: stderr
2023-12-11T17:43:35.328+0000 7fe4208e2700 1 -- --> [v2:172.21.15.22:3300/0,v1:172.21.15.22:6789/0] -- mon_getmap magic: 0 v1 -- 0x7fe41c1077d0 con 0x7fe41c106de0
2023-12-11T17:43:36.544 INFO:teuthology.orchestra.run.smithi022.stdout:/usr/bin/ceph: stderr
2023-12-11T17:43:35.328+0000 7fe41a59c700 1 --2- >> [v2:172.21.15.22:3300/0,v1:172.21.15.22:6789/0] conn(0x7fe41c106de0 0x7fe41c107200 unknown :-1 s=BANNER_CONNECTING pgs=0 cs=0 l=0 rev1=0 crypto rx=0 tx=0 comp rx=0 tx=0)._handle_peer_banner_payload supported=3 required=0
2023-12-11T17:43:36.544 INFO:teuthology.orchestra.run.smithi022.stdout:/usr/bin/ceph: stderr
2023-12-11T17:43:35.328+0000 7fe41a59c700 1 --2- >> [v2:172.21.15.22:3300/0,v1:172.21.15.22:6789/0] conn(0x7fe41c106de0 0x7fe41c107200 unknown :-1 s=HELLO_CONNECTING pgs=0 cs=0 l=0 rev1=1 crypto rx=0 tx=0 comp rx=0 tx=0).handle_hello peer v2:172.21.15.22:3300/0 says I am v2:172.21.15.22:36228/0 (socket says 172.21.15.22:36228)
2023-12-11T17:43:36.544 INFO:teuthology.orchestra.run.smithi022.stdout:/usr/bin/ceph: stderr
2023-12-11T17:43:35.328+0000 7fe41a59c700 1 -- 172.21.15.22:0/3623056049 learned_addr learned my addr 172.21.15.22:0/3623056049 (peer_addr_for_me v2:172.21.15.22:0/0)
2023-12-11T17:43:36.544 INFO:teuthology.orchestra.run.smithi022.stdout:/usr/bin/ceph: stderr
2023-12-11T17:43:35.329+0000 7fe41a59c700 1 -- 172.21.15.22:0/3623056049 --> [v2:172.21.15.22:3300/0,v1:172.21.15.22:6789/0] -- mon_subscribe({config=0+,monmap=0+}) v3 -- 0x7fe41c107fe0 con 0x7fe41c106de0
2023-12-11T17:43:36.544 INFO:teuthology.orchestra.run.smithi022.stdout:/usr/bin/ceph: stderr
2023-12-11T17:43:35.329+0000 7fe41a59c700 1 --2- 172.21.15.22:0/3623056049 >> [v2:172.21.15.22:3300/0,v1:172.21.15.22:6789/0] conn(0x7fe41c106de0 0x7fe41c107200 secure :-1 s=READY pgs=53 cs=0 l=1 rev1=1 crypto rx=0x7fe40c0098a0 tx=0x7fe40c009bb0 comp rx=0 tx=0).ready entity=mon.0 client_cookie=efbe43e1a9bfcbbc server_cookie=0 in_seq=0 out_seq=0
2023-12-11T17:43:36.544 INFO:teuthology.orchestra.run.smithi022.stdout:/usr/bin/ceph: stderr
2023-12-11T17:43:35.329+0000 7fe41959a700 1 -- 172.21.15.22:0/3623056049 <== mon.0 v2:172.21.15.22:3300/0 1 ==== mon_map magic: 0 v1 ==== 205+0+0 (secure 0 0 0) 0x7fe40c004160 con 0x7fe41c106de0
2023-12-11T17:43:36.544 INFO:teuthology.orchestra.run.smithi022.stdout:/usr/bin/ceph: stderr
2023-12-11T17:43:35.329+0000 7fe41959a700 1 -- 172.21.15.22:0/3623056049 <== mon.0 v2:172.21.15.22:3300/0 2 ==== config(26 keys) v1 ==== 1105+0+0 (secure 0 0 0) 0x7fe40c0042c0 con 0x7fe41c106de0
2023-12-11T17:43:36.544 INFO:teuthology.orchestra.run.smithi022.stdout:/usr/bin/ceph: stderr
2023-12-11T17:43:35.329+0000 7fe41959a700 1 -- 172.21.15.22:0/3623056049 <== mon.0 v2:172.21.15.22:3300/0 3 ==== mon_map magic: 0 v1 ==== 205+0+0 (secure 0 0 0) 0x7fe40c0119b0 con 0x7fe41c106de0
2023-12-11T17:43:36.545 INFO:teuthology.orchestra.run.smithi022.stdout:/usr/bin/ceph: stderr
2023-12-11T17:43:35.330+0000 7fe4208e2700 1 -- 172.21.15.22:0/3623056049 >> [v2:172.21.15.22:3300/0,v1:172.21.15.22:6789/0] conn(0x7fe41c106de0 msgr2=0x7fe41c107200 secure :-1 s=STATE_CONNECTION_ESTABLISHED l=1).mark_down
2023-12-11T17:43:36.545 INFO:teuthology.orchestra.run.smithi022.stdout:/usr/bin/ceph: stderr
2023-12-11T17:43:35.330+0000 7fe4208e2700 1 --2- 172.21.15.22:0/3623056049 >> [v2:172.21.15.22:3300/0,v1:172.21.15.22:6789/0] conn(0x7fe41c106de0 0x7fe41c107200 secure :-1 s=READY pgs=53 cs=0 l=1 rev1=1 crypto rx=0x7fe40c0098a0 tx=0x7fe40c009bb0 comp rx=0 tx=0).stop
2023-12-11T17:43:36.545 INFO:teuthology.orchestra.run.smithi022.stdout:/usr/bin/ceph: stderr
2023-12-11T17:43:35.330+0000 7fe4208e2700 1 -- 172.21.15.22:0/3623056049 shutdown_connections
2023-12-11T17:43:36.545 INFO:teuthology.orchestra.run.smithi022.stdout:/usr/bin/ceph: stderr
2023-12-11T17:43:35.330+0000 7fe4208e2700 1 --2- 172.21.15.22:0/3623056049 >> [v2:172.21.15.22:3300/0,v1:172.21.15.22:6789/0] conn(0x7fe41c106de0 0x7fe41c107200 unknown :-1 s=CLOSED pgs=53 cs=0 l=1 rev1=1 crypto rx=0 tx=0 comp rx=0 tx=0).stop
2023-12-11T17:43:36.545 INFO:teuthology.orchestra.run.smithi022.stdout:/usr/bin/ceph: stderr
2023-12-11T17:43:35.330+0000 7fe4208e2700 1 -- 172.21.15.22:0/3623056049 >> 172.21.15.22:0/3623056049 conn(0x7fe41c102380 msgr2=0x7fe41c1047c0 unknown :-1 s=STATE_NONE l=0).mark_down
2023-12-11T17:43:36.545 INFO:teuthology.orchestra.run.smithi022.stdout:/usr/bin/ceph: stderr
2023-12-11T17:43:35.330+0000 7fe4208e2700 1 -- 172.21.15.22:0/3623056049 shutdown_connections
2023-12-11T17:43:36.545 INFO:teuthology.orchestra.run.smithi022.stdout:/usr/bin/ceph: stderr
2023-12-11T17:43:35.330+0000 7fe4208e2700 1 -- 172.21.15.22:0/3623056049 wait complete.
2023-12-11T17:43:36.545 INFO:teuthology.orchestra.run.smithi022.stdout:/usr/bin/ceph: stderr
2023-12-11T17:43:35.331+0000 7fe4208e2700 1 Processor -- start
2023-12-11T17:43:36.545 INFO:teuthology.orchestra.run.smithi022.stdout:/usr/bin/ceph: stderr
2023-12-11T17:43:35.331+0000 7fe4208e2700 1 -- start start
2023-12-11T17:43:36.545 INFO:teuthology.orchestra.run.smithi022.stdout:/usr/bin/ceph: stderr
2023-12-11T17:43:35.332+0000 7fe4208e2700 1 --2- >> [v2:172.21.15.22:3300/0,v1:172.21.15.22:6789/0] conn(0x7fe41c106de0 0x7fe41c19cd70 unknown :-1 s=NONE pgs=0 cs=0 l=1 rev1=0 crypto rx=0 tx=0 comp rx=0 tx=0).connect
2023-12-11T17:43:36.545 INFO:teuthology.orchestra.run.smithi022.stdout:/usr/bin/ceph: stderr
2023-12-11T17:43:35.332+0000 7fe4208e2700 1 -- --> [v2:172.21.15.22:3300/0,v1:172.21.15.22:6789/0] -- mon_getmap magic: 0 v1 -- 0x7fe41c19d2b0 con 0x7fe41c106de0
2023-12-11T17:43:36.545 INFO:teuthology.orchestra.run.smithi022.stdout:/usr/bin/ceph: stderr
2023-12-11T17:43:35.332+0000 7fe41a59c700 1 --2- >> [v2:172.21.15.22:3300/0,v1:172.21.15.22:6789/0] conn(0x7fe41c106de0 0x7fe41c19cd70 unknown :-1 s=BANNER_CONNECTING pgs=0 cs=0 l=1 rev1=0 crypto rx=0 tx=0 comp rx=0 tx=0)._handle_peer_banner_payload supported=3 required=0
2023-12-11T17:43:36.545 INFO:teuthology.orchestra.run.smithi022.stdout:/usr/bin/ceph: stderr
2023-12-11T17:43:35.332+0000 7fe41a59c700 1 --2- >> [v2:172.21.15.22:3300/0,v1:172.21.15.22:6789/0] conn(0x7fe41c106de0 0x7fe41c19cd70 unknown :-1 s=HELLO_CONNECTING pgs=0 cs=0 l=1 rev1=1 crypto rx=0 tx=0 comp rx=0 tx=0).handle_hello peer v2:172.21.15.22:3300/0 says I am v2:172.21.15.22:36238/0 (socket says 172.21.15.22:36238)
2023-12-11T17:43:36.546 INFO:teuthology.orchestra.run.smithi022.stdout:/usr/bin/ceph: stderr
2023-12-11T17:43:35.332+0000 7fe41a59c700 1 -- 172.21.15.22:0/2556507382 learned_addr learned my addr 172.21.15.22:0/2556507382 (peer_addr_for_me v2:172.21.15.22:0/0)
2023-12-11T17:43:36.546 INFO:teuthology.orchestra.run.smithi022.stdout:/usr/bin/ceph: stderr
2023-12-11T17:43:35.332+0000 7fe41a59c700 1 -- 172.21.15.22:0/2556507382 --> [v2:172.21.15.22:3300/0,v1:172.21.15.22:6789/0] -- mon_subscribe({config=0+,monmap=0+}) v3 -- 0x7fe40c009550 con 0x7fe41c106de0
2023-12-11T17:43:36.546 INFO:teuthology.orchestra.run.smithi022.stdout:/usr/bin/ceph: stderr
2023-12-11T17:43:35.333+0000 7fe41a59c700 1 --2- 172.21.15.22:0/2556507382 >> [v2:172.21.15.22:3300/0,v1:172.21.15.22:6789/0] conn(0x7fe41c106de0 0x7fe41c19cd70 secure :-1 s=READY pgs=54 cs=0 l=1 rev1=1 crypto rx=0x7fe40c003e60 tx=0x7fe40c011a30 comp rx=0 tx=0).ready entity=mon.0 client_cookie=0 server_cookie=0 in_seq=0 out_seq=0
2023-12-11T17:43:36.546 INFO:teuthology.orchestra.run.smithi022.stdout:/usr/bin/ceph: stderr
2023-12-11T17:43:35.333+0000 7fe40b7fe700 1 -- 172.21.15.22:0/2556507382 <== mon.0 v2:172.21.15.22:3300/0 1 ==== mon_map magic: 0 v1 ==== 205+0+0 (secure 0 0 0) 0x7fe40c003a60 con 0x7fe41c106de0
2023-12-11T17:43:36.546 INFO:teuthology.orchestra.run.smithi022.stdout:/usr/bin/ceph: stderr
2023-12-11T17:43:35.333+0000 7fe40b7fe700 1 -- 172.21.15.22:0/2556507382 <== mon.0 v2:172.21.15.22:3300/0 2 ==== config(26 keys) v1 ==== 1105+0+0 (secure 0 0 0) 0x7fe40c003bc0 con 0x7fe41c106de0
2023-12-11T17:43:36.546 INFO:teuthology.orchestra.run.smithi022.stdout:/usr/bin/ceph: stderr
2023-12-11T17:43:35.333+0000 7fe4208e2700 1 -- 172.21.15.22:0/2556507382 --> [v2:172.21.15.22:3300/0,v1:172.21.15.22:6789/0] -- mon_subscribe({mgrmap=0+}) v3 -- 0x7fe41c19d4b0 con 0x7fe41c106de0
2023-12-11T17:43:36.546 INFO:teuthology.orchestra.run.smithi022.stdout:/usr/bin/ceph: stderr
2023-12-11T17:43:35.333+0000 7fe40b7fe700 1 -- 172.21.15.22:0/2556507382 <== mon.0 v2:172.21.15.22:3300/0 3 ==== mon_map magic: 0 v1 ==== 205+0+0 (secure 0 0 0) 0x7fe40c0196c0 con 0x7fe41c106de0
2023-12-11T17:43:36.546 INFO:teuthology.orchestra.run.smithi022.stdout:/usr/bin/ceph: stderr
2023-12-11T17:43:35.333+0000 7fe4208e2700 1 -- 172.21.15.22:0/2556507382 --> [v2:172.21.15.22:3300/0,v1:172.21.15.22:6789/0] -- mon_subscribe({osdmap=0}) v3 -- 0x7fe41c19d950 con 0x7fe41c106de0
2023-12-11T17:43:36.546 INFO:teuthology.orchestra.run.smithi022.stdout:/usr/bin/ceph: stderr
2023-12-11T17:43:35.334+0000 7fe40b7fe700 1 -- 172.21.15.22:0/2556507382 <== mon.0 v2:172.21.15.22:3300/0 4 ==== mgrmap(e 8) v1 ==== 45580+0+0 (secure 0 0 0) 0x7fe40c019930 con 0x7fe41c106de0
2023-12-11T17:43:36.546 INFO:teuthology.orchestra.run.smithi022.stdout:/usr/bin/ceph: stderr
2023-12-11T17:43:35.334+0000 7fe4208e2700 1 -- 172.21.15.22:0/2556507382 --> [v2:172.21.15.22:3300/0,v1:172.21.15.22:6789/0] -- mon_command({"prefix": "get_command_descriptions"} v 0) v1 -- 0x7fe41c10b1d0 con 0x7fe41c106de0
2023-12-11T17:43:36.546 INFO:teuthology.orchestra.run.smithi022.stdout:/usr/bin/ceph: stderr
2023-12-11T17:43:35.335+0000 7fe40b7fe700 1 --2- 172.21.15.22:0/2556507382 >> [v2:172.21.15.22:6800/3431164787,v1:172.21.15.22:6801/3431164787] conn(0x7fe404038850 0x7fe40403ad10 unknown :-1 s=NONE pgs=0 cs=0 l=1 rev1=0 crypto rx=0 tx=0 comp rx=0 tx=0).connect
2023-12-11T17:43:36.546 INFO:teuthology.orchestra.run.smithi022.stdout:/usr/bin/ceph: stderr
2023-12-11T17:43:35.335+0000 7fe40b7fe700 1 -- 172.21.15.22:0/2556507382 <== mon.0 v2:172.21.15.22:3300/0 5 ==== osd_map(2..2 src has 1..2) v4 ==== 940+0+0 (secure 0 0 0) 0x7fe40c04cc40 con 0x7fe41c106de0
2023-12-11T17:43:36.546 INFO:teuthology.orchestra.run.smithi022.stdout:/usr/bin/ceph: stderr
2023-12-11T17:43:35.335+0000 7fe419d9b700 1 --2- 172.21.15.22:0/2556507382 >> [v2:172.21.15.22:6800/3431164787,v1:172.21.15.22:6801/3431164787] conn(0x7fe404038850 0x7fe40403ad10 unknown :-1 s=BANNER_CONNECTING pgs=0 cs=0 l=1 rev1=0 crypto rx=0 tx=0 comp rx=0 tx=0)._handle_peer_banner_payload supported=3 required=0
2023-12-11T17:43:36.546 INFO:teuthology.orchestra.run.smithi022.stdout:/usr/bin/ceph: stderr
2023-12-11T17:43:35.335+0000 7fe419d9b700 1 --2- 172.21.15.22:0/2556507382 >> [v2:172.21.15.22:6800/3431164787,v1:172.21.15.22:6801/3431164787] conn(0x7fe404038850 0x7fe40403ad10 secure :-1 s=READY pgs=16 cs=0 l=1 rev1=1 crypto rx=0x7fe410006fd0 tx=0x7fe410006e40 comp rx=0 tx=0).ready entity=mgr.14118 client_cookie=0 server_cookie=0 in_seq=0 out_seq=0
2023-12-11T17:43:36.547 INFO:teuthology.orchestra.run.smithi022.stdout:/usr/bin/ceph: stderr
2023-12-11T17:43:35.340+0000 7fe40b7fe700 1 -- 172.21.15.22:0/2556507382 <== mon.0 v2:172.21.15.22:3300/0 6 ==== mon_command_ack([{"prefix": "get_command_descriptions"}]=0 v0) v1 ==== 72+0+180949 (secure 0 0 0) 0x7fe40c010bb0 con 0x7fe41c106de0
2023-12-11T17:43:36.547 INFO:teuthology.orchestra.run.smithi022.stdout:/usr/bin/ceph: stderr
2023-12-11T17:43:35.640+0000 7fe4208e2700 1 -- 172.21.15.22:0/2556507382 --> [v2:172.21.15.22:3300/0,v1:172.21.15.22:6789/0] -- mon_command({"prefix": "mgr module enable", "module": "dashboard"} v 0) v1 -- 0x7fe41c10b440 con 0x7fe41c106de0
2023-12-11T17:43:36.547 INFO:teuthology.orchestra.run.smithi022.stdout:/usr/bin/ceph: stderr
2023-12-11T17:43:36.008+0000 7fe40b7fe700 1 -- 172.21.15.22:0/2556507382 <== mon.0 v2:172.21.15.22:3300/0 7 ==== mon_command_ack([{"prefix": "mgr module enable", "module": "dashboard"}]=0 v9) v1 ==== 88+0+0 (secure 0 0 0) 0x7fe40c010380 con 0x7fe41c106de0
2023-12-11T17:43:36.547 INFO:teuthology.orchestra.run.smithi022.stdout:/usr/bin/ceph: stderr
2023-12-11T17:43:36.010+0000 7fe40b7fe700 1 -- 172.21.15.22:0/2556507382 <== mon.0 v2:172.21.15.22:3300/0 8 ==== mgrmap(e 9) v1 ==== 45593+0+0 (secure 0 0 0) 0x7fe40c02c9b0 con 0x7fe41c106de0
2023-12-11T17:43:36.547 INFO:teuthology.orchestra.run.smithi022.stdout:/usr/bin/ceph: stderr
2023-12-11T17:43:36.011+0000 7fe4208e2700 1 -- 172.21.15.22:0/2556507382 >> [v2:172.21.15.22:6800/3431164787,v1:172.21.15.22:6801/3431164787] conn(0x7fe404038850 msgr2=0x7fe40403ad10 secure :-1 s=STATE_CONNECTION_ESTABLISHED l=1).mark_down
2023-12-11T17:43:36.547 INFO:teuthology.orchestra.run.smithi022.stdout:/usr/bin/ceph: stderr
2023-12-11T17:43:36.011+0000 7fe4208e2700 1 --2- 172.21.15.22:0/2556507382 >> [v2:172.21.15.22:6800/3431164787,v1:172.21.15.22:6801/3431164787] conn(0x7fe404038850 0x7fe40403ad10 secure :-1 s=READY pgs=16 cs=0 l=1 rev1=1 crypto rx=0x7fe410006fd0 tx=0x7fe410006e40 comp rx=0 tx=0).stop
2023-12-11T17:43:36.547 INFO:teuthology.orchestra.run.smithi022.stdout:/usr/bin/ceph: stderr
2023-12-11T17:43:36.011+0000 7fe4208e2700 1 -- 172.21.15.22:0/2556507382 >> [v2:172.21.15.22:3300/0,v1:172.21.15.22:6789/0] conn(0x7fe41c106de0 msgr2=0x7fe41c19cd70 secure :-1 s=STATE_CONNECTION_ESTABLISHED l=1).mark_down
2023-12-11T17:43:36.547 INFO:teuthology.orchestra.run.smithi022.stdout:/usr/bin/ceph: stderr
2023-12-11T17:43:36.011+0000 7fe4208e2700 1 --2- 172.21.15.22:0/2556507382 >> [v2:172.21.15.22:3300/0,v1:172.21.15.22:6789/0] conn(0x7fe41c106de0 0x7fe41c19cd70 secure :-1 s=READY pgs=54 cs=0 l=1 rev1=1 crypto rx=0x7fe40c003e60 tx=0x7fe40c011a30 comp rx=0 tx=0).stop
2023-12-11T17:43:36.547 INFO:teuthology.orchestra.run.smithi022.stdout:/usr/bin/ceph: stderr
2023-12-11T17:43:36.012+0000 7fe4208e2700 1 -- 172.21.15.22:0/2556507382 shutdown_connections
2023-12-11T17:43:36.547 INFO:teuthology.orchestra.run.smithi022.stdout:/usr/bin/ceph: stderr
2023-12-11T17:43:36.012+0000 7fe4208e2700 1 --2- 172.21.15.22:0/2556507382 >> [v2:172.21.15.22:6800/3431164787,v1:172.21.15.22:6801/3431164787] conn(0x7fe404038850 0x7fe40403ad10 unknown :-1 s=CLOSED pgs=16 cs=0 l=1 rev1=1 crypto rx=0 tx=0 comp rx=0 tx=0).stop
2023-12-11T17:43:36.547 INFO:teuthology.orchestra.run.smithi022.stdout:/usr/bin/ceph: stderr
2023-12-11T17:43:36.012+0000 7fe4208e2700 1 --2- 172.21.15.22:0/2556507382 >> [v2:172.21.15.22:3300/0,v1:172.21.15.22:6789/0] conn(0x7fe41c106de0 0x7fe41c19cd70 unknown :-1 s=CLOSED pgs=54 cs=0 l=1 rev1=1 crypto rx=0 tx=0 comp rx=0 tx=0).stop
2023-12-11T17:43:36.547 INFO:teuthology.orchestra.run.smithi022.stdout:/usr/bin/ceph: stderr
2023-12-11T17:43:36.012+0000 7fe4208e2700 1 -- 172.21.15.22:0/2556507382 >> 172.21.15.22:0/2556507382 conn(0x7fe41c102380 msgr2=0x7fe41c102e80 unknown :-1 s=STATE_NONE l=0).mark_down
2023-12-11T17:43:36.547 INFO:teuthology.orchestra.run.smithi022.stdout:/usr/bin/ceph: stderr
2023-12-11T17:43:36.012+0000 7fe4208e2700 1 -- 172.21.15.22:0/2556507382 shutdown_connections
2023-12-11T17:43:36.548 INFO:teuthology.orchestra.run.smithi022.stdout:/usr/bin/ceph: stderr
2023-12-11T17:43:36.012+0000 7fe4208e2700 1 -- 172.21.15.22:0/2556507382 wait complete.
2023-12-11T17:43:36.610 INFO:journalctl@ceph.mgr.x.smithi022.stdout:Dec 11 17:43:36 smithi022 ceph-8e840bc6-984c-11ee-95a3-87774f69a715-mgr-x[98305]:
2023-12-11T17:43:36.326+0000 7f15d3753200 -1 mgr[py] Module devicehealth has missing NOTIFY_TYPES member
2023-12-11T17:43:36.610 INFO:journalctl@ceph.mgr.x.smithi022.stdout:Dec 11 17:43:36 smithi022 ceph-8e840bc6-984c-11ee-95a3-87774f69a715-mgr-x[98305]:
2023-12-11T17:43:36.436+0000 7f15d3753200 -1 mgr[py] Module osd_support has missing NOTIFY_TYPES member
2023-12-11T17:43:36.610 INFO:journalctl@ceph.mgr.x.smithi022.stdout:Dec 11 17:43:36 smithi022 ceph-8e840bc6-984c-11ee-95a3-87774f69a715-mgr-x[98305]:
2023-12-11T17:43:36.558+0000 7f15d3753200 -1 mgr[py] Module snap_schedule has missing NOTIFY_TYPES member
2023-12-11T17:43:36.876 INFO:journalctl@ceph.mgr.x.smithi022.stdout:Dec 11 17:43:36 smithi022 ceph-8e840bc6-984c-11ee-95a3-87774f69a715-mgr-x[98305]:
2023-12-11T17:43:36.694+0000 7f15d3753200 -1 mgr[py] Module zabbix has missing NOTIFY_TYPES member
2023-12-11T17:43:37.376 INFO:journalctl@ceph.mon.a.smithi022.stdout:Dec 11 17:43:37 smithi022 ceph-mon[98058]: from='client.? 172.21.15.22:0/2556507382' entity='client.admin' cmd='[{"prefix": "mgr module enable", "module": "dashboard"}]': finished
2023-12-11T17:43:37.376 INFO:journalctl@ceph.mon.a.smithi022.stdout:Dec 11 17:43:37 smithi022 ceph-mon[98058]: mgrmap e9: x(active, since 19s)
2023-12-11T17:43:37.376 INFO:journalctl@ceph.mgr.x.smithi022.stdout:Dec 11 17:43:36 smithi022 ceph-8e840bc6-984c-11ee-95a3-87774f69a715-mgr-x[98305]:
2023-12-11T17:43:36.946+0000 7f15d3753200 -1 mgr[py] Module crash has missing NOTIFY_TYPES member
2023-12-11T17:43:37.730 INFO:journalctl@ceph.mgr.x.smithi022.stdout:Dec 11 17:43:37 smithi022 ceph-8e840bc6-984c-11ee-95a3-87774f69a715-mgr-x[98305]:
2023-12-11T17:43:37.431+0000 7f15d3753200 -1 mgr[py] Module prometheus has missing NOTIFY_TYPES member
2023-12-11T17:43:37.730 INFO:journalctl@ceph.mgr.x.smithi022.stdout:Dec 11 17:43:37 smithi022 ceph-8e840bc6-984c-11ee-95a3-87774f69a715-mgr-x[98305]:
2023-12-11T17:43:37.608+0000 7f15d3753200 -1 mgr[py] Module status has missing NOTIFY_TYPES member
2023-12-11T17:43:37.731 INFO:journalctl@ceph.mgr.x.smithi022.stdout:Dec 11 17:43:37 smithi022 ceph-8e840bc6-984c-11ee-95a3-87774f69a715-mgr-x[98305]:
2023-12-11T17:43:37.727+0000 7f15d3753200 -1 mgr[py] Module selftest has missing NOTIFY_TYPES member
2023-12-11T17:43:37.833 INFO:teuthology.orchestra.run.smithi022.stdout:/usr/bin/ceph: stdout {
2023-12-11T17:43:37.833 INFO:teuthology.orchestra.run.smithi022.stdout:/usr/bin/ceph: stdout "epoch": 9,
2023-12-11T17:43:37.833 INFO:teuthology.orchestra.run.smithi022.stdout:/usr/bin/ceph: stdout "available": true,
2023-12-11T17:43:37.834 INFO:teuthology.orchestra.run.smithi022.stdout:/usr/bin/ceph: stdout "active_name": "x",
2023-12-11T17:43:37.834 INFO:teuthology.orchestra.run.smithi022.stdout:/usr/bin/ceph: stdout "num_standby": 0
2023-12-11T17:43:37.834 INFO:teuthology.orchestra.run.smithi022.stdout:/usr/bin/ceph: stdout }
2023-12-11T17:43:37.834 INFO:teuthology.orchestra.run.smithi022.stdout:/usr/bin/ceph: stderr
2023-12-11T17:43:37.136+0000 7f9a6b789700 1 Processor -- start
2023-12-11T17:43:37.834 INFO:teuthology.orchestra.run.smithi022.stdout:/usr/bin/ceph: stderr
2023-12-11T17:43:37.137+0000 7f9a6b789700 1 -- start start
2023-12-11T17:43:37.834 INFO:teuthology.orchestra.run.smithi022.stdout:/usr/bin/ceph: stderr
2023-12-11T17:43:37.137+0000 7f9a6b789700 1 --2- >> [v2:172.21.15.22:3300/0,v1:172.21.15.22:6789/0] conn(0x7f9a64105600 0x7f9a64105a20 unknown :-1 s=NONE pgs=0 cs=0 l=0 rev1=0 crypto rx=0 tx=0 comp rx=0 tx=0).connect
2023-12-11T17:43:37.834 INFO:teuthology.orchestra.run.smithi022.stdout:/usr/bin/ceph: stderr
2023-12-11T17:43:37.137+0000 7f9a6b789700 1 -- --> [v2:172.21.15.22:3300/0,v1:172.21.15.22:6789/0] -- mon_getmap magic: 0 v1 -- 0x7f9a6407ae70 con 0x7f9a64105600
2023-12-11T17:43:37.834 INFO:teuthology.orchestra.run.smithi022.stdout:/usr/bin/ceph: stderr
2023-12-11T17:43:37.137+0000 7f9a69525700 1 --2- >> [v2:172.21.15.22:3300/0,v1:172.21.15.22:6789/0] conn(0x7f9a64105600 0x7f9a64105a20 unknown :-1 s=BANNER_CONNECTING pgs=0 cs=0 l=0 rev1=0 crypto rx=0 tx=0 comp rx=0 tx=0)._handle_peer_banner_payload supported=3 required=0
2023-12-11T17:43:37.834 INFO:teuthology.orchestra.run.smithi022.stdout:/usr/bin/ceph: stderr
2023-12-11T17:43:37.137+0000 7f9a69525700 1 --2- >> [v2:172.21.15.22:3300/0,v1:172.21.15.22:6789/0] conn(0x7f9a64105600 0x7f9a64105a20 unknown :-1 s=HELLO_CONNECTING pgs=0 cs=0 l=0 rev1=1 crypto rx=0 tx=0 comp rx=0 tx=0).handle_hello peer v2:172.21.15.22:3300/0 says I am v2:172.21.15.22:36254/0 (socket says 172.21.15.22:36254)
2023-12-11T17:43:37.834 INFO:teuthology.orchestra.run.smithi022.stdout:/usr/bin/ceph: stderr
2023-12-11T17:43:37.137+0000 7f9a69525700 1 -- 172.21.15.22:0/487616632 learned_addr learned my addr 172.21.15.22:0/487616632 (peer_addr_for_me v2:172.21.15.22:0/0)
2023-12-11T17:43:37.834 INFO:teuthology.orchestra.run.smithi022.stdout:/usr/bin/ceph: stderr
2023-12-11T17:43:37.138+0000 7f9a69525700 1 -- 172.21.15.22:0/487616632 --> [v2:172.21.15.22:3300/0,v1:172.21.15.22:6789/0] -- mon_subscribe({config=0+,monmap=0+}) v3 -- 0x7f9a64105f60 con 0x7f9a64105600
2023-12-11T17:43:37.834 INFO:teuthology.orchestra.run.smithi022.stdout:/usr/bin/ceph: stderr
2023-12-11T17:43:37.138+0000 7f9a69525700 1 --2- 172.21.15.22:0/487616632 >> [v2:172.21.15.22:3300/0,v1:172.21.15.22:6789/0] conn(0x7f9a64105600 0x7f9a64105a20 secure :-1 s=READY pgs=57 cs=0 l=1 rev1=1 crypto rx=0x7f9a600098a0 tx=0x7f9a60009bb0 comp rx=0 tx=0).ready entity=mon.0 client_cookie=2584f0915f8866b2 server_cookie=0 in_seq=0 out_seq=0
2023-12-11T17:43:37.835 INFO:teuthology.orchestra.run.smithi022.stdout:/usr/bin/ceph: stderr
2023-12-11T17:43:37.138+0000 7f9a5bfff700 1 -- 172.21.15.22:0/487616632 <== mon.0 v2:172.21.15.22:3300/0 1 ==== mon_map magic: 0 v1 ==== 205+0+0 (secure 0 0 0) 0x7f9a60004160 con 0x7f9a64105600
2023-12-11T17:43:37.835 INFO:teuthology.orchestra.run.smithi022.stdout:/usr/bin/ceph: stderr
2023-12-11T17:43:37.138+0000 7f9a5bfff700 1 -- 172.21.15.22:0/487616632 <== mon.0 v2:172.21.15.22:3300/0 2 ==== config(26 keys) v1 ==== 1105+0+0 (secure 0 0 0) 0x7f9a600042c0 con 0x7f9a64105600
2023-12-11T17:43:37.835 INFO:teuthology.orchestra.run.smithi022.stdout:/usr/bin/ceph: stderr
2023-12-11T17:43:37.138+0000 7f9a5bfff700 1 -- 172.21.15.22:0/487616632 <== mon.0 v2:172.21.15.22:3300/0 3 ==== mon_map magic: 0 v1 ==== 205+0+0 (secure 0 0 0) 0x7f9a600119b0 con 0x7f9a64105600
2023-12-11T17:43:37.835 INFO:teuthology.orchestra.run.smithi022.stdout:/usr/bin/ceph: stderr
2023-12-11T17:43:37.139+0000 7f9a6b789700 1 -- 172.21.15.22:0/487616632 >> [v2:172.21.15.22:3300/0,v1:172.21.15.22:6789/0] conn(0x7f9a64105600 msgr2=0x7f9a64105a20 secure :-1 s=STATE_CONNECTION_ESTABLISHED l=1).mark_down
2023-12-11T17:43:37.835 INFO:teuthology.orchestra.run.smithi022.stdout:/usr/bin/ceph: stderr
2023-12-11T17:43:37.139+0000 7f9a6b789700 1 --2- 172.21.15.22:0/487616632 >> [v2:172.21.15.22:3300/0,v1:172.21.15.22:6789/0] conn(0x7f9a64105600 0x7f9a64105a20 secure :-1 s=READY pgs=57 cs=0 l=1 rev1=1 crypto rx=0x7f9a600098a0 tx=0x7f9a60009bb0 comp rx=0 tx=0).stop
2023-12-11T17:43:37.835 INFO:teuthology.orchestra.run.smithi022.stdout:/usr/bin/ceph: stderr
2023-12-11T17:43:37.139+0000 7f9a6b789700 1 -- 172.21.15.22:0/487616632 shutdown_connections
2023-12-11T17:43:37.835 INFO:teuthology.orchestra.run.smithi022.stdout:/usr/bin/ceph: stderr
2023-12-11T17:43:37.139+0000 7f9a6b789700 1 --2- 172.21.15.22:0/487616632 >> [v2:172.21.15.22:3300/0,v1:172.21.15.22:6789/0] conn(0x7f9a64105600 0x7f9a64105a20 unknown :-1 s=CLOSED pgs=57 cs=0 l=1 rev1=1 crypto rx=0 tx=0 comp rx=0 tx=0).stop
2023-12-11T17:43:37.835 INFO:teuthology.orchestra.run.smithi022.stdout:/usr/bin/ceph: stderr
2023-12-11T17:43:37.139+0000 7f9a6b789700 1 -- 172.21.15.22:0/487616632 >> 172.21.15.22:0/487616632 conn(0x7f9a64101240 msgr2=0x7f9a64103680 unknown :-1 s=STATE_NONE l=0).mark_down
2023-12-11T17:43:37.835 INFO:teuthology.orchestra.run.smithi022.stdout:/usr/bin/ceph: stderr
2023-12-11T17:43:37.139+0000 7f9a6b789700 1 -- 172.21.15.22:0/487616632 shutdown_connections
2023-12-11T17:43:37.835 INFO:teuthology.orchestra.run.smithi022.stdout:/usr/bin/ceph: stderr
2023-12-11T17:43:37.139+0000 7f9a6b789700 1 -- 172.21.15.22:0/487616632 wait complete.
2023-12-11T17:43:37.835 INFO:teuthology.orchestra.run.smithi022.stdout:/usr/bin/ceph: stderr
2023-12-11T17:43:37.140+0000 7f9a6b789700 1 Processor -- start
2023-12-11T17:43:37.836 INFO:teuthology.orchestra.run.smithi022.stdout:/usr/bin/ceph: stderr
2023-12-11T17:43:37.140+0000 7f9a6b789700 1 -- start start
2023-12-11T17:43:37.836 INFO:teuthology.orchestra.run.smithi022.stdout:/usr/bin/ceph: stderr
2023-12-11T17:43:37.141+0000 7f9a6b789700 1 --2- >> [v2:172.21.15.22:3300/0,v1:172.21.15.22:6789/0] conn(0x7f9a64105600 0x7f9a6419cd40 unknown :-1 s=NONE pgs=0 cs=0 l=1 rev1=0 crypto rx=0 tx=0 comp rx=0 tx=0).connect
2023-12-11T17:43:37.836 INFO:teuthology.orchestra.run.smithi022.stdout:/usr/bin/ceph: stderr
2023-12-11T17:43:37.141+0000 7f9a6b789700 1 -- --> [v2:172.21.15.22:3300/0,v1:172.21.15.22:6789/0] -- mon_getmap magic: 0 v1 -- 0x7f9a6419d280 con 0x7f9a64105600
2023-12-11T17:43:37.836 INFO:teuthology.orchestra.run.smithi022.stdout:/usr/bin/ceph: stderr
2023-12-11T17:43:37.141+0000 7f9a69525700 1 --2- >> [v2:172.21.15.22:3300/0,v1:172.21.15.22:6789/0] conn(0x7f9a64105600 0x7f9a6419cd40 unknown :-1 s=BANNER_CONNECTING pgs=0 cs=0 l=1 rev1=0 crypto rx=0 tx=0 comp rx=0 tx=0)._handle_peer_banner_payload supported=3 required=0
2023-12-11T17:43:37.836 INFO:teuthology.orchestra.run.smithi022.stdout:/usr/bin/ceph: stderr
2023-12-11T17:43:37.141+0000 7f9a69525700 1 --2- >> [v2:172.21.15.22:3300/0,v1:172.21.15.22:6789/0] conn(0x7f9a64105600 0x7f9a6419cd40 unknown :-1 s=HELLO_CONNECTING pgs=0 cs=0 l=1 rev1=1 crypto rx=0 tx=0 comp rx=0 tx=0).handle_hello peer v2:172.21.15.22:3300/0 says I am v2:172.21.15.22:36260/0 (socket says 172.21.15.22:36260)
2023-12-11T17:43:37.836 INFO:teuthology.orchestra.run.smithi022.stdout:/usr/bin/ceph: stderr
2023-12-11T17:43:37.141+0000 7f9a69525700 1 -- 172.21.15.22:0/3857707453 learned_addr learned my addr 172.21.15.22:0/3857707453 (peer_addr_for_me v2:172.21.15.22:0/0)
2023-12-11T17:43:37.836 INFO:teuthology.orchestra.run.smithi022.stdout:/usr/bin/ceph: stderr
2023-12-11T17:43:37.141+0000 7f9a69525700 1 -- 172.21.15.22:0/3857707453 --> [v2:172.21.15.22:3300/0,v1:172.21.15.22:6789/0] -- mon_subscribe({config=0+,monmap=0+}) v3 -- 0x7f9a60009550 con 0x7f9a64105600
2023-12-11T17:43:37.836 INFO:teuthology.orchestra.run.smithi022.stdout:/usr/bin/ceph: stderr
2023-12-11T17:43:37.142+0000 7f9a69525700 1 --2- 172.21.15.22:0/3857707453 >> [v2:172.21.15.22:3300/0,v1:172.21.15.22:6789/0] conn(0x7f9a64105600 0x7f9a6419cd40 secure :-1 s=READY pgs=58 cs=0 l=1 rev1=1 crypto rx=0x7f9a60011980 tx=0x7f9a60011a60 comp rx=0 tx=0).ready entity=mon.0 client_cookie=0 server_cookie=0 in_seq=0 out_seq=0
2023-12-11T17:43:37.836 INFO:teuthology.orchestra.run.smithi022.stdout:/usr/bin/ceph: stderr
2023-12-11T17:43:37.142+0000 7f9a5a7fc700 1 -- 172.21.15.22:0/3857707453 <== mon.0 v2:172.21.15.22:3300/0 1 ==== mon_map magic: 0 v1 ==== 205+0+0 (secure 0 0 0) 0x7f9a60003af0 con 0x7f9a64105600
2023-12-11T17:43:37.836 INFO:teuthology.orchestra.run.smithi022.stdout:/usr/bin/ceph: stderr
2023-12-11T17:43:37.142+0000 7f9a5a7fc700 1 -- 172.21.15.22:0/3857707453 <== mon.0 v2:172.21.15.22:3300/0 2 ==== config(26 keys) v1 ==== 1105+0+0 (secure 0 0 0) 0x7f9a60003c50 con 0x7f9a64105600
2023-12-11T17:43:37.836 INFO:teuthology.orchestra.run.smithi022.stdout:/usr/bin/ceph: stderr
2023-12-11T17:43:37.142+0000 7f9a6b789700 1 -- 172.21.15.22:0/3857707453 --> [v2:172.21.15.22:3300/0,v1:172.21.15.22:6789/0] -- mon_subscribe({mgrmap=0+}) v3 -- 0x7f9a6419d480 con 0x7f9a64105600
2023-12-11T17:43:37.836 INFO:teuthology.orchestra.run.smithi022.stdout:/usr/bin/ceph: stderr
2023-12-11T17:43:37.142+0000 7f9a5a7fc700 1 -- 172.21.15.22:0/3857707453 <== mon.0 v2:172.21.15.22:3300/0 3 ==== mon_map magic: 0 v1 ==== 205+0+0 (secure 0 0 0) 0x7f9a60019760 con 0x7f9a64105600
2023-12-11T17:43:37.836 INFO:teuthology.orchestra.run.smithi022.stdout:/usr/bin/ceph: stderr
2023-12-11T17:43:37.142+0000 7f9a6b789700 1 -- 172.21.15.22:0/3857707453 --> [v2:172.21.15.22:3300/0,v1:172.21.15.22:6789/0] -- mon_subscribe({osdmap=0}) v3 -- 0x7f9a6419d920 con 0x7f9a64105600
2023-12-11T17:43:37.836 INFO:teuthology.orchestra.run.smithi022.stdout:/usr/bin/ceph: stderr
2023-12-11T17:43:37.143+0000 7f9a5a7fc700 1 -- 172.21.15.22:0/3857707453 <== mon.0 v2:172.21.15.22:3300/0 4 ==== mgrmap(e 9) v1 ==== 45593+0+0 (secure 0 0 0) 0x7f9a6001ab10 con 0x7f9a64105600
2023-12-11T17:43:37.836 INFO:teuthology.orchestra.run.smithi022.stdout:/usr/bin/ceph: stderr
2023-12-11T17:43:37.143+0000 7f9a6b789700 1 -- 172.21.15.22:0/3857707453 --> [v2:172.21.15.22:3300/0,v1:172.21.15.22:6789/0] -- mon_command({"prefix": "get_command_descriptions"} v 0) v1 -- 0x7f9a641969d0 con 0x7f9a64105600
2023-12-11T17:43:37.837 INFO:teuthology.orchestra.run.smithi022.stdout:/usr/bin/ceph: stderr
2023-12-11T17:43:37.144+0000 7f9a5a7fc700 1 --2- 172.21.15.22:0/3857707453 >> [v2:172.21.15.22:6800/3431164787,v1:172.21.15.22:6801/3431164787] conn(0x7f9a500388c0 0x7f9a5003ad80 unknown :-1 s=NONE pgs=0 cs=0 l=1 rev1=0 crypto rx=0 tx=0 comp rx=0 tx=0).connect
2023-12-11T17:43:37.837 INFO:teuthology.orchestra.run.smithi022.stdout:/usr/bin/ceph: stderr
2023-12-11T17:43:37.144+0000 7f9a5a7fc700 1 -- 172.21.15.22:0/3857707453 <== mon.0 v2:172.21.15.22:3300/0 5 ==== osd_map(2..2 src has 1..2) v4 ==== 940+0+0 (secure 0 0 0) 0x7f9a6004cb20 con 0x7f9a64105600
2023-12-11T17:43:37.837 INFO:teuthology.orchestra.run.smithi022.stdout:/usr/bin/ceph: stderr
2023-12-11T17:43:37.144+0000 7f9a68d24700 1 -- 172.21.15.22:0/3857707453 >> [v2:172.21.15.22:6800/3431164787,v1:172.21.15.22:6801/3431164787] conn(0x7f9a500388c0 msgr2=0x7f9a5003ad80 unknown :-1 s=STATE_CONNECTING_RE l=1).process reconnect failed to v2:172.21.15.22:6800/3431164787
2023-12-11T17:43:37.837 INFO:teuthology.orchestra.run.smithi022.stdout:/usr/bin/ceph: stderr
2023-12-11T17:43:37.144+0000 7f9a68d24700 1 --2- 172.21.15.22:0/3857707453 >> [v2:172.21.15.22:6800/3431164787,v1:172.21.15.22:6801/3431164787] conn(0x7f9a500388c0 0x7f9a5003ad80 unknown :-1 s=START_CONNECT pgs=0 cs=0 l=1 rev1=0 crypto rx=0 tx=0 comp rx=0 tx=0)._fault waiting 0.200000
2023-12-11T17:43:37.837 INFO:teuthology.orchestra.run.smithi022.stdout:/usr/bin/ceph: stderr
2023-12-11T17:43:37.149+0000 7f9a5a7fc700 1 -- 172.21.15.22:0/3857707453 <== mon.0 v2:172.21.15.22:3300/0 6 ==== mon_command_ack([{"prefix": "get_command_descriptions"}]=0 v0) v1 ==== 72+0+180949 (secure 0 0 0) 0x7f9a6001a430 con 0x7f9a64105600
2023-12-11T17:43:37.837 INFO:teuthology.orchestra.run.smithi022.stdout:/usr/bin/ceph: stderr
2023-12-11T17:43:37.345+0000 7f9a68d24700 1 -- 172.21.15.22:0/3857707453 >> [v2:172.21.15.22:6800/3431164787,v1:172.21.15.22:6801/3431164787] conn(0x7f9a500388c0 msgr2=0x7f9a5003ad80 unknown :-1 s=STATE_CONNECTING_RE l=1).process reconnect failed to v2:172.21.15.22:6800/3431164787
2023-12-11T17:43:37.837 INFO:teuthology.orchestra.run.smithi022.stdout:/usr/bin/ceph: stderr
2023-12-11T17:43:37.345+0000 7f9a68d24700 1 --2- 172.21.15.22:0/3857707453 >> [v2:172.21.15.22:6800/3431164787,v1:172.21.15.22:6801/3431164787] conn(0x7f9a500388c0 0x7f9a5003ad80 unknown :-1 s=START_CONNECT pgs=0 cs=0 l=1 rev1=0 crypto rx=0 tx=0 comp rx=0 tx=0)._fault waiting 0.400000
2023-12-11T17:43:37.837 INFO:teuthology.orchestra.run.smithi022.stdout:/usr/bin/ceph: stderr
2023-12-11T17:43:37.414+0000 7f9a6b789700 1 -- 172.21.15.22:0/3857707453 --> [v2:172.21.15.22:3300/0,v1:172.21.15.22:6789/0] -- mon_command({"prefix": "mgr stat"} v 0) v1 -- 0x7f9a64106fe0 con 0x7f9a64105600
2023-12-11T17:43:37.837 INFO:teuthology.orchestra.run.smithi022.stdout:/usr/bin/ceph: stderr
2023-12-11T17:43:37.414+0000 7f9a5a7fc700 1 -- 172.21.15.22:0/3857707453 <== mon.0 v2:172.21.15.22:3300/0 7 ==== mon_command_ack([{"prefix": "mgr stat"}]=0 v9) v1 ==== 56+0+88 (secure 0 0 0) 0x7f9a6002db40 con 0x7f9a64105600
2023-12-11T17:43:37.837 INFO:teuthology.orchestra.run.smithi022.stdout:/usr/bin/ceph: stderr
2023-12-11T17:43:37.416+0000 7f9a6b789700 1 -- 172.21.15.22:0/3857707453 >> [v2:172.21.15.22:6800/3431164787,v1:172.21.15.22:6801/3431164787] conn(0x7f9a500388c0 msgr2=0x7f9a5003ad80 unknown :-1 s=STATE_CONNECTING l=1).mark_down
2023-12-11T17:43:37.837 INFO:teuthology.orchestra.run.smithi022.stdout:/usr/bin/ceph: stderr
2023-12-11T17:43:37.416+0000 7f9a6b789700 1 --2- 172.21.15.22:0/3857707453 >> [v2:172.21.15.22:6800/3431164787,v1:172.21.15.22:6801/3431164787] conn(0x7f9a500388c0 0x7f9a5003ad80 unknown :-1 s=START_CONNECT pgs=0 cs=0 l=1 rev1=0 crypto rx=0 tx=0 comp rx=0 tx=0).stop
2023-12-11T17:43:37.837 INFO:teuthology.orchestra.run.smithi022.stdout:/usr/bin/ceph: stderr
2023-12-11T17:43:37.416+0000 7f9a6b789700 1 -- 172.21.15.22:0/3857707453 >> [v2:172.21.15.22:3300/0,v1:172.21.15.22:6789/0] conn(0x7f9a64105600 msgr2=0x7f9a6419cd40 secure :-1 s=STATE_CONNECTION_ESTABLISHED l=1).mark_down
2023-12-11T17:43:37.837 INFO:teuthology.orchestra.run.smithi022.stdout:/usr/bin/ceph: stderr
2023-12-11T17:43:37.416+0000 7f9a6b789700 1 --2- 172.21.15.22:0/3857707453 >> [v2:172.21.15.22:3300/0,v1:172.21.15.22:6789/0] conn(0x7f9a64105600 0x7f9a6419cd40 secure :-1 s=READY pgs=58 cs=0 l=1 rev1=1 crypto rx=0x7f9a60011980 tx=0x7f9a60011a60 comp rx=0 tx=0).stop
2023-12-11T17:43:37.837 INFO:teuthology.orchestra.run.smithi022.stdout:/usr/bin/ceph: stderr
2023-12-11T17:43:37.417+0000 7f9a6b789700 1 -- 172.21.15.22:0/3857707453 shutdown_connections
2023-12-11T17:43:37.838 INFO:teuthology.orchestra.run.smithi022.stdout:/usr/bin/ceph: stderr
2023-12-11T17:43:37.417+0000 7f9a6b789700 1 --2- 172.21.15.22:0/3857707453 >> [v2:172.21.15.22:6800/3431164787,v1:172.21.15.22:6801/3431164787] conn(0x7f9a500388c0 0x7f9a5003ad80 unknown :-1 s=CLOSED pgs=0 cs=0 l=1 rev1=0 crypto rx=0 tx=0 comp rx=0 tx=0).stop
2023-12-11T17:43:37.838 INFO:teuthology.orchestra.run.smithi022.stdout:/usr/bin/ceph: stderr
2023-12-11T17:43:37.417+0000 7f9a6b789700 1 --2- 172.21.15.22:0/3857707453 >> [v2:172.21.15.22:3300/0,v1:172.21.15.22:6789/0] conn(0x7f9a64105600 0x7f9a6419cd40 unknown :-1 s=CLOSED pgs=58 cs=0 l=1 rev1=1 crypto rx=0 tx=0 comp rx=0 tx=0).stop
2023-12-11T17:43:37.838 INFO:teuthology.orchestra.run.smithi022.stdout:/usr/bin/ceph: stderr
2023-12-11T17:43:37.417+0000 7f9a6b789700 1 -- 172.21.15.22:0/3857707453 >> 172.21.15.22:0/3857707453 conn(0x7f9a64101240 msgr2=0x7f9a64193b10 unknown :-1 s=STATE_NONE l=0).mark_down
2023-12-11T17:43:37.838 INFO:teuthology.orchestra.run.smithi022.stdout:/usr/bin/ceph: stderr
2023-12-11T17:43:37.417+0000 7f9a6b789700 1 -- 172.21.15.22:0/3857707453 shutdown_connections
2023-12-11T17:43:37.838 INFO:teuthology.orchestra.run.smithi022.stdout:/usr/bin/ceph: stderr
2023-12-11T17:43:37.417+0000 7f9a6b789700 1 -- 172.21.15.22:0/3857707453 wait complete.
2023-12-11T17:43:37.838 INFO:teuthology.orchestra.run.smithi022.stdout:Waiting for the mgr to restart...
2023-12-11T17:43:37.838 INFO:teuthology.orchestra.run.smithi022.stdout:Waiting for mgr epoch 9...
2023-12-11T17:43:38.012 INFO:journalctl@ceph.mgr.x.smithi022.stdout:Dec 11 17:43:37 smithi022 ceph-8e840bc6-984c-11ee-95a3-87774f69a715-mgr-x[98305]:
2023-12-11T17:43:37.865+0000 7f15d3753200 -1 mgr[py] Module alerts has missing NOTIFY_TYPES member
2023-12-11T17:43:38.376 INFO:journalctl@ceph.mon.a.smithi022.stdout:Dec 11 17:43:38 smithi022 ceph-mon[98058]: from='client.? 172.21.15.22:0/3857707453' entity='client.admin' cmd=[{"prefix": "mgr stat"}]: dispatch
2023-12-11T17:43:38.876 INFO:journalctl@ceph.mgr.x.smithi022.stdout:Dec 11 17:43:38 smithi022 ceph-8e840bc6-984c-11ee-95a3-87774f69a715-mgr-x[98305]:
2023-12-11T17:43:38.461+0000 7f15d3753200 -1 mgr[py] Module progress has missing NOTIFY_TYPES member
2023-12-11T17:43:39.626 INFO:journalctl@ceph.mgr.x.smithi022.stdout:Dec 11 17:43:39 smithi022 ceph-8e840bc6-984c-11ee-95a3-87774f69a715-mgr-x[98305]:
2023-12-11T17:43:39.344+0000 7f15d3753200 -1 mgr[py] Module rook has missing NOTIFY_TYPES member
2023-12-11T17:43:39.626 INFO:journalctl@ceph.mgr.x.smithi022.stdout:Dec 11 17:43:39 smithi022 ceph-8e840bc6-984c-11ee-95a3-87774f69a715-mgr-x[98305]:
2023-12-11T17:43:39.454+0000 7f15d3753200 -1 mgr[py] Module iostat has missing NOTIFY_TYPES member
2023-12-11T17:43:40.814 INFO:journalctl@ceph.mgr.x.smithi022.stdout:Dec 11 17:43:40 smithi022 ceph-8e840bc6-984c-11ee-95a3-87774f69a715-mgr-x[98305]:
2023-12-11T17:43:40.452+0000 7f15d3753200 -1 mgr[py] Module test_orchestrator has missing NOTIFY_TYPES member
2023-12-11T17:43:40.815 INFO:journalctl@ceph.mgr.x.smithi022.stdout:Dec 11 17:43:40 smithi022 ceph-8e840bc6-984c-11ee-95a3-87774f69a715-mgr-x[98305]:
2023-12-11T17:43:40.577+0000 7f15d3753200 -1 mgr[py] Module osd_perf_query has missing NOTIFY_TYPES member
2023-12-11T17:43:41.126 INFO:journalctl@ceph.mgr.x.smithi022.stdout:Dec 11 17:43:40 smithi022 ceph-8e840bc6-984c-11ee-95a3-87774f69a715-mgr-x[98305]:
2023-12-11T17:43:40.811+0000 7f15d3753200 -1 mgr[py] Module orchestrator has missing NOTIFY_TYPES member
2023-12-11T17:43:41.626 INFO:journalctl@ceph.mgr.x.smithi022.stdout:Dec 11 17:43:41 smithi022 ceph-8e840bc6-984c-11ee-95a3-87774f69a715-mgr-x[98305]:
2023-12-11T17:43:41.354+0000 7f15d3753200 -1 mgr[py] Module rgw has missing NOTIFY_TYPES member
2023-12-11T17:43:41.626 INFO:journalctl@ceph.mgr.x.smithi022.stdout:Dec 11 17:43:41 smithi022 ceph-8e840bc6-984c-11ee-95a3-87774f69a715-mgr-x[98305]:
2023-12-11T17:43:41.474+0000 7f15d3753200 -1 mgr[py] Module influx has missing NOTIFY_TYPES member
2023-12-11T17:43:42.037 INFO:journalctl@ceph.mgr.x.smithi022.stdout:Dec 11 17:43:41 smithi022 ceph-8e840bc6-984c-11ee-95a3-87774f69a715-mgr-x[98305]:
2023-12-11T17:43:41.675+0000 7f15d3753200 -1 mgr[py] Module telemetry has missing NOTIFY_TYPES member
2023-12-11T17:43:42.376 INFO:journalctl@ceph.mgr.x.smithi022.stdout:Dec 11 17:43:42 smithi022 ceph-8e840bc6-984c-11ee-95a3-87774f69a715-mgr-x[98305]:
2023-12-11T17:43:42.034+0000 7f15d3753200 -1 mgr[py] Module telegraf has missing NOTIFY_TYPES member
2023-12-11T17:43:43.376 INFO:journalctl@ceph.mgr.x.smithi022.stdout:Dec 11 17:43:42 smithi022 ceph-8e840bc6-984c-11ee-95a3-87774f69a715-mgr-x[98305]:
2023-12-11T17:43:42.996+0000 7f15d3753200 -1 mgr[py] Module balancer has missing NOTIFY_TYPES member
2023-12-11T17:43:43.376 INFO:journalctl@ceph.mgr.x.smithi022.stdout:Dec 11 17:43:43 smithi022 ceph-8e840bc6-984c-11ee-95a3-87774f69a715-mgr-x[98305]:
2023-12-11T17:43:43.179+0000 7f15d3753200 -1 mgr[py] Module diskprediction_local has missing NOTIFY_TYPES member
2023-12-11T17:43:43.876 INFO:journalctl@ceph.mgr.x.smithi022.stdout:Dec 11 17:43:43 smithi022 ceph-8e840bc6-984c-11ee-95a3-87774f69a715-mgr-x[98305]:
2023-12-11T17:43:43.441+0000 7f15d3753200 -1 mgr[py] Module nfs has missing NOTIFY_TYPES member
2023-12-11T17:43:43.876 INFO:journalctl@ceph.mgr.x.smithi022.stdout:Dec 11 17:43:43 smithi022 ceph-8e840bc6-984c-11ee-95a3-87774f69a715-mgr-x[98305]:
2023-12-11T17:43:43.594+0000 7f15d3753200 -1 mgr[py] Module rbd_support has missing NOTIFY_TYPES member
2023-12-11T17:43:44.376 INFO:journalctl@ceph.mgr.x.smithi022.stdout:Dec 11 17:43:43 smithi022 ceph-8e840bc6-984c-11ee-95a3-87774f69a715-mgr-x[98305]:
2023-12-11T17:43:43.886+0000 7f15d3753200 -1 mgr[py] Module volumes has missing NOTIFY_TYPES member
2023-12-11T17:43:45.376 INFO:journalctl@ceph.mgr.x.smithi022.stdout:Dec 11 17:43:44 smithi022 ceph-8e840bc6-984c-11ee-95a3-87774f69a715-mgr-x[98305]:
2023-12-11T17:43:44.994+0000 7f15d3753200 -1 mgr[py] Module pg_autoscaler has missing NOTIFY_TYPES member
2023-12-11T17:43:45.377 INFO:journalctl@ceph.mon.a.smithi022.stdout:Dec 11 17:43:45 smithi022 ceph-mon[98058]: Active manager daemon x restarted
2023-12-11T17:43:45.377 INFO:journalctl@ceph.mon.a.smithi022.stdout:Dec 11 17:43:45 smithi022 ceph-mon[98058]: Activating manager daemon x
2023-12-11T17:43:45.377 INFO:journalctl@ceph.mon.a.smithi022.stdout:Dec 11 17:43:45 smithi022 ceph-mon[98058]: osdmap e3: 0 total, 0 up, 0 in
2023-12-11T17:43:45.377 INFO:journalctl@ceph.mon.a.smithi022.stdout:Dec 11 17:43:45 smithi022 ceph-mon[98058]: mgrmap e10: x(active, starting, since 0.00385433s)
2023-12-11T17:43:45.377 INFO:journalctl@ceph.mon.a.smithi022.stdout:Dec 11 17:43:45 smithi022 ceph-mon[98058]: from='mgr.14150 172.21.15.22:0/2087319047' entity='mgr.x' cmd=[{"prefix": "mon metadata", "id": "a"}]: dispatch
2023-12-11T17:43:45.377 INFO:journalctl@ceph.mon.a.smithi022.stdout:Dec 11 17:43:45 smithi022 ceph-mon[98058]: from='mgr.14150 172.21.15.22:0/2087319047' entity='mgr.x' cmd=[{"prefix": "mgr metadata", "who": "x", "id": "x"}]: dispatch
2023-12-11T17:43:45.377 INFO:journalctl@ceph.mon.a.smithi022.stdout:Dec 11 17:43:45 smithi022 ceph-mon[98058]: from='mgr.14150 172.21.15.22:0/2087319047' entity='mgr.x' cmd=[{"prefix": "mds metadata"}]: dispatch
2023-12-11T17:43:45.377 INFO:journalctl@ceph.mon.a.smithi022.stdout:Dec 11 17:43:45 smithi022 ceph-mon[98058]: from='mgr.14150 172.21.15.22:0/2087319047' entity='mgr.x' cmd=[{"prefix": "osd metadata"}]: dispatch
2023-12-11T17:43:45.377 INFO:journalctl@ceph.mon.a.smithi022.stdout:Dec 11 17:43:45 smithi022 ceph-mon[98058]: from='mgr.14150 172.21.15.22:0/2087319047' entity='mgr.x' cmd=[{"prefix": "mon metadata"}]: dispatch
2023-12-11T17:43:45.377 INFO:journalctl@ceph.mon.a.smithi022.stdout:Dec 11 17:43:45 smithi022 ceph-mon[98058]: Manager daemon x is now available
2023-12-11T17:43:45.377 INFO:journalctl@ceph.mon.a.smithi022.stdout:Dec 11 17:43:45 smithi022 ceph-mon[98058]: from='mgr.14150 172.21.15.22:0/2087319047' entity='mgr.x' cmd=[{"prefix": "config dump", "format": "json"}]: dispatch
2023-12-11T17:43:45.377 INFO:journalctl@ceph.mon.a.smithi022.stdout:Dec 11 17:43:45 smithi022 ceph-mon[98058]: from='mgr.14150 172.21.15.22:0/2087319047' entity='mgr.x' cmd=[{"prefix": "config dump", "format": "json"}]: dispatch
2023-12-11T17:43:45.378 INFO:journalctl@ceph.mon.a.smithi022.stdout:Dec 11 17:43:45 smithi022 ceph-mon[98058]: from='mgr.14150 172.21.15.22:0/2087319047' entity='mgr.x' cmd=[{"prefix":"config rm","who":"mgr","name":"mgr/rbd_support/x/mirror_snapshot_schedule"}]: dispatch
2023-12-11T17:43:45.378 INFO:journalctl@ceph.mon.a.smithi022.stdout:Dec 11 17:43:45 smithi022 ceph-mon[98058]: from='mgr.14150 172.21.15.22:0/2087319047' entity='mgr.x' cmd=[{"prefix":"config rm","who":"mgr","name":"mgr/rbd_support/x/trash_purge_schedule"}]: dispatch
2023-12-11T17:43:46.443 INFO:teuthology.orchestra.run.smithi022.stdout:/usr/bin/ceph: stdout {
2023-12-11T17:43:46.443 INFO:teuthology.orchestra.run.smithi022.stdout:/usr/bin/ceph: stdout "mgrmap_epoch": 11,
2023-12-11T17:43:46.443 INFO:teuthology.orchestra.run.smithi022.stdout:/usr/bin/ceph: stdout "initialized": true
2023-12-11T17:43:46.443 INFO:teuthology.orchestra.run.smithi022.stdout:/usr/bin/ceph: stdout }
2023-12-11T17:43:46.443 INFO:teuthology.orchestra.run.smithi022.stdout:/usr/bin/ceph: stderr
2023-12-11T17:43:38.420+0000 7f9892e5b700 1 Processor -- start
2023-12-11T17:43:46.443 INFO:teuthology.orchestra.run.smithi022.stdout:/usr/bin/ceph: stderr
2023-12-11T17:43:38.420+0000 7f9892e5b700 1 -- start start
2023-12-11T17:43:46.443 INFO:teuthology.orchestra.run.smithi022.stdout:/usr/bin/ceph: stderr
2023-12-11T17:43:38.421+0000 7f9892e5b700 1 --2- >> [v2:172.21.15.22:3300/0,v1:172.21.15.22:6789/0] conn(0x7f988c07ce20 0x7f988c07b280 unknown :-1 s=NONE pgs=0 cs=0 l=0 rev1=0 crypto rx=0 tx=0 comp rx=0 tx=0).connect
2023-12-11T17:43:46.444 INFO:teuthology.orchestra.run.smithi022.stdout:/usr/bin/ceph: stderr
2023-12-11T17:43:38.421+0000 7f9892e5b700 1 -- --> [v2:172.21.15.22:3300/0,v1:172.21.15.22:6789/0] -- mon_getmap magic: 0 v1 -- 0x7f988c07b850 con 0x7f988c07ce20
2023-12-11T17:43:46.444 INFO:teuthology.orchestra.run.smithi022.stdout:/usr/bin/ceph: stderr
2023-12-11T17:43:38.421+0000 7f9890bf7700 1 --2- >> [v2:172.21.15.22:3300/0,v1:172.21.15.22:6789/0] conn(0x7f988c07ce20 0x7f988c07b280 unknown :-1 s=BANNER_CONNECTING pgs=0 cs=0 l=0 rev1=0 crypto rx=0 tx=0 comp rx=0 tx=0)._handle_peer_banner_payload supported=3 required=0
2023-12-11T17:43:46.444 INFO:teuthology.orchestra.run.smithi022.stdout:/usr/bin/ceph: stderr
2023-12-11T17:43:38.421+0000 7f9890bf7700 1 --2- >> [v2:172.21.15.22:3300/0,v1:172.21.15.22:6789/0] conn(0x7f988c07ce20 0x7f988c07b280 unknown :-1 s=HELLO_CONNECTING pgs=0 cs=0 l=0 rev1=1 crypto rx=0 tx=0 comp rx=0 tx=0).handle_hello peer v2:172.21.15.22:3300/0 says I am v2:172.21.15.22:36276/0 (socket says 172.21.15.22:36276)
2023-12-11T17:43:46.444 INFO:teuthology.orchestra.run.smithi022.stdout:/usr/bin/ceph: stderr
2023-12-11T17:43:38.421+0000 7f9890bf7700 1 -- 172.21.15.22:0/3641495789 learned_addr learned my addr 172.21.15.22:0/3641495789 (peer_addr_for_me v2:172.21.15.22:0/0)
2023-12-11T17:43:46.444 INFO:teuthology.orchestra.run.smithi022.stdout:/usr/bin/ceph: stderr
2023-12-11T17:43:38.421+0000 7f9890bf7700 1 -- 172.21.15.22:0/3641495789 --> [v2:172.21.15.22:3300/0,v1:172.21.15.22:6789/0] -- mon_subscribe({config=0+,monmap=0+}) v3 -- 0x7f988c07b990 con 0x7f988c07ce20
2023-12-11T17:43:46.444 INFO:teuthology.orchestra.run.smithi022.stdout:/usr/bin/ceph: stderr
2023-12-11T17:43:38.422+0000 7f9890bf7700 1 --2- 172.21.15.22:0/3641495789 >> [v2:172.21.15.22:3300/0,v1:172.21.15.22:6789/0] conn(0x7f988c07ce20 0x7f988c07b280 secure :-1 s=READY pgs=59 cs=0 l=1 rev1=1 crypto rx=0x7f98800098a0 tx=0x7f9880009bb0 comp rx=0 tx=0).ready entity=mon.0 client_cookie=c6a9650f9bb1813f server_cookie=0 in_seq=0 out_seq=0
2023-12-11T17:43:46.444 INFO:teuthology.orchestra.run.smithi022.stdout:/usr/bin/ceph: stderr
2023-12-11T17:43:38.422+0000 7f988b7fe700 1 -- 172.21.15.22:0/3641495789 <== mon.0 v2:172.21.15.22:3300/0 1 ==== mon_map magic: 0 v1 ==== 205+0+0 (secure 0 0 0) 0x7f9880004160 con 0x7f988c07ce20
2023-12-11T17:43:46.444 INFO:teuthology.orchestra.run.smithi022.stdout:/usr/bin/ceph: stderr
2023-12-11T17:43:38.422+0000 7f988b7fe700 1 -- 172.21.15.22:0/3641495789 <== mon.0 v2:172.21.15.22:3300/0 2 ==== config(26 keys) v1 ==== 1105+0+0 (secure 0 0 0) 0x7f98800042c0 con 0x7f988c07ce20
2023-12-11T17:43:46.444 INFO:teuthology.orchestra.run.smithi022.stdout:/usr/bin/ceph: stderr
2023-12-11T17:43:38.422+0000 7f988b7fe700 1 -- 172.21.15.22:0/3641495789 <== mon.0 v2:172.21.15.22:3300/0 3 ==== mon_map magic: 0 v1 ==== 205+0+0 (secure 0 0 0) 0x7f98800119b0 con 0x7f988c07ce20
2023-12-11T17:43:46.444 INFO:teuthology.orchestra.run.smithi022.stdout:/usr/bin/ceph: stderr
2023-12-11T17:43:38.423+0000 7f9892e5b700 1 -- 172.21.15.22:0/3641495789 >> [v2:172.21.15.22:3300/0,v1:172.21.15.22:6789/0] conn(0x7f988c07ce20 msgr2=0x7f988c07b280 secure :-1 s=STATE_CONNECTION_ESTABLISHED l=1).mark_down
2023-12-11T17:43:46.444 INFO:teuthology.orchestra.run.smithi022.stdout:/usr/bin/ceph: stderr
2023-12-11T17:43:38.423+0000 7f9892e5b700 1 --2- 172.21.15.22:0/3641495789 >> [v2:172.21.15.22:3300/0,v1:172.21.15.22:6789/0] conn(0x7f988c07ce20 0x7f988c07b280 secure :-1 s=READY pgs=59 cs=0 l=1 rev1=1 crypto rx=0x7f98800098a0 tx=0x7f9880009bb0 comp rx=0 tx=0).stop
2023-12-11T17:43:46.445 INFO:teuthology.orchestra.run.smithi022.stdout:/usr/bin/ceph: stderr
2023-12-11T17:43:38.423+0000 7f9892e5b700 1 -- 172.21.15.22:0/3641495789 shutdown_connections
2023-12-11T17:43:46.445 INFO:teuthology.orchestra.run.smithi022.stdout:/usr/bin/ceph: stderr
2023-12-11T17:43:38.423+0000 7f9892e5b700 1 --2- 172.21.15.22:0/3641495789 >> [v2:172.21.15.22:3300/0,v1:172.21.15.22:6789/0] conn(0x7f988c07ce20 0x7f988c07b280 unknown :-1 s=CLOSED pgs=59 cs=0 l=1 rev1=1 crypto rx=0 tx=0 comp rx=0 tx=0).stop
2023-12-11T17:43:46.445 INFO:teuthology.orchestra.run.smithi022.stdout:/usr/bin/ceph: stderr
2023-12-11T17:43:38.423+0000 7f9892e5b700 1 -- 172.21.15.22:0/3641495789 >> 172.21.15.22:0/3641495789 conn(0x7f988c1022f0 msgr2=0x7f988c104770 unknown :-1 s=STATE_NONE l=0).mark_down
2023-12-11T17:43:46.445 INFO:teuthology.orchestra.run.smithi022.stdout:/usr/bin/ceph: stderr
2023-12-11T17:43:38.423+0000 7f9892e5b700 1 -- 172.21.15.22:0/3641495789 shutdown_connections
