2023-12-11T17:37:47.949+0000 7fb51bfff700 1 --2- 172.21.15.59:0/2548108375 >> [v2:172.21.15.59:6800/1259916482,v1:172.21.15.59:6801/1259916482] conn(0x7fb50c038820 0x7fb50c03ace0 secure :-1 s=READY pgs=8 cs=0 l=1 rev1=1 crypto rx=0x7fb508006fd0 tx=0x7fb508006e40 comp rx=0 tx=0).ready entity=mgr.14118 client_cookie=0 server_cookie=0 in_seq=0 out_seq=0
2023-12-11T17:37:48.701 INFO:teuthology.orchestra.run.smithi059.stdout:/usr/bin/ceph: stderr
2023-12-11T17:37:47.954+0000 7fb519ffb700 1 -- 172.21.15.59:0/2548108375 <== mon.0 v2:172.21.15.59:3300/0 6 ==== mon_command_ack([{"prefix": "get_command_descriptions"}]=0 v0) v1 ==== 72+0+180949 (secure 0 0 0) 0x7fb51c19b7a0 con 0x7fb51c105390
2023-12-11T17:37:48.701 INFO:teuthology.orchestra.run.smithi059.stdout:/usr/bin/ceph: stderr
2023-12-11T17:37:48.320+0000 7fb522c29700 1 -- 172.21.15.59:0/2548108375 --> [v2:172.21.15.59:6800/1259916482,v1:172.21.15.59:6801/1259916482] -- mgr_command(tid 0: {"prefix": "cephadm set-user", "user": "root", "target": ["mon-mgr", ""]}) v1 -- 0x7fb51c19b7a0 con 0x7fb50c038820
2023-12-11T17:37:48.701 INFO:teuthology.orchestra.run.smithi059.stdout:/usr/bin/ceph: stderr
2023-12-11T17:37:48.321+0000 7fb519ffb700 1 -- 172.21.15.59:0/2548108375 <== mgr.14118 v2:172.21.15.59:6800/1259916482 1 ==== mgr_command_reply(tid 0: 0 ) v1 ==== 8+0+16 (secure 0 0 0) 0x7fb51c19b7a0 con 0x7fb50c038820
2023-12-11T17:37:48.701 INFO:teuthology.orchestra.run.smithi059.stdout:/usr/bin/ceph: stderr
2023-12-11T17:37:48.323+0000 7fb522c29700 1 -- 172.21.15.59:0/2548108375 >> [v2:172.21.15.59:6800/1259916482,v1:172.21.15.59:6801/1259916482] conn(0x7fb50c038820 msgr2=0x7fb50c03ace0 secure :-1 s=STATE_CONNECTION_ESTABLISHED l=1).mark_down
2023-12-11T17:37:48.701 INFO:teuthology.orchestra.run.smithi059.stdout:/usr/bin/ceph: stderr
2023-12-11T17:37:48.323+0000 7fb522c29700 1 --2- 172.21.15.59:0/2548108375 >> [v2:172.21.15.59:6800/1259916482,v1:172.21.15.59:6801/1259916482] conn(0x7fb50c038820 0x7fb50c03ace0 secure :-1 s=READY pgs=8 cs=0 l=1 rev1=1 crypto rx=0x7fb508006fd0 tx=0x7fb508006e40 comp rx=0 tx=0).stop
2023-12-11T17:37:48.701 INFO:teuthology.orchestra.run.smithi059.stdout:/usr/bin/ceph: stderr
2023-12-11T17:37:48.323+0000 7fb522c29700 1 -- 172.21.15.59:0/2548108375 >> [v2:172.21.15.59:3300/0,v1:172.21.15.59:6789/0] conn(0x7fb51c105390 msgr2=0x7fb51c19abc0 secure :-1 s=STATE_CONNECTION_ESTABLISHED l=1).mark_down
2023-12-11T17:37:48.702 INFO:teuthology.orchestra.run.smithi059.stdout:/usr/bin/ceph: stderr
2023-12-11T17:37:48.323+0000 7fb522c29700 1 --2- 172.21.15.59:0/2548108375 >> [v2:172.21.15.59:3300/0,v1:172.21.15.59:6789/0] conn(0x7fb51c105390 0x7fb51c19abc0 secure :-1 s=READY pgs=38 cs=0 l=1 rev1=1 crypto rx=0x7fb510004170 tx=0x7fb510004250 comp rx=0 tx=0).stop
2023-12-11T17:37:48.702 INFO:teuthology.orchestra.run.smithi059.stdout:/usr/bin/ceph: stderr
2023-12-11T17:37:48.323+0000 7fb522c29700 1 -- 172.21.15.59:0/2548108375 shutdown_connections
2023-12-11T17:37:48.702 INFO:teuthology.orchestra.run.smithi059.stdout:/usr/bin/ceph: stderr
2023-12-11T17:37:48.323+0000 7fb522c29700 1 --2- 172.21.15.59:0/2548108375 >> [v2:172.21.15.59:6800/1259916482,v1:172.21.15.59:6801/1259916482] conn(0x7fb50c038820 0x7fb50c03ace0 unknown :-1 s=CLOSED pgs=8 cs=0 l=1 rev1=1 crypto rx=0 tx=0 comp rx=0 tx=0).stop
2023-12-11T17:37:48.702 INFO:teuthology.orchestra.run.smithi059.stdout:/usr/bin/ceph: stderr
2023-12-11T17:37:48.323+0000 7fb522c29700 1 --2- 172.21.15.59:0/2548108375 >> [v2:172.21.15.59:3300/0,v1:172.21.15.59:6789/0] conn(0x7fb51c105390 0x7fb51c19abc0 unknown :-1 s=CLOSED pgs=38 cs=0 l=1 rev1=1 crypto rx=0 tx=0 comp rx=0 tx=0).stop
2023-12-11T17:37:48.702 INFO:teuthology.orchestra.run.smithi059.stdout:/usr/bin/ceph: stderr
2023-12-11T17:37:48.323+0000 7fb522c29700 1 -- 172.21.15.59:0/2548108375 >> 172.21.15.59:0/2548108375 conn(0x7fb51c100970 msgr2=0x7fb51c18f6f0 unknown :-1 s=STATE_NONE l=0).mark_down
2023-12-11T17:37:48.702 INFO:teuthology.orchestra.run.smithi059.stdout:/usr/bin/ceph: stderr
2023-12-11T17:37:48.323+0000 7fb522c29700 1 -- 172.21.15.59:0/2548108375 shutdown_connections
2023-12-11T17:37:48.702 INFO:teuthology.orchestra.run.smithi059.stdout:/usr/bin/ceph: stderr
2023-12-11T17:37:48.323+0000 7fb522c29700 1 -- 172.21.15.59:0/2548108375 wait complete.
2023-12-11T17:37:48.702 INFO:teuthology.orchestra.run.smithi059.stdout:Generating ssh key...
2023-12-11T17:37:49.404 INFO:journalctl@ceph.mon.a.smithi059.stdout:Dec 11 17:37:49 smithi059 ceph-mon[98847]: from='client.14132 -' entity='client.admin' cmd=[{"prefix": "cephadm set-user", "user": "root", "target": ["mon-mgr", ""]}]: dispatch
2023-12-11T17:37:50.654 INFO:journalctl@ceph.mgr.x.smithi059.stdout:Dec 11 17:37:50 smithi059 ceph-d0a07eaa-984b-11ee-95a3-87774f69a715-mgr-x[99092]: Generating public/private rsa key pair.
2023-12-11T17:37:50.654 INFO:journalctl@ceph.mgr.x.smithi059.stdout:Dec 11 17:37:50 smithi059 ceph-d0a07eaa-984b-11ee-95a3-87774f69a715-mgr-x[99092]: Your identification has been saved in /tmp/tmpbpa7mocz/key.
2023-12-11T17:37:50.654 INFO:journalctl@ceph.mgr.x.smithi059.stdout:Dec 11 17:37:50 smithi059 ceph-d0a07eaa-984b-11ee-95a3-87774f69a715-mgr-x[99092]: Your public key has been saved in /tmp/tmpbpa7mocz/key.pub.
2023-12-11T17:37:50.654 INFO:journalctl@ceph.mgr.x.smithi059.stdout:Dec 11 17:37:50 smithi059 ceph-d0a07eaa-984b-11ee-95a3-87774f69a715-mgr-x[99092]: The key fingerprint is:
2023-12-11T17:37:50.655 INFO:journalctl@ceph.mgr.x.smithi059.stdout:Dec 11 17:37:50 smithi059 ceph-d0a07eaa-984b-11ee-95a3-87774f69a715-mgr-x[99092]: SHA256:d0Hzb+dXFGxUvSJUZzfoNOqK6TH7fydJlISYTCLqd4Q ceph-d0a07eaa-984b-11ee-95a3-87774f69a715
2023-12-11T17:37:50.655 INFO:journalctl@ceph.mgr.x.smithi059.stdout:Dec 11 17:37:50 smithi059 ceph-d0a07eaa-984b-11ee-95a3-87774f69a715-mgr-x[99092]: The key's randomart image is:
2023-12-11T17:37:50.655 INFO:journalctl@ceph.mgr.x.smithi059.stdout:Dec 11 17:37:50 smithi059 ceph-d0a07eaa-984b-11ee-95a3-87774f69a715-mgr-x[99092]: +---[RSA 3072]----+
2023-12-11T17:37:50.655 INFO:journalctl@ceph.mgr.x.smithi059.stdout:Dec 11 17:37:50 smithi059 ceph-d0a07eaa-984b-11ee-95a3-87774f69a715-mgr-x[99092]: | . .o.o =.+*=|
2023-12-11T17:37:50.655 INFO:journalctl@ceph.mgr.x.smithi059.stdout:Dec 11 17:37:50 smithi059 ceph-d0a07eaa-984b-11ee-95a3-87774f69a715-mgr-x[99092]: | . o .+ + Boo=|
2023-12-11T17:37:50.655 INFO:journalctl@ceph.mgr.x.smithi059.stdout:Dec 11 17:37:50 smithi059 ceph-d0a07eaa-984b-11ee-95a3-87774f69a715-mgr-x[99092]: | . E . . * = o|
2023-12-11T17:37:50.655 INFO:journalctl@ceph.mgr.x.smithi059.stdout:Dec 11 17:37:50 smithi059 ceph-d0a07eaa-984b-11ee-95a3-87774f69a715-mgr-x[99092]: | . . o * + |
2023-12-11T17:37:50.655 INFO:journalctl@ceph.mgr.x.smithi059.stdout:Dec 11 17:37:50 smithi059 ceph-d0a07eaa-984b-11ee-95a3-87774f69a715-mgr-x[99092]: | . . .S o + . =|
2023-12-11T17:37:50.655 INFO:journalctl@ceph.mgr.x.smithi059.stdout:Dec 11 17:37:50 smithi059 ceph-d0a07eaa-984b-11ee-95a3-87774f69a715-mgr-x[99092]: | . . . o . oo|
2023-12-11T17:37:50.655 INFO:journalctl@ceph.mgr.x.smithi059.stdout:Dec 11 17:37:50 smithi059 ceph-d0a07eaa-984b-11ee-95a3-87774f69a715-mgr-x[99092]: | oo . . . o|
2023-12-11T17:37:50.655 INFO:journalctl@ceph.mgr.x.smithi059.stdout:Dec 11 17:37:50 smithi059 ceph-d0a07eaa-984b-11ee-95a3-87774f69a715-mgr-x[99092]: | o+. + ..|
2023-12-11T17:37:50.655 INFO:journalctl@ceph.mgr.x.smithi059.stdout:Dec 11 17:37:50 smithi059 ceph-d0a07eaa-984b-11ee-95a3-87774f69a715-mgr-x[99092]: | .o..... o |
2023-12-11T17:37:50.655 INFO:journalctl@ceph.mgr.x.smithi059.stdout:Dec 11 17:37:50 smithi059 ceph-d0a07eaa-984b-11ee-95a3-87774f69a715-mgr-x[99092]: +----[SHA256]-----+
2023-12-11T17:37:50.747 INFO:teuthology.orchestra.run.smithi059.stdout:/usr/bin/ceph: stderr
2023-12-11T17:37:49.383+0000 7efcbdfc0700 1 Processor -- start
2023-12-11T17:37:50.748 INFO:teuthology.orchestra.run.smithi059.stdout:/usr/bin/ceph: stderr
2023-12-11T17:37:49.383+0000 7efcbdfc0700 1 -- start start
2023-12-11T17:37:50.748 INFO:teuthology.orchestra.run.smithi059.stdout:/usr/bin/ceph: stderr
2023-12-11T17:37:49.384+0000 7efcbdfc0700 1 --2- >> [v2:172.21.15.59:3300/0,v1:172.21.15.59:6789/0] conn(0x7efcb81077e0 0x7efcb8109bd0 unknown :-1 s=NONE pgs=0 cs=0 l=0 rev1=0 crypto rx=0 tx=0 comp rx=0 tx=0).connect
2023-12-11T17:37:50.748 INFO:teuthology.orchestra.run.smithi059.stdout:/usr/bin/ceph: stderr
2023-12-11T17:37:49.384+0000 7efcbdfc0700 1 -- --> [v2:172.21.15.59:3300/0,v1:172.21.15.59:6789/0] -- mon_getmap magic: 0 v1 -- 0x7efcb807ae00 con 0x7efcb81077e0
2023-12-11T17:37:50.748 INFO:teuthology.orchestra.run.smithi059.stdout:/usr/bin/ceph: stderr
2023-12-11T17:37:49.384+0000 7efcb77fe700 1 --2- >> [v2:172.21.15.59:3300/0,v1:172.21.15.59:6789/0] conn(0x7efcb81077e0 0x7efcb8109bd0 unknown :-1 s=BANNER_CONNECTING pgs=0 cs=0 l=0 rev1=0 crypto rx=0 tx=0 comp rx=0 tx=0)._handle_peer_banner_payload supported=3 required=0
2023-12-11T17:37:50.748 INFO:teuthology.orchestra.run.smithi059.stdout:/usr/bin/ceph: stderr
2023-12-11T17:37:49.384+0000 7efcb77fe700 1 --2- >> [v2:172.21.15.59:3300/0,v1:172.21.15.59:6789/0] conn(0x7efcb81077e0 0x7efcb8109bd0 unknown :-1 s=HELLO_CONNECTING pgs=0 cs=0 l=0 rev1=1 crypto rx=0 tx=0 comp rx=0 tx=0).handle_hello peer v2:172.21.15.59:3300/0 says I am v2:172.21.15.59:59900/0 (socket says 172.21.15.59:59900)
2023-12-11T17:37:50.748 INFO:teuthology.orchestra.run.smithi059.stdout:/usr/bin/ceph: stderr
2023-12-11T17:37:49.384+0000 7efcb77fe700 1 -- 172.21.15.59:0/3414968596 learned_addr learned my addr 172.21.15.59:0/3414968596 (peer_addr_for_me v2:172.21.15.59:0/0)
2023-12-11T17:37:50.748 INFO:teuthology.orchestra.run.smithi059.stdout:/usr/bin/ceph: stderr
2023-12-11T17:37:49.384+0000 7efcb77fe700 1 -- 172.21.15.59:0/3414968596 --> [v2:172.21.15.59:3300/0,v1:172.21.15.59:6789/0] -- mon_subscribe({config=0+,monmap=0+}) v3 -- 0x7efcb810a110 con 0x7efcb81077e0
2023-12-11T17:37:50.748 INFO:teuthology.orchestra.run.smithi059.stdout:/usr/bin/ceph: stderr
2023-12-11T17:37:49.384+0000 7efcb77fe700 1 --2- 172.21.15.59:0/3414968596 >> [v2:172.21.15.59:3300/0,v1:172.21.15.59:6789/0] conn(0x7efcb81077e0 0x7efcb8109bd0 secure :-1 s=READY pgs=39 cs=0 l=1 rev1=1 crypto rx=0x7efca80098a0 tx=0x7efca8009bb0 comp rx=0 tx=0).ready entity=mon.0 client_cookie=95a2c4dd0bcc63ea server_cookie=0 in_seq=0 out_seq=0
2023-12-11T17:37:50.748 INFO:teuthology.orchestra.run.smithi059.stdout:/usr/bin/ceph: stderr
2023-12-11T17:37:49.384+0000 7efcb67fc700 1 -- 172.21.15.59:0/3414968596 <== mon.0 v2:172.21.15.59:3300/0 1 ==== mon_map magic: 0 v1 ==== 205+0+0 (secure 0 0 0) 0x7efca8004160 con 0x7efcb81077e0
2023-12-11T17:37:50.748 INFO:teuthology.orchestra.run.smithi059.stdout:/usr/bin/ceph: stderr
2023-12-11T17:37:49.384+0000 7efcb67fc700 1 -- 172.21.15.59:0/3414968596 <== mon.0 v2:172.21.15.59:3300/0 2 ==== config(26 keys) v1 ==== 1074+0+0 (secure 0 0 0) 0x7efca80042c0 con 0x7efcb81077e0
2023-12-11T17:37:50.748 INFO:teuthology.orchestra.run.smithi059.stdout:/usr/bin/ceph: stderr
2023-12-11T17:37:49.384+0000 7efcb67fc700 1 -- 172.21.15.59:0/3414968596 <== mon.0 v2:172.21.15.59:3300/0 3 ==== mon_map magic: 0 v1 ==== 205+0+0 (secure 0 0 0) 0x7efca8011a00 con 0x7efcb81077e0
2023-12-11T17:37:50.748 INFO:teuthology.orchestra.run.smithi059.stdout:/usr/bin/ceph: stderr
2023-12-11T17:37:49.385+0000 7efcbdfc0700 1 -- 172.21.15.59:0/3414968596 >> [v2:172.21.15.59:3300/0,v1:172.21.15.59:6789/0] conn(0x7efcb81077e0 msgr2=0x7efcb8109bd0 secure :-1 s=STATE_CONNECTION_ESTABLISHED l=1).mark_down
2023-12-11T17:37:50.748 INFO:teuthology.orchestra.run.smithi059.stdout:/usr/bin/ceph: stderr
2023-12-11T17:37:49.385+0000 7efcbdfc0700 1 --2- 172.21.15.59:0/3414968596 >> [v2:172.21.15.59:3300/0,v1:172.21.15.59:6789/0] conn(0x7efcb81077e0 0x7efcb8109bd0 secure :-1 s=READY pgs=39 cs=0 l=1 rev1=1 crypto rx=0x7efca80098a0 tx=0x7efca8009bb0 comp rx=0 tx=0).stop
2023-12-11T17:37:50.749 INFO:teuthology.orchestra.run.smithi059.stdout:/usr/bin/ceph: stderr
2023-12-11T17:37:49.385+0000 7efcbdfc0700 1 -- 172.21.15.59:0/3414968596 shutdown_connections
2023-12-11T17:37:50.749 INFO:teuthology.orchestra.run.smithi059.stdout:/usr/bin/ceph: stderr
2023-12-11T17:37:49.385+0000 7efcbdfc0700 1 --2- 172.21.15.59:0/3414968596 >> [v2:172.21.15.59:3300/0,v1:172.21.15.59:6789/0] conn(0x7efcb81077e0 0x7efcb8109bd0 unknown :-1 s=CLOSED pgs=39 cs=0 l=1 rev1=1 crypto rx=0 tx=0 comp rx=0 tx=0).stop
2023-12-11T17:37:50.749 INFO:teuthology.orchestra.run.smithi059.stdout:/usr/bin/ceph: stderr
2023-12-11T17:37:49.385+0000 7efcbdfc0700 1 -- 172.21.15.59:0/3414968596 >> 172.21.15.59:0/3414968596 conn(0x7efcb81011d0 msgr2=0x7efcb81035f0 unknown :-1 s=STATE_NONE l=0).mark_down
2023-12-11T17:37:50.749 INFO:teuthology.orchestra.run.smithi059.stdout:/usr/bin/ceph: stderr
2023-12-11T17:37:49.385+0000 7efcbdfc0700 1 -- 172.21.15.59:0/3414968596 shutdown_connections
2023-12-11T17:37:50.749 INFO:teuthology.orchestra.run.smithi059.stdout:/usr/bin/ceph: stderr
2023-12-11T17:37:49.385+0000 7efcbdfc0700 1 -- 172.21.15.59:0/3414968596 wait complete.
2023-12-11T17:37:50.749 INFO:teuthology.orchestra.run.smithi059.stdout:/usr/bin/ceph: stderr
2023-12-11T17:37:49.386+0000 7efcbdfc0700 1 Processor -- start
2023-12-11T17:37:50.749 INFO:teuthology.orchestra.run.smithi059.stdout:/usr/bin/ceph: stderr
2023-12-11T17:37:49.386+0000 7efcbdfc0700 1 -- start start
2023-12-11T17:37:50.749 INFO:teuthology.orchestra.run.smithi059.stdout:/usr/bin/ceph: stderr
2023-12-11T17:37:49.386+0000 7efcbdfc0700 1 --2- >> [v2:172.21.15.59:3300/0,v1:172.21.15.59:6789/0] conn(0x7efcb81077e0 0x7efcb819ab40 unknown :-1 s=NONE pgs=0 cs=0 l=1 rev1=0 crypto rx=0 tx=0 comp rx=0 tx=0).connect
2023-12-11T17:37:50.749 INFO:teuthology.orchestra.run.smithi059.stdout:/usr/bin/ceph: stderr
2023-12-11T17:37:49.386+0000 7efcbdfc0700 1 -- --> [v2:172.21.15.59:3300/0,v1:172.21.15.59:6789/0] -- mon_getmap magic: 0 v1 -- 0x7efcb819b080 con 0x7efcb81077e0
2023-12-11T17:37:50.749 INFO:teuthology.orchestra.run.smithi059.stdout:/usr/bin/ceph: stderr
2023-12-11T17:37:49.386+0000 7efcb77fe700 1 --2- >> [v2:172.21.15.59:3300/0,v1:172.21.15.59:6789/0] conn(0x7efcb81077e0 0x7efcb819ab40 unknown :-1 s=BANNER_CONNECTING pgs=0 cs=0 l=1 rev1=0 crypto rx=0 tx=0 comp rx=0 tx=0)._handle_peer_banner_payload supported=3 required=0
2023-12-11T17:37:50.749 INFO:teuthology.orchestra.run.smithi059.stdout:/usr/bin/ceph: stderr
2023-12-11T17:37:49.386+0000 7efcb77fe700 1 --2- >> [v2:172.21.15.59:3300/0,v1:172.21.15.59:6789/0] conn(0x7efcb81077e0 0x7efcb819ab40 unknown :-1 s=HELLO_CONNECTING pgs=0 cs=0 l=1 rev1=1 crypto rx=0 tx=0 comp rx=0 tx=0).handle_hello peer v2:172.21.15.59:3300/0 says I am v2:172.21.15.59:59902/0 (socket says 172.21.15.59:59902)
2023-12-11T17:37:50.749 INFO:teuthology.orchestra.run.smithi059.stdout:/usr/bin/ceph: stderr
2023-12-11T17:37:49.386+0000 7efcb77fe700 1 -- 172.21.15.59:0/23329273 learned_addr learned my addr 172.21.15.59:0/23329273 (peer_addr_for_me v2:172.21.15.59:0/0)
2023-12-11T17:37:50.749 INFO:teuthology.orchestra.run.smithi059.stdout:/usr/bin/ceph: stderr
2023-12-11T17:37:49.387+0000 7efcb77fe700 1 -- 172.21.15.59:0/23329273 --> [v2:172.21.15.59:3300/0,v1:172.21.15.59:6789/0] -- mon_subscribe({config=0+,monmap=0+}) v3 -- 0x7efca8009550 con 0x7efcb81077e0
2023-12-11T17:37:50.749 INFO:teuthology.orchestra.run.smithi059.stdout:/usr/bin/ceph: stderr
2023-12-11T17:37:49.387+0000 7efcb77fe700 1 --2- 172.21.15.59:0/23329273 >> [v2:172.21.15.59:3300/0,v1:172.21.15.59:6789/0] conn(0x7efcb81077e0 0x7efcb819ab40 secure :-1 s=READY pgs=40 cs=0 l=1 rev1=1 crypto rx=0x7efca8009130 tx=0x7efca8011ad0 comp rx=0 tx=0).ready entity=mon.0 client_cookie=0 server_cookie=0 in_seq=0 out_seq=0
2023-12-11T17:37:50.750 INFO:teuthology.orchestra.run.smithi059.stdout:/usr/bin/ceph: stderr
2023-12-11T17:37:49.387+0000 7efcb4ff9700 1 -- 172.21.15.59:0/23329273 <== mon.0 v2:172.21.15.59:3300/0 1 ==== mon_map magic: 0 v1 ==== 205+0+0 (secure 0 0 0) 0x7efca8003b70 con 0x7efcb81077e0
2023-12-11T17:37:50.750 INFO:teuthology.orchestra.run.smithi059.stdout:/usr/bin/ceph: stderr
2023-12-11T17:37:49.387+0000 7efcb4ff9700 1 -- 172.21.15.59:0/23329273 <== mon.0 v2:172.21.15.59:3300/0 2 ==== config(26 keys) v1 ==== 1074+0+0 (secure 0 0 0) 0x7efca8003cd0 con 0x7efcb81077e0
2023-12-11T17:37:50.750 INFO:teuthology.orchestra.run.smithi059.stdout:/usr/bin/ceph: stderr
2023-12-11T17:37:49.387+0000 7efcbdfc0700 1 -- 172.21.15.59:0/23329273 --> [v2:172.21.15.59:3300/0,v1:172.21.15.59:6789/0] -- mon_subscribe({mgrmap=0+}) v3 -- 0x7efcb819b280 con 0x7efcb81077e0
2023-12-11T17:37:50.750 INFO:teuthology.orchestra.run.smithi059.stdout:/usr/bin/ceph: stderr
2023-12-11T17:37:49.387+0000 7efcb4ff9700 1 -- 172.21.15.59:0/23329273 <== mon.0 v2:172.21.15.59:3300/0 3 ==== mon_map magic: 0 v1 ==== 205+0+0 (secure 0 0 0) 0x7efca80197d0 con 0x7efcb81077e0
2023-12-11T17:37:50.750 INFO:teuthology.orchestra.run.smithi059.stdout:/usr/bin/ceph: stderr
2023-12-11T17:37:49.387+0000 7efcbdfc0700 1 -- 172.21.15.59:0/23329273 --> [v2:172.21.15.59:3300/0,v1:172.21.15.59:6789/0] -- mon_subscribe({osdmap=0}) v3 -- 0x7efcb819bde0 con 0x7efcb81077e0
2023-12-11T17:37:50.750 INFO:teuthology.orchestra.run.smithi059.stdout:/usr/bin/ceph: stderr
2023-12-11T17:37:49.388+0000 7efcb4ff9700 1 -- 172.21.15.59:0/23329273 <== mon.0 v2:172.21.15.59:3300/0 4 ==== mgrmap(e 8) v1 ==== 45580+0+0 (secure 0 0 0) 0x7efca8019a10 con 0x7efcb81077e0
2023-12-11T17:37:50.750 INFO:teuthology.orchestra.run.smithi059.stdout:/usr/bin/ceph: stderr
2023-12-11T17:37:49.388+0000 7efcb4ff9700 1 --2- 172.21.15.59:0/23329273 >> [v2:172.21.15.59:6800/1259916482,v1:172.21.15.59:6801/1259916482] conn(0x7efca0038820 0x7efca003ace0 unknown :-1 s=NONE pgs=0 cs=0 l=1 rev1=0 crypto rx=0 tx=0 comp rx=0 tx=0).connect
2023-12-11T17:37:50.750 INFO:teuthology.orchestra.run.smithi059.stdout:/usr/bin/ceph: stderr
2023-12-11T17:37:49.388+0000 7efcb4ff9700 1 -- 172.21.15.59:0/23329273 <== mon.0 v2:172.21.15.59:3300/0 5 ==== osd_map(2..2 src has 1..2) v4 ==== 940+0+0 (secure 0 0 0) 0x7efca804cab0 con 0x7efcb81077e0
2023-12-11T17:37:50.750 INFO:teuthology.orchestra.run.smithi059.stdout:/usr/bin/ceph: stderr
2023-12-11T17:37:49.388+0000 7efcbdfc0700 1 -- 172.21.15.59:0/23329273 --> [v2:172.21.15.59:3300/0,v1:172.21.15.59:6789/0] -- mon_command({"prefix": "get_command_descriptions"} v 0) v1 -- 0x7efcb8062c00 con 0x7efcb81077e0
2023-12-11T17:37:50.750 INFO:teuthology.orchestra.run.smithi059.stdout:/usr/bin/ceph: stderr
2023-12-11T17:37:49.388+0000 7efcb6ffd700 1 --2- 172.21.15.59:0/23329273 >> [v2:172.21.15.59:6800/1259916482,v1:172.21.15.59:6801/1259916482] conn(0x7efca0038820 0x7efca003ace0 unknown :-1 s=BANNER_CONNECTING pgs=0 cs=0 l=1 rev1=0 crypto rx=0 tx=0 comp rx=0 tx=0)._handle_peer_banner_payload supported=3 required=0
2023-12-11T17:37:50.750 INFO:teuthology.orchestra.run.smithi059.stdout:/usr/bin/ceph: stderr
2023-12-11T17:37:49.389+0000 7efcb6ffd700 1 --2- 172.21.15.59:0/23329273 >> [v2:172.21.15.59:6800/1259916482,v1:172.21.15.59:6801/1259916482] conn(0x7efca0038820 0x7efca003ace0 secure :-1 s=READY pgs=9 cs=0 l=1 rev1=1 crypto rx=0x7efcac006fd0 tx=0x7efcac006e40 comp rx=0 tx=0).ready entity=mgr.14118 client_cookie=0 server_cookie=0 in_seq=0 out_seq=0
2023-12-11T17:37:50.750 INFO:teuthology.orchestra.run.smithi059.stdout:/usr/bin/ceph: stderr
2023-12-11T17:37:49.393+0000 7efcb4ff9700 1 -- 172.21.15.59:0/23329273 <== mon.0 v2:172.21.15.59:3300/0 6 ==== mon_command_ack([{"prefix": "get_command_descriptions"}]=0 v0) v1 ==== 72+0+180949 (secure 0 0 0) 0x7efca8018db0 con 0x7efcb81077e0
2023-12-11T17:37:50.750 INFO:teuthology.orchestra.run.smithi059.stdout:/usr/bin/ceph: stderr
2023-12-11T17:37:49.761+0000 7efcbdfc0700 1 -- 172.21.15.59:0/23329273 --> [v2:172.21.15.59:6800/1259916482,v1:172.21.15.59:6801/1259916482] -- mgr_command(tid 0: {"prefix": "cephadm generate-key", "target": ["mon-mgr", ""]}) v1 -- 0x7efcb8102420 con 0x7efca0038820
2023-12-11T17:37:50.750 INFO:teuthology.orchestra.run.smithi059.stdout:/usr/bin/ceph: stderr
2023-12-11T17:37:50.361+0000 7efcb4ff9700 1 -- 172.21.15.59:0/23329273 <== mgr.14118 v2:172.21.15.59:6800/1259916482 1 ==== mgr_command_reply(tid 0: 0 ) v1 ==== 8+0+0 (secure 0 0 0) 0x7efcb8102420 con 0x7efca0038820
2023-12-11T17:37:50.751 INFO:teuthology.orchestra.run.smithi059.stdout:/usr/bin/ceph: stderr
2023-12-11T17:37:50.363+0000 7efcbdfc0700 1 -- 172.21.15.59:0/23329273 >> [v2:172.21.15.59:6800/1259916482,v1:172.21.15.59:6801/1259916482] conn(0x7efca0038820 msgr2=0x7efca003ace0 secure :-1 s=STATE_CONNECTION_ESTABLISHED l=1).mark_down
2023-12-11T17:37:50.751 INFO:teuthology.orchestra.run.smithi059.stdout:/usr/bin/ceph: stderr
2023-12-11T17:37:50.363+0000 7efcbdfc0700 1 --2- 172.21.15.59:0/23329273 >> [v2:172.21.15.59:6800/1259916482,v1:172.21.15.59:6801/1259916482] conn(0x7efca0038820 0x7efca003ace0 secure :-1 s=READY pgs=9 cs=0 l=1 rev1=1 crypto rx=0x7efcac006fd0 tx=0x7efcac006e40 comp rx=0 tx=0).stop
2023-12-11T17:37:50.751 INFO:teuthology.orchestra.run.smithi059.stdout:/usr/bin/ceph: stderr
2023-12-11T17:37:50.363+0000 7efcbdfc0700 1 -- 172.21.15.59:0/23329273 >> [v2:172.21.15.59:3300/0,v1:172.21.15.59:6789/0] conn(0x7efcb81077e0 msgr2=0x7efcb819ab40 secure :-1 s=STATE_CONNECTION_ESTABLISHED l=1).mark_down
2023-12-11T17:37:50.751 INFO:teuthology.orchestra.run.smithi059.stdout:/usr/bin/ceph: stderr
2023-12-11T17:37:50.363+0000 7efcbdfc0700 1 --2- 172.21.15.59:0/23329273 >> [v2:172.21.15.59:3300/0,v1:172.21.15.59:6789/0] conn(0x7efcb81077e0 0x7efcb819ab40 secure :-1 s=READY pgs=40 cs=0 l=1 rev1=1 crypto rx=0x7efca8009130 tx=0x7efca8011ad0 comp rx=0 tx=0).stop
2023-12-11T17:37:50.751 INFO:teuthology.orchestra.run.smithi059.stdout:/usr/bin/ceph: stderr
2023-12-11T17:37:50.363+0000 7efcbdfc0700 1 -- 172.21.15.59:0/23329273 shutdown_connections
2023-12-11T17:37:50.751 INFO:teuthology.orchestra.run.smithi059.stdout:/usr/bin/ceph: stderr
2023-12-11T17:37:50.363+0000 7efcbdfc0700 1 --2- 172.21.15.59:0/23329273 >> [v2:172.21.15.59:6800/1259916482,v1:172.21.15.59:6801/1259916482] conn(0x7efca0038820 0x7efca003ace0 unknown :-1 s=CLOSED pgs=9 cs=0 l=1 rev1=1 crypto rx=0 tx=0 comp rx=0 tx=0).stop
2023-12-11T17:37:50.751 INFO:teuthology.orchestra.run.smithi059.stdout:/usr/bin/ceph: stderr
2023-12-11T17:37:50.363+0000 7efcbdfc0700 1 --2- 172.21.15.59:0/23329273 >> [v2:172.21.15.59:3300/0,v1:172.21.15.59:6789/0] conn(0x7efcb81077e0 0x7efcb819ab40 unknown :-1 s=CLOSED pgs=40 cs=0 l=1 rev1=1 crypto rx=0 tx=0 comp rx=0 tx=0).stop
2023-12-11T17:37:50.751 INFO:teuthology.orchestra.run.smithi059.stdout:/usr/bin/ceph: stderr
2023-12-11T17:37:50.363+0000 7efcbdfc0700 1 -- 172.21.15.59:0/23329273 >> 172.21.15.59:0/23329273 conn(0x7efcb81011d0 msgr2=0x7efcb8101d10 unknown :-1 s=STATE_NONE l=0).mark_down
2023-12-11T17:37:50.751 INFO:teuthology.orchestra.run.smithi059.stdout:/usr/bin/ceph: stderr
2023-12-11T17:37:50.363+0000 7efcbdfc0700 1 -- 172.21.15.59:0/23329273 shutdown_connections
2023-12-11T17:37:50.751 INFO:teuthology.orchestra.run.smithi059.stdout:/usr/bin/ceph: stderr
2023-12-11T17:37:50.364+0000 7efcbdfc0700 1 -- 172.21.15.59:0/23329273 wait complete.
2023-12-11T17:37:51.615 INFO:journalctl@ceph.mon.a.smithi059.stdout:Dec 11 17:37:51 smithi059 ceph-mon[98847]: from='client.14134 -' entity='client.admin' cmd=[{"prefix": "cephadm generate-key", "target": ["mon-mgr", ""]}]: dispatch
2023-12-11T17:37:51.615 INFO:journalctl@ceph.mon.a.smithi059.stdout:Dec 11 17:37:51 smithi059 ceph-mon[98847]: Generating ssh key...
2023-12-11T17:37:51.616 INFO:journalctl@ceph.mon.a.smithi059.stdout:Dec 11 17:37:51 smithi059 ceph-mon[98847]: from='mgr.14118 172.21.15.59:0/103440859' entity='mgr.x'
2023-12-11T17:37:51.616 INFO:journalctl@ceph.mon.a.smithi059.stdout:Dec 11 17:37:51 smithi059 ceph-mon[98847]: from='mgr.14118 172.21.15.59:0/103440859' entity='mgr.x'
2023-12-11T17:37:51.994 INFO:teuthology.orchestra.run.smithi059.stdout:/usr/bin/ceph: stdout ssh-rsa AAAAB3NzaC1yc2EAAAADAQABAAABgQC2X706m8ehaO/BbVOxHH3AThaWP+IN5sgEq68TzOH8k4qte1+vTAM5nclfi8bYYPoqPCJyrIft9nDQ0rwwGMhMc0pLDw+2Ie6Zlhv80pu8vIL4zshzxFi7o2TEmqc3NYqxrrY234BygnfBzOmsQcNEyHJk8IcswJr4aVN8ucE2HdbBxLLNNW5wnPV1pj95SdY5Jo45PEi620bCuWt2D/Qmc+bUDZOCKUYg0GGKOGzTS9+Oo4uDX1PcByW+zPG+AHLaFcmiyJ+3GdvTNvC0R2LsEaWAAdMR5bMftpbRt0Bl/TOqneIQwxEWocC0HKNDRF3g6aqQgwJ8JnJ1moU6Y7P3zzsKbit0tSYBD5geSFJyfuJ6J4dAHQ5E7pbdqpWyWWCB4ibSM00dopweUBbTw5HxTLo2bTbMBZL41RjL2nGHKX3LFQpdHpQqmDCS7N4IMtg5hz8byUvMhDkmqeAvR0S2LVfV8+trGlnDSGTXllm+sw3Y6VUDxflb00QESSncRS0= ceph-d0a07eaa-984b-11ee-95a3-87774f69a715
2023-12-11T17:37:51.994 INFO:teuthology.orchestra.run.smithi059.stdout:/usr/bin/ceph: stderr
2023-12-11T17:37:51.210+0000 7fd3dbc74700 1 Processor -- start
2023-12-11T17:37:51.994 INFO:teuthology.orchestra.run.smithi059.stdout:/usr/bin/ceph: stderr
2023-12-11T17:37:51.210+0000 7fd3dbc74700 1 -- start start
2023-12-11T17:37:51.994 INFO:teuthology.orchestra.run.smithi059.stdout:/usr/bin/ceph: stderr
2023-12-11T17:37:51.210+0000 7fd3dbc74700 1 --2- >> [v2:172.21.15.59:3300/0,v1:172.21.15.59:6789/0] conn(0x7fd3d4105be0 0x7fd3d4106000 unknown :-1 s=NONE pgs=0 cs=0 l=0 rev1=0 crypto rx=0 tx=0 comp rx=0 tx=0).connect
2023-12-11T17:37:51.994 INFO:teuthology.orchestra.run.smithi059.stdout:/usr/bin/ceph: stderr
2023-12-11T17:37:51.210+0000 7fd3dbc74700 1 -- --> [v2:172.21.15.59:3300/0,v1:172.21.15.59:6789/0] -- mon_getmap magic: 0 v1 -- 0x7fd3d41065d0 con 0x7fd3d4105be0
2023-12-11T17:37:51.994 INFO:teuthology.orchestra.run.smithi059.stdout:/usr/bin/ceph: stderr
2023-12-11T17:37:51.210+0000 7fd3d9a10700 1 --2- >> [v2:172.21.15.59:3300/0,v1:172.21.15.59:6789/0] conn(0x7fd3d4105be0 0x7fd3d4106000 unknown :-1 s=BANNER_CONNECTING pgs=0 cs=0 l=0 rev1=0 crypto rx=0 tx=0 comp rx=0 tx=0)._handle_peer_banner_payload supported=3 required=0
2023-12-11T17:37:51.994 INFO:teuthology.orchestra.run.smithi059.stdout:/usr/bin/ceph: stderr
2023-12-11T17:37:51.210+0000 7fd3d9a10700 1 --2- >> [v2:172.21.15.59:3300/0,v1:172.21.15.59:6789/0] conn(0x7fd3d4105be0 0x7fd3d4106000 unknown :-1 s=HELLO_CONNECTING pgs=0 cs=0 l=0 rev1=1 crypto rx=0 tx=0 comp rx=0 tx=0).handle_hello peer v2:172.21.15.59:3300/0 says I am v2:172.21.15.59:59906/0 (socket says 172.21.15.59:59906)
2023-12-11T17:37:51.995 INFO:teuthology.orchestra.run.smithi059.stdout:/usr/bin/ceph: stderr
2023-12-11T17:37:51.210+0000 7fd3d9a10700 1 -- 172.21.15.59:0/681744823 learned_addr learned my addr 172.21.15.59:0/681744823 (peer_addr_for_me v2:172.21.15.59:0/0)
2023-12-11T17:37:51.995 INFO:teuthology.orchestra.run.smithi059.stdout:/usr/bin/ceph: stderr
2023-12-11T17:37:51.210+0000 7fd3d9a10700 1 -- 172.21.15.59:0/681744823 --> [v2:172.21.15.59:3300/0,v1:172.21.15.59:6789/0] -- mon_subscribe({config=0+,monmap=0+}) v3 -- 0x7fd3d4106de0 con 0x7fd3d4105be0
2023-12-11T17:37:51.995 INFO:teuthology.orchestra.run.smithi059.stdout:/usr/bin/ceph: stderr
2023-12-11T17:37:51.211+0000 7fd3d9a10700 1 --2- 172.21.15.59:0/681744823 >> [v2:172.21.15.59:3300/0,v1:172.21.15.59:6789/0] conn(0x7fd3d4105be0 0x7fd3d4106000 secure :-1 s=READY pgs=41 cs=0 l=1 rev1=1 crypto rx=0x7fd3d00098a0 tx=0x7fd3d0009bb0 comp rx=0 tx=0).ready entity=mon.0 client_cookie=24ee181583269fe5 server_cookie=0 in_seq=0 out_seq=0
2023-12-11T17:37:51.995 INFO:teuthology.orchestra.run.smithi059.stdout:/usr/bin/ceph: stderr
2023-12-11T17:37:51.211+0000 7fd3d8a0e700 1 -- 172.21.15.59:0/681744823 <== mon.0 v2:172.21.15.59:3300/0 1 ==== mon_map magic: 0 v1 ==== 205+0+0 (secure 0 0 0) 0x7fd3d0004160 con 0x7fd3d4105be0
2023-12-11T17:37:51.995 INFO:teuthology.orchestra.run.smithi059.stdout:/usr/bin/ceph: stderr
2023-12-11T17:37:51.211+0000 7fd3d8a0e700 1 -- 172.21.15.59:0/681744823 <== mon.0 v2:172.21.15.59:3300/0 2 ==== config(26 keys) v1 ==== 1074+0+0 (secure 0 0 0) 0x7fd3d00042c0 con 0x7fd3d4105be0
2023-12-11T17:37:51.995 INFO:teuthology.orchestra.run.smithi059.stdout:/usr/bin/ceph: stderr
2023-12-11T17:37:51.211+0000 7fd3d8a0e700 1 -- 172.21.15.59:0/681744823 <== mon.0 v2:172.21.15.59:3300/0 3 ==== mon_map magic: 0 v1 ==== 205+0+0 (secure 0 0 0) 0x7fd3d0011a00 con 0x7fd3d4105be0
2023-12-11T17:37:51.995 INFO:teuthology.orchestra.run.smithi059.stdout:/usr/bin/ceph: stderr
2023-12-11T17:37:51.211+0000 7fd3dbc74700 1 -- 172.21.15.59:0/681744823 >> [v2:172.21.15.59:3300/0,v1:172.21.15.59:6789/0] conn(0x7fd3d4105be0 msgr2=0x7fd3d4106000 secure :-1 s=STATE_CONNECTION_ESTABLISHED l=1).mark_down
2023-12-11T17:37:51.995 INFO:teuthology.orchestra.run.smithi059.stdout:/usr/bin/ceph: stderr
2023-12-11T17:37:51.211+0000 7fd3dbc74700 1 --2- 172.21.15.59:0/681744823 >> [v2:172.21.15.59:3300/0,v1:172.21.15.59:6789/0] conn(0x7fd3d4105be0 0x7fd3d4106000 secure :-1 s=READY pgs=41 cs=0 l=1 rev1=1 crypto rx=0x7fd3d00098a0 tx=0x7fd3d0009bb0 comp rx=0 tx=0).stop
2023-12-11T17:37:51.995 INFO:teuthology.orchestra.run.smithi059.stdout:/usr/bin/ceph: stderr
2023-12-11T17:37:51.211+0000 7fd3dbc74700 1 -- 172.21.15.59:0/681744823 shutdown_connections
2023-12-11T17:37:51.995 INFO:teuthology.orchestra.run.smithi059.stdout:/usr/bin/ceph: stderr
2023-12-11T17:37:51.211+0000 7fd3dbc74700 1 --2- 172.21.15.59:0/681744823 >> [v2:172.21.15.59:3300/0,v1:172.21.15.59:6789/0] conn(0x7fd3d4105be0 0x7fd3d4106000 unknown :-1 s=CLOSED pgs=41 cs=0 l=1 rev1=1 crypto rx=0 tx=0 comp rx=0 tx=0).stop
2023-12-11T17:37:51.995 INFO:teuthology.orchestra.run.smithi059.stdout:/usr/bin/ceph: stderr
2023-12-11T17:37:51.211+0000 7fd3dbc74700 1 -- 172.21.15.59:0/681744823 >> 172.21.15.59:0/681744823 conn(0x7fd3d4101160 msgr2=0x7fd3d41035c0 unknown :-1 s=STATE_NONE l=0).mark_down
2023-12-11T17:37:51.995 INFO:teuthology.orchestra.run.smithi059.stdout:/usr/bin/ceph: stderr
2023-12-11T17:37:51.212+0000 7fd3dbc74700 1 -- 172.21.15.59:0/681744823 shutdown_connections
2023-12-11T17:37:51.995 INFO:teuthology.orchestra.run.smithi059.stdout:/usr/bin/ceph: stderr
2023-12-11T17:37:51.212+0000 7fd3dbc74700 1 -- 172.21.15.59:0/681744823 wait complete.
2023-12-11T17:37:51.996 INFO:teuthology.orchestra.run.smithi059.stdout:/usr/bin/ceph: stderr
2023-12-11T17:37:51.212+0000 7fd3dbc74700 1 Processor -- start
2023-12-11T17:37:51.996 INFO:teuthology.orchestra.run.smithi059.stdout:/usr/bin/ceph: stderr
2023-12-11T17:37:51.212+0000 7fd3dbc74700 1 -- start start
2023-12-11T17:37:51.996 INFO:teuthology.orchestra.run.smithi059.stdout:/usr/bin/ceph: stderr
2023-12-11T17:37:51.212+0000 7fd3dbc74700 1 --2- >> [v2:172.21.15.59:3300/0,v1:172.21.15.59:6789/0] conn(0x7fd3d4105be0 0x7fd3d419ab90 unknown :-1 s=NONE pgs=0 cs=0 l=1 rev1=0 crypto rx=0 tx=0 comp rx=0 tx=0).connect
2023-12-11T17:37:51.996 INFO:teuthology.orchestra.run.smithi059.stdout:/usr/bin/ceph: stderr
2023-12-11T17:37:51.212+0000 7fd3dbc74700 1 -- --> [v2:172.21.15.59:3300/0,v1:172.21.15.59:6789/0] -- mon_getmap magic: 0 v1 -- 0x7fd3d419b0d0 con 0x7fd3d4105be0
2023-12-11T17:37:51.996 INFO:teuthology.orchestra.run.smithi059.stdout:/usr/bin/ceph: stderr
2023-12-11T17:37:51.212+0000 7fd3d9a10700 1 --2- >> [v2:172.21.15.59:3300/0,v1:172.21.15.59:6789/0] conn(0x7fd3d4105be0 0x7fd3d419ab90 unknown :-1 s=BANNER_CONNECTING pgs=0 cs=0 l=1 rev1=0 crypto rx=0 tx=0 comp rx=0 tx=0)._handle_peer_banner_payload supported=3 required=0
2023-12-11T17:37:51.996 INFO:teuthology.orchestra.run.smithi059.stdout:/usr/bin/ceph: stderr
2023-12-11T17:37:51.212+0000 7fd3d9a10700 1 --2- >> [v2:172.21.15.59:3300/0,v1:172.21.15.59:6789/0] conn(0x7fd3d4105be0 0x7fd3d419ab90 unknown :-1 s=HELLO_CONNECTING pgs=0 cs=0 l=1 rev1=1 crypto rx=0 tx=0 comp rx=0 tx=0).handle_hello peer v2:172.21.15.59:3300/0 says I am v2:172.21.15.59:59908/0 (socket says 172.21.15.59:59908)
2023-12-11T17:37:51.996 INFO:teuthology.orchestra.run.smithi059.stdout:/usr/bin/ceph: stderr
2023-12-11T17:37:51.212+0000 7fd3d9a10700 1 -- 172.21.15.59:0/3993641603 learned_addr learned my addr 172.21.15.59:0/3993641603 (peer_addr_for_me v2:172.21.15.59:0/0)
2023-12-11T17:37:51.996 INFO:teuthology.orchestra.run.smithi059.stdout:/usr/bin/ceph: stderr
2023-12-11T17:37:51.213+0000 7fd3d9a10700 1 -- 172.21.15.59:0/3993641603 --> [v2:172.21.15.59:3300/0,v1:172.21.15.59:6789/0] -- mon_subscribe({config=0+,monmap=0+}) v3 -- 0x7fd3d0009550 con 0x7fd3d4105be0
2023-12-11T17:37:51.996 INFO:teuthology.orchestra.run.smithi059.stdout:/usr/bin/ceph: stderr
2023-12-11T17:37:51.213+0000 7fd3d9a10700 1 --2- 172.21.15.59:0/3993641603 >> [v2:172.21.15.59:3300/0,v1:172.21.15.59:6789/0] conn(0x7fd3d4105be0 0x7fd3d419ab90 secure :-1 s=READY pgs=42 cs=0 l=1 rev1=1 crypto rx=0x7fd3d0011710 tx=0x7fd3d0011ad0 comp rx=0 tx=0).ready entity=mon.0 client_cookie=0 server_cookie=0 in_seq=0 out_seq=0
2023-12-11T17:37:51.996 INFO:teuthology.orchestra.run.smithi059.stdout:/usr/bin/ceph: stderr
2023-12-11T17:37:51.213+0000 7fd3caffd700 1 -- 172.21.15.59:0/3993641603 <== mon.0 v2:172.21.15.59:3300/0 1 ==== mon_map magic: 0 v1 ==== 205+0+0 (secure 0 0 0) 0x7fd3d0003aa0 con 0x7fd3d4105be0
2023-12-11T17:37:51.996 INFO:teuthology.orchestra.run.smithi059.stdout:/usr/bin/ceph: stderr
2023-12-11T17:37:51.213+0000 7fd3caffd700 1 -- 172.21.15.59:0/3993641603 <== mon.0 v2:172.21.15.59:3300/0 2 ==== config(26 keys) v1 ==== 1074+0+0 (secure 0 0 0) 0x7fd3d0003c00 con 0x7fd3d4105be0
2023-12-11T17:37:51.996 INFO:teuthology.orchestra.run.smithi059.stdout:/usr/bin/ceph: stderr
2023-12-11T17:37:51.213+0000 7fd3dbc74700 1 -- 172.21.15.59:0/3993641603 --> [v2:172.21.15.59:3300/0,v1:172.21.15.59:6789/0] -- mon_subscribe({mgrmap=0+}) v3 -- 0x7fd3d419b2d0 con 0x7fd3d4105be0
2023-12-11T17:37:51.996 INFO:teuthology.orchestra.run.smithi059.stdout:/usr/bin/ceph: stderr
2023-12-11T17:37:51.213+0000 7fd3caffd700 1 -- 172.21.15.59:0/3993641603 <== mon.0 v2:172.21.15.59:3300/0 3 ==== mon_map magic: 0 v1 ==== 205+0+0 (secure 0 0 0) 0x7fd3d0024800 con 0x7fd3d4105be0
2023-12-11T17:37:51.996 INFO:teuthology.orchestra.run.smithi059.stdout:/usr/bin/ceph: stderr
2023-12-11T17:37:51.213+0000 7fd3dbc74700 1 -- 172.21.15.59:0/3993641603 --> [v2:172.21.15.59:3300/0,v1:172.21.15.59:6789/0] -- mon_subscribe({osdmap=0}) v3 -- 0x7fd3d419be30 con 0x7fd3d4105be0
2023-12-11T17:37:51.997 INFO:teuthology.orchestra.run.smithi059.stdout:/usr/bin/ceph: stderr
2023-12-11T17:37:51.214+0000 7fd3caffd700 1 -- 172.21.15.59:0/3993641603 <== mon.0 v2:172.21.15.59:3300/0 4 ==== mgrmap(e 8) v1 ==== 45580+0+0 (secure 0 0 0) 0x7fd3d001a430 con 0x7fd3d4105be0
2023-12-11T17:37:51.997 INFO:teuthology.orchestra.run.smithi059.stdout:/usr/bin/ceph: stderr
2023-12-11T17:37:51.214+0000 7fd3dbc74700 1 -- 172.21.15.59:0/3993641603 --> [v2:172.21.15.59:3300/0,v1:172.21.15.59:6789/0] -- mon_command({"prefix": "get_command_descriptions"} v 0) v1 -- 0x7fd3d419b770 con 0x7fd3d4105be0
2023-12-11T17:37:51.997 INFO:teuthology.orchestra.run.smithi059.stdout:/usr/bin/ceph: stderr
2023-12-11T17:37:51.214+0000 7fd3caffd700 1 --2- 172.21.15.59:0/3993641603 >> [v2:172.21.15.59:6800/1259916482,v1:172.21.15.59:6801/1259916482] conn(0x7fd3c0038820 0x7fd3c003ace0 unknown :-1 s=NONE pgs=0 cs=0 l=1 rev1=0 crypto rx=0 tx=0 comp rx=0 tx=0).connect
2023-12-11T17:37:51.997 INFO:teuthology.orchestra.run.smithi059.stdout:/usr/bin/ceph: stderr
2023-12-11T17:37:51.214+0000 7fd3caffd700 1 -- 172.21.15.59:0/3993641603 <== mon.0 v2:172.21.15.59:3300/0 5 ==== osd_map(2..2 src has 1..2) v4 ==== 940+0+0 (secure 0 0 0) 0x7fd3d004c830 con 0x7fd3d4105be0
2023-12-11T17:37:51.997 INFO:teuthology.orchestra.run.smithi059.stdout:/usr/bin/ceph: stderr
2023-12-11T17:37:51.215+0000 7fd3d920f700 1 --2- 172.21.15.59:0/3993641603 >> [v2:172.21.15.59:6800/1259916482,v1:172.21.15.59:6801/1259916482] conn(0x7fd3c0038820 0x7fd3c003ace0 unknown :-1 s=BANNER_CONNECTING pgs=0 cs=0 l=1 rev1=0 crypto rx=0 tx=0 comp rx=0 tx=0)._handle_peer_banner_payload supported=3 required=0
2023-12-11T17:37:51.997 INFO:teuthology.orchestra.run.smithi059.stdout:/usr/bin/ceph: stderr
2023-12-11T17:37:51.215+0000 7fd3d920f700 1 --2- 172.21.15.59:0/3993641603 >> [v2:172.21.15.59:6800/1259916482,v1:172.21.15.59:6801/1259916482] conn(0x7fd3c0038820 0x7fd3c003ace0 secure :-1 s=READY pgs=10 cs=0 l=1 rev1=1 crypto rx=0x7fd3c4006fd0 tx=0x7fd3c4006e40 comp rx=0 tx=0).ready entity=mgr.14118 client_cookie=0 server_cookie=0 in_seq=0 out_seq=0
2023-12-11T17:37:51.997 INFO:teuthology.orchestra.run.smithi059.stdout:/usr/bin/ceph: stderr
2023-12-11T17:37:51.219+0000 7fd3caffd700 1 -- 172.21.15.59:0/3993641603 <== mon.0 v2:172.21.15.59:3300/0 6 ==== mon_command_ack([{"prefix": "get_command_descriptions"}]=0 v0) v1 ==== 72+0+180949 (secure 0 0 0) 0x7fd3d419b770 con 0x7fd3d4105be0
2023-12-11T17:37:51.997 INFO:teuthology.orchestra.run.smithi059.stdout:/usr/bin/ceph: stderr
2023-12-11T17:37:51.587+0000 7fd3dbc74700 1 -- 172.21.15.59:0/3993641603 --> [v2:172.21.15.59:6800/1259916482,v1:172.21.15.59:6801/1259916482] -- mgr_command(tid 0: {"prefix": "cephadm get-pub-key", "target": ["mon-mgr", ""]}) v1 -- 0x7fd3d419b770 con 0x7fd3c0038820
2023-12-11T17:37:51.997 INFO:teuthology.orchestra.run.smithi059.stdout:/usr/bin/ceph: stderr
2023-12-11T17:37:51.588+0000 7fd3caffd700 1 -- 172.21.15.59:0/3993641603 <== mgr.14118 v2:172.21.15.59:6800/1259916482 1 ==== mgr_command_reply(tid 0: 0 ) v1 ==== 8+0+595 (secure 0 0 0) 0x7fd3d419b770 con 0x7fd3c0038820
2023-12-11T17:37:51.997 INFO:teuthology.orchestra.run.smithi059.stdout:/usr/bin/ceph: stderr
2023-12-11T17:37:51.590+0000 7fd3dbc74700 1 -- 172.21.15.59:0/3993641603 >> [v2:172.21.15.59:6800/1259916482,v1:172.21.15.59:6801/1259916482] conn(0x7fd3c0038820 msgr2=0x7fd3c003ace0 secure :-1 s=STATE_CONNECTION_ESTABLISHED l=1).mark_down
2023-12-11T17:37:51.997 INFO:teuthology.orchestra.run.smithi059.stdout:/usr/bin/ceph: stderr
2023-12-11T17:37:51.590+0000 7fd3dbc74700 1 --2- 172.21.15.59:0/3993641603 >> [v2:172.21.15.59:6800/1259916482,v1:172.21.15.59:6801/1259916482] conn(0x7fd3c0038820 0x7fd3c003ace0 secure :-1 s=READY pgs=10 cs=0 l=1 rev1=1 crypto rx=0x7fd3c4006fd0 tx=0x7fd3c4006e40 comp rx=0 tx=0).stop
2023-12-11T17:37:51.997 INFO:teuthology.orchestra.run.smithi059.stdout:/usr/bin/ceph: stderr
2023-12-11T17:37:51.590+0000 7fd3dbc74700 1 -- 172.21.15.59:0/3993641603 >> [v2:172.21.15.59:3300/0,v1:172.21.15.59:6789/0] conn(0x7fd3d4105be0 msgr2=0x7fd3d419ab90 secure :-1 s=STATE_CONNECTION_ESTABLISHED l=1).mark_down
2023-12-11T17:37:51.997 INFO:teuthology.orchestra.run.smithi059.stdout:/usr/bin/ceph: stderr
2023-12-11T17:37:51.590+0000 7fd3dbc74700 1 --2- 172.21.15.59:0/3993641603 >> [v2:172.21.15.59:3300/0,v1:172.21.15.59:6789/0] conn(0x7fd3d4105be0 0x7fd3d419ab90 secure :-1 s=READY pgs=42 cs=0 l=1 rev1=1 crypto rx=0x7fd3d0011710 tx=0x7fd3d0011ad0 comp rx=0 tx=0).stop
2023-12-11T17:37:51.998 INFO:teuthology.orchestra.run.smithi059.stdout:/usr/bin/ceph: stderr
2023-12-11T17:37:51.590+0000 7fd3dbc74700 1 -- 172.21.15.59:0/3993641603 shutdown_connections
2023-12-11T17:37:51.998 INFO:teuthology.orchestra.run.smithi059.stdout:/usr/bin/ceph: stderr
2023-12-11T17:37:51.590+0000 7fd3dbc74700 1 --2- 172.21.15.59:0/3993641603 >> [v2:172.21.15.59:6800/1259916482,v1:172.21.15.59:6801/1259916482] conn(0x7fd3c0038820 0x7fd3c003ace0 unknown :-1 s=CLOSED pgs=10 cs=0 l=1 rev1=1 crypto rx=0 tx=0 comp rx=0 tx=0).stop
2023-12-11T17:37:51.998 INFO:teuthology.orchestra.run.smithi059.stdout:/usr/bin/ceph: stderr
2023-12-11T17:37:51.590+0000 7fd3dbc74700 1 --2- 172.21.15.59:0/3993641603 >> [v2:172.21.15.59:3300/0,v1:172.21.15.59:6789/0] conn(0x7fd3d4105be0 0x7fd3d419ab90 unknown :-1 s=CLOSED pgs=42 cs=0 l=1 rev1=1 crypto rx=0 tx=0 comp rx=0 tx=0).stop
2023-12-11T17:37:51.998 INFO:teuthology.orchestra.run.smithi059.stdout:/usr/bin/ceph: stderr
2023-12-11T17:37:51.590+0000 7fd3dbc74700 1 -- 172.21.15.59:0/3993641603 >> 172.21.15.59:0/3993641603 conn(0x7fd3d4101160 msgr2=0x7fd3d41020a0 unknown :-1 s=STATE_NONE l=0).mark_down
2023-12-11T17:37:51.998 INFO:teuthology.orchestra.run.smithi059.stdout:/usr/bin/ceph: stderr
2023-12-11T17:37:51.590+0000 7fd3dbc74700 1 -- 172.21.15.59:0/3993641603 shutdown_connections
2023-12-11T17:37:51.998 INFO:teuthology.orchestra.run.smithi059.stdout:/usr/bin/ceph: stderr
2023-12-11T17:37:51.590+0000 7fd3dbc74700 1 -- 172.21.15.59:0/3993641603 wait complete.
2023-12-11T17:37:51.998 INFO:teuthology.orchestra.run.smithi059.stdout:Wrote public SSH key to /home/ubuntu/cephtest/ceph.pub
2023-12-11T17:37:51.998 INFO:teuthology.orchestra.run.smithi059.stdout:Adding key to root@localhost authorized_keys...
2023-12-11T17:37:51.998 INFO:teuthology.orchestra.run.smithi059.stdout:Adding host smithi059...
2023-12-11T17:37:52.654 INFO:journalctl@ceph.mon.a.smithi059.stdout:Dec 11 17:37:52 smithi059 ceph-mon[98847]: from='client.14136 -' entity='client.admin' cmd=[{"prefix": "cephadm get-pub-key", "target": ["mon-mgr", ""]}]: dispatch
2023-12-11T17:37:54.154 INFO:journalctl@ceph.mon.a.smithi059.stdout:Dec 11 17:37:53 smithi059 ceph-mon[98847]: from='client.14138 -' entity='client.admin' cmd=[{"prefix": "orch host add", "hostname": "smithi059", "addr": "172.21.15.59", "target": ["mon-mgr", ""]}]: dispatch
2023-12-11T17:37:54.154 INFO:journalctl@ceph.mon.a.smithi059.stdout:Dec 11 17:37:53 smithi059 ceph-mon[98847]: Deploying cephadm binary to smithi059
2023-12-11T17:37:58.552 INFO:teuthology.orchestra.run.smithi059.stdout:/usr/bin/ceph: stdout Added host 'smithi059' with addr '172.21.15.59'
2023-12-11T17:37:58.553 INFO:teuthology.orchestra.run.smithi059.stdout:/usr/bin/ceph: stderr
2023-12-11T17:37:52.508+0000 7fe101f45700 1 Processor -- start
2023-12-11T17:37:58.553 INFO:teuthology.orchestra.run.smithi059.stdout:/usr/bin/ceph: stderr
2023-12-11T17:37:52.508+0000 7fe101f45700 1 -- start start
2023-12-11T17:37:58.553 INFO:teuthology.orchestra.run.smithi059.stdout:/usr/bin/ceph: stderr
2023-12-11T17:37:52.509+0000 7fe101f45700 1 --2- >> [v2:172.21.15.59:3300/0,v1:172.21.15.59:6789/0] conn(0x7fe0fc1077c0 0x7fe0fc109bb0 unknown :-1 s=NONE pgs=0 cs=0 l=0 rev1=0 crypto rx=0 tx=0 comp rx=0 tx=0).connect
2023-12-11T17:37:58.553 INFO:teuthology.orchestra.run.smithi059.stdout:/usr/bin/ceph: stderr
2023-12-11T17:37:52.509+0000 7fe101f45700 1 -- --> [v2:172.21.15.59:3300/0,v1:172.21.15.59:6789/0] -- mon_getmap magic: 0 v1 -- 0x7fe0fc07ae20 con 0x7fe0fc1077c0
2023-12-11T17:37:58.553 INFO:teuthology.orchestra.run.smithi059.stdout:/usr/bin/ceph: stderr
2023-12-11T17:37:52.509+0000 7fe0fb7fe700 1 --2- >> [v2:172.21.15.59:3300/0,v1:172.21.15.59:6789/0] conn(0x7fe0fc1077c0 0x7fe0fc109bb0 unknown :-1 s=BANNER_CONNECTING pgs=0 cs=0 l=0 rev1=0 crypto rx=0 tx=0 comp rx=0 tx=0)._handle_peer_banner_payload supported=3 required=0
2023-12-11T17:37:58.553 INFO:teuthology.orchestra.run.smithi059.stdout:/usr/bin/ceph: stderr
2023-12-11T17:37:52.509+0000 7fe0fb7fe700 1 --2- >> [v2:172.21.15.59:3300/0,v1:172.21.15.59:6789/0] conn(0x7fe0fc1077c0 0x7fe0fc109bb0 unknown :-1 s=HELLO_CONNECTING pgs=0 cs=0 l=0 rev1=1 crypto rx=0 tx=0 comp rx=0 tx=0).handle_hello peer v2:172.21.15.59:3300/0 says I am v2:172.21.15.59:59912/0 (socket says 172.21.15.59:59912)
2023-12-11T17:37:58.553 INFO:teuthology.orchestra.run.smithi059.stdout:/usr/bin/ceph: stderr
2023-12-11T17:37:52.509+0000 7fe0fb7fe700 1 -- 172.21.15.59:0/3859015837 learned_addr learned my addr 172.21.15.59:0/3859015837 (peer_addr_for_me v2:172.21.15.59:0/0)
2023-12-11T17:37:58.554 INFO:teuthology.orchestra.run.smithi059.stdout:/usr/bin/ceph: stderr
2023-12-11T17:37:52.509+0000 7fe0fb7fe700 1 -- 172.21.15.59:0/3859015837 --> [v2:172.21.15.59:3300/0,v1:172.21.15.59:6789/0] -- mon_subscribe({config=0+,monmap=0+}) v3 -- 0x7fe0fc10a0f0 con 0x7fe0fc1077c0
2023-12-11T17:37:58.554 INFO:teuthology.orchestra.run.smithi059.stdout:/usr/bin/ceph: stderr
2023-12-11T17:37:52.509+0000 7fe0fb7fe700 1 --2- 172.21.15.59:0/3859015837 >> [v2:172.21.15.59:3300/0,v1:172.21.15.59:6789/0] conn(0x7fe0fc1077c0 0x7fe0fc109bb0 secure :-1 s=READY pgs=43 cs=0 l=1 rev1=1 crypto rx=0x7fe0ec0098a0 tx=0x7fe0ec009bb0 comp rx=0 tx=0).ready entity=mon.0 client_cookie=e2001cc662c55d30 server_cookie=0 in_seq=0 out_seq=0
2023-12-11T17:37:58.554 INFO:teuthology.orchestra.run.smithi059.stdout:/usr/bin/ceph: stderr
2023-12-11T17:37:52.509+0000 7fe0fa7fc700 1 -- 172.21.15.59:0/3859015837 <== mon.0 v2:172.21.15.59:3300/0 1 ==== mon_map magic: 0 v1 ==== 205+0+0 (secure 0 0 0) 0x7fe0ec004160 con 0x7fe0fc1077c0
2023-12-11T17:37:58.554 INFO:teuthology.orchestra.run.smithi059.stdout:/usr/bin/ceph: stderr
2023-12-11T17:37:52.509+0000 7fe0fa7fc700 1 -- 172.21.15.59:0/3859015837 <== mon.0 v2:172.21.15.59:3300/0 2 ==== config(26 keys) v1 ==== 1074+0+0 (secure 0 0 0) 0x7fe0ec0042c0 con 0x7fe0fc1077c0
2023-12-11T17:37:58.554 INFO:teuthology.orchestra.run.smithi059.stdout:/usr/bin/ceph: stderr
2023-12-11T17:37:52.509+0000 7fe0fa7fc700 1 -- 172.21.15.59:0/3859015837 <== mon.0 v2:172.21.15.59:3300/0 3 ==== mon_map magic: 0 v1 ==== 205+0+0 (secure 0 0 0) 0x7fe0ec011a00 con 0x7fe0fc1077c0
2023-12-11T17:37:58.554 INFO:teuthology.orchestra.run.smithi059.stdout:/usr/bin/ceph: stderr
2023-12-11T17:37:52.510+0000 7fe101f45700 1 -- 172.21.15.59:0/3859015837 >> [v2:172.21.15.59:3300/0,v1:172.21.15.59:6789/0] conn(0x7fe0fc1077c0 msgr2=0x7fe0fc109bb0 secure :-1 s=STATE_CONNECTION_ESTABLISHED l=1).mark_down
2023-12-11T17:37:58.554 INFO:teuthology.orchestra.run.smithi059.stdout:/usr/bin/ceph: stderr
2023-12-11T17:37:52.510+0000 7fe101f45700 1 --2- 172.21.15.59:0/3859015837 >> [v2:172.21.15.59:3300/0,v1:172.21.15.59:6789/0] conn(0x7fe0fc1077c0 0x7fe0fc109bb0 secure :-1 s=READY pgs=43 cs=0 l=1 rev1=1 crypto rx=0x7fe0ec0098a0 tx=0x7fe0ec009bb0 comp rx=0 tx=0).stop
2023-12-11T17:37:58.554 INFO:teuthology.orchestra.run.smithi059.stdout:/usr/bin/ceph: stderr
2023-12-11T17:37:52.510+0000 7fe101f45700 1 -- 172.21.15.59:0/3859015837 shutdown_connections
2023-12-11T17:37:58.554 INFO:teuthology.orchestra.run.smithi059.stdout:/usr/bin/ceph: stderr
2023-12-11T17:37:52.510+0000 7fe101f45700 1 --2- 172.21.15.59:0/3859015837 >> [v2:172.21.15.59:3300/0,v1:172.21.15.59:6789/0] conn(0x7fe0fc1077c0 0x7fe0fc109bb0 unknown :-1 s=CLOSED pgs=43 cs=0 l=1 rev1=1 crypto rx=0 tx=0 comp rx=0 tx=0).stop
2023-12-11T17:37:58.554 INFO:teuthology.orchestra.run.smithi059.stdout:/usr/bin/ceph: stderr
2023-12-11T17:37:52.510+0000 7fe101f45700 1 -- 172.21.15.59:0/3859015837 >> 172.21.15.59:0/3859015837 conn(0x7fe0fc1011b0 msgr2=0x7fe0fc1035f0 unknown :-1 s=STATE_NONE l=0).mark_down
2023-12-11T17:37:58.554 INFO:teuthology.orchestra.run.smithi059.stdout:/usr/bin/ceph: stderr
2023-12-11T17:37:52.510+0000 7fe101f45700 1 -- 172.21.15.59:0/3859015837 shutdown_connections
2023-12-11T17:37:58.554 INFO:teuthology.orchestra.run.smithi059.stdout:/usr/bin/ceph: stderr
2023-12-11T17:37:52.510+0000 7fe101f45700 1 -- 172.21.15.59:0/3859015837 wait complete.
2023-12-11T17:37:58.554 INFO:teuthology.orchestra.run.smithi059.stdout:/usr/bin/ceph: stderr
2023-12-11T17:37:52.511+0000 7fe101f45700 1 Processor -- start
2023-12-11T17:37:58.554 INFO:teuthology.orchestra.run.smithi059.stdout:/usr/bin/ceph: stderr
2023-12-11T17:37:52.511+0000 7fe101f45700 1 -- start start
2023-12-11T17:37:58.555 INFO:teuthology.orchestra.run.smithi059.stdout:/usr/bin/ceph: stderr
2023-12-11T17:37:52.511+0000 7fe101f45700 1 --2- >> [v2:172.21.15.59:3300/0,v1:172.21.15.59:6789/0] conn(0x7fe0fc1077c0 0x7fe0fc19ab70 unknown :-1 s=NONE pgs=0 cs=0 l=1 rev1=0 crypto rx=0 tx=0 comp rx=0 tx=0).connect
2023-12-11T17:37:58.555 INFO:teuthology.orchestra.run.smithi059.stdout:/usr/bin/ceph: stderr
2023-12-11T17:37:52.512+0000 7fe101f45700 1 -- --> [v2:172.21.15.59:3300/0,v1:172.21.15.59:6789/0] -- mon_getmap magic: 0 v1 -- 0x7fe0fc19b0b0 con 0x7fe0fc1077c0
2023-12-11T17:37:58.555 INFO:teuthology.orchestra.run.smithi059.stdout:/usr/bin/ceph: stderr
2023-12-11T17:37:52.512+0000 7fe0fb7fe700 1 --2- >> [v2:172.21.15.59:3300/0,v1:172.21.15.59:6789/0] conn(0x7fe0fc1077c0 0x7fe0fc19ab70 unknown :-1 s=BANNER_CONNECTING pgs=0 cs=0 l=1 rev1=0 crypto rx=0 tx=0 comp rx=0 tx=0)._handle_peer_banner_payload supported=3 required=0
2023-12-11T17:37:58.555 INFO:teuthology.orchestra.run.smithi059.stdout:/usr/bin/ceph: stderr
2023-12-11T17:37:52.512+0000 7fe0fb7fe700 1 --2- >> [v2:172.21.15.59:3300/0,v1:172.21.15.59:6789/0] conn(0x7fe0fc1077c0 0x7fe0fc19ab70 unknown :-1 s=HELLO_CONNECTING pgs=0 cs=0 l=1 rev1=1 crypto rx=0 tx=0 comp rx=0 tx=0).handle_hello peer v2:172.21.15.59:3300/0 says I am v2:172.21.15.59:59914/0 (socket says 172.21.15.59:59914)
2023-12-11T17:37:58.555 INFO:teuthology.orchestra.run.smithi059.stdout:/usr/bin/ceph: stderr
2023-12-11T17:37:52.512+0000 7fe0fb7fe700 1 -- 172.21.15.59:0/1728417167 learned_addr learned my addr 172.21.15.59:0/1728417167 (peer_addr_for_me v2:172.21.15.59:0/0)
2023-12-11T17:37:58.555 INFO:teuthology.orchestra.run.smithi059.stdout:/usr/bin/ceph: stderr
2023-12-11T17:37:52.512+0000 7fe0fb7fe700 1 -- 172.21.15.59:0/1728417167 --> [v2:172.21.15.59:3300/0,v1:172.21.15.59:6789/0] -- mon_subscribe({config=0+,monmap=0+}) v3 -- 0x7fe0ec009550 con 0x7fe0fc1077c0
2023-12-11T17:37:58.555 INFO:teuthology.orchestra.run.smithi059.stdout:/usr/bin/ceph: stderr
2023-12-11T17:37:52.512+0000 7fe0fb7fe700 1 --2- 172.21.15.59:0/1728417167 >> [v2:172.21.15.59:3300/0,v1:172.21.15.59:6789/0] conn(0x7fe0fc1077c0 0x7fe0fc19ab70 secure :-1 s=READY pgs=44 cs=0 l=1 rev1=1 crypto rx=0x7fe0ec009130 tx=0x7fe0ec011ad0 comp rx=0 tx=0).ready entity=mon.0 client_cookie=0 server_cookie=0 in_seq=0 out_seq=0
2023-12-11T17:37:58.555 INFO:teuthology.orchestra.run.smithi059.stdout:/usr/bin/ceph: stderr
2023-12-11T17:37:52.512+0000 7fe0f8ff9700 1 -- 172.21.15.59:0/1728417167 <== mon.0 v2:172.21.15.59:3300/0 1 ==== mon_map magic: 0 v1 ==== 205+0+0 (secure 0 0 0) 0x7fe0ec0038b0 con 0x7fe0fc1077c0
2023-12-11T17:37:58.555 INFO:teuthology.orchestra.run.smithi059.stdout:/usr/bin/ceph: stderr
2023-12-11T17:37:52.512+0000 7fe0f8ff9700 1 -- 172.21.15.59:0/1728417167 <== mon.0 v2:172.21.15.59:3300/0 2 ==== config(26 keys) v1 ==== 1074+0+0 (secure 0 0 0) 0x7fe0ec003a10 con 0x7fe0fc1077c0
2023-12-11T17:37:58.555 INFO:teuthology.orchestra.run.smithi059.stdout:/usr/bin/ceph: stderr
2023-12-11T17:37:52.512+0000 7fe101f45700 1 -- 172.21.15.59:0/1728417167 --> [v2:172.21.15.59:3300/0,v1:172.21.15.59:6789/0] -- mon_subscribe({mgrmap=0+}) v3 -- 0x7fe0fc19b2b0 con 0x7fe0fc1077c0
