2023-12-11T18:58:59.801+0000 7fc04ea5b700 1 -- 172.21.15.61:0/314676636 wait complete.
2023-12-11T18:59:00.155 INFO:teuthology.orchestra.run.smithi061.stdout:mgr epoch 5 is available
2023-12-11T18:59:00.155 INFO:teuthology.orchestra.run.smithi061.stdout:Setting orchestrator backend to cephadm...
2023-12-11T18:59:01.105 INFO:journalctl@ceph.mon.smithi061.smithi061.stdout:Dec 11 18:59:00 smithi061 ceph-mon[135886]: from='client.14124 -' entity='client.admin' cmd=[{"prefix": "get_command_descriptions"}]: dispatch
2023-12-11T18:59:01.105 INFO:journalctl@ceph.mon.smithi061.smithi061.stdout:Dec 11 18:59:00 smithi061 ceph-mon[135886]: from='client.14124 -' entity='client.admin' cmd=[{"prefix": "mgr_status"}]: dispatch
2023-12-11T18:59:01.105 INFO:journalctl@ceph.mon.smithi061.smithi061.stdout:Dec 11 18:59:00 smithi061 ceph-mon[135886]: from='mgr.14120 172.21.15.61:0/1549368305' entity='mgr.smithi061.nwxzrp'
2023-12-11T18:59:01.196 INFO:teuthology.orchestra.run.smithi061.stdout:/usr/bin/ceph: stderr
2023-12-11T18:59:00.623+0000 7fbab2f6d700 1 Processor -- start
2023-12-11T18:59:01.203 INFO:teuthology.orchestra.run.smithi061.stdout:/usr/bin/ceph: stderr
2023-12-11T18:59:00.623+0000 7fbab2f6d700 1 -- start start
2023-12-11T18:59:01.203 INFO:teuthology.orchestra.run.smithi061.stdout:/usr/bin/ceph: stderr
2023-12-11T18:59:00.624+0000 7fbab2f6d700 1 --2- >> [v2:172.21.15.61:3300/0,v1:172.21.15.61:6789/0] conn(0x7fbaac078cc0 0x7fbaac0771d0 unknown :-1 s=NONE pgs=0 cs=0 l=0 rev1=0 crypto rx=0 tx=0 comp rx=0 tx=0).connect
2023-12-11T18:59:01.203 INFO:teuthology.orchestra.run.smithi061.stdout:/usr/bin/ceph: stderr
2023-12-11T18:59:00.624+0000 7fbab2f6d700 1 -- --> [v2:172.21.15.61:3300/0,v1:172.21.15.61:6789/0] -- mon_getmap magic: 0 v1 -- 0x7fbaac0790d0 con 0x7fbaac078cc0
2023-12-11T18:59:01.203 INFO:teuthology.orchestra.run.smithi061.stdout:/usr/bin/ceph: stderr
2023-12-11T18:59:00.624+0000 7fbab0d09700 1 --2- >> [v2:172.21.15.61:3300/0,v1:172.21.15.61:6789/0] conn(0x7fbaac078cc0 0x7fbaac0771d0 unknown :-1 s=BANNER_CONNECTING pgs=0 cs=0 l=0 rev1=0 crypto rx=0 tx=0 comp rx=0 tx=0)._handle_peer_banner_payload supported=3 required=0
2023-12-11T18:59:01.203 INFO:teuthology.orchestra.run.smithi061.stdout:/usr/bin/ceph: stderr
2023-12-11T18:59:00.624+0000 7fbab0d09700 1 --2- >> [v2:172.21.15.61:3300/0,v1:172.21.15.61:6789/0] conn(0x7fbaac078cc0 0x7fbaac0771d0 unknown :-1 s=HELLO_CONNECTING pgs=0 cs=0 l=0 rev1=1 crypto rx=0 tx=0 comp rx=0 tx=0).handle_hello peer v2:172.21.15.61:3300/0 says I am v2:172.21.15.61:41466/0 (socket says 172.21.15.61:41466)
2023-12-11T18:59:01.203 INFO:teuthology.orchestra.run.smithi061.stdout:/usr/bin/ceph: stderr
2023-12-11T18:59:00.624+0000 7fbab0d09700 1 -- 172.21.15.61:0/4242650652 learned_addr learned my addr 172.21.15.61:0/4242650652 (peer_addr_for_me v2:172.21.15.61:0/0)
2023-12-11T18:59:01.203 INFO:teuthology.orchestra.run.smithi061.stdout:/usr/bin/ceph: stderr
2023-12-11T18:59:00.624+0000 7fbab0d09700 1 -- 172.21.15.61:0/4242650652 --> [v2:172.21.15.61:3300/0,v1:172.21.15.61:6789/0] -- mon_subscribe({config=0+,monmap=0+}) v3 -- 0x7fbaac077710 con 0x7fbaac078cc0
2023-12-11T18:59:01.203 INFO:teuthology.orchestra.run.smithi061.stdout:/usr/bin/ceph: stderr
2023-12-11T18:59:00.625+0000 7fbab0d09700 1 --2- 172.21.15.61:0/4242650652 >> [v2:172.21.15.61:3300/0,v1:172.21.15.61:6789/0] conn(0x7fbaac078cc0 0x7fbaac0771d0 secure :-1 s=READY pgs=37 cs=0 l=1 rev1=1 crypto rx=0x7fbaa00098e0 tx=0x7fbaa0009250 comp rx=0 tx=0).ready entity=mon.0 client_cookie=5114d4d398ef1967 server_cookie=0 in_seq=0 out_seq=0
2023-12-11T18:59:01.204 INFO:teuthology.orchestra.run.smithi061.stdout:/usr/bin/ceph: stderr
2023-12-11T18:59:00.625+0000 7fbaab7fe700 1 -- 172.21.15.61:0/4242650652 <== mon.0 v2:172.21.15.61:3300/0 1 ==== mon_map magic: 0 v1 ==== 229+0+0 (secure 0 0 0) 0x7fbaa000b860 con 0x7fbaac078cc0
2023-12-11T18:59:01.204 INFO:teuthology.orchestra.run.smithi061.stdout:/usr/bin/ceph: stderr
2023-12-11T18:59:00.625+0000 7fbaab7fe700 1 -- 172.21.15.61:0/4242650652 <== mon.0 v2:172.21.15.61:3300/0 2 ==== config(26 keys) v1 ==== 1009+0+0 (secure 0 0 0) 0x7fbaa000be30 con 0x7fbaac078cc0
2023-12-11T18:59:01.204 INFO:teuthology.orchestra.run.smithi061.stdout:/usr/bin/ceph: stderr
2023-12-11T18:59:00.625+0000 7fbaab7fe700 1 -- 172.21.15.61:0/4242650652 <== mon.0 v2:172.21.15.61:3300/0 3 ==== mon_map magic: 0 v1 ==== 229+0+0 (secure 0 0 0) 0x7fbaa0010380 con 0x7fbaac078cc0
2023-12-11T18:59:01.204 INFO:teuthology.orchestra.run.smithi061.stdout:/usr/bin/ceph: stderr
2023-12-11T18:59:00.625+0000 7fbab2f6d700 1 -- 172.21.15.61:0/4242650652 >> [v2:172.21.15.61:3300/0,v1:172.21.15.61:6789/0] conn(0x7fbaac078cc0 msgr2=0x7fbaac0771d0 secure :-1 s=STATE_CONNECTION_ESTABLISHED l=1).mark_down
2023-12-11T18:59:01.204 INFO:teuthology.orchestra.run.smithi061.stdout:/usr/bin/ceph: stderr
2023-12-11T18:59:00.625+0000 7fbab2f6d700 1 --2- 172.21.15.61:0/4242650652 >> [v2:172.21.15.61:3300/0,v1:172.21.15.61:6789/0] conn(0x7fbaac078cc0 0x7fbaac0771d0 secure :-1 s=READY pgs=37 cs=0 l=1 rev1=1 crypto rx=0x7fbaa00098e0 tx=0x7fbaa0009250 comp rx=0 tx=0).stop
2023-12-11T18:59:01.204 INFO:teuthology.orchestra.run.smithi061.stdout:/usr/bin/ceph: stderr
2023-12-11T18:59:00.625+0000 7fbab2f6d700 1 -- 172.21.15.61:0/4242650652 shutdown_connections
2023-12-11T18:59:01.204 INFO:teuthology.orchestra.run.smithi061.stdout:/usr/bin/ceph: stderr
2023-12-11T18:59:00.625+0000 7fbab2f6d700 1 --2- 172.21.15.61:0/4242650652 >> [v2:172.21.15.61:3300/0,v1:172.21.15.61:6789/0] conn(0x7fbaac078cc0 0x7fbaac0771d0 unknown :-1 s=CLOSED pgs=37 cs=0 l=1 rev1=1 crypto rx=0 tx=0 comp rx=0 tx=0).stop
2023-12-11T18:59:01.204 INFO:teuthology.orchestra.run.smithi061.stdout:/usr/bin/ceph: stderr
2023-12-11T18:59:00.626+0000 7fbab2f6d700 1 -- 172.21.15.61:0/4242650652 >> 172.21.15.61:0/4242650652 conn(0x7fbaac0fda10 msgr2=0x7fbaac0ffe40 unknown :-1 s=STATE_NONE l=0).mark_down
2023-12-11T18:59:01.204 INFO:teuthology.orchestra.run.smithi061.stdout:/usr/bin/ceph: stderr
2023-12-11T18:59:00.626+0000 7fbab2f6d700 1 -- 172.21.15.61:0/4242650652 shutdown_connections
2023-12-11T18:59:01.204 INFO:teuthology.orchestra.run.smithi061.stdout:/usr/bin/ceph: stderr
2023-12-11T18:59:00.626+0000 7fbab2f6d700 1 -- 172.21.15.61:0/4242650652 wait complete.
2023-12-11T18:59:01.204 INFO:teuthology.orchestra.run.smithi061.stdout:/usr/bin/ceph: stderr
2023-12-11T18:59:00.627+0000 7fbab2f6d700 1 Processor -- start
2023-12-11T18:59:01.204 INFO:teuthology.orchestra.run.smithi061.stdout:/usr/bin/ceph: stderr
2023-12-11T18:59:00.627+0000 7fbab2f6d700 1 -- start start
2023-12-11T18:59:01.204 INFO:teuthology.orchestra.run.smithi061.stdout:/usr/bin/ceph: stderr
2023-12-11T18:59:00.627+0000 7fbab2f6d700 1 --2- >> [v2:172.21.15.61:3300/0,v1:172.21.15.61:6789/0] conn(0x7fbaac078cc0 0x7fbaac113330 unknown :-1 s=NONE pgs=0 cs=0 l=1 rev1=0 crypto rx=0 tx=0 comp rx=0 tx=0).connect
2023-12-11T18:59:01.204 INFO:teuthology.orchestra.run.smithi061.stdout:/usr/bin/ceph: stderr
2023-12-11T18:59:00.627+0000 7fbab2f6d700 1 -- --> [v2:172.21.15.61:3300/0,v1:172.21.15.61:6789/0] -- mon_getmap magic: 0 v1 -- 0x7fbaac113870 con 0x7fbaac078cc0
2023-12-11T18:59:01.205 INFO:teuthology.orchestra.run.smithi061.stdout:/usr/bin/ceph: stderr
2023-12-11T18:59:00.628+0000 7fbab0d09700 1 --2- >> [v2:172.21.15.61:3300/0,v1:172.21.15.61:6789/0] conn(0x7fbaac078cc0 0x7fbaac113330 unknown :-1 s=BANNER_CONNECTING pgs=0 cs=0 l=1 rev1=0 crypto rx=0 tx=0 comp rx=0 tx=0)._handle_peer_banner_payload supported=3 required=0
2023-12-11T18:59:01.205 INFO:teuthology.orchestra.run.smithi061.stdout:/usr/bin/ceph: stderr
2023-12-11T18:59:00.628+0000 7fbab0d09700 1 --2- >> [v2:172.21.15.61:3300/0,v1:172.21.15.61:6789/0] conn(0x7fbaac078cc0 0x7fbaac113330 unknown :-1 s=HELLO_CONNECTING pgs=0 cs=0 l=1 rev1=1 crypto rx=0 tx=0 comp rx=0 tx=0).handle_hello peer v2:172.21.15.61:3300/0 says I am v2:172.21.15.61:41468/0 (socket says 172.21.15.61:41468)
2023-12-11T18:59:01.205 INFO:teuthology.orchestra.run.smithi061.stdout:/usr/bin/ceph: stderr
2023-12-11T18:59:00.628+0000 7fbab0d09700 1 -- 172.21.15.61:0/1714043993 learned_addr learned my addr 172.21.15.61:0/1714043993 (peer_addr_for_me v2:172.21.15.61:0/0)
2023-12-11T18:59:01.205 INFO:teuthology.orchestra.run.smithi061.stdout:/usr/bin/ceph: stderr
2023-12-11T18:59:00.628+0000 7fbab0d09700 1 -- 172.21.15.61:0/1714043993 --> [v2:172.21.15.61:3300/0,v1:172.21.15.61:6789/0] -- mon_subscribe({config=0+,monmap=0+}) v3 -- 0x7fbaa00094f0 con 0x7fbaac078cc0
2023-12-11T18:59:01.205 INFO:teuthology.orchestra.run.smithi061.stdout:/usr/bin/ceph: stderr
2023-12-11T18:59:00.628+0000 7fbab0d09700 1 --2- 172.21.15.61:0/1714043993 >> [v2:172.21.15.61:3300/0,v1:172.21.15.61:6789/0] conn(0x7fbaac078cc0 0x7fbaac113330 secure :-1 s=READY pgs=38 cs=0 l=1 rev1=1 crypto rx=0x7fbaa0006fd0 tx=0x7fbaa0009250 comp rx=0 tx=0).ready entity=mon.0 client_cookie=0 server_cookie=0 in_seq=0 out_seq=0
2023-12-11T18:59:01.205 INFO:teuthology.orchestra.run.smithi061.stdout:/usr/bin/ceph: stderr
2023-12-11T18:59:00.628+0000 7fbaa97fa700 1 -- 172.21.15.61:0/1714043993 <== mon.0 v2:172.21.15.61:3300/0 1 ==== mon_map magic: 0 v1 ==== 229+0+0 (secure 0 0 0) 0x7fbaa0010800 con 0x7fbaac078cc0
2023-12-11T18:59:01.205 INFO:teuthology.orchestra.run.smithi061.stdout:/usr/bin/ceph: stderr
2023-12-11T18:59:00.628+0000 7fbaa97fa700 1 -- 172.21.15.61:0/1714043993 <== mon.0 v2:172.21.15.61:3300/0 2 ==== config(26 keys) v1 ==== 1009+0+0 (secure 0 0 0) 0x7fbaa0010dd0 con 0x7fbaac078cc0
2023-12-11T18:59:01.205 INFO:teuthology.orchestra.run.smithi061.stdout:/usr/bin/ceph: stderr
2023-12-11T18:59:00.628+0000 7fbaa97fa700 1 -- 172.21.15.61:0/1714043993 <== mon.0 v2:172.21.15.61:3300/0 3 ==== mon_map magic: 0 v1 ==== 229+0+0 (secure 0 0 0) 0x7fbaa001add0 con 0x7fbaac078cc0
2023-12-11T18:59:01.205 INFO:teuthology.orchestra.run.smithi061.stdout:/usr/bin/ceph: stderr
2023-12-11T18:59:00.628+0000 7fbab2f6d700 1 -- 172.21.15.61:0/1714043993 --> [v2:172.21.15.61:3300/0,v1:172.21.15.61:6789/0] -- mon_subscribe({mgrmap=0+}) v3 -- 0x7fbaac113a70 con 0x7fbaac078cc0
2023-12-11T18:59:01.205 INFO:teuthology.orchestra.run.smithi061.stdout:/usr/bin/ceph: stderr
2023-12-11T18:59:00.629+0000 7fbab2f6d700 1 -- 172.21.15.61:0/1714043993 --> [v2:172.21.15.61:3300/0,v1:172.21.15.61:6789/0] -- mon_subscribe({osdmap=0}) v3 -- 0x7fbaac113e80 con 0x7fbaac078cc0
2023-12-11T18:59:01.205 INFO:teuthology.orchestra.run.smithi061.stdout:/usr/bin/ceph: stderr
2023-12-11T18:59:00.630+0000 7fbab2f6d700 1 -- 172.21.15.61:0/1714043993 --> [v2:172.21.15.61:3300/0,v1:172.21.15.61:6789/0] -- mon_command({"prefix": "get_command_descriptions"} v 0) v1 -- 0x7fbaac04bb80 con 0x7fbaac078cc0
2023-12-11T18:59:01.205 INFO:teuthology.orchestra.run.smithi061.stdout:/usr/bin/ceph: stderr
2023-12-11T18:59:00.630+0000 7fbaa97fa700 1 -- 172.21.15.61:0/1714043993 <== mon.0 v2:172.21.15.61:3300/0 4 ==== mgrmap(e 7) v1 ==== 43175+0+0 (secure 0 0 0) 0x7fbaa0010960 con 0x7fbaac078cc0
2023-12-11T18:59:01.205 INFO:teuthology.orchestra.run.smithi061.stdout:/usr/bin/ceph: stderr
2023-12-11T18:59:00.630+0000 7fbaa97fa700 1 --2- 172.21.15.61:0/1714043993 >> [v2:172.21.15.61:6800/456026987,v1:172.21.15.61:6801/456026987] conn(0x7fba9c0364c0 0x7fba9c038970 unknown :-1 s=NONE pgs=0 cs=0 l=1 rev1=0 crypto rx=0 tx=0 comp rx=0 tx=0).connect
2023-12-11T18:59:01.205 INFO:teuthology.orchestra.run.smithi061.stdout:/usr/bin/ceph: stderr
2023-12-11T18:59:00.630+0000 7fbaa97fa700 1 -- 172.21.15.61:0/1714043993 <== mon.0 v2:172.21.15.61:3300/0 5 ==== osd_map(2..2 src has 1..2) v4 ==== 936+0+0 (secure 0 0 0) 0x7fbaa001e070 con 0x7fbaac078cc0
2023-12-11T18:59:01.206 INFO:teuthology.orchestra.run.smithi061.stdout:/usr/bin/ceph: stderr
2023-12-11T18:59:00.631+0000 7fbaabfff700 1 --2- 172.21.15.61:0/1714043993 >> [v2:172.21.15.61:6800/456026987,v1:172.21.15.61:6801/456026987] conn(0x7fba9c0364c0 0x7fba9c038970 unknown :-1 s=BANNER_CONNECTING pgs=0 cs=0 l=1 rev1=0 crypto rx=0 tx=0 comp rx=0 tx=0)._handle_peer_banner_payload supported=3 required=0
2023-12-11T18:59:01.206 INFO:teuthology.orchestra.run.smithi061.stdout:/usr/bin/ceph: stderr
2023-12-11T18:59:00.631+0000 7fbaabfff700 1 --2- 172.21.15.61:0/1714043993 >> [v2:172.21.15.61:6800/456026987,v1:172.21.15.61:6801/456026987] conn(0x7fba9c0364c0 0x7fba9c038970 secure :-1 s=READY pgs=7 cs=0 l=1 rev1=1 crypto rx=0x7fba98009990 tx=0x7fba98006e40 comp rx=0 tx=0).ready entity=mgr.14120 client_cookie=0 server_cookie=0 in_seq=0 out_seq=0
2023-12-11T18:59:01.206 INFO:teuthology.orchestra.run.smithi061.stdout:/usr/bin/ceph: stderr
2023-12-11T18:59:00.636+0000 7fbaa97fa700 1 -- 172.21.15.61:0/1714043993 <== mon.0 v2:172.21.15.61:3300/0 6 ==== mon_command_ack([{"prefix": "get_command_descriptions"}]=0 v0) v1 ==== 72+0+174570 (secure 0 0 0) 0x7fbaa001a5c0 con 0x7fbaac078cc0
2023-12-11T18:59:01.206 INFO:teuthology.orchestra.run.smithi061.stdout:/usr/bin/ceph: stderr
2023-12-11T18:59:00.843+0000 7fbaa97fa700 1 -- 172.21.15.61:0/1714043993 <== mon.0 v2:172.21.15.61:3300/0 7 ==== mgrmap(e 8) v1 ==== 43281+0+0 (secure 0 0 0) 0x7fbaa002cce0 con 0x7fbaac078cc0
2023-12-11T18:59:01.206 INFO:teuthology.orchestra.run.smithi061.stdout:/usr/bin/ceph: stderr
2023-12-11T18:59:00.855+0000 7fbab2f6d700 1 -- 172.21.15.61:0/1714043993 --> [v2:172.21.15.61:6800/456026987,v1:172.21.15.61:6801/456026987] -- mgr_command(tid 0: {"prefix": "orch set backend", "module_name": "cephadm", "target": ["mon-mgr", ""]}) v1 -- 0x7fbaac0008d0 con 0x7fba9c0364c0
2023-12-11T18:59:01.206 INFO:teuthology.orchestra.run.smithi061.stdout:/usr/bin/ceph: stderr
2023-12-11T18:59:00.862+0000 7fbaa97fa700 1 -- 172.21.15.61:0/1714043993 <== mgr.14120 v2:172.21.15.61:6800/456026987 1 ==== mgr_command_reply(tid 0: 0 ) v1 ==== 8+0+0 (secure 0 0 0) 0x7fbaac0008d0 con 0x7fba9c0364c0
2023-12-11T18:59:01.206 INFO:teuthology.orchestra.run.smithi061.stdout:/usr/bin/ceph: stderr
2023-12-11T18:59:00.865+0000 7fbab2f6d700 1 -- 172.21.15.61:0/1714043993 >> [v2:172.21.15.61:6800/456026987,v1:172.21.15.61:6801/456026987] conn(0x7fba9c0364c0 msgr2=0x7fba9c038970 secure :-1 s=STATE_CONNECTION_ESTABLISHED l=1).mark_down
2023-12-11T18:59:01.206 INFO:teuthology.orchestra.run.smithi061.stdout:/usr/bin/ceph: stderr
2023-12-11T18:59:00.865+0000 7fbab2f6d700 1 --2- 172.21.15.61:0/1714043993 >> [v2:172.21.15.61:6800/456026987,v1:172.21.15.61:6801/456026987] conn(0x7fba9c0364c0 0x7fba9c038970 secure :-1 s=READY pgs=7 cs=0 l=1 rev1=1 crypto rx=0x7fba98009990 tx=0x7fba98006e40 comp rx=0 tx=0).stop
2023-12-11T18:59:01.206 INFO:teuthology.orchestra.run.smithi061.stdout:/usr/bin/ceph: stderr
2023-12-11T18:59:00.865+0000 7fbab2f6d700 1 -- 172.21.15.61:0/1714043993 >> [v2:172.21.15.61:3300/0,v1:172.21.15.61:6789/0] conn(0x7fbaac078cc0 msgr2=0x7fbaac113330 secure :-1 s=STATE_CONNECTION_ESTABLISHED l=1).mark_down
2023-12-11T18:59:01.206 INFO:teuthology.orchestra.run.smithi061.stdout:/usr/bin/ceph: stderr
2023-12-11T18:59:00.865+0000 7fbab2f6d700 1 --2- 172.21.15.61:0/1714043993 >> [v2:172.21.15.61:3300/0,v1:172.21.15.61:6789/0] conn(0x7fbaac078cc0 0x7fbaac113330 secure :-1 s=READY pgs=38 cs=0 l=1 rev1=1 crypto rx=0x7fbaa0006fd0 tx=0x7fbaa0009250 comp rx=0 tx=0).stop
2023-12-11T18:59:01.206 INFO:teuthology.orchestra.run.smithi061.stdout:/usr/bin/ceph: stderr
2023-12-11T18:59:00.865+0000 7fbab2f6d700 1 -- 172.21.15.61:0/1714043993 shutdown_connections
2023-12-11T18:59:01.207 INFO:teuthology.orchestra.run.smithi061.stdout:/usr/bin/ceph: stderr
2023-12-11T18:59:00.865+0000 7fbab2f6d700 1 --2- 172.21.15.61:0/1714043993 >> [v2:172.21.15.61:6800/456026987,v1:172.21.15.61:6801/456026987] conn(0x7fba9c0364c0 0x7fba9c038970 unknown :-1 s=CLOSED pgs=7 cs=0 l=1 rev1=1 crypto rx=0 tx=0 comp rx=0 tx=0).stop
2023-12-11T18:59:01.207 INFO:teuthology.orchestra.run.smithi061.stdout:/usr/bin/ceph: stderr
2023-12-11T18:59:00.865+0000 7fbab2f6d700 1 --2- 172.21.15.61:0/1714043993 >> [v2:172.21.15.61:3300/0,v1:172.21.15.61:6789/0] conn(0x7fbaac078cc0 0x7fbaac113330 unknown :-1 s=CLOSED pgs=38 cs=0 l=1 rev1=1 crypto rx=0 tx=0 comp rx=0 tx=0).stop
2023-12-11T18:59:01.207 INFO:teuthology.orchestra.run.smithi061.stdout:/usr/bin/ceph: stderr
2023-12-11T18:59:00.865+0000 7fbab2f6d700 1 -- 172.21.15.61:0/1714043993 >> 172.21.15.61:0/1714043993 conn(0x7fbaac0fda10 msgr2=0x7fbaac0ff1b0 unknown :-1 s=STATE_NONE l=0).mark_down
2023-12-11T18:59:01.207 INFO:teuthology.orchestra.run.smithi061.stdout:/usr/bin/ceph: stderr
2023-12-11T18:59:00.865+0000 7fbab2f6d700 1 -- 172.21.15.61:0/1714043993 shutdown_connections
2023-12-11T18:59:01.207 INFO:teuthology.orchestra.run.smithi061.stdout:/usr/bin/ceph: stderr
2023-12-11T18:59:00.865+0000 7fbab2f6d700 1 -- 172.21.15.61:0/1714043993 wait complete.
2023-12-11T18:59:02.105 INFO:journalctl@ceph.mon.smithi061.smithi061.stdout:Dec 11 18:59:01 smithi061 ceph-mon[135886]: [11/Dec/2023:18:59:00] ENGINE Bus STARTING
2023-12-11T18:59:02.105 INFO:journalctl@ceph.mon.smithi061.smithi061.stdout:Dec 11 18:59:01 smithi061 ceph-mon[135886]: [11/Dec/2023:18:59:00] ENGINE Serving on https://172.21.15.61:7150
2023-12-11T18:59:02.105 INFO:journalctl@ceph.mon.smithi061.smithi061.stdout:Dec 11 18:59:01 smithi061 ceph-mon[135886]: [11/Dec/2023:18:59:00] ENGINE Bus STARTED
2023-12-11T18:59:02.105 INFO:journalctl@ceph.mon.smithi061.smithi061.stdout:Dec 11 18:59:01 smithi061 ceph-mon[135886]: mgrmap e8: smithi061.nwxzrp(active, since 2s)
2023-12-11T18:59:02.105 INFO:journalctl@ceph.mon.smithi061.smithi061.stdout:Dec 11 18:59:01 smithi061 ceph-mon[135886]: from='mgr.14120 172.21.15.61:0/1549368305' entity='mgr.smithi061.nwxzrp' cmd=[{"prefix": "config dump", "format": "json"}]: dispatch
2023-12-11T18:59:02.105 INFO:journalctl@ceph.mon.smithi061.smithi061.stdout:Dec 11 18:59:01 smithi061 ceph-mon[135886]: from='client.14132 -' entity='client.admin' cmd=[{"prefix": "orch set backend", "module_name": "cephadm", "target": ["mon-mgr", ""]}]: dispatch
2023-12-11T18:59:02.105 INFO:journalctl@ceph.mon.smithi061.smithi061.stdout:Dec 11 18:59:01 smithi061 ceph-mon[135886]: from='mgr.14120 172.21.15.61:0/1549368305' entity='mgr.smithi061.nwxzrp'
2023-12-11T18:59:02.105 INFO:journalctl@ceph.mon.smithi061.smithi061.stdout:Dec 11 18:59:01 smithi061 ceph-mon[135886]: from='mgr.14120 172.21.15.61:0/1549368305' entity='mgr.smithi061.nwxzrp' cmd=[{"prefix": "config dump", "format": "json"}]: dispatch
2023-12-11T18:59:02.164 INFO:teuthology.orchestra.run.smithi061.stdout:/usr/bin/ceph: stdout value unchanged
2023-12-11T18:59:02.164 INFO:teuthology.orchestra.run.smithi061.stdout:/usr/bin/ceph: stderr
2023-12-11T18:59:01.607+0000 7f92e4f11700 1 Processor -- start
2023-12-11T18:59:02.164 INFO:teuthology.orchestra.run.smithi061.stdout:/usr/bin/ceph: stderr
2023-12-11T18:59:01.607+0000 7f92e4f11700 1 -- start start
2023-12-11T18:59:02.164 INFO:teuthology.orchestra.run.smithi061.stdout:/usr/bin/ceph: stderr
2023-12-11T18:59:01.608+0000 7f92e4f11700 1 --2- >> [v2:172.21.15.61:3300/0,v1:172.21.15.61:6789/0] conn(0x7f92e0077bb0 0x7f92e00760c0 unknown :-1 s=NONE pgs=0 cs=0 l=0 rev1=0 crypto rx=0 tx=0 comp rx=0 tx=0).connect
2023-12-11T18:59:02.164 INFO:teuthology.orchestra.run.smithi061.stdout:/usr/bin/ceph: stderr
2023-12-11T18:59:01.608+0000 7f92e4f11700 1 -- --> [v2:172.21.15.61:3300/0,v1:172.21.15.61:6789/0] -- mon_getmap magic: 0 v1 -- 0x7f92e0077fc0 con 0x7f92e0077bb0
2023-12-11T18:59:02.164 INFO:teuthology.orchestra.run.smithi061.stdout:/usr/bin/ceph: stderr
2023-12-11T18:59:01.608+0000 7f92de59c700 1 --2- >> [v2:172.21.15.61:3300/0,v1:172.21.15.61:6789/0] conn(0x7f92e0077bb0 0x7f92e00760c0 unknown :-1 s=BANNER_CONNECTING pgs=0 cs=0 l=0 rev1=0 crypto rx=0 tx=0 comp rx=0 tx=0)._handle_peer_banner_payload supported=3 required=0
2023-12-11T18:59:02.164 INFO:teuthology.orchestra.run.smithi061.stdout:/usr/bin/ceph: stderr
2023-12-11T18:59:01.608+0000 7f92de59c700 1 --2- >> [v2:172.21.15.61:3300/0,v1:172.21.15.61:6789/0] conn(0x7f92e0077bb0 0x7f92e00760c0 unknown :-1 s=HELLO_CONNECTING pgs=0 cs=0 l=0 rev1=1 crypto rx=0 tx=0 comp rx=0 tx=0).handle_hello peer v2:172.21.15.61:3300/0 says I am v2:172.21.15.61:41474/0 (socket says 172.21.15.61:41474)
2023-12-11T18:59:02.164 INFO:teuthology.orchestra.run.smithi061.stdout:/usr/bin/ceph: stderr
2023-12-11T18:59:01.608+0000 7f92de59c700 1 -- 172.21.15.61:0/3364520353 learned_addr learned my addr 172.21.15.61:0/3364520353 (peer_addr_for_me v2:172.21.15.61:0/0)
2023-12-11T18:59:02.164 INFO:teuthology.orchestra.run.smithi061.stdout:/usr/bin/ceph: stderr
2023-12-11T18:59:01.608+0000 7f92de59c700 1 -- 172.21.15.61:0/3364520353 --> [v2:172.21.15.61:3300/0,v1:172.21.15.61:6789/0] -- mon_subscribe({config=0+,monmap=0+}) v3 -- 0x7f92e0076600 con 0x7f92e0077bb0
2023-12-11T18:59:02.164 INFO:teuthology.orchestra.run.smithi061.stdout:/usr/bin/ceph: stderr
2023-12-11T18:59:01.609+0000 7f92de59c700 1 --2- 172.21.15.61:0/3364520353 >> [v2:172.21.15.61:3300/0,v1:172.21.15.61:6789/0] conn(0x7f92e0077bb0 0x7f92e00760c0 secure :-1 s=READY pgs=39 cs=0 l=1 rev1=1 crypto rx=0x7f92d00098e0 tx=0x7f92d0009250 comp rx=0 tx=0).ready entity=mon.0 client_cookie=107372ffd53c695 server_cookie=0 in_seq=0 out_seq=0
2023-12-11T18:59:02.164 INFO:teuthology.orchestra.run.smithi061.stdout:/usr/bin/ceph: stderr
2023-12-11T18:59:01.609+0000 7f92dd59a700 1 -- 172.21.15.61:0/3364520353 <== mon.0 v2:172.21.15.61:3300/0 1 ==== mon_map magic: 0 v1 ==== 229+0+0 (secure 0 0 0) 0x7f92d000b860 con 0x7f92e0077bb0
2023-12-11T18:59:02.164 INFO:teuthology.orchestra.run.smithi061.stdout:/usr/bin/ceph: stderr
2023-12-11T18:59:01.609+0000 7f92dd59a700 1 -- 172.21.15.61:0/3364520353 <== mon.0 v2:172.21.15.61:3300/0 2 ==== config(26 keys) v1 ==== 1009+0+0 (secure 0 0 0) 0x7f92d000be30 con 0x7f92e0077bb0
2023-12-11T18:59:02.165 INFO:teuthology.orchestra.run.smithi061.stdout:/usr/bin/ceph: stderr
2023-12-11T18:59:01.609+0000 7f92dd59a700 1 -- 172.21.15.61:0/3364520353 <== mon.0 v2:172.21.15.61:3300/0 3 ==== mon_map magic: 0 v1 ==== 229+0+0 (secure 0 0 0) 0x7f92d0010380 con 0x7f92e0077bb0
2023-12-11T18:59:02.165 INFO:teuthology.orchestra.run.smithi061.stdout:/usr/bin/ceph: stderr
2023-12-11T18:59:01.609+0000 7f92e4f11700 1 -- 172.21.15.61:0/3364520353 >> [v2:172.21.15.61:3300/0,v1:172.21.15.61:6789/0] conn(0x7f92e0077bb0 msgr2=0x7f92e00760c0 secure :-1 s=STATE_CONNECTION_ESTABLISHED l=1).mark_down
2023-12-11T18:59:02.165 INFO:teuthology.orchestra.run.smithi061.stdout:/usr/bin/ceph: stderr
2023-12-11T18:59:01.609+0000 7f92e4f11700 1 --2- 172.21.15.61:0/3364520353 >> [v2:172.21.15.61:3300/0,v1:172.21.15.61:6789/0] conn(0x7f92e0077bb0 0x7f92e00760c0 secure :-1 s=READY pgs=39 cs=0 l=1 rev1=1 crypto rx=0x7f92d00098e0 tx=0x7f92d0009250 comp rx=0 tx=0).stop
2023-12-11T18:59:02.165 INFO:teuthology.orchestra.run.smithi061.stdout:/usr/bin/ceph: stderr
2023-12-11T18:59:01.609+0000 7f92e4f11700 1 -- 172.21.15.61:0/3364520353 shutdown_connections
2023-12-11T18:59:02.165 INFO:teuthology.orchestra.run.smithi061.stdout:/usr/bin/ceph: stderr
2023-12-11T18:59:01.609+0000 7f92e4f11700 1 --2- 172.21.15.61:0/3364520353 >> [v2:172.21.15.61:3300/0,v1:172.21.15.61:6789/0] conn(0x7f92e0077bb0 0x7f92e00760c0 unknown :-1 s=CLOSED pgs=39 cs=0 l=1 rev1=1 crypto rx=0 tx=0 comp rx=0 tx=0).stop
2023-12-11T18:59:02.165 INFO:teuthology.orchestra.run.smithi061.stdout:/usr/bin/ceph: stderr
2023-12-11T18:59:01.609+0000 7f92e4f11700 1 -- 172.21.15.61:0/3364520353 >> 172.21.15.61:0/3364520353 conn(0x7f92e00fda50 msgr2=0x7f92e00ffe60 unknown :-1 s=STATE_NONE l=0).mark_down
2023-12-11T18:59:02.165 INFO:teuthology.orchestra.run.smithi061.stdout:/usr/bin/ceph: stderr
2023-12-11T18:59:01.610+0000 7f92e4f11700 1 -- 172.21.15.61:0/3364520353 shutdown_connections
2023-12-11T18:59:02.165 INFO:teuthology.orchestra.run.smithi061.stdout:/usr/bin/ceph: stderr
2023-12-11T18:59:01.610+0000 7f92e4f11700 1 -- 172.21.15.61:0/3364520353 wait complete.
2023-12-11T18:59:02.165 INFO:teuthology.orchestra.run.smithi061.stdout:/usr/bin/ceph: stderr
2023-12-11T18:59:01.610+0000 7f92e4f11700 1 Processor -- start
2023-12-11T18:59:02.166 INFO:teuthology.orchestra.run.smithi061.stdout:/usr/bin/ceph: stderr
2023-12-11T18:59:01.611+0000 7f92e4f11700 1 -- start start
2023-12-11T18:59:02.166 INFO:teuthology.orchestra.run.smithi061.stdout:/usr/bin/ceph: stderr
2023-12-11T18:59:01.611+0000 7f92e4f11700 1 --2- >> [v2:172.21.15.61:3300/0,v1:172.21.15.61:6789/0] conn(0x7f92e0077bb0 0x7f92e01133d0 unknown :-1 s=NONE pgs=0 cs=0 l=1 rev1=0 crypto rx=0 tx=0 comp rx=0 tx=0).connect
2023-12-11T18:59:02.166 INFO:teuthology.orchestra.run.smithi061.stdout:/usr/bin/ceph: stderr
2023-12-11T18:59:01.611+0000 7f92e4f11700 1 -- --> [v2:172.21.15.61:3300/0,v1:172.21.15.61:6789/0] -- mon_getmap magic: 0 v1 -- 0x7f92e0113910 con 0x7f92e0077bb0
2023-12-11T18:59:02.166 INFO:teuthology.orchestra.run.smithi061.stdout:/usr/bin/ceph: stderr
2023-12-11T18:59:01.611+0000 7f92de59c700 1 --2- >> [v2:172.21.15.61:3300/0,v1:172.21.15.61:6789/0] conn(0x7f92e0077bb0 0x7f92e01133d0 unknown :-1 s=BANNER_CONNECTING pgs=0 cs=0 l=1 rev1=0 crypto rx=0 tx=0 comp rx=0 tx=0)._handle_peer_banner_payload supported=3 required=0
2023-12-11T18:59:02.166 INFO:teuthology.orchestra.run.smithi061.stdout:/usr/bin/ceph: stderr
2023-12-11T18:59:01.611+0000 7f92de59c700 1 --2- >> [v2:172.21.15.61:3300/0,v1:172.21.15.61:6789/0] conn(0x7f92e0077bb0 0x7f92e01133d0 unknown :-1 s=HELLO_CONNECTING pgs=0 cs=0 l=1 rev1=1 crypto rx=0 tx=0 comp rx=0 tx=0).handle_hello peer v2:172.21.15.61:3300/0 says I am v2:172.21.15.61:41484/0 (socket says 172.21.15.61:41484)
2023-12-11T18:59:02.166 INFO:teuthology.orchestra.run.smithi061.stdout:/usr/bin/ceph: stderr
2023-12-11T18:59:01.611+0000 7f92de59c700 1 -- 172.21.15.61:0/2348264706 learned_addr learned my addr 172.21.15.61:0/2348264706 (peer_addr_for_me v2:172.21.15.61:0/0)
2023-12-11T18:59:02.166 INFO:teuthology.orchestra.run.smithi061.stdout:/usr/bin/ceph: stderr
2023-12-11T18:59:01.611+0000 7f92de59c700 1 -- 172.21.15.61:0/2348264706 --> [v2:172.21.15.61:3300/0,v1:172.21.15.61:6789/0] -- mon_subscribe({config=0+,monmap=0+}) v3 -- 0x7f92d00094f0 con 0x7f92e0077bb0
2023-12-11T18:59:02.166 INFO:teuthology.orchestra.run.smithi061.stdout:/usr/bin/ceph: stderr
2023-12-11T18:59:01.612+0000 7f92de59c700 1 --2- 172.21.15.61:0/2348264706 >> [v2:172.21.15.61:3300/0,v1:172.21.15.61:6789/0] conn(0x7f92e0077bb0 0x7f92e01133d0 secure :-1 s=READY pgs=40 cs=0 l=1 rev1=1 crypto rx=0x7f92d0006fd0 tx=0x7f92d0009250 comp rx=0 tx=0).ready entity=mon.0 client_cookie=0 server_cookie=0 in_seq=0 out_seq=0
2023-12-11T18:59:02.166 INFO:teuthology.orchestra.run.smithi061.stdout:/usr/bin/ceph: stderr
2023-12-11T18:59:01.612+0000 7f92ceffd700 1 -- 172.21.15.61:0/2348264706 <== mon.0 v2:172.21.15.61:3300/0 1 ==== mon_map magic: 0 v1 ==== 229+0+0 (secure 0 0 0) 0x7f92d0010750 con 0x7f92e0077bb0
2023-12-11T18:59:02.166 INFO:teuthology.orchestra.run.smithi061.stdout:/usr/bin/ceph: stderr
2023-12-11T18:59:01.612+0000 7f92ceffd700 1 -- 172.21.15.61:0/2348264706 <== mon.0 v2:172.21.15.61:3300/0 2 ==== config(26 keys) v1 ==== 1009+0+0 (secure 0 0 0) 0x7f92d0010d20 con 0x7f92e0077bb0
2023-12-11T18:59:02.167 INFO:teuthology.orchestra.run.smithi061.stdout:/usr/bin/ceph: stderr
2023-12-11T18:59:01.612+0000 7f92e4f11700 1 -- 172.21.15.61:0/2348264706 --> [v2:172.21.15.61:3300/0,v1:172.21.15.61:6789/0] -- mon_subscribe({mgrmap=0+}) v3 -- 0x7f92e0113b10 con 0x7f92e0077bb0
2023-12-11T18:59:02.167 INFO:teuthology.orchestra.run.smithi061.stdout:/usr/bin/ceph: stderr
2023-12-11T18:59:01.612+0000 7f92ceffd700 1 -- 172.21.15.61:0/2348264706 <== mon.0 v2:172.21.15.61:3300/0 3 ==== mon_map magic: 0 v1 ==== 229+0+0 (secure 0 0 0) 0x7f92d001ada0 con 0x7f92e0077bb0
2023-12-11T18:59:02.167 INFO:teuthology.orchestra.run.smithi061.stdout:/usr/bin/ceph: stderr
2023-12-11T18:59:01.612+0000 7f92e4f11700 1 -- 172.21.15.61:0/2348264706 --> [v2:172.21.15.61:3300/0,v1:172.21.15.61:6789/0] -- mon_subscribe({osdmap=0}) v3 -- 0x7f92e0113f20 con 0x7f92e0077bb0
2023-12-11T18:59:02.167 INFO:teuthology.orchestra.run.smithi061.stdout:/usr/bin/ceph: stderr
2023-12-11T18:59:01.613+0000 7f92e4f11700 1 -- 172.21.15.61:0/2348264706 --> [v2:172.21.15.61:3300/0,v1:172.21.15.61:6789/0] -- mon_command({"prefix": "get_command_descriptions"} v 0) v1 -- 0x7f92e004bb80 con 0x7f92e0077bb0
2023-12-11T18:59:02.167 INFO:teuthology.orchestra.run.smithi061.stdout:/usr/bin/ceph: stderr
2023-12-11T18:59:01.613+0000 7f92ceffd700 1 -- 172.21.15.61:0/2348264706 <== mon.0 v2:172.21.15.61:3300/0 4 ==== mgrmap(e 8) v1 ==== 43281+0+0 (secure 0 0 0) 0x7f92d00108b0 con 0x7f92e0077bb0
2023-12-11T18:59:02.167 INFO:teuthology.orchestra.run.smithi061.stdout:/usr/bin/ceph: stderr
2023-12-11T18:59:01.613+0000 7f92ceffd700 1 --2- 172.21.15.61:0/2348264706 >> [v2:172.21.15.61:6800/456026987,v1:172.21.15.61:6801/456026987] conn(0x7f92c80365f0 0x7f92c8038aa0 unknown :-1 s=NONE pgs=0 cs=0 l=1 rev1=0 crypto rx=0 tx=0 comp rx=0 tx=0).connect
2023-12-11T18:59:02.167 INFO:teuthology.orchestra.run.smithi061.stdout:/usr/bin/ceph: stderr
2023-12-11T18:59:01.614+0000 7f92ceffd700 1 -- 172.21.15.61:0/2348264706 <== mon.0 v2:172.21.15.61:3300/0 5 ==== osd_map(2..2 src has 1..2) v4 ==== 936+0+0 (secure 0 0 0) 0x7f92d0049bd0 con 0x7f92e0077bb0
2023-12-11T18:59:02.167 INFO:teuthology.orchestra.run.smithi061.stdout:/usr/bin/ceph: stderr
2023-12-11T18:59:01.614+0000 7f92ddd9b700 1 --2- 172.21.15.61:0/2348264706 >> [v2:172.21.15.61:6800/456026987,v1:172.21.15.61:6801/456026987] conn(0x7f92c80365f0 0x7f92c8038aa0 unknown :-1 s=BANNER_CONNECTING pgs=0 cs=0 l=1 rev1=0 crypto rx=0 tx=0 comp rx=0 tx=0)._handle_peer_banner_payload supported=3 required=0
2023-12-11T18:59:02.167 INFO:teuthology.orchestra.run.smithi061.stdout:/usr/bin/ceph: stderr
2023-12-11T18:59:01.614+0000 7f92ddd9b700 1 --2- 172.21.15.61:0/2348264706 >> [v2:172.21.15.61:6800/456026987,v1:172.21.15.61:6801/456026987] conn(0x7f92c80365f0 0x7f92c8038aa0 secure :-1 s=READY pgs=8 cs=0 l=1 rev1=1 crypto rx=0x7f92d4009990 tx=0x7f92d4006e40 comp rx=0 tx=0).ready entity=mgr.14120 client_cookie=0 server_cookie=0 in_seq=0 out_seq=0
2023-12-11T18:59:02.167 INFO:teuthology.orchestra.run.smithi061.stdout:/usr/bin/ceph: stderr
2023-12-11T18:59:01.618+0000 7f92ceffd700 1 -- 172.21.15.61:0/2348264706 <== mon.0 v2:172.21.15.61:3300/0 6 ==== mon_command_ack([{"prefix": "get_command_descriptions"}]=0 v0) v1 ==== 72+0+174570 (secure 0 0 0) 0x7f92d002c350 con 0x7f92e0077bb0
2023-12-11T18:59:02.167 INFO:teuthology.orchestra.run.smithi061.stdout:/usr/bin/ceph: stderr
2023-12-11T18:59:01.823+0000 7f92e4f11700 1 -- 172.21.15.61:0/2348264706 --> [v2:172.21.15.61:6800/456026987,v1:172.21.15.61:6801/456026987] -- mgr_command(tid 0: {"prefix": "cephadm set-user", "user": "root", "target": ["mon-mgr", ""]}) v1 -- 0x7f92e00008d0 con 0x7f92c80365f0
2023-12-11T18:59:02.167 INFO:teuthology.orchestra.run.smithi061.stdout:/usr/bin/ceph: stderr
2023-12-11T18:59:01.823+0000 7f92ceffd700 1 -- 172.21.15.61:0/2348264706 <== mgr.14120 v2:172.21.15.61:6800/456026987 1 ==== mgr_command_reply(tid 0: 0 ) v1 ==== 8+0+16 (secure 0 0 0) 0x7f92e00008d0 con 0x7f92c80365f0
2023-12-11T18:59:02.167 INFO:teuthology.orchestra.run.smithi061.stdout:/usr/bin/ceph: stderr
2023-12-11T18:59:01.826+0000 7f92e4f11700 1 -- 172.21.15.61:0/2348264706 >> [v2:172.21.15.61:6800/456026987,v1:172.21.15.61:6801/456026987] conn(0x7f92c80365f0 msgr2=0x7f92c8038aa0 secure :-1 s=STATE_CONNECTION_ESTABLISHED l=1).mark_down
2023-12-11T18:59:02.167 INFO:teuthology.orchestra.run.smithi061.stdout:/usr/bin/ceph: stderr
2023-12-11T18:59:01.826+0000 7f92e4f11700 1 --2- 172.21.15.61:0/2348264706 >> [v2:172.21.15.61:6800/456026987,v1:172.21.15.61:6801/456026987] conn(0x7f92c80365f0 0x7f92c8038aa0 secure :-1 s=READY pgs=8 cs=0 l=1 rev1=1 crypto rx=0x7f92d4009990 tx=0x7f92d4006e40 comp rx=0 tx=0).stop
2023-12-11T18:59:02.167 INFO:teuthology.orchestra.run.smithi061.stdout:/usr/bin/ceph: stderr
2023-12-11T18:59:01.826+0000 7f92e4f11700 1 -- 172.21.15.61:0/2348264706 >> [v2:172.21.15.61:3300/0,v1:172.21.15.61:6789/0] conn(0x7f92e0077bb0 msgr2=0x7f92e01133d0 secure :-1 s=STATE_CONNECTION_ESTABLISHED l=1).mark_down
2023-12-11T18:59:02.168 INFO:teuthology.orchestra.run.smithi061.stdout:/usr/bin/ceph: stderr
2023-12-11T18:59:01.826+0000 7f92e4f11700 1 --2- 172.21.15.61:0/2348264706 >> [v2:172.21.15.61:3300/0,v1:172.21.15.61:6789/0] conn(0x7f92e0077bb0 0x7f92e01133d0 secure :-1 s=READY pgs=40 cs=0 l=1 rev1=1 crypto rx=0x7f92d0006fd0 tx=0x7f92d0009250 comp rx=0 tx=0).stop
2023-12-11T18:59:02.168 INFO:teuthology.orchestra.run.smithi061.stdout:/usr/bin/ceph: stderr
2023-12-11T18:59:01.826+0000 7f92e4f11700 1 -- 172.21.15.61:0/2348264706 shutdown_connections
2023-12-11T18:59:02.168 INFO:teuthology.orchestra.run.smithi061.stdout:/usr/bin/ceph: stderr
2023-12-11T18:59:01.826+0000 7f92e4f11700 1 --2- 172.21.15.61:0/2348264706 >> [v2:172.21.15.61:6800/456026987,v1:172.21.15.61:6801/456026987] conn(0x7f92c80365f0 0x7f92c8038aa0 unknown :-1 s=CLOSED pgs=8 cs=0 l=1 rev1=1 crypto rx=0 tx=0 comp rx=0 tx=0).stop
2023-12-11T18:59:02.168 INFO:teuthology.orchestra.run.smithi061.stdout:/usr/bin/ceph: stderr
2023-12-11T18:59:01.826+0000 7f92e4f11700 1 --2- 172.21.15.61:0/2348264706 >> [v2:172.21.15.61:3300/0,v1:172.21.15.61:6789/0] conn(0x7f92e0077bb0 0x7f92e01133d0 unknown :-1 s=CLOSED pgs=40 cs=0 l=1 rev1=1 crypto rx=0 tx=0 comp rx=0 tx=0).stop
2023-12-11T18:59:02.168 INFO:teuthology.orchestra.run.smithi061.stdout:/usr/bin/ceph: stderr
2023-12-11T18:59:01.826+0000 7f92e4f11700 1 -- 172.21.15.61:0/2348264706 >> 172.21.15.61:0/2348264706 conn(0x7f92e00fda50 msgr2=0x7f92e00ffe50 unknown :-1 s=STATE_NONE l=0).mark_down
2023-12-11T18:59:02.168 INFO:teuthology.orchestra.run.smithi061.stdout:/usr/bin/ceph: stderr
2023-12-11T18:59:01.826+0000 7f92e4f11700 1 -- 172.21.15.61:0/2348264706 shutdown_connections
2023-12-11T18:59:02.168 INFO:teuthology.orchestra.run.smithi061.stdout:/usr/bin/ceph: stderr
2023-12-11T18:59:01.826+0000 7f92e4f11700 1 -- 172.21.15.61:0/2348264706 wait complete.
2023-12-11T18:59:02.168 INFO:teuthology.orchestra.run.smithi061.stdout:Generating ssh key...
2023-12-11T18:59:03.095 INFO:journalctl@ceph.mon.smithi061.smithi061.stdout:Dec 11 18:59:02 smithi061 ceph-mon[135886]: from='client.14134 -' entity='client.admin' cmd=[{"prefix": "cephadm set-user", "user": "root", "target": ["mon-mgr", ""]}]: dispatch
2023-12-11T18:59:03.234 INFO:teuthology.orchestra.run.smithi061.stdout:/usr/bin/ceph: stderr
2023-12-11T18:59:02.537+0000 7f8a14966700 1 Processor -- start
2023-12-11T18:59:03.235 INFO:teuthology.orchestra.run.smithi061.stdout:/usr/bin/ceph: stderr
2023-12-11T18:59:02.538+0000 7f8a14966700 1 -- start start
2023-12-11T18:59:03.235 INFO:teuthology.orchestra.run.smithi061.stdout:/usr/bin/ceph: stderr
2023-12-11T18:59:02.538+0000 7f8a14966700 1 --2- >> [v2:172.21.15.61:3300/0,v1:172.21.15.61:6789/0] conn(0x7f8a101022d0 0x7f8a101026e0 unknown :-1 s=NONE pgs=0 cs=0 l=0 rev1=0 crypto rx=0 tx=0 comp rx=0 tx=0).connect
2023-12-11T18:59:03.235 INFO:teuthology.orchestra.run.smithi061.stdout:/usr/bin/ceph: stderr
2023-12-11T18:59:02.538+0000 7f8a14966700 1 -- --> [v2:172.21.15.61:3300/0,v1:172.21.15.61:6789/0] -- mon_getmap magic: 0 v1 -- 0x7f8a10102c20 con 0x7f8a101022d0
2023-12-11T18:59:03.235 INFO:teuthology.orchestra.run.smithi061.stdout:/usr/bin/ceph: stderr
2023-12-11T18:59:02.538+0000 7f8a0e59c700 1 --2- >> [v2:172.21.15.61:3300/0,v1:172.21.15.61:6789/0] conn(0x7f8a101022d0 0x7f8a101026e0 unknown :-1 s=BANNER_CONNECTING pgs=0 cs=0 l=0 rev1=0 crypto rx=0 tx=0 comp rx=0 tx=0)._handle_peer_banner_payload supported=3 required=0
2023-12-11T18:59:03.235 INFO:teuthology.orchestra.run.smithi061.stdout:/usr/bin/ceph: stderr
2023-12-11T18:59:02.538+0000 7f8a0e59c700 1 --2- >> [v2:172.21.15.61:3300/0,v1:172.21.15.61:6789/0] conn(0x7f8a101022d0 0x7f8a101026e0 unknown :-1 s=HELLO_CONNECTING pgs=0 cs=0 l=0 rev1=1 crypto rx=0 tx=0 comp rx=0 tx=0).handle_hello peer v2:172.21.15.61:3300/0 says I am v2:172.21.15.61:41490/0 (socket says 172.21.15.61:41490)
2023-12-11T18:59:03.235 INFO:teuthology.orchestra.run.smithi061.stdout:/usr/bin/ceph: stderr
2023-12-11T18:59:02.538+0000 7f8a0e59c700 1 -- 172.21.15.61:0/1646332481 learned_addr learned my addr 172.21.15.61:0/1646332481 (peer_addr_for_me v2:172.21.15.61:0/0)
2023-12-11T18:59:03.235 INFO:teuthology.orchestra.run.smithi061.stdout:/usr/bin/ceph: stderr
2023-12-11T18:59:02.539+0000 7f8a0e59c700 1 -- 172.21.15.61:0/1646332481 --> [v2:172.21.15.61:3300/0,v1:172.21.15.61:6789/0] -- mon_subscribe({config=0+,monmap=0+}) v3 -- 0x7f8a10102d60 con 0x7f8a101022d0
2023-12-11T18:59:03.235 INFO:teuthology.orchestra.run.smithi061.stdout:/usr/bin/ceph: stderr
2023-12-11T18:59:02.539+0000 7f8a0e59c700 1 --2- 172.21.15.61:0/1646332481 >> [v2:172.21.15.61:3300/0,v1:172.21.15.61:6789/0] conn(0x7f8a101022d0 0x7f8a101026e0 secure :-1 s=READY pgs=41 cs=0 l=1 rev1=1 crypto rx=0x7f8a000098e0 tx=0x7f8a00009250 comp rx=0 tx=0).ready entity=mon.0 client_cookie=e1754364ad65a1f3 server_cookie=0 in_seq=0 out_seq=0
2023-12-11T18:59:03.235 INFO:teuthology.orchestra.run.smithi061.stdout:/usr/bin/ceph: stderr
2023-12-11T18:59:02.539+0000 7f8a0dd9b700 1 -- 172.21.15.61:0/1646332481 <== mon.0 v2:172.21.15.61:3300/0 1 ==== mon_map magic: 0 v1 ==== 229+0+0 (secure 0 0 0) 0x7f8a0000b860 con 0x7f8a101022d0
2023-12-11T18:59:03.235 INFO:teuthology.orchestra.run.smithi061.stdout:/usr/bin/ceph: stderr
2023-12-11T18:59:02.539+0000 7f8a0dd9b700 1 -- 172.21.15.61:0/1646332481 <== mon.0 v2:172.21.15.61:3300/0 2 ==== config(26 keys) v1 ==== 1009+0+0 (secure 0 0 0) 0x7f8a0000be30 con 0x7f8a101022d0
2023-12-11T18:59:03.235 INFO:teuthology.orchestra.run.smithi061.stdout:/usr/bin/ceph: stderr
2023-12-11T18:59:02.539+0000 7f8a0dd9b700 1 -- 172.21.15.61:0/1646332481 <== mon.0 v2:172.21.15.61:3300/0 3 ==== mon_map magic: 0 v1 ==== 229+0+0 (secure 0 0 0) 0x7f8a00010380 con 0x7f8a101022d0
2023-12-11T18:59:03.235 INFO:teuthology.orchestra.run.smithi061.stdout:/usr/bin/ceph: stderr
2023-12-11T18:59:02.540+0000 7f8a14966700 1 -- 172.21.15.61:0/1646332481 >> [v2:172.21.15.61:3300/0,v1:172.21.15.61:6789/0] conn(0x7f8a101022d0 msgr2=0x7f8a101026e0 secure :-1 s=STATE_CONNECTION_ESTABLISHED l=1).mark_down
2023-12-11T18:59:03.236 INFO:teuthology.orchestra.run.smithi061.stdout:/usr/bin/ceph: stderr
2023-12-11T18:59:02.540+0000 7f8a14966700 1 --2- 172.21.15.61:0/1646332481 >> [v2:172.21.15.61:3300/0,v1:172.21.15.61:6789/0] conn(0x7f8a101022d0 0x7f8a101026e0 secure :-1 s=READY pgs=41 cs=0 l=1 rev1=1 crypto rx=0x7f8a000098e0 tx=0x7f8a00009250 comp rx=0 tx=0).stop
2023-12-11T18:59:03.236 INFO:teuthology.orchestra.run.smithi061.stdout:/usr/bin/ceph: stderr
2023-12-11T18:59:02.540+0000 7f8a14966700 1 -- 172.21.15.61:0/1646332481 shutdown_connections
2023-12-11T18:59:03.236 INFO:teuthology.orchestra.run.smithi061.stdout:/usr/bin/ceph: stderr
2023-12-11T18:59:02.540+0000 7f8a14966700 1 --2- 172.21.15.61:0/1646332481 >> [v2:172.21.15.61:3300/0,v1:172.21.15.61:6789/0] conn(0x7f8a101022d0 0x7f8a101026e0 unknown :-1 s=CLOSED pgs=41 cs=0 l=1 rev1=1 crypto rx=0 tx=0 comp rx=0 tx=0).stop
2023-12-11T18:59:03.236 INFO:teuthology.orchestra.run.smithi061.stdout:/usr/bin/ceph: stderr
2023-12-11T18:59:02.540+0000 7f8a14966700 1 -- 172.21.15.61:0/1646332481 >> 172.21.15.61:0/1646332481 conn(0x7f8a100fda50 msgr2=0x7f8a100ffe60 unknown :-1 s=STATE_NONE l=0).mark_down
2023-12-11T18:59:03.236 INFO:teuthology.orchestra.run.smithi061.stdout:/usr/bin/ceph: stderr
2023-12-11T18:59:02.540+0000 7f8a14966700 1 -- 172.21.15.61:0/1646332481 shutdown_connections
2023-12-11T18:59:03.236 INFO:teuthology.orchestra.run.smithi061.stdout:/usr/bin/ceph: stderr
2023-12-11T18:59:02.540+0000 7f8a14966700 1 -- 172.21.15.61:0/1646332481 wait complete.
2023-12-11T18:59:03.236 INFO:teuthology.orchestra.run.smithi061.stdout:/usr/bin/ceph: stderr
2023-12-11T18:59:02.541+0000 7f8a14966700 1 Processor -- start
2023-12-11T18:59:03.236 INFO:teuthology.orchestra.run.smithi061.stdout:/usr/bin/ceph: stderr
2023-12-11T18:59:02.541+0000 7f8a14966700 1 -- start start
2023-12-11T18:59:03.236 INFO:teuthology.orchestra.run.smithi061.stdout:/usr/bin/ceph: stderr
2023-12-11T18:59:02.542+0000 7f8a14966700 1 --2- >> [v2:172.21.15.61:3300/0,v1:172.21.15.61:6789/0] conn(0x7f8a101022d0 0x7f8a10111140 unknown :-1 s=NONE pgs=0 cs=0 l=1 rev1=0 crypto rx=0 tx=0 comp rx=0 tx=0).connect
2023-12-11T18:59:03.236 INFO:teuthology.orchestra.run.smithi061.stdout:/usr/bin/ceph: stderr
2023-12-11T18:59:02.542+0000 7f8a14966700 1 -- --> [v2:172.21.15.61:3300/0,v1:172.21.15.61:6789/0] -- mon_getmap magic: 0 v1 -- 0x7f8a10111680 con 0x7f8a101022d0
2023-12-11T18:59:03.236 INFO:teuthology.orchestra.run.smithi061.stdout:/usr/bin/ceph: stderr
2023-12-11T18:59:02.542+0000 7f8a0e59c700 1 --2- >> [v2:172.21.15.61:3300/0,v1:172.21.15.61:6789/0] conn(0x7f8a101022d0 0x7f8a10111140 unknown :-1 s=BANNER_CONNECTING pgs=0 cs=0 l=1 rev1=0 crypto rx=0 tx=0 comp rx=0 tx=0)._handle_peer_banner_payload supported=3 required=0
2023-12-11T18:59:03.236 INFO:teuthology.orchestra.run.smithi061.stdout:/usr/bin/ceph: stderr
2023-12-11T18:59:02.542+0000 7f8a0e59c700 1 --2- >> [v2:172.21.15.61:3300/0,v1:172.21.15.61:6789/0] conn(0x7f8a101022d0 0x7f8a10111140 unknown :-1 s=HELLO_CONNECTING pgs=0 cs=0 l=1 rev1=1 crypto rx=0 tx=0 comp rx=0 tx=0).handle_hello peer v2:172.21.15.61:3300/0 says I am v2:172.21.15.61:41494/0 (socket says 172.21.15.61:41494)
2023-12-11T18:59:03.236 INFO:teuthology.orchestra.run.smithi061.stdout:/usr/bin/ceph: stderr
2023-12-11T18:59:02.542+0000 7f8a0e59c700 1 -- 172.21.15.61:0/2079036503 learned_addr learned my addr 172.21.15.61:0/2079036503 (peer_addr_for_me v2:172.21.15.61:0/0)
2023-12-11T18:59:03.236 INFO:teuthology.orchestra.run.smithi061.stdout:/usr/bin/ceph: stderr
2023-12-11T18:59:02.542+0000 7f8a0e59c700 1 -- 172.21.15.61:0/2079036503 --> [v2:172.21.15.61:3300/0,v1:172.21.15.61:6789/0] -- mon_subscribe({config=0+,monmap=0+}) v3 -- 0x7f8a000094f0 con 0x7f8a101022d0
2023-12-11T18:59:03.237 INFO:teuthology.orchestra.run.smithi061.stdout:/usr/bin/ceph: stderr
2023-12-11T18:59:02.543+0000 7f8a0e59c700 1 --2- 172.21.15.61:0/2079036503 >> [v2:172.21.15.61:3300/0,v1:172.21.15.61:6789/0] conn(0x7f8a101022d0 0x7f8a10111140 secure :-1 s=READY pgs=42 cs=0 l=1 rev1=1 crypto rx=0x7f8a00000c00 tx=0x7f8a00009250 comp rx=0 tx=0).ready entity=mon.0 client_cookie=0 server_cookie=0 in_seq=0 out_seq=0
2023-12-11T18:59:03.237 INFO:teuthology.orchestra.run.smithi061.stdout:/usr/bin/ceph: stderr
2023-12-11T18:59:02.543+0000 7f8a06ffd700 1 -- 172.21.15.61:0/2079036503 <== mon.0 v2:172.21.15.61:3300/0 1 ==== mon_map magic: 0 v1 ==== 229+0+0 (secure 0 0 0) 0x7f8a00010a80 con 0x7f8a101022d0
2023-12-11T18:59:03.237 INFO:teuthology.orchestra.run.smithi061.stdout:/usr/bin/ceph: stderr
2023-12-11T18:59:02.543+0000 7f8a06ffd700 1 -- 172.21.15.61:0/2079036503 <== mon.0 v2:172.21.15.61:3300/0 2 ==== config(26 keys) v1 ==== 1009+0+0 (secure 0 0 0) 0x7f8a0001a430 con 0x7f8a101022d0
2023-12-11T18:59:03.237 INFO:teuthology.orchestra.run.smithi061.stdout:/usr/bin/ceph: stderr
2023-12-11T18:59:02.543+0000 7f8a06ffd700 1 -- 172.21.15.61:0/2079036503 <== mon.0 v2:172.21.15.61:3300/0 3 ==== mon_map magic: 0 v1 ==== 229+0+0 (secure 0 0 0) 0x7f8a000245b0 con 0x7f8a101022d0
2023-12-11T18:59:03.237 INFO:teuthology.orchestra.run.smithi061.stdout:/usr/bin/ceph: stderr
2023-12-11T18:59:02.543+0000 7f8a14966700 1 -- 172.21.15.61:0/2079036503 --> [v2:172.21.15.61:3300/0,v1:172.21.15.61:6789/0] -- mon_subscribe({mgrmap=0+}) v3 -- 0x7f8a10111880 con 0x7f8a101022d0
2023-12-11T18:59:03.237 INFO:teuthology.orchestra.run.smithi061.stdout:/usr/bin/ceph: stderr
2023-12-11T18:59:02.543+0000 7f8a14966700 1 -- 172.21.15.61:0/2079036503 --> [v2:172.21.15.61:3300/0,v1:172.21.15.61:6789/0] -- mon_subscribe({osdmap=0}) v3 -- 0x7f8a10111c90 con 0x7f8a101022d0
2023-12-11T18:59:03.237 INFO:teuthology.orchestra.run.smithi061.stdout:/usr/bin/ceph: stderr
2023-12-11T18:59:02.544+0000 7f8a06ffd700 1 -- 172.21.15.61:0/2079036503 <== mon.0 v2:172.21.15.61:3300/0 4 ==== mgrmap(e 8) v1 ==== 43281+0+0 (secure 0 0 0) 0x7f8a0001a5a0 con 0x7f8a101022d0
2023-12-11T18:59:03.237 INFO:teuthology.orchestra.run.smithi061.stdout:/usr/bin/ceph: stderr
2023-12-11T18:59:02.544+0000 7f8a14966700 1 -- 172.21.15.61:0/2079036503 --> [v2:172.21.15.61:3300/0,v1:172.21.15.61:6789/0] -- mon_command({"prefix": "get_command_descriptions"} v 0) v1 -- 0x7f8a1004bb80 con 0x7f8a101022d0
2023-12-11T18:59:03.237 INFO:teuthology.orchestra.run.smithi061.stdout:/usr/bin/ceph: stderr
2023-12-11T18:59:02.545+0000 7f8a06ffd700 1 --2- 172.21.15.61:0/2079036503 >> [v2:172.21.15.61:6800/456026987,v1:172.21.15.61:6801/456026987] conn(0x7f89fc036640 0x7f89fc038af0 unknown :-1 s=NONE pgs=0 cs=0 l=1 rev1=0 crypto rx=0 tx=0 comp rx=0 tx=0).connect
2023-12-11T18:59:03.237 INFO:teuthology.orchestra.run.smithi061.stdout:/usr/bin/ceph: stderr
2023-12-11T18:59:02.545+0000 7f8a06ffd700 1 -- 172.21.15.61:0/2079036503 <== mon.0 v2:172.21.15.61:3300/0 5 ==== osd_map(2..2 src has 1..2) v4 ==== 936+0+0 (secure 0 0 0) 0x7f8a0004abd0 con 0x7f8a101022d0
2023-12-11T18:59:03.237 INFO:teuthology.orchestra.run.smithi061.stdout:/usr/bin/ceph: stderr
2023-12-11T18:59:02.545+0000 7f8a07fff700 1 --2- 172.21.15.61:0/2079036503 >> [v2:172.21.15.61:6800/456026987,v1:172.21.15.61:6801/456026987] conn(0x7f89fc036640 0x7f89fc038af0 unknown :-1 s=BANNER_CONNECTING pgs=0 cs=0 l=1 rev1=0 crypto rx=0 tx=0 comp rx=0 tx=0)._handle_peer_banner_payload supported=3 required=0
2023-12-11T18:59:03.237 INFO:teuthology.orchestra.run.smithi061.stdout:/usr/bin/ceph: stderr
2023-12-11T18:59:02.545+0000 7f8a07fff700 1 --2- 172.21.15.61:0/2079036503 >> [v2:172.21.15.61:6800/456026987,v1:172.21.15.61:6801/456026987] conn(0x7f89fc036640 0x7f89fc038af0 secure :-1 s=READY pgs=9 cs=0 l=1 rev1=1 crypto rx=0x7f89f8009990 tx=0x7f89f8006e40 comp rx=0 tx=0).ready entity=mgr.14120 client_cookie=0 server_cookie=0 in_seq=0 out_seq=0
2023-12-11T18:59:03.237 INFO:teuthology.orchestra.run.smithi061.stdout:/usr/bin/ceph: stderr
2023-12-11T18:59:02.550+0000 7f8a06ffd700 1 -- 172.21.15.61:0/2079036503 <== mon.0 v2:172.21.15.61:3300/0 6 ==== mon_command_ack([{"prefix": "get_command_descriptions"}]=0 v0) v1 ==== 72+0+174570 (secure 0 0 0) 0x7f8a00023dd0 con 0x7f8a101022d0
2023-12-11T18:59:03.237 INFO:teuthology.orchestra.run.smithi061.stdout:/usr/bin/ceph: stderr
2023-12-11T18:59:02.751+0000 7f8a14966700 1 -- 172.21.15.61:0/2079036503 --> [v2:172.21.15.61:6800/456026987,v1:172.21.15.61:6801/456026987] -- mgr_command(tid 0: {"prefix": "cephadm generate-key", "target": ["mon-mgr", ""]}) v1 -- 0x7f8a1010afc0 con 0x7f89fc036640
2023-12-11T18:59:03.237 INFO:teuthology.orchestra.run.smithi061.stdout:/usr/bin/ceph: stderr
2023-12-11T18:59:02.881+0000 7f8a06ffd700 1 -- 172.21.15.61:0/2079036503 <== mgr.14120 v2:172.21.15.61:6800/456026987 1 ==== mgr_command_reply(tid 0: 0 ) v1 ==== 8+0+0 (secure 0 0 0) 0x7f8a1010afc0 con 0x7f89fc036640
2023-12-11T18:59:03.238 INFO:teuthology.orchestra.run.smithi061.stdout:/usr/bin/ceph: stderr
2023-12-11T18:59:02.884+0000 7f8a14966700 1 -- 172.21.15.61:0/2079036503 >> [v2:172.21.15.61:6800/456026987,v1:172.21.15.61:6801/456026987] conn(0x7f89fc036640 msgr2=0x7f89fc038af0 secure :-1 s=STATE_CONNECTION_ESTABLISHED l=1).mark_down
2023-12-11T18:59:03.238 INFO:teuthology.orchestra.run.smithi061.stdout:/usr/bin/ceph: stderr
2023-12-11T18:59:02.884+0000 7f8a14966700 1 --2- 172.21.15.61:0/2079036503 >> [v2:172.21.15.61:6800/456026987,v1:172.21.15.61:6801/456026987] conn(0x7f89fc036640 0x7f89fc038af0 secure :-1 s=READY pgs=9 cs=0 l=1 rev1=1 crypto rx=0x7f89f8009990 tx=0x7f89f8006e40 comp rx=0 tx=0).stop
2023-12-11T18:59:03.238 INFO:teuthology.orchestra.run.smithi061.stdout:/usr/bin/ceph: stderr
2023-12-11T18:59:02.884+0000 7f8a14966700 1 -- 172.21.15.61:0/2079036503 >> [v2:172.21.15.61:3300/0,v1:172.21.15.61:6789/0] conn(0x7f8a101022d0 msgr2=0x7f8a10111140 secure :-1 s=STATE_CONNECTION_ESTABLISHED l=1).mark_down
2023-12-11T18:59:03.238 INFO:teuthology.orchestra.run.smithi061.stdout:/usr/bin/ceph: stderr
2023-12-11T18:59:02.884+0000 7f8a14966700 1 --2- 172.21.15.61:0/2079036503 >> [v2:172.21.15.61:3300/0,v1:172.21.15.61:6789/0] conn(0x7f8a101022d0 0x7f8a10111140 secure :-1 s=READY pgs=42 cs=0 l=1 rev1=1 crypto rx=0x7f8a00000c00 tx=0x7f8a00009250 comp rx=0 tx=0).stop
2023-12-11T18:59:03.238 INFO:teuthology.orchestra.run.smithi061.stdout:/usr/bin/ceph: stderr
2023-12-11T18:59:02.884+0000 7f8a14966700 1 -- 172.21.15.61:0/2079036503 shutdown_connections
2023-12-11T18:59:03.238 INFO:teuthology.orchestra.run.smithi061.stdout:/usr/bin/ceph: stderr
2023-12-11T18:59:02.884+0000 7f8a14966700 1 --2- 172.21.15.61:0/2079036503 >> [v2:172.21.15.61:6800/456026987,v1:172.21.15.61:6801/456026987] conn(0x7f89fc036640 0x7f89fc038af0 unknown :-1 s=CLOSED pgs=9 cs=0 l=1 rev1=1 crypto rx=0 tx=0 comp rx=0 tx=0).stop
2023-12-11T18:59:03.238 INFO:teuthology.orchestra.run.smithi061.stdout:/usr/bin/ceph: stderr
2023-12-11T18:59:02.884+0000 7f8a14966700 1 --2- 172.21.15.61:0/2079036503 >> [v2:172.21.15.61:3300/0,v1:172.21.15.61:6789/0] conn(0x7f8a101022d0 0x7f8a10111140 unknown :-1 s=CLOSED pgs=42 cs=0 l=1 rev1=1 crypto rx=0 tx=0 comp rx=0 tx=0).stop
2023-12-11T18:59:03.238 INFO:teuthology.orchestra.run.smithi061.stdout:/usr/bin/ceph: stderr
2023-12-11T18:59:02.884+0000 7f8a14966700 1 -- 172.21.15.61:0/2079036503 >> 172.21.15.61:0/2079036503 conn(0x7f8a100fda50 msgr2=0x7f8a100ffe50 unknown :-1 s=STATE_NONE l=0).mark_down
2023-12-11T18:59:03.238 INFO:teuthology.orchestra.run.smithi061.stdout:/usr/bin/ceph: stderr
2023-12-11T18:59:02.884+0000 7f8a14966700 1 -- 172.21.15.61:0/2079036503 shutdown_connections
2023-12-11T18:59:03.238 INFO:teuthology.orchestra.run.smithi061.stdout:/usr/bin/ceph: stderr
2023-12-11T18:59:02.884+0000 7f8a14966700 1 -- 172.21.15.61:0/2079036503 wait complete.
