2023-12-11T18:59:28.703+0000 7fe188ff9700 1 -- 172.21.15.61:0/2464540396 <== mon.0 v2:172.21.15.61:3300/0 2 ==== config(26 keys) v1 ==== 1074+0+0 (secure 0 0 0) 0x7fe17c01a430 con 0x7fe18c070f80
2023-12-11T18:59:29.354 INFO:teuthology.orchestra.run.smithi061.stdout:/usr/bin/ceph: stderr
2023-12-11T18:59:28.703+0000 7fe188ff9700 1 -- 172.21.15.61:0/2464540396 <== mon.0 v2:172.21.15.61:3300/0 3 ==== mon_map magic: 0 v1 ==== 229+0+0 (secure 0 0 0) 0x7fe17c0245b0 con 0x7fe18c070f80
2023-12-11T18:59:29.354 INFO:teuthology.orchestra.run.smithi061.stdout:/usr/bin/ceph: stderr
2023-12-11T18:59:28.704+0000 7fe19239a700 1 -- 172.21.15.61:0/2464540396 --> [v2:172.21.15.61:3300/0,v1:172.21.15.61:6789/0] -- mon_subscribe({osdmap=0}) v3 -- 0x7fe18c113f10 con 0x7fe18c070f80
2023-12-11T18:59:29.354 INFO:teuthology.orchestra.run.smithi061.stdout:/usr/bin/ceph: stderr
2023-12-11T18:59:28.705+0000 7fe188ff9700 1 -- 172.21.15.61:0/2464540396 <== mon.0 v2:172.21.15.61:3300/0 4 ==== mgrmap(e 11) v1 ==== 43188+0+0 (secure 0 0 0) 0x7fe17c01a9f0 con 0x7fe18c070f80
2023-12-11T18:59:29.354 INFO:teuthology.orchestra.run.smithi061.stdout:/usr/bin/ceph: stderr
2023-12-11T18:59:28.705+0000 7fe19239a700 1 -- 172.21.15.61:0/2464540396 --> [v2:172.21.15.61:3300/0,v1:172.21.15.61:6789/0] -- mon_command({"prefix": "get_command_descriptions"} v 0) v1 -- 0x7fe18c04bb80 con 0x7fe18c070f80
2023-12-11T18:59:29.354 INFO:teuthology.orchestra.run.smithi061.stdout:/usr/bin/ceph: stderr
2023-12-11T18:59:28.705+0000 7fe188ff9700 1 --2- 172.21.15.61:0/2464540396 >> [v2:172.21.15.61:6800/126234126,v1:172.21.15.61:6801/126234126] conn(0x7fe174036510 0x7fe1740389c0 unknown :-1 s=NONE pgs=0 cs=0 l=1 rev1=0 crypto rx=0 tx=0 comp rx=0 tx=0).connect
2023-12-11T18:59:29.354 INFO:teuthology.orchestra.run.smithi061.stdout:/usr/bin/ceph: stderr
2023-12-11T18:59:28.705+0000 7fe188ff9700 1 -- 172.21.15.61:0/2464540396 <== mon.0 v2:172.21.15.61:3300/0 5 ==== osd_map(3..3 src has 1..3) v4 ==== 1151+0+0 (secure 0 0 0) 0x7fe17c04a130 con 0x7fe18c070f80
2023-12-11T18:59:29.355 INFO:teuthology.orchestra.run.smithi061.stdout:/usr/bin/ceph: stderr
2023-12-11T18:59:28.706+0000 7fe18b7fe700 1 --2- 172.21.15.61:0/2464540396 >> [v2:172.21.15.61:6800/126234126,v1:172.21.15.61:6801/126234126] conn(0x7fe174036510 0x7fe1740389c0 unknown :-1 s=BANNER_CONNECTING pgs=0 cs=0 l=1 rev1=0 crypto rx=0 tx=0 comp rx=0 tx=0)._handle_peer_banner_payload supported=3 required=0
2023-12-11T18:59:29.355 INFO:teuthology.orchestra.run.smithi061.stdout:/usr/bin/ceph: stderr
2023-12-11T18:59:28.706+0000 7fe18b7fe700 1 --2- 172.21.15.61:0/2464540396 >> [v2:172.21.15.61:6800/126234126,v1:172.21.15.61:6801/126234126] conn(0x7fe174036510 0x7fe1740389c0 secure :-1 s=READY pgs=7 cs=0 l=1 rev1=1 crypto rx=0x7fe180009990 tx=0x7fe180006e40 comp rx=0 tx=0).ready entity=mgr.14162 client_cookie=0 server_cookie=0 in_seq=0 out_seq=0
2023-12-11T18:59:29.355 INFO:teuthology.orchestra.run.smithi061.stdout:/usr/bin/ceph: stderr
2023-12-11T18:59:28.713+0000 7fe188ff9700 1 -- 172.21.15.61:0/2464540396 <== mon.0 v2:172.21.15.61:3300/0 6 ==== mon_command_ack([{"prefix": "get_command_descriptions"}]=0 v0) v1 ==== 72+0+174570 (secure 0 0 0) 0x7fe17c02b8e0 con 0x7fe18c070f80
2023-12-11T18:59:29.355 INFO:teuthology.orchestra.run.smithi061.stdout:/usr/bin/ceph: stderr
2023-12-11T18:59:28.923+0000 7fe19239a700 1 -- 172.21.15.61:0/2464540396 --> [v2:172.21.15.61:6800/126234126,v1:172.21.15.61:6801/126234126] -- mgr_command(tid 0: {"prefix": "dashboard create-self-signed-cert", "target": ["mon-mgr", ""]}) v1 -- 0x7fe18c0008d0 con 0x7fe174036510
2023-12-11T18:59:29.355 INFO:teuthology.orchestra.run.smithi061.stdout:/usr/bin/ceph: stderr
2023-12-11T18:59:28.993+0000 7fe188ff9700 1 -- 172.21.15.61:0/2464540396 <== mgr.14162 v2:172.21.15.61:6800/126234126 1 ==== mgr_command_reply(tid 0: 0 ) v1 ==== 8+0+32 (secure 0 0 0) 0x7fe18c0008d0 con 0x7fe174036510
2023-12-11T18:59:29.355 INFO:teuthology.orchestra.run.smithi061.stdout:/usr/bin/ceph: stderr
2023-12-11T18:59:28.996+0000 7fe19239a700 1 -- 172.21.15.61:0/2464540396 >> [v2:172.21.15.61:6800/126234126,v1:172.21.15.61:6801/126234126] conn(0x7fe174036510 msgr2=0x7fe1740389c0 secure :-1 s=STATE_CONNECTION_ESTABLISHED l=1).mark_down
2023-12-11T18:59:29.355 INFO:teuthology.orchestra.run.smithi061.stdout:/usr/bin/ceph: stderr
2023-12-11T18:59:28.996+0000 7fe19239a700 1 --2- 172.21.15.61:0/2464540396 >> [v2:172.21.15.61:6800/126234126,v1:172.21.15.61:6801/126234126] conn(0x7fe174036510 0x7fe1740389c0 secure :-1 s=READY pgs=7 cs=0 l=1 rev1=1 crypto rx=0x7fe180009990 tx=0x7fe180006e40 comp rx=0 tx=0).stop
2023-12-11T18:59:29.356 INFO:teuthology.orchestra.run.smithi061.stdout:/usr/bin/ceph: stderr
2023-12-11T18:59:28.996+0000 7fe19239a700 1 -- 172.21.15.61:0/2464540396 >> [v2:172.21.15.61:3300/0,v1:172.21.15.61:6789/0] conn(0x7fe18c070f80 msgr2=0x7fe18c1133c0 secure :-1 s=STATE_CONNECTION_ESTABLISHED l=1).mark_down
2023-12-11T18:59:29.356 INFO:teuthology.orchestra.run.smithi061.stdout:/usr/bin/ceph: stderr
2023-12-11T18:59:28.996+0000 7fe19239a700 1 --2- 172.21.15.61:0/2464540396 >> [v2:172.21.15.61:3300/0,v1:172.21.15.61:6789/0] conn(0x7fe18c070f80 0x7fe18c1133c0 secure :-1 s=READY pgs=81 cs=0 l=1 rev1=1 crypto rx=0x7fe17c006d40 tx=0x7fe17c009250 comp rx=0 tx=0).stop
2023-12-11T18:59:29.356 INFO:teuthology.orchestra.run.smithi061.stdout:/usr/bin/ceph: stderr
2023-12-11T18:59:28.996+0000 7fe19239a700 1 -- 172.21.15.61:0/2464540396 shutdown_connections
2023-12-11T18:59:29.356 INFO:teuthology.orchestra.run.smithi061.stdout:/usr/bin/ceph: stderr
2023-12-11T18:59:28.996+0000 7fe19239a700 1 --2- 172.21.15.61:0/2464540396 >> [v2:172.21.15.61:6800/126234126,v1:172.21.15.61:6801/126234126] conn(0x7fe174036510 0x7fe1740389c0 unknown :-1 s=CLOSED pgs=7 cs=0 l=1 rev1=1 crypto rx=0 tx=0 comp rx=0 tx=0).stop
2023-12-11T18:59:29.356 INFO:teuthology.orchestra.run.smithi061.stdout:/usr/bin/ceph: stderr
2023-12-11T18:59:28.996+0000 7fe19239a700 1 --2- 172.21.15.61:0/2464540396 >> [v2:172.21.15.61:3300/0,v1:172.21.15.61:6789/0] conn(0x7fe18c070f80 0x7fe18c1133c0 unknown :-1 s=CLOSED pgs=81 cs=0 l=1 rev1=1 crypto rx=0 tx=0 comp rx=0 tx=0).stop
2023-12-11T18:59:29.356 INFO:teuthology.orchestra.run.smithi061.stdout:/usr/bin/ceph: stderr
2023-12-11T18:59:28.996+0000 7fe19239a700 1 -- 172.21.15.61:0/2464540396 >> 172.21.15.61:0/2464540396 conn(0x7fe18c0fc970 msgr2=0x7fe18c0fe1d0 unknown :-1 s=STATE_NONE l=0).mark_down
2023-12-11T18:59:29.356 INFO:teuthology.orchestra.run.smithi061.stdout:/usr/bin/ceph: stderr
2023-12-11T18:59:28.996+0000 7fe19239a700 1 -- 172.21.15.61:0/2464540396 shutdown_connections
2023-12-11T18:59:29.357 INFO:teuthology.orchestra.run.smithi061.stdout:/usr/bin/ceph: stderr
2023-12-11T18:59:28.996+0000 7fe19239a700 1 -- 172.21.15.61:0/2464540396 wait complete.
2023-12-11T18:59:29.357 INFO:teuthology.orchestra.run.smithi061.stdout:Creating initial admin user...
2023-12-11T18:59:29.357 INFO:journalctl@ceph.mon.smithi061.smithi061.stdout:Dec 11 18:59:29 smithi061 ceph-mon[135886]: [11/Dec/2023:18:59:27] ENGINE Bus STARTING
2023-12-11T18:59:29.358 INFO:journalctl@ceph.mon.smithi061.smithi061.stdout:Dec 11 18:59:29 smithi061 ceph-mon[135886]: [11/Dec/2023:18:59:27] ENGINE Serving on https://172.21.15.61:7150
2023-12-11T18:59:29.358 INFO:journalctl@ceph.mon.smithi061.smithi061.stdout:Dec 11 18:59:29 smithi061 ceph-mon[135886]: [11/Dec/2023:18:59:27] ENGINE Bus STARTED
2023-12-11T18:59:29.358 INFO:journalctl@ceph.mon.smithi061.smithi061.stdout:Dec 11 18:59:29 smithi061 ceph-mon[135886]: from='client.14166 -' entity='client.admin' cmd=[{"prefix": "get_command_descriptions"}]: dispatch
2023-12-11T18:59:29.358 INFO:journalctl@ceph.mon.smithi061.smithi061.stdout:Dec 11 18:59:29 smithi061 ceph-mon[135886]: from='client.14166 -' entity='client.admin' cmd=[{"prefix": "mgr_status"}]: dispatch
2023-12-11T18:59:29.358 INFO:journalctl@ceph.mon.smithi061.smithi061.stdout:Dec 11 18:59:29 smithi061 ceph-mon[135886]: from='mgr.14162 172.21.15.61:0/4263067257' entity='mgr.smithi061.nwxzrp'
2023-12-11T18:59:29.358 INFO:journalctl@ceph.mon.smithi061.smithi061.stdout:Dec 11 18:59:29 smithi061 ceph-mon[135886]: from='mgr.14162 172.21.15.61:0/4263067257' entity='mgr.smithi061.nwxzrp'
2023-12-11T18:59:29.358 INFO:journalctl@ceph.mon.smithi061.smithi061.stdout:Dec 11 18:59:29 smithi061 ceph-mon[135886]: from='mgr.14162 172.21.15.61:0/4263067257' entity='mgr.smithi061.nwxzrp'
2023-12-11T18:59:30.605 INFO:journalctl@ceph.mon.smithi061.smithi061.stdout:Dec 11 18:59:30 smithi061 ceph-mon[135886]: from='client.14174 -' entity='client.admin' cmd=[{"prefix": "dashboard create-self-signed-cert", "target": ["mon-mgr", ""]}]: dispatch
2023-12-11T18:59:30.605 INFO:journalctl@ceph.mon.smithi061.smithi061.stdout:Dec 11 18:59:30 smithi061 ceph-mon[135886]: mgrmap e12: smithi061.nwxzrp(active, since 2s)
2023-12-11T18:59:30.605 INFO:journalctl@ceph.mon.smithi061.smithi061.stdout:Dec 11 18:59:30 smithi061 ceph-mon[135886]: from='mgr.14162 172.21.15.61:0/4263067257' entity='mgr.smithi061.nwxzrp'
2023-12-11T18:59:30.773 INFO:teuthology.orchestra.run.smithi061.stdout:/usr/bin/ceph: stdout {"username": "admin", "password": "$2b$12$l9aNdXtJGnyZAyTThecTRuoPzygdbfr0iwQQ9JyU3ROUIvCxVQGDO", "roles": ["administrator"], "name": null, "email": null, "lastUpdate": 1702321170, "enabled": true, "pwdExpirationDate": null, "pwdUpdateRequired": true}
2023-12-11T18:59:30.773 INFO:teuthology.orchestra.run.smithi061.stdout:/usr/bin/ceph: stderr
2023-12-11T18:59:29.759+0000 7f4939146700 1 Processor -- start
2023-12-11T18:59:30.773 INFO:teuthology.orchestra.run.smithi061.stdout:/usr/bin/ceph: stderr
2023-12-11T18:59:29.760+0000 7f4939146700 1 -- start start
2023-12-11T18:59:30.773 INFO:teuthology.orchestra.run.smithi061.stdout:/usr/bin/ceph: stderr
2023-12-11T18:59:29.760+0000 7f4939146700 1 --2- >> [v2:172.21.15.61:3300/0,v1:172.21.15.61:6789/0] conn(0x7f4934077bb0 0x7f49340760c0 unknown :-1 s=NONE pgs=0 cs=0 l=0 rev1=0 crypto rx=0 tx=0 comp rx=0 tx=0).connect
2023-12-11T18:59:30.773 INFO:teuthology.orchestra.run.smithi061.stdout:/usr/bin/ceph: stderr
2023-12-11T18:59:29.760+0000 7f4939146700 1 -- --> [v2:172.21.15.61:3300/0,v1:172.21.15.61:6789/0] -- mon_getmap magic: 0 v1 -- 0x7f4934077fc0 con 0x7f4934077bb0
2023-12-11T18:59:30.775 INFO:teuthology.orchestra.run.smithi061.stdout:/usr/bin/ceph: stderr
2023-12-11T18:59:29.760+0000 7f4932d9d700 1 --2- >> [v2:172.21.15.61:3300/0,v1:172.21.15.61:6789/0] conn(0x7f4934077bb0 0x7f49340760c0 unknown :-1 s=BANNER_CONNECTING pgs=0 cs=0 l=0 rev1=0 crypto rx=0 tx=0 comp rx=0 tx=0)._handle_peer_banner_payload supported=3 required=0
2023-12-11T18:59:30.775 INFO:teuthology.orchestra.run.smithi061.stdout:/usr/bin/ceph: stderr
2023-12-11T18:59:29.760+0000 7f4932d9d700 1 --2- >> [v2:172.21.15.61:3300/0,v1:172.21.15.61:6789/0] conn(0x7f4934077bb0 0x7f49340760c0 unknown :-1 s=HELLO_CONNECTING pgs=0 cs=0 l=0 rev1=1 crypto rx=0 tx=0 comp rx=0 tx=0).handle_hello peer v2:172.21.15.61:3300/0 says I am v2:172.21.15.61:49558/0 (socket says 172.21.15.61:49558)
2023-12-11T18:59:30.775 INFO:teuthology.orchestra.run.smithi061.stdout:/usr/bin/ceph: stderr
2023-12-11T18:59:29.760+0000 7f4932d9d700 1 -- 172.21.15.61:0/3242601289 learned_addr learned my addr 172.21.15.61:0/3242601289 (peer_addr_for_me v2:172.21.15.61:0/0)
2023-12-11T18:59:30.775 INFO:teuthology.orchestra.run.smithi061.stdout:/usr/bin/ceph: stderr
2023-12-11T18:59:29.761+0000 7f4932d9d700 1 -- 172.21.15.61:0/3242601289 --> [v2:172.21.15.61:3300/0,v1:172.21.15.61:6789/0] -- mon_subscribe({config=0+,monmap=0+}) v3 -- 0x7f4934076600 con 0x7f4934077bb0
2023-12-11T18:59:30.775 INFO:teuthology.orchestra.run.smithi061.stdout:/usr/bin/ceph: stderr
2023-12-11T18:59:29.761+0000 7f4932d9d700 1 --2- 172.21.15.61:0/3242601289 >> [v2:172.21.15.61:3300/0,v1:172.21.15.61:6789/0] conn(0x7f4934077bb0 0x7f49340760c0 secure :-1 s=READY pgs=82 cs=0 l=1 rev1=1 crypto rx=0x7f49240098e0 tx=0x7f4924009250 comp rx=0 tx=0).ready entity=mon.0 client_cookie=c2b58500ab8b0bdb server_cookie=0 in_seq=0 out_seq=0
2023-12-11T18:59:30.775 INFO:teuthology.orchestra.run.smithi061.stdout:/usr/bin/ceph: stderr
2023-12-11T18:59:29.761+0000 7f4931d9b700 1 -- 172.21.15.61:0/3242601289 <== mon.0 v2:172.21.15.61:3300/0 1 ==== mon_map magic: 0 v1 ==== 229+0+0 (secure 0 0 0) 0x7f492400b860 con 0x7f4934077bb0
2023-12-11T18:59:30.775 INFO:teuthology.orchestra.run.smithi061.stdout:/usr/bin/ceph: stderr
2023-12-11T18:59:29.761+0000 7f4931d9b700 1 -- 172.21.15.61:0/3242601289 <== mon.0 v2:172.21.15.61:3300/0 2 ==== config(26 keys) v1 ==== 1074+0+0 (secure 0 0 0) 0x7f492400be70 con 0x7f4934077bb0
2023-12-11T18:59:30.775 INFO:teuthology.orchestra.run.smithi061.stdout:/usr/bin/ceph: stderr
2023-12-11T18:59:29.761+0000 7f4931d9b700 1 -- 172.21.15.61:0/3242601289 <== mon.0 v2:172.21.15.61:3300/0 3 ==== mon_map magic: 0 v1 ==== 229+0+0 (secure 0 0 0) 0x7f4924010380 con 0x7f4934077bb0
2023-12-11T18:59:30.776 INFO:teuthology.orchestra.run.smithi061.stdout:/usr/bin/ceph: stderr
2023-12-11T18:59:29.762+0000 7f4939146700 1 -- 172.21.15.61:0/3242601289 >> [v2:172.21.15.61:3300/0,v1:172.21.15.61:6789/0] conn(0x7f4934077bb0 msgr2=0x7f49340760c0 secure :-1 s=STATE_CONNECTION_ESTABLISHED l=1).mark_down
2023-12-11T18:59:30.776 INFO:teuthology.orchestra.run.smithi061.stdout:/usr/bin/ceph: stderr
2023-12-11T18:59:29.762+0000 7f4939146700 1 --2- 172.21.15.61:0/3242601289 >> [v2:172.21.15.61:3300/0,v1:172.21.15.61:6789/0] conn(0x7f4934077bb0 0x7f49340760c0 secure :-1 s=READY pgs=82 cs=0 l=1 rev1=1 crypto rx=0x7f49240098e0 tx=0x7f4924009250 comp rx=0 tx=0).stop
2023-12-11T18:59:30.776 INFO:teuthology.orchestra.run.smithi061.stdout:/usr/bin/ceph: stderr
2023-12-11T18:59:29.762+0000 7f4939146700 1 -- 172.21.15.61:0/3242601289 shutdown_connections
2023-12-11T18:59:30.776 INFO:teuthology.orchestra.run.smithi061.stdout:/usr/bin/ceph: stderr
2023-12-11T18:59:29.762+0000 7f4939146700 1 --2- 172.21.15.61:0/3242601289 >> [v2:172.21.15.61:3300/0,v1:172.21.15.61:6789/0] conn(0x7f4934077bb0 0x7f49340760c0 unknown :-1 s=CLOSED pgs=82 cs=0 l=1 rev1=1 crypto rx=0 tx=0 comp rx=0 tx=0).stop
2023-12-11T18:59:30.776 INFO:teuthology.orchestra.run.smithi061.stdout:/usr/bin/ceph: stderr
2023-12-11T18:59:29.762+0000 7f4939146700 1 -- 172.21.15.61:0/3242601289 >> 172.21.15.61:0/3242601289 conn(0x7f49340fda50 msgr2=0x7f49340ffe60 unknown :-1 s=STATE_NONE l=0).mark_down
2023-12-11T18:59:30.776 INFO:teuthology.orchestra.run.smithi061.stdout:/usr/bin/ceph: stderr
2023-12-11T18:59:29.762+0000 7f4939146700 1 -- 172.21.15.61:0/3242601289 shutdown_connections
2023-12-11T18:59:30.776 INFO:teuthology.orchestra.run.smithi061.stdout:/usr/bin/ceph: stderr
2023-12-11T18:59:29.762+0000 7f4939146700 1 -- 172.21.15.61:0/3242601289 wait complete.
2023-12-11T18:59:30.776 INFO:teuthology.orchestra.run.smithi061.stdout:/usr/bin/ceph: stderr
2023-12-11T18:59:29.763+0000 7f4939146700 1 Processor -- start
2023-12-11T18:59:30.776 INFO:teuthology.orchestra.run.smithi061.stdout:/usr/bin/ceph: stderr
2023-12-11T18:59:29.763+0000 7f4939146700 1 -- start start
2023-12-11T18:59:30.776 INFO:teuthology.orchestra.run.smithi061.stdout:/usr/bin/ceph: stderr
2023-12-11T18:59:29.764+0000 7f4939146700 1 --2- >> [v2:172.21.15.61:3300/0,v1:172.21.15.61:6789/0] conn(0x7f4934077bb0 0x7f49341133d0 unknown :-1 s=NONE pgs=0 cs=0 l=1 rev1=0 crypto rx=0 tx=0 comp rx=0 tx=0).connect
2023-12-11T18:59:30.776 INFO:teuthology.orchestra.run.smithi061.stdout:/usr/bin/ceph: stderr
2023-12-11T18:59:29.764+0000 7f4939146700 1 -- --> [v2:172.21.15.61:3300/0,v1:172.21.15.61:6789/0] -- mon_getmap magic: 0 v1 -- 0x7f4934113910 con 0x7f4934077bb0
2023-12-11T18:59:30.776 INFO:teuthology.orchestra.run.smithi061.stdout:/usr/bin/ceph: stderr
2023-12-11T18:59:29.764+0000 7f4932d9d700 1 --2- >> [v2:172.21.15.61:3300/0,v1:172.21.15.61:6789/0] conn(0x7f4934077bb0 0x7f49341133d0 unknown :-1 s=BANNER_CONNECTING pgs=0 cs=0 l=1 rev1=0 crypto rx=0 tx=0 comp rx=0 tx=0)._handle_peer_banner_payload supported=3 required=0
2023-12-11T18:59:30.776 INFO:teuthology.orchestra.run.smithi061.stdout:/usr/bin/ceph: stderr
2023-12-11T18:59:29.764+0000 7f4932d9d700 1 --2- >> [v2:172.21.15.61:3300/0,v1:172.21.15.61:6789/0] conn(0x7f4934077bb0 0x7f49341133d0 unknown :-1 s=HELLO_CONNECTING pgs=0 cs=0 l=1 rev1=1 crypto rx=0 tx=0 comp rx=0 tx=0).handle_hello peer v2:172.21.15.61:3300/0 says I am v2:172.21.15.61:49568/0 (socket says 172.21.15.61:49568)
2023-12-11T18:59:30.776 INFO:teuthology.orchestra.run.smithi061.stdout:/usr/bin/ceph: stderr
2023-12-11T18:59:29.764+0000 7f4932d9d700 1 -- 172.21.15.61:0/3083008706 learned_addr learned my addr 172.21.15.61:0/3083008706 (peer_addr_for_me v2:172.21.15.61:0/0)
2023-12-11T18:59:30.776 INFO:teuthology.orchestra.run.smithi061.stdout:/usr/bin/ceph: stderr
2023-12-11T18:59:29.764+0000 7f4932d9d700 1 -- 172.21.15.61:0/3083008706 --> [v2:172.21.15.61:3300/0,v1:172.21.15.61:6789/0] -- mon_subscribe({config=0+,monmap=0+}) v3 -- 0x7f49240094f0 con 0x7f4934077bb0
2023-12-11T18:59:30.777 INFO:teuthology.orchestra.run.smithi061.stdout:/usr/bin/ceph: stderr
2023-12-11T18:59:29.764+0000 7f4932d9d700 1 --2- 172.21.15.61:0/3083008706 >> [v2:172.21.15.61:3300/0,v1:172.21.15.61:6789/0] conn(0x7f4934077bb0 0x7f49341133d0 secure :-1 s=READY pgs=83 cs=0 l=1 rev1=1 crypto rx=0x7f4924006d40 tx=0x7f4924009250 comp rx=0 tx=0).ready entity=mon.0 client_cookie=0 server_cookie=0 in_seq=0 out_seq=0
2023-12-11T18:59:30.777 INFO:teuthology.orchestra.run.smithi061.stdout:/usr/bin/ceph: stderr
2023-12-11T18:59:29.765+0000 7f491b7fe700 1 -- 172.21.15.61:0/3083008706 <== mon.0 v2:172.21.15.61:3300/0 1 ==== mon_map magic: 0 v1 ==== 229+0+0 (secure 0 0 0) 0x7f4924010960 con 0x7f4934077bb0
2023-12-11T18:59:30.777 INFO:teuthology.orchestra.run.smithi061.stdout:/usr/bin/ceph: stderr
2023-12-11T18:59:29.765+0000 7f491b7fe700 1 -- 172.21.15.61:0/3083008706 <== mon.0 v2:172.21.15.61:3300/0 2 ==== config(26 keys) v1 ==== 1074+0+0 (secure 0 0 0) 0x7f492401a430 con 0x7f4934077bb0
2023-12-11T18:59:30.777 INFO:teuthology.orchestra.run.smithi061.stdout:/usr/bin/ceph: stderr
2023-12-11T18:59:29.765+0000 7f4939146700 1 -- 172.21.15.61:0/3083008706 --> [v2:172.21.15.61:3300/0,v1:172.21.15.61:6789/0] -- mon_subscribe({mgrmap=0+}) v3 -- 0x7f4934113b10 con 0x7f4934077bb0
2023-12-11T18:59:30.777 INFO:teuthology.orchestra.run.smithi061.stdout:/usr/bin/ceph: stderr
2023-12-11T18:59:29.765+0000 7f491b7fe700 1 -- 172.21.15.61:0/3083008706 <== mon.0 v2:172.21.15.61:3300/0 3 ==== mon_map magic: 0 v1 ==== 229+0+0 (secure 0 0 0) 0x7f49240245b0 con 0x7f4934077bb0
2023-12-11T18:59:30.777 INFO:teuthology.orchestra.run.smithi061.stdout:/usr/bin/ceph: stderr
2023-12-11T18:59:29.765+0000 7f4939146700 1 -- 172.21.15.61:0/3083008706 --> [v2:172.21.15.61:3300/0,v1:172.21.15.61:6789/0] -- mon_subscribe({osdmap=0}) v3 -- 0x7f4934113f20 con 0x7f4934077bb0
2023-12-11T18:59:30.777 INFO:teuthology.orchestra.run.smithi061.stdout:/usr/bin/ceph: stderr
2023-12-11T18:59:29.766+0000 7f491b7fe700 1 -- 172.21.15.61:0/3083008706 <== mon.0 v2:172.21.15.61:3300/0 4 ==== mgrmap(e 12) v1 ==== 43294+0+0 (secure 0 0 0) 0x7f492402d3f0 con 0x7f4934077bb0
2023-12-11T18:59:30.777 INFO:teuthology.orchestra.run.smithi061.stdout:/usr/bin/ceph: stderr
2023-12-11T18:59:29.766+0000 7f4939146700 1 -- 172.21.15.61:0/3083008706 --> [v2:172.21.15.61:3300/0,v1:172.21.15.61:6789/0] -- mon_command({"prefix": "get_command_descriptions"} v 0) v1 -- 0x7f493404bb80 con 0x7f4934077bb0
2023-12-11T18:59:30.777 INFO:teuthology.orchestra.run.smithi061.stdout:/usr/bin/ceph: stderr
2023-12-11T18:59:29.767+0000 7f491b7fe700 1 --2- 172.21.15.61:0/3083008706 >> [v2:172.21.15.61:6800/126234126,v1:172.21.15.61:6801/126234126] conn(0x7f491c036690 0x7f491c038b40 unknown :-1 s=NONE pgs=0 cs=0 l=1 rev1=0 crypto rx=0 tx=0 comp rx=0 tx=0).connect
2023-12-11T18:59:30.777 INFO:teuthology.orchestra.run.smithi061.stdout:/usr/bin/ceph: stderr
2023-12-11T18:59:29.767+0000 7f491b7fe700 1 -- 172.21.15.61:0/3083008706 <== mon.0 v2:172.21.15.61:3300/0 5 ==== osd_map(3..3 src has 1..3) v4 ==== 1151+0+0 (secure 0 0 0) 0x7f492404a280 con 0x7f4934077bb0
2023-12-11T18:59:30.777 INFO:teuthology.orchestra.run.smithi061.stdout:/usr/bin/ceph: stderr
2023-12-11T18:59:29.767+0000 7f493259c700 1 --2- 172.21.15.61:0/3083008706 >> [v2:172.21.15.61:6800/126234126,v1:172.21.15.61:6801/126234126] conn(0x7f491c036690 0x7f491c038b40 unknown :-1 s=BANNER_CONNECTING pgs=0 cs=0 l=1 rev1=0 crypto rx=0 tx=0 comp rx=0 tx=0)._handle_peer_banner_payload supported=3 required=0
2023-12-11T18:59:30.777 INFO:teuthology.orchestra.run.smithi061.stdout:/usr/bin/ceph: stderr
2023-12-11T18:59:29.767+0000 7f493259c700 1 --2- 172.21.15.61:0/3083008706 >> [v2:172.21.15.61:6800/126234126,v1:172.21.15.61:6801/126234126] conn(0x7f491c036690 0x7f491c038b40 secure :-1 s=READY pgs=8 cs=0 l=1 rev1=1 crypto rx=0x7f4928009990 tx=0x7f4928006e40 comp rx=0 tx=0).ready entity=mgr.14162 client_cookie=0 server_cookie=0 in_seq=0 out_seq=0
2023-12-11T18:59:30.777 INFO:teuthology.orchestra.run.smithi061.stdout:/usr/bin/ceph: stderr
2023-12-11T18:59:29.772+0000 7f491b7fe700 1 -- 172.21.15.61:0/3083008706 <== mon.0 v2:172.21.15.61:3300/0 6 ==== mon_command_ack([{"prefix": "get_command_descriptions"}]=0 v0) v1 ==== 72+0+174570 (secure 0 0 0) 0x7f492402b8e0 con 0x7f4934077bb0
2023-12-11T18:59:30.777 INFO:teuthology.orchestra.run.smithi061.stdout:/usr/bin/ceph: stderr
2023-12-11T18:59:29.994+0000 7f4939146700 1 -- 172.21.15.61:0/3083008706 --> [v2:172.21.15.61:6800/126234126,v1:172.21.15.61:6801/126234126] -- mgr_command(tid 0: {"prefix": "dashboard ac-user-create", "username": "admin", "rolename": "administrator", "force_password": true, "pwd_update_required": true, "target": ["mon-mgr", ""]}) v1 -- 0x7f493405f090 con 0x7f491c036690
2023-12-11T18:59:30.777 INFO:teuthology.orchestra.run.smithi061.stdout:/usr/bin/ceph: stderr
2023-12-11T18:59:30.242+0000 7f491b7fe700 1 -- 172.21.15.61:0/3083008706 <== mgr.14162 v2:172.21.15.61:6800/126234126 1 ==== mgr_command_reply(tid 0: 0 ) v1 ==== 8+0+252 (secure 0 0 0) 0x7f493405f090 con 0x7f491c036690
2023-12-11T18:59:30.777 INFO:teuthology.orchestra.run.smithi061.stdout:/usr/bin/ceph: stderr
2023-12-11T18:59:30.245+0000 7f4939146700 1 -- 172.21.15.61:0/3083008706 >> [v2:172.21.15.61:6800/126234126,v1:172.21.15.61:6801/126234126] conn(0x7f491c036690 msgr2=0x7f491c038b40 secure :-1 s=STATE_CONNECTION_ESTABLISHED l=1).mark_down
2023-12-11T18:59:30.778 INFO:teuthology.orchestra.run.smithi061.stdout:/usr/bin/ceph: stderr
2023-12-11T18:59:30.245+0000 7f4939146700 1 --2- 172.21.15.61:0/3083008706 >> [v2:172.21.15.61:6800/126234126,v1:172.21.15.61:6801/126234126] conn(0x7f491c036690 0x7f491c038b40 secure :-1 s=READY pgs=8 cs=0 l=1 rev1=1 crypto rx=0x7f4928009990 tx=0x7f4928006e40 comp rx=0 tx=0).stop
2023-12-11T18:59:30.778 INFO:teuthology.orchestra.run.smithi061.stdout:/usr/bin/ceph: stderr
2023-12-11T18:59:30.245+0000 7f4939146700 1 -- 172.21.15.61:0/3083008706 >> [v2:172.21.15.61:3300/0,v1:172.21.15.61:6789/0] conn(0x7f4934077bb0 msgr2=0x7f49341133d0 secure :-1 s=STATE_CONNECTION_ESTABLISHED l=1).mark_down
2023-12-11T18:59:30.778 INFO:teuthology.orchestra.run.smithi061.stdout:/usr/bin/ceph: stderr
2023-12-11T18:59:30.245+0000 7f4939146700 1 --2- 172.21.15.61:0/3083008706 >> [v2:172.21.15.61:3300/0,v1:172.21.15.61:6789/0] conn(0x7f4934077bb0 0x7f49341133d0 secure :-1 s=READY pgs=83 cs=0 l=1 rev1=1 crypto rx=0x7f4924006d40 tx=0x7f4924009250 comp rx=0 tx=0).stop
2023-12-11T18:59:30.778 INFO:teuthology.orchestra.run.smithi061.stdout:/usr/bin/ceph: stderr
2023-12-11T18:59:30.245+0000 7f4939146700 1 -- 172.21.15.61:0/3083008706 shutdown_connections
2023-12-11T18:59:30.778 INFO:teuthology.orchestra.run.smithi061.stdout:/usr/bin/ceph: stderr
2023-12-11T18:59:30.245+0000 7f4939146700 1 --2- 172.21.15.61:0/3083008706 >> [v2:172.21.15.61:6800/126234126,v1:172.21.15.61:6801/126234126] conn(0x7f491c036690 0x7f491c038b40 unknown :-1 s=CLOSED pgs=8 cs=0 l=1 rev1=1 crypto rx=0 tx=0 comp rx=0 tx=0).stop
2023-12-11T18:59:30.778 INFO:teuthology.orchestra.run.smithi061.stdout:/usr/bin/ceph: stderr
2023-12-11T18:59:30.245+0000 7f4939146700 1 --2- 172.21.15.61:0/3083008706 >> [v2:172.21.15.61:3300/0,v1:172.21.15.61:6789/0] conn(0x7f4934077bb0 0x7f49341133d0 unknown :-1 s=CLOSED pgs=83 cs=0 l=1 rev1=1 crypto rx=0 tx=0 comp rx=0 tx=0).stop
2023-12-11T18:59:30.778 INFO:teuthology.orchestra.run.smithi061.stdout:/usr/bin/ceph: stderr
2023-12-11T18:59:30.245+0000 7f4939146700 1 -- 172.21.15.61:0/3083008706 >> 172.21.15.61:0/3083008706 conn(0x7f49340fda50 msgr2=0x7f49340ffe50 unknown :-1 s=STATE_NONE l=0).mark_down
2023-12-11T18:59:30.778 INFO:teuthology.orchestra.run.smithi061.stdout:/usr/bin/ceph: stderr
2023-12-11T18:59:30.245+0000 7f4939146700 1 -- 172.21.15.61:0/3083008706 shutdown_connections
2023-12-11T18:59:30.778 INFO:teuthology.orchestra.run.smithi061.stdout:/usr/bin/ceph: stderr
2023-12-11T18:59:30.245+0000 7f4939146700 1 -- 172.21.15.61:0/3083008706 wait complete.
2023-12-11T18:59:30.778 INFO:teuthology.orchestra.run.smithi061.stdout:Fetching dashboard port number...
2023-12-11T18:59:31.539 INFO:journalctl@ceph.mon.smithi061.smithi061.stdout:Dec 11 18:59:31 smithi061 ceph-mon[135886]: from='client.14176 -' entity='client.admin' cmd=[{"prefix": "dashboard ac-user-create", "username": "admin", "rolename": "administrator", "force_password": true, "pwd_update_required": true, "target": ["mon-mgr", ""]}]: dispatch
2023-12-11T18:59:31.539 INFO:journalctl@ceph.mon.smithi061.smithi061.stdout:Dec 11 18:59:31 smithi061 ceph-mon[135886]: from='mgr.14162 172.21.15.61:0/4263067257' entity='mgr.smithi061.nwxzrp'
2023-12-11T18:59:31.864 INFO:teuthology.orchestra.run.smithi061.stdout:/usr/bin/ceph: stdout 8443
2023-12-11T18:59:31.864 INFO:teuthology.orchestra.run.smithi061.stdout:/usr/bin/ceph: stderr
2023-12-11T18:59:31.304+0000 7fd84cf2a700 1 Processor -- start
2023-12-11T18:59:31.864 INFO:teuthology.orchestra.run.smithi061.stdout:/usr/bin/ceph: stderr
2023-12-11T18:59:31.304+0000 7fd84cf2a700 1 -- start start
2023-12-11T18:59:31.868 INFO:teuthology.orchestra.run.smithi061.stdout:/usr/bin/ceph: stderr
2023-12-11T18:59:31.304+0000 7fd84cf2a700 1 --2- >> [v2:172.21.15.61:3300/0,v1:172.21.15.61:6789/0] conn(0x7fd848102140 0x7fd848102550 unknown :-1 s=NONE pgs=0 cs=0 l=0 rev1=0 crypto rx=0 tx=0 comp rx=0 tx=0).connect
2023-12-11T18:59:31.868 INFO:teuthology.orchestra.run.smithi061.stdout:/usr/bin/ceph: stderr
2023-12-11T18:59:31.304+0000 7fd84cf2a700 1 -- --> [v2:172.21.15.61:3300/0,v1:172.21.15.61:6789/0] -- mon_getmap magic: 0 v1 -- 0x7fd848102a90 con 0x7fd848102140
2023-12-11T18:59:31.869 INFO:teuthology.orchestra.run.smithi061.stdout:/usr/bin/ceph: stderr
2023-12-11T18:59:31.304+0000 7fd8477fe700 1 --2- >> [v2:172.21.15.61:3300/0,v1:172.21.15.61:6789/0] conn(0x7fd848102140 0x7fd848102550 unknown :-1 s=BANNER_CONNECTING pgs=0 cs=0 l=0 rev1=0 crypto rx=0 tx=0 comp rx=0 tx=0)._handle_peer_banner_payload supported=3 required=0
2023-12-11T18:59:31.869 INFO:teuthology.orchestra.run.smithi061.stdout:/usr/bin/ceph: stderr
2023-12-11T18:59:31.305+0000 7fd8477fe700 1 --2- >> [v2:172.21.15.61:3300/0,v1:172.21.15.61:6789/0] conn(0x7fd848102140 0x7fd848102550 unknown :-1 s=HELLO_CONNECTING pgs=0 cs=0 l=0 rev1=1 crypto rx=0 tx=0 comp rx=0 tx=0).handle_hello peer v2:172.21.15.61:3300/0 says I am v2:172.21.15.61:49582/0 (socket says 172.21.15.61:49582)
2023-12-11T18:59:31.869 INFO:teuthology.orchestra.run.smithi061.stdout:/usr/bin/ceph: stderr
2023-12-11T18:59:31.305+0000 7fd8477fe700 1 -- 172.21.15.61:0/4269108635 learned_addr learned my addr 172.21.15.61:0/4269108635 (peer_addr_for_me v2:172.21.15.61:0/0)
2023-12-11T18:59:31.869 INFO:teuthology.orchestra.run.smithi061.stdout:/usr/bin/ceph: stderr
2023-12-11T18:59:31.305+0000 7fd8477fe700 1 -- 172.21.15.61:0/4269108635 --> [v2:172.21.15.61:3300/0,v1:172.21.15.61:6789/0] -- mon_subscribe({config=0+,monmap=0+}) v3 -- 0x7fd848102bd0 con 0x7fd848102140
2023-12-11T18:59:31.869 INFO:teuthology.orchestra.run.smithi061.stdout:/usr/bin/ceph: stderr
2023-12-11T18:59:31.305+0000 7fd8477fe700 1 --2- 172.21.15.61:0/4269108635 >> [v2:172.21.15.61:3300/0,v1:172.21.15.61:6789/0] conn(0x7fd848102140 0x7fd848102550 secure :-1 s=READY pgs=84 cs=0 l=1 rev1=1 crypto rx=0x7fd8380098e0 tx=0x7fd838009250 comp rx=0 tx=0).ready entity=mon.0 client_cookie=19ef40f3ed65fec9 server_cookie=0 in_seq=0 out_seq=0
2023-12-11T18:59:31.869 INFO:teuthology.orchestra.run.smithi061.stdout:/usr/bin/ceph: stderr
2023-12-11T18:59:31.305+0000 7fd8467fc700 1 -- 172.21.15.61:0/4269108635 <== mon.0 v2:172.21.15.61:3300/0 1 ==== mon_map magic: 0 v1 ==== 229+0+0 (secure 0 0 0) 0x7fd83800b860 con 0x7fd848102140
2023-12-11T18:59:31.869 INFO:teuthology.orchestra.run.smithi061.stdout:/usr/bin/ceph: stderr
2023-12-11T18:59:31.305+0000 7fd8467fc700 1 -- 172.21.15.61:0/4269108635 <== mon.0 v2:172.21.15.61:3300/0 2 ==== config(26 keys) v1 ==== 1074+0+0 (secure 0 0 0) 0x7fd83800be70 con 0x7fd848102140
2023-12-11T18:59:31.870 INFO:teuthology.orchestra.run.smithi061.stdout:/usr/bin/ceph: stderr
2023-12-11T18:59:31.305+0000 7fd8467fc700 1 -- 172.21.15.61:0/4269108635 <== mon.0 v2:172.21.15.61:3300/0 3 ==== mon_map magic: 0 v1 ==== 229+0+0 (secure 0 0 0) 0x7fd838010380 con 0x7fd848102140
2023-12-11T18:59:31.870 INFO:teuthology.orchestra.run.smithi061.stdout:/usr/bin/ceph: stderr
2023-12-11T18:59:31.306+0000 7fd84cf2a700 1 -- 172.21.15.61:0/4269108635 >> [v2:172.21.15.61:3300/0,v1:172.21.15.61:6789/0] conn(0x7fd848102140 msgr2=0x7fd848102550 secure :-1 s=STATE_CONNECTION_ESTABLISHED l=1).mark_down
2023-12-11T18:59:31.870 INFO:teuthology.orchestra.run.smithi061.stdout:/usr/bin/ceph: stderr
2023-12-11T18:59:31.306+0000 7fd84cf2a700 1 --2- 172.21.15.61:0/4269108635 >> [v2:172.21.15.61:3300/0,v1:172.21.15.61:6789/0] conn(0x7fd848102140 0x7fd848102550 secure :-1 s=READY pgs=84 cs=0 l=1 rev1=1 crypto rx=0x7fd8380098e0 tx=0x7fd838009250 comp rx=0 tx=0).stop
2023-12-11T18:59:31.870 INFO:teuthology.orchestra.run.smithi061.stdout:/usr/bin/ceph: stderr
2023-12-11T18:59:31.306+0000 7fd84cf2a700 1 -- 172.21.15.61:0/4269108635 shutdown_connections
2023-12-11T18:59:31.870 INFO:teuthology.orchestra.run.smithi061.stdout:/usr/bin/ceph: stderr
2023-12-11T18:59:31.306+0000 7fd84cf2a700 1 --2- 172.21.15.61:0/4269108635 >> [v2:172.21.15.61:3300/0,v1:172.21.15.61:6789/0] conn(0x7fd848102140 0x7fd848102550 unknown :-1 s=CLOSED pgs=84 cs=0 l=1 rev1=1 crypto rx=0 tx=0 comp rx=0 tx=0).stop
2023-12-11T18:59:31.870 INFO:teuthology.orchestra.run.smithi061.stdout:/usr/bin/ceph: stderr
2023-12-11T18:59:31.306+0000 7fd84cf2a700 1 -- 172.21.15.61:0/4269108635 >> 172.21.15.61:0/4269108635 conn(0x7fd8480fd880 msgr2=0x7fd8480ffcd0 unknown :-1 s=STATE_NONE l=0).mark_down
2023-12-11T18:59:31.870 INFO:teuthology.orchestra.run.smithi061.stdout:/usr/bin/ceph: stderr
2023-12-11T18:59:31.306+0000 7fd84cf2a700 1 -- 172.21.15.61:0/4269108635 shutdown_connections
2023-12-11T18:59:31.870 INFO:teuthology.orchestra.run.smithi061.stdout:/usr/bin/ceph: stderr
2023-12-11T18:59:31.306+0000 7fd84cf2a700 1 -- 172.21.15.61:0/4269108635 wait complete.
2023-12-11T18:59:31.870 INFO:teuthology.orchestra.run.smithi061.stdout:/usr/bin/ceph: stderr
2023-12-11T18:59:31.307+0000 7fd84cf2a700 1 Processor -- start
2023-12-11T18:59:31.870 INFO:teuthology.orchestra.run.smithi061.stdout:/usr/bin/ceph: stderr
2023-12-11T18:59:31.307+0000 7fd84cf2a700 1 -- start start
2023-12-11T18:59:31.870 INFO:teuthology.orchestra.run.smithi061.stdout:/usr/bin/ceph: stderr
2023-12-11T18:59:31.307+0000 7fd84cf2a700 1 --2- >> [v2:172.21.15.61:3300/0,v1:172.21.15.61:6789/0] conn(0x7fd848102140 0x7fd848110ff0 unknown :-1 s=NONE pgs=0 cs=0 l=1 rev1=0 crypto rx=0 tx=0 comp rx=0 tx=0).connect
2023-12-11T18:59:31.870 INFO:teuthology.orchestra.run.smithi061.stdout:/usr/bin/ceph: stderr
2023-12-11T18:59:31.307+0000 7fd84cf2a700 1 -- --> [v2:172.21.15.61:3300/0,v1:172.21.15.61:6789/0] -- mon_getmap magic: 0 v1 -- 0x7fd848111530 con 0x7fd848102140
2023-12-11T18:59:31.870 INFO:teuthology.orchestra.run.smithi061.stdout:/usr/bin/ceph: stderr
2023-12-11T18:59:31.308+0000 7fd8477fe700 1 --2- >> [v2:172.21.15.61:3300/0,v1:172.21.15.61:6789/0] conn(0x7fd848102140 0x7fd848110ff0 unknown :-1 s=BANNER_CONNECTING pgs=0 cs=0 l=1 rev1=0 crypto rx=0 tx=0 comp rx=0 tx=0)._handle_peer_banner_payload supported=3 required=0
2023-12-11T18:59:31.870 INFO:teuthology.orchestra.run.smithi061.stdout:/usr/bin/ceph: stderr
2023-12-11T18:59:31.308+0000 7fd8477fe700 1 --2- >> [v2:172.21.15.61:3300/0,v1:172.21.15.61:6789/0] conn(0x7fd848102140 0x7fd848110ff0 unknown :-1 s=HELLO_CONNECTING pgs=0 cs=0 l=1 rev1=1 crypto rx=0 tx=0 comp rx=0 tx=0).handle_hello peer v2:172.21.15.61:3300/0 says I am v2:172.21.15.61:49588/0 (socket says 172.21.15.61:49588)
2023-12-11T18:59:31.870 INFO:teuthology.orchestra.run.smithi061.stdout:/usr/bin/ceph: stderr
2023-12-11T18:59:31.308+0000 7fd8477fe700 1 -- 172.21.15.61:0/3462500028 learned_addr learned my addr 172.21.15.61:0/3462500028 (peer_addr_for_me v2:172.21.15.61:0/0)
2023-12-11T18:59:31.871 INFO:teuthology.orchestra.run.smithi061.stdout:/usr/bin/ceph: stderr
2023-12-11T18:59:31.308+0000 7fd8477fe700 1 -- 172.21.15.61:0/3462500028 --> [v2:172.21.15.61:3300/0,v1:172.21.15.61:6789/0] -- mon_subscribe({config=0+,monmap=0+}) v3 -- 0x7fd8380094f0 con 0x7fd848102140
2023-12-11T18:59:31.871 INFO:teuthology.orchestra.run.smithi061.stdout:/usr/bin/ceph: stderr
2023-12-11T18:59:31.308+0000 7fd8477fe700 1 --2- 172.21.15.61:0/3462500028 >> [v2:172.21.15.61:3300/0,v1:172.21.15.61:6789/0] conn(0x7fd848102140 0x7fd848110ff0 secure :-1 s=READY pgs=85 cs=0 l=1 rev1=1 crypto rx=0x7fd83800c010 tx=0x7fd838009250 comp rx=0 tx=0).ready entity=mon.0 client_cookie=0 server_cookie=0 in_seq=0 out_seq=0
2023-12-11T18:59:31.871 INFO:teuthology.orchestra.run.smithi061.stdout:/usr/bin/ceph: stderr
2023-12-11T18:59:31.309+0000 7fd82ffff700 1 -- 172.21.15.61:0/3462500028 <== mon.0 v2:172.21.15.61:3300/0 1 ==== mon_map magic: 0 v1 ==== 229+0+0 (secure 0 0 0) 0x7fd838010960 con 0x7fd848102140
2023-12-11T18:59:31.871 INFO:teuthology.orchestra.run.smithi061.stdout:/usr/bin/ceph: stderr
2023-12-11T18:59:31.309+0000 7fd82ffff700 1 -- 172.21.15.61:0/3462500028 <== mon.0 v2:172.21.15.61:3300/0 2 ==== config(26 keys) v1 ==== 1074+0+0 (secure 0 0 0) 0x7fd83801a430 con 0x7fd848102140
2023-12-11T18:59:31.871 INFO:teuthology.orchestra.run.smithi061.stdout:/usr/bin/ceph: stderr
2023-12-11T18:59:31.309+0000 7fd84cf2a700 1 -- 172.21.15.61:0/3462500028 --> [v2:172.21.15.61:3300/0,v1:172.21.15.61:6789/0] -- mon_subscribe({mgrmap=0+}) v3 -- 0x7fd848111730 con 0x7fd848102140
2023-12-11T18:59:31.871 INFO:teuthology.orchestra.run.smithi061.stdout:/usr/bin/ceph: stderr
2023-12-11T18:59:31.309+0000 7fd82ffff700 1 -- 172.21.15.61:0/3462500028 <== mon.0 v2:172.21.15.61:3300/0 3 ==== mon_map magic: 0 v1 ==== 229+0+0 (secure 0 0 0) 0x7fd8380245b0 con 0x7fd848102140
2023-12-11T18:59:31.871 INFO:teuthology.orchestra.run.smithi061.stdout:/usr/bin/ceph: stderr
2023-12-11T18:59:31.309+0000 7fd84cf2a700 1 -- 172.21.15.61:0/3462500028 --> [v2:172.21.15.61:3300/0,v1:172.21.15.61:6789/0] -- mon_subscribe({osdmap=0}) v3 -- 0x7fd848111b40 con 0x7fd848102140
2023-12-11T18:59:31.871 INFO:teuthology.orchestra.run.smithi061.stdout:/usr/bin/ceph: stderr
2023-12-11T18:59:31.310+0000 7fd82ffff700 1 -- 172.21.15.61:0/3462500028 <== mon.0 v2:172.21.15.61:3300/0 4 ==== mgrmap(e 12) v1 ==== 43294+0+0 (secure 0 0 0) 0x7fd838010ac0 con 0x7fd848102140
2023-12-11T18:59:31.871 INFO:teuthology.orchestra.run.smithi061.stdout:/usr/bin/ceph: stderr
2023-12-11T18:59:31.310+0000 7fd84cf2a700 1 -- 172.21.15.61:0/3462500028 --> [v2:172.21.15.61:3300/0,v1:172.21.15.61:6789/0] -- mon_command({"prefix": "get_command_descriptions"} v 0) v1 -- 0x7fd84804bb80 con 0x7fd848102140
2023-12-11T18:59:31.871 INFO:teuthology.orchestra.run.smithi061.stdout:/usr/bin/ceph: stderr
2023-12-11T18:59:31.310+0000 7fd82ffff700 1 --2- 172.21.15.61:0/3462500028 >> [v2:172.21.15.61:6800/126234126,v1:172.21.15.61:6801/126234126] conn(0x7fd830036640 0x7fd830038af0 unknown :-1 s=NONE pgs=0 cs=0 l=1 rev1=0 crypto rx=0 tx=0 comp rx=0 tx=0).connect
2023-12-11T18:59:31.871 INFO:teuthology.orchestra.run.smithi061.stdout:/usr/bin/ceph: stderr
2023-12-11T18:59:31.310+0000 7fd82ffff700 1 -- 172.21.15.61:0/3462500028 <== mon.0 v2:172.21.15.61:3300/0 5 ==== osd_map(3..3 src has 1..3) v4 ==== 1151+0+0 (secure 0 0 0) 0x7fd83804a620 con 0x7fd848102140
2023-12-11T18:59:31.871 INFO:teuthology.orchestra.run.smithi061.stdout:/usr/bin/ceph: stderr
2023-12-11T18:59:31.311+0000 7fd846ffd700 1 --2- 172.21.15.61:0/3462500028 >> [v2:172.21.15.61:6800/126234126,v1:172.21.15.61:6801/126234126] conn(0x7fd830036640 0x7fd830038af0 unknown :-1 s=BANNER_CONNECTING pgs=0 cs=0 l=1 rev1=0 crypto rx=0 tx=0 comp rx=0 tx=0)._handle_peer_banner_payload supported=3 required=0
2023-12-11T18:59:31.871 INFO:teuthology.orchestra.run.smithi061.stdout:/usr/bin/ceph: stderr
2023-12-11T18:59:31.311+0000 7fd846ffd700 1 --2- 172.21.15.61:0/3462500028 >> [v2:172.21.15.61:6800/126234126,v1:172.21.15.61:6801/126234126] conn(0x7fd830036640 0x7fd830038af0 secure :-1 s=READY pgs=9 cs=0 l=1 rev1=1 crypto rx=0x7fd83c009990 tx=0x7fd83c006e40 comp rx=0 tx=0).ready entity=mgr.14162 client_cookie=0 server_cookie=0 in_seq=0 out_seq=0
2023-12-11T18:59:31.871 INFO:teuthology.orchestra.run.smithi061.stdout:/usr/bin/ceph: stderr
2023-12-11T18:59:31.315+0000 7fd82ffff700 1 -- 172.21.15.61:0/3462500028 <== mon.0 v2:172.21.15.61:3300/0 6 ==== mon_command_ack([{"prefix": "get_command_descriptions"}]=0 v0) v1 ==== 72+0+174570 (secure 0 0 0) 0x7fd838018ce0 con 0x7fd848102140
2023-12-11T18:59:31.871 INFO:teuthology.orchestra.run.smithi061.stdout:/usr/bin/ceph: stderr
2023-12-11T18:59:31.515+0000 7fd84cf2a700 1 -- 172.21.15.61:0/3462500028 --> [v2:172.21.15.61:3300/0,v1:172.21.15.61:6789/0] -- mon_command({"prefix": "config get", "who": "mgr", "key": "mgr/dashboard/ssl_server_port"} v 0) v1 -- 0x7fd848103f20 con 0x7fd848102140
2023-12-11T18:59:31.871 INFO:teuthology.orchestra.run.smithi061.stdout:/usr/bin/ceph: stderr
2023-12-11T18:59:31.516+0000 7fd82ffff700 1 -- 172.21.15.61:0/3462500028 <== mon.0 v2:172.21.15.61:3300/0 7 ==== mon_command_ack([{"prefix": "config get", "who": "mgr", "key": "mgr/dashboard/ssl_server_port"}]=0 v8) v1 ==== 112+0+5 (secure 0 0 0) 0x7fd838018b00 con 0x7fd848102140
2023-12-11T18:59:31.872 INFO:teuthology.orchestra.run.smithi061.stdout:/usr/bin/ceph: stderr
2023-12-11T18:59:31.518+0000 7fd84cf2a700 1 -- 172.21.15.61:0/3462500028 >> [v2:172.21.15.61:6800/126234126,v1:172.21.15.61:6801/126234126] conn(0x7fd830036640 msgr2=0x7fd830038af0 secure :-1 s=STATE_CONNECTION_ESTABLISHED l=1).mark_down
2023-12-11T18:59:31.872 INFO:teuthology.orchestra.run.smithi061.stdout:/usr/bin/ceph: stderr
2023-12-11T18:59:31.518+0000 7fd84cf2a700 1 --2- 172.21.15.61:0/3462500028 >> [v2:172.21.15.61:6800/126234126,v1:172.21.15.61:6801/126234126] conn(0x7fd830036640 0x7fd830038af0 secure :-1 s=READY pgs=9 cs=0 l=1 rev1=1 crypto rx=0x7fd83c009990 tx=0x7fd83c006e40 comp rx=0 tx=0).stop
2023-12-11T18:59:31.872 INFO:teuthology.orchestra.run.smithi061.stdout:/usr/bin/ceph: stderr
2023-12-11T18:59:31.518+0000 7fd84cf2a700 1 -- 172.21.15.61:0/3462500028 >> [v2:172.21.15.61:3300/0,v1:172.21.15.61:6789/0] conn(0x7fd848102140 msgr2=0x7fd848110ff0 secure :-1 s=STATE_CONNECTION_ESTABLISHED l=1).mark_down
2023-12-11T18:59:31.872 INFO:teuthology.orchestra.run.smithi061.stdout:/usr/bin/ceph: stderr
2023-12-11T18:59:31.518+0000 7fd84cf2a700 1 --2- 172.21.15.61:0/3462500028 >> [v2:172.21.15.61:3300/0,v1:172.21.15.61:6789/0] conn(0x7fd848102140 0x7fd848110ff0 secure :-1 s=READY pgs=85 cs=0 l=1 rev1=1 crypto rx=0x7fd83800c010 tx=0x7fd838009250 comp rx=0 tx=0).stop
2023-12-11T18:59:31.872 INFO:teuthology.orchestra.run.smithi061.stdout:/usr/bin/ceph: stderr
2023-12-11T18:59:31.518+0000 7fd84cf2a700 1 -- 172.21.15.61:0/3462500028 shutdown_connections
2023-12-11T18:59:31.872 INFO:teuthology.orchestra.run.smithi061.stdout:/usr/bin/ceph: stderr
2023-12-11T18:59:31.518+0000 7fd84cf2a700 1 --2- 172.21.15.61:0/3462500028 >> [v2:172.21.15.61:6800/126234126,v1:172.21.15.61:6801/126234126] conn(0x7fd830036640 0x7fd830038af0 unknown :-1 s=CLOSED pgs=9 cs=0 l=1 rev1=1 crypto rx=0 tx=0 comp rx=0 tx=0).stop
2023-12-11T18:59:31.872 INFO:teuthology.orchestra.run.smithi061.stdout:/usr/bin/ceph: stderr
2023-12-11T18:59:31.518+0000 7fd84cf2a700 1 --2- 172.21.15.61:0/3462500028 >> [v2:172.21.15.61:3300/0,v1:172.21.15.61:6789/0] conn(0x7fd848102140 0x7fd848110ff0 unknown :-1 s=CLOSED pgs=85 cs=0 l=1 rev1=1 crypto rx=0 tx=0 comp rx=0 tx=0).stop
2023-12-11T18:59:31.872 INFO:teuthology.orchestra.run.smithi061.stdout:/usr/bin/ceph: stderr
2023-12-11T18:59:31.518+0000 7fd84cf2a700 1 -- 172.21.15.61:0/3462500028 >> 172.21.15.61:0/3462500028 conn(0x7fd8480fd880 msgr2=0x7fd8480ff000 unknown :-1 s=STATE_NONE l=0).mark_down
2023-12-11T18:59:31.872 INFO:teuthology.orchestra.run.smithi061.stdout:/usr/bin/ceph: stderr
2023-12-11T18:59:31.518+0000 7fd84cf2a700 1 -- 172.21.15.61:0/3462500028 shutdown_connections
2023-12-11T18:59:31.872 INFO:teuthology.orchestra.run.smithi061.stdout:/usr/bin/ceph: stderr
2023-12-11T18:59:31.518+0000 7fd84cf2a700 1 -- 172.21.15.61:0/3462500028 wait complete.
2023-12-11T18:59:31.888 INFO:teuthology.orchestra.run.smithi061.stdout:Non-zero exit code 1 from systemctl is-enabled firewalld.service
2023-12-11T18:59:31.888 INFO:teuthology.orchestra.run.smithi061.stdout:systemctl: stdout disabled
2023-12-11T18:59:31.907 INFO:teuthology.orchestra.run.smithi061.stdout:Non-zero exit code 3 from systemctl is-active firewalld.service
2023-12-11T18:59:31.907 INFO:teuthology.orchestra.run.smithi061.stdout:systemctl: stdout inactive
2023-12-11T18:59:31.907 INFO:teuthology.orchestra.run.smithi061.stdout:firewalld.service is not enabled
2023-12-11T18:59:31.907 INFO:teuthology.orchestra.run.smithi061.stdout:Not possible to open ports <[8443]>. firewalld.service is not available
2023-12-11T18:59:31.913 INFO:teuthology.orchestra.run.smithi061.stdout:Ceph Dashboard is now available at:
2023-12-11T18:59:31.913 INFO:teuthology.orchestra.run.smithi061.stdout:
2023-12-11T18:59:31.914 INFO:teuthology.orchestra.run.smithi061.stdout: URL: https://smithi061.front.sepia.ceph.com:8443/
2023-12-11T18:59:31.914 INFO:teuthology.orchestra.run.smithi061.stdout: User: admin
2023-12-11T18:59:31.914 INFO:teuthology.orchestra.run.smithi061.stdout: Password: brds1rar9k
2023-12-11T18:59:31.914 INFO:teuthology.orchestra.run.smithi061.stdout:
2023-12-11T18:59:31.914 INFO:teuthology.orchestra.run.smithi061.stdout:Saving cluster configuration to /var/lib/ceph/2a3ab470-9857-11ee-95a3-87774f69a715/config directory
2023-12-11T18:59:31.914 INFO:teuthology.orchestra.run.smithi061.stdout:Enabling autotune for osd_memory_target
2023-12-11T18:59:32.575 INFO:journalctl@ceph.mon.smithi061.smithi061.stdout:Dec 11 18:59:32 smithi061 ceph-mon[135886]: from='client.? 172.21.15.61:0/3462500028' entity='client.admin' cmd=[{"prefix": "config get", "who": "mgr", "key": "mgr/dashboard/ssl_server_port"}]: dispatch
2023-12-11T18:59:32.913 INFO:teuthology.orchestra.run.smithi061.stdout:/usr/bin/ceph: stderr
2023-12-11T18:59:32.340+0000 7f59879b8700 1 Processor -- start
2023-12-11T18:59:32.914 INFO:teuthology.orchestra.run.smithi061.stdout:/usr/bin/ceph: stderr
2023-12-11T18:59:32.340+0000 7f59879b8700 1 -- start start
2023-12-11T18:59:32.914 INFO:teuthology.orchestra.run.smithi061.stdout:/usr/bin/ceph: stderr
2023-12-11T18:59:32.340+0000 7f59879b8700 1 --2- >> [v2:172.21.15.61:3300/0,v1:172.21.15.61:6789/0] conn(0x7f5980077bb0 0x7f59800760c0 unknown :-1 s=NONE pgs=0 cs=0 l=0 rev1=0 crypto rx=0 tx=0 comp rx=0 tx=0).connect
2023-12-11T18:59:32.914 INFO:teuthology.orchestra.run.smithi061.stdout:/usr/bin/ceph: stderr
2023-12-11T18:59:32.340+0000 7f59879b8700 1 -- --> [v2:172.21.15.61:3300/0,v1:172.21.15.61:6789/0] -- mon_getmap magic: 0 v1 -- 0x7f5980077fc0 con 0x7f5980077bb0
2023-12-11T18:59:32.914 INFO:teuthology.orchestra.run.smithi061.stdout:/usr/bin/ceph: stderr
2023-12-11T18:59:32.341+0000 7f5985754700 1 --2- >> [v2:172.21.15.61:3300/0,v1:172.21.15.61:6789/0] conn(0x7f5980077bb0 0x7f59800760c0 unknown :-1 s=BANNER_CONNECTING pgs=0 cs=0 l=0 rev1=0 crypto rx=0 tx=0 comp rx=0 tx=0)._handle_peer_banner_payload supported=3 required=0
2023-12-11T18:59:32.914 INFO:teuthology.orchestra.run.smithi061.stdout:/usr/bin/ceph: stderr
2023-12-11T18:59:32.341+0000 7f5985754700 1 --2- >> [v2:172.21.15.61:3300/0,v1:172.21.15.61:6789/0] conn(0x7f5980077bb0 0x7f59800760c0 unknown :-1 s=HELLO_CONNECTING pgs=0 cs=0 l=0 rev1=1 crypto rx=0 tx=0 comp rx=0 tx=0).handle_hello peer v2:172.21.15.61:3300/0 says I am v2:172.21.15.61:49604/0 (socket says 172.21.15.61:49604)
2023-12-11T18:59:32.914 INFO:teuthology.orchestra.run.smithi061.stdout:/usr/bin/ceph: stderr
2023-12-11T18:59:32.341+0000 7f5985754700 1 -- 172.21.15.61:0/530272600 learned_addr learned my addr 172.21.15.61:0/530272600 (peer_addr_for_me v2:172.21.15.61:0/0)
2023-12-11T18:59:32.914 INFO:teuthology.orchestra.run.smithi061.stdout:/usr/bin/ceph: stderr
2023-12-11T18:59:32.341+0000 7f5985754700 1 -- 172.21.15.61:0/530272600 --> [v2:172.21.15.61:3300/0,v1:172.21.15.61:6789/0] -- mon_subscribe({config=0+,monmap=0+}) v3 -- 0x7f5980076600 con 0x7f5980077bb0
2023-12-11T18:59:32.914 INFO:teuthology.orchestra.run.smithi061.stdout:/usr/bin/ceph: stderr
2023-12-11T18:59:32.341+0000 7f5985754700 1 --2- 172.21.15.61:0/530272600 >> [v2:172.21.15.61:3300/0,v1:172.21.15.61:6789/0] conn(0x7f5980077bb0 0x7f59800760c0 secure :-1 s=READY pgs=86 cs=0 l=1 rev1=1 crypto rx=0x7f597c0098e0 tx=0x7f597c009250 comp rx=0 tx=0).ready entity=mon.0 client_cookie=f43f4d0afebc714 server_cookie=0 in_seq=0 out_seq=0
2023-12-11T18:59:32.914 INFO:teuthology.orchestra.run.smithi061.stdout:/usr/bin/ceph: stderr
2023-12-11T18:59:32.342+0000 7f5977fff700 1 -- 172.21.15.61:0/530272600 <== mon.0 v2:172.21.15.61:3300/0 1 ==== mon_map magic: 0 v1 ==== 229+0+0 (secure 0 0 0) 0x7f597c00b860 con 0x7f5980077bb0
2023-12-11T18:59:32.914 INFO:teuthology.orchestra.run.smithi061.stdout:/usr/bin/ceph: stderr
2023-12-11T18:59:32.342+0000 7f5977fff700 1 -- 172.21.15.61:0/530272600 <== mon.0 v2:172.21.15.61:3300/0 2 ==== config(26 keys) v1 ==== 1074+0+0 (secure 0 0 0) 0x7f597c00be70 con 0x7f5980077bb0
2023-12-11T18:59:32.914 INFO:teuthology.orchestra.run.smithi061.stdout:/usr/bin/ceph: stderr
2023-12-11T18:59:32.342+0000 7f5977fff700 1 -- 172.21.15.61:0/530272600 <== mon.0 v2:172.21.15.61:3300/0 3 ==== mon_map magic: 0 v1 ==== 229+0+0 (secure 0 0 0) 0x7f597c010380 con 0x7f5980077bb0
2023-12-11T18:59:32.914 INFO:teuthology.orchestra.run.smithi061.stdout:/usr/bin/ceph: stderr
2023-12-11T18:59:32.342+0000 7f59879b8700 1 -- 172.21.15.61:0/530272600 >> [v2:172.21.15.61:3300/0,v1:172.21.15.61:6789/0] conn(0x7f5980077bb0 msgr2=0x7f59800760c0 secure :-1 s=STATE_CONNECTION_ESTABLISHED l=1).mark_down
2023-12-11T18:59:32.915 INFO:teuthology.orchestra.run.smithi061.stdout:/usr/bin/ceph: stderr
2023-12-11T18:59:32.342+0000 7f59879b8700 1 --2- 172.21.15.61:0/530272600 >> [v2:172.21.15.61:3300/0,v1:172.21.15.61:6789/0] conn(0x7f5980077bb0 0x7f59800760c0 secure :-1 s=READY pgs=86 cs=0 l=1 rev1=1 crypto rx=0x7f597c0098e0 tx=0x7f597c009250 comp rx=0 tx=0).stop
2023-12-11T18:59:32.915 INFO:teuthology.orchestra.run.smithi061.stdout:/usr/bin/ceph: stderr
2023-12-11T18:59:32.342+0000 7f59879b8700 1 -- 172.21.15.61:0/530272600 shutdown_connections
2023-12-11T18:59:32.915 INFO:teuthology.orchestra.run.smithi061.stdout:/usr/bin/ceph: stderr
2023-12-11T18:59:32.342+0000 7f59879b8700 1 --2- 172.21.15.61:0/530272600 >> [v2:172.21.15.61:3300/0,v1:172.21.15.61:6789/0] conn(0x7f5980077bb0 0x7f59800760c0 unknown :-1 s=CLOSED pgs=86 cs=0 l=1 rev1=1 crypto rx=0 tx=0 comp rx=0 tx=0).stop
2023-12-11T18:59:32.915 INFO:teuthology.orchestra.run.smithi061.stdout:/usr/bin/ceph: stderr
2023-12-11T18:59:32.342+0000 7f59879b8700 1 -- 172.21.15.61:0/530272600 >> 172.21.15.61:0/530272600 conn(0x7f59800fd9a0 msgr2=0x7f59800ffdd0 unknown :-1 s=STATE_NONE l=0).mark_down
2023-12-11T18:59:32.915 INFO:teuthology.orchestra.run.smithi061.stdout:/usr/bin/ceph: stderr
2023-12-11T18:59:32.342+0000 7f59879b8700 1 -- 172.21.15.61:0/530272600 shutdown_connections
2023-12-11T18:59:32.915 INFO:teuthology.orchestra.run.smithi061.stdout:/usr/bin/ceph: stderr
2023-12-11T18:59:32.342+0000 7f59879b8700 1 -- 172.21.15.61:0/530272600 wait complete.
2023-12-11T18:59:32.915 INFO:teuthology.orchestra.run.smithi061.stdout:/usr/bin/ceph: stderr
2023-12-11T18:59:32.343+0000 7f59879b8700 1 Processor -- start
2023-12-11T18:59:32.915 INFO:teuthology.orchestra.run.smithi061.stdout:/usr/bin/ceph: stderr
2023-12-11T18:59:32.343+0000 7f59879b8700 1 -- start start
2023-12-11T18:59:32.915 INFO:teuthology.orchestra.run.smithi061.stdout:/usr/bin/ceph: stderr
2023-12-11T18:59:32.344+0000 7f59879b8700 1 --2- >> [v2:172.21.15.61:3300/0,v1:172.21.15.61:6789/0] conn(0x7f5980077bb0 0x7f5980113260 unknown :-1 s=NONE pgs=0 cs=0 l=1 rev1=0 crypto rx=0 tx=0 comp rx=0 tx=0).connect
2023-12-11T18:59:32.915 INFO:teuthology.orchestra.run.smithi061.stdout:/usr/bin/ceph: stderr
2023-12-11T18:59:32.344+0000 7f59879b8700 1 -- --> [v2:172.21.15.61:3300/0,v1:172.21.15.61:6789/0] -- mon_getmap magic: 0 v1 -- 0x7f59801137a0 con 0x7f5980077bb0
2023-12-11T18:59:32.915 INFO:teuthology.orchestra.run.smithi061.stdout:/usr/bin/ceph: stderr
2023-12-11T18:59:32.344+0000 7f5985754700 1 --2- >> [v2:172.21.15.61:3300/0,v1:172.21.15.61:6789/0] conn(0x7f5980077bb0 0x7f5980113260 unknown :-1 s=BANNER_CONNECTING pgs=0 cs=0 l=1 rev1=0 crypto rx=0 tx=0 comp rx=0 tx=0)._handle_peer_banner_payload supported=3 required=0
2023-12-11T18:59:32.915 INFO:teuthology.orchestra.run.smithi061.stdout:/usr/bin/ceph: stderr
