2023-12-11T18:59:13.311 INFO:journalctl@ceph.mon.smithi061.smithi061.stdout:Dec 11 18:59:13 smithi061 ceph-mon[135886]: Saving service prometheus spec with placement count:1
2023-12-11T18:59:13.311 INFO:journalctl@ceph.mon.smithi061.smithi061.stdout:Dec 11 18:59:13 smithi061 ceph-mon[135886]: from='mgr.14120 172.21.15.61:0/1549368305' entity='mgr.smithi061.nwxzrp'
2023-12-11T18:59:13.311 INFO:journalctl@ceph.mon.smithi061.smithi061.stdout:Dec 11 18:59:13 smithi061 ceph-mon[135886]: from='mgr.14120 172.21.15.61:0/1549368305' entity='mgr.smithi061.nwxzrp'
2023-12-11T18:59:13.317 INFO:teuthology.orchestra.run.smithi061.stdout:/usr/bin/ceph: stdout Scheduled grafana update...
2023-12-11T18:59:13.317 INFO:teuthology.orchestra.run.smithi061.stdout:/usr/bin/ceph: stderr
2023-12-11T18:59:12.720+0000 7f39dc670700 1 Processor -- start
2023-12-11T18:59:13.317 INFO:teuthology.orchestra.run.smithi061.stdout:/usr/bin/ceph: stderr
2023-12-11T18:59:12.720+0000 7f39dc670700 1 -- start start
2023-12-11T18:59:13.317 INFO:teuthology.orchestra.run.smithi061.stdout:/usr/bin/ceph: stderr
2023-12-11T18:59:12.720+0000 7f39dc670700 1 --2- >> [v2:172.21.15.61:3300/0,v1:172.21.15.61:6789/0] conn(0x7f39d4077bb0 0x7f39d40760c0 unknown :-1 s=NONE pgs=0 cs=0 l=0 rev1=0 crypto rx=0 tx=0 comp rx=0 tx=0).connect
2023-12-11T18:59:13.317 INFO:teuthology.orchestra.run.smithi061.stdout:/usr/bin/ceph: stderr
2023-12-11T18:59:12.720+0000 7f39dc670700 1 -- --> [v2:172.21.15.61:3300/0,v1:172.21.15.61:6789/0] -- mon_getmap magic: 0 v1 -- 0x7f39d4077fc0 con 0x7f39d4077bb0
2023-12-11T18:59:13.317 INFO:teuthology.orchestra.run.smithi061.stdout:/usr/bin/ceph: stderr
2023-12-11T18:59:12.721+0000 7f39da40c700 1 --2- >> [v2:172.21.15.61:3300/0,v1:172.21.15.61:6789/0] conn(0x7f39d4077bb0 0x7f39d40760c0 unknown :-1 s=BANNER_CONNECTING pgs=0 cs=0 l=0 rev1=0 crypto rx=0 tx=0 comp rx=0 tx=0)._handle_peer_banner_payload supported=3 required=0
2023-12-11T18:59:13.317 INFO:teuthology.orchestra.run.smithi061.stdout:/usr/bin/ceph: stderr
2023-12-11T18:59:12.721+0000 7f39da40c700 1 --2- >> [v2:172.21.15.61:3300/0,v1:172.21.15.61:6789/0] conn(0x7f39d4077bb0 0x7f39d40760c0 unknown :-1 s=HELLO_CONNECTING pgs=0 cs=0 l=0 rev1=1 crypto rx=0 tx=0 comp rx=0 tx=0).handle_hello peer v2:172.21.15.61:3300/0 says I am v2:172.21.15.61:49758/0 (socket says 172.21.15.61:49758)
2023-12-11T18:59:13.317 INFO:teuthology.orchestra.run.smithi061.stdout:/usr/bin/ceph: stderr
2023-12-11T18:59:12.721+0000 7f39da40c700 1 -- 172.21.15.61:0/951330793 learned_addr learned my addr 172.21.15.61:0/951330793 (peer_addr_for_me v2:172.21.15.61:0/0)
2023-12-11T18:59:13.317 INFO:teuthology.orchestra.run.smithi061.stdout:/usr/bin/ceph: stderr
2023-12-11T18:59:12.721+0000 7f39da40c700 1 -- 172.21.15.61:0/951330793 --> [v2:172.21.15.61:3300/0,v1:172.21.15.61:6789/0] -- mon_subscribe({config=0+,monmap=0+}) v3 -- 0x7f39d4076600 con 0x7f39d4077bb0
2023-12-11T18:59:13.317 INFO:teuthology.orchestra.run.smithi061.stdout:/usr/bin/ceph: stderr
2023-12-11T18:59:12.722+0000 7f39da40c700 1 --2- 172.21.15.61:0/951330793 >> [v2:172.21.15.61:3300/0,v1:172.21.15.61:6789/0] conn(0x7f39d4077bb0 0x7f39d40760c0 secure :-1 s=READY pgs=55 cs=0 l=1 rev1=1 crypto rx=0x7f39d00098e0 tx=0x7f39d0009250 comp rx=0 tx=0).ready entity=mon.0 client_cookie=934babb14cbdd871 server_cookie=0 in_seq=0 out_seq=0
2023-12-11T18:59:13.318 INFO:teuthology.orchestra.run.smithi061.stdout:/usr/bin/ceph: stderr
2023-12-11T18:59:12.722+0000 7f39d940a700 1 -- 172.21.15.61:0/951330793 <== mon.0 v2:172.21.15.61:3300/0 1 ==== mon_map magic: 0 v1 ==== 229+0+0 (secure 0 0 0) 0x7f39d000b860 con 0x7f39d4077bb0
2023-12-11T18:59:13.318 INFO:teuthology.orchestra.run.smithi061.stdout:/usr/bin/ceph: stderr
2023-12-11T18:59:12.722+0000 7f39d940a700 1 -- 172.21.15.61:0/951330793 <== mon.0 v2:172.21.15.61:3300/0 2 ==== config(26 keys) v1 ==== 1074+0+0 (secure 0 0 0) 0x7f39d000be70 con 0x7f39d4077bb0
2023-12-11T18:59:13.318 INFO:teuthology.orchestra.run.smithi061.stdout:/usr/bin/ceph: stderr
2023-12-11T18:59:12.722+0000 7f39d940a700 1 -- 172.21.15.61:0/951330793 <== mon.0 v2:172.21.15.61:3300/0 3 ==== mon_map magic: 0 v1 ==== 229+0+0 (secure 0 0 0) 0x7f39d0010380 con 0x7f39d4077bb0
2023-12-11T18:59:13.318 INFO:teuthology.orchestra.run.smithi061.stdout:/usr/bin/ceph: stderr
2023-12-11T18:59:12.723+0000 7f39dc670700 1 -- 172.21.15.61:0/951330793 >> [v2:172.21.15.61:3300/0,v1:172.21.15.61:6789/0] conn(0x7f39d4077bb0 msgr2=0x7f39d40760c0 secure :-1 s=STATE_CONNECTION_ESTABLISHED l=1).mark_down
2023-12-11T18:59:13.318 INFO:teuthology.orchestra.run.smithi061.stdout:/usr/bin/ceph: stderr
2023-12-11T18:59:12.723+0000 7f39dc670700 1 --2- 172.21.15.61:0/951330793 >> [v2:172.21.15.61:3300/0,v1:172.21.15.61:6789/0] conn(0x7f39d4077bb0 0x7f39d40760c0 secure :-1 s=READY pgs=55 cs=0 l=1 rev1=1 crypto rx=0x7f39d00098e0 tx=0x7f39d0009250 comp rx=0 tx=0).stop
2023-12-11T18:59:13.318 INFO:teuthology.orchestra.run.smithi061.stdout:/usr/bin/ceph: stderr
2023-12-11T18:59:12.723+0000 7f39dc670700 1 -- 172.21.15.61:0/951330793 shutdown_connections
2023-12-11T18:59:13.318 INFO:teuthology.orchestra.run.smithi061.stdout:/usr/bin/ceph: stderr
2023-12-11T18:59:12.723+0000 7f39dc670700 1 --2- 172.21.15.61:0/951330793 >> [v2:172.21.15.61:3300/0,v1:172.21.15.61:6789/0] conn(0x7f39d4077bb0 0x7f39d40760c0 unknown :-1 s=CLOSED pgs=55 cs=0 l=1 rev1=1 crypto rx=0 tx=0 comp rx=0 tx=0).stop
2023-12-11T18:59:13.318 INFO:teuthology.orchestra.run.smithi061.stdout:/usr/bin/ceph: stderr
2023-12-11T18:59:12.723+0000 7f39dc670700 1 -- 172.21.15.61:0/951330793 >> 172.21.15.61:0/951330793 conn(0x7f39d40fda50 msgr2=0x7f39d40ffe60 unknown :-1 s=STATE_NONE l=0).mark_down
2023-12-11T18:59:13.318 INFO:teuthology.orchestra.run.smithi061.stdout:/usr/bin/ceph: stderr
2023-12-11T18:59:12.723+0000 7f39dc670700 1 -- 172.21.15.61:0/951330793 shutdown_connections
2023-12-11T18:59:13.318 INFO:teuthology.orchestra.run.smithi061.stdout:/usr/bin/ceph: stderr
2023-12-11T18:59:12.723+0000 7f39dc670700 1 -- 172.21.15.61:0/951330793 wait complete.
2023-12-11T18:59:13.319 INFO:teuthology.orchestra.run.smithi061.stdout:/usr/bin/ceph: stderr
2023-12-11T18:59:12.724+0000 7f39dc670700 1 Processor -- start
2023-12-11T18:59:13.319 INFO:teuthology.orchestra.run.smithi061.stdout:/usr/bin/ceph: stderr
2023-12-11T18:59:12.724+0000 7f39dc670700 1 -- start start
2023-12-11T18:59:13.319 INFO:teuthology.orchestra.run.smithi061.stdout:/usr/bin/ceph: stderr
2023-12-11T18:59:12.724+0000 7f39dc670700 1 --2- >> [v2:172.21.15.61:3300/0,v1:172.21.15.61:6789/0] conn(0x7f39d4077bb0 0x7f39d41133d0 unknown :-1 s=NONE pgs=0 cs=0 l=1 rev1=0 crypto rx=0 tx=0 comp rx=0 tx=0).connect
2023-12-11T18:59:13.319 INFO:teuthology.orchestra.run.smithi061.stdout:/usr/bin/ceph: stderr
2023-12-11T18:59:12.724+0000 7f39dc670700 1 -- --> [v2:172.21.15.61:3300/0,v1:172.21.15.61:6789/0] -- mon_getmap magic: 0 v1 -- 0x7f39d4113910 con 0x7f39d4077bb0
2023-12-11T18:59:13.319 INFO:teuthology.orchestra.run.smithi061.stdout:/usr/bin/ceph: stderr
2023-12-11T18:59:12.724+0000 7f39da40c700 1 --2- >> [v2:172.21.15.61:3300/0,v1:172.21.15.61:6789/0] conn(0x7f39d4077bb0 0x7f39d41133d0 unknown :-1 s=BANNER_CONNECTING pgs=0 cs=0 l=1 rev1=0 crypto rx=0 tx=0 comp rx=0 tx=0)._handle_peer_banner_payload supported=3 required=0
2023-12-11T18:59:13.319 INFO:teuthology.orchestra.run.smithi061.stdout:/usr/bin/ceph: stderr
2023-12-11T18:59:12.724+0000 7f39da40c700 1 --2- >> [v2:172.21.15.61:3300/0,v1:172.21.15.61:6789/0] conn(0x7f39d4077bb0 0x7f39d41133d0 unknown :-1 s=HELLO_CONNECTING pgs=0 cs=0 l=1 rev1=1 crypto rx=0 tx=0 comp rx=0 tx=0).handle_hello peer v2:172.21.15.61:3300/0 says I am v2:172.21.15.61:49772/0 (socket says 172.21.15.61:49772)
2023-12-11T18:59:13.319 INFO:teuthology.orchestra.run.smithi061.stdout:/usr/bin/ceph: stderr
2023-12-11T18:59:12.724+0000 7f39da40c700 1 -- 172.21.15.61:0/1295396802 learned_addr learned my addr 172.21.15.61:0/1295396802 (peer_addr_for_me v2:172.21.15.61:0/0)
2023-12-11T18:59:13.319 INFO:teuthology.orchestra.run.smithi061.stdout:/usr/bin/ceph: stderr
2023-12-11T18:59:12.725+0000 7f39da40c700 1 -- 172.21.15.61:0/1295396802 --> [v2:172.21.15.61:3300/0,v1:172.21.15.61:6789/0] -- mon_subscribe({config=0+,monmap=0+}) v3 -- 0x7f39d00094f0 con 0x7f39d4077bb0
2023-12-11T18:59:13.319 INFO:teuthology.orchestra.run.smithi061.stdout:/usr/bin/ceph: stderr
2023-12-11T18:59:12.725+0000 7f39da40c700 1 --2- 172.21.15.61:0/1295396802 >> [v2:172.21.15.61:3300/0,v1:172.21.15.61:6789/0] conn(0x7f39d4077bb0 0x7f39d41133d0 secure :-1 s=READY pgs=56 cs=0 l=1 rev1=1 crypto rx=0x7f39d0006d40 tx=0x7f39d0009250 comp rx=0 tx=0).ready entity=mon.0 client_cookie=0 server_cookie=0 in_seq=0 out_seq=0
2023-12-11T18:59:13.319 INFO:teuthology.orchestra.run.smithi061.stdout:/usr/bin/ceph: stderr
2023-12-11T18:59:12.725+0000 7f39caffd700 1 -- 172.21.15.61:0/1295396802 <== mon.0 v2:172.21.15.61:3300/0 1 ==== mon_map magic: 0 v1 ==== 229+0+0 (secure 0 0 0) 0x7f39d0010960 con 0x7f39d4077bb0
2023-12-11T18:59:13.319 INFO:teuthology.orchestra.run.smithi061.stdout:/usr/bin/ceph: stderr
2023-12-11T18:59:12.725+0000 7f39caffd700 1 -- 172.21.15.61:0/1295396802 <== mon.0 v2:172.21.15.61:3300/0 2 ==== config(26 keys) v1 ==== 1074+0+0 (secure 0 0 0) 0x7f39d001a430 con 0x7f39d4077bb0
2023-12-11T18:59:13.320 INFO:teuthology.orchestra.run.smithi061.stdout:/usr/bin/ceph: stderr
2023-12-11T18:59:12.725+0000 7f39dc670700 1 -- 172.21.15.61:0/1295396802 --> [v2:172.21.15.61:3300/0,v1:172.21.15.61:6789/0] -- mon_subscribe({mgrmap=0+}) v3 -- 0x7f39d4113b10 con 0x7f39d4077bb0
2023-12-11T18:59:13.320 INFO:teuthology.orchestra.run.smithi061.stdout:/usr/bin/ceph: stderr
2023-12-11T18:59:12.725+0000 7f39caffd700 1 -- 172.21.15.61:0/1295396802 <== mon.0 v2:172.21.15.61:3300/0 3 ==== mon_map magic: 0 v1 ==== 229+0+0 (secure 0 0 0) 0x7f39d00245b0 con 0x7f39d4077bb0
2023-12-11T18:59:13.320 INFO:teuthology.orchestra.run.smithi061.stdout:/usr/bin/ceph: stderr
2023-12-11T18:59:12.726+0000 7f39dc670700 1 -- 172.21.15.61:0/1295396802 --> [v2:172.21.15.61:3300/0,v1:172.21.15.61:6789/0] -- mon_subscribe({osdmap=0}) v3 -- 0x7f39d4113f20 con 0x7f39d4077bb0
2023-12-11T18:59:13.320 INFO:teuthology.orchestra.run.smithi061.stdout:/usr/bin/ceph: stderr
2023-12-11T18:59:12.727+0000 7f39caffd700 1 -- 172.21.15.61:0/1295396802 <== mon.0 v2:172.21.15.61:3300/0 4 ==== mgrmap(e 8) v1 ==== 43281+0+0 (secure 0 0 0) 0x7f39d001a9f0 con 0x7f39d4077bb0
2023-12-11T18:59:13.320 INFO:teuthology.orchestra.run.smithi061.stdout:/usr/bin/ceph: stderr
2023-12-11T18:59:12.727+0000 7f39dc670700 1 -- 172.21.15.61:0/1295396802 --> [v2:172.21.15.61:3300/0,v1:172.21.15.61:6789/0] -- mon_command({"prefix": "get_command_descriptions"} v 0) v1 -- 0x7f39d404bb80 con 0x7f39d4077bb0
2023-12-11T18:59:13.320 INFO:teuthology.orchestra.run.smithi061.stdout:/usr/bin/ceph: stderr
2023-12-11T18:59:12.727+0000 7f39caffd700 1 --2- 172.21.15.61:0/1295396802 >> [v2:172.21.15.61:6800/456026987,v1:172.21.15.61:6801/456026987] conn(0x7f39c00365f0 0x7f39c0038aa0 unknown :-1 s=NONE pgs=0 cs=0 l=1 rev1=0 crypto rx=0 tx=0 comp rx=0 tx=0).connect
2023-12-11T18:59:13.320 INFO:teuthology.orchestra.run.smithi061.stdout:/usr/bin/ceph: stderr
2023-12-11T18:59:12.727+0000 7f39caffd700 1 -- 172.21.15.61:0/1295396802 <== mon.0 v2:172.21.15.61:3300/0 5 ==== osd_map(2..2 src has 1..2) v4 ==== 936+0+0 (secure 0 0 0) 0x7f39d004a160 con 0x7f39d4077bb0
2023-12-11T18:59:13.320 INFO:teuthology.orchestra.run.smithi061.stdout:/usr/bin/ceph: stderr
2023-12-11T18:59:12.727+0000 7f39d9c0b700 1 --2- 172.21.15.61:0/1295396802 >> [v2:172.21.15.61:6800/456026987,v1:172.21.15.61:6801/456026987] conn(0x7f39c00365f0 0x7f39c0038aa0 unknown :-1 s=BANNER_CONNECTING pgs=0 cs=0 l=1 rev1=0 crypto rx=0 tx=0 comp rx=0 tx=0)._handle_peer_banner_payload supported=3 required=0
2023-12-11T18:59:13.320 INFO:teuthology.orchestra.run.smithi061.stdout:/usr/bin/ceph: stderr
2023-12-11T18:59:12.728+0000 7f39d9c0b700 1 --2- 172.21.15.61:0/1295396802 >> [v2:172.21.15.61:6800/456026987,v1:172.21.15.61:6801/456026987] conn(0x7f39c00365f0 0x7f39c0038aa0 secure :-1 s=READY pgs=16 cs=0 l=1 rev1=1 crypto rx=0x7f39c4009990 tx=0x7f39c4006e40 comp rx=0 tx=0).ready entity=mgr.14120 client_cookie=0 server_cookie=0 in_seq=0 out_seq=0
2023-12-11T18:59:13.320 INFO:teuthology.orchestra.run.smithi061.stdout:/usr/bin/ceph: stderr
2023-12-11T18:59:12.732+0000 7f39caffd700 1 -- 172.21.15.61:0/1295396802 <== mon.0 v2:172.21.15.61:3300/0 6 ==== mon_command_ack([{"prefix": "get_command_descriptions"}]=0 v0) v1 ==== 72+0+174570 (secure 0 0 0) 0x7f39d002b8e0 con 0x7f39d4077bb0
2023-12-11T18:59:13.320 INFO:teuthology.orchestra.run.smithi061.stdout:/usr/bin/ceph: stderr
2023-12-11T18:59:12.951+0000 7f39dc670700 1 -- 172.21.15.61:0/1295396802 --> [v2:172.21.15.61:6800/456026987,v1:172.21.15.61:6801/456026987] -- mgr_command(tid 0: {"prefix": "orch apply", "service_type": "grafana", "target": ["mon-mgr", ""]}) v1 -- 0x7f39d410d200 con 0x7f39c00365f0
2023-12-11T18:59:13.320 INFO:teuthology.orchestra.run.smithi061.stdout:/usr/bin/ceph: stderr
2023-12-11T18:59:12.956+0000 7f39caffd700 1 -- 172.21.15.61:0/1295396802 <== mgr.14120 v2:172.21.15.61:6800/456026987 1 ==== mgr_command_reply(tid 0: 0 ) v1 ==== 8+0+28 (secure 0 0 0) 0x7f39d410d200 con 0x7f39c00365f0
2023-12-11T18:59:13.320 INFO:teuthology.orchestra.run.smithi061.stdout:/usr/bin/ceph: stderr
2023-12-11T18:59:12.958+0000 7f39dc670700 1 -- 172.21.15.61:0/1295396802 >> [v2:172.21.15.61:6800/456026987,v1:172.21.15.61:6801/456026987] conn(0x7f39c00365f0 msgr2=0x7f39c0038aa0 secure :-1 s=STATE_CONNECTION_ESTABLISHED l=1).mark_down
2023-12-11T18:59:13.321 INFO:teuthology.orchestra.run.smithi061.stdout:/usr/bin/ceph: stderr
2023-12-11T18:59:12.958+0000 7f39dc670700 1 --2- 172.21.15.61:0/1295396802 >> [v2:172.21.15.61:6800/456026987,v1:172.21.15.61:6801/456026987] conn(0x7f39c00365f0 0x7f39c0038aa0 secure :-1 s=READY pgs=16 cs=0 l=1 rev1=1 crypto rx=0x7f39c4009990 tx=0x7f39c4006e40 comp rx=0 tx=0).stop
2023-12-11T18:59:13.321 INFO:teuthology.orchestra.run.smithi061.stdout:/usr/bin/ceph: stderr
2023-12-11T18:59:12.958+0000 7f39dc670700 1 -- 172.21.15.61:0/1295396802 >> [v2:172.21.15.61:3300/0,v1:172.21.15.61:6789/0] conn(0x7f39d4077bb0 msgr2=0x7f39d41133d0 secure :-1 s=STATE_CONNECTION_ESTABLISHED l=1).mark_down
2023-12-11T18:59:13.321 INFO:teuthology.orchestra.run.smithi061.stdout:/usr/bin/ceph: stderr
2023-12-11T18:59:12.958+0000 7f39dc670700 1 --2- 172.21.15.61:0/1295396802 >> [v2:172.21.15.61:3300/0,v1:172.21.15.61:6789/0] conn(0x7f39d4077bb0 0x7f39d41133d0 secure :-1 s=READY pgs=56 cs=0 l=1 rev1=1 crypto rx=0x7f39d0006d40 tx=0x7f39d0009250 comp rx=0 tx=0).stop
2023-12-11T18:59:13.321 INFO:teuthology.orchestra.run.smithi061.stdout:/usr/bin/ceph: stderr
2023-12-11T18:59:12.958+0000 7f39dc670700 1 -- 172.21.15.61:0/1295396802 shutdown_connections
2023-12-11T18:59:13.321 INFO:teuthology.orchestra.run.smithi061.stdout:/usr/bin/ceph: stderr
2023-12-11T18:59:12.958+0000 7f39dc670700 1 --2- 172.21.15.61:0/1295396802 >> [v2:172.21.15.61:6800/456026987,v1:172.21.15.61:6801/456026987] conn(0x7f39c00365f0 0x7f39c0038aa0 unknown :-1 s=CLOSED pgs=16 cs=0 l=1 rev1=1 crypto rx=0 tx=0 comp rx=0 tx=0).stop
2023-12-11T18:59:13.321 INFO:teuthology.orchestra.run.smithi061.stdout:/usr/bin/ceph: stderr
2023-12-11T18:59:12.958+0000 7f39dc670700 1 --2- 172.21.15.61:0/1295396802 >> [v2:172.21.15.61:3300/0,v1:172.21.15.61:6789/0] conn(0x7f39d4077bb0 0x7f39d41133d0 unknown :-1 s=CLOSED pgs=56 cs=0 l=1 rev1=1 crypto rx=0 tx=0 comp rx=0 tx=0).stop
2023-12-11T18:59:13.321 INFO:teuthology.orchestra.run.smithi061.stdout:/usr/bin/ceph: stderr
2023-12-11T18:59:12.958+0000 7f39dc670700 1 -- 172.21.15.61:0/1295396802 >> 172.21.15.61:0/1295396802 conn(0x7f39d40fda50 msgr2=0x7f39d40ffe50 unknown :-1 s=STATE_NONE l=0).mark_down
2023-12-11T18:59:13.321 INFO:teuthology.orchestra.run.smithi061.stdout:/usr/bin/ceph: stderr
2023-12-11T18:59:12.958+0000 7f39dc670700 1 -- 172.21.15.61:0/1295396802 shutdown_connections
2023-12-11T18:59:13.321 INFO:teuthology.orchestra.run.smithi061.stdout:/usr/bin/ceph: stderr
2023-12-11T18:59:12.958+0000 7f39dc670700 1 -- 172.21.15.61:0/1295396802 wait complete.
2023-12-11T18:59:13.321 INFO:teuthology.orchestra.run.smithi061.stdout:Deploying node-exporter service with default placement...
2023-12-11T18:59:14.356 INFO:teuthology.orchestra.run.smithi061.stdout:/usr/bin/ceph: stdout Scheduled node-exporter update...
2023-12-11T18:59:14.357 INFO:teuthology.orchestra.run.smithi061.stdout:/usr/bin/ceph: stderr
2023-12-11T18:59:13.725+0000 7fbd30e5d700 1 Processor -- start
2023-12-11T18:59:14.357 INFO:teuthology.orchestra.run.smithi061.stdout:/usr/bin/ceph: stderr
2023-12-11T18:59:13.726+0000 7fbd30e5d700 1 -- start start
2023-12-11T18:59:14.357 INFO:teuthology.orchestra.run.smithi061.stdout:/usr/bin/ceph: stderr
2023-12-11T18:59:13.726+0000 7fbd30e5d700 1 --2- >> [v2:172.21.15.61:3300/0,v1:172.21.15.61:6789/0] conn(0x7fbd2c1022d0 0x7fbd2c1026e0 unknown :-1 s=NONE pgs=0 cs=0 l=0 rev1=0 crypto rx=0 tx=0 comp rx=0 tx=0).connect
2023-12-11T18:59:14.357 INFO:teuthology.orchestra.run.smithi061.stdout:/usr/bin/ceph: stderr
2023-12-11T18:59:13.726+0000 7fbd30e5d700 1 -- --> [v2:172.21.15.61:3300/0,v1:172.21.15.61:6789/0] -- mon_getmap magic: 0 v1 -- 0x7fbd2c102c20 con 0x7fbd2c1022d0
2023-12-11T18:59:14.357 INFO:teuthology.orchestra.run.smithi061.stdout:/usr/bin/ceph: stderr
2023-12-11T18:59:13.726+0000 7fbd2a59c700 1 --2- >> [v2:172.21.15.61:3300/0,v1:172.21.15.61:6789/0] conn(0x7fbd2c1022d0 0x7fbd2c1026e0 unknown :-1 s=BANNER_CONNECTING pgs=0 cs=0 l=0 rev1=0 crypto rx=0 tx=0 comp rx=0 tx=0)._handle_peer_banner_payload supported=3 required=0
2023-12-11T18:59:14.357 INFO:teuthology.orchestra.run.smithi061.stdout:/usr/bin/ceph: stderr
2023-12-11T18:59:13.726+0000 7fbd2a59c700 1 --2- >> [v2:172.21.15.61:3300/0,v1:172.21.15.61:6789/0] conn(0x7fbd2c1022d0 0x7fbd2c1026e0 unknown :-1 s=HELLO_CONNECTING pgs=0 cs=0 l=0 rev1=1 crypto rx=0 tx=0 comp rx=0 tx=0).handle_hello peer v2:172.21.15.61:3300/0 says I am v2:172.21.15.61:49778/0 (socket says 172.21.15.61:49778)
2023-12-11T18:59:14.357 INFO:teuthology.orchestra.run.smithi061.stdout:/usr/bin/ceph: stderr
2023-12-11T18:59:13.726+0000 7fbd2a59c700 1 -- 172.21.15.61:0/4240783651 learned_addr learned my addr 172.21.15.61:0/4240783651 (peer_addr_for_me v2:172.21.15.61:0/0)
2023-12-11T18:59:14.357 INFO:teuthology.orchestra.run.smithi061.stdout:/usr/bin/ceph: stderr
2023-12-11T18:59:13.727+0000 7fbd2a59c700 1 -- 172.21.15.61:0/4240783651 --> [v2:172.21.15.61:3300/0,v1:172.21.15.61:6789/0] -- mon_subscribe({config=0+,monmap=0+}) v3 -- 0x7fbd2c102d60 con 0x7fbd2c1022d0
2023-12-11T18:59:14.357 INFO:teuthology.orchestra.run.smithi061.stdout:/usr/bin/ceph: stderr
2023-12-11T18:59:13.727+0000 7fbd2a59c700 1 --2- 172.21.15.61:0/4240783651 >> [v2:172.21.15.61:3300/0,v1:172.21.15.61:6789/0] conn(0x7fbd2c1022d0 0x7fbd2c1026e0 secure :-1 s=READY pgs=57 cs=0 l=1 rev1=1 crypto rx=0x7fbd1c0098e0 tx=0x7fbd1c009250 comp rx=0 tx=0).ready entity=mon.0 client_cookie=97bcede18a598edf server_cookie=0 in_seq=0 out_seq=0
2023-12-11T18:59:14.357 INFO:teuthology.orchestra.run.smithi061.stdout:/usr/bin/ceph: stderr
2023-12-11T18:59:13.727+0000 7fbd2959a700 1 -- 172.21.15.61:0/4240783651 <== mon.0 v2:172.21.15.61:3300/0 1 ==== mon_map magic: 0 v1 ==== 229+0+0 (secure 0 0 0) 0x7fbd1c00b860 con 0x7fbd2c1022d0
2023-12-11T18:59:14.357 INFO:teuthology.orchestra.run.smithi061.stdout:/usr/bin/ceph: stderr
2023-12-11T18:59:13.727+0000 7fbd2959a700 1 -- 172.21.15.61:0/4240783651 <== mon.0 v2:172.21.15.61:3300/0 2 ==== config(26 keys) v1 ==== 1074+0+0 (secure 0 0 0) 0x7fbd1c00be70 con 0x7fbd2c1022d0
2023-12-11T18:59:14.358 INFO:teuthology.orchestra.run.smithi061.stdout:/usr/bin/ceph: stderr
2023-12-11T18:59:13.727+0000 7fbd2959a700 1 -- 172.21.15.61:0/4240783651 <== mon.0 v2:172.21.15.61:3300/0 3 ==== mon_map magic: 0 v1 ==== 229+0+0 (secure 0 0 0) 0x7fbd1c010380 con 0x7fbd2c1022d0
2023-12-11T18:59:14.358 INFO:teuthology.orchestra.run.smithi061.stdout:/usr/bin/ceph: stderr
2023-12-11T18:59:13.728+0000 7fbd30e5d700 1 -- 172.21.15.61:0/4240783651 >> [v2:172.21.15.61:3300/0,v1:172.21.15.61:6789/0] conn(0x7fbd2c1022d0 msgr2=0x7fbd2c1026e0 secure :-1 s=STATE_CONNECTION_ESTABLISHED l=1).mark_down
2023-12-11T18:59:14.358 INFO:teuthology.orchestra.run.smithi061.stdout:/usr/bin/ceph: stderr
2023-12-11T18:59:13.728+0000 7fbd30e5d700 1 --2- 172.21.15.61:0/4240783651 >> [v2:172.21.15.61:3300/0,v1:172.21.15.61:6789/0] conn(0x7fbd2c1022d0 0x7fbd2c1026e0 secure :-1 s=READY pgs=57 cs=0 l=1 rev1=1 crypto rx=0x7fbd1c0098e0 tx=0x7fbd1c009250 comp rx=0 tx=0).stop
2023-12-11T18:59:14.358 INFO:teuthology.orchestra.run.smithi061.stdout:/usr/bin/ceph: stderr
2023-12-11T18:59:13.728+0000 7fbd30e5d700 1 -- 172.21.15.61:0/4240783651 shutdown_connections
2023-12-11T18:59:14.358 INFO:teuthology.orchestra.run.smithi061.stdout:/usr/bin/ceph: stderr
2023-12-11T18:59:13.728+0000 7fbd30e5d700 1 --2- 172.21.15.61:0/4240783651 >> [v2:172.21.15.61:3300/0,v1:172.21.15.61:6789/0] conn(0x7fbd2c1022d0 0x7fbd2c1026e0 unknown :-1 s=CLOSED pgs=57 cs=0 l=1 rev1=1 crypto rx=0 tx=0 comp rx=0 tx=0).stop
2023-12-11T18:59:14.358 INFO:teuthology.orchestra.run.smithi061.stdout:/usr/bin/ceph: stderr
2023-12-11T18:59:13.728+0000 7fbd30e5d700 1 -- 172.21.15.61:0/4240783651 >> 172.21.15.61:0/4240783651 conn(0x7fbd2c0fda50 msgr2=0x7fbd2c0ffe60 unknown :-1 s=STATE_NONE l=0).mark_down
2023-12-11T18:59:14.358 INFO:teuthology.orchestra.run.smithi061.stdout:/usr/bin/ceph: stderr
2023-12-11T18:59:13.728+0000 7fbd30e5d700 1 -- 172.21.15.61:0/4240783651 shutdown_connections
2023-12-11T18:59:14.358 INFO:teuthology.orchestra.run.smithi061.stdout:/usr/bin/ceph: stderr
2023-12-11T18:59:13.728+0000 7fbd30e5d700 1 -- 172.21.15.61:0/4240783651 wait complete.
2023-12-11T18:59:14.358 INFO:teuthology.orchestra.run.smithi061.stdout:/usr/bin/ceph: stderr
2023-12-11T18:59:13.729+0000 7fbd30e5d700 1 Processor -- start
2023-12-11T18:59:14.358 INFO:teuthology.orchestra.run.smithi061.stdout:/usr/bin/ceph: stderr
2023-12-11T18:59:13.729+0000 7fbd30e5d700 1 -- start start
2023-12-11T18:59:14.358 INFO:teuthology.orchestra.run.smithi061.stdout:/usr/bin/ceph: stderr
2023-12-11T18:59:13.729+0000 7fbd30e5d700 1 --2- >> [v2:172.21.15.61:3300/0,v1:172.21.15.61:6789/0] conn(0x7fbd2c1022d0 0x7fbd2c1133c0 unknown :-1 s=NONE pgs=0 cs=0 l=1 rev1=0 crypto rx=0 tx=0 comp rx=0 tx=0).connect
2023-12-11T18:59:14.358 INFO:teuthology.orchestra.run.smithi061.stdout:/usr/bin/ceph: stderr
2023-12-11T18:59:13.729+0000 7fbd30e5d700 1 -- --> [v2:172.21.15.61:3300/0,v1:172.21.15.61:6789/0] -- mon_getmap magic: 0 v1 -- 0x7fbd2c113900 con 0x7fbd2c1022d0
2023-12-11T18:59:14.358 INFO:teuthology.orchestra.run.smithi061.stdout:/usr/bin/ceph: stderr
2023-12-11T18:59:13.730+0000 7fbd2a59c700 1 --2- >> [v2:172.21.15.61:3300/0,v1:172.21.15.61:6789/0] conn(0x7fbd2c1022d0 0x7fbd2c1133c0 unknown :-1 s=BANNER_CONNECTING pgs=0 cs=0 l=1 rev1=0 crypto rx=0 tx=0 comp rx=0 tx=0)._handle_peer_banner_payload supported=3 required=0
2023-12-11T18:59:14.358 INFO:teuthology.orchestra.run.smithi061.stdout:/usr/bin/ceph: stderr
2023-12-11T18:59:13.730+0000 7fbd2a59c700 1 --2- >> [v2:172.21.15.61:3300/0,v1:172.21.15.61:6789/0] conn(0x7fbd2c1022d0 0x7fbd2c1133c0 unknown :-1 s=HELLO_CONNECTING pgs=0 cs=0 l=1 rev1=1 crypto rx=0 tx=0 comp rx=0 tx=0).handle_hello peer v2:172.21.15.61:3300/0 says I am v2:172.21.15.61:49786/0 (socket says 172.21.15.61:49786)
2023-12-11T18:59:14.358 INFO:teuthology.orchestra.run.smithi061.stdout:/usr/bin/ceph: stderr
2023-12-11T18:59:13.730+0000 7fbd2a59c700 1 -- 172.21.15.61:0/4189446522 learned_addr learned my addr 172.21.15.61:0/4189446522 (peer_addr_for_me v2:172.21.15.61:0/0)
2023-12-11T18:59:14.359 INFO:teuthology.orchestra.run.smithi061.stdout:/usr/bin/ceph: stderr
2023-12-11T18:59:13.730+0000 7fbd2a59c700 1 -- 172.21.15.61:0/4189446522 --> [v2:172.21.15.61:3300/0,v1:172.21.15.61:6789/0] -- mon_subscribe({config=0+,monmap=0+}) v3 -- 0x7fbd1c0094f0 con 0x7fbd2c1022d0
2023-12-11T18:59:14.359 INFO:teuthology.orchestra.run.smithi061.stdout:/usr/bin/ceph: stderr
2023-12-11T18:59:13.730+0000 7fbd2a59c700 1 --2- 172.21.15.61:0/4189446522 >> [v2:172.21.15.61:3300/0,v1:172.21.15.61:6789/0] conn(0x7fbd2c1022d0 0x7fbd2c1133c0 secure :-1 s=READY pgs=58 cs=0 l=1 rev1=1 crypto rx=0x7fbd1c00c010 tx=0x7fbd1c009250 comp rx=0 tx=0).ready entity=mon.0 client_cookie=0 server_cookie=0 in_seq=0 out_seq=0
2023-12-11T18:59:14.359 INFO:teuthology.orchestra.run.smithi061.stdout:/usr/bin/ceph: stderr
2023-12-11T18:59:13.731+0000 7fbd1affd700 1 -- 172.21.15.61:0/4189446522 <== mon.0 v2:172.21.15.61:3300/0 1 ==== mon_map magic: 0 v1 ==== 229+0+0 (secure 0 0 0) 0x7fbd1c010960 con 0x7fbd2c1022d0
2023-12-11T18:59:14.359 INFO:teuthology.orchestra.run.smithi061.stdout:/usr/bin/ceph: stderr
2023-12-11T18:59:13.731+0000 7fbd1affd700 1 -- 172.21.15.61:0/4189446522 <== mon.0 v2:172.21.15.61:3300/0 2 ==== config(26 keys) v1 ==== 1074+0+0 (secure 0 0 0) 0x7fbd1c01a430 con 0x7fbd2c1022d0
2023-12-11T18:59:14.359 INFO:teuthology.orchestra.run.smithi061.stdout:/usr/bin/ceph: stderr
2023-12-11T18:59:13.731+0000 7fbd30e5d700 1 -- 172.21.15.61:0/4189446522 --> [v2:172.21.15.61:3300/0,v1:172.21.15.61:6789/0] -- mon_subscribe({mgrmap=0+}) v3 -- 0x7fbd2c113b00 con 0x7fbd2c1022d0
2023-12-11T18:59:14.359 INFO:teuthology.orchestra.run.smithi061.stdout:/usr/bin/ceph: stderr
2023-12-11T18:59:13.731+0000 7fbd1affd700 1 -- 172.21.15.61:0/4189446522 <== mon.0 v2:172.21.15.61:3300/0 3 ==== mon_map magic: 0 v1 ==== 229+0+0 (secure 0 0 0) 0x7fbd1c019580 con 0x7fbd2c1022d0
2023-12-11T18:59:14.359 INFO:teuthology.orchestra.run.smithi061.stdout:/usr/bin/ceph: stderr
2023-12-11T18:59:13.731+0000 7fbd30e5d700 1 -- 172.21.15.61:0/4189446522 --> [v2:172.21.15.61:3300/0,v1:172.21.15.61:6789/0] -- mon_subscribe({osdmap=0}) v3 -- 0x7fbd2c113f10 con 0x7fbd2c1022d0
2023-12-11T18:59:14.359 INFO:teuthology.orchestra.run.smithi061.stdout:/usr/bin/ceph: stderr
2023-12-11T18:59:13.732+0000 7fbd30e5d700 1 -- 172.21.15.61:0/4189446522 --> [v2:172.21.15.61:3300/0,v1:172.21.15.61:6789/0] -- mon_command({"prefix": "get_command_descriptions"} v 0) v1 -- 0x7fbd2c04bb80 con 0x7fbd2c1022d0
2023-12-11T18:59:14.359 INFO:teuthology.orchestra.run.smithi061.stdout:/usr/bin/ceph: stderr
2023-12-11T18:59:13.732+0000 7fbd1affd700 1 -- 172.21.15.61:0/4189446522 <== mon.0 v2:172.21.15.61:3300/0 4 ==== mgrmap(e 8) v1 ==== 43281+0+0 (secure 0 0 0) 0x7fbd1c010ac0 con 0x7fbd2c1022d0
2023-12-11T18:59:14.359 INFO:teuthology.orchestra.run.smithi061.stdout:/usr/bin/ceph: stderr
2023-12-11T18:59:13.732+0000 7fbd1affd700 1 --2- 172.21.15.61:0/4189446522 >> [v2:172.21.15.61:6800/456026987,v1:172.21.15.61:6801/456026987] conn(0x7fbd14036640 0x7fbd14038af0 unknown :-1 s=NONE pgs=0 cs=0 l=1 rev1=0 crypto rx=0 tx=0 comp rx=0 tx=0).connect
2023-12-11T18:59:14.359 INFO:teuthology.orchestra.run.smithi061.stdout:/usr/bin/ceph: stderr
2023-12-11T18:59:13.733+0000 7fbd1affd700 1 -- 172.21.15.61:0/4189446522 <== mon.0 v2:172.21.15.61:3300/0 5 ==== osd_map(2..2 src has 1..2) v4 ==== 936+0+0 (secure 0 0 0) 0x7fbd1c04a440 con 0x7fbd2c1022d0
2023-12-11T18:59:14.359 INFO:teuthology.orchestra.run.smithi061.stdout:/usr/bin/ceph: stderr
2023-12-11T18:59:13.733+0000 7fbd29d9b700 1 --2- 172.21.15.61:0/4189446522 >> [v2:172.21.15.61:6800/456026987,v1:172.21.15.61:6801/456026987] conn(0x7fbd14036640 0x7fbd14038af0 unknown :-1 s=BANNER_CONNECTING pgs=0 cs=0 l=1 rev1=0 crypto rx=0 tx=0 comp rx=0 tx=0)._handle_peer_banner_payload supported=3 required=0
2023-12-11T18:59:14.359 INFO:teuthology.orchestra.run.smithi061.stdout:/usr/bin/ceph: stderr
2023-12-11T18:59:13.733+0000 7fbd29d9b700 1 --2- 172.21.15.61:0/4189446522 >> [v2:172.21.15.61:6800/456026987,v1:172.21.15.61:6801/456026987] conn(0x7fbd14036640 0x7fbd14038af0 secure :-1 s=READY pgs=17 cs=0 l=1 rev1=1 crypto rx=0x7fbd20009990 tx=0x7fbd20006e40 comp rx=0 tx=0).ready entity=mgr.14120 client_cookie=0 server_cookie=0 in_seq=0 out_seq=0
2023-12-11T18:59:14.359 INFO:teuthology.orchestra.run.smithi061.stdout:/usr/bin/ceph: stderr
2023-12-11T18:59:13.738+0000 7fbd1affd700 1 -- 172.21.15.61:0/4189446522 <== mon.0 v2:172.21.15.61:3300/0 6 ==== mon_command_ack([{"prefix": "get_command_descriptions"}]=0 v0) v1 ==== 72+0+174570 (secure 0 0 0) 0x7fbd1c0222f0 con 0x7fbd2c1022d0
2023-12-11T18:59:14.360 INFO:teuthology.orchestra.run.smithi061.stdout:/usr/bin/ceph: stderr
2023-12-11T18:59:13.957+0000 7fbd30e5d700 1 -- 172.21.15.61:0/4189446522 --> [v2:172.21.15.61:6800/456026987,v1:172.21.15.61:6801/456026987] -- mgr_command(tid 0: {"prefix": "orch apply", "service_type": "node-exporter", "target": ["mon-mgr", ""]}) v1 -- 0x7fbd2c0008d0 con 0x7fbd14036640
2023-12-11T18:59:14.360 INFO:teuthology.orchestra.run.smithi061.stdout:/usr/bin/ceph: stderr
2023-12-11T18:59:13.963+0000 7fbd1affd700 1 -- 172.21.15.61:0/4189446522 <== mgr.14120 v2:172.21.15.61:6800/456026987 1 ==== mgr_command_reply(tid 0: 0 ) v1 ==== 8+0+34 (secure 0 0 0) 0x7fbd2c0008d0 con 0x7fbd14036640
2023-12-11T18:59:14.360 INFO:teuthology.orchestra.run.smithi061.stdout:/usr/bin/ceph: stderr
2023-12-11T18:59:13.965+0000 7fbd30e5d700 1 -- 172.21.15.61:0/4189446522 >> [v2:172.21.15.61:6800/456026987,v1:172.21.15.61:6801/456026987] conn(0x7fbd14036640 msgr2=0x7fbd14038af0 secure :-1 s=STATE_CONNECTION_ESTABLISHED l=1).mark_down
2023-12-11T18:59:14.360 INFO:teuthology.orchestra.run.smithi061.stdout:/usr/bin/ceph: stderr
2023-12-11T18:59:13.965+0000 7fbd30e5d700 1 --2- 172.21.15.61:0/4189446522 >> [v2:172.21.15.61:6800/456026987,v1:172.21.15.61:6801/456026987] conn(0x7fbd14036640 0x7fbd14038af0 secure :-1 s=READY pgs=17 cs=0 l=1 rev1=1 crypto rx=0x7fbd20009990 tx=0x7fbd20006e40 comp rx=0 tx=0).stop
2023-12-11T18:59:14.360 INFO:teuthology.orchestra.run.smithi061.stdout:/usr/bin/ceph: stderr
2023-12-11T18:59:13.965+0000 7fbd30e5d700 1 -- 172.21.15.61:0/4189446522 >> [v2:172.21.15.61:3300/0,v1:172.21.15.61:6789/0] conn(0x7fbd2c1022d0 msgr2=0x7fbd2c1133c0 secure :-1 s=STATE_CONNECTION_ESTABLISHED l=1).mark_down
2023-12-11T18:59:14.360 INFO:teuthology.orchestra.run.smithi061.stdout:/usr/bin/ceph: stderr
2023-12-11T18:59:13.965+0000 7fbd30e5d700 1 --2- 172.21.15.61:0/4189446522 >> [v2:172.21.15.61:3300/0,v1:172.21.15.61:6789/0] conn(0x7fbd2c1022d0 0x7fbd2c1133c0 secure :-1 s=READY pgs=58 cs=0 l=1 rev1=1 crypto rx=0x7fbd1c00c010 tx=0x7fbd1c009250 comp rx=0 tx=0).stop
2023-12-11T18:59:14.361 INFO:journalctl@ceph.mon.smithi061.smithi061.stdout:Dec 11 18:59:14 smithi061 ceph-mon[135886]: from='client.14150 -' entity='client.admin' cmd=[{"prefix": "orch apply", "service_type": "grafana", "target": ["mon-mgr", ""]}]: dispatch
2023-12-11T18:59:14.361 INFO:journalctl@ceph.mon.smithi061.smithi061.stdout:Dec 11 18:59:14 smithi061 ceph-mon[135886]: Saving service grafana spec with placement count:1
2023-12-11T18:59:14.361 INFO:journalctl@ceph.mon.smithi061.smithi061.stdout:Dec 11 18:59:14 smithi061 ceph-mon[135886]: from='mgr.14120 172.21.15.61:0/1549368305' entity='mgr.smithi061.nwxzrp'
2023-12-11T18:59:14.361 INFO:journalctl@ceph.mon.smithi061.smithi061.stdout:Dec 11 18:59:14 smithi061 ceph-mon[135886]: from='mgr.14120 172.21.15.61:0/1549368305' entity='mgr.smithi061.nwxzrp'
2023-12-11T18:59:14.362 INFO:teuthology.orchestra.run.smithi061.stdout:/usr/bin/ceph: stderr
2023-12-11T18:59:13.965+0000 7fbd30e5d700 1 -- 172.21.15.61:0/4189446522 shutdown_connections
2023-12-11T18:59:14.362 INFO:teuthology.orchestra.run.smithi061.stdout:/usr/bin/ceph: stderr
2023-12-11T18:59:13.965+0000 7fbd30e5d700 1 --2- 172.21.15.61:0/4189446522 >> [v2:172.21.15.61:6800/456026987,v1:172.21.15.61:6801/456026987] conn(0x7fbd14036640 0x7fbd14038af0 unknown :-1 s=CLOSED pgs=17 cs=0 l=1 rev1=1 crypto rx=0 tx=0 comp rx=0 tx=0).stop
2023-12-11T18:59:14.363 INFO:teuthology.orchestra.run.smithi061.stdout:/usr/bin/ceph: stderr
2023-12-11T18:59:13.965+0000 7fbd30e5d700 1 --2- 172.21.15.61:0/4189446522 >> [v2:172.21.15.61:3300/0,v1:172.21.15.61:6789/0] conn(0x7fbd2c1022d0 0x7fbd2c1133c0 unknown :-1 s=CLOSED pgs=58 cs=0 l=1 rev1=1 crypto rx=0 tx=0 comp rx=0 tx=0).stop
2023-12-11T18:59:14.363 INFO:teuthology.orchestra.run.smithi061.stdout:/usr/bin/ceph: stderr
2023-12-11T18:59:13.965+0000 7fbd30e5d700 1 -- 172.21.15.61:0/4189446522 >> 172.21.15.61:0/4189446522 conn(0x7fbd2c0fda50 msgr2=0x7fbd2c0ffe50 unknown :-1 s=STATE_NONE l=0).mark_down
2023-12-11T18:59:14.363 INFO:teuthology.orchestra.run.smithi061.stdout:/usr/bin/ceph: stderr
2023-12-11T18:59:13.966+0000 7fbd30e5d700 1 -- 172.21.15.61:0/4189446522 shutdown_connections
2023-12-11T18:59:14.363 INFO:teuthology.orchestra.run.smithi061.stdout:/usr/bin/ceph: stderr
2023-12-11T18:59:13.966+0000 7fbd30e5d700 1 -- 172.21.15.61:0/4189446522 wait complete.
2023-12-11T18:59:14.363 INFO:teuthology.orchestra.run.smithi061.stdout:Deploying alertmanager service with default placement...
2023-12-11T18:59:15.502 INFO:journalctl@ceph.mon.smithi061.smithi061.stdout:Dec 11 18:59:15 smithi061 ceph-mon[135886]: from='client.14152 -' entity='client.admin' cmd=[{"prefix": "orch apply", "service_type": "node-exporter", "target": ["mon-mgr", ""]}]: dispatch
2023-12-11T18:59:15.502 INFO:journalctl@ceph.mon.smithi061.smithi061.stdout:Dec 11 18:59:15 smithi061 ceph-mon[135886]: Saving service node-exporter spec with placement *
2023-12-11T18:59:15.574 INFO:teuthology.orchestra.run.smithi061.stdout:/usr/bin/ceph: stdout Scheduled alertmanager update...
2023-12-11T18:59:15.574 INFO:teuthology.orchestra.run.smithi061.stdout:/usr/bin/ceph: stderr
2023-12-11T18:59:15.004+0000 7f378c3e3700 1 Processor -- start
2023-12-11T18:59:15.574 INFO:teuthology.orchestra.run.smithi061.stdout:/usr/bin/ceph: stderr
2023-12-11T18:59:15.004+0000 7f378c3e3700 1 -- start start
2023-12-11T18:59:15.574 INFO:teuthology.orchestra.run.smithi061.stdout:/usr/bin/ceph: stderr
2023-12-11T18:59:15.005+0000 7f378c3e3700 1 --2- >> [v2:172.21.15.61:3300/0,v1:172.21.15.61:6789/0] conn(0x7f3784077bd0 0x7f37840760e0 unknown :-1 s=NONE pgs=0 cs=0 l=0 rev1=0 crypto rx=0 tx=0 comp rx=0 tx=0).connect
2023-12-11T18:59:15.575 INFO:teuthology.orchestra.run.smithi061.stdout:/usr/bin/ceph: stderr
2023-12-11T18:59:15.005+0000 7f378c3e3700 1 -- --> [v2:172.21.15.61:3300/0,v1:172.21.15.61:6789/0] -- mon_getmap magic: 0 v1 -- 0x7f3784077fe0 con 0x7f3784077bd0
2023-12-11T18:59:15.575 INFO:teuthology.orchestra.run.smithi061.stdout:/usr/bin/ceph: stderr
2023-12-11T18:59:15.005+0000 7f378a17f700 1 --2- >> [v2:172.21.15.61:3300/0,v1:172.21.15.61:6789/0] conn(0x7f3784077bd0 0x7f37840760e0 unknown :-1 s=BANNER_CONNECTING pgs=0 cs=0 l=0 rev1=0 crypto rx=0 tx=0 comp rx=0 tx=0)._handle_peer_banner_payload supported=3 required=0
2023-12-11T18:59:15.575 INFO:teuthology.orchestra.run.smithi061.stdout:/usr/bin/ceph: stderr
2023-12-11T18:59:15.005+0000 7f378a17f700 1 --2- >> [v2:172.21.15.61:3300/0,v1:172.21.15.61:6789/0] conn(0x7f3784077bd0 0x7f37840760e0 unknown :-1 s=HELLO_CONNECTING pgs=0 cs=0 l=0 rev1=1 crypto rx=0 tx=0 comp rx=0 tx=0).handle_hello peer v2:172.21.15.61:3300/0 says I am v2:172.21.15.61:49794/0 (socket says 172.21.15.61:49794)
2023-12-11T18:59:15.575 INFO:teuthology.orchestra.run.smithi061.stdout:/usr/bin/ceph: stderr
2023-12-11T18:59:15.005+0000 7f378a17f700 1 -- 172.21.15.61:0/1864861192 learned_addr learned my addr 172.21.15.61:0/1864861192 (peer_addr_for_me v2:172.21.15.61:0/0)
2023-12-11T18:59:15.575 INFO:teuthology.orchestra.run.smithi061.stdout:/usr/bin/ceph: stderr
2023-12-11T18:59:15.005+0000 7f378a17f700 1 -- 172.21.15.61:0/1864861192 --> [v2:172.21.15.61:3300/0,v1:172.21.15.61:6789/0] -- mon_subscribe({config=0+,monmap=0+}) v3 -- 0x7f3784076620 con 0x7f3784077bd0
2023-12-11T18:59:15.575 INFO:teuthology.orchestra.run.smithi061.stdout:/usr/bin/ceph: stderr
2023-12-11T18:59:15.006+0000 7f378a17f700 1 --2- 172.21.15.61:0/1864861192 >> [v2:172.21.15.61:3300/0,v1:172.21.15.61:6789/0] conn(0x7f3784077bd0 0x7f37840760e0 secure :-1 s=READY pgs=59 cs=0 l=1 rev1=1 crypto rx=0x7f37800098e0 tx=0x7f3780009250 comp rx=0 tx=0).ready entity=mon.0 client_cookie=91b88dcb8fea8057 server_cookie=0 in_seq=0 out_seq=0
2023-12-11T18:59:15.575 INFO:teuthology.orchestra.run.smithi061.stdout:/usr/bin/ceph: stderr
2023-12-11T18:59:15.006+0000 7f378917d700 1 -- 172.21.15.61:0/1864861192 <== mon.0 v2:172.21.15.61:3300/0 1 ==== mon_map magic: 0 v1 ==== 229+0+0 (secure 0 0 0) 0x7f378000b860 con 0x7f3784077bd0
2023-12-11T18:59:15.575 INFO:teuthology.orchestra.run.smithi061.stdout:/usr/bin/ceph: stderr
2023-12-11T18:59:15.006+0000 7f378917d700 1 -- 172.21.15.61:0/1864861192 <== mon.0 v2:172.21.15.61:3300/0 2 ==== config(26 keys) v1 ==== 1074+0+0 (secure 0 0 0) 0x7f378000be70 con 0x7f3784077bd0
2023-12-11T18:59:15.575 INFO:teuthology.orchestra.run.smithi061.stdout:/usr/bin/ceph: stderr
2023-12-11T18:59:15.006+0000 7f378917d700 1 -- 172.21.15.61:0/1864861192 <== mon.0 v2:172.21.15.61:3300/0 3 ==== mon_map magic: 0 v1 ==== 229+0+0 (secure 0 0 0) 0x7f3780010380 con 0x7f3784077bd0
2023-12-11T18:59:15.575 INFO:teuthology.orchestra.run.smithi061.stdout:/usr/bin/ceph: stderr
2023-12-11T18:59:15.007+0000 7f378c3e3700 1 -- 172.21.15.61:0/1864861192 >> [v2:172.21.15.61:3300/0,v1:172.21.15.61:6789/0] conn(0x7f3784077bd0 msgr2=0x7f37840760e0 secure :-1 s=STATE_CONNECTION_ESTABLISHED l=1).mark_down
2023-12-11T18:59:15.575 INFO:teuthology.orchestra.run.smithi061.stdout:/usr/bin/ceph: stderr
2023-12-11T18:59:15.007+0000 7f378c3e3700 1 --2- 172.21.15.61:0/1864861192 >> [v2:172.21.15.61:3300/0,v1:172.21.15.61:6789/0] conn(0x7f3784077bd0 0x7f37840760e0 secure :-1 s=READY pgs=59 cs=0 l=1 rev1=1 crypto rx=0x7f37800098e0 tx=0x7f3780009250 comp rx=0 tx=0).stop
2023-12-11T18:59:15.575 INFO:teuthology.orchestra.run.smithi061.stdout:/usr/bin/ceph: stderr
2023-12-11T18:59:15.007+0000 7f378c3e3700 1 -- 172.21.15.61:0/1864861192 shutdown_connections
2023-12-11T18:59:15.576 INFO:teuthology.orchestra.run.smithi061.stdout:/usr/bin/ceph: stderr
2023-12-11T18:59:15.007+0000 7f378c3e3700 1 --2- 172.21.15.61:0/1864861192 >> [v2:172.21.15.61:3300/0,v1:172.21.15.61:6789/0] conn(0x7f3784077bd0 0x7f37840760e0 unknown :-1 s=CLOSED pgs=59 cs=0 l=1 rev1=1 crypto rx=0 tx=0 comp rx=0 tx=0).stop
2023-12-11T18:59:15.576 INFO:teuthology.orchestra.run.smithi061.stdout:/usr/bin/ceph: stderr
2023-12-11T18:59:15.007+0000 7f378c3e3700 1 -- 172.21.15.61:0/1864861192 >> 172.21.15.61:0/1864861192 conn(0x7f37840fda50 msgr2=0x7f37840ffe60 unknown :-1 s=STATE_NONE l=0).mark_down
2023-12-11T18:59:15.576 INFO:teuthology.orchestra.run.smithi061.stdout:/usr/bin/ceph: stderr
2023-12-11T18:59:15.007+0000 7f378c3e3700 1 -- 172.21.15.61:0/1864861192 shutdown_connections
2023-12-11T18:59:15.576 INFO:teuthology.orchestra.run.smithi061.stdout:/usr/bin/ceph: stderr
2023-12-11T18:59:15.007+0000 7f378c3e3700 1 -- 172.21.15.61:0/1864861192 wait complete.
2023-12-11T18:59:15.576 INFO:teuthology.orchestra.run.smithi061.stdout:/usr/bin/ceph: stderr
2023-12-11T18:59:15.008+0000 7f378c3e3700 1 Processor -- start
2023-12-11T18:59:15.576 INFO:teuthology.orchestra.run.smithi061.stdout:/usr/bin/ceph: stderr
2023-12-11T18:59:15.008+0000 7f378c3e3700 1 -- start start
2023-12-11T18:59:15.576 INFO:teuthology.orchestra.run.smithi061.stdout:/usr/bin/ceph: stderr
2023-12-11T18:59:15.008+0000 7f378c3e3700 1 --2- >> [v2:172.21.15.61:3300/0,v1:172.21.15.61:6789/0] conn(0x7f3784077bd0 0x7f37841133c0 unknown :-1 s=NONE pgs=0 cs=0 l=1 rev1=0 crypto rx=0 tx=0 comp rx=0 tx=0).connect
2023-12-11T18:59:15.576 INFO:teuthology.orchestra.run.smithi061.stdout:/usr/bin/ceph: stderr
2023-12-11T18:59:15.008+0000 7f378c3e3700 1 -- --> [v2:172.21.15.61:3300/0,v1:172.21.15.61:6789/0] -- mon_getmap magic: 0 v1 -- 0x7f3784113900 con 0x7f3784077bd0
2023-12-11T18:59:15.576 INFO:teuthology.orchestra.run.smithi061.stdout:/usr/bin/ceph: stderr
2023-12-11T18:59:15.008+0000 7f378a17f700 1 --2- >> [v2:172.21.15.61:3300/0,v1:172.21.15.61:6789/0] conn(0x7f3784077bd0 0x7f37841133c0 unknown :-1 s=BANNER_CONNECTING pgs=0 cs=0 l=1 rev1=0 crypto rx=0 tx=0 comp rx=0 tx=0)._handle_peer_banner_payload supported=3 required=0
2023-12-11T18:59:15.576 INFO:teuthology.orchestra.run.smithi061.stdout:/usr/bin/ceph: stderr
2023-12-11T18:59:15.008+0000 7f378a17f700 1 --2- >> [v2:172.21.15.61:3300/0,v1:172.21.15.61:6789/0] conn(0x7f3784077bd0 0x7f37841133c0 unknown :-1 s=HELLO_CONNECTING pgs=0 cs=0 l=1 rev1=1 crypto rx=0 tx=0 comp rx=0 tx=0).handle_hello peer v2:172.21.15.61:3300/0 says I am v2:172.21.15.61:49808/0 (socket says 172.21.15.61:49808)
2023-12-11T18:59:15.576 INFO:teuthology.orchestra.run.smithi061.stdout:/usr/bin/ceph: stderr
2023-12-11T18:59:15.008+0000 7f378a17f700 1 -- 172.21.15.61:0/684967996 learned_addr learned my addr 172.21.15.61:0/684967996 (peer_addr_for_me v2:172.21.15.61:0/0)
2023-12-11T18:59:15.576 INFO:teuthology.orchestra.run.smithi061.stdout:/usr/bin/ceph: stderr
2023-12-11T18:59:15.009+0000 7f378a17f700 1 -- 172.21.15.61:0/684967996 --> [v2:172.21.15.61:3300/0,v1:172.21.15.61:6789/0] -- mon_subscribe({config=0+,monmap=0+}) v3 -- 0x7f37800094f0 con 0x7f3784077bd0
2023-12-11T18:59:15.576 INFO:teuthology.orchestra.run.smithi061.stdout:/usr/bin/ceph: stderr
2023-12-11T18:59:15.009+0000 7f378a17f700 1 --2- 172.21.15.61:0/684967996 >> [v2:172.21.15.61:3300/0,v1:172.21.15.61:6789/0] conn(0x7f3784077bd0 0x7f37841133c0 secure :-1 s=READY pgs=60 cs=0 l=1 rev1=1 crypto rx=0x7f3780006d40 tx=0x7f3780009250 comp rx=0 tx=0).ready entity=mon.0 client_cookie=0 server_cookie=0 in_seq=0 out_seq=0
2023-12-11T18:59:15.576 INFO:teuthology.orchestra.run.smithi061.stdout:/usr/bin/ceph: stderr
2023-12-11T18:59:15.009+0000 7f377affd700 1 -- 172.21.15.61:0/684967996 <== mon.0 v2:172.21.15.61:3300/0 1 ==== mon_map magic: 0 v1 ==== 229+0+0 (secure 0 0 0) 0x7f3780010960 con 0x7f3784077bd0
2023-12-11T18:59:15.577 INFO:teuthology.orchestra.run.smithi061.stdout:/usr/bin/ceph: stderr
2023-12-11T18:59:15.009+0000 7f377affd700 1 -- 172.21.15.61:0/684967996 <== mon.0 v2:172.21.15.61:3300/0 2 ==== config(26 keys) v1 ==== 1074+0+0 (secure 0 0 0) 0x7f378001a430 con 0x7f3784077bd0
2023-12-11T18:59:15.577 INFO:teuthology.orchestra.run.smithi061.stdout:/usr/bin/ceph: stderr
2023-12-11T18:59:15.009+0000 7f377affd700 1 -- 172.21.15.61:0/684967996 <== mon.0 v2:172.21.15.61:3300/0 3 ==== mon_map magic: 0 v1 ==== 229+0+0 (secure 0 0 0) 0x7f37800245b0 con 0x7f3784077bd0
2023-12-11T18:59:15.577 INFO:teuthology.orchestra.run.smithi061.stdout:/usr/bin/ceph: stderr
2023-12-11T18:59:15.009+0000 7f378c3e3700 1 -- 172.21.15.61:0/684967996 --> [v2:172.21.15.61:3300/0,v1:172.21.15.61:6789/0] -- mon_subscribe({mgrmap=0+}) v3 -- 0x7f3784113b00 con 0x7f3784077bd0
2023-12-11T18:59:15.577 INFO:teuthology.orchestra.run.smithi061.stdout:/usr/bin/ceph: stderr
2023-12-11T18:59:15.009+0000 7f378c3e3700 1 -- 172.21.15.61:0/684967996 --> [v2:172.21.15.61:3300/0,v1:172.21.15.61:6789/0] -- mon_subscribe({osdmap=0}) v3 -- 0x7f3784113f10 con 0x7f3784077bd0
2023-12-11T18:59:15.577 INFO:teuthology.orchestra.run.smithi061.stdout:/usr/bin/ceph: stderr
2023-12-11T18:59:15.010+0000 7f377affd700 1 -- 172.21.15.61:0/684967996 <== mon.0 v2:172.21.15.61:3300/0 4 ==== mgrmap(e 8) v1 ==== 43281+0+0 (secure 0 0 0) 0x7f378001a9f0 con 0x7f3784077bd0
2023-12-11T18:59:15.577 INFO:teuthology.orchestra.run.smithi061.stdout:/usr/bin/ceph: stderr
2023-12-11T18:59:15.010+0000 7f378c3e3700 1 -- 172.21.15.61:0/684967996 --> [v2:172.21.15.61:3300/0,v1:172.21.15.61:6789/0] -- mon_command({"prefix": "get_command_descriptions"} v 0) v1 -- 0x7f378404bb80 con 0x7f3784077bd0
2023-12-11T18:59:15.577 INFO:teuthology.orchestra.run.smithi061.stdout:/usr/bin/ceph: stderr
2023-12-11T18:59:15.011+0000 7f377affd700 1 --2- 172.21.15.61:0/684967996 >> [v2:172.21.15.61:6800/456026987,v1:172.21.15.61:6801/456026987] conn(0x7f37700365f0 0x7f3770038aa0 unknown :-1 s=NONE pgs=0 cs=0 l=1 rev1=0 crypto rx=0 tx=0 comp rx=0 tx=0).connect
2023-12-11T18:59:15.577 INFO:teuthology.orchestra.run.smithi061.stdout:/usr/bin/ceph: stderr
2023-12-11T18:59:15.011+0000 7f377affd700 1 -- 172.21.15.61:0/684967996 <== mon.0 v2:172.21.15.61:3300/0 5 ==== osd_map(2..2 src has 1..2) v4 ==== 936+0+0 (secure 0 0 0) 0x7f378004a220 con 0x7f3784077bd0
2023-12-11T18:59:15.577 INFO:teuthology.orchestra.run.smithi061.stdout:/usr/bin/ceph: stderr
2023-12-11T18:59:15.011+0000 7f378997e700 1 --2- 172.21.15.61:0/684967996 >> [v2:172.21.15.61:6800/456026987,v1:172.21.15.61:6801/456026987] conn(0x7f37700365f0 0x7f3770038aa0 unknown :-1 s=BANNER_CONNECTING pgs=0 cs=0 l=1 rev1=0 crypto rx=0 tx=0 comp rx=0 tx=0)._handle_peer_banner_payload supported=3 required=0
2023-12-11T18:59:15.577 INFO:teuthology.orchestra.run.smithi061.stdout:/usr/bin/ceph: stderr
2023-12-11T18:59:15.012+0000 7f378997e700 1 --2- 172.21.15.61:0/684967996 >> [v2:172.21.15.61:6800/456026987,v1:172.21.15.61:6801/456026987] conn(0x7f37700365f0 0x7f3770038aa0 secure :-1 s=READY pgs=18 cs=0 l=1 rev1=1 crypto rx=0x7f3774009990 tx=0x7f3774006e40 comp rx=0 tx=0).ready entity=mgr.14120 client_cookie=0 server_cookie=0 in_seq=0 out_seq=0
2023-12-11T18:59:15.577 INFO:teuthology.orchestra.run.smithi061.stdout:/usr/bin/ceph: stderr
2023-12-11T18:59:15.016+0000 7f377affd700 1 -- 172.21.15.61:0/684967996 <== mon.0 v2:172.21.15.61:3300/0 6 ==== mon_command_ack([{"prefix": "get_command_descriptions"}]=0 v0) v1 ==== 72+0+174570 (secure 0 0 0) 0x7f378002b8e0 con 0x7f3784077bd0
2023-12-11T18:59:15.577 INFO:teuthology.orchestra.run.smithi061.stdout:/usr/bin/ceph: stderr
2023-12-11T18:59:15.234+0000 7f378c3e3700 1 -- 172.21.15.61:0/684967996 --> [v2:172.21.15.61:6800/456026987,v1:172.21.15.61:6801/456026987] -- mgr_command(tid 0: {"prefix": "orch apply", "service_type": "alertmanager", "target": ["mon-mgr", ""]}) v1 -- 0x7f378410d1f0 con 0x7f37700365f0
2023-12-11T18:59:15.577 INFO:teuthology.orchestra.run.smithi061.stdout:/usr/bin/ceph: stderr
2023-12-11T18:59:15.241+0000 7f377affd700 1 -- 172.21.15.61:0/684967996 <== mgr.14120 v2:172.21.15.61:6800/456026987 1 ==== mgr_command_reply(tid 0: 0 ) v1 ==== 8+0+33 (secure 0 0 0) 0x7f378410d1f0 con 0x7f37700365f0
2023-12-11T18:59:15.577 INFO:teuthology.orchestra.run.smithi061.stdout:/usr/bin/ceph: stderr
2023-12-11T18:59:15.243+0000 7f378c3e3700 1 -- 172.21.15.61:0/684967996 >> [v2:172.21.15.61:6800/456026987,v1:172.21.15.61:6801/456026987] conn(0x7f37700365f0 msgr2=0x7f3770038aa0 secure :-1 s=STATE_CONNECTION_ESTABLISHED l=1).mark_down
2023-12-11T18:59:15.578 INFO:teuthology.orchestra.run.smithi061.stdout:/usr/bin/ceph: stderr
2023-12-11T18:59:15.243+0000 7f378c3e3700 1 --2- 172.21.15.61:0/684967996 >> [v2:172.21.15.61:6800/456026987,v1:172.21.15.61:6801/456026987] conn(0x7f37700365f0 0x7f3770038aa0 secure :-1 s=READY pgs=18 cs=0 l=1 rev1=1 crypto rx=0x7f3774009990 tx=0x7f3774006e40 comp rx=0 tx=0).stop
2023-12-11T18:59:15.578 INFO:teuthology.orchestra.run.smithi061.stdout:/usr/bin/ceph: stderr
2023-12-11T18:59:15.243+0000 7f378c3e3700 1 -- 172.21.15.61:0/684967996 >> [v2:172.21.15.61:3300/0,v1:172.21.15.61:6789/0] conn(0x7f3784077bd0 msgr2=0x7f37841133c0 secure :-1 s=STATE_CONNECTION_ESTABLISHED l=1).mark_down
2023-12-11T18:59:15.578 INFO:teuthology.orchestra.run.smithi061.stdout:/usr/bin/ceph: stderr
2023-12-11T18:59:15.243+0000 7f378c3e3700 1 --2- 172.21.15.61:0/684967996 >> [v2:172.21.15.61:3300/0,v1:172.21.15.61:6789/0] conn(0x7f3784077bd0 0x7f37841133c0 secure :-1 s=READY pgs=60 cs=0 l=1 rev1=1 crypto rx=0x7f3780006d40 tx=0x7f3780009250 comp rx=0 tx=0).stop
2023-12-11T18:59:15.578 INFO:teuthology.orchestra.run.smithi061.stdout:/usr/bin/ceph: stderr
2023-12-11T18:59:15.243+0000 7f378c3e3700 1 -- 172.21.15.61:0/684967996 shutdown_connections
2023-12-11T18:59:15.578 INFO:teuthology.orchestra.run.smithi061.stdout:/usr/bin/ceph: stderr
2023-12-11T18:59:15.243+0000 7f378c3e3700 1 --2- 172.21.15.61:0/684967996 >> [v2:172.21.15.61:6800/456026987,v1:172.21.15.61:6801/456026987] conn(0x7f37700365f0 0x7f3770038aa0 unknown :-1 s=CLOSED pgs=18 cs=0 l=1 rev1=1 crypto rx=0 tx=0 comp rx=0 tx=0).stop
2023-12-11T18:59:15.578 INFO:teuthology.orchestra.run.smithi061.stdout:/usr/bin/ceph: stderr
2023-12-11T18:59:15.243+0000 7f378c3e3700 1 --2- 172.21.15.61:0/684967996 >> [v2:172.21.15.61:3300/0,v1:172.21.15.61:6789/0] conn(0x7f3784077bd0 0x7f37841133c0 unknown :-1 s=CLOSED pgs=60 cs=0 l=1 rev1=1 crypto rx=0 tx=0 comp rx=0 tx=0).stop
2023-12-11T18:59:15.578 INFO:teuthology.orchestra.run.smithi061.stdout:/usr/bin/ceph: stderr
2023-12-11T18:59:15.243+0000 7f378c3e3700 1 -- 172.21.15.61:0/684967996 >> 172.21.15.61:0/684967996 conn(0x7f37840fda50 msgr2=0x7f37840ff250 unknown :-1 s=STATE_NONE l=0).mark_down
2023-12-11T18:59:15.578 INFO:teuthology.orchestra.run.smithi061.stdout:/usr/bin/ceph: stderr
2023-12-11T18:59:15.244+0000 7f378c3e3700 1 -- 172.21.15.61:0/684967996 shutdown_connections
2023-12-11T18:59:15.578 INFO:teuthology.orchestra.run.smithi061.stdout:/usr/bin/ceph: stderr
2023-12-11T18:59:15.244+0000 7f378c3e3700 1 -- 172.21.15.61:0/684967996 wait complete.
2023-12-11T18:59:16.518 INFO:teuthology.orchestra.run.smithi061.stdout:/usr/bin/ceph: stderr
2023-12-11T18:59:15.973+0000 7f31493b3700 1 Processor -- start
2023-12-11T18:59:16.518 INFO:teuthology.orchestra.run.smithi061.stdout:/usr/bin/ceph: stderr
2023-12-11T18:59:15.973+0000 7f31493b3700 1 -- start start
2023-12-11T18:59:16.518 INFO:teuthology.orchestra.run.smithi061.stdout:/usr/bin/ceph: stderr
2023-12-11T18:59:15.973+0000 7f31493b3700 1 --2- >> [v2:172.21.15.61:3300/0,v1:172.21.15.61:6789/0] conn(0x7f31441022d0 0x7f31441026e0 unknown :-1 s=NONE pgs=0 cs=0 l=0 rev1=0 crypto rx=0 tx=0 comp rx=0 tx=0).connect
2023-12-11T18:59:16.518 INFO:teuthology.orchestra.run.smithi061.stdout:/usr/bin/ceph: stderr
2023-12-11T18:59:15.973+0000 7f31493b3700 1 -- --> [v2:172.21.15.61:3300/0,v1:172.21.15.61:6789/0] -- mon_getmap magic: 0 v1 -- 0x7f3144102c20 con 0x7f31441022d0
2023-12-11T18:59:16.518 INFO:teuthology.orchestra.run.smithi061.stdout:/usr/bin/ceph: stderr
