2023-12-11T18:59:18.964+0000 7faf0e58f700 1 -- 172.21.15.61:0/2250778764 learned_addr learned my addr 172.21.15.61:0/2250778764 (peer_addr_for_me v2:172.21.15.61:0/0)
2023-12-11T18:59:19.618 INFO:teuthology.orchestra.run.smithi061.stdout:/usr/bin/ceph: stderr
2023-12-11T18:59:18.965+0000 7faf0e58f700 1 -- 172.21.15.61:0/2250778764 --> [v2:172.21.15.61:3300/0,v1:172.21.15.61:6789/0] -- mon_subscribe({config=0+,monmap=0+}) v3 -- 0x7faf08076620 con 0x7faf08077bd0
2023-12-11T18:59:19.618 INFO:teuthology.orchestra.run.smithi061.stdout:/usr/bin/ceph: stderr
2023-12-11T18:59:18.965+0000 7faf0e58f700 1 --2- 172.21.15.61:0/2250778764 >> [v2:172.21.15.61:3300/0,v1:172.21.15.61:6789/0] conn(0x7faf08077bd0 0x7faf080760e0 secure :-1 s=READY pgs=69 cs=0 l=1 rev1=1 crypto rx=0x7faf040098e0 tx=0x7faf04009250 comp rx=0 tx=0).ready entity=mon.0 client_cookie=2a5e4f9781fe370d server_cookie=0 in_seq=0 out_seq=0
2023-12-11T18:59:19.618 INFO:teuthology.orchestra.run.smithi061.stdout:/usr/bin/ceph: stderr
2023-12-11T18:59:18.965+0000 7faf0d58d700 1 -- 172.21.15.61:0/2250778764 <== mon.0 v2:172.21.15.61:3300/0 1 ==== mon_map magic: 0 v1 ==== 229+0+0 (secure 0 0 0) 0x7faf0400b860 con 0x7faf08077bd0
2023-12-11T18:59:19.618 INFO:teuthology.orchestra.run.smithi061.stdout:/usr/bin/ceph: stderr
2023-12-11T18:59:18.965+0000 7faf0d58d700 1 -- 172.21.15.61:0/2250778764 <== mon.0 v2:172.21.15.61:3300/0 2 ==== config(26 keys) v1 ==== 1074+0+0 (secure 0 0 0) 0x7faf0400be70 con 0x7faf08077bd0
2023-12-11T18:59:19.618 INFO:teuthology.orchestra.run.smithi061.stdout:/usr/bin/ceph: stderr
2023-12-11T18:59:18.965+0000 7faf0d58d700 1 -- 172.21.15.61:0/2250778764 <== mon.0 v2:172.21.15.61:3300/0 3 ==== mon_map magic: 0 v1 ==== 229+0+0 (secure 0 0 0) 0x7faf04010380 con 0x7faf08077bd0
2023-12-11T18:59:19.618 INFO:teuthology.orchestra.run.smithi061.stdout:/usr/bin/ceph: stderr
2023-12-11T18:59:18.966+0000 7faf107f3700 1 -- 172.21.15.61:0/2250778764 >> [v2:172.21.15.61:3300/0,v1:172.21.15.61:6789/0] conn(0x7faf08077bd0 msgr2=0x7faf080760e0 secure :-1 s=STATE_CONNECTION_ESTABLISHED l=1).mark_down
2023-12-11T18:59:19.618 INFO:teuthology.orchestra.run.smithi061.stdout:/usr/bin/ceph: stderr
2023-12-11T18:59:18.966+0000 7faf107f3700 1 --2- 172.21.15.61:0/2250778764 >> [v2:172.21.15.61:3300/0,v1:172.21.15.61:6789/0] conn(0x7faf08077bd0 0x7faf080760e0 secure :-1 s=READY pgs=69 cs=0 l=1 rev1=1 crypto rx=0x7faf040098e0 tx=0x7faf04009250 comp rx=0 tx=0).stop
2023-12-11T18:59:19.619 INFO:teuthology.orchestra.run.smithi061.stdout:/usr/bin/ceph: stderr
2023-12-11T18:59:18.966+0000 7faf107f3700 1 -- 172.21.15.61:0/2250778764 shutdown_connections
2023-12-11T18:59:19.619 INFO:teuthology.orchestra.run.smithi061.stdout:/usr/bin/ceph: stderr
2023-12-11T18:59:18.966+0000 7faf107f3700 1 --2- 172.21.15.61:0/2250778764 >> [v2:172.21.15.61:3300/0,v1:172.21.15.61:6789/0] conn(0x7faf08077bd0 0x7faf080760e0 unknown :-1 s=CLOSED pgs=69 cs=0 l=1 rev1=1 crypto rx=0 tx=0 comp rx=0 tx=0).stop
2023-12-11T18:59:19.619 INFO:teuthology.orchestra.run.smithi061.stdout:/usr/bin/ceph: stderr
2023-12-11T18:59:18.966+0000 7faf107f3700 1 -- 172.21.15.61:0/2250778764 >> 172.21.15.61:0/2250778764 conn(0x7faf080fda50 msgr2=0x7faf080ffe60 unknown :-1 s=STATE_NONE l=0).mark_down
2023-12-11T18:59:19.619 INFO:teuthology.orchestra.run.smithi061.stdout:/usr/bin/ceph: stderr
2023-12-11T18:59:18.966+0000 7faf107f3700 1 -- 172.21.15.61:0/2250778764 shutdown_connections
2023-12-11T18:59:19.619 INFO:teuthology.orchestra.run.smithi061.stdout:/usr/bin/ceph: stderr
2023-12-11T18:59:18.966+0000 7faf107f3700 1 -- 172.21.15.61:0/2250778764 wait complete.
2023-12-11T18:59:19.619 INFO:teuthology.orchestra.run.smithi061.stdout:/usr/bin/ceph: stderr
2023-12-11T18:59:18.967+0000 7faf107f3700 1 Processor -- start
2023-12-11T18:59:19.619 INFO:teuthology.orchestra.run.smithi061.stdout:/usr/bin/ceph: stderr
2023-12-11T18:59:18.967+0000 7faf107f3700 1 -- start start
2023-12-11T18:59:19.619 INFO:teuthology.orchestra.run.smithi061.stdout:/usr/bin/ceph: stderr
2023-12-11T18:59:18.967+0000 7faf107f3700 1 --2- >> [v2:172.21.15.61:3300/0,v1:172.21.15.61:6789/0] conn(0x7faf08077bd0 0x7faf081133c0 unknown :-1 s=NONE pgs=0 cs=0 l=1 rev1=0 crypto rx=0 tx=0 comp rx=0 tx=0).connect
2023-12-11T18:59:19.619 INFO:teuthology.orchestra.run.smithi061.stdout:/usr/bin/ceph: stderr
2023-12-11T18:59:18.967+0000 7faf107f3700 1 -- --> [v2:172.21.15.61:3300/0,v1:172.21.15.61:6789/0] -- mon_getmap magic: 0 v1 -- 0x7faf08113900 con 0x7faf08077bd0
2023-12-11T18:59:19.619 INFO:teuthology.orchestra.run.smithi061.stdout:/usr/bin/ceph: stderr
2023-12-11T18:59:18.968+0000 7faf0e58f700 1 --2- >> [v2:172.21.15.61:3300/0,v1:172.21.15.61:6789/0] conn(0x7faf08077bd0 0x7faf081133c0 unknown :-1 s=BANNER_CONNECTING pgs=0 cs=0 l=1 rev1=0 crypto rx=0 tx=0 comp rx=0 tx=0)._handle_peer_banner_payload supported=3 required=0
2023-12-11T18:59:19.619 INFO:teuthology.orchestra.run.smithi061.stdout:/usr/bin/ceph: stderr
2023-12-11T18:59:18.968+0000 7faf0e58f700 1 --2- >> [v2:172.21.15.61:3300/0,v1:172.21.15.61:6789/0] conn(0x7faf08077bd0 0x7faf081133c0 unknown :-1 s=HELLO_CONNECTING pgs=0 cs=0 l=1 rev1=1 crypto rx=0 tx=0 comp rx=0 tx=0).handle_hello peer v2:172.21.15.61:3300/0 says I am v2:172.21.15.61:59076/0 (socket says 172.21.15.61:59076)
2023-12-11T18:59:19.619 INFO:teuthology.orchestra.run.smithi061.stdout:/usr/bin/ceph: stderr
2023-12-11T18:59:18.968+0000 7faf0e58f700 1 -- 172.21.15.61:0/1874154937 learned_addr learned my addr 172.21.15.61:0/1874154937 (peer_addr_for_me v2:172.21.15.61:0/0)
2023-12-11T18:59:19.619 INFO:teuthology.orchestra.run.smithi061.stdout:/usr/bin/ceph: stderr
2023-12-11T18:59:18.968+0000 7faf0e58f700 1 -- 172.21.15.61:0/1874154937 --> [v2:172.21.15.61:3300/0,v1:172.21.15.61:6789/0] -- mon_subscribe({config=0+,monmap=0+}) v3 -- 0x7faf040094f0 con 0x7faf08077bd0
2023-12-11T18:59:19.619 INFO:teuthology.orchestra.run.smithi061.stdout:/usr/bin/ceph: stderr
2023-12-11T18:59:18.968+0000 7faf0e58f700 1 --2- 172.21.15.61:0/1874154937 >> [v2:172.21.15.61:3300/0,v1:172.21.15.61:6789/0] conn(0x7faf08077bd0 0x7faf081133c0 secure :-1 s=READY pgs=70 cs=0 l=1 rev1=1 crypto rx=0x7faf04006d40 tx=0x7faf04009250 comp rx=0 tx=0).ready entity=mon.0 client_cookie=0 server_cookie=0 in_seq=0 out_seq=0
2023-12-11T18:59:19.620 INFO:teuthology.orchestra.run.smithi061.stdout:/usr/bin/ceph: stderr
2023-12-11T18:59:18.969+0000 7faefeffd700 1 -- 172.21.15.61:0/1874154937 <== mon.0 v2:172.21.15.61:3300/0 1 ==== mon_map magic: 0 v1 ==== 229+0+0 (secure 0 0 0) 0x7faf04010960 con 0x7faf08077bd0
2023-12-11T18:59:19.620 INFO:teuthology.orchestra.run.smithi061.stdout:/usr/bin/ceph: stderr
2023-12-11T18:59:18.969+0000 7faefeffd700 1 -- 172.21.15.61:0/1874154937 <== mon.0 v2:172.21.15.61:3300/0 2 ==== config(26 keys) v1 ==== 1074+0+0 (secure 0 0 0) 0x7faf0401a430 con 0x7faf08077bd0
2023-12-11T18:59:19.620 INFO:teuthology.orchestra.run.smithi061.stdout:/usr/bin/ceph: stderr
2023-12-11T18:59:18.969+0000 7faf107f3700 1 -- 172.21.15.61:0/1874154937 --> [v2:172.21.15.61:3300/0,v1:172.21.15.61:6789/0] -- mon_subscribe({mgrmap=0+}) v3 -- 0x7faf08113b00 con 0x7faf08077bd0
2023-12-11T18:59:19.620 INFO:teuthology.orchestra.run.smithi061.stdout:/usr/bin/ceph: stderr
2023-12-11T18:59:18.969+0000 7faefeffd700 1 -- 172.21.15.61:0/1874154937 <== mon.0 v2:172.21.15.61:3300/0 3 ==== mon_map magic: 0 v1 ==== 229+0+0 (secure 0 0 0) 0x7faf040245b0 con 0x7faf08077bd0
2023-12-11T18:59:19.620 INFO:teuthology.orchestra.run.smithi061.stdout:/usr/bin/ceph: stderr
2023-12-11T18:59:18.969+0000 7faf107f3700 1 -- 172.21.15.61:0/1874154937 --> [v2:172.21.15.61:3300/0,v1:172.21.15.61:6789/0] -- mon_subscribe({osdmap=0}) v3 -- 0x7faf08113f10 con 0x7faf08077bd0
2023-12-11T18:59:19.620 INFO:teuthology.orchestra.run.smithi061.stdout:/usr/bin/ceph: stderr
2023-12-11T18:59:18.970+0000 7faefeffd700 1 -- 172.21.15.61:0/1874154937 <== mon.0 v2:172.21.15.61:3300/0 4 ==== mgrmap(e 9) v1 ==== 43294+0+0 (secure 0 0 0) 0x7faf0401a9f0 con 0x7faf08077bd0
2023-12-11T18:59:19.620 INFO:teuthology.orchestra.run.smithi061.stdout:/usr/bin/ceph: stderr
2023-12-11T18:59:18.970+0000 7faf107f3700 1 -- 172.21.15.61:0/1874154937 --> [v2:172.21.15.61:3300/0,v1:172.21.15.61:6789/0] -- mon_command({"prefix": "get_command_descriptions"} v 0) v1 -- 0x7faf0804bb80 con 0x7faf08077bd0
2023-12-11T18:59:19.620 INFO:teuthology.orchestra.run.smithi061.stdout:/usr/bin/ceph: stderr
2023-12-11T18:59:18.970+0000 7faefeffd700 1 --2- 172.21.15.61:0/1874154937 >> [v2:172.21.15.61:6800/456026987,v1:172.21.15.61:6801/456026987] conn(0x7faef4036640 0x7faef4038af0 unknown :-1 s=NONE pgs=0 cs=0 l=1 rev1=0 crypto rx=0 tx=0 comp rx=0 tx=0).connect
2023-12-11T18:59:19.620 INFO:teuthology.orchestra.run.smithi061.stdout:/usr/bin/ceph: stderr
2023-12-11T18:59:18.970+0000 7faefeffd700 1 -- 172.21.15.61:0/1874154937 <== mon.0 v2:172.21.15.61:3300/0 5 ==== osd_map(2..2 src has 1..2) v4 ==== 936+0+0 (secure 0 0 0) 0x7faf0404a260 con 0x7faf08077bd0
2023-12-11T18:59:19.620 INFO:teuthology.orchestra.run.smithi061.stdout:/usr/bin/ceph: stderr
2023-12-11T18:59:18.970+0000 7faf0dd8e700 1 -- 172.21.15.61:0/1874154937 >> [v2:172.21.15.61:6800/456026987,v1:172.21.15.61:6801/456026987] conn(0x7faef4036640 msgr2=0x7faef4038af0 unknown :-1 s=STATE_CONNECTING_RE l=1).process reconnect failed to v2:172.21.15.61:6800/456026987
2023-12-11T18:59:19.620 INFO:teuthology.orchestra.run.smithi061.stdout:/usr/bin/ceph: stderr
2023-12-11T18:59:18.971+0000 7faf0dd8e700 1 --2- 172.21.15.61:0/1874154937 >> [v2:172.21.15.61:6800/456026987,v1:172.21.15.61:6801/456026987] conn(0x7faef4036640 0x7faef4038af0 unknown :-1 s=START_CONNECT pgs=0 cs=0 l=1 rev1=0 crypto rx=0 tx=0 comp rx=0 tx=0)._fault waiting 0.200000
2023-12-11T18:59:19.620 INFO:teuthology.orchestra.run.smithi061.stdout:/usr/bin/ceph: stderr
2023-12-11T18:59:18.979+0000 7faefeffd700 1 -- 172.21.15.61:0/1874154937 <== mon.0 v2:172.21.15.61:3300/0 6 ==== mon_command_ack([{"prefix": "get_command_descriptions"}]=0 v0) v1 ==== 72+0+174570 (secure 0 0 0) 0x7faf0402b8e0 con 0x7faf08077bd0
2023-12-11T18:59:19.620 INFO:teuthology.orchestra.run.smithi061.stdout:/usr/bin/ceph: stderr
2023-12-11T18:59:19.172+0000 7faf0dd8e700 1 -- 172.21.15.61:0/1874154937 >> [v2:172.21.15.61:6800/456026987,v1:172.21.15.61:6801/456026987] conn(0x7faef4036640 msgr2=0x7faef4038af0 unknown :-1 s=STATE_CONNECTING_RE l=1).process reconnect failed to v2:172.21.15.61:6800/456026987
2023-12-11T18:59:19.620 INFO:teuthology.orchestra.run.smithi061.stdout:/usr/bin/ceph: stderr
2023-12-11T18:59:19.172+0000 7faf0dd8e700 1 --2- 172.21.15.61:0/1874154937 >> [v2:172.21.15.61:6800/456026987,v1:172.21.15.61:6801/456026987] conn(0x7faef4036640 0x7faef4038af0 unknown :-1 s=START_CONNECT pgs=0 cs=0 l=1 rev1=0 crypto rx=0 tx=0 comp rx=0 tx=0)._fault waiting 0.400000
2023-12-11T18:59:19.620 INFO:teuthology.orchestra.run.smithi061.stdout:/usr/bin/ceph: stderr
2023-12-11T18:59:19.239+0000 7faf107f3700 1 -- 172.21.15.61:0/1874154937 --> [v2:172.21.15.61:3300/0,v1:172.21.15.61:6789/0] -- mon_command({"prefix": "mgr stat"} v 0) v1 -- 0x7faf0810d180 con 0x7faf08077bd0
2023-12-11T18:59:19.621 INFO:teuthology.orchestra.run.smithi061.stdout:/usr/bin/ceph: stderr
2023-12-11T18:59:19.239+0000 7faefeffd700 1 -- 172.21.15.61:0/1874154937 <== mon.0 v2:172.21.15.61:3300/0 7 ==== mon_command_ack([{"prefix": "mgr stat"}]=0 v9) v1 ==== 56+0+103 (secure 0 0 0) 0x7faf0402b2f0 con 0x7faf08077bd0
2023-12-11T18:59:19.621 INFO:teuthology.orchestra.run.smithi061.stdout:/usr/bin/ceph: stderr
2023-12-11T18:59:19.242+0000 7faf107f3700 1 -- 172.21.15.61:0/1874154937 >> [v2:172.21.15.61:6800/456026987,v1:172.21.15.61:6801/456026987] conn(0x7faef4036640 msgr2=0x7faef4038af0 unknown :-1 s=STATE_CONNECTING l=1).mark_down
2023-12-11T18:59:19.621 INFO:teuthology.orchestra.run.smithi061.stdout:/usr/bin/ceph: stderr
2023-12-11T18:59:19.242+0000 7faf107f3700 1 --2- 172.21.15.61:0/1874154937 >> [v2:172.21.15.61:6800/456026987,v1:172.21.15.61:6801/456026987] conn(0x7faef4036640 0x7faef4038af0 unknown :-1 s=START_CONNECT pgs=0 cs=0 l=1 rev1=0 crypto rx=0 tx=0 comp rx=0 tx=0).stop
2023-12-11T18:59:19.621 INFO:teuthology.orchestra.run.smithi061.stdout:/usr/bin/ceph: stderr
2023-12-11T18:59:19.242+0000 7faf107f3700 1 -- 172.21.15.61:0/1874154937 >> [v2:172.21.15.61:3300/0,v1:172.21.15.61:6789/0] conn(0x7faf08077bd0 msgr2=0x7faf081133c0 secure :-1 s=STATE_CONNECTION_ESTABLISHED l=1).mark_down
2023-12-11T18:59:19.621 INFO:teuthology.orchestra.run.smithi061.stdout:/usr/bin/ceph: stderr
2023-12-11T18:59:19.242+0000 7faf107f3700 1 --2- 172.21.15.61:0/1874154937 >> [v2:172.21.15.61:3300/0,v1:172.21.15.61:6789/0] conn(0x7faf08077bd0 0x7faf081133c0 secure :-1 s=READY pgs=70 cs=0 l=1 rev1=1 crypto rx=0x7faf04006d40 tx=0x7faf04009250 comp rx=0 tx=0).stop
2023-12-11T18:59:19.621 INFO:teuthology.orchestra.run.smithi061.stdout:/usr/bin/ceph: stderr
2023-12-11T18:59:19.242+0000 7faf107f3700 1 -- 172.21.15.61:0/1874154937 shutdown_connections
2023-12-11T18:59:19.621 INFO:teuthology.orchestra.run.smithi061.stdout:/usr/bin/ceph: stderr
2023-12-11T18:59:19.242+0000 7faf107f3700 1 --2- 172.21.15.61:0/1874154937 >> [v2:172.21.15.61:6800/456026987,v1:172.21.15.61:6801/456026987] conn(0x7faef4036640 0x7faef4038af0 unknown :-1 s=CLOSED pgs=0 cs=0 l=1 rev1=0 crypto rx=0 tx=0 comp rx=0 tx=0).stop
2023-12-11T18:59:19.621 INFO:teuthology.orchestra.run.smithi061.stdout:/usr/bin/ceph: stderr
2023-12-11T18:59:19.242+0000 7faf107f3700 1 --2- 172.21.15.61:0/1874154937 >> [v2:172.21.15.61:3300/0,v1:172.21.15.61:6789/0] conn(0x7faf08077bd0 0x7faf081133c0 unknown :-1 s=CLOSED pgs=70 cs=0 l=1 rev1=1 crypto rx=0 tx=0 comp rx=0 tx=0).stop
2023-12-11T18:59:19.621 INFO:teuthology.orchestra.run.smithi061.stdout:/usr/bin/ceph: stderr
2023-12-11T18:59:19.242+0000 7faf107f3700 1 -- 172.21.15.61:0/1874154937 >> 172.21.15.61:0/1874154937 conn(0x7faf080fda50 msgr2=0x7faf080ff250 unknown :-1 s=STATE_NONE l=0).mark_down
2023-12-11T18:59:19.621 INFO:teuthology.orchestra.run.smithi061.stdout:/usr/bin/ceph: stderr
2023-12-11T18:59:19.242+0000 7faf107f3700 1 -- 172.21.15.61:0/1874154937 shutdown_connections
2023-12-11T18:59:19.621 INFO:teuthology.orchestra.run.smithi061.stdout:/usr/bin/ceph: stderr
2023-12-11T18:59:19.242+0000 7faf107f3700 1 -- 172.21.15.61:0/1874154937 wait complete.
2023-12-11T18:59:19.621 INFO:teuthology.orchestra.run.smithi061.stdout:Waiting for the mgr to restart...
2023-12-11T18:59:19.621 INFO:teuthology.orchestra.run.smithi061.stdout:Waiting for mgr epoch 9...
2023-12-11T18:59:20.514 INFO:journalctl@ceph.mon.smithi061.smithi061.stdout:Dec 11 18:59:20 smithi061 ceph-mon[135886]: from='client.? 172.21.15.61:0/1874154937' entity='client.admin' cmd=[{"prefix": "mgr stat"}]: dispatch
2023-12-11T18:59:26.956 INFO:journalctl@ceph.mon.smithi061.smithi061.stdout:Dec 11 18:59:26 smithi061 ceph-mon[135886]: Active manager daemon smithi061.nwxzrp restarted
2023-12-11T18:59:26.956 INFO:journalctl@ceph.mon.smithi061.smithi061.stdout:Dec 11 18:59:26 smithi061 ceph-mon[135886]: Activating manager daemon smithi061.nwxzrp
2023-12-11T18:59:26.956 INFO:journalctl@ceph.mon.smithi061.smithi061.stdout:Dec 11 18:59:26 smithi061 ceph-mon[135886]: osdmap e3: 0 total, 0 up, 0 in
2023-12-11T18:59:26.956 INFO:journalctl@ceph.mon.smithi061.smithi061.stdout:Dec 11 18:59:26 smithi061 ceph-mon[135886]: mgrmap e10: smithi061.nwxzrp(active, starting, since 0.00393665s)
2023-12-11T18:59:26.956 INFO:journalctl@ceph.mon.smithi061.smithi061.stdout:Dec 11 18:59:26 smithi061 ceph-mon[135886]: from='mgr.14162 172.21.15.61:0/4263067257' entity='mgr.smithi061.nwxzrp' cmd=[{"prefix": "mon metadata", "id": "smithi061"}]: dispatch
2023-12-11T18:59:26.956 INFO:journalctl@ceph.mon.smithi061.smithi061.stdout:Dec 11 18:59:26 smithi061 ceph-mon[135886]: from='mgr.14162 172.21.15.61:0/4263067257' entity='mgr.smithi061.nwxzrp' cmd=[{"prefix": "mgr metadata", "who": "smithi061.nwxzrp", "id": "smithi061.nwxzrp"}]: dispatch
2023-12-11T18:59:26.956 INFO:journalctl@ceph.mon.smithi061.smithi061.stdout:Dec 11 18:59:26 smithi061 ceph-mon[135886]: from='mgr.14162 172.21.15.61:0/4263067257' entity='mgr.smithi061.nwxzrp' cmd=[{"prefix": "mds metadata"}]: dispatch
2023-12-11T18:59:26.956 INFO:journalctl@ceph.mon.smithi061.smithi061.stdout:Dec 11 18:59:26 smithi061 ceph-mon[135886]: from='mgr.14162 172.21.15.61:0/4263067257' entity='mgr.smithi061.nwxzrp' cmd=[{"prefix": "osd metadata"}]: dispatch
2023-12-11T18:59:26.957 INFO:journalctl@ceph.mon.smithi061.smithi061.stdout:Dec 11 18:59:26 smithi061 ceph-mon[135886]: from='mgr.14162 172.21.15.61:0/4263067257' entity='mgr.smithi061.nwxzrp' cmd=[{"prefix": "mon metadata"}]: dispatch
2023-12-11T18:59:26.957 INFO:journalctl@ceph.mon.smithi061.smithi061.stdout:Dec 11 18:59:26 smithi061 ceph-mon[135886]: Manager daemon smithi061.nwxzrp is now available
2023-12-11T18:59:26.957 INFO:journalctl@ceph.mon.smithi061.smithi061.stdout:Dec 11 18:59:26 smithi061 ceph-mon[135886]: from='mgr.14162 172.21.15.61:0/4263067257' entity='mgr.smithi061.nwxzrp' cmd=[{"prefix": "config dump", "format": "json"}]: dispatch
2023-12-11T18:59:26.957 INFO:journalctl@ceph.mon.smithi061.smithi061.stdout:Dec 11 18:59:26 smithi061 ceph-mon[135886]: from='mgr.14162 172.21.15.61:0/4263067257' entity='mgr.smithi061.nwxzrp' cmd=[{"prefix": "config dump", "format": "json"}]: dispatch
2023-12-11T18:59:28.131 INFO:journalctl@ceph.mon.smithi061.smithi061.stdout:Dec 11 18:59:27 smithi061 ceph-mon[135886]: from='mgr.14162 172.21.15.61:0/4263067257' entity='mgr.smithi061.nwxzrp' cmd=[{"prefix":"config rm","who":"mgr","name":"mgr/rbd_support/smithi061.nwxzrp/mirror_snapshot_schedule"}]: dispatch
2023-12-11T18:59:28.131 INFO:journalctl@ceph.mon.smithi061.smithi061.stdout:Dec 11 18:59:27 smithi061 ceph-mon[135886]: from='mgr.14162 172.21.15.61:0/4263067257' entity='mgr.smithi061.nwxzrp' cmd=[{"prefix":"config rm","who":"mgr","name":"mgr/rbd_support/smithi061.nwxzrp/trash_purge_schedule"}]: dispatch
2023-12-11T18:59:28.132 INFO:journalctl@ceph.mon.smithi061.smithi061.stdout:Dec 11 18:59:27 smithi061 ceph-mon[135886]: from='mgr.14162 172.21.15.61:0/4263067257' entity='mgr.smithi061.nwxzrp'
2023-12-11T18:59:28.132 INFO:journalctl@ceph.mon.smithi061.smithi061.stdout:Dec 11 18:59:27 smithi061 ceph-mon[135886]: mgrmap e11: smithi061.nwxzrp(active, since 1.00719s)
2023-12-11T18:59:28.244 INFO:teuthology.orchestra.run.smithi061.stdout:/usr/bin/ceph: stdout {
2023-12-11T18:59:28.244 INFO:teuthology.orchestra.run.smithi061.stdout:/usr/bin/ceph: stdout "mgrmap_epoch": 11,
2023-12-11T18:59:28.244 INFO:teuthology.orchestra.run.smithi061.stdout:/usr/bin/ceph: stdout "initialized": true
2023-12-11T18:59:28.244 INFO:teuthology.orchestra.run.smithi061.stdout:/usr/bin/ceph: stdout }
2023-12-11T18:59:28.251 INFO:teuthology.orchestra.run.smithi061.stdout:/usr/bin/ceph: stderr
2023-12-11T18:59:20.030+0000 7f86b2a50700 1 Processor -- start
2023-12-11T18:59:28.251 INFO:teuthology.orchestra.run.smithi061.stdout:/usr/bin/ceph: stderr
2023-12-11T18:59:20.031+0000 7f86b2a50700 1 -- start start
2023-12-11T18:59:28.252 INFO:teuthology.orchestra.run.smithi061.stdout:/usr/bin/ceph: stderr
2023-12-11T18:59:20.031+0000 7f86b2a50700 1 --2- >> [v2:172.21.15.61:3300/0,v1:172.21.15.61:6789/0] conn(0x7f86ac071000 0x7f86ac104ea0 unknown :-1 s=NONE pgs=0 cs=0 l=0 rev1=0 crypto rx=0 tx=0 comp rx=0 tx=0).connect
2023-12-11T18:59:28.252 INFO:teuthology.orchestra.run.smithi061.stdout:/usr/bin/ceph: stderr
2023-12-11T18:59:20.031+0000 7f86b2a50700 1 -- --> [v2:172.21.15.61:3300/0,v1:172.21.15.61:6789/0] -- mon_getmap magic: 0 v1 -- 0x7f86ac1053e0 con 0x7f86ac071000
2023-12-11T18:59:28.252 INFO:teuthology.orchestra.run.smithi061.stdout:/usr/bin/ceph: stderr
2023-12-11T18:59:20.031+0000 7f86abfff700 1 --2- >> [v2:172.21.15.61:3300/0,v1:172.21.15.61:6789/0] conn(0x7f86ac071000 0x7f86ac104ea0 unknown :-1 s=BANNER_CONNECTING pgs=0 cs=0 l=0 rev1=0 crypto rx=0 tx=0 comp rx=0 tx=0)._handle_peer_banner_payload supported=3 required=0
2023-12-11T18:59:28.252 INFO:teuthology.orchestra.run.smithi061.stdout:/usr/bin/ceph: stderr
2023-12-11T18:59:20.031+0000 7f86abfff700 1 --2- >> [v2:172.21.15.61:3300/0,v1:172.21.15.61:6789/0] conn(0x7f86ac071000 0x7f86ac104ea0 unknown :-1 s=HELLO_CONNECTING pgs=0 cs=0 l=0 rev1=1 crypto rx=0 tx=0 comp rx=0 tx=0).handle_hello peer v2:172.21.15.61:3300/0 says I am v2:172.21.15.61:59080/0 (socket says 172.21.15.61:59080)
2023-12-11T18:59:28.252 INFO:teuthology.orchestra.run.smithi061.stdout:/usr/bin/ceph: stderr
2023-12-11T18:59:20.031+0000 7f86abfff700 1 -- 172.21.15.61:0/3385771785 learned_addr learned my addr 172.21.15.61:0/3385771785 (peer_addr_for_me v2:172.21.15.61:0/0)
2023-12-11T18:59:28.252 INFO:teuthology.orchestra.run.smithi061.stdout:/usr/bin/ceph: stderr
2023-12-11T18:59:20.032+0000 7f86abfff700 1 -- 172.21.15.61:0/3385771785 --> [v2:172.21.15.61:3300/0,v1:172.21.15.61:6789/0] -- mon_subscribe({config=0+,monmap=0+}) v3 -- 0x7f86ac105520 con 0x7f86ac071000
2023-12-11T18:59:28.252 INFO:teuthology.orchestra.run.smithi061.stdout:/usr/bin/ceph: stderr
2023-12-11T18:59:20.032+0000 7f86abfff700 1 --2- 172.21.15.61:0/3385771785 >> [v2:172.21.15.61:3300/0,v1:172.21.15.61:6789/0] conn(0x7f86ac071000 0x7f86ac104ea0 secure :-1 s=READY pgs=71 cs=0 l=1 rev1=1 crypto rx=0x7f869c0098e0 tx=0x7f869c009250 comp rx=0 tx=0).ready entity=mon.0 client_cookie=9021500735971668 server_cookie=0 in_seq=0 out_seq=0
2023-12-11T18:59:28.252 INFO:teuthology.orchestra.run.smithi061.stdout:/usr/bin/ceph: stderr
2023-12-11T18:59:20.032+0000 7f86aaffd700 1 -- 172.21.15.61:0/3385771785 <== mon.0 v2:172.21.15.61:3300/0 1 ==== mon_map magic: 0 v1 ==== 229+0+0 (secure 0 0 0) 0x7f869c00b860 con 0x7f86ac071000
2023-12-11T18:59:28.252 INFO:teuthology.orchestra.run.smithi061.stdout:/usr/bin/ceph: stderr
2023-12-11T18:59:20.032+0000 7f86aaffd700 1 -- 172.21.15.61:0/3385771785 <== mon.0 v2:172.21.15.61:3300/0 2 ==== config(26 keys) v1 ==== 1074+0+0 (secure 0 0 0) 0x7f869c00be70 con 0x7f86ac071000
2023-12-11T18:59:28.252 INFO:teuthology.orchestra.run.smithi061.stdout:/usr/bin/ceph: stderr
2023-12-11T18:59:20.032+0000 7f86aaffd700 1 -- 172.21.15.61:0/3385771785 <== mon.0 v2:172.21.15.61:3300/0 3 ==== mon_map magic: 0 v1 ==== 229+0+0 (secure 0 0 0) 0x7f869c010380 con 0x7f86ac071000
2023-12-11T18:59:28.252 INFO:teuthology.orchestra.run.smithi061.stdout:/usr/bin/ceph: stderr
2023-12-11T18:59:20.033+0000 7f86b2a50700 1 -- 172.21.15.61:0/3385771785 >> [v2:172.21.15.61:3300/0,v1:172.21.15.61:6789/0] conn(0x7f86ac071000 msgr2=0x7f86ac104ea0 secure :-1 s=STATE_CONNECTION_ESTABLISHED l=1).mark_down
2023-12-11T18:59:28.252 INFO:teuthology.orchestra.run.smithi061.stdout:/usr/bin/ceph: stderr
2023-12-11T18:59:20.033+0000 7f86b2a50700 1 --2- 172.21.15.61:0/3385771785 >> [v2:172.21.15.61:3300/0,v1:172.21.15.61:6789/0] conn(0x7f86ac071000 0x7f86ac104ea0 secure :-1 s=READY pgs=71 cs=0 l=1 rev1=1 crypto rx=0x7f869c0098e0 tx=0x7f869c009250 comp rx=0 tx=0).stop
2023-12-11T18:59:28.252 INFO:teuthology.orchestra.run.smithi061.stdout:/usr/bin/ceph: stderr
2023-12-11T18:59:20.033+0000 7f86b2a50700 1 -- 172.21.15.61:0/3385771785 shutdown_connections
2023-12-11T18:59:28.253 INFO:teuthology.orchestra.run.smithi061.stdout:/usr/bin/ceph: stderr
2023-12-11T18:59:20.033+0000 7f86b2a50700 1 --2- 172.21.15.61:0/3385771785 >> [v2:172.21.15.61:3300/0,v1:172.21.15.61:6789/0] conn(0x7f86ac071000 0x7f86ac104ea0 unknown :-1 s=CLOSED pgs=71 cs=0 l=1 rev1=1 crypto rx=0 tx=0 comp rx=0 tx=0).stop
2023-12-11T18:59:28.253 INFO:teuthology.orchestra.run.smithi061.stdout:/usr/bin/ceph: stderr
2023-12-11T18:59:20.033+0000 7f86b2a50700 1 -- 172.21.15.61:0/3385771785 >> 172.21.15.61:0/3385771785 conn(0x7f86ac0fc970 msgr2=0x7f86ac0fed80 unknown :-1 s=STATE_NONE l=0).mark_down
2023-12-11T18:59:28.253 INFO:teuthology.orchestra.run.smithi061.stdout:/usr/bin/ceph: stderr
2023-12-11T18:59:20.033+0000 7f86b2a50700 1 -- 172.21.15.61:0/3385771785 shutdown_connections
2023-12-11T18:59:28.253 INFO:teuthology.orchestra.run.smithi061.stdout:/usr/bin/ceph: stderr
2023-12-11T18:59:20.033+0000 7f86b2a50700 1 -- 172.21.15.61:0/3385771785 wait complete.
2023-12-11T18:59:28.253 INFO:teuthology.orchestra.run.smithi061.stdout:/usr/bin/ceph: stderr
2023-12-11T18:59:20.035+0000 7f86b2a50700 1 Processor -- start
2023-12-11T18:59:28.253 INFO:teuthology.orchestra.run.smithi061.stdout:/usr/bin/ceph: stderr
2023-12-11T18:59:20.035+0000 7f86b2a50700 1 -- start start
2023-12-11T18:59:28.253 INFO:teuthology.orchestra.run.smithi061.stdout:/usr/bin/ceph: stderr
2023-12-11T18:59:20.035+0000 7f86b2a50700 1 --2- >> [v2:172.21.15.61:3300/0,v1:172.21.15.61:6789/0] conn(0x7f86ac071000 0x7f86ac1111a0 unknown :-1 s=NONE pgs=0 cs=0 l=1 rev1=0 crypto rx=0 tx=0 comp rx=0 tx=0).connect
2023-12-11T18:59:28.253 INFO:teuthology.orchestra.run.smithi061.stdout:/usr/bin/ceph: stderr
2023-12-11T18:59:20.035+0000 7f86b2a50700 1 -- --> [v2:172.21.15.61:3300/0,v1:172.21.15.61:6789/0] -- mon_getmap magic: 0 v1 -- 0x7f86ac1116e0 con 0x7f86ac071000
2023-12-11T18:59:28.253 INFO:teuthology.orchestra.run.smithi061.stdout:/usr/bin/ceph: stderr
2023-12-11T18:59:20.036+0000 7f86abfff700 1 --2- >> [v2:172.21.15.61:3300/0,v1:172.21.15.61:6789/0] conn(0x7f86ac071000 0x7f86ac1111a0 unknown :-1 s=BANNER_CONNECTING pgs=0 cs=0 l=1 rev1=0 crypto rx=0 tx=0 comp rx=0 tx=0)._handle_peer_banner_payload supported=3 required=0
2023-12-11T18:59:28.253 INFO:teuthology.orchestra.run.smithi061.stdout:/usr/bin/ceph: stderr
2023-12-11T18:59:20.036+0000 7f86abfff700 1 --2- >> [v2:172.21.15.61:3300/0,v1:172.21.15.61:6789/0] conn(0x7f86ac071000 0x7f86ac1111a0 unknown :-1 s=HELLO_CONNECTING pgs=0 cs=0 l=1 rev1=1 crypto rx=0 tx=0 comp rx=0 tx=0).handle_hello peer v2:172.21.15.61:3300/0 says I am v2:172.21.15.61:59094/0 (socket says 172.21.15.61:59094)
2023-12-11T18:59:28.253 INFO:teuthology.orchestra.run.smithi061.stdout:/usr/bin/ceph: stderr
2023-12-11T18:59:20.036+0000 7f86abfff700 1 -- 172.21.15.61:0/369623220 learned_addr learned my addr 172.21.15.61:0/369623220 (peer_addr_for_me v2:172.21.15.61:0/0)
2023-12-11T18:59:28.253 INFO:teuthology.orchestra.run.smithi061.stdout:/usr/bin/ceph: stderr
2023-12-11T18:59:20.036+0000 7f86abfff700 1 -- 172.21.15.61:0/369623220 --> [v2:172.21.15.61:3300/0,v1:172.21.15.61:6789/0] -- mon_subscribe({config=0+,monmap=0+}) v3 -- 0x7f869c0094f0 con 0x7f86ac071000
2023-12-11T18:59:28.253 INFO:teuthology.orchestra.run.smithi061.stdout:/usr/bin/ceph: stderr
2023-12-11T18:59:20.036+0000 7f86abfff700 1 --2- 172.21.15.61:0/369623220 >> [v2:172.21.15.61:3300/0,v1:172.21.15.61:6789/0] conn(0x7f86ac071000 0x7f86ac1111a0 secure :-1 s=READY pgs=72 cs=0 l=1 rev1=1 crypto rx=0x7f869c0094c0 tx=0x7f869c009250 comp rx=0 tx=0).ready entity=mon.0 client_cookie=0 server_cookie=0 in_seq=0 out_seq=0
2023-12-11T18:59:28.253 INFO:teuthology.orchestra.run.smithi061.stdout:/usr/bin/ceph: stderr
2023-12-11T18:59:20.037+0000 7f86a8ff9700 1 -- 172.21.15.61:0/369623220 <== mon.0 v2:172.21.15.61:3300/0 1 ==== mon_map magic: 0 v1 ==== 229+0+0 (secure 0 0 0) 0x7f869c010850 con 0x7f86ac071000
2023-12-11T18:59:28.253 INFO:teuthology.orchestra.run.smithi061.stdout:/usr/bin/ceph: stderr
2023-12-11T18:59:20.037+0000 7f86a8ff9700 1 -- 172.21.15.61:0/369623220 <== mon.0 v2:172.21.15.61:3300/0 2 ==== config(26 keys) v1 ==== 1074+0+0 (secure 0 0 0) 0x7f869c010e60 con 0x7f86ac071000
2023-12-11T18:59:28.253 INFO:teuthology.orchestra.run.smithi061.stdout:/usr/bin/ceph: stderr
2023-12-11T18:59:20.037+0000 7f86a8ff9700 1 -- 172.21.15.61:0/369623220 <== mon.0 v2:172.21.15.61:3300/0 3 ==== mon_map magic: 0 v1 ==== 229+0+0 (secure 0 0 0) 0x7f869c01a430 con 0x7f86ac071000
2023-12-11T18:59:28.254 INFO:teuthology.orchestra.run.smithi061.stdout:/usr/bin/ceph: stderr
2023-12-11T18:59:20.037+0000 7f86b2a50700 1 -- 172.21.15.61:0/369623220 --> [v2:172.21.15.61:3300/0,v1:172.21.15.61:6789/0] -- mon_subscribe({mgrmap=0+}) v3 -- 0x7f86ac1118e0 con 0x7f86ac071000
2023-12-11T18:59:28.254 INFO:teuthology.orchestra.run.smithi061.stdout:/usr/bin/ceph: stderr
2023-12-11T18:59:20.037+0000 7f86b2a50700 1 -- 172.21.15.61:0/369623220 --> [v2:172.21.15.61:3300/0,v1:172.21.15.61:6789/0] -- mon_subscribe({osdmap=0}) v3 -- 0x7f86ac111cf0 con 0x7f86ac071000
2023-12-11T18:59:28.254 INFO:teuthology.orchestra.run.smithi061.stdout:/usr/bin/ceph: stderr
2023-12-11T18:59:20.038+0000 7f86a8ff9700 1 -- 172.21.15.61:0/369623220 <== mon.0 v2:172.21.15.61:3300/0 4 ==== mgrmap(e 9) v1 ==== 43294+0+0 (secure 0 0 0) 0x7f869c01a660 con 0x7f86ac071000
2023-12-11T18:59:28.254 INFO:teuthology.orchestra.run.smithi061.stdout:/usr/bin/ceph: stderr
2023-12-11T18:59:20.038+0000 7f86a8ff9700 1 --2- 172.21.15.61:0/369623220 >> [v2:172.21.15.61:6800/456026987,v1:172.21.15.61:6801/456026987] conn(0x7f8694036690 0x7f8694038b40 unknown :-1 s=NONE pgs=0 cs=0 l=1 rev1=0 crypto rx=0 tx=0 comp rx=0 tx=0).connect
2023-12-11T18:59:28.254 INFO:teuthology.orchestra.run.smithi061.stdout:/usr/bin/ceph: stderr
2023-12-11T18:59:20.038+0000 7f86927fc700 1 -- 172.21.15.61:0/369623220 --> [v2:172.21.15.61:6800/456026987,v1:172.21.15.61:6801/456026987] -- command(tid 0: {"prefix": "get_command_descriptions"}) v1 -- 0x7f868c000d10 con 0x7f8694036690
2023-12-11T18:59:28.254 INFO:teuthology.orchestra.run.smithi061.stdout:/usr/bin/ceph: stderr
2023-12-11T18:59:20.038+0000 7f86a8ff9700 1 -- 172.21.15.61:0/369623220 <== mon.0 v2:172.21.15.61:3300/0 5 ==== osd_map(2..2 src has 1..2) v4 ==== 936+0+0 (secure 0 0 0) 0x7f869c04a700 con 0x7f86ac071000
2023-12-11T18:59:28.254 INFO:teuthology.orchestra.run.smithi061.stdout:/usr/bin/ceph: stderr
2023-12-11T18:59:20.038+0000 7f86ab7fe700 1 -- 172.21.15.61:0/369623220 >> [v2:172.21.15.61:6800/456026987,v1:172.21.15.61:6801/456026987] conn(0x7f8694036690 msgr2=0x7f8694038b40 unknown :-1 s=STATE_CONNECTING_RE l=1).process reconnect failed to v2:172.21.15.61:6800/456026987
2023-12-11T18:59:28.254 INFO:teuthology.orchestra.run.smithi061.stdout:/usr/bin/ceph: stderr
2023-12-11T18:59:20.039+0000 7f86ab7fe700 1 --2- 172.21.15.61:0/369623220 >> [v2:172.21.15.61:6800/456026987,v1:172.21.15.61:6801/456026987] conn(0x7f8694036690 0x7f8694038b40 unknown :-1 s=START_CONNECT pgs=0 cs=0 l=1 rev1=0 crypto rx=0 tx=0 comp rx=0 tx=0)._fault waiting 0.200000
2023-12-11T18:59:28.254 INFO:teuthology.orchestra.run.smithi061.stdout:/usr/bin/ceph: stderr
2023-12-11T18:59:20.240+0000 7f86ab7fe700 1 -- 172.21.15.61:0/369623220 >> [v2:172.21.15.61:6800/456026987,v1:172.21.15.61:6801/456026987] conn(0x7f8694036690 msgr2=0x7f8694038b40 unknown :-1 s=STATE_CONNECTING_RE l=1).process reconnect failed to v2:172.21.15.61:6800/456026987
2023-12-11T18:59:28.254 INFO:teuthology.orchestra.run.smithi061.stdout:/usr/bin/ceph: stderr
2023-12-11T18:59:20.240+0000 7f86ab7fe700 1 --2- 172.21.15.61:0/369623220 >> [v2:172.21.15.61:6800/456026987,v1:172.21.15.61:6801/456026987] conn(0x7f8694036690 0x7f8694038b40 unknown :-1 s=START_CONNECT pgs=0 cs=0 l=1 rev1=0 crypto rx=0 tx=0 comp rx=0 tx=0)._fault waiting 0.400000
2023-12-11T18:59:28.254 INFO:teuthology.orchestra.run.smithi061.stdout:/usr/bin/ceph: stderr
2023-12-11T18:59:20.641+0000 7f86ab7fe700 1 -- 172.21.15.61:0/369623220 >> [v2:172.21.15.61:6800/456026987,v1:172.21.15.61:6801/456026987] conn(0x7f8694036690 msgr2=0x7f8694038b40 unknown :-1 s=STATE_CONNECTING_RE l=1).process reconnect failed to v2:172.21.15.61:6800/456026987
2023-12-11T18:59:28.254 INFO:teuthology.orchestra.run.smithi061.stdout:/usr/bin/ceph: stderr
2023-12-11T18:59:20.641+0000 7f86ab7fe700 1 --2- 172.21.15.61:0/369623220 >> [v2:172.21.15.61:6800/456026987,v1:172.21.15.61:6801/456026987] conn(0x7f8694036690 0x7f8694038b40 unknown :-1 s=START_CONNECT pgs=0 cs=0 l=1 rev1=0 crypto rx=0 tx=0 comp rx=0 tx=0)._fault waiting 0.800000
2023-12-11T18:59:28.255 INFO:teuthology.orchestra.run.smithi061.stdout:/usr/bin/ceph: stderr
2023-12-11T18:59:21.442+0000 7f86ab7fe700 1 -- 172.21.15.61:0/369623220 >> [v2:172.21.15.61:6800/456026987,v1:172.21.15.61:6801/456026987] conn(0x7f8694036690 msgr2=0x7f8694038b40 unknown :-1 s=STATE_CONNECTING_RE l=1).process reconnect failed to v2:172.21.15.61:6800/456026987
2023-12-11T18:59:28.255 INFO:teuthology.orchestra.run.smithi061.stdout:/usr/bin/ceph: stderr
2023-12-11T18:59:21.442+0000 7f86ab7fe700 1 --2- 172.21.15.61:0/369623220 >> [v2:172.21.15.61:6800/456026987,v1:172.21.15.61:6801/456026987] conn(0x7f8694036690 0x7f8694038b40 unknown :-1 s=START_CONNECT pgs=0 cs=0 l=1 rev1=0 crypto rx=0 tx=0 comp rx=0 tx=0)._fault waiting 1.600000
2023-12-11T18:59:28.255 INFO:teuthology.orchestra.run.smithi061.stdout:/usr/bin/ceph: stderr
2023-12-11T18:59:23.043+0000 7f86ab7fe700 1 -- 172.21.15.61:0/369623220 >> [v2:172.21.15.61:6800/456026987,v1:172.21.15.61:6801/456026987] conn(0x7f8694036690 msgr2=0x7f8694038b40 unknown :-1 s=STATE_CONNECTING_RE l=1).process reconnect failed to v2:172.21.15.61:6800/456026987
2023-12-11T18:59:28.255 INFO:teuthology.orchestra.run.smithi061.stdout:/usr/bin/ceph: stderr
2023-12-11T18:59:23.044+0000 7f86ab7fe700 1 --2- 172.21.15.61:0/369623220 >> [v2:172.21.15.61:6800/456026987,v1:172.21.15.61:6801/456026987] conn(0x7f8694036690 0x7f8694038b40 unknown :-1 s=START_CONNECT pgs=0 cs=0 l=1 rev1=0 crypto rx=0 tx=0 comp rx=0 tx=0)._fault waiting 3.200000
2023-12-11T18:59:28.255 INFO:teuthology.orchestra.run.smithi061.stdout:/usr/bin/ceph: stderr
2023-12-11T18:59:26.247+0000 7f86ab7fe700 1 -- 172.21.15.61:0/369623220 >> [v2:172.21.15.61:6800/456026987,v1:172.21.15.61:6801/456026987] conn(0x7f8694036690 msgr2=0x7f8694038b40 unknown :-1 s=STATE_CONNECTING_RE l=1).process reconnect failed to v2:172.21.15.61:6800/456026987
2023-12-11T18:59:28.255 INFO:teuthology.orchestra.run.smithi061.stdout:/usr/bin/ceph: stderr
2023-12-11T18:59:26.247+0000 7f86ab7fe700 1 --2- 172.21.15.61:0/369623220 >> [v2:172.21.15.61:6800/456026987,v1:172.21.15.61:6801/456026987] conn(0x7f8694036690 0x7f8694038b40 unknown :-1 s=START_CONNECT pgs=0 cs=0 l=1 rev1=0 crypto rx=0 tx=0 comp rx=0 tx=0)._fault waiting 6.400000
2023-12-11T18:59:28.255 INFO:teuthology.orchestra.run.smithi061.stdout:/usr/bin/ceph: stderr
2023-12-11T18:59:26.825+0000 7f86a8ff9700 1 -- 172.21.15.61:0/369623220 <== mon.0 v2:172.21.15.61:3300/0 6 ==== mgrmap(e 10) v1 ==== 43061+0+0 (secure 0 0 0) 0x7f869c00fdc0 con 0x7f86ac071000
2023-12-11T18:59:28.255 INFO:teuthology.orchestra.run.smithi061.stdout:/usr/bin/ceph: stderr
2023-12-11T18:59:26.825+0000 7f86a8ff9700 1 -- 172.21.15.61:0/369623220 >> [v2:172.21.15.61:6800/456026987,v1:172.21.15.61:6801/456026987] conn(0x7f8694036690 msgr2=0x7f8694038b40 unknown :-1 s=STATE_CONNECTING l=1).mark_down
2023-12-11T18:59:28.255 INFO:teuthology.orchestra.run.smithi061.stdout:/usr/bin/ceph: stderr
2023-12-11T18:59:26.825+0000 7f86a8ff9700 1 --2- 172.21.15.61:0/369623220 >> [v2:172.21.15.61:6800/456026987,v1:172.21.15.61:6801/456026987] conn(0x7f8694036690 0x7f8694038b40 unknown :-1 s=START_CONNECT pgs=0 cs=0 l=1 rev1=0 crypto rx=0 tx=0 comp rx=0 tx=0).stop
2023-12-11T18:59:28.255 INFO:teuthology.orchestra.run.smithi061.stdout:/usr/bin/ceph: stderr
2023-12-11T18:59:27.827+0000 7f86a8ff9700 1 -- 172.21.15.61:0/369623220 <== mon.0 v2:172.21.15.61:3300/0 7 ==== mgrmap(e 11) v1 ==== 43188+0+0 (secure 0 0 0) 0x7f869c0247b0 con 0x7f86ac071000
2023-12-11T18:59:28.255 INFO:teuthology.orchestra.run.smithi061.stdout:/usr/bin/ceph: stderr
2023-12-11T18:59:27.828+0000 7f86a8ff9700 1 --2- 172.21.15.61:0/369623220 >> [v2:172.21.15.61:6800/126234126,v1:172.21.15.61:6801/126234126] conn(0x7f8694039f90 0x7f869403c370 unknown :-1 s=NONE pgs=0 cs=0 l=1 rev1=0 crypto rx=0 tx=0 comp rx=0 tx=0).connect
2023-12-11T18:59:28.255 INFO:teuthology.orchestra.run.smithi061.stdout:/usr/bin/ceph: stderr
2023-12-11T18:59:27.828+0000 7f86a8ff9700 1 -- 172.21.15.61:0/369623220 --> [v2:172.21.15.61:6800/126234126,v1:172.21.15.61:6801/126234126] -- command(tid 0: {"prefix": "get_command_descriptions"}) v1 -- 0x7f868c000d10 con 0x7f8694039f90
2023-12-11T18:59:28.255 INFO:teuthology.orchestra.run.smithi061.stdout:/usr/bin/ceph: stderr
2023-12-11T18:59:27.828+0000 7f86ab7fe700 1 --2- 172.21.15.61:0/369623220 >> [v2:172.21.15.61:6800/126234126,v1:172.21.15.61:6801/126234126] conn(0x7f8694039f90 0x7f869403c370 unknown :-1 s=BANNER_CONNECTING pgs=0 cs=0 l=1 rev1=0 crypto rx=0 tx=0 comp rx=0 tx=0)._handle_peer_banner_payload supported=3 required=0
2023-12-11T18:59:28.255 INFO:teuthology.orchestra.run.smithi061.stdout:/usr/bin/ceph: stderr
2023-12-11T18:59:27.829+0000 7f86ab7fe700 1 --2- 172.21.15.61:0/369623220 >> [v2:172.21.15.61:6800/126234126,v1:172.21.15.61:6801/126234126] conn(0x7f8694039f90 0x7f869403c370 secure :-1 s=READY pgs=1 cs=0 l=1 rev1=1 crypto rx=0x7f86a00039d0 tx=0x7f86a0009350 comp rx=0 tx=0).ready entity=mgr.14162 client_cookie=0 server_cookie=0 in_seq=0 out_seq=0
2023-12-11T18:59:28.256 INFO:teuthology.orchestra.run.smithi061.stdout:/usr/bin/ceph: stderr
2023-12-11T18:59:27.830+0000 7f86a8ff9700 1 -- 172.21.15.61:0/369623220 <== mgr.14162 v2:172.21.15.61:6800/126234126 1 ==== command_reply(tid 0: 0 ) v1 ==== 8+0+6549 (secure 0 0 0) 0x7f868c000d10 con 0x7f8694039f90
2023-12-11T18:59:28.256 INFO:teuthology.orchestra.run.smithi061.stdout:/usr/bin/ceph: stderr
2023-12-11T18:59:27.843+0000 7f86927fc700 1 -- 172.21.15.61:0/369623220 --> [v2:172.21.15.61:6800/126234126,v1:172.21.15.61:6801/126234126] -- command(tid 1: {"prefix": "mgr_status"}) v1 -- 0x7f868c002790 con 0x7f8694039f90
2023-12-11T18:59:28.256 INFO:teuthology.orchestra.run.smithi061.stdout:/usr/bin/ceph: stderr
2023-12-11T18:59:27.843+0000 7f86a8ff9700 1 -- 172.21.15.61:0/369623220 <== mgr.14162 v2:172.21.15.61:6800/126234126 2 ==== command_reply(tid 1: 0 ) v1 ==== 8+0+52 (secure 0 0 0) 0x7f868c002790 con 0x7f8694039f90
2023-12-11T18:59:28.256 INFO:teuthology.orchestra.run.smithi061.stdout:/usr/bin/ceph: stderr
2023-12-11T18:59:27.843+0000 7f86927fc700 1 -- 172.21.15.61:0/369623220 >> [v2:172.21.15.61:6800/126234126,v1:172.21.15.61:6801/126234126] conn(0x7f8694039f90 msgr2=0x7f869403c370 secure :-1 s=STATE_CONNECTION_ESTABLISHED l=1).mark_down
2023-12-11T18:59:28.256 INFO:teuthology.orchestra.run.smithi061.stdout:/usr/bin/ceph: stderr
2023-12-11T18:59:27.843+0000 7f86927fc700 1 --2- 172.21.15.61:0/369623220 >> [v2:172.21.15.61:6800/126234126,v1:172.21.15.61:6801/126234126] conn(0x7f8694039f90 0x7f869403c370 secure :-1 s=READY pgs=1 cs=0 l=1 rev1=1 crypto rx=0x7f86a00039d0 tx=0x7f86a0009350 comp rx=0 tx=0).stop
2023-12-11T18:59:28.256 INFO:teuthology.orchestra.run.smithi061.stdout:/usr/bin/ceph: stderr
2023-12-11T18:59:27.843+0000 7f86927fc700 1 -- 172.21.15.61:0/369623220 >> [v2:172.21.15.61:3300/0,v1:172.21.15.61:6789/0] conn(0x7f86ac071000 msgr2=0x7f86ac1111a0 secure :-1 s=STATE_CONNECTION_ESTABLISHED l=1).mark_down
2023-12-11T18:59:28.256 INFO:teuthology.orchestra.run.smithi061.stdout:/usr/bin/ceph: stderr
2023-12-11T18:59:27.843+0000 7f86927fc700 1 --2- 172.21.15.61:0/369623220 >> [v2:172.21.15.61:3300/0,v1:172.21.15.61:6789/0] conn(0x7f86ac071000 0x7f86ac1111a0 secure :-1 s=READY pgs=72 cs=0 l=1 rev1=1 crypto rx=0x7f869c0094c0 tx=0x7f869c009250 comp rx=0 tx=0).stop
2023-12-11T18:59:28.256 INFO:teuthology.orchestra.run.smithi061.stdout:/usr/bin/ceph: stderr
2023-12-11T18:59:27.844+0000 7f86927fc700 1 -- 172.21.15.61:0/369623220 shutdown_connections
2023-12-11T18:59:28.256 INFO:teuthology.orchestra.run.smithi061.stdout:/usr/bin/ceph: stderr
2023-12-11T18:59:27.844+0000 7f86927fc700 1 --2- 172.21.15.61:0/369623220 >> [v2:172.21.15.61:6800/126234126,v1:172.21.15.61:6801/126234126] conn(0x7f8694039f90 0x7f869403c370 unknown :-1 s=CLOSED pgs=1 cs=0 l=1 rev1=1 crypto rx=0 tx=0 comp rx=0 tx=0).stop
2023-12-11T18:59:28.256 INFO:teuthology.orchestra.run.smithi061.stdout:/usr/bin/ceph: stderr
2023-12-11T18:59:27.844+0000 7f86927fc700 1 --2- 172.21.15.61:0/369623220 >> [v2:172.21.15.61:3300/0,v1:172.21.15.61:6789/0] conn(0x7f86ac071000 0x7f86ac1111a0 unknown :-1 s=CLOSED pgs=72 cs=0 l=1 rev1=1 crypto rx=0 tx=0 comp rx=0 tx=0).stop
2023-12-11T18:59:28.256 INFO:teuthology.orchestra.run.smithi061.stdout:/usr/bin/ceph: stderr
2023-12-11T18:59:27.844+0000 7f86927fc700 1 --2- 172.21.15.61:0/369623220 >> [v2:172.21.15.61:6800/456026987,v1:172.21.15.61:6801/456026987] conn(0x7f8694036690 0x7f8694038b40 unknown :-1 s=CLOSED pgs=0 cs=0 l=1 rev1=0 crypto rx=0 tx=0 comp rx=0 tx=0).stop
2023-12-11T18:59:28.256 INFO:teuthology.orchestra.run.smithi061.stdout:/usr/bin/ceph: stderr
2023-12-11T18:59:27.844+0000 7f86927fc700 1 -- 172.21.15.61:0/369623220 >> 172.21.15.61:0/369623220 conn(0x7f86ac0fc970 msgr2=0x7f86ac0fed70 unknown :-1 s=STATE_NONE l=0).mark_down
2023-12-11T18:59:28.256 INFO:teuthology.orchestra.run.smithi061.stdout:/usr/bin/ceph: stderr
2023-12-11T18:59:27.844+0000 7f86927fc700 1 -- 172.21.15.61:0/369623220 shutdown_connections
2023-12-11T18:59:28.256 INFO:teuthology.orchestra.run.smithi061.stdout:/usr/bin/ceph: stderr
2023-12-11T18:59:27.844+0000 7f86927fc700 1 -- 172.21.15.61:0/369623220 wait complete.
2023-12-11T18:59:28.256 INFO:teuthology.orchestra.run.smithi061.stdout:mgr epoch 9 is available
2023-12-11T18:59:28.257 INFO:teuthology.orchestra.run.smithi061.stdout:Generating a dashboard self-signed certificate...
2023-12-11T18:59:29.350 INFO:teuthology.orchestra.run.smithi061.stdout:/usr/bin/ceph: stdout Self-signed certificate created
2023-12-11T18:59:29.350 INFO:teuthology.orchestra.run.smithi061.stdout:/usr/bin/ceph: stderr
2023-12-11T18:59:28.698+0000 7fe19239a700 1 Processor -- start
2023-12-11T18:59:29.350 INFO:teuthology.orchestra.run.smithi061.stdout:/usr/bin/ceph: stderr
2023-12-11T18:59:28.698+0000 7fe19239a700 1 -- start start
2023-12-11T18:59:29.350 INFO:teuthology.orchestra.run.smithi061.stdout:/usr/bin/ceph: stderr
2023-12-11T18:59:28.698+0000 7fe19239a700 1 --2- >> [v2:172.21.15.61:3300/0,v1:172.21.15.61:6789/0] conn(0x7fe18c070f80 0x7fe18c107320 unknown :-1 s=NONE pgs=0 cs=0 l=0 rev1=0 crypto rx=0 tx=0 comp rx=0 tx=0).connect
2023-12-11T18:59:29.350 INFO:teuthology.orchestra.run.smithi061.stdout:/usr/bin/ceph: stderr
2023-12-11T18:59:28.698+0000 7fe19239a700 1 -- --> [v2:172.21.15.61:3300/0,v1:172.21.15.61:6789/0] -- mon_getmap magic: 0 v1 -- 0x7fe18c102d10 con 0x7fe18c070f80
2023-12-11T18:59:29.350 INFO:teuthology.orchestra.run.smithi061.stdout:/usr/bin/ceph: stderr
2023-12-11T18:59:28.699+0000 7fe18bfff700 1 --2- >> [v2:172.21.15.61:3300/0,v1:172.21.15.61:6789/0] conn(0x7fe18c070f80 0x7fe18c107320 unknown :-1 s=BANNER_CONNECTING pgs=0 cs=0 l=0 rev1=0 crypto rx=0 tx=0 comp rx=0 tx=0)._handle_peer_banner_payload supported=3 required=0
2023-12-11T18:59:29.350 INFO:teuthology.orchestra.run.smithi061.stdout:/usr/bin/ceph: stderr
2023-12-11T18:59:28.699+0000 7fe18bfff700 1 --2- >> [v2:172.21.15.61:3300/0,v1:172.21.15.61:6789/0] conn(0x7fe18c070f80 0x7fe18c107320 unknown :-1 s=HELLO_CONNECTING pgs=0 cs=0 l=0 rev1=1 crypto rx=0 tx=0 comp rx=0 tx=0).handle_hello peer v2:172.21.15.61:3300/0 says I am v2:172.21.15.61:49538/0 (socket says 172.21.15.61:49538)
2023-12-11T18:59:29.351 INFO:teuthology.orchestra.run.smithi061.stdout:/usr/bin/ceph: stderr
2023-12-11T18:59:28.699+0000 7fe18bfff700 1 -- 172.21.15.61:0/2716113061 learned_addr learned my addr 172.21.15.61:0/2716113061 (peer_addr_for_me v2:172.21.15.61:0/0)
2023-12-11T18:59:29.351 INFO:teuthology.orchestra.run.smithi061.stdout:/usr/bin/ceph: stderr
2023-12-11T18:59:28.699+0000 7fe18bfff700 1 -- 172.21.15.61:0/2716113061 --> [v2:172.21.15.61:3300/0,v1:172.21.15.61:6789/0] -- mon_subscribe({config=0+,monmap=0+}) v3 -- 0x7fe18c107860 con 0x7fe18c070f80
2023-12-11T18:59:29.351 INFO:teuthology.orchestra.run.smithi061.stdout:/usr/bin/ceph: stderr
2023-12-11T18:59:28.700+0000 7fe18bfff700 1 --2- 172.21.15.61:0/2716113061 >> [v2:172.21.15.61:3300/0,v1:172.21.15.61:6789/0] conn(0x7fe18c070f80 0x7fe18c107320 secure :-1 s=READY pgs=80 cs=0 l=1 rev1=1 crypto rx=0x7fe17c0098e0 tx=0x7fe17c009250 comp rx=0 tx=0).ready entity=mon.0 client_cookie=8d89a7465a68de7 server_cookie=0 in_seq=0 out_seq=0
2023-12-11T18:59:29.351 INFO:teuthology.orchestra.run.smithi061.stdout:/usr/bin/ceph: stderr
2023-12-11T18:59:28.700+0000 7fe18affd700 1 -- 172.21.15.61:0/2716113061 <== mon.0 v2:172.21.15.61:3300/0 1 ==== mon_map magic: 0 v1 ==== 229+0+0 (secure 0 0 0) 0x7fe17c00b860 con 0x7fe18c070f80
2023-12-11T18:59:29.351 INFO:teuthology.orchestra.run.smithi061.stdout:/usr/bin/ceph: stderr
2023-12-11T18:59:28.700+0000 7fe18affd700 1 -- 172.21.15.61:0/2716113061 <== mon.0 v2:172.21.15.61:3300/0 2 ==== config(26 keys) v1 ==== 1074+0+0 (secure 0 0 0) 0x7fe17c00be70 con 0x7fe18c070f80
2023-12-11T18:59:29.351 INFO:teuthology.orchestra.run.smithi061.stdout:/usr/bin/ceph: stderr
2023-12-11T18:59:28.700+0000 7fe18affd700 1 -- 172.21.15.61:0/2716113061 <== mon.0 v2:172.21.15.61:3300/0 3 ==== mon_map magic: 0 v1 ==== 229+0+0 (secure 0 0 0) 0x7fe17c010380 con 0x7fe18c070f80
2023-12-11T18:59:29.351 INFO:teuthology.orchestra.run.smithi061.stdout:/usr/bin/ceph: stderr
2023-12-11T18:59:28.701+0000 7fe19239a700 1 -- 172.21.15.61:0/2716113061 >> [v2:172.21.15.61:3300/0,v1:172.21.15.61:6789/0] conn(0x7fe18c070f80 msgr2=0x7fe18c107320 secure :-1 s=STATE_CONNECTION_ESTABLISHED l=1).mark_down
2023-12-11T18:59:29.351 INFO:teuthology.orchestra.run.smithi061.stdout:/usr/bin/ceph: stderr
2023-12-11T18:59:28.701+0000 7fe19239a700 1 --2- 172.21.15.61:0/2716113061 >> [v2:172.21.15.61:3300/0,v1:172.21.15.61:6789/0] conn(0x7fe18c070f80 0x7fe18c107320 secure :-1 s=READY pgs=80 cs=0 l=1 rev1=1 crypto rx=0x7fe17c0098e0 tx=0x7fe17c009250 comp rx=0 tx=0).stop
2023-12-11T18:59:29.351 INFO:teuthology.orchestra.run.smithi061.stdout:/usr/bin/ceph: stderr
2023-12-11T18:59:28.701+0000 7fe19239a700 1 -- 172.21.15.61:0/2716113061 shutdown_connections
2023-12-11T18:59:29.352 INFO:teuthology.orchestra.run.smithi061.stdout:/usr/bin/ceph: stderr
2023-12-11T18:59:28.701+0000 7fe19239a700 1 --2- 172.21.15.61:0/2716113061 >> [v2:172.21.15.61:3300/0,v1:172.21.15.61:6789/0] conn(0x7fe18c070f80 0x7fe18c107320 unknown :-1 s=CLOSED pgs=80 cs=0 l=1 rev1=1 crypto rx=0 tx=0 comp rx=0 tx=0).stop
2023-12-11T18:59:29.352 INFO:teuthology.orchestra.run.smithi061.stdout:/usr/bin/ceph: stderr
2023-12-11T18:59:28.701+0000 7fe19239a700 1 -- 172.21.15.61:0/2716113061 >> 172.21.15.61:0/2716113061 conn(0x7fe18c0fc970 msgr2=0x7fe18c0fed80 unknown :-1 s=STATE_NONE l=0).mark_down
2023-12-11T18:59:29.352 INFO:teuthology.orchestra.run.smithi061.stdout:/usr/bin/ceph: stderr
2023-12-11T18:59:28.701+0000 7fe19239a700 1 -- 172.21.15.61:0/2716113061 shutdown_connections
2023-12-11T18:59:29.352 INFO:teuthology.orchestra.run.smithi061.stdout:/usr/bin/ceph: stderr
2023-12-11T18:59:28.701+0000 7fe19239a700 1 -- 172.21.15.61:0/2716113061 wait complete.
2023-12-11T18:59:29.352 INFO:teuthology.orchestra.run.smithi061.stdout:/usr/bin/ceph: stderr
2023-12-11T18:59:28.702+0000 7fe19239a700 1 Processor -- start
2023-12-11T18:59:29.352 INFO:teuthology.orchestra.run.smithi061.stdout:/usr/bin/ceph: stderr
2023-12-11T18:59:28.702+0000 7fe19239a700 1 -- start start
2023-12-11T18:59:29.352 INFO:teuthology.orchestra.run.smithi061.stdout:/usr/bin/ceph: stderr
2023-12-11T18:59:28.702+0000 7fe19239a700 1 --2- >> [v2:172.21.15.61:3300/0,v1:172.21.15.61:6789/0] conn(0x7fe18c070f80 0x7fe18c1133c0 unknown :-1 s=NONE pgs=0 cs=0 l=1 rev1=0 crypto rx=0 tx=0 comp rx=0 tx=0).connect
2023-12-11T18:59:29.352 INFO:teuthology.orchestra.run.smithi061.stdout:/usr/bin/ceph: stderr
2023-12-11T18:59:28.702+0000 7fe19239a700 1 -- --> [v2:172.21.15.61:3300/0,v1:172.21.15.61:6789/0] -- mon_getmap magic: 0 v1 -- 0x7fe18c113900 con 0x7fe18c070f80
2023-12-11T18:59:29.353 INFO:teuthology.orchestra.run.smithi061.stdout:/usr/bin/ceph: stderr
2023-12-11T18:59:28.703+0000 7fe18bfff700 1 --2- >> [v2:172.21.15.61:3300/0,v1:172.21.15.61:6789/0] conn(0x7fe18c070f80 0x7fe18c1133c0 unknown :-1 s=BANNER_CONNECTING pgs=0 cs=0 l=1 rev1=0 crypto rx=0 tx=0 comp rx=0 tx=0)._handle_peer_banner_payload supported=3 required=0
2023-12-11T18:59:29.353 INFO:teuthology.orchestra.run.smithi061.stdout:/usr/bin/ceph: stderr
2023-12-11T18:59:28.703+0000 7fe18bfff700 1 --2- >> [v2:172.21.15.61:3300/0,v1:172.21.15.61:6789/0] conn(0x7fe18c070f80 0x7fe18c1133c0 unknown :-1 s=HELLO_CONNECTING pgs=0 cs=0 l=1 rev1=1 crypto rx=0 tx=0 comp rx=0 tx=0).handle_hello peer v2:172.21.15.61:3300/0 says I am v2:172.21.15.61:49542/0 (socket says 172.21.15.61:49542)
2023-12-11T18:59:29.353 INFO:teuthology.orchestra.run.smithi061.stdout:/usr/bin/ceph: stderr
2023-12-11T18:59:28.703+0000 7fe18bfff700 1 -- 172.21.15.61:0/2464540396 learned_addr learned my addr 172.21.15.61:0/2464540396 (peer_addr_for_me v2:172.21.15.61:0/0)
2023-12-11T18:59:29.353 INFO:teuthology.orchestra.run.smithi061.stdout:/usr/bin/ceph: stderr
2023-12-11T18:59:28.703+0000 7fe18bfff700 1 -- 172.21.15.61:0/2464540396 --> [v2:172.21.15.61:3300/0,v1:172.21.15.61:6789/0] -- mon_subscribe({config=0+,monmap=0+}) v3 -- 0x7fe17c0094f0 con 0x7fe18c070f80
2023-12-11T18:59:29.353 INFO:teuthology.orchestra.run.smithi061.stdout:/usr/bin/ceph: stderr
2023-12-11T18:59:28.703+0000 7fe18bfff700 1 --2- 172.21.15.61:0/2464540396 >> [v2:172.21.15.61:3300/0,v1:172.21.15.61:6789/0] conn(0x7fe18c070f80 0x7fe18c1133c0 secure :-1 s=READY pgs=81 cs=0 l=1 rev1=1 crypto rx=0x7fe17c006d40 tx=0x7fe17c009250 comp rx=0 tx=0).ready entity=mon.0 client_cookie=0 server_cookie=0 in_seq=0 out_seq=0
2023-12-11T18:59:29.353 INFO:teuthology.orchestra.run.smithi061.stdout:/usr/bin/ceph: stderr
2023-12-11T18:59:28.703+0000 7fe188ff9700 1 -- 172.21.15.61:0/2464540396 <== mon.0 v2:172.21.15.61:3300/0 1 ==== mon_map magic: 0 v1 ==== 229+0+0 (secure 0 0 0) 0x7fe17c010960 con 0x7fe18c070f80
2023-12-11T18:59:29.353 INFO:teuthology.orchestra.run.smithi061.stdout:/usr/bin/ceph: stderr
2023-12-11T18:59:28.703+0000 7fe19239a700 1 -- 172.21.15.61:0/2464540396 --> [v2:172.21.15.61:3300/0,v1:172.21.15.61:6789/0] -- mon_subscribe({mgrmap=0+}) v3 -- 0x7fe18c113b00 con 0x7fe18c070f80
2023-12-11T18:59:29.353 INFO:teuthology.orchestra.run.smithi061.stdout:/usr/bin/ceph: stderr
