2023-12-11T19:24:54.875+0000 7f6c427fc700 1 -- 172.21.15.81:0/1966989398 <== mon.0 v2:172.21.15.81:3300/0 2 ==== config(26 keys) v1 ==== 1009+0+0 (secure 0 0 0) 0x7f6c3400be30 con 0x7f6c44077b90
2023-12-11T19:24:55.414 INFO:teuthology.orchestra.run.smithi081.stdout:/usr/bin/ceph: stderr
2023-12-11T19:24:54.875+0000 7f6c427fc700 1 -- 172.21.15.81:0/1966989398 <== mon.0 v2:172.21.15.81:3300/0 3 ==== mon_map magic: 0 v1 ==== 229+0+0 (secure 0 0 0) 0x7f6c34010380 con 0x7f6c44077b90
2023-12-11T19:24:55.415 INFO:teuthology.orchestra.run.smithi081.stdout:/usr/bin/ceph: stderr
2023-12-11T19:24:54.876+0000 7f6c49a92700 1 -- 172.21.15.81:0/1966989398 >> [v2:172.21.15.81:3300/0,v1:172.21.15.81:6789/0] conn(0x7f6c44077b90 msgr2=0x7f6c440760a0 secure :-1 s=STATE_CONNECTION_ESTABLISHED l=1).mark_down
2023-12-11T19:24:55.415 INFO:teuthology.orchestra.run.smithi081.stdout:/usr/bin/ceph: stderr
2023-12-11T19:24:54.876+0000 7f6c49a92700 1 --2- 172.21.15.81:0/1966989398 >> [v2:172.21.15.81:3300/0,v1:172.21.15.81:6789/0] conn(0x7f6c44077b90 0x7f6c440760a0 secure :-1 s=READY pgs=37 cs=0 l=1 rev1=1 crypto rx=0x7f6c340098e0 tx=0x7f6c34009250 comp rx=0 tx=0).stop
2023-12-11T19:24:55.415 INFO:teuthology.orchestra.run.smithi081.stdout:/usr/bin/ceph: stderr
2023-12-11T19:24:54.876+0000 7f6c49a92700 1 -- 172.21.15.81:0/1966989398 shutdown_connections
2023-12-11T19:24:55.415 INFO:teuthology.orchestra.run.smithi081.stdout:/usr/bin/ceph: stderr
2023-12-11T19:24:54.876+0000 7f6c49a92700 1 --2- 172.21.15.81:0/1966989398 >> [v2:172.21.15.81:3300/0,v1:172.21.15.81:6789/0] conn(0x7f6c44077b90 0x7f6c440760a0 unknown :-1 s=CLOSED pgs=37 cs=0 l=1 rev1=1 crypto rx=0 tx=0 comp rx=0 tx=0).stop
2023-12-11T19:24:55.415 INFO:teuthology.orchestra.run.smithi081.stdout:/usr/bin/ceph: stderr
2023-12-11T19:24:54.876+0000 7f6c49a92700 1 -- 172.21.15.81:0/1966989398 >> 172.21.15.81:0/1966989398 conn(0x7f6c440fda50 msgr2=0x7f6c440ffe60 unknown :-1 s=STATE_NONE l=0).mark_down
2023-12-11T19:24:55.415 INFO:teuthology.orchestra.run.smithi081.stdout:/usr/bin/ceph: stderr
2023-12-11T19:24:54.876+0000 7f6c49a92700 1 -- 172.21.15.81:0/1966989398 shutdown_connections
2023-12-11T19:24:55.415 INFO:teuthology.orchestra.run.smithi081.stdout:/usr/bin/ceph: stderr
2023-12-11T19:24:54.876+0000 7f6c49a92700 1 -- 172.21.15.81:0/1966989398 wait complete.
2023-12-11T19:24:55.415 INFO:teuthology.orchestra.run.smithi081.stdout:/usr/bin/ceph: stderr
2023-12-11T19:24:54.877+0000 7f6c49a92700 1 Processor -- start
2023-12-11T19:24:55.415 INFO:teuthology.orchestra.run.smithi081.stdout:/usr/bin/ceph: stderr
2023-12-11T19:24:54.877+0000 7f6c49a92700 1 -- start start
2023-12-11T19:24:55.415 INFO:teuthology.orchestra.run.smithi081.stdout:/usr/bin/ceph: stderr
2023-12-11T19:24:54.878+0000 7f6c49a92700 1 --2- >> [v2:172.21.15.81:3300/0,v1:172.21.15.81:6789/0] conn(0x7f6c44077b90 0x7f6c44113380 unknown :-1 s=NONE pgs=0 cs=0 l=1 rev1=0 crypto rx=0 tx=0 comp rx=0 tx=0).connect
2023-12-11T19:24:55.415 INFO:teuthology.orchestra.run.smithi081.stdout:/usr/bin/ceph: stderr
2023-12-11T19:24:54.878+0000 7f6c49a92700 1 -- --> [v2:172.21.15.81:3300/0,v1:172.21.15.81:6789/0] -- mon_getmap magic: 0 v1 -- 0x7f6c441138c0 con 0x7f6c44077b90
2023-12-11T19:24:55.415 INFO:teuthology.orchestra.run.smithi081.stdout:/usr/bin/ceph: stderr
2023-12-11T19:24:54.878+0000 7f6c437fe700 1 --2- >> [v2:172.21.15.81:3300/0,v1:172.21.15.81:6789/0] conn(0x7f6c44077b90 0x7f6c44113380 unknown :-1 s=BANNER_CONNECTING pgs=0 cs=0 l=1 rev1=0 crypto rx=0 tx=0 comp rx=0 tx=0)._handle_peer_banner_payload supported=3 required=0
2023-12-11T19:24:55.415 INFO:teuthology.orchestra.run.smithi081.stdout:/usr/bin/ceph: stderr
2023-12-11T19:24:54.878+0000 7f6c437fe700 1 --2- >> [v2:172.21.15.81:3300/0,v1:172.21.15.81:6789/0] conn(0x7f6c44077b90 0x7f6c44113380 unknown :-1 s=HELLO_CONNECTING pgs=0 cs=0 l=1 rev1=1 crypto rx=0 tx=0 comp rx=0 tx=0).handle_hello peer v2:172.21.15.81:3300/0 says I am v2:172.21.15.81:37830/0 (socket says 172.21.15.81:37830)
2023-12-11T19:24:55.415 INFO:teuthology.orchestra.run.smithi081.stdout:/usr/bin/ceph: stderr
2023-12-11T19:24:54.878+0000 7f6c437fe700 1 -- 172.21.15.81:0/540156424 learned_addr learned my addr 172.21.15.81:0/540156424 (peer_addr_for_me v2:172.21.15.81:0/0)
2023-12-11T19:24:55.415 INFO:teuthology.orchestra.run.smithi081.stdout:/usr/bin/ceph: stderr
2023-12-11T19:24:54.878+0000 7f6c437fe700 1 -- 172.21.15.81:0/540156424 --> [v2:172.21.15.81:3300/0,v1:172.21.15.81:6789/0] -- mon_subscribe({config=0+,monmap=0+}) v3 -- 0x7f6c340094f0 con 0x7f6c44077b90
2023-12-11T19:24:55.416 INFO:teuthology.orchestra.run.smithi081.stdout:/usr/bin/ceph: stderr
2023-12-11T19:24:54.879+0000 7f6c437fe700 1 --2- 172.21.15.81:0/540156424 >> [v2:172.21.15.81:3300/0,v1:172.21.15.81:6789/0] conn(0x7f6c44077b90 0x7f6c44113380 secure :-1 s=READY pgs=38 cs=0 l=1 rev1=1 crypto rx=0x7f6c34006b00 tx=0x7f6c34009250 comp rx=0 tx=0).ready entity=mon.0 client_cookie=0 server_cookie=0 in_seq=0 out_seq=0
2023-12-11T19:24:55.416 INFO:teuthology.orchestra.run.smithi081.stdout:/usr/bin/ceph: stderr
2023-12-11T19:24:54.879+0000 7f6c2bfff700 1 -- 172.21.15.81:0/540156424 <== mon.0 v2:172.21.15.81:3300/0 1 ==== mon_map magic: 0 v1 ==== 229+0+0 (secure 0 0 0) 0x7f6c34010a80 con 0x7f6c44077b90
2023-12-11T19:24:55.416 INFO:teuthology.orchestra.run.smithi081.stdout:/usr/bin/ceph: stderr
2023-12-11T19:24:54.879+0000 7f6c2bfff700 1 -- 172.21.15.81:0/540156424 <== mon.0 v2:172.21.15.81:3300/0 2 ==== config(26 keys) v1 ==== 1009+0+0 (secure 0 0 0) 0x7f6c3401a430 con 0x7f6c44077b90
2023-12-11T19:24:55.416 INFO:teuthology.orchestra.run.smithi081.stdout:/usr/bin/ceph: stderr
2023-12-11T19:24:54.879+0000 7f6c2bfff700 1 -- 172.21.15.81:0/540156424 <== mon.0 v2:172.21.15.81:3300/0 3 ==== mon_map magic: 0 v1 ==== 229+0+0 (secure 0 0 0) 0x7f6c340245b0 con 0x7f6c44077b90
2023-12-11T19:24:55.416 INFO:teuthology.orchestra.run.smithi081.stdout:/usr/bin/ceph: stderr
2023-12-11T19:24:54.879+0000 7f6c49a92700 1 -- 172.21.15.81:0/540156424 --> [v2:172.21.15.81:3300/0,v1:172.21.15.81:6789/0] -- mon_subscribe({mgrmap=0+}) v3 -- 0x7f6c44113ac0 con 0x7f6c44077b90
2023-12-11T19:24:55.416 INFO:teuthology.orchestra.run.smithi081.stdout:/usr/bin/ceph: stderr
2023-12-11T19:24:54.879+0000 7f6c49a92700 1 -- 172.21.15.81:0/540156424 --> [v2:172.21.15.81:3300/0,v1:172.21.15.81:6789/0] -- mon_subscribe({osdmap=0}) v3 -- 0x7f6c44113ed0 con 0x7f6c44077b90
2023-12-11T19:24:55.416 INFO:teuthology.orchestra.run.smithi081.stdout:/usr/bin/ceph: stderr
2023-12-11T19:24:54.880+0000 7f6c2bfff700 1 -- 172.21.15.81:0/540156424 <== mon.0 v2:172.21.15.81:3300/0 4 ==== mgrmap(e 7) v1 ==== 43175+0+0 (secure 0 0 0) 0x7f6c34010be0 con 0x7f6c44077b90
2023-12-11T19:24:55.416 INFO:teuthology.orchestra.run.smithi081.stdout:/usr/bin/ceph: stderr
2023-12-11T19:24:54.880+0000 7f6c49a92700 1 -- 172.21.15.81:0/540156424 --> [v2:172.21.15.81:3300/0,v1:172.21.15.81:6789/0] -- mon_command({"prefix": "get_command_descriptions"} v 0) v1 -- 0x7f6c4404bb80 con 0x7f6c44077b90
2023-12-11T19:24:55.416 INFO:teuthology.orchestra.run.smithi081.stdout:/usr/bin/ceph: stderr
2023-12-11T19:24:54.881+0000 7f6c2bfff700 1 --2- 172.21.15.81:0/540156424 >> [v2:172.21.15.81:6800/1881334564,v1:172.21.15.81:6801/1881334564] conn(0x7f6c2c036510 0x7f6c2c0389c0 unknown :-1 s=NONE pgs=0 cs=0 l=1 rev1=0 crypto rx=0 tx=0 comp rx=0 tx=0).connect
2023-12-11T19:24:55.416 INFO:teuthology.orchestra.run.smithi081.stdout:/usr/bin/ceph: stderr
2023-12-11T19:24:54.881+0000 7f6c2bfff700 1 -- 172.21.15.81:0/540156424 <== mon.0 v2:172.21.15.81:3300/0 5 ==== osd_map(2..2 src has 1..2) v4 ==== 936+0+0 (secure 0 0 0) 0x7f6c3404a960 con 0x7f6c44077b90
2023-12-11T19:24:55.416 INFO:teuthology.orchestra.run.smithi081.stdout:/usr/bin/ceph: stderr
2023-12-11T19:24:54.881+0000 7f6c42ffd700 1 --2- 172.21.15.81:0/540156424 >> [v2:172.21.15.81:6800/1881334564,v1:172.21.15.81:6801/1881334564] conn(0x7f6c2c036510 0x7f6c2c0389c0 unknown :-1 s=BANNER_CONNECTING pgs=0 cs=0 l=1 rev1=0 crypto rx=0 tx=0 comp rx=0 tx=0)._handle_peer_banner_payload supported=3 required=0
2023-12-11T19:24:55.416 INFO:teuthology.orchestra.run.smithi081.stdout:/usr/bin/ceph: stderr
2023-12-11T19:24:54.881+0000 7f6c42ffd700 1 --2- 172.21.15.81:0/540156424 >> [v2:172.21.15.81:6800/1881334564,v1:172.21.15.81:6801/1881334564] conn(0x7f6c2c036510 0x7f6c2c0389c0 secure :-1 s=READY pgs=8 cs=0 l=1 rev1=1 crypto rx=0x7f6c38009990 tx=0x7f6c38006e40 comp rx=0 tx=0).ready entity=mgr.14118 client_cookie=0 server_cookie=0 in_seq=0 out_seq=0
2023-12-11T19:24:55.416 INFO:teuthology.orchestra.run.smithi081.stdout:/usr/bin/ceph: stderr
2023-12-11T19:24:54.885+0000 7f6c2bfff700 1 -- 172.21.15.81:0/540156424 <== mon.0 v2:172.21.15.81:3300/0 6 ==== mon_command_ack([{"prefix": "get_command_descriptions"}]=0 v0) v1 ==== 72+0+174570 (secure 0 0 0) 0x7f6c3401a5a0 con 0x7f6c44077b90
2023-12-11T19:24:55.416 INFO:teuthology.orchestra.run.smithi081.stdout:/usr/bin/ceph: stderr
2023-12-11T19:24:55.081+0000 7f6c49a92700 1 -- 172.21.15.81:0/540156424 --> [v2:172.21.15.81:6800/1881334564,v1:172.21.15.81:6801/1881334564] -- mgr_command(tid 0: {"prefix": "cephadm set-user", "user": "root", "target": ["mon-mgr", ""]}) v1 -- 0x7f6c4410d1b0 con 0x7f6c2c036510
2023-12-11T19:24:55.417 INFO:teuthology.orchestra.run.smithi081.stdout:/usr/bin/ceph: stderr
2023-12-11T19:24:55.082+0000 7f6c2bfff700 1 -- 172.21.15.81:0/540156424 <== mgr.14118 v2:172.21.15.81:6800/1881334564 1 ==== mgr_command_reply(tid 0: 0 ) v1 ==== 8+0+16 (secure 0 0 0) 0x7f6c4410d1b0 con 0x7f6c2c036510
2023-12-11T19:24:55.417 INFO:teuthology.orchestra.run.smithi081.stdout:/usr/bin/ceph: stderr
2023-12-11T19:24:55.084+0000 7f6c49a92700 1 -- 172.21.15.81:0/540156424 >> [v2:172.21.15.81:6800/1881334564,v1:172.21.15.81:6801/1881334564] conn(0x7f6c2c036510 msgr2=0x7f6c2c0389c0 secure :-1 s=STATE_CONNECTION_ESTABLISHED l=1).mark_down
2023-12-11T19:24:55.417 INFO:teuthology.orchestra.run.smithi081.stdout:/usr/bin/ceph: stderr
2023-12-11T19:24:55.084+0000 7f6c49a92700 1 --2- 172.21.15.81:0/540156424 >> [v2:172.21.15.81:6800/1881334564,v1:172.21.15.81:6801/1881334564] conn(0x7f6c2c036510 0x7f6c2c0389c0 secure :-1 s=READY pgs=8 cs=0 l=1 rev1=1 crypto rx=0x7f6c38009990 tx=0x7f6c38006e40 comp rx=0 tx=0).stop
2023-12-11T19:24:55.417 INFO:teuthology.orchestra.run.smithi081.stdout:/usr/bin/ceph: stderr
2023-12-11T19:24:55.084+0000 7f6c49a92700 1 -- 172.21.15.81:0/540156424 >> [v2:172.21.15.81:3300/0,v1:172.21.15.81:6789/0] conn(0x7f6c44077b90 msgr2=0x7f6c44113380 secure :-1 s=STATE_CONNECTION_ESTABLISHED l=1).mark_down
2023-12-11T19:24:55.417 INFO:teuthology.orchestra.run.smithi081.stdout:/usr/bin/ceph: stderr
2023-12-11T19:24:55.084+0000 7f6c49a92700 1 --2- 172.21.15.81:0/540156424 >> [v2:172.21.15.81:3300/0,v1:172.21.15.81:6789/0] conn(0x7f6c44077b90 0x7f6c44113380 secure :-1 s=READY pgs=38 cs=0 l=1 rev1=1 crypto rx=0x7f6c34006b00 tx=0x7f6c34009250 comp rx=0 tx=0).stop
2023-12-11T19:24:55.417 INFO:teuthology.orchestra.run.smithi081.stdout:/usr/bin/ceph: stderr
2023-12-11T19:24:55.084+0000 7f6c49a92700 1 -- 172.21.15.81:0/540156424 shutdown_connections
2023-12-11T19:24:55.417 INFO:teuthology.orchestra.run.smithi081.stdout:/usr/bin/ceph: stderr
2023-12-11T19:24:55.084+0000 7f6c49a92700 1 --2- 172.21.15.81:0/540156424 >> [v2:172.21.15.81:6800/1881334564,v1:172.21.15.81:6801/1881334564] conn(0x7f6c2c036510 0x7f6c2c0389c0 unknown :-1 s=CLOSED pgs=8 cs=0 l=1 rev1=1 crypto rx=0 tx=0 comp rx=0 tx=0).stop
2023-12-11T19:24:55.417 INFO:teuthology.orchestra.run.smithi081.stdout:/usr/bin/ceph: stderr
2023-12-11T19:24:55.084+0000 7f6c49a92700 1 --2- 172.21.15.81:0/540156424 >> [v2:172.21.15.81:3300/0,v1:172.21.15.81:6789/0] conn(0x7f6c44077b90 0x7f6c44113380 unknown :-1 s=CLOSED pgs=38 cs=0 l=1 rev1=1 crypto rx=0 tx=0 comp rx=0 tx=0).stop
2023-12-11T19:24:55.417 INFO:teuthology.orchestra.run.smithi081.stdout:/usr/bin/ceph: stderr
2023-12-11T19:24:55.084+0000 7f6c49a92700 1 -- 172.21.15.81:0/540156424 >> 172.21.15.81:0/540156424 conn(0x7f6c440fda50 msgr2=0x7f6c440ffe50 unknown :-1 s=STATE_NONE l=0).mark_down
2023-12-11T19:24:55.417 INFO:teuthology.orchestra.run.smithi081.stdout:/usr/bin/ceph: stderr
2023-12-11T19:24:55.084+0000 7f6c49a92700 1 -- 172.21.15.81:0/540156424 shutdown_connections
2023-12-11T19:24:55.417 INFO:teuthology.orchestra.run.smithi081.stdout:/usr/bin/ceph: stderr
2023-12-11T19:24:55.084+0000 7f6c49a92700 1 -- 172.21.15.81:0/540156424 wait complete.
2023-12-11T19:24:55.417 INFO:teuthology.orchestra.run.smithi081.stdout:Generating ssh key...
2023-12-11T19:24:56.293 INFO:journalctl@ceph.mon.smithi081.smithi081.stdout:Dec 11 19:24:55 smithi081 ceph-mon[107119]: from='client.14130 -' entity='client.admin' cmd=[{"prefix": "orch set backend", "module_name": "cephadm", "target": ["mon-mgr", ""]}]: dispatch
2023-12-11T19:24:56.293 INFO:journalctl@ceph.mon.smithi081.smithi081.stdout:Dec 11 19:24:55 smithi081 ceph-mon[107119]: mgrmap e8: smithi081.peaiay(active, since 2s)
2023-12-11T19:24:56.641 INFO:teuthology.orchestra.run.smithi081.stdout:/usr/bin/ceph: stderr
2023-12-11T19:24:55.813+0000 7fd3d7f72700 1 Processor -- start
2023-12-11T19:24:56.641 INFO:teuthology.orchestra.run.smithi081.stdout:/usr/bin/ceph: stderr
2023-12-11T19:24:55.813+0000 7fd3d7f72700 1 -- start start
2023-12-11T19:24:56.641 INFO:teuthology.orchestra.run.smithi081.stdout:/usr/bin/ceph: stderr
2023-12-11T19:24:55.814+0000 7fd3d7f72700 1 --2- >> [v2:172.21.15.81:3300/0,v1:172.21.15.81:6789/0] conn(0x7fd3d0077bb0 0x7fd3d00760c0 unknown :-1 s=NONE pgs=0 cs=0 l=0 rev1=0 crypto rx=0 tx=0 comp rx=0 tx=0).connect
2023-12-11T19:24:56.641 INFO:teuthology.orchestra.run.smithi081.stdout:/usr/bin/ceph: stderr
2023-12-11T19:24:55.814+0000 7fd3d7f72700 1 -- --> [v2:172.21.15.81:3300/0,v1:172.21.15.81:6789/0] -- mon_getmap magic: 0 v1 -- 0x7fd3d0077fc0 con 0x7fd3d0077bb0
2023-12-11T19:24:56.642 INFO:teuthology.orchestra.run.smithi081.stdout:/usr/bin/ceph: stderr
2023-12-11T19:24:55.814+0000 7fd3d5d0e700 1 --2- >> [v2:172.21.15.81:3300/0,v1:172.21.15.81:6789/0] conn(0x7fd3d0077bb0 0x7fd3d00760c0 unknown :-1 s=BANNER_CONNECTING pgs=0 cs=0 l=0 rev1=0 crypto rx=0 tx=0 comp rx=0 tx=0)._handle_peer_banner_payload supported=3 required=0
2023-12-11T19:24:56.642 INFO:teuthology.orchestra.run.smithi081.stdout:/usr/bin/ceph: stderr
2023-12-11T19:24:55.814+0000 7fd3d5d0e700 1 --2- >> [v2:172.21.15.81:3300/0,v1:172.21.15.81:6789/0] conn(0x7fd3d0077bb0 0x7fd3d00760c0 unknown :-1 s=HELLO_CONNECTING pgs=0 cs=0 l=0 rev1=1 crypto rx=0 tx=0 comp rx=0 tx=0).handle_hello peer v2:172.21.15.81:3300/0 says I am v2:172.21.15.81:47818/0 (socket says 172.21.15.81:47818)
2023-12-11T19:24:56.642 INFO:teuthology.orchestra.run.smithi081.stdout:/usr/bin/ceph: stderr
2023-12-11T19:24:55.814+0000 7fd3d5d0e700 1 -- 172.21.15.81:0/1310603407 learned_addr learned my addr 172.21.15.81:0/1310603407 (peer_addr_for_me v2:172.21.15.81:0/0)
2023-12-11T19:24:56.642 INFO:teuthology.orchestra.run.smithi081.stdout:/usr/bin/ceph: stderr
2023-12-11T19:24:55.814+0000 7fd3d5d0e700 1 -- 172.21.15.81:0/1310603407 --> [v2:172.21.15.81:3300/0,v1:172.21.15.81:6789/0] -- mon_subscribe({config=0+,monmap=0+}) v3 -- 0x7fd3d0076600 con 0x7fd3d0077bb0
2023-12-11T19:24:56.642 INFO:teuthology.orchestra.run.smithi081.stdout:/usr/bin/ceph: stderr
2023-12-11T19:24:55.815+0000 7fd3d5d0e700 1 --2- 172.21.15.81:0/1310603407 >> [v2:172.21.15.81:3300/0,v1:172.21.15.81:6789/0] conn(0x7fd3d0077bb0 0x7fd3d00760c0 secure :-1 s=READY pgs=39 cs=0 l=1 rev1=1 crypto rx=0x7fd3cc0098e0 tx=0x7fd3cc009250 comp rx=0 tx=0).ready entity=mon.0 client_cookie=6441c01d20520e77 server_cookie=0 in_seq=0 out_seq=0
2023-12-11T19:24:56.642 INFO:teuthology.orchestra.run.smithi081.stdout:/usr/bin/ceph: stderr
2023-12-11T19:24:55.815+0000 7fd3d4d0c700 1 -- 172.21.15.81:0/1310603407 <== mon.0 v2:172.21.15.81:3300/0 1 ==== mon_map magic: 0 v1 ==== 229+0+0 (secure 0 0 0) 0x7fd3cc00b860 con 0x7fd3d0077bb0
2023-12-11T19:24:56.642 INFO:teuthology.orchestra.run.smithi081.stdout:/usr/bin/ceph: stderr
2023-12-11T19:24:55.815+0000 7fd3d4d0c700 1 -- 172.21.15.81:0/1310603407 <== mon.0 v2:172.21.15.81:3300/0 2 ==== config(26 keys) v1 ==== 1009+0+0 (secure 0 0 0) 0x7fd3cc00be30 con 0x7fd3d0077bb0
2023-12-11T19:24:56.642 INFO:teuthology.orchestra.run.smithi081.stdout:/usr/bin/ceph: stderr
2023-12-11T19:24:55.815+0000 7fd3d4d0c700 1 -- 172.21.15.81:0/1310603407 <== mon.0 v2:172.21.15.81:3300/0 3 ==== mon_map magic: 0 v1 ==== 229+0+0 (secure 0 0 0) 0x7fd3cc010380 con 0x7fd3d0077bb0
2023-12-11T19:24:56.642 INFO:teuthology.orchestra.run.smithi081.stdout:/usr/bin/ceph: stderr
2023-12-11T19:24:55.815+0000 7fd3d7f72700 1 -- 172.21.15.81:0/1310603407 >> [v2:172.21.15.81:3300/0,v1:172.21.15.81:6789/0] conn(0x7fd3d0077bb0 msgr2=0x7fd3d00760c0 secure :-1 s=STATE_CONNECTION_ESTABLISHED l=1).mark_down
2023-12-11T19:24:56.642 INFO:teuthology.orchestra.run.smithi081.stdout:/usr/bin/ceph: stderr
2023-12-11T19:24:55.816+0000 7fd3d7f72700 1 --2- 172.21.15.81:0/1310603407 >> [v2:172.21.15.81:3300/0,v1:172.21.15.81:6789/0] conn(0x7fd3d0077bb0 0x7fd3d00760c0 secure :-1 s=READY pgs=39 cs=0 l=1 rev1=1 crypto rx=0x7fd3cc0098e0 tx=0x7fd3cc009250 comp rx=0 tx=0).stop
2023-12-11T19:24:56.642 INFO:teuthology.orchestra.run.smithi081.stdout:/usr/bin/ceph: stderr
2023-12-11T19:24:55.816+0000 7fd3d7f72700 1 -- 172.21.15.81:0/1310603407 shutdown_connections
2023-12-11T19:24:56.642 INFO:teuthology.orchestra.run.smithi081.stdout:/usr/bin/ceph: stderr
2023-12-11T19:24:55.816+0000 7fd3d7f72700 1 --2- 172.21.15.81:0/1310603407 >> [v2:172.21.15.81:3300/0,v1:172.21.15.81:6789/0] conn(0x7fd3d0077bb0 0x7fd3d00760c0 unknown :-1 s=CLOSED pgs=39 cs=0 l=1 rev1=1 crypto rx=0 tx=0 comp rx=0 tx=0).stop
2023-12-11T19:24:56.642 INFO:teuthology.orchestra.run.smithi081.stdout:/usr/bin/ceph: stderr
2023-12-11T19:24:55.816+0000 7fd3d7f72700 1 -- 172.21.15.81:0/1310603407 >> 172.21.15.81:0/1310603407 conn(0x7fd3d00fda50 msgr2=0x7fd3d00ffe60 unknown :-1 s=STATE_NONE l=0).mark_down
2023-12-11T19:24:56.643 INFO:teuthology.orchestra.run.smithi081.stdout:/usr/bin/ceph: stderr
2023-12-11T19:24:55.816+0000 7fd3d7f72700 1 -- 172.21.15.81:0/1310603407 shutdown_connections
2023-12-11T19:24:56.643 INFO:teuthology.orchestra.run.smithi081.stdout:/usr/bin/ceph: stderr
2023-12-11T19:24:55.816+0000 7fd3d7f72700 1 -- 172.21.15.81:0/1310603407 wait complete.
2023-12-11T19:24:56.643 INFO:teuthology.orchestra.run.smithi081.stdout:/usr/bin/ceph: stderr
2023-12-11T19:24:55.817+0000 7fd3d7f72700 1 Processor -- start
2023-12-11T19:24:56.643 INFO:teuthology.orchestra.run.smithi081.stdout:/usr/bin/ceph: stderr
2023-12-11T19:24:55.817+0000 7fd3d7f72700 1 -- start start
2023-12-11T19:24:56.643 INFO:teuthology.orchestra.run.smithi081.stdout:/usr/bin/ceph: stderr
2023-12-11T19:24:55.817+0000 7fd3d7f72700 1 --2- >> [v2:172.21.15.81:3300/0,v1:172.21.15.81:6789/0] conn(0x7fd3d0077bb0 0x7fd3d01133d0 unknown :-1 s=NONE pgs=0 cs=0 l=1 rev1=0 crypto rx=0 tx=0 comp rx=0 tx=0).connect
2023-12-11T19:24:56.643 INFO:teuthology.orchestra.run.smithi081.stdout:/usr/bin/ceph: stderr
2023-12-11T19:24:55.817+0000 7fd3d7f72700 1 -- --> [v2:172.21.15.81:3300/0,v1:172.21.15.81:6789/0] -- mon_getmap magic: 0 v1 -- 0x7fd3d0113910 con 0x7fd3d0077bb0
2023-12-11T19:24:56.643 INFO:teuthology.orchestra.run.smithi081.stdout:/usr/bin/ceph: stderr
2023-12-11T19:24:55.817+0000 7fd3d5d0e700 1 --2- >> [v2:172.21.15.81:3300/0,v1:172.21.15.81:6789/0] conn(0x7fd3d0077bb0 0x7fd3d01133d0 unknown :-1 s=BANNER_CONNECTING pgs=0 cs=0 l=1 rev1=0 crypto rx=0 tx=0 comp rx=0 tx=0)._handle_peer_banner_payload supported=3 required=0
2023-12-11T19:24:56.643 INFO:teuthology.orchestra.run.smithi081.stdout:/usr/bin/ceph: stderr
2023-12-11T19:24:55.817+0000 7fd3d5d0e700 1 --2- >> [v2:172.21.15.81:3300/0,v1:172.21.15.81:6789/0] conn(0x7fd3d0077bb0 0x7fd3d01133d0 unknown :-1 s=HELLO_CONNECTING pgs=0 cs=0 l=1 rev1=1 crypto rx=0 tx=0 comp rx=0 tx=0).handle_hello peer v2:172.21.15.81:3300/0 says I am v2:172.21.15.81:47826/0 (socket says 172.21.15.81:47826)
2023-12-11T19:24:56.643 INFO:teuthology.orchestra.run.smithi081.stdout:/usr/bin/ceph: stderr
2023-12-11T19:24:55.817+0000 7fd3d5d0e700 1 -- 172.21.15.81:0/2324675392 learned_addr learned my addr 172.21.15.81:0/2324675392 (peer_addr_for_me v2:172.21.15.81:0/0)
2023-12-11T19:24:56.644 INFO:teuthology.orchestra.run.smithi081.stdout:/usr/bin/ceph: stderr
2023-12-11T19:24:55.818+0000 7fd3d5d0e700 1 -- 172.21.15.81:0/2324675392 --> [v2:172.21.15.81:3300/0,v1:172.21.15.81:6789/0] -- mon_subscribe({config=0+,monmap=0+}) v3 -- 0x7fd3cc0094f0 con 0x7fd3d0077bb0
2023-12-11T19:24:56.644 INFO:teuthology.orchestra.run.smithi081.stdout:/usr/bin/ceph: stderr
2023-12-11T19:24:55.818+0000 7fd3d5d0e700 1 --2- 172.21.15.81:0/2324675392 >> [v2:172.21.15.81:3300/0,v1:172.21.15.81:6789/0] conn(0x7fd3d0077bb0 0x7fd3d01133d0 secure :-1 s=READY pgs=40 cs=0 l=1 rev1=1 crypto rx=0x7fd3cc006fd0 tx=0x7fd3cc009250 comp rx=0 tx=0).ready entity=mon.0 client_cookie=0 server_cookie=0 in_seq=0 out_seq=0
2023-12-11T19:24:56.644 INFO:teuthology.orchestra.run.smithi081.stdout:/usr/bin/ceph: stderr
2023-12-11T19:24:55.818+0000 7fd3c67fc700 1 -- 172.21.15.81:0/2324675392 <== mon.0 v2:172.21.15.81:3300/0 1 ==== mon_map magic: 0 v1 ==== 229+0+0 (secure 0 0 0) 0x7fd3cc010750 con 0x7fd3d0077bb0
2023-12-11T19:24:56.644 INFO:teuthology.orchestra.run.smithi081.stdout:/usr/bin/ceph: stderr
2023-12-11T19:24:55.818+0000 7fd3c67fc700 1 -- 172.21.15.81:0/2324675392 <== mon.0 v2:172.21.15.81:3300/0 2 ==== config(26 keys) v1 ==== 1009+0+0 (secure 0 0 0) 0x7fd3cc010d20 con 0x7fd3d0077bb0
2023-12-11T19:24:56.644 INFO:teuthology.orchestra.run.smithi081.stdout:/usr/bin/ceph: stderr
2023-12-11T19:24:55.818+0000 7fd3c67fc700 1 -- 172.21.15.81:0/2324675392 <== mon.0 v2:172.21.15.81:3300/0 3 ==== mon_map magic: 0 v1 ==== 229+0+0 (secure 0 0 0) 0x7fd3cc01ada0 con 0x7fd3d0077bb0
2023-12-11T19:24:56.644 INFO:teuthology.orchestra.run.smithi081.stdout:/usr/bin/ceph: stderr
2023-12-11T19:24:55.818+0000 7fd3d7f72700 1 -- 172.21.15.81:0/2324675392 --> [v2:172.21.15.81:3300/0,v1:172.21.15.81:6789/0] -- mon_subscribe({mgrmap=0+}) v3 -- 0x7fd3d0113b10 con 0x7fd3d0077bb0
2023-12-11T19:24:56.644 INFO:teuthology.orchestra.run.smithi081.stdout:/usr/bin/ceph: stderr
2023-12-11T19:24:55.818+0000 7fd3d7f72700 1 -- 172.21.15.81:0/2324675392 --> [v2:172.21.15.81:3300/0,v1:172.21.15.81:6789/0] -- mon_subscribe({osdmap=0}) v3 -- 0x7fd3d0113f20 con 0x7fd3d0077bb0
2023-12-11T19:24:56.644 INFO:teuthology.orchestra.run.smithi081.stdout:/usr/bin/ceph: stderr
2023-12-11T19:24:55.819+0000 7fd3c67fc700 1 -- 172.21.15.81:0/2324675392 <== mon.0 v2:172.21.15.81:3300/0 4 ==== mgrmap(e 8) v1 ==== 43281+0+0 (secure 0 0 0) 0x7fd3cc0108b0 con 0x7fd3d0077bb0
2023-12-11T19:24:56.644 INFO:teuthology.orchestra.run.smithi081.stdout:/usr/bin/ceph: stderr
2023-12-11T19:24:55.819+0000 7fd3d7f72700 1 -- 172.21.15.81:0/2324675392 --> [v2:172.21.15.81:3300/0,v1:172.21.15.81:6789/0] -- mon_command({"prefix": "get_command_descriptions"} v 0) v1 -- 0x7fd3d004bb80 con 0x7fd3d0077bb0
2023-12-11T19:24:56.644 INFO:teuthology.orchestra.run.smithi081.stdout:/usr/bin/ceph: stderr
2023-12-11T19:24:55.820+0000 7fd3c67fc700 1 --2- 172.21.15.81:0/2324675392 >> [v2:172.21.15.81:6800/1881334564,v1:172.21.15.81:6801/1881334564] conn(0x7fd3bc0365f0 0x7fd3bc038aa0 unknown :-1 s=NONE pgs=0 cs=0 l=1 rev1=0 crypto rx=0 tx=0 comp rx=0 tx=0).connect
2023-12-11T19:24:56.644 INFO:teuthology.orchestra.run.smithi081.stdout:/usr/bin/ceph: stderr
2023-12-11T19:24:55.820+0000 7fd3c67fc700 1 -- 172.21.15.81:0/2324675392 <== mon.0 v2:172.21.15.81:3300/0 5 ==== osd_map(2..2 src has 1..2) v4 ==== 936+0+0 (secure 0 0 0) 0x7fd3cc049c30 con 0x7fd3d0077bb0
2023-12-11T19:24:56.645 INFO:teuthology.orchestra.run.smithi081.stdout:/usr/bin/ceph: stderr
2023-12-11T19:24:55.820+0000 7fd3d550d700 1 --2- 172.21.15.81:0/2324675392 >> [v2:172.21.15.81:6800/1881334564,v1:172.21.15.81:6801/1881334564] conn(0x7fd3bc0365f0 0x7fd3bc038aa0 unknown :-1 s=BANNER_CONNECTING pgs=0 cs=0 l=1 rev1=0 crypto rx=0 tx=0 comp rx=0 tx=0)._handle_peer_banner_payload supported=3 required=0
2023-12-11T19:24:56.645 INFO:teuthology.orchestra.run.smithi081.stdout:/usr/bin/ceph: stderr
2023-12-11T19:24:55.821+0000 7fd3d550d700 1 --2- 172.21.15.81:0/2324675392 >> [v2:172.21.15.81:6800/1881334564,v1:172.21.15.81:6801/1881334564] conn(0x7fd3bc0365f0 0x7fd3bc038aa0 secure :-1 s=READY pgs=9 cs=0 l=1 rev1=1 crypto rx=0x7fd3c0009990 tx=0x7fd3c0006e40 comp rx=0 tx=0).ready entity=mgr.14118 client_cookie=0 server_cookie=0 in_seq=0 out_seq=0
2023-12-11T19:24:56.645 INFO:teuthology.orchestra.run.smithi081.stdout:/usr/bin/ceph: stderr
2023-12-11T19:24:55.826+0000 7fd3c67fc700 1 -- 172.21.15.81:0/2324675392 <== mon.0 v2:172.21.15.81:3300/0 6 ==== mon_command_ack([{"prefix": "get_command_descriptions"}]=0 v0) v1 ==== 72+0+174570 (secure 0 0 0) 0x7fd3cc01a5d0 con 0x7fd3d0077bb0
2023-12-11T19:24:56.645 INFO:teuthology.orchestra.run.smithi081.stdout:/usr/bin/ceph: stderr
2023-12-11T19:24:56.019+0000 7fd3d7f72700 1 -- 172.21.15.81:0/2324675392 --> [v2:172.21.15.81:6800/1881334564,v1:172.21.15.81:6801/1881334564] -- mgr_command(tid 0: {"prefix": "cephadm generate-key", "target": ["mon-mgr", ""]}) v1 -- 0x7fd3d010d200 con 0x7fd3bc0365f0
2023-12-11T19:24:56.645 INFO:teuthology.orchestra.run.smithi081.stdout:/usr/bin/ceph: stderr
2023-12-11T19:24:56.300+0000 7fd3c67fc700 1 -- 172.21.15.81:0/2324675392 <== mgr.14118 v2:172.21.15.81:6800/1881334564 1 ==== mgr_command_reply(tid 0: 0 ) v1 ==== 8+0+0 (secure 0 0 0) 0x7fd3d010d200 con 0x7fd3bc0365f0
2023-12-11T19:24:56.645 INFO:teuthology.orchestra.run.smithi081.stdout:/usr/bin/ceph: stderr
2023-12-11T19:24:56.302+0000 7fd3d7f72700 1 -- 172.21.15.81:0/2324675392 >> [v2:172.21.15.81:6800/1881334564,v1:172.21.15.81:6801/1881334564] conn(0x7fd3bc0365f0 msgr2=0x7fd3bc038aa0 secure :-1 s=STATE_CONNECTION_ESTABLISHED l=1).mark_down
2023-12-11T19:24:56.645 INFO:teuthology.orchestra.run.smithi081.stdout:/usr/bin/ceph: stderr
2023-12-11T19:24:56.302+0000 7fd3d7f72700 1 --2- 172.21.15.81:0/2324675392 >> [v2:172.21.15.81:6800/1881334564,v1:172.21.15.81:6801/1881334564] conn(0x7fd3bc0365f0 0x7fd3bc038aa0 secure :-1 s=READY pgs=9 cs=0 l=1 rev1=1 crypto rx=0x7fd3c0009990 tx=0x7fd3c0006e40 comp rx=0 tx=0).stop
2023-12-11T19:24:56.645 INFO:teuthology.orchestra.run.smithi081.stdout:/usr/bin/ceph: stderr
2023-12-11T19:24:56.302+0000 7fd3d7f72700 1 -- 172.21.15.81:0/2324675392 >> [v2:172.21.15.81:3300/0,v1:172.21.15.81:6789/0] conn(0x7fd3d0077bb0 msgr2=0x7fd3d01133d0 secure :-1 s=STATE_CONNECTION_ESTABLISHED l=1).mark_down
2023-12-11T19:24:56.645 INFO:teuthology.orchestra.run.smithi081.stdout:/usr/bin/ceph: stderr
2023-12-11T19:24:56.302+0000 7fd3d7f72700 1 --2- 172.21.15.81:0/2324675392 >> [v2:172.21.15.81:3300/0,v1:172.21.15.81:6789/0] conn(0x7fd3d0077bb0 0x7fd3d01133d0 secure :-1 s=READY pgs=40 cs=0 l=1 rev1=1 crypto rx=0x7fd3cc006fd0 tx=0x7fd3cc009250 comp rx=0 tx=0).stop
2023-12-11T19:24:56.645 INFO:teuthology.orchestra.run.smithi081.stdout:/usr/bin/ceph: stderr
2023-12-11T19:24:56.303+0000 7fd3d7f72700 1 -- 172.21.15.81:0/2324675392 shutdown_connections
2023-12-11T19:24:56.645 INFO:teuthology.orchestra.run.smithi081.stdout:/usr/bin/ceph: stderr
2023-12-11T19:24:56.303+0000 7fd3d7f72700 1 --2- 172.21.15.81:0/2324675392 >> [v2:172.21.15.81:6800/1881334564,v1:172.21.15.81:6801/1881334564] conn(0x7fd3bc0365f0 0x7fd3bc038aa0 unknown :-1 s=CLOSED pgs=9 cs=0 l=1 rev1=1 crypto rx=0 tx=0 comp rx=0 tx=0).stop
2023-12-11T19:24:56.645 INFO:teuthology.orchestra.run.smithi081.stdout:/usr/bin/ceph: stderr
2023-12-11T19:24:56.303+0000 7fd3d7f72700 1 --2- 172.21.15.81:0/2324675392 >> [v2:172.21.15.81:3300/0,v1:172.21.15.81:6789/0] conn(0x7fd3d0077bb0 0x7fd3d01133d0 unknown :-1 s=CLOSED pgs=40 cs=0 l=1 rev1=1 crypto rx=0 tx=0 comp rx=0 tx=0).stop
2023-12-11T19:24:56.645 INFO:teuthology.orchestra.run.smithi081.stdout:/usr/bin/ceph: stderr
2023-12-11T19:24:56.303+0000 7fd3d7f72700 1 -- 172.21.15.81:0/2324675392 >> 172.21.15.81:0/2324675392 conn(0x7fd3d00fda50 msgr2=0x7fd3d00ffe50 unknown :-1 s=STATE_NONE l=0).mark_down
2023-12-11T19:24:56.645 INFO:teuthology.orchestra.run.smithi081.stdout:/usr/bin/ceph: stderr
2023-12-11T19:24:56.303+0000 7fd3d7f72700 1 -- 172.21.15.81:0/2324675392 shutdown_connections
2023-12-11T19:24:56.646 INFO:teuthology.orchestra.run.smithi081.stdout:/usr/bin/ceph: stderr
2023-12-11T19:24:56.303+0000 7fd3d7f72700 1 -- 172.21.15.81:0/2324675392 wait complete.
2023-12-11T19:24:57.246 INFO:journalctl@ceph.mon.smithi081.smithi081.stdout:Dec 11 19:24:56 smithi081 ceph-mon[107119]: from='client.14132 -' entity='client.admin' cmd=[{"prefix": "cephadm set-user", "user": "root", "target": ["mon-mgr", ""]}]: dispatch
2023-12-11T19:24:57.246 INFO:journalctl@ceph.mon.smithi081.smithi081.stdout:Dec 11 19:24:56 smithi081 ceph-mon[107119]: from='mgr.14118 172.21.15.81:0/1575555536' entity='mgr.smithi081.peaiay'
2023-12-11T19:24:57.246 INFO:journalctl@ceph.mon.smithi081.smithi081.stdout:Dec 11 19:24:56 smithi081 ceph-mon[107119]: from='mgr.14118 172.21.15.81:0/1575555536' entity='mgr.smithi081.peaiay'
2023-12-11T19:24:57.563 INFO:teuthology.orchestra.run.smithi081.stdout:/usr/bin/ceph: stdout ssh-rsa AAAAB3NzaC1yc2EAAAADAQABAAABgQCuvW0fI4CmCXzFfq51YnTBGZdsRW2nMh5wWpuiQe6YGLSaJFFOojAZ/uF+2g8lModa3DaL9oE6XfK0tx2Erorgl1nOOC0gAn4adavqmFPbCFYuSZqz24q7roofRA8NRwHvxDWliK/DHjGzQwMwqLfVKgfDCH6tPo+jVv4WSXYZV8yNu1f1yys43X0yHvc57tfFoOQeyA+Xt1+2cMFpEG+o0qh60maCou578VhMPqlzu3+veuv73W+As+tid8l8CRzs5ob/QJmbblgzkIqVgWoXQUL9FM2GaS2DlStxdEHsb5/hmuAvWygpBKBCKPd1TIrogreVgSo3e44vW2DGQIIa9pSbYXM76ZkKOZmiiI1hkv76kPmPUeO8HseVpwHOvmubgxEbMHinVy4gC4yfMQtvZT0g/lPVxPaHKMJmQj8DnNinwiubaXoPu6HOOXYDdbXyYbRdKunPNobkfwTGVcfsq2o33wlxgccNQQoC4QOxTcYcMMHH0COOl5sgm6x4Dr0= ceph-bd6b2ba0-985a-11ee-95a3-87774f69a715
2023-12-11T19:24:57.563 INFO:teuthology.orchestra.run.smithi081.stdout:/usr/bin/ceph: stderr
2023-12-11T19:24:57.016+0000 7f1255f79700 1 Processor -- start
2023-12-11T19:24:57.564 INFO:teuthology.orchestra.run.smithi081.stdout:/usr/bin/ceph: stderr
2023-12-11T19:24:57.016+0000 7f1255f79700 1 -- start start
2023-12-11T19:24:57.564 INFO:teuthology.orchestra.run.smithi081.stdout:/usr/bin/ceph: stderr
2023-12-11T19:24:57.016+0000 7f1255f79700 1 --2- >> [v2:172.21.15.81:3300/0,v1:172.21.15.81:6789/0] conn(0x7f1250077bb0 0x7f12500760c0 unknown :-1 s=NONE pgs=0 cs=0 l=0 rev1=0 crypto rx=0 tx=0 comp rx=0 tx=0).connect
2023-12-11T19:24:57.564 INFO:teuthology.orchestra.run.smithi081.stdout:/usr/bin/ceph: stderr
2023-12-11T19:24:57.016+0000 7f1255f79700 1 -- --> [v2:172.21.15.81:3300/0,v1:172.21.15.81:6789/0] -- mon_getmap magic: 0 v1 -- 0x7f1250077fc0 con 0x7f1250077bb0
2023-12-11T19:24:57.564 INFO:teuthology.orchestra.run.smithi081.stdout:/usr/bin/ceph: stderr
2023-12-11T19:24:57.016+0000 7f124f7fe700 1 --2- >> [v2:172.21.15.81:3300/0,v1:172.21.15.81:6789/0] conn(0x7f1250077bb0 0x7f12500760c0 unknown :-1 s=BANNER_CONNECTING pgs=0 cs=0 l=0 rev1=0 crypto rx=0 tx=0 comp rx=0 tx=0)._handle_peer_banner_payload supported=3 required=0
2023-12-11T19:24:57.564 INFO:teuthology.orchestra.run.smithi081.stdout:/usr/bin/ceph: stderr
2023-12-11T19:24:57.016+0000 7f124f7fe700 1 --2- >> [v2:172.21.15.81:3300/0,v1:172.21.15.81:6789/0] conn(0x7f1250077bb0 0x7f12500760c0 unknown :-1 s=HELLO_CONNECTING pgs=0 cs=0 l=0 rev1=1 crypto rx=0 tx=0 comp rx=0 tx=0).handle_hello peer v2:172.21.15.81:3300/0 says I am v2:172.21.15.81:47842/0 (socket says 172.21.15.81:47842)
2023-12-11T19:24:57.564 INFO:teuthology.orchestra.run.smithi081.stdout:/usr/bin/ceph: stderr
2023-12-11T19:24:57.016+0000 7f124f7fe700 1 -- 172.21.15.81:0/1477003974 learned_addr learned my addr 172.21.15.81:0/1477003974 (peer_addr_for_me v2:172.21.15.81:0/0)
2023-12-11T19:24:57.564 INFO:teuthology.orchestra.run.smithi081.stdout:/usr/bin/ceph: stderr
2023-12-11T19:24:57.017+0000 7f124f7fe700 1 -- 172.21.15.81:0/1477003974 --> [v2:172.21.15.81:3300/0,v1:172.21.15.81:6789/0] -- mon_subscribe({config=0+,monmap=0+}) v3 -- 0x7f1250076600 con 0x7f1250077bb0
2023-12-11T19:24:57.564 INFO:teuthology.orchestra.run.smithi081.stdout:/usr/bin/ceph: stderr
2023-12-11T19:24:57.017+0000 7f124f7fe700 1 --2- 172.21.15.81:0/1477003974 >> [v2:172.21.15.81:3300/0,v1:172.21.15.81:6789/0] conn(0x7f1250077bb0 0x7f12500760c0 secure :-1 s=READY pgs=41 cs=0 l=1 rev1=1 crypto rx=0x7f12400098e0 tx=0x7f1240009250 comp rx=0 tx=0).ready entity=mon.0 client_cookie=f006d7b9e262521c server_cookie=0 in_seq=0 out_seq=0
2023-12-11T19:24:57.564 INFO:teuthology.orchestra.run.smithi081.stdout:/usr/bin/ceph: stderr
2023-12-11T19:24:57.017+0000 7f124e7fc700 1 -- 172.21.15.81:0/1477003974 <== mon.0 v2:172.21.15.81:3300/0 1 ==== mon_map magic: 0 v1 ==== 229+0+0 (secure 0 0 0) 0x7f124000b860 con 0x7f1250077bb0
2023-12-11T19:24:57.564 INFO:teuthology.orchestra.run.smithi081.stdout:/usr/bin/ceph: stderr
2023-12-11T19:24:57.017+0000 7f124e7fc700 1 -- 172.21.15.81:0/1477003974 <== mon.0 v2:172.21.15.81:3300/0 2 ==== config(26 keys) v1 ==== 1009+0+0 (secure 0 0 0) 0x7f124000be30 con 0x7f1250077bb0
2023-12-11T19:24:57.564 INFO:teuthology.orchestra.run.smithi081.stdout:/usr/bin/ceph: stderr
2023-12-11T19:24:57.017+0000 7f124e7fc700 1 -- 172.21.15.81:0/1477003974 <== mon.0 v2:172.21.15.81:3300/0 3 ==== mon_map magic: 0 v1 ==== 229+0+0 (secure 0 0 0) 0x7f1240010380 con 0x7f1250077bb0
2023-12-11T19:24:57.564 INFO:teuthology.orchestra.run.smithi081.stdout:/usr/bin/ceph: stderr
2023-12-11T19:24:57.018+0000 7f1255f79700 1 -- 172.21.15.81:0/1477003974 >> [v2:172.21.15.81:3300/0,v1:172.21.15.81:6789/0] conn(0x7f1250077bb0 msgr2=0x7f12500760c0 secure :-1 s=STATE_CONNECTION_ESTABLISHED l=1).mark_down
2023-12-11T19:24:57.564 INFO:teuthology.orchestra.run.smithi081.stdout:/usr/bin/ceph: stderr
2023-12-11T19:24:57.018+0000 7f1255f79700 1 --2- 172.21.15.81:0/1477003974 >> [v2:172.21.15.81:3300/0,v1:172.21.15.81:6789/0] conn(0x7f1250077bb0 0x7f12500760c0 secure :-1 s=READY pgs=41 cs=0 l=1 rev1=1 crypto rx=0x7f12400098e0 tx=0x7f1240009250 comp rx=0 tx=0).stop
2023-12-11T19:24:57.564 INFO:teuthology.orchestra.run.smithi081.stdout:/usr/bin/ceph: stderr
2023-12-11T19:24:57.018+0000 7f1255f79700 1 -- 172.21.15.81:0/1477003974 shutdown_connections
2023-12-11T19:24:57.565 INFO:teuthology.orchestra.run.smithi081.stdout:/usr/bin/ceph: stderr
2023-12-11T19:24:57.018+0000 7f1255f79700 1 --2- 172.21.15.81:0/1477003974 >> [v2:172.21.15.81:3300/0,v1:172.21.15.81:6789/0] conn(0x7f1250077bb0 0x7f12500760c0 unknown :-1 s=CLOSED pgs=41 cs=0 l=1 rev1=1 crypto rx=0 tx=0 comp rx=0 tx=0).stop
2023-12-11T19:24:57.565 INFO:teuthology.orchestra.run.smithi081.stdout:/usr/bin/ceph: stderr
2023-12-11T19:24:57.018+0000 7f1255f79700 1 -- 172.21.15.81:0/1477003974 >> 172.21.15.81:0/1477003974 conn(0x7f12500fda50 msgr2=0x7f12500ffe60 unknown :-1 s=STATE_NONE l=0).mark_down
2023-12-11T19:24:57.565 INFO:teuthology.orchestra.run.smithi081.stdout:/usr/bin/ceph: stderr
2023-12-11T19:24:57.018+0000 7f1255f79700 1 -- 172.21.15.81:0/1477003974 shutdown_connections
2023-12-11T19:24:57.565 INFO:teuthology.orchestra.run.smithi081.stdout:/usr/bin/ceph: stderr
2023-12-11T19:24:57.018+0000 7f1255f79700 1 -- 172.21.15.81:0/1477003974 wait complete.
2023-12-11T19:24:57.565 INFO:teuthology.orchestra.run.smithi081.stdout:/usr/bin/ceph: stderr
2023-12-11T19:24:57.019+0000 7f1255f79700 1 Processor -- start
2023-12-11T19:24:57.565 INFO:teuthology.orchestra.run.smithi081.stdout:/usr/bin/ceph: stderr
2023-12-11T19:24:57.019+0000 7f1255f79700 1 -- start start
2023-12-11T19:24:57.565 INFO:teuthology.orchestra.run.smithi081.stdout:/usr/bin/ceph: stderr
2023-12-11T19:24:57.020+0000 7f1255f79700 1 --2- >> [v2:172.21.15.81:3300/0,v1:172.21.15.81:6789/0] conn(0x7f1250077bb0 0x7f12501133d0 unknown :-1 s=NONE pgs=0 cs=0 l=1 rev1=0 crypto rx=0 tx=0 comp rx=0 tx=0).connect
2023-12-11T19:24:57.565 INFO:teuthology.orchestra.run.smithi081.stdout:/usr/bin/ceph: stderr
2023-12-11T19:24:57.020+0000 7f1255f79700 1 -- --> [v2:172.21.15.81:3300/0,v1:172.21.15.81:6789/0] -- mon_getmap magic: 0 v1 -- 0x7f1250113910 con 0x7f1250077bb0
2023-12-11T19:24:57.565 INFO:teuthology.orchestra.run.smithi081.stdout:/usr/bin/ceph: stderr
2023-12-11T19:24:57.020+0000 7f124f7fe700 1 --2- >> [v2:172.21.15.81:3300/0,v1:172.21.15.81:6789/0] conn(0x7f1250077bb0 0x7f12501133d0 unknown :-1 s=BANNER_CONNECTING pgs=0 cs=0 l=1 rev1=0 crypto rx=0 tx=0 comp rx=0 tx=0)._handle_peer_banner_payload supported=3 required=0
2023-12-11T19:24:57.565 INFO:teuthology.orchestra.run.smithi081.stdout:/usr/bin/ceph: stderr
2023-12-11T19:24:57.020+0000 7f124f7fe700 1 --2- >> [v2:172.21.15.81:3300/0,v1:172.21.15.81:6789/0] conn(0x7f1250077bb0 0x7f12501133d0 unknown :-1 s=HELLO_CONNECTING pgs=0 cs=0 l=1 rev1=1 crypto rx=0 tx=0 comp rx=0 tx=0).handle_hello peer v2:172.21.15.81:3300/0 says I am v2:172.21.15.81:47848/0 (socket says 172.21.15.81:47848)
2023-12-11T19:24:57.565 INFO:teuthology.orchestra.run.smithi081.stdout:/usr/bin/ceph: stderr
2023-12-11T19:24:57.020+0000 7f124f7fe700 1 -- 172.21.15.81:0/314399852 learned_addr learned my addr 172.21.15.81:0/314399852 (peer_addr_for_me v2:172.21.15.81:0/0)
2023-12-11T19:24:57.565 INFO:teuthology.orchestra.run.smithi081.stdout:/usr/bin/ceph: stderr
2023-12-11T19:24:57.020+0000 7f124f7fe700 1 -- 172.21.15.81:0/314399852 --> [v2:172.21.15.81:3300/0,v1:172.21.15.81:6789/0] -- mon_subscribe({config=0+,monmap=0+}) v3 -- 0x7f12400094f0 con 0x7f1250077bb0
2023-12-11T19:24:57.565 INFO:teuthology.orchestra.run.smithi081.stdout:/usr/bin/ceph: stderr
2023-12-11T19:24:57.021+0000 7f124f7fe700 1 --2- 172.21.15.81:0/314399852 >> [v2:172.21.15.81:3300/0,v1:172.21.15.81:6789/0] conn(0x7f1250077bb0 0x7f12501133d0 secure :-1 s=READY pgs=42 cs=0 l=1 rev1=1 crypto rx=0x7f1240006fd0 tx=0x7f1240009250 comp rx=0 tx=0).ready entity=mon.0 client_cookie=0 server_cookie=0 in_seq=0 out_seq=0
2023-12-11T19:24:57.565 INFO:teuthology.orchestra.run.smithi081.stdout:/usr/bin/ceph: stderr
2023-12-11T19:24:57.021+0000 7f1237fff700 1 -- 172.21.15.81:0/314399852 <== mon.0 v2:172.21.15.81:3300/0 1 ==== mon_map magic: 0 v1 ==== 229+0+0 (secure 0 0 0) 0x7f1240010750 con 0x7f1250077bb0
2023-12-11T19:24:57.566 INFO:teuthology.orchestra.run.smithi081.stdout:/usr/bin/ceph: stderr
2023-12-11T19:24:57.021+0000 7f1237fff700 1 -- 172.21.15.81:0/314399852 <== mon.0 v2:172.21.15.81:3300/0 2 ==== config(26 keys) v1 ==== 1009+0+0 (secure 0 0 0) 0x7f1240010d20 con 0x7f1250077bb0
2023-12-11T19:24:57.566 INFO:teuthology.orchestra.run.smithi081.stdout:/usr/bin/ceph: stderr
2023-12-11T19:24:57.021+0000 7f1255f79700 1 -- 172.21.15.81:0/314399852 --> [v2:172.21.15.81:3300/0,v1:172.21.15.81:6789/0] -- mon_subscribe({mgrmap=0+}) v3 -- 0x7f1250113b10 con 0x7f1250077bb0
2023-12-11T19:24:57.566 INFO:teuthology.orchestra.run.smithi081.stdout:/usr/bin/ceph: stderr
2023-12-11T19:24:57.021+0000 7f1237fff700 1 -- 172.21.15.81:0/314399852 <== mon.0 v2:172.21.15.81:3300/0 3 ==== mon_map magic: 0 v1 ==== 229+0+0 (secure 0 0 0) 0x7f124001ada0 con 0x7f1250077bb0
2023-12-11T19:24:57.566 INFO:teuthology.orchestra.run.smithi081.stdout:/usr/bin/ceph: stderr
2023-12-11T19:24:57.021+0000 7f1255f79700 1 -- 172.21.15.81:0/314399852 --> [v2:172.21.15.81:3300/0,v1:172.21.15.81:6789/0] -- mon_subscribe({osdmap=0}) v3 -- 0x7f1250113f20 con 0x7f1250077bb0
2023-12-11T19:24:57.566 INFO:teuthology.orchestra.run.smithi081.stdout:/usr/bin/ceph: stderr
2023-12-11T19:24:57.022+0000 7f1237fff700 1 -- 172.21.15.81:0/314399852 <== mon.0 v2:172.21.15.81:3300/0 4 ==== mgrmap(e 8) v1 ==== 43281+0+0 (secure 0 0 0) 0x7f12400108b0 con 0x7f1250077bb0
2023-12-11T19:24:57.566 INFO:teuthology.orchestra.run.smithi081.stdout:/usr/bin/ceph: stderr
2023-12-11T19:24:57.022+0000 7f1255f79700 1 -- 172.21.15.81:0/314399852 --> [v2:172.21.15.81:3300/0,v1:172.21.15.81:6789/0] -- mon_command({"prefix": "get_command_descriptions"} v 0) v1 -- 0x7f125004bb80 con 0x7f1250077bb0
2023-12-11T19:24:57.566 INFO:teuthology.orchestra.run.smithi081.stdout:/usr/bin/ceph: stderr
2023-12-11T19:24:57.022+0000 7f1237fff700 1 --2- 172.21.15.81:0/314399852 >> [v2:172.21.15.81:6800/1881334564,v1:172.21.15.81:6801/1881334564] conn(0x7f1238036640 0x7f1238038af0 unknown :-1 s=NONE pgs=0 cs=0 l=1 rev1=0 crypto rx=0 tx=0 comp rx=0 tx=0).connect
2023-12-11T19:24:57.566 INFO:teuthology.orchestra.run.smithi081.stdout:/usr/bin/ceph: stderr
2023-12-11T19:24:57.023+0000 7f1237fff700 1 -- 172.21.15.81:0/314399852 <== mon.0 v2:172.21.15.81:3300/0 5 ==== osd_map(2..2 src has 1..2) v4 ==== 936+0+0 (secure 0 0 0) 0x7f1240049be0 con 0x7f1250077bb0
2023-12-11T19:24:57.566 INFO:teuthology.orchestra.run.smithi081.stdout:/usr/bin/ceph: stderr
2023-12-11T19:24:57.023+0000 7f124effd700 1 --2- 172.21.15.81:0/314399852 >> [v2:172.21.15.81:6800/1881334564,v1:172.21.15.81:6801/1881334564] conn(0x7f1238036640 0x7f1238038af0 unknown :-1 s=BANNER_CONNECTING pgs=0 cs=0 l=1 rev1=0 crypto rx=0 tx=0 comp rx=0 tx=0)._handle_peer_banner_payload supported=3 required=0
2023-12-11T19:24:57.566 INFO:teuthology.orchestra.run.smithi081.stdout:/usr/bin/ceph: stderr
2023-12-11T19:24:57.023+0000 7f124effd700 1 --2- 172.21.15.81:0/314399852 >> [v2:172.21.15.81:6800/1881334564,v1:172.21.15.81:6801/1881334564] conn(0x7f1238036640 0x7f1238038af0 secure :-1 s=READY pgs=10 cs=0 l=1 rev1=1 crypto rx=0x7f1244009990 tx=0x7f1244006e40 comp rx=0 tx=0).ready entity=mgr.14118 client_cookie=0 server_cookie=0 in_seq=0 out_seq=0
2023-12-11T19:24:57.566 INFO:teuthology.orchestra.run.smithi081.stdout:/usr/bin/ceph: stderr
2023-12-11T19:24:57.027+0000 7f1237fff700 1 -- 172.21.15.81:0/314399852 <== mon.0 v2:172.21.15.81:3300/0 6 ==== mon_command_ack([{"prefix": "get_command_descriptions"}]=0 v0) v1 ==== 72+0+174570 (secure 0 0 0) 0x7f124002c350 con 0x7f1250077bb0
2023-12-11T19:24:57.566 INFO:teuthology.orchestra.run.smithi081.stdout:/usr/bin/ceph: stderr
2023-12-11T19:24:57.220+0000 7f1255f79700 1 -- 172.21.15.81:0/314399852 --> [v2:172.21.15.81:6800/1881334564,v1:172.21.15.81:6801/1881334564] -- mgr_command(tid 0: {"prefix": "cephadm get-pub-key", "target": ["mon-mgr", ""]}) v1 -- 0x7f12500008d0 con 0x7f1238036640
2023-12-11T19:24:57.566 INFO:teuthology.orchestra.run.smithi081.stdout:/usr/bin/ceph: stderr
2023-12-11T19:24:57.221+0000 7f1237fff700 1 -- 172.21.15.81:0/314399852 <== mgr.14118 v2:172.21.15.81:6800/1881334564 1 ==== mgr_command_reply(tid 0: 0 ) v1 ==== 8+0+595 (secure 0 0 0) 0x7f12500008d0 con 0x7f1238036640
2023-12-11T19:24:57.567 INFO:teuthology.orchestra.run.smithi081.stdout:/usr/bin/ceph: stderr
2023-12-11T19:24:57.223+0000 7f1255f79700 1 -- 172.21.15.81:0/314399852 >> [v2:172.21.15.81:6800/1881334564,v1:172.21.15.81:6801/1881334564] conn(0x7f1238036640 msgr2=0x7f1238038af0 secure :-1 s=STATE_CONNECTION_ESTABLISHED l=1).mark_down
2023-12-11T19:24:57.567 INFO:teuthology.orchestra.run.smithi081.stdout:/usr/bin/ceph: stderr
2023-12-11T19:24:57.223+0000 7f1255f79700 1 --2- 172.21.15.81:0/314399852 >> [v2:172.21.15.81:6800/1881334564,v1:172.21.15.81:6801/1881334564] conn(0x7f1238036640 0x7f1238038af0 secure :-1 s=READY pgs=10 cs=0 l=1 rev1=1 crypto rx=0x7f1244009990 tx=0x7f1244006e40 comp rx=0 tx=0).stop
2023-12-11T19:24:57.567 INFO:teuthology.orchestra.run.smithi081.stdout:/usr/bin/ceph: stderr
2023-12-11T19:24:57.223+0000 7f1255f79700 1 -- 172.21.15.81:0/314399852 >> [v2:172.21.15.81:3300/0,v1:172.21.15.81:6789/0] conn(0x7f1250077bb0 msgr2=0x7f12501133d0 secure :-1 s=STATE_CONNECTION_ESTABLISHED l=1).mark_down
2023-12-11T19:24:57.567 INFO:teuthology.orchestra.run.smithi081.stdout:/usr/bin/ceph: stderr
2023-12-11T19:24:57.223+0000 7f1255f79700 1 --2- 172.21.15.81:0/314399852 >> [v2:172.21.15.81:3300/0,v1:172.21.15.81:6789/0] conn(0x7f1250077bb0 0x7f12501133d0 secure :-1 s=READY pgs=42 cs=0 l=1 rev1=1 crypto rx=0x7f1240006fd0 tx=0x7f1240009250 comp rx=0 tx=0).stop
2023-12-11T19:24:57.567 INFO:teuthology.orchestra.run.smithi081.stdout:/usr/bin/ceph: stderr
2023-12-11T19:24:57.223+0000 7f1255f79700 1 -- 172.21.15.81:0/314399852 shutdown_connections
2023-12-11T19:24:57.567 INFO:teuthology.orchestra.run.smithi081.stdout:/usr/bin/ceph: stderr
2023-12-11T19:24:57.223+0000 7f1255f79700 1 --2- 172.21.15.81:0/314399852 >> [v2:172.21.15.81:6800/1881334564,v1:172.21.15.81:6801/1881334564] conn(0x7f1238036640 0x7f1238038af0 unknown :-1 s=CLOSED pgs=10 cs=0 l=1 rev1=1 crypto rx=0 tx=0 comp rx=0 tx=0).stop
2023-12-11T19:24:57.567 INFO:teuthology.orchestra.run.smithi081.stdout:/usr/bin/ceph: stderr
2023-12-11T19:24:57.223+0000 7f1255f79700 1 --2- 172.21.15.81:0/314399852 >> [v2:172.21.15.81:3300/0,v1:172.21.15.81:6789/0] conn(0x7f1250077bb0 0x7f12501133d0 unknown :-1 s=CLOSED pgs=42 cs=0 l=1 rev1=1 crypto rx=0 tx=0 comp rx=0 tx=0).stop
2023-12-11T19:24:57.567 INFO:teuthology.orchestra.run.smithi081.stdout:/usr/bin/ceph: stderr
2023-12-11T19:24:57.223+0000 7f1255f79700 1 -- 172.21.15.81:0/314399852 >> 172.21.15.81:0/314399852 conn(0x7f12500fda50 msgr2=0x7f12500ffe50 unknown :-1 s=STATE_NONE l=0).mark_down
2023-12-11T19:24:57.567 INFO:teuthology.orchestra.run.smithi081.stdout:/usr/bin/ceph: stderr
2023-12-11T19:24:57.223+0000 7f1255f79700 1 -- 172.21.15.81:0/314399852 shutdown_connections
2023-12-11T19:24:57.567 INFO:teuthology.orchestra.run.smithi081.stdout:/usr/bin/ceph: stderr
2023-12-11T19:24:57.223+0000 7f1255f79700 1 -- 172.21.15.81:0/314399852 wait complete.
2023-12-11T19:24:57.567 INFO:teuthology.orchestra.run.smithi081.stdout:Wrote public SSH key to /home/ubuntu/cephtest/ceph.pub
2023-12-11T19:24:57.567 INFO:teuthology.orchestra.run.smithi081.stdout:Adding key to root@localhost authorized_keys...
2023-12-11T19:24:57.567 INFO:teuthology.orchestra.run.smithi081.stdout:Adding host smithi081...
2023-12-11T19:24:58.211 INFO:journalctl@ceph.mon.smithi081.smithi081.stdout:Dec 11 19:24:57 smithi081 ceph-mon[107119]: from='client.14134 -' entity='client.admin' cmd=[{"prefix": "cephadm generate-key", "target": ["mon-mgr", ""]}]: dispatch
2023-12-11T19:24:58.211 INFO:journalctl@ceph.mon.smithi081.smithi081.stdout:Dec 11 19:24:57 smithi081 ceph-mon[107119]: Generating ssh key...
2023-12-11T19:24:59.114 INFO:journalctl@ceph.mon.smithi081.smithi081.stdout:Dec 11 19:24:58 smithi081 ceph-mon[107119]: from='client.14136 -' entity='client.admin' cmd=[{"prefix": "cephadm get-pub-key", "target": ["mon-mgr", ""]}]: dispatch
2023-12-11T19:25:00.223 INFO:journalctl@ceph.mon.smithi081.smithi081.stdout:Dec 11 19:24:59 smithi081 ceph-mon[107119]: from='client.14138 -' entity='client.admin' cmd=[{"prefix": "orch host add", "hostname": "smithi081", "addr": "172.21.15.81", "target": ["mon-mgr", ""]}]: dispatch
2023-12-11T19:25:01.110 INFO:teuthology.orchestra.run.smithi081.stdout:/usr/bin/ceph: stdout Added host 'smithi081' with addr '172.21.15.81'
2023-12-11T19:25:01.110 INFO:teuthology.orchestra.run.smithi081.stdout:/usr/bin/ceph: stderr
2023-12-11T19:24:57.926+0000 7fdbe2763700 1 Processor -- start
2023-12-11T19:25:01.110 INFO:teuthology.orchestra.run.smithi081.stdout:/usr/bin/ceph: stderr
2023-12-11T19:24:57.926+0000 7fdbe2763700 1 -- start start
2023-12-11T19:25:01.110 INFO:teuthology.orchestra.run.smithi081.stdout:/usr/bin/ceph: stderr
2023-12-11T19:24:57.926+0000 7fdbe2763700 1 --2- >> [v2:172.21.15.81:3300/0,v1:172.21.15.81:6789/0] conn(0x7fdbdc077bf0 0x7fdbdc076100 unknown :-1 s=NONE pgs=0 cs=0 l=0 rev1=0 crypto rx=0 tx=0 comp rx=0 tx=0).connect
2023-12-11T19:25:01.110 INFO:teuthology.orchestra.run.smithi081.stdout:/usr/bin/ceph: stderr
2023-12-11T19:24:57.926+0000 7fdbe2763700 1 -- --> [v2:172.21.15.81:3300/0,v1:172.21.15.81:6789/0] -- mon_getmap magic: 0 v1 -- 0x7fdbdc078000 con 0x7fdbdc077bf0
2023-12-11T19:25:01.110 INFO:teuthology.orchestra.run.smithi081.stdout:/usr/bin/ceph: stderr
2023-12-11T19:24:57.927+0000 7fdbdbfff700 1 --2- >> [v2:172.21.15.81:3300/0,v1:172.21.15.81:6789/0] conn(0x7fdbdc077bf0 0x7fdbdc076100 unknown :-1 s=BANNER_CONNECTING pgs=0 cs=0 l=0 rev1=0 crypto rx=0 tx=0 comp rx=0 tx=0)._handle_peer_banner_payload supported=3 required=0
2023-12-11T19:25:01.110 INFO:teuthology.orchestra.run.smithi081.stdout:/usr/bin/ceph: stderr
2023-12-11T19:24:57.927+0000 7fdbdbfff700 1 --2- >> [v2:172.21.15.81:3300/0,v1:172.21.15.81:6789/0] conn(0x7fdbdc077bf0 0x7fdbdc076100 unknown :-1 s=HELLO_CONNECTING pgs=0 cs=0 l=0 rev1=1 crypto rx=0 tx=0 comp rx=0 tx=0).handle_hello peer v2:172.21.15.81:3300/0 says I am v2:172.21.15.81:47862/0 (socket says 172.21.15.81:47862)
2023-12-11T19:25:01.110 INFO:teuthology.orchestra.run.smithi081.stdout:/usr/bin/ceph: stderr
2023-12-11T19:24:57.927+0000 7fdbdbfff700 1 -- 172.21.15.81:0/3616626756 learned_addr learned my addr 172.21.15.81:0/3616626756 (peer_addr_for_me v2:172.21.15.81:0/0)
2023-12-11T19:25:01.110 INFO:teuthology.orchestra.run.smithi081.stdout:/usr/bin/ceph: stderr
2023-12-11T19:24:57.927+0000 7fdbdbfff700 1 -- 172.21.15.81:0/3616626756 --> [v2:172.21.15.81:3300/0,v1:172.21.15.81:6789/0] -- mon_subscribe({config=0+,monmap=0+}) v3 -- 0x7fdbdc076640 con 0x7fdbdc077bf0
2023-12-11T19:25:01.110 INFO:teuthology.orchestra.run.smithi081.stdout:/usr/bin/ceph: stderr
2023-12-11T19:24:57.927+0000 7fdbdbfff700 1 --2- 172.21.15.81:0/3616626756 >> [v2:172.21.15.81:3300/0,v1:172.21.15.81:6789/0] conn(0x7fdbdc077bf0 0x7fdbdc076100 secure :-1 s=READY pgs=43 cs=0 l=1 rev1=1 crypto rx=0x7fdbcc0098e0 tx=0x7fdbcc009250 comp rx=0 tx=0).ready entity=mon.0 client_cookie=292921ecf240c307 server_cookie=0 in_seq=0 out_seq=0
2023-12-11T19:25:01.110 INFO:teuthology.orchestra.run.smithi081.stdout:/usr/bin/ceph: stderr
2023-12-11T19:24:57.928+0000 7fdbdaffd700 1 -- 172.21.15.81:0/3616626756 <== mon.0 v2:172.21.15.81:3300/0 1 ==== mon_map magic: 0 v1 ==== 229+0+0 (secure 0 0 0) 0x7fdbcc00b860 con 0x7fdbdc077bf0
2023-12-11T19:25:01.110 INFO:teuthology.orchestra.run.smithi081.stdout:/usr/bin/ceph: stderr
2023-12-11T19:24:57.928+0000 7fdbdaffd700 1 -- 172.21.15.81:0/3616626756 <== mon.0 v2:172.21.15.81:3300/0 2 ==== config(26 keys) v1 ==== 1009+0+0 (secure 0 0 0) 0x7fdbcc00be30 con 0x7fdbdc077bf0
2023-12-11T19:25:01.111 INFO:teuthology.orchestra.run.smithi081.stdout:/usr/bin/ceph: stderr
