2023-12-11T19:42:37.779 INFO:teuthology.orchestra.run.smithi073.stdout:/usr/bin/ceph: stderr
2023-12-11T19:42:35.073+0000 7f6b4b7fe700 1 -- 172.21.15.73:0/3813944570 <== mon.0 v2:172.21.15.73:3300/0 2 ==== config(26 keys) v1 ==== 1074+0+0 (secure 0 0 0) 0x7f6b4c003ba0 con 0x7f6b5c107830
2023-12-11T19:42:37.779 INFO:teuthology.orchestra.run.smithi073.stdout:/usr/bin/ceph: stderr
2023-12-11T19:42:35.073+0000 7f6b4b7fe700 1 -- 172.21.15.73:0/3813944570 <== mon.0 v2:172.21.15.73:3300/0 3 ==== mon_map magic: 0 v1 ==== 205+0+0 (secure 0 0 0) 0x7f6b4c01a750 con 0x7f6b5c107830
2023-12-11T19:42:37.779 INFO:teuthology.orchestra.run.smithi073.stdout:/usr/bin/ceph: stderr
2023-12-11T19:42:35.073+0000 7f6b60cf6700 1 -- 172.21.15.73:0/3813944570 --> [v2:172.21.15.73:3300/0,v1:172.21.15.73:6789/0] -- mon_subscribe({osdmap=0}) v3 -- 0x7f6b5c19b5d0 con 0x7f6b5c107830
2023-12-11T19:42:37.779 INFO:teuthology.orchestra.run.smithi073.stdout:/usr/bin/ceph: stderr
2023-12-11T19:42:35.073+0000 7f6b4b7fe700 1 -- 172.21.15.73:0/3813944570 <== mon.0 v2:172.21.15.73:3300/0 4 ==== mgrmap(e 4) v1 ==== 45569+0+0 (secure 0 0 0) 0x7f6b4c01a9d0 con 0x7f6b5c107830
2023-12-11T19:42:37.779 INFO:teuthology.orchestra.run.smithi073.stdout:/usr/bin/ceph: stderr
2023-12-11T19:42:35.074+0000 7f6b4b7fe700 1 --2- 172.21.15.73:0/3813944570 >> [v2:172.21.15.73:6800/3805554242,v1:172.21.15.73:6801/3805554242] conn(0x7f6b44038780 0x7f6b4403ac40 unknown :-1 s=NONE pgs=0 cs=0 l=1 rev1=0 crypto rx=0 tx=0 comp rx=0 tx=0).connect
2023-12-11T19:42:37.779 INFO:teuthology.orchestra.run.smithi073.stdout:/usr/bin/ceph: stderr
2023-12-11T19:42:35.074+0000 7f6b60cf6700 1 -- 172.21.15.73:0/3813944570 --> [v2:172.21.15.73:3300/0,v1:172.21.15.73:6789/0] -- mon_command({"prefix": "get_command_descriptions"} v 0) v1 -- 0x7f6b5c10aeb0 con 0x7f6b5c107830
2023-12-11T19:42:37.779 INFO:teuthology.orchestra.run.smithi073.stdout:/usr/bin/ceph: stderr
2023-12-11T19:42:35.074+0000 7f6b4b7fe700 1 -- 172.21.15.73:0/3813944570 <== mon.0 v2:172.21.15.73:3300/0 5 ==== osd_map(1..1 src has 1..1) v4 ==== 725+0+0 (secure 0 0 0) 0x7f6b4c04c4f0 con 0x7f6b5c107830
2023-12-11T19:42:37.780 INFO:teuthology.orchestra.run.smithi073.stdout:/usr/bin/ceph: stderr
2023-12-11T19:42:35.074+0000 7f6b59d9b700 1 --2- 172.21.15.73:0/3813944570 >> [v2:172.21.15.73:6800/3805554242,v1:172.21.15.73:6801/3805554242] conn(0x7f6b44038780 0x7f6b4403ac40 unknown :-1 s=BANNER_CONNECTING pgs=0 cs=0 l=1 rev1=0 crypto rx=0 tx=0 comp rx=0 tx=0)._handle_peer_banner_payload supported=3 required=0
2023-12-11T19:42:37.780 INFO:teuthology.orchestra.run.smithi073.stdout:/usr/bin/ceph: stderr
2023-12-11T19:42:35.074+0000 7f6b59d9b700 1 --2- 172.21.15.73:0/3813944570 >> [v2:172.21.15.73:6800/3805554242,v1:172.21.15.73:6801/3805554242] conn(0x7f6b44038780 0x7f6b4403ac40 secure :-1 s=READY pgs=6 cs=0 l=1 rev1=1 crypto rx=0x7f6b50006fd0 tx=0x7f6b50006e40 comp rx=0 tx=0).ready entity=mgr.14100 client_cookie=0 server_cookie=0 in_seq=0 out_seq=0
2023-12-11T19:42:37.780 INFO:teuthology.orchestra.run.smithi073.stdout:/usr/bin/ceph: stderr
2023-12-11T19:42:35.079+0000 7f6b4b7fe700 1 -- 172.21.15.73:0/3813944570 <== mon.0 v2:172.21.15.73:3300/0 6 ==== mon_command_ack([{"prefix": "get_command_descriptions"}]=0 v0) v1 ==== 72+0+180949 (secure 0 0 0) 0x7f6b4c018db0 con 0x7f6b5c107830
2023-12-11T19:42:37.780 INFO:teuthology.orchestra.run.smithi073.stdout:/usr/bin/ceph: stderr
2023-12-11T19:42:35.341+0000 7f6b60cf6700 1 -- 172.21.15.73:0/3813944570 --> [v2:172.21.15.73:3300/0,v1:172.21.15.73:6789/0] -- mon_command({"prefix": "status", "format": "json-pretty"} v 0) v1 -- 0x7f6b5c10b040 con 0x7f6b5c107830
2023-12-11T19:42:37.780 INFO:teuthology.orchestra.run.smithi073.stdout:/usr/bin/ceph: stderr
2023-12-11T19:42:35.342+0000 7f6b4b7fe700 1 -- 172.21.15.73:0/3813944570 <== mon.0 v2:172.21.15.73:3300/0 7 ==== mon_command_ack([{"prefix": "status", "format": "json-pretty"}]=0 v0) v1 ==== 79+0+1238 (secure 0 0 0) 0x7f6b4c018350 con 0x7f6b5c107830
2023-12-11T19:42:37.780 INFO:teuthology.orchestra.run.smithi073.stdout:/usr/bin/ceph: stderr
2023-12-11T19:42:35.344+0000 7f6b60cf6700 1 -- 172.21.15.73:0/3813944570 >> [v2:172.21.15.73:6800/3805554242,v1:172.21.15.73:6801/3805554242] conn(0x7f6b44038780 msgr2=0x7f6b4403ac40 secure :-1 s=STATE_CONNECTION_ESTABLISHED l=1).mark_down
2023-12-11T19:42:37.780 INFO:teuthology.orchestra.run.smithi073.stdout:/usr/bin/ceph: stderr
2023-12-11T19:42:35.344+0000 7f6b60cf6700 1 --2- 172.21.15.73:0/3813944570 >> [v2:172.21.15.73:6800/3805554242,v1:172.21.15.73:6801/3805554242] conn(0x7f6b44038780 0x7f6b4403ac40 secure :-1 s=READY pgs=6 cs=0 l=1 rev1=1 crypto rx=0x7f6b50006fd0 tx=0x7f6b50006e40 comp rx=0 tx=0).stop
2023-12-11T19:42:37.780 INFO:teuthology.orchestra.run.smithi073.stdout:/usr/bin/ceph: stderr
2023-12-11T19:42:35.344+0000 7f6b60cf6700 1 -- 172.21.15.73:0/3813944570 >> [v2:172.21.15.73:3300/0,v1:172.21.15.73:6789/0] conn(0x7f6b5c107830 msgr2=0x7f6b5c19a9f0 secure :-1 s=STATE_CONNECTION_ESTABLISHED l=1).mark_down
2023-12-11T19:42:37.780 INFO:teuthology.orchestra.run.smithi073.stdout:/usr/bin/ceph: stderr
2023-12-11T19:42:35.344+0000 7f6b60cf6700 1 --2- 172.21.15.73:0/3813944570 >> [v2:172.21.15.73:3300/0,v1:172.21.15.73:6789/0] conn(0x7f6b5c107830 0x7f6b5c19a9f0 secure :-1 s=READY pgs=19 cs=0 l=1 rev1=1 crypto rx=0x7f6b4c009fb0 tx=0x7f6b4c011ad0 comp rx=0 tx=0).stop
2023-12-11T19:42:37.780 INFO:teuthology.orchestra.run.smithi073.stdout:/usr/bin/ceph: stderr
2023-12-11T19:42:35.344+0000 7f6b60cf6700 1 -- 172.21.15.73:0/3813944570 shutdown_connections
2023-12-11T19:42:37.780 INFO:teuthology.orchestra.run.smithi073.stdout:/usr/bin/ceph: stderr
2023-12-11T19:42:35.344+0000 7f6b60cf6700 1 --2- 172.21.15.73:0/3813944570 >> [v2:172.21.15.73:6800/3805554242,v1:172.21.15.73:6801/3805554242] conn(0x7f6b44038780 0x7f6b4403ac40 unknown :-1 s=CLOSED pgs=6 cs=0 l=1 rev1=1 crypto rx=0 tx=0 comp rx=0 tx=0).stop
2023-12-11T19:42:37.780 INFO:teuthology.orchestra.run.smithi073.stdout:/usr/bin/ceph: stderr
2023-12-11T19:42:35.344+0000 7f6b60cf6700 1 --2- 172.21.15.73:0/3813944570 >> [v2:172.21.15.73:3300/0,v1:172.21.15.73:6789/0] conn(0x7f6b5c107830 0x7f6b5c19a9f0 unknown :-1 s=CLOSED pgs=19 cs=0 l=1 rev1=1 crypto rx=0 tx=0 comp rx=0 tx=0).stop
2023-12-11T19:42:37.780 INFO:teuthology.orchestra.run.smithi073.stdout:/usr/bin/ceph: stderr
2023-12-11T19:42:35.344+0000 7f6b60cf6700 1 -- 172.21.15.73:0/3813944570 >> 172.21.15.73:0/3813944570 conn(0x7f6b5c1011c0 msgr2=0x7f6b5c101d20 unknown :-1 s=STATE_NONE l=0).mark_down
2023-12-11T19:42:37.780 INFO:teuthology.orchestra.run.smithi073.stdout:/usr/bin/ceph: stderr
2023-12-11T19:42:35.344+0000 7f6b60cf6700 1 -- 172.21.15.73:0/3813944570 shutdown_connections
2023-12-11T19:42:37.780 INFO:teuthology.orchestra.run.smithi073.stdout:/usr/bin/ceph: stderr
2023-12-11T19:42:35.344+0000 7f6b60cf6700 1 -- 172.21.15.73:0/3813944570 wait complete.
2023-12-11T19:42:37.781 INFO:teuthology.orchestra.run.smithi073.stdout:mgr is available
2023-12-11T19:42:40.381 INFO:journalctl@ceph.mon.a.smithi073.stdout:Dec 11 19:42:40 smithi073 ceph-mon[98917]: from='client.? 172.21.15.73:0/4120060717' entity='client.admin' cmd=[{"prefix": "config assimilate-conf"}]: dispatch
2023-12-11T19:42:40.429 INFO:teuthology.orchestra.run.smithi073.stdout:/usr/bin/ceph: stdout
2023-12-11T19:42:40.429 INFO:teuthology.orchestra.run.smithi073.stdout:/usr/bin/ceph: stdout [global]
2023-12-11T19:42:40.429 INFO:teuthology.orchestra.run.smithi073.stdout:/usr/bin/ceph: stdout fsid = 47117a38-985d-11ee-95a3-87774f69a715
2023-12-11T19:42:40.429 INFO:teuthology.orchestra.run.smithi073.stdout:/usr/bin/ceph: stdout mon_osd_allow_pg_remap = true
2023-12-11T19:42:40.429 INFO:teuthology.orchestra.run.smithi073.stdout:/usr/bin/ceph: stdout mon_osd_allow_primary_affinity = true
2023-12-11T19:42:40.429 INFO:teuthology.orchestra.run.smithi073.stdout:/usr/bin/ceph: stdout mon_warn_on_no_sortbitwise = false
2023-12-11T19:42:40.429 INFO:teuthology.orchestra.run.smithi073.stdout:/usr/bin/ceph: stdout osd_crush_chooseleaf_type = 0
2023-12-11T19:42:40.430 INFO:teuthology.orchestra.run.smithi073.stdout:/usr/bin/ceph: stdout
2023-12-11T19:42:40.430 INFO:teuthology.orchestra.run.smithi073.stdout:/usr/bin/ceph: stdout [mgr]
2023-12-11T19:42:40.430 INFO:teuthology.orchestra.run.smithi073.stdout:/usr/bin/ceph: stdout mgr/telemetry/nag = false
2023-12-11T19:42:40.430 INFO:teuthology.orchestra.run.smithi073.stdout:/usr/bin/ceph: stdout
2023-12-11T19:42:40.430 INFO:teuthology.orchestra.run.smithi073.stdout:/usr/bin/ceph: stdout [osd]
2023-12-11T19:42:40.430 INFO:teuthology.orchestra.run.smithi073.stdout:/usr/bin/ceph: stdout mon_osd_backfillfull_ratio = 0.85
2023-12-11T19:42:40.430 INFO:teuthology.orchestra.run.smithi073.stdout:/usr/bin/ceph: stdout mon_osd_full_ratio = 0.9
2023-12-11T19:42:40.430 INFO:teuthology.orchestra.run.smithi073.stdout:/usr/bin/ceph: stdout mon_osd_nearfull_ratio = 0.8
2023-12-11T19:42:40.430 INFO:teuthology.orchestra.run.smithi073.stdout:/usr/bin/ceph: stdout osd_map_max_advance = 10
2023-12-11T19:42:40.430 INFO:teuthology.orchestra.run.smithi073.stdout:/usr/bin/ceph: stdout osd_sloppy_crc = true
2023-12-11T19:42:40.430 INFO:teuthology.orchestra.run.smithi073.stdout:/usr/bin/ceph: stderr
2023-12-11T19:42:39.825+0000 7f4c11b5b700 1 Processor -- start
2023-12-11T19:42:40.430 INFO:teuthology.orchestra.run.smithi073.stdout:/usr/bin/ceph: stderr
2023-12-11T19:42:39.825+0000 7f4c11b5b700 1 -- start start
2023-12-11T19:42:40.430 INFO:teuthology.orchestra.run.smithi073.stdout:/usr/bin/ceph: stderr
2023-12-11T19:42:39.826+0000 7f4c11b5b700 1 --2- >> [v2:172.21.15.73:3300/0,v1:172.21.15.73:6789/0] conn(0x7f4c0c106ce0 0x7f4c0c107100 unknown :-1 s=NONE pgs=0 cs=0 l=0 rev1=0 crypto rx=0 tx=0 comp rx=0 tx=0).connect
2023-12-11T19:42:40.430 INFO:teuthology.orchestra.run.smithi073.stdout:/usr/bin/ceph: stderr
2023-12-11T19:42:39.826+0000 7f4c11b5b700 1 -- --> [v2:172.21.15.73:3300/0,v1:172.21.15.73:6789/0] -- mon_getmap magic: 0 v1 -- 0x7f4c0c1076d0 con 0x7f4c0c106ce0
2023-12-11T19:42:40.430 INFO:teuthology.orchestra.run.smithi073.stdout:/usr/bin/ceph: stderr
2023-12-11T19:42:39.826+0000 7f4c0b7fe700 1 --2- >> [v2:172.21.15.73:3300/0,v1:172.21.15.73:6789/0] conn(0x7f4c0c106ce0 0x7f4c0c107100 unknown :-1 s=BANNER_CONNECTING pgs=0 cs=0 l=0 rev1=0 crypto rx=0 tx=0 comp rx=0 tx=0)._handle_peer_banner_payload supported=3 required=0
2023-12-11T19:42:40.431 INFO:teuthology.orchestra.run.smithi073.stdout:/usr/bin/ceph: stderr
2023-12-11T19:42:39.826+0000 7f4c0b7fe700 1 --2- >> [v2:172.21.15.73:3300/0,v1:172.21.15.73:6789/0] conn(0x7f4c0c106ce0 0x7f4c0c107100 unknown :-1 s=HELLO_CONNECTING pgs=0 cs=0 l=0 rev1=1 crypto rx=0 tx=0 comp rx=0 tx=0).handle_hello peer v2:172.21.15.73:3300/0 says I am v2:172.21.15.73:53206/0 (socket says 172.21.15.73:53206)
2023-12-11T19:42:40.431 INFO:teuthology.orchestra.run.smithi073.stdout:/usr/bin/ceph: stderr
2023-12-11T19:42:39.826+0000 7f4c0b7fe700 1 -- 172.21.15.73:0/3853475806 learned_addr learned my addr 172.21.15.73:0/3853475806 (peer_addr_for_me v2:172.21.15.73:0/0)
2023-12-11T19:42:40.431 INFO:teuthology.orchestra.run.smithi073.stdout:/usr/bin/ceph: stderr
2023-12-11T19:42:39.826+0000 7f4c0b7fe700 1 -- 172.21.15.73:0/3853475806 --> [v2:172.21.15.73:3300/0,v1:172.21.15.73:6789/0] -- mon_subscribe({config=0+,monmap=0+}) v3 -- 0x7f4c0c107ee0 con 0x7f4c0c106ce0
2023-12-11T19:42:40.431 INFO:teuthology.orchestra.run.smithi073.stdout:/usr/bin/ceph: stderr
2023-12-11T19:42:39.826+0000 7f4c0b7fe700 1 --2- 172.21.15.73:0/3853475806 >> [v2:172.21.15.73:3300/0,v1:172.21.15.73:6789/0] conn(0x7f4c0c106ce0 0x7f4c0c107100 secure :-1 s=READY pgs=20 cs=0 l=1 rev1=1 crypto rx=0x7f4c000098a0 tx=0x7f4c00009bb0 comp rx=0 tx=0).ready entity=mon.0 client_cookie=b8d2c1aec60b545c server_cookie=0 in_seq=0 out_seq=0
2023-12-11T19:42:40.431 INFO:teuthology.orchestra.run.smithi073.stdout:/usr/bin/ceph: stderr
2023-12-11T19:42:39.827+0000 7f4c0a7fc700 1 -- 172.21.15.73:0/3853475806 <== mon.0 v2:172.21.15.73:3300/0 1 ==== mon_map magic: 0 v1 ==== 205+0+0 (secure 0 0 0) 0x7f4c00004160 con 0x7f4c0c106ce0
2023-12-11T19:42:40.431 INFO:teuthology.orchestra.run.smithi073.stdout:/usr/bin/ceph: stderr
2023-12-11T19:42:39.827+0000 7f4c0a7fc700 1 -- 172.21.15.73:0/3853475806 <== mon.0 v2:172.21.15.73:3300/0 2 ==== config(26 keys) v1 ==== 1074+0+0 (secure 0 0 0) 0x7f4c000042c0 con 0x7f4c0c106ce0
2023-12-11T19:42:40.431 INFO:teuthology.orchestra.run.smithi073.stdout:/usr/bin/ceph: stderr
2023-12-11T19:42:39.827+0000 7f4c0a7fc700 1 -- 172.21.15.73:0/3853475806 <== mon.0 v2:172.21.15.73:3300/0 3 ==== mon_map magic: 0 v1 ==== 205+0+0 (secure 0 0 0) 0x7f4c00011a00 con 0x7f4c0c106ce0
2023-12-11T19:42:40.431 INFO:teuthology.orchestra.run.smithi073.stdout:/usr/bin/ceph: stderr
2023-12-11T19:42:39.827+0000 7f4c11b5b700 1 -- 172.21.15.73:0/3853475806 >> [v2:172.21.15.73:3300/0,v1:172.21.15.73:6789/0] conn(0x7f4c0c106ce0 msgr2=0x7f4c0c107100 secure :-1 s=STATE_CONNECTION_ESTABLISHED l=1).mark_down
2023-12-11T19:42:40.431 INFO:teuthology.orchestra.run.smithi073.stdout:/usr/bin/ceph: stderr
2023-12-11T19:42:39.827+0000 7f4c11b5b700 1 --2- 172.21.15.73:0/3853475806 >> [v2:172.21.15.73:3300/0,v1:172.21.15.73:6789/0] conn(0x7f4c0c106ce0 0x7f4c0c107100 secure :-1 s=READY pgs=20 cs=0 l=1 rev1=1 crypto rx=0x7f4c000098a0 tx=0x7f4c00009bb0 comp rx=0 tx=0).stop
2023-12-11T19:42:40.431 INFO:teuthology.orchestra.run.smithi073.stdout:/usr/bin/ceph: stderr
2023-12-11T19:42:39.827+0000 7f4c11b5b700 1 -- 172.21.15.73:0/3853475806 shutdown_connections
2023-12-11T19:42:40.431 INFO:teuthology.orchestra.run.smithi073.stdout:/usr/bin/ceph: stderr
2023-12-11T19:42:39.827+0000 7f4c11b5b700 1 --2- 172.21.15.73:0/3853475806 >> [v2:172.21.15.73:3300/0,v1:172.21.15.73:6789/0] conn(0x7f4c0c106ce0 0x7f4c0c107100 unknown :-1 s=CLOSED pgs=20 cs=0 l=1 rev1=1 crypto rx=0 tx=0 comp rx=0 tx=0).stop
2023-12-11T19:42:40.431 INFO:teuthology.orchestra.run.smithi073.stdout:/usr/bin/ceph: stderr
2023-12-11T19:42:39.827+0000 7f4c11b5b700 1 -- 172.21.15.73:0/3853475806 >> 172.21.15.73:0/3853475806 conn(0x7f4c0c1022e0 msgr2=0x7f4c0c104700 unknown :-1 s=STATE_NONE l=0).mark_down
2023-12-11T19:42:40.431 INFO:teuthology.orchestra.run.smithi073.stdout:/usr/bin/ceph: stderr
2023-12-11T19:42:39.827+0000 7f4c11b5b700 1 -- 172.21.15.73:0/3853475806 shutdown_connections
2023-12-11T19:42:40.431 INFO:teuthology.orchestra.run.smithi073.stdout:/usr/bin/ceph: stderr
2023-12-11T19:42:39.827+0000 7f4c11b5b700 1 -- 172.21.15.73:0/3853475806 wait complete.
2023-12-11T19:42:40.432 INFO:teuthology.orchestra.run.smithi073.stdout:/usr/bin/ceph: stderr
2023-12-11T19:42:39.828+0000 7f4c11b5b700 1 Processor -- start
2023-12-11T19:42:40.432 INFO:teuthology.orchestra.run.smithi073.stdout:/usr/bin/ceph: stderr
2023-12-11T19:42:39.828+0000 7f4c11b5b700 1 -- start start
2023-12-11T19:42:40.432 INFO:teuthology.orchestra.run.smithi073.stdout:/usr/bin/ceph: stderr
2023-12-11T19:42:39.828+0000 7f4c11b5b700 1 --2- >> [v2:172.21.15.73:3300/0,v1:172.21.15.73:6789/0] conn(0x7f4c0c106ce0 0x7f4c0c19aa50 unknown :-1 s=NONE pgs=0 cs=0 l=1 rev1=0 crypto rx=0 tx=0 comp rx=0 tx=0).connect
2023-12-11T19:42:40.432 INFO:teuthology.orchestra.run.smithi073.stdout:/usr/bin/ceph: stderr
2023-12-11T19:42:39.828+0000 7f4c11b5b700 1 -- --> [v2:172.21.15.73:3300/0,v1:172.21.15.73:6789/0] -- mon_getmap magic: 0 v1 -- 0x7f4c0c19af90 con 0x7f4c0c106ce0
2023-12-11T19:42:40.432 INFO:teuthology.orchestra.run.smithi073.stdout:/usr/bin/ceph: stderr
2023-12-11T19:42:39.828+0000 7f4c0b7fe700 1 --2- >> [v2:172.21.15.73:3300/0,v1:172.21.15.73:6789/0] conn(0x7f4c0c106ce0 0x7f4c0c19aa50 unknown :-1 s=BANNER_CONNECTING pgs=0 cs=0 l=1 rev1=0 crypto rx=0 tx=0 comp rx=0 tx=0)._handle_peer_banner_payload supported=3 required=0
2023-12-11T19:42:40.432 INFO:teuthology.orchestra.run.smithi073.stdout:/usr/bin/ceph: stderr
2023-12-11T19:42:39.828+0000 7f4c0b7fe700 1 --2- >> [v2:172.21.15.73:3300/0,v1:172.21.15.73:6789/0] conn(0x7f4c0c106ce0 0x7f4c0c19aa50 unknown :-1 s=HELLO_CONNECTING pgs=0 cs=0 l=1 rev1=1 crypto rx=0 tx=0 comp rx=0 tx=0).handle_hello peer v2:172.21.15.73:3300/0 says I am v2:172.21.15.73:53208/0 (socket says 172.21.15.73:53208)
2023-12-11T19:42:40.432 INFO:teuthology.orchestra.run.smithi073.stdout:/usr/bin/ceph: stderr
2023-12-11T19:42:39.828+0000 7f4c0b7fe700 1 -- 172.21.15.73:0/4120060717 learned_addr learned my addr 172.21.15.73:0/4120060717 (peer_addr_for_me v2:172.21.15.73:0/0)
2023-12-11T19:42:40.432 INFO:teuthology.orchestra.run.smithi073.stdout:/usr/bin/ceph: stderr
2023-12-11T19:42:39.828+0000 7f4c0b7fe700 1 -- 172.21.15.73:0/4120060717 --> [v2:172.21.15.73:3300/0,v1:172.21.15.73:6789/0] -- mon_subscribe({config=0+,monmap=0+}) v3 -- 0x7f4c00009550 con 0x7f4c0c106ce0
2023-12-11T19:42:40.432 INFO:teuthology.orchestra.run.smithi073.stdout:/usr/bin/ceph: stderr
2023-12-11T19:42:39.829+0000 7f4c0b7fe700 1 --2- 172.21.15.73:0/4120060717 >> [v2:172.21.15.73:3300/0,v1:172.21.15.73:6789/0] conn(0x7f4c0c106ce0 0x7f4c0c19aa50 secure :-1 s=READY pgs=21 cs=0 l=1 rev1=1 crypto rx=0x7f4c00009fb0 tx=0x7f4c00011ad0 comp rx=0 tx=0).ready entity=mon.0 client_cookie=0 server_cookie=0 in_seq=0 out_seq=0
2023-12-11T19:42:40.432 INFO:teuthology.orchestra.run.smithi073.stdout:/usr/bin/ceph: stderr
2023-12-11T19:42:39.829+0000 7f4c08ff9700 1 -- 172.21.15.73:0/4120060717 <== mon.0 v2:172.21.15.73:3300/0 1 ==== mon_map magic: 0 v1 ==== 205+0+0 (secure 0 0 0) 0x7f4c00003a40 con 0x7f4c0c106ce0
2023-12-11T19:42:40.432 INFO:teuthology.orchestra.run.smithi073.stdout:/usr/bin/ceph: stderr
2023-12-11T19:42:39.829+0000 7f4c08ff9700 1 -- 172.21.15.73:0/4120060717 <== mon.0 v2:172.21.15.73:3300/0 2 ==== config(26 keys) v1 ==== 1074+0+0 (secure 0 0 0) 0x7f4c00003ba0 con 0x7f4c0c106ce0
2023-12-11T19:42:40.432 INFO:teuthology.orchestra.run.smithi073.stdout:/usr/bin/ceph: stderr
2023-12-11T19:42:39.829+0000 7f4c11b5b700 1 -- 172.21.15.73:0/4120060717 --> [v2:172.21.15.73:3300/0,v1:172.21.15.73:6789/0] -- mon_subscribe({mgrmap=0+}) v3 -- 0x7f4c0c19b190 con 0x7f4c0c106ce0
2023-12-11T19:42:40.432 INFO:teuthology.orchestra.run.smithi073.stdout:/usr/bin/ceph: stderr
2023-12-11T19:42:39.829+0000 7f4c08ff9700 1 -- 172.21.15.73:0/4120060717 <== mon.0 v2:172.21.15.73:3300/0 3 ==== mon_map magic: 0 v1 ==== 205+0+0 (secure 0 0 0) 0x7f4c0001a750 con 0x7f4c0c106ce0
2023-12-11T19:42:40.432 INFO:teuthology.orchestra.run.smithi073.stdout:/usr/bin/ceph: stderr
2023-12-11T19:42:39.829+0000 7f4c11b5b700 1 -- 172.21.15.73:0/4120060717 --> [v2:172.21.15.73:3300/0,v1:172.21.15.73:6789/0] -- mon_subscribe({osdmap=0}) v3 -- 0x7f4c0c19b630 con 0x7f4c0c106ce0
2023-12-11T19:42:40.432 INFO:teuthology.orchestra.run.smithi073.stdout:/usr/bin/ceph: stderr
2023-12-11T19:42:39.830+0000 7f4c08ff9700 1 -- 172.21.15.73:0/4120060717 <== mon.0 v2:172.21.15.73:3300/0 4 ==== mgrmap(e 4) v1 ==== 45569+0+0 (secure 0 0 0) 0x7f4c0001a9d0 con 0x7f4c0c106ce0
2023-12-11T19:42:40.433 INFO:teuthology.orchestra.run.smithi073.stdout:/usr/bin/ceph: stderr
2023-12-11T19:42:39.830+0000 7f4c08ff9700 1 --2- 172.21.15.73:0/4120060717 >> [v2:172.21.15.73:6800/3805554242,v1:172.21.15.73:6801/3805554242] conn(0x7f4bf4038780 0x7f4bf403ac40 unknown :-1 s=NONE pgs=0 cs=0 l=1 rev1=0 crypto rx=0 tx=0 comp rx=0 tx=0).connect
2023-12-11T19:42:40.433 INFO:teuthology.orchestra.run.smithi073.stdout:/usr/bin/ceph: stderr
2023-12-11T19:42:39.830+0000 7f4c11b5b700 1 -- 172.21.15.73:0/4120060717 --> [v2:172.21.15.73:3300/0,v1:172.21.15.73:6789/0] -- mon_command({"prefix": "get_command_descriptions"} v 0) v1 -- 0x7f4c0c10b0d0 con 0x7f4c0c106ce0
2023-12-11T19:42:40.433 INFO:teuthology.orchestra.run.smithi073.stdout:/usr/bin/ceph: stderr
2023-12-11T19:42:39.830+0000 7f4c08ff9700 1 -- 172.21.15.73:0/4120060717 <== mon.0 v2:172.21.15.73:3300/0 5 ==== osd_map(1..1 src has 1..1) v4 ==== 725+0+0 (secure 0 0 0) 0x7f4c0004c4d0 con 0x7f4c0c106ce0
2023-12-11T19:42:40.433 INFO:teuthology.orchestra.run.smithi073.stdout:/usr/bin/ceph: stderr
2023-12-11T19:42:39.830+0000 7f4c0affd700 1 --2- 172.21.15.73:0/4120060717 >> [v2:172.21.15.73:6800/3805554242,v1:172.21.15.73:6801/3805554242] conn(0x7f4bf4038780 0x7f4bf403ac40 unknown :-1 s=BANNER_CONNECTING pgs=0 cs=0 l=1 rev1=0 crypto rx=0 tx=0 comp rx=0 tx=0)._handle_peer_banner_payload supported=3 required=0
2023-12-11T19:42:40.433 INFO:teuthology.orchestra.run.smithi073.stdout:/usr/bin/ceph: stderr
2023-12-11T19:42:39.830+0000 7f4c0affd700 1 --2- 172.21.15.73:0/4120060717 >> [v2:172.21.15.73:6800/3805554242,v1:172.21.15.73:6801/3805554242] conn(0x7f4bf4038780 0x7f4bf403ac40 secure :-1 s=READY pgs=7 cs=0 l=1 rev1=1 crypto rx=0x7f4bfc006fd0 tx=0x7f4bfc006e40 comp rx=0 tx=0).ready entity=mgr.14100 client_cookie=0 server_cookie=0 in_seq=0 out_seq=0
2023-12-11T19:42:40.433 INFO:teuthology.orchestra.run.smithi073.stdout:/usr/bin/ceph: stderr
2023-12-11T19:42:39.835+0000 7f4c08ff9700 1 -- 172.21.15.73:0/4120060717 <== mon.0 v2:172.21.15.73:3300/0 6 ==== mon_command_ack([{"prefix": "get_command_descriptions"}]=0 v0) v1 ==== 72+0+180949 (secure 0 0 0) 0x7f4c00018db0 con 0x7f4c0c106ce0
2023-12-11T19:42:40.433 INFO:teuthology.orchestra.run.smithi073.stdout:/usr/bin/ceph: stderr
2023-12-11T19:42:40.023+0000 7f4c11b5b700 1 -- 172.21.15.73:0/4120060717 --> [v2:172.21.15.73:3300/0,v1:172.21.15.73:6789/0] -- mon_command({"prefix": "config assimilate-conf"} v 0) v1 -- 0x7f4c0c19dec0 con 0x7f4c0c106ce0
2023-12-11T19:42:40.433 INFO:teuthology.orchestra.run.smithi073.stdout:/usr/bin/ceph: stderr
2023-12-11T19:42:40.024+0000 7f4c08ff9700 1 -- 172.21.15.73:0/4120060717 <== mon.0 v2:172.21.15.73:3300/0 7 ==== mon_command_ack([{"prefix": "config assimilate-conf"}]=0 v3) v1 ==== 70+0+373 (secure 0 0 0) 0x7f4c00018350 con 0x7f4c0c106ce0
2023-12-11T19:42:40.433 INFO:teuthology.orchestra.run.smithi073.stdout:/usr/bin/ceph: stderr
2023-12-11T19:42:40.026+0000 7f4c11b5b700 1 -- 172.21.15.73:0/4120060717 >> [v2:172.21.15.73:6800/3805554242,v1:172.21.15.73:6801/3805554242] conn(0x7f4bf4038780 msgr2=0x7f4bf403ac40 secure :-1 s=STATE_CONNECTION_ESTABLISHED l=1).mark_down
2023-12-11T19:42:40.433 INFO:teuthology.orchestra.run.smithi073.stdout:/usr/bin/ceph: stderr
2023-12-11T19:42:40.026+0000 7f4c11b5b700 1 --2- 172.21.15.73:0/4120060717 >> [v2:172.21.15.73:6800/3805554242,v1:172.21.15.73:6801/3805554242] conn(0x7f4bf4038780 0x7f4bf403ac40 secure :-1 s=READY pgs=7 cs=0 l=1 rev1=1 crypto rx=0x7f4bfc006fd0 tx=0x7f4bfc006e40 comp rx=0 tx=0).stop
2023-12-11T19:42:40.433 INFO:teuthology.orchestra.run.smithi073.stdout:/usr/bin/ceph: stderr
2023-12-11T19:42:40.026+0000 7f4c11b5b700 1 -- 172.21.15.73:0/4120060717 >> [v2:172.21.15.73:3300/0,v1:172.21.15.73:6789/0] conn(0x7f4c0c106ce0 msgr2=0x7f4c0c19aa50 secure :-1 s=STATE_CONNECTION_ESTABLISHED l=1).mark_down
2023-12-11T19:42:40.433 INFO:teuthology.orchestra.run.smithi073.stdout:/usr/bin/ceph: stderr
2023-12-11T19:42:40.026+0000 7f4c11b5b700 1 --2- 172.21.15.73:0/4120060717 >> [v2:172.21.15.73:3300/0,v1:172.21.15.73:6789/0] conn(0x7f4c0c106ce0 0x7f4c0c19aa50 secure :-1 s=READY pgs=21 cs=0 l=1 rev1=1 crypto rx=0x7f4c00009fb0 tx=0x7f4c00011ad0 comp rx=0 tx=0).stop
2023-12-11T19:42:40.433 INFO:teuthology.orchestra.run.smithi073.stdout:/usr/bin/ceph: stderr
2023-12-11T19:42:40.026+0000 7f4c11b5b700 1 -- 172.21.15.73:0/4120060717 shutdown_connections
2023-12-11T19:42:40.433 INFO:teuthology.orchestra.run.smithi073.stdout:/usr/bin/ceph: stderr
2023-12-11T19:42:40.026+0000 7f4c11b5b700 1 --2- 172.21.15.73:0/4120060717 >> [v2:172.21.15.73:6800/3805554242,v1:172.21.15.73:6801/3805554242] conn(0x7f4bf4038780 0x7f4bf403ac40 unknown :-1 s=CLOSED pgs=7 cs=0 l=1 rev1=1 crypto rx=0 tx=0 comp rx=0 tx=0).stop
2023-12-11T19:42:40.433 INFO:teuthology.orchestra.run.smithi073.stdout:/usr/bin/ceph: stderr
2023-12-11T19:42:40.026+0000 7f4c11b5b700 1 --2- 172.21.15.73:0/4120060717 >> [v2:172.21.15.73:3300/0,v1:172.21.15.73:6789/0] conn(0x7f4c0c106ce0 0x7f4c0c19aa50 unknown :-1 s=CLOSED pgs=21 cs=0 l=1 rev1=1 crypto rx=0 tx=0 comp rx=0 tx=0).stop
2023-12-11T19:42:40.434 INFO:teuthology.orchestra.run.smithi073.stdout:/usr/bin/ceph: stderr
2023-12-11T19:42:40.026+0000 7f4c11b5b700 1 -- 172.21.15.73:0/4120060717 >> 172.21.15.73:0/4120060717 conn(0x7f4c0c1022e0 msgr2=0x7f4c0c102ee0 unknown :-1 s=STATE_NONE l=0).mark_down
2023-12-11T19:42:40.434 INFO:teuthology.orchestra.run.smithi073.stdout:/usr/bin/ceph: stderr
2023-12-11T19:42:40.026+0000 7f4c11b5b700 1 -- 172.21.15.73:0/4120060717 shutdown_connections
2023-12-11T19:42:40.434 INFO:teuthology.orchestra.run.smithi073.stdout:/usr/bin/ceph: stderr
2023-12-11T19:42:40.026+0000 7f4c11b5b700 1 -- 172.21.15.73:0/4120060717 wait complete.
2023-12-11T19:42:40.434 INFO:teuthology.orchestra.run.smithi073.stdout:Enabling cephadm module...
2023-12-11T19:42:41.479 INFO:journalctl@ceph.mon.a.smithi073.stdout:Dec 11 19:42:41 smithi073 ceph-mon[98917]: from='client.? 172.21.15.73:0/1337171315' entity='client.admin' cmd=[{"prefix": "mgr module enable", "module": "cephadm"}]: dispatch
2023-12-11T19:42:41.479 INFO:journalctl@ceph.mgr.x.smithi073.stdout:Dec 11 19:42:41 smithi073 ceph-47117a38-985d-11ee-95a3-87774f69a715-mgr-x[99164]: ignoring --setuser ceph since I am not root
2023-12-11T19:42:41.479 INFO:journalctl@ceph.mgr.x.smithi073.stdout:Dec 11 19:42:41 smithi073 ceph-47117a38-985d-11ee-95a3-87774f69a715-mgr-x[99164]: ignoring --setgroup ceph since I am not root
2023-12-11T19:42:41.479 INFO:journalctl@ceph.mgr.x.smithi073.stdout:Dec 11 19:42:41 smithi073 ceph-47117a38-985d-11ee-95a3-87774f69a715-mgr-x[99164]:
2023-12-11T19:42:41.310+0000 7fdb11e84200 -1 mgr[py] Module devicehealth has missing NOTIFY_TYPES member
2023-12-11T19:42:41.479 INFO:journalctl@ceph.mgr.x.smithi073.stdout:Dec 11 19:42:41 smithi073 ceph-47117a38-985d-11ee-95a3-87774f69a715-mgr-x[99164]:
2023-12-11T19:42:41.389+0000 7fdb11e84200 -1 mgr[py] Module osd_support has missing NOTIFY_TYPES member
2023-12-11T19:42:41.479 INFO:journalctl@ceph.mgr.x.smithi073.stdout:Dec 11 19:42:41 smithi073 ceph-47117a38-985d-11ee-95a3-87774f69a715-mgr-x[99164]:
2023-12-11T19:42:41.479+0000 7fdb11e84200 -1 mgr[py] Module snap_schedule has missing NOTIFY_TYPES member
2023-12-11T19:42:41.566 INFO:teuthology.orchestra.run.smithi073.stdout:/usr/bin/ceph: stderr
2023-12-11T19:42:40.834+0000 7f4f80452700 1 Processor -- start
2023-12-11T19:42:41.571 INFO:teuthology.orchestra.run.smithi073.stdout:/usr/bin/ceph: stderr
2023-12-11T19:42:40.834+0000 7f4f80452700 1 -- start start
2023-12-11T19:42:41.571 INFO:teuthology.orchestra.run.smithi073.stdout:/usr/bin/ceph: stderr
2023-12-11T19:42:40.834+0000 7f4f80452700 1 --2- >> [v2:172.21.15.73:3300/0,v1:172.21.15.73:6789/0] conn(0x7f4f78107780 0x7f4f78109b70 unknown :-1 s=NONE pgs=0 cs=0 l=0 rev1=0 crypto rx=0 tx=0 comp rx=0 tx=0).connect
2023-12-11T19:42:41.571 INFO:teuthology.orchestra.run.smithi073.stdout:/usr/bin/ceph: stderr
2023-12-11T19:42:40.834+0000 7f4f80452700 1 -- --> [v2:172.21.15.73:3300/0,v1:172.21.15.73:6789/0] -- mon_getmap magic: 0 v1 -- 0x7f4f7807ae60 con 0x7f4f78107780
2023-12-11T19:42:41.571 INFO:teuthology.orchestra.run.smithi073.stdout:/usr/bin/ceph: stderr
2023-12-11T19:42:40.835+0000 7f4f7e1ee700 1 --2- >> [v2:172.21.15.73:3300/0,v1:172.21.15.73:6789/0] conn(0x7f4f78107780 0x7f4f78109b70 unknown :-1 s=BANNER_CONNECTING pgs=0 cs=0 l=0 rev1=0 crypto rx=0 tx=0 comp rx=0 tx=0)._handle_peer_banner_payload supported=3 required=0
2023-12-11T19:42:41.571 INFO:teuthology.orchestra.run.smithi073.stdout:/usr/bin/ceph: stderr
2023-12-11T19:42:40.835+0000 7f4f7e1ee700 1 --2- >> [v2:172.21.15.73:3300/0,v1:172.21.15.73:6789/0] conn(0x7f4f78107780 0x7f4f78109b70 unknown :-1 s=HELLO_CONNECTING pgs=0 cs=0 l=0 rev1=1 crypto rx=0 tx=0 comp rx=0 tx=0).handle_hello peer v2:172.21.15.73:3300/0 says I am v2:172.21.15.73:53212/0 (socket says 172.21.15.73:53212)
2023-12-11T19:42:41.571 INFO:teuthology.orchestra.run.smithi073.stdout:/usr/bin/ceph: stderr
2023-12-11T19:42:40.835+0000 7f4f7e1ee700 1 -- 172.21.15.73:0/1072821324 learned_addr learned my addr 172.21.15.73:0/1072821324 (peer_addr_for_me v2:172.21.15.73:0/0)
2023-12-11T19:42:41.571 INFO:teuthology.orchestra.run.smithi073.stdout:/usr/bin/ceph: stderr
2023-12-11T19:42:40.835+0000 7f4f7e1ee700 1 -- 172.21.15.73:0/1072821324 --> [v2:172.21.15.73:3300/0,v1:172.21.15.73:6789/0] -- mon_subscribe({config=0+,monmap=0+}) v3 -- 0x7f4f7810a0b0 con 0x7f4f78107780
2023-12-11T19:42:41.571 INFO:teuthology.orchestra.run.smithi073.stdout:/usr/bin/ceph: stderr
2023-12-11T19:42:40.835+0000 7f4f7e1ee700 1 --2- 172.21.15.73:0/1072821324 >> [v2:172.21.15.73:3300/0,v1:172.21.15.73:6789/0] conn(0x7f4f78107780 0x7f4f78109b70 secure :-1 s=READY pgs=22 cs=0 l=1 rev1=1 crypto rx=0x7f4f680098a0 tx=0x7f4f68009bb0 comp rx=0 tx=0).ready entity=mon.0 client_cookie=2669b0c6300315ef server_cookie=0 in_seq=0 out_seq=0
2023-12-11T19:42:41.571 INFO:teuthology.orchestra.run.smithi073.stdout:/usr/bin/ceph: stderr
2023-12-11T19:42:40.835+0000 7f4f7d1ec700 1 -- 172.21.15.73:0/1072821324 <== mon.0 v2:172.21.15.73:3300/0 1 ==== mon_map magic: 0 v1 ==== 205+0+0 (secure 0 0 0) 0x7f4f68004160 con 0x7f4f78107780
2023-12-11T19:42:41.571 INFO:teuthology.orchestra.run.smithi073.stdout:/usr/bin/ceph: stderr
2023-12-11T19:42:40.835+0000 7f4f7d1ec700 1 -- 172.21.15.73:0/1072821324 <== mon.0 v2:172.21.15.73:3300/0 2 ==== config(26 keys) v1 ==== 1074+0+0 (secure 0 0 0) 0x7f4f680042c0 con 0x7f4f78107780
2023-12-11T19:42:41.571 INFO:teuthology.orchestra.run.smithi073.stdout:/usr/bin/ceph: stderr
2023-12-11T19:42:40.835+0000 7f4f7d1ec700 1 -- 172.21.15.73:0/1072821324 <== mon.0 v2:172.21.15.73:3300/0 3 ==== mon_map magic: 0 v1 ==== 205+0+0 (secure 0 0 0) 0x7f4f68011a00 con 0x7f4f78107780
2023-12-11T19:42:41.571 INFO:teuthology.orchestra.run.smithi073.stdout:/usr/bin/ceph: stderr
2023-12-11T19:42:40.836+0000 7f4f80452700 1 -- 172.21.15.73:0/1072821324 >> [v2:172.21.15.73:3300/0,v1:172.21.15.73:6789/0] conn(0x7f4f78107780 msgr2=0x7f4f78109b70 secure :-1 s=STATE_CONNECTION_ESTABLISHED l=1).mark_down
2023-12-11T19:42:41.571 INFO:teuthology.orchestra.run.smithi073.stdout:/usr/bin/ceph: stderr
2023-12-11T19:42:40.836+0000 7f4f80452700 1 --2- 172.21.15.73:0/1072821324 >> [v2:172.21.15.73:3300/0,v1:172.21.15.73:6789/0] conn(0x7f4f78107780 0x7f4f78109b70 secure :-1 s=READY pgs=22 cs=0 l=1 rev1=1 crypto rx=0x7f4f680098a0 tx=0x7f4f68009bb0 comp rx=0 tx=0).stop
2023-12-11T19:42:41.572 INFO:teuthology.orchestra.run.smithi073.stdout:/usr/bin/ceph: stderr
2023-12-11T19:42:40.836+0000 7f4f80452700 1 -- 172.21.15.73:0/1072821324 shutdown_connections
2023-12-11T19:42:41.572 INFO:teuthology.orchestra.run.smithi073.stdout:/usr/bin/ceph: stderr
2023-12-11T19:42:40.836+0000 7f4f80452700 1 --2- 172.21.15.73:0/1072821324 >> [v2:172.21.15.73:3300/0,v1:172.21.15.73:6789/0] conn(0x7f4f78107780 0x7f4f78109b70 unknown :-1 s=CLOSED pgs=22 cs=0 l=1 rev1=1 crypto rx=0 tx=0 comp rx=0 tx=0).stop
2023-12-11T19:42:41.572 INFO:teuthology.orchestra.run.smithi073.stdout:/usr/bin/ceph: stderr
2023-12-11T19:42:40.836+0000 7f4f80452700 1 -- 172.21.15.73:0/1072821324 >> 172.21.15.73:0/1072821324 conn(0x7f4f781011d0 msgr2=0x7f4f781035f0 unknown :-1 s=STATE_NONE l=0).mark_down
2023-12-11T19:42:41.572 INFO:teuthology.orchestra.run.smithi073.stdout:/usr/bin/ceph: stderr
2023-12-11T19:42:40.836+0000 7f4f80452700 1 -- 172.21.15.73:0/1072821324 shutdown_connections
2023-12-11T19:42:41.572 INFO:teuthology.orchestra.run.smithi073.stdout:/usr/bin/ceph: stderr
2023-12-11T19:42:40.836+0000 7f4f80452700 1 -- 172.21.15.73:0/1072821324 wait complete.
2023-12-11T19:42:41.572 INFO:teuthology.orchestra.run.smithi073.stdout:/usr/bin/ceph: stderr
2023-12-11T19:42:40.837+0000 7f4f80452700 1 Processor -- start
2023-12-11T19:42:41.572 INFO:teuthology.orchestra.run.smithi073.stdout:/usr/bin/ceph: stderr
2023-12-11T19:42:40.837+0000 7f4f80452700 1 -- start start
2023-12-11T19:42:41.572 INFO:teuthology.orchestra.run.smithi073.stdout:/usr/bin/ceph: stderr
2023-12-11T19:42:40.837+0000 7f4f80452700 1 --2- >> [v2:172.21.15.73:3300/0,v1:172.21.15.73:6789/0] conn(0x7f4f78107780 0x7f4f7819aad0 unknown :-1 s=NONE pgs=0 cs=0 l=1 rev1=0 crypto rx=0 tx=0 comp rx=0 tx=0).connect
2023-12-11T19:42:41.572 INFO:teuthology.orchestra.run.smithi073.stdout:/usr/bin/ceph: stderr
2023-12-11T19:42:40.837+0000 7f4f80452700 1 -- --> [v2:172.21.15.73:3300/0,v1:172.21.15.73:6789/0] -- mon_getmap magic: 0 v1 -- 0x7f4f7819b010 con 0x7f4f78107780
2023-12-11T19:42:41.572 INFO:teuthology.orchestra.run.smithi073.stdout:/usr/bin/ceph: stderr
2023-12-11T19:42:40.837+0000 7f4f7e1ee700 1 --2- >> [v2:172.21.15.73:3300/0,v1:172.21.15.73:6789/0] conn(0x7f4f78107780 0x7f4f7819aad0 unknown :-1 s=BANNER_CONNECTING pgs=0 cs=0 l=1 rev1=0 crypto rx=0 tx=0 comp rx=0 tx=0)._handle_peer_banner_payload supported=3 required=0
2023-12-11T19:42:41.572 INFO:teuthology.orchestra.run.smithi073.stdout:/usr/bin/ceph: stderr
2023-12-11T19:42:40.837+0000 7f4f7e1ee700 1 --2- >> [v2:172.21.15.73:3300/0,v1:172.21.15.73:6789/0] conn(0x7f4f78107780 0x7f4f7819aad0 unknown :-1 s=HELLO_CONNECTING pgs=0 cs=0 l=1 rev1=1 crypto rx=0 tx=0 comp rx=0 tx=0).handle_hello peer v2:172.21.15.73:3300/0 says I am v2:172.21.15.73:53214/0 (socket says 172.21.15.73:53214)
2023-12-11T19:42:41.572 INFO:teuthology.orchestra.run.smithi073.stdout:/usr/bin/ceph: stderr
2023-12-11T19:42:40.837+0000 7f4f7e1ee700 1 -- 172.21.15.73:0/1337171315 learned_addr learned my addr 172.21.15.73:0/1337171315 (peer_addr_for_me v2:172.21.15.73:0/0)
2023-12-11T19:42:41.572 INFO:teuthology.orchestra.run.smithi073.stdout:/usr/bin/ceph: stderr
2023-12-11T19:42:40.837+0000 7f4f7e1ee700 1 -- 172.21.15.73:0/1337171315 --> [v2:172.21.15.73:3300/0,v1:172.21.15.73:6789/0] -- mon_subscribe({config=0+,monmap=0+}) v3 -- 0x7f4f68009550 con 0x7f4f78107780
2023-12-11T19:42:41.572 INFO:teuthology.orchestra.run.smithi073.stdout:/usr/bin/ceph: stderr
2023-12-11T19:42:40.837+0000 7f4f7e1ee700 1 --2- 172.21.15.73:0/1337171315 >> [v2:172.21.15.73:3300/0,v1:172.21.15.73:6789/0] conn(0x7f4f78107780 0x7f4f7819aad0 secure :-1 s=READY pgs=23 cs=0 l=1 rev1=1 crypto rx=0x7f4f68009fb0 tx=0x7f4f68011ad0 comp rx=0 tx=0).ready entity=mon.0 client_cookie=0 server_cookie=0 in_seq=0 out_seq=0
2023-12-11T19:42:41.573 INFO:teuthology.orchestra.run.smithi073.stdout:/usr/bin/ceph: stderr
2023-12-11T19:42:40.838+0000 7f4f6f7fe700 1 -- 172.21.15.73:0/1337171315 <== mon.0 v2:172.21.15.73:3300/0 1 ==== mon_map magic: 0 v1 ==== 205+0+0 (secure 0 0 0) 0x7f4f68003a40 con 0x7f4f78107780
2023-12-11T19:42:41.573 INFO:teuthology.orchestra.run.smithi073.stdout:/usr/bin/ceph: stderr
2023-12-11T19:42:40.838+0000 7f4f80452700 1 -- 172.21.15.73:0/1337171315 --> [v2:172.21.15.73:3300/0,v1:172.21.15.73:6789/0] -- mon_subscribe({mgrmap=0+}) v3 -- 0x7f4f7819b210 con 0x7f4f78107780
2023-12-11T19:42:41.573 INFO:teuthology.orchestra.run.smithi073.stdout:/usr/bin/ceph: stderr
2023-12-11T19:42:40.838+0000 7f4f6f7fe700 1 -- 172.21.15.73:0/1337171315 <== mon.0 v2:172.21.15.73:3300/0 2 ==== config(26 keys) v1 ==== 1074+0+0 (secure 0 0 0) 0x7f4f68003ba0 con 0x7f4f78107780
2023-12-11T19:42:41.573 INFO:teuthology.orchestra.run.smithi073.stdout:/usr/bin/ceph: stderr
2023-12-11T19:42:40.838+0000 7f4f6f7fe700 1 -- 172.21.15.73:0/1337171315 <== mon.0 v2:172.21.15.73:3300/0 3 ==== mon_map magic: 0 v1 ==== 205+0+0 (secure 0 0 0) 0x7f4f6801a750 con 0x7f4f78107780
2023-12-11T19:42:41.573 INFO:teuthology.orchestra.run.smithi073.stdout:/usr/bin/ceph: stderr
2023-12-11T19:42:40.838+0000 7f4f80452700 1 -- 172.21.15.73:0/1337171315 --> [v2:172.21.15.73:3300/0,v1:172.21.15.73:6789/0] -- mon_subscribe({osdmap=0}) v3 -- 0x7f4f7819bd70 con 0x7f4f78107780
2023-12-11T19:42:41.573 INFO:teuthology.orchestra.run.smithi073.stdout:/usr/bin/ceph: stderr
2023-12-11T19:42:40.838+0000 7f4f6f7fe700 1 -- 172.21.15.73:0/1337171315 <== mon.0 v2:172.21.15.73:3300/0 4 ==== mgrmap(e 4) v1 ==== 45569+0+0 (secure 0 0 0) 0x7f4f6801a9d0 con 0x7f4f78107780
2023-12-11T19:42:41.573 INFO:teuthology.orchestra.run.smithi073.stdout:/usr/bin/ceph: stderr
2023-12-11T19:42:40.839+0000 7f4f6f7fe700 1 --2- 172.21.15.73:0/1337171315 >> [v2:172.21.15.73:6800/3805554242,v1:172.21.15.73:6801/3805554242] conn(0x7f4f64038780 0x7f4f6403ac40 unknown :-1 s=NONE pgs=0 cs=0 l=1 rev1=0 crypto rx=0 tx=0 comp rx=0 tx=0).connect
2023-12-11T19:42:41.573 INFO:teuthology.orchestra.run.smithi073.stdout:/usr/bin/ceph: stderr
2023-12-11T19:42:40.839+0000 7f4f6f7fe700 1 -- 172.21.15.73:0/1337171315 <== mon.0 v2:172.21.15.73:3300/0 5 ==== osd_map(1..1 src has 1..1) v4 ==== 725+0+0 (secure 0 0 0) 0x7f4f6804c4e0 con 0x7f4f78107780
2023-12-11T19:42:41.573 INFO:teuthology.orchestra.run.smithi073.stdout:/usr/bin/ceph: stderr
2023-12-11T19:42:40.839+0000 7f4f7d9ed700 1 --2- 172.21.15.73:0/1337171315 >> [v2:172.21.15.73:6800/3805554242,v1:172.21.15.73:6801/3805554242] conn(0x7f4f64038780 0x7f4f6403ac40 unknown :-1 s=BANNER_CONNECTING pgs=0 cs=0 l=1 rev1=0 crypto rx=0 tx=0 comp rx=0 tx=0)._handle_peer_banner_payload supported=3 required=0
2023-12-11T19:42:41.573 INFO:teuthology.orchestra.run.smithi073.stdout:/usr/bin/ceph: stderr
2023-12-11T19:42:40.839+0000 7f4f80452700 1 -- 172.21.15.73:0/1337171315 --> [v2:172.21.15.73:3300/0,v1:172.21.15.73:6789/0] -- mon_command({"prefix": "get_command_descriptions"} v 0) v1 -- 0x7f4f78062c00 con 0x7f4f78107780
2023-12-11T19:42:41.573 INFO:teuthology.orchestra.run.smithi073.stdout:/usr/bin/ceph: stderr
2023-12-11T19:42:40.839+0000 7f4f7d9ed700 1 --2- 172.21.15.73:0/1337171315 >> [v2:172.21.15.73:6800/3805554242,v1:172.21.15.73:6801/3805554242] conn(0x7f4f64038780 0x7f4f6403ac40 secure :-1 s=READY pgs=8 cs=0 l=1 rev1=1 crypto rx=0x7f4f74006fd0 tx=0x7f4f74006e40 comp rx=0 tx=0).ready entity=mgr.14100 client_cookie=0 server_cookie=0 in_seq=0 out_seq=0
2023-12-11T19:42:41.573 INFO:teuthology.orchestra.run.smithi073.stdout:/usr/bin/ceph: stderr
2023-12-11T19:42:40.843+0000 7f4f6f7fe700 1 -- 172.21.15.73:0/1337171315 <== mon.0 v2:172.21.15.73:3300/0 6 ==== mon_command_ack([{"prefix": "get_command_descriptions"}]=0 v0) v1 ==== 72+0+180949 (secure 0 0 0) 0x7f4f68018db0 con 0x7f4f78107780
2023-12-11T19:42:41.573 INFO:teuthology.orchestra.run.smithi073.stdout:/usr/bin/ceph: stderr
2023-12-11T19:42:41.089+0000 7f4f80452700 1 -- 172.21.15.73:0/1337171315 --> [v2:172.21.15.73:3300/0,v1:172.21.15.73:6789/0] -- mon_command({"prefix": "mgr module enable", "module": "cephadm"} v 0) v1 -- 0x7f4f7819bfb0 con 0x7f4f78107780
2023-12-11T19:42:41.573 INFO:teuthology.orchestra.run.smithi073.stdout:/usr/bin/ceph: stderr
2023-12-11T19:42:41.141+0000 7f4f6f7fe700 1 -- 172.21.15.73:0/1337171315 <== mon.0 v2:172.21.15.73:3300/0 7 ==== mon_command_ack([{"prefix": "mgr module enable", "module": "cephadm"}]=0 v5) v1 ==== 86+0+0 (secure 0 0 0) 0x7f4f68018350 con 0x7f4f78107780
2023-12-11T19:42:41.574 INFO:teuthology.orchestra.run.smithi073.stdout:/usr/bin/ceph: stderr
2023-12-11T19:42:41.142+0000 7f4f6f7fe700 1 -- 172.21.15.73:0/1337171315 <== mon.0 v2:172.21.15.73:3300/0 8 ==== mgrmap(e 5) v1 ==== 45580+0+0 (secure 0 0 0) 0x7f4f6802d960 con 0x7f4f78107780
2023-12-11T19:42:41.574 INFO:teuthology.orchestra.run.smithi073.stdout:/usr/bin/ceph: stderr
2023-12-11T19:42:41.143+0000 7f4f80452700 1 -- 172.21.15.73:0/1337171315 >> [v2:172.21.15.73:6800/3805554242,v1:172.21.15.73:6801/3805554242] conn(0x7f4f64038780 msgr2=0x7f4f6403ac40 secure :-1 s=STATE_CONNECTION_ESTABLISHED l=1).mark_down
2023-12-11T19:42:41.574 INFO:teuthology.orchestra.run.smithi073.stdout:/usr/bin/ceph: stderr
2023-12-11T19:42:41.143+0000 7f4f80452700 1 --2- 172.21.15.73:0/1337171315 >> [v2:172.21.15.73:6800/3805554242,v1:172.21.15.73:6801/3805554242] conn(0x7f4f64038780 0x7f4f6403ac40 secure :-1 s=READY pgs=8 cs=0 l=1 rev1=1 crypto rx=0x7f4f74006fd0 tx=0x7f4f74006e40 comp rx=0 tx=0).stop
2023-12-11T19:42:41.574 INFO:teuthology.orchestra.run.smithi073.stdout:/usr/bin/ceph: stderr
2023-12-11T19:42:41.143+0000 7f4f80452700 1 -- 172.21.15.73:0/1337171315 >> [v2:172.21.15.73:3300/0,v1:172.21.15.73:6789/0] conn(0x7f4f78107780 msgr2=0x7f4f7819aad0 secure :-1 s=STATE_CONNECTION_ESTABLISHED l=1).mark_down
2023-12-11T19:42:41.574 INFO:teuthology.orchestra.run.smithi073.stdout:/usr/bin/ceph: stderr
2023-12-11T19:42:41.143+0000 7f4f80452700 1 --2- 172.21.15.73:0/1337171315 >> [v2:172.21.15.73:3300/0,v1:172.21.15.73:6789/0] conn(0x7f4f78107780 0x7f4f7819aad0 secure :-1 s=READY pgs=23 cs=0 l=1 rev1=1 crypto rx=0x7f4f68009fb0 tx=0x7f4f68011ad0 comp rx=0 tx=0).stop
2023-12-11T19:42:41.574 INFO:teuthology.orchestra.run.smithi073.stdout:/usr/bin/ceph: stderr
2023-12-11T19:42:41.143+0000 7f4f80452700 1 -- 172.21.15.73:0/1337171315 shutdown_connections
2023-12-11T19:42:41.574 INFO:teuthology.orchestra.run.smithi073.stdout:/usr/bin/ceph: stderr
2023-12-11T19:42:41.143+0000 7f4f80452700 1 --2- 172.21.15.73:0/1337171315 >> [v2:172.21.15.73:6800/3805554242,v1:172.21.15.73:6801/3805554242] conn(0x7f4f64038780 0x7f4f6403ac40 unknown :-1 s=CLOSED pgs=8 cs=0 l=1 rev1=1 crypto rx=0 tx=0 comp rx=0 tx=0).stop
2023-12-11T19:42:41.574 INFO:teuthology.orchestra.run.smithi073.stdout:/usr/bin/ceph: stderr
2023-12-11T19:42:41.143+0000 7f4f80452700 1 --2- 172.21.15.73:0/1337171315 >> [v2:172.21.15.73:3300/0,v1:172.21.15.73:6789/0] conn(0x7f4f78107780 0x7f4f7819aad0 unknown :-1 s=CLOSED pgs=23 cs=0 l=1 rev1=1 crypto rx=0 tx=0 comp rx=0 tx=0).stop
2023-12-11T19:42:41.574 INFO:teuthology.orchestra.run.smithi073.stdout:/usr/bin/ceph: stderr
2023-12-11T19:42:41.143+0000 7f4f80452700 1 -- 172.21.15.73:0/1337171315 >> 172.21.15.73:0/1337171315 conn(0x7f4f781011d0 msgr2=0x7f4f78101ca0 unknown :-1 s=STATE_NONE l=0).mark_down
2023-12-11T19:42:41.574 INFO:teuthology.orchestra.run.smithi073.stdout:/usr/bin/ceph: stderr
2023-12-11T19:42:41.143+0000 7f4f80452700 1 -- 172.21.15.73:0/1337171315 shutdown_connections
2023-12-11T19:42:41.574 INFO:teuthology.orchestra.run.smithi073.stdout:/usr/bin/ceph: stderr
2023-12-11T19:42:41.143+0000 7f4f80452700 1 -- 172.21.15.73:0/1337171315 wait complete.
2023-12-11T19:42:41.749 INFO:journalctl@ceph.mgr.x.smithi073.stdout:Dec 11 19:42:41 smithi073 ceph-47117a38-985d-11ee-95a3-87774f69a715-mgr-x[99164]:
2023-12-11T19:42:41.574+0000 7fdb11e84200 -1 mgr[py] Module zabbix has missing NOTIFY_TYPES member
2023-12-11T19:42:41.750 INFO:journalctl@ceph.mgr.x.smithi073.stdout:Dec 11 19:42:41 smithi073 ceph-47117a38-985d-11ee-95a3-87774f69a715-mgr-x[99164]:
2023-12-11T19:42:41.749+0000 7fdb11e84200 -1 mgr[py] Module crash has missing NOTIFY_TYPES member
2023-12-11T19:42:42.381 INFO:journalctl@ceph.mon.a.smithi073.stdout:Dec 11 19:42:42 smithi073 ceph-mon[98917]: from='client.? 172.21.15.73:0/1337171315' entity='client.admin' cmd='[{"prefix": "mgr module enable", "module": "cephadm"}]': finished
2023-12-11T19:42:42.381 INFO:journalctl@ceph.mon.a.smithi073.stdout:Dec 11 19:42:42 smithi073 ceph-mon[98917]: mgrmap e5: x(active, since 10s)
2023-12-11T19:42:42.382 INFO:journalctl@ceph.mgr.x.smithi073.stdout:Dec 11 19:42:42 smithi073 ceph-47117a38-985d-11ee-95a3-87774f69a715-mgr-x[99164]:
2023-12-11T19:42:42.130+0000 7fdb11e84200 -1 mgr[py] Module prometheus has missing NOTIFY_TYPES member
2023-12-11T19:42:42.382 INFO:journalctl@ceph.mgr.x.smithi073.stdout:Dec 11 19:42:42 smithi073 ceph-47117a38-985d-11ee-95a3-87774f69a715-mgr-x[99164]:
2023-12-11T19:42:42.262+0000 7fdb11e84200 -1 mgr[py] Module status has missing NOTIFY_TYPES member
2023-12-11T19:42:42.382 INFO:journalctl@ceph.mgr.x.smithi073.stdout:Dec 11 19:42:42 smithi073 ceph-47117a38-985d-11ee-95a3-87774f69a715-mgr-x[99164]:
2023-12-11T19:42:42.359+0000 7fdb11e84200 -1 mgr[py] Module selftest has missing NOTIFY_TYPES member
2023-12-11T19:42:42.718 INFO:teuthology.orchestra.run.smithi073.stdout:/usr/bin/ceph: stdout {
2023-12-11T19:42:42.718 INFO:teuthology.orchestra.run.smithi073.stdout:/usr/bin/ceph: stdout "epoch": 5,
2023-12-11T19:42:42.718 INFO:teuthology.orchestra.run.smithi073.stdout:/usr/bin/ceph: stdout "available": true,
2023-12-11T19:42:42.718 INFO:teuthology.orchestra.run.smithi073.stdout:/usr/bin/ceph: stdout "active_name": "x",
2023-12-11T19:42:42.718 INFO:teuthology.orchestra.run.smithi073.stdout:/usr/bin/ceph: stdout "num_standby": 0
2023-12-11T19:42:42.719 INFO:teuthology.orchestra.run.smithi073.stdout:/usr/bin/ceph: stdout }
2023-12-11T19:42:42.719 INFO:teuthology.orchestra.run.smithi073.stdout:/usr/bin/ceph: stderr
2023-12-11T19:42:42.080+0000 7f754e4cf700 1 Processor -- start
2023-12-11T19:42:42.719 INFO:teuthology.orchestra.run.smithi073.stdout:/usr/bin/ceph: stderr
2023-12-11T19:42:42.080+0000 7f754e4cf700 1 -- start start
2023-12-11T19:42:42.719 INFO:teuthology.orchestra.run.smithi073.stdout:/usr/bin/ceph: stderr
2023-12-11T19:42:42.080+0000 7f754e4cf700 1 --2- >> [v2:172.21.15.73:3300/0,v1:172.21.15.73:6789/0] conn(0x7f7548105610 0x7f7548105a30 unknown :-1 s=NONE pgs=0 cs=0 l=0 rev1=0 crypto rx=0 tx=0 comp rx=0 tx=0).connect
2023-12-11T19:42:42.719 INFO:teuthology.orchestra.run.smithi073.stdout:/usr/bin/ceph: stderr
2023-12-11T19:42:42.080+0000 7f754e4cf700 1 -- --> [v2:172.21.15.73:3300/0,v1:172.21.15.73:6789/0] -- mon_getmap magic: 0 v1 -- 0x7f754807ade0 con 0x7f7548105610
2023-12-11T19:42:42.719 INFO:teuthology.orchestra.run.smithi073.stdout:/usr/bin/ceph: stderr
2023-12-11T19:42:42.081+0000 7f7547fff700 1 --2- >> [v2:172.21.15.73:3300/0,v1:172.21.15.73:6789/0] conn(0x7f7548105610 0x7f7548105a30 unknown :-1 s=BANNER_CONNECTING pgs=0 cs=0 l=0 rev1=0 crypto rx=0 tx=0 comp rx=0 tx=0)._handle_peer_banner_payload supported=3 required=0
2023-12-11T19:42:42.719 INFO:teuthology.orchestra.run.smithi073.stdout:/usr/bin/ceph: stderr
2023-12-11T19:42:42.081+0000 7f7547fff700 1 --2- >> [v2:172.21.15.73:3300/0,v1:172.21.15.73:6789/0] conn(0x7f7548105610 0x7f7548105a30 unknown :-1 s=HELLO_CONNECTING pgs=0 cs=0 l=0 rev1=1 crypto rx=0 tx=0 comp rx=0 tx=0).handle_hello peer v2:172.21.15.73:3300/0 says I am v2:172.21.15.73:53228/0 (socket says 172.21.15.73:53228)
2023-12-11T19:42:42.719 INFO:teuthology.orchestra.run.smithi073.stdout:/usr/bin/ceph: stderr
2023-12-11T19:42:42.081+0000 7f7547fff700 1 -- 172.21.15.73:0/169717733 learned_addr learned my addr 172.21.15.73:0/169717733 (peer_addr_for_me v2:172.21.15.73:0/0)
2023-12-11T19:42:42.720 INFO:teuthology.orchestra.run.smithi073.stdout:/usr/bin/ceph: stderr
2023-12-11T19:42:42.081+0000 7f7547fff700 1 -- 172.21.15.73:0/169717733 --> [v2:172.21.15.73:3300/0,v1:172.21.15.73:6789/0] -- mon_subscribe({config=0+,monmap=0+}) v3 -- 0x7f7548105f70 con 0x7f7548105610
2023-12-11T19:42:42.720 INFO:teuthology.orchestra.run.smithi073.stdout:/usr/bin/ceph: stderr
2023-12-11T19:42:42.081+0000 7f7547fff700 1 --2- 172.21.15.73:0/169717733 >> [v2:172.21.15.73:3300/0,v1:172.21.15.73:6789/0] conn(0x7f7548105610 0x7f7548105a30 secure :-1 s=READY pgs=26 cs=0 l=1 rev1=1 crypto rx=0x7f75380098a0 tx=0x7f7538009bb0 comp rx=0 tx=0).ready entity=mon.0 client_cookie=c68e94b65b537ac4 server_cookie=0 in_seq=0 out_seq=0
2023-12-11T19:42:42.720 INFO:teuthology.orchestra.run.smithi073.stdout:/usr/bin/ceph: stderr
2023-12-11T19:42:42.081+0000 7f7546ffd700 1 -- 172.21.15.73:0/169717733 <== mon.0 v2:172.21.15.73:3300/0 1 ==== mon_map magic: 0 v1 ==== 205+0+0 (secure 0 0 0) 0x7f7538004160 con 0x7f7548105610
2023-12-11T19:42:42.720 INFO:teuthology.orchestra.run.smithi073.stdout:/usr/bin/ceph: stderr
2023-12-11T19:42:42.081+0000 7f7546ffd700 1 -- 172.21.15.73:0/169717733 <== mon.0 v2:172.21.15.73:3300/0 2 ==== config(26 keys) v1 ==== 1074+0+0 (secure 0 0 0) 0x7f75380042c0 con 0x7f7548105610
2023-12-11T19:42:42.720 INFO:teuthology.orchestra.run.smithi073.stdout:/usr/bin/ceph: stderr
2023-12-11T19:42:42.081+0000 7f7546ffd700 1 -- 172.21.15.73:0/169717733 <== mon.0 v2:172.21.15.73:3300/0 3 ==== mon_map magic: 0 v1 ==== 205+0+0 (secure 0 0 0) 0x7f7538011a00 con 0x7f7548105610
2023-12-11T19:42:42.721 INFO:teuthology.orchestra.run.smithi073.stdout:/usr/bin/ceph: stderr
2023-12-11T19:42:42.082+0000 7f754e4cf700 1 -- 172.21.15.73:0/169717733 >> [v2:172.21.15.73:3300/0,v1:172.21.15.73:6789/0] conn(0x7f7548105610 msgr2=0x7f7548105a30 secure :-1 s=STATE_CONNECTION_ESTABLISHED l=1).mark_down
2023-12-11T19:42:42.721 INFO:teuthology.orchestra.run.smithi073.stdout:/usr/bin/ceph: stderr
2023-12-11T19:42:42.082+0000 7f754e4cf700 1 --2- 172.21.15.73:0/169717733 >> [v2:172.21.15.73:3300/0,v1:172.21.15.73:6789/0] conn(0x7f7548105610 0x7f7548105a30 secure :-1 s=READY pgs=26 cs=0 l=1 rev1=1 crypto rx=0x7f75380098a0 tx=0x7f7538009bb0 comp rx=0 tx=0).stop
2023-12-11T19:42:42.721 INFO:teuthology.orchestra.run.smithi073.stdout:/usr/bin/ceph: stderr
2023-12-11T19:42:42.082+0000 7f754e4cf700 1 -- 172.21.15.73:0/169717733 shutdown_connections
2023-12-11T19:42:42.721 INFO:teuthology.orchestra.run.smithi073.stdout:/usr/bin/ceph: stderr
2023-12-11T19:42:42.082+0000 7f754e4cf700 1 --2- 172.21.15.73:0/169717733 >> [v2:172.21.15.73:3300/0,v1:172.21.15.73:6789/0] conn(0x7f7548105610 0x7f7548105a30 unknown :-1 s=CLOSED pgs=26 cs=0 l=1 rev1=1 crypto rx=0 tx=0 comp rx=0 tx=0).stop
2023-12-11T19:42:42.721 INFO:teuthology.orchestra.run.smithi073.stdout:/usr/bin/ceph: stderr
2023-12-11T19:42:42.082+0000 7f754e4cf700 1 -- 172.21.15.73:0/169717733 >> 172.21.15.73:0/169717733 conn(0x7f75481011d0 msgr2=0x7f7548103610 unknown :-1 s=STATE_NONE l=0).mark_down
2023-12-11T19:42:42.721 INFO:teuthology.orchestra.run.smithi073.stdout:/usr/bin/ceph: stderr
2023-12-11T19:42:42.082+0000 7f754e4cf700 1 -- 172.21.15.73:0/169717733 shutdown_connections
2023-12-11T19:42:42.721 INFO:teuthology.orchestra.run.smithi073.stdout:/usr/bin/ceph: stderr
2023-12-11T19:42:42.082+0000 7f754e4cf700 1 -- 172.21.15.73:0/169717733 wait complete.
2023-12-11T19:42:42.722 INFO:teuthology.orchestra.run.smithi073.stdout:/usr/bin/ceph: stderr
2023-12-11T19:42:42.082+0000 7f754e4cf700 1 Processor -- start
2023-12-11T19:42:42.722 INFO:teuthology.orchestra.run.smithi073.stdout:/usr/bin/ceph: stderr
2023-12-11T19:42:42.083+0000 7f754e4cf700 1 -- start start
2023-12-11T19:42:42.722 INFO:teuthology.orchestra.run.smithi073.stdout:/usr/bin/ceph: stderr
