2023-12-11T19:43:16.507+0000 7f644b7fe700 1 -- 172.21.15.73:0/1547747535 <== mon.0 v2:172.21.15.73:3300/0 1 ==== mon_map magic: 0 v1 ==== 205+0+0 (secure 0 0 0) 0x7f644c003a60 con 0x7f645c105c10
2023-12-11T19:43:17.095 INFO:teuthology.orchestra.run.smithi073.stdout:/usr/bin/ceph: stderr
2023-12-11T19:43:16.507+0000 7f644b7fe700 1 -- 172.21.15.73:0/1547747535 <== mon.0 v2:172.21.15.73:3300/0 2 ==== config(26 keys) v1 ==== 1105+0+0 (secure 0 0 0) 0x7f644c003bc0 con 0x7f645c105c10
2023-12-11T19:43:17.095 INFO:teuthology.orchestra.run.smithi073.stdout:/usr/bin/ceph: stderr
2023-12-11T19:43:16.507+0000 7f644b7fe700 1 -- 172.21.15.73:0/1547747535 <== mon.0 v2:172.21.15.73:3300/0 3 ==== mon_map magic: 0 v1 ==== 205+0+0 (secure 0 0 0) 0x7f644c0196c0 con 0x7f645c105c10
2023-12-11T19:43:17.095 INFO:teuthology.orchestra.run.smithi073.stdout:/usr/bin/ceph: stderr
2023-12-11T19:43:16.507+0000 7f6460f12700 1 -- 172.21.15.73:0/1547747535 --> [v2:172.21.15.73:3300/0,v1:172.21.15.73:6789/0] -- mon_subscribe({mgrmap=0+}) v3 -- 0x7f645c19b270 con 0x7f645c105c10
2023-12-11T19:43:17.095 INFO:teuthology.orchestra.run.smithi073.stdout:/usr/bin/ceph: stderr
2023-12-11T19:43:16.507+0000 7f6460f12700 1 -- 172.21.15.73:0/1547747535 --> [v2:172.21.15.73:3300/0,v1:172.21.15.73:6789/0] -- mon_subscribe({osdmap=0}) v3 -- 0x7f645c19bdd0 con 0x7f645c105c10
2023-12-11T19:43:17.096 INFO:teuthology.orchestra.run.smithi073.stdout:/usr/bin/ceph: stderr
2023-12-11T19:43:16.508+0000 7f644b7fe700 1 -- 172.21.15.73:0/1547747535 <== mon.0 v2:172.21.15.73:3300/0 4 ==== mgrmap(e 12) v1 ==== 45593+0+0 (secure 0 0 0) 0x7f644c019930 con 0x7f645c105c10
2023-12-11T19:43:17.096 INFO:teuthology.orchestra.run.smithi073.stdout:/usr/bin/ceph: stderr
2023-12-11T19:43:16.508+0000 7f6460f12700 1 -- 172.21.15.73:0/1547747535 --> [v2:172.21.15.73:3300/0,v1:172.21.15.73:6789/0] -- mon_command({"prefix": "get_command_descriptions"} v 0) v1 -- 0x7f645c062c00 con 0x7f645c105c10
2023-12-11T19:43:17.096 INFO:teuthology.orchestra.run.smithi073.stdout:/usr/bin/ceph: stderr
2023-12-11T19:43:16.508+0000 7f644b7fe700 1 --2- 172.21.15.73:0/1547747535 >> [v2:172.21.15.73:6800/21720181,v1:172.21.15.73:6801/21720181] conn(0x7f64440388a0 0x7f644403ad60 unknown :-1 s=NONE pgs=0 cs=0 l=1 rev1=0 crypto rx=0 tx=0 comp rx=0 tx=0).connect
2023-12-11T19:43:17.096 INFO:teuthology.orchestra.run.smithi073.stdout:/usr/bin/ceph: stderr
2023-12-11T19:43:16.508+0000 7f644b7fe700 1 -- 172.21.15.73:0/1547747535 <== mon.0 v2:172.21.15.73:3300/0 5 ==== osd_map(3..3 src has 1..3) v4 ==== 1155+0+0 (secure 0 0 0) 0x7f644c04cd00 con 0x7f645c105c10
2023-12-11T19:43:17.096 INFO:teuthology.orchestra.run.smithi073.stdout:/usr/bin/ceph: stderr
2023-12-11T19:43:16.508+0000 7f6459d9b700 1 --2- 172.21.15.73:0/1547747535 >> [v2:172.21.15.73:6800/21720181,v1:172.21.15.73:6801/21720181] conn(0x7f64440388a0 0x7f644403ad60 unknown :-1 s=BANNER_CONNECTING pgs=0 cs=0 l=1 rev1=0 crypto rx=0 tx=0 comp rx=0 tx=0)._handle_peer_banner_payload supported=3 required=0
2023-12-11T19:43:17.096 INFO:teuthology.orchestra.run.smithi073.stdout:/usr/bin/ceph: stderr
2023-12-11T19:43:16.509+0000 7f6459d9b700 1 --2- 172.21.15.73:0/1547747535 >> [v2:172.21.15.73:6800/21720181,v1:172.21.15.73:6801/21720181] conn(0x7f64440388a0 0x7f644403ad60 secure :-1 s=READY pgs=9 cs=0 l=1 rev1=1 crypto rx=0x7f6450006fd0 tx=0x7f6450006e40 comp rx=0 tx=0).ready entity=mgr.14152 client_cookie=0 server_cookie=0 in_seq=0 out_seq=0
2023-12-11T19:43:17.096 INFO:teuthology.orchestra.run.smithi073.stdout:/usr/bin/ceph: stderr
2023-12-11T19:43:16.513+0000 7f644b7fe700 1 -- 172.21.15.73:0/1547747535 <== mon.0 v2:172.21.15.73:3300/0 6 ==== mon_command_ack([{"prefix": "get_command_descriptions"}]=0 v0) v1 ==== 72+0+180949 (secure 0 0 0) 0x7f644c010560 con 0x7f645c105c10
2023-12-11T19:43:17.096 INFO:teuthology.orchestra.run.smithi073.stdout:/usr/bin/ceph: stderr
2023-12-11T19:43:16.703+0000 7f6460f12700 1 -- 172.21.15.73:0/1547747535 --> [v2:172.21.15.73:3300/0,v1:172.21.15.73:6789/0] -- mon_command({"prefix": "config get", "who": "mgr", "key": "mgr/dashboard/ssl_server_port"} v 0) v1 -- 0x7f645c10a280 con 0x7f645c105c10
2023-12-11T19:43:17.096 INFO:teuthology.orchestra.run.smithi073.stdout:/usr/bin/ceph: stderr
2023-12-11T19:43:16.703+0000 7f644b7fe700 1 -- 172.21.15.73:0/1547747535 <== mon.0 v2:172.21.15.73:3300/0 7 ==== mon_command_ack([{"prefix": "config get", "who": "mgr", "key": "mgr/dashboard/ssl_server_port"}]=0 v8) v1 ==== 112+0+5 (secure 0 0 0) 0x7f644c010380 con 0x7f645c105c10
2023-12-11T19:43:17.096 INFO:teuthology.orchestra.run.smithi073.stdout:/usr/bin/ceph: stderr
2023-12-11T19:43:16.705+0000 7f6460f12700 1 -- 172.21.15.73:0/1547747535 >> [v2:172.21.15.73:6800/21720181,v1:172.21.15.73:6801/21720181] conn(0x7f64440388a0 msgr2=0x7f644403ad60 secure :-1 s=STATE_CONNECTION_ESTABLISHED l=1).mark_down
2023-12-11T19:43:17.096 INFO:teuthology.orchestra.run.smithi073.stdout:/usr/bin/ceph: stderr
2023-12-11T19:43:16.705+0000 7f6460f12700 1 --2- 172.21.15.73:0/1547747535 >> [v2:172.21.15.73:6800/21720181,v1:172.21.15.73:6801/21720181] conn(0x7f64440388a0 0x7f644403ad60 secure :-1 s=READY pgs=9 cs=0 l=1 rev1=1 crypto rx=0x7f6450006fd0 tx=0x7f6450006e40 comp rx=0 tx=0).stop
2023-12-11T19:43:17.096 INFO:teuthology.orchestra.run.smithi073.stdout:/usr/bin/ceph: stderr
2023-12-11T19:43:16.705+0000 7f6460f12700 1 -- 172.21.15.73:0/1547747535 >> [v2:172.21.15.73:3300/0,v1:172.21.15.73:6789/0] conn(0x7f645c105c10 msgr2=0x7f645c19ab30 secure :-1 s=STATE_CONNECTION_ESTABLISHED l=1).mark_down
2023-12-11T19:43:17.096 INFO:teuthology.orchestra.run.smithi073.stdout:/usr/bin/ceph: stderr
2023-12-11T19:43:16.705+0000 7f6460f12700 1 --2- 172.21.15.73:0/1547747535 >> [v2:172.21.15.73:3300/0,v1:172.21.15.73:6789/0] conn(0x7f645c105c10 0x7f645c19ab30 secure :-1 s=READY pgs=75 cs=0 l=1 rev1=1 crypto rx=0x7f644c003e60 tx=0x7f644c011a30 comp rx=0 tx=0).stop
2023-12-11T19:43:17.097 INFO:teuthology.orchestra.run.smithi073.stdout:/usr/bin/ceph: stderr
2023-12-11T19:43:16.705+0000 7f6460f12700 1 -- 172.21.15.73:0/1547747535 shutdown_connections
2023-12-11T19:43:17.097 INFO:teuthology.orchestra.run.smithi073.stdout:/usr/bin/ceph: stderr
2023-12-11T19:43:16.705+0000 7f6460f12700 1 --2- 172.21.15.73:0/1547747535 >> [v2:172.21.15.73:6800/21720181,v1:172.21.15.73:6801/21720181] conn(0x7f64440388a0 0x7f644403ad60 unknown :-1 s=CLOSED pgs=9 cs=0 l=1 rev1=1 crypto rx=0 tx=0 comp rx=0 tx=0).stop
2023-12-11T19:43:17.097 INFO:teuthology.orchestra.run.smithi073.stdout:/usr/bin/ceph: stderr
2023-12-11T19:43:16.705+0000 7f6460f12700 1 --2- 172.21.15.73:0/1547747535 >> [v2:172.21.15.73:3300/0,v1:172.21.15.73:6789/0] conn(0x7f645c105c10 0x7f645c19ab30 unknown :-1 s=CLOSED pgs=75 cs=0 l=1 rev1=1 crypto rx=0 tx=0 comp rx=0 tx=0).stop
2023-12-11T19:43:17.097 INFO:teuthology.orchestra.run.smithi073.stdout:/usr/bin/ceph: stderr
2023-12-11T19:43:16.705+0000 7f6460f12700 1 -- 172.21.15.73:0/1547747535 >> 172.21.15.73:0/1547747535 conn(0x7f645c1011d0 msgr2=0x7f645c102070 unknown :-1 s=STATE_NONE l=0).mark_down
2023-12-11T19:43:17.097 INFO:teuthology.orchestra.run.smithi073.stdout:/usr/bin/ceph: stderr
2023-12-11T19:43:16.705+0000 7f6460f12700 1 -- 172.21.15.73:0/1547747535 shutdown_connections
2023-12-11T19:43:17.097 INFO:teuthology.orchestra.run.smithi073.stdout:/usr/bin/ceph: stderr
2023-12-11T19:43:16.705+0000 7f6460f12700 1 -- 172.21.15.73:0/1547747535 wait complete.
2023-12-11T19:43:17.101 INFO:teuthology.orchestra.run.smithi073.stdout:Non-zero exit code 1 from systemctl is-enabled firewalld.service
2023-12-11T19:43:17.101 INFO:teuthology.orchestra.run.smithi073.stdout:systemctl: stdout disabled
2023-12-11T19:43:17.108 INFO:teuthology.orchestra.run.smithi073.stdout:Non-zero exit code 3 from systemctl is-active firewalld.service
2023-12-11T19:43:17.108 INFO:teuthology.orchestra.run.smithi073.stdout:systemctl: stdout inactive
2023-12-11T19:43:17.108 INFO:teuthology.orchestra.run.smithi073.stdout:firewalld.service is not enabled
2023-12-11T19:43:17.108 INFO:teuthology.orchestra.run.smithi073.stdout:Not possible to open ports <[8443]>. firewalld.service is not available
2023-12-11T19:43:17.110 INFO:teuthology.orchestra.run.smithi073.stdout:Ceph Dashboard is now available at:
2023-12-11T19:43:17.110 INFO:teuthology.orchestra.run.smithi073.stdout:
2023-12-11T19:43:17.110 INFO:teuthology.orchestra.run.smithi073.stdout: URL: https://smithi073.front.sepia.ceph.com:8443/
2023-12-11T19:43:17.110 INFO:teuthology.orchestra.run.smithi073.stdout: User: admin
2023-12-11T19:43:17.110 INFO:teuthology.orchestra.run.smithi073.stdout: Password: yg5ooj10ae
2023-12-11T19:43:17.110 INFO:teuthology.orchestra.run.smithi073.stdout:
2023-12-11T19:43:17.111 INFO:teuthology.orchestra.run.smithi073.stdout:Saving cluster configuration to /var/lib/ceph/47117a38-985d-11ee-95a3-87774f69a715/config directory
2023-12-11T19:43:17.111 INFO:teuthology.orchestra.run.smithi073.stdout:Enabling autotune for osd_memory_target
2023-12-11T19:43:17.732 INFO:journalctl@ceph.mon.a.smithi073.stdout:Dec 11 19:43:17 smithi073 ceph-mon[98917]: from='client.? 172.21.15.73:0/1547747535' entity='client.admin' cmd=[{"prefix": "config get", "who": "mgr", "key": "mgr/dashboard/ssl_server_port"}]: dispatch
2023-12-11T19:43:18.057 INFO:teuthology.orchestra.run.smithi073.stdout:/usr/bin/ceph: stderr
2023-12-11T19:43:17.513+0000 7f5b1972a700 1 Processor -- start
2023-12-11T19:43:18.057 INFO:teuthology.orchestra.run.smithi073.stdout:/usr/bin/ceph: stderr
2023-12-11T19:43:17.513+0000 7f5b1972a700 1 -- start start
2023-12-11T19:43:18.057 INFO:teuthology.orchestra.run.smithi073.stdout:/usr/bin/ceph: stderr
2023-12-11T19:43:17.513+0000 7f5b1972a700 1 --2- >> [v2:172.21.15.73:3300/0,v1:172.21.15.73:6789/0] conn(0x7f5b14104fd0 0x7f5b141053f0 unknown :-1 s=NONE pgs=0 cs=0 l=0 rev1=0 crypto rx=0 tx=0 comp rx=0 tx=0).connect
2023-12-11T19:43:18.057 INFO:teuthology.orchestra.run.smithi073.stdout:/usr/bin/ceph: stderr
2023-12-11T19:43:17.513+0000 7f5b1972a700 1 -- --> [v2:172.21.15.73:3300/0,v1:172.21.15.73:6789/0] -- mon_getmap magic: 0 v1 -- 0x7f5b141059c0 con 0x7f5b14104fd0
2023-12-11T19:43:18.057 INFO:teuthology.orchestra.run.smithi073.stdout:/usr/bin/ceph: stderr
2023-12-11T19:43:17.513+0000 7f5b12ffd700 1 --2- >> [v2:172.21.15.73:3300/0,v1:172.21.15.73:6789/0] conn(0x7f5b14104fd0 0x7f5b141053f0 unknown :-1 s=BANNER_CONNECTING pgs=0 cs=0 l=0 rev1=0 crypto rx=0 tx=0 comp rx=0 tx=0)._handle_peer_banner_payload supported=3 required=0
2023-12-11T19:43:18.057 INFO:teuthology.orchestra.run.smithi073.stdout:/usr/bin/ceph: stderr
2023-12-11T19:43:17.513+0000 7f5b12ffd700 1 --2- >> [v2:172.21.15.73:3300/0,v1:172.21.15.73:6789/0] conn(0x7f5b14104fd0 0x7f5b141053f0 unknown :-1 s=HELLO_CONNECTING pgs=0 cs=0 l=0 rev1=1 crypto rx=0 tx=0 comp rx=0 tx=0).handle_hello peer v2:172.21.15.73:3300/0 says I am v2:172.21.15.73:53480/0 (socket says 172.21.15.73:53480)
2023-12-11T19:43:18.057 INFO:teuthology.orchestra.run.smithi073.stdout:/usr/bin/ceph: stderr
2023-12-11T19:43:17.513+0000 7f5b12ffd700 1 -- 172.21.15.73:0/2929001507 learned_addr learned my addr 172.21.15.73:0/2929001507 (peer_addr_for_me v2:172.21.15.73:0/0)
2023-12-11T19:43:18.057 INFO:teuthology.orchestra.run.smithi073.stdout:/usr/bin/ceph: stderr
2023-12-11T19:43:17.514+0000 7f5b12ffd700 1 -- 172.21.15.73:0/2929001507 --> [v2:172.21.15.73:3300/0,v1:172.21.15.73:6789/0] -- mon_subscribe({config=0+,monmap=0+}) v3 -- 0x7f5b14105b00 con 0x7f5b14104fd0
2023-12-11T19:43:18.057 INFO:teuthology.orchestra.run.smithi073.stdout:/usr/bin/ceph: stderr
2023-12-11T19:43:17.514+0000 7f5b12ffd700 1 --2- 172.21.15.73:0/2929001507 >> [v2:172.21.15.73:3300/0,v1:172.21.15.73:6789/0] conn(0x7f5b14104fd0 0x7f5b141053f0 secure :-1 s=READY pgs=76 cs=0 l=1 rev1=1 crypto rx=0x7f5b080098a0 tx=0x7f5b08009bb0 comp rx=0 tx=0).ready entity=mon.0 client_cookie=712e413362bef66 server_cookie=0 in_seq=0 out_seq=0
2023-12-11T19:43:18.058 INFO:teuthology.orchestra.run.smithi073.stdout:/usr/bin/ceph: stderr
2023-12-11T19:43:17.514+0000 7f5b11ffb700 1 -- 172.21.15.73:0/2929001507 <== mon.0 v2:172.21.15.73:3300/0 1 ==== mon_map magic: 0 v1 ==== 205+0+0 (secure 0 0 0) 0x7f5b08004160 con 0x7f5b14104fd0
2023-12-11T19:43:18.058 INFO:teuthology.orchestra.run.smithi073.stdout:/usr/bin/ceph: stderr
2023-12-11T19:43:17.514+0000 7f5b11ffb700 1 -- 172.21.15.73:0/2929001507 <== mon.0 v2:172.21.15.73:3300/0 2 ==== config(26 keys) v1 ==== 1105+0+0 (secure 0 0 0) 0x7f5b080042c0 con 0x7f5b14104fd0
2023-12-11T19:43:18.058 INFO:teuthology.orchestra.run.smithi073.stdout:/usr/bin/ceph: stderr
2023-12-11T19:43:17.514+0000 7f5b11ffb700 1 -- 172.21.15.73:0/2929001507 <== mon.0 v2:172.21.15.73:3300/0 3 ==== mon_map magic: 0 v1 ==== 205+0+0 (secure 0 0 0) 0x7f5b080119b0 con 0x7f5b14104fd0
2023-12-11T19:43:18.058 INFO:teuthology.orchestra.run.smithi073.stdout:/usr/bin/ceph: stderr
2023-12-11T19:43:17.514+0000 7f5b1972a700 1 -- 172.21.15.73:0/2929001507 >> [v2:172.21.15.73:3300/0,v1:172.21.15.73:6789/0] conn(0x7f5b14104fd0 msgr2=0x7f5b141053f0 secure :-1 s=STATE_CONNECTION_ESTABLISHED l=1).mark_down
2023-12-11T19:43:18.058 INFO:teuthology.orchestra.run.smithi073.stdout:/usr/bin/ceph: stderr
2023-12-11T19:43:17.514+0000 7f5b1972a700 1 --2- 172.21.15.73:0/2929001507 >> [v2:172.21.15.73:3300/0,v1:172.21.15.73:6789/0] conn(0x7f5b14104fd0 0x7f5b141053f0 secure :-1 s=READY pgs=76 cs=0 l=1 rev1=1 crypto rx=0x7f5b080098a0 tx=0x7f5b08009bb0 comp rx=0 tx=0).stop
2023-12-11T19:43:18.058 INFO:teuthology.orchestra.run.smithi073.stdout:/usr/bin/ceph: stderr
2023-12-11T19:43:17.515+0000 7f5b1972a700 1 -- 172.21.15.73:0/2929001507 shutdown_connections
2023-12-11T19:43:18.058 INFO:teuthology.orchestra.run.smithi073.stdout:/usr/bin/ceph: stderr
2023-12-11T19:43:17.515+0000 7f5b1972a700 1 --2- 172.21.15.73:0/2929001507 >> [v2:172.21.15.73:3300/0,v1:172.21.15.73:6789/0] conn(0x7f5b14104fd0 0x7f5b141053f0 unknown :-1 s=CLOSED pgs=76 cs=0 l=1 rev1=1 crypto rx=0 tx=0 comp rx=0 tx=0).stop
2023-12-11T19:43:18.058 INFO:teuthology.orchestra.run.smithi073.stdout:/usr/bin/ceph: stderr
2023-12-11T19:43:17.515+0000 7f5b1972a700 1 -- 172.21.15.73:0/2929001507 >> 172.21.15.73:0/2929001507 conn(0x7f5b141009f0 msgr2=0x7f5b14102e10 unknown :-1 s=STATE_NONE l=0).mark_down
2023-12-11T19:43:18.058 INFO:teuthology.orchestra.run.smithi073.stdout:/usr/bin/ceph: stderr
2023-12-11T19:43:17.515+0000 7f5b1972a700 1 -- 172.21.15.73:0/2929001507 shutdown_connections
2023-12-11T19:43:18.058 INFO:teuthology.orchestra.run.smithi073.stdout:/usr/bin/ceph: stderr
2023-12-11T19:43:17.515+0000 7f5b1972a700 1 -- 172.21.15.73:0/2929001507 wait complete.
2023-12-11T19:43:18.058 INFO:teuthology.orchestra.run.smithi073.stdout:/usr/bin/ceph: stderr
2023-12-11T19:43:17.515+0000 7f5b1972a700 1 Processor -- start
2023-12-11T19:43:18.058 INFO:teuthology.orchestra.run.smithi073.stdout:/usr/bin/ceph: stderr
2023-12-11T19:43:17.515+0000 7f5b1972a700 1 -- start start
2023-12-11T19:43:18.058 INFO:teuthology.orchestra.run.smithi073.stdout:/usr/bin/ceph: stderr
2023-12-11T19:43:17.515+0000 7f5b1972a700 1 --2- >> [v2:172.21.15.73:3300/0,v1:172.21.15.73:6789/0] conn(0x7f5b14104fd0 0x7f5b1419ab40 unknown :-1 s=NONE pgs=0 cs=0 l=1 rev1=0 crypto rx=0 tx=0 comp rx=0 tx=0).connect
2023-12-11T19:43:18.058 INFO:teuthology.orchestra.run.smithi073.stdout:/usr/bin/ceph: stderr
2023-12-11T19:43:17.515+0000 7f5b1972a700 1 -- --> [v2:172.21.15.73:3300/0,v1:172.21.15.73:6789/0] -- mon_getmap magic: 0 v1 -- 0x7f5b1419b080 con 0x7f5b14104fd0
2023-12-11T19:43:18.059 INFO:teuthology.orchestra.run.smithi073.stdout:/usr/bin/ceph: stderr
2023-12-11T19:43:17.516+0000 7f5b12ffd700 1 --2- >> [v2:172.21.15.73:3300/0,v1:172.21.15.73:6789/0] conn(0x7f5b14104fd0 0x7f5b1419ab40 unknown :-1 s=BANNER_CONNECTING pgs=0 cs=0 l=1 rev1=0 crypto rx=0 tx=0 comp rx=0 tx=0)._handle_peer_banner_payload supported=3 required=0
2023-12-11T19:43:18.059 INFO:teuthology.orchestra.run.smithi073.stdout:/usr/bin/ceph: stderr
2023-12-11T19:43:17.516+0000 7f5b12ffd700 1 --2- >> [v2:172.21.15.73:3300/0,v1:172.21.15.73:6789/0] conn(0x7f5b14104fd0 0x7f5b1419ab40 unknown :-1 s=HELLO_CONNECTING pgs=0 cs=0 l=1 rev1=1 crypto rx=0 tx=0 comp rx=0 tx=0).handle_hello peer v2:172.21.15.73:3300/0 says I am v2:172.21.15.73:53482/0 (socket says 172.21.15.73:53482)
2023-12-11T19:43:18.059 INFO:teuthology.orchestra.run.smithi073.stdout:/usr/bin/ceph: stderr
2023-12-11T19:43:17.516+0000 7f5b12ffd700 1 -- 172.21.15.73:0/2302946514 learned_addr learned my addr 172.21.15.73:0/2302946514 (peer_addr_for_me v2:172.21.15.73:0/0)
2023-12-11T19:43:18.059 INFO:teuthology.orchestra.run.smithi073.stdout:/usr/bin/ceph: stderr
2023-12-11T19:43:17.516+0000 7f5b12ffd700 1 -- 172.21.15.73:0/2302946514 --> [v2:172.21.15.73:3300/0,v1:172.21.15.73:6789/0] -- mon_subscribe({config=0+,monmap=0+}) v3 -- 0x7f5b08009550 con 0x7f5b14104fd0
2023-12-11T19:43:18.059 INFO:teuthology.orchestra.run.smithi073.stdout:/usr/bin/ceph: stderr
2023-12-11T19:43:17.516+0000 7f5b12ffd700 1 --2- 172.21.15.73:0/2302946514 >> [v2:172.21.15.73:3300/0,v1:172.21.15.73:6789/0] conn(0x7f5b14104fd0 0x7f5b1419ab40 secure :-1 s=READY pgs=77 cs=0 l=1 rev1=1 crypto rx=0x7f5b08006af0 tx=0x7f5b08011a10 comp rx=0 tx=0).ready entity=mon.0 client_cookie=0 server_cookie=0 in_seq=0 out_seq=0
2023-12-11T19:43:18.059 INFO:teuthology.orchestra.run.smithi073.stdout:/usr/bin/ceph: stderr
2023-12-11T19:43:17.516+0000 7f5afbfff700 1 -- 172.21.15.73:0/2302946514 <== mon.0 v2:172.21.15.73:3300/0 1 ==== mon_map magic: 0 v1 ==== 205+0+0 (secure 0 0 0) 0x7f5b08003a40 con 0x7f5b14104fd0
2023-12-11T19:43:18.059 INFO:teuthology.orchestra.run.smithi073.stdout:/usr/bin/ceph: stderr
2023-12-11T19:43:17.516+0000 7f5afbfff700 1 -- 172.21.15.73:0/2302946514 <== mon.0 v2:172.21.15.73:3300/0 2 ==== config(26 keys) v1 ==== 1105+0+0 (secure 0 0 0) 0x7f5b08003ba0 con 0x7f5b14104fd0
2023-12-11T19:43:18.059 INFO:teuthology.orchestra.run.smithi073.stdout:/usr/bin/ceph: stderr
2023-12-11T19:43:17.516+0000 7f5b1972a700 1 -- 172.21.15.73:0/2302946514 --> [v2:172.21.15.73:3300/0,v1:172.21.15.73:6789/0] -- mon_subscribe({mgrmap=0+}) v3 -- 0x7f5b1419b280 con 0x7f5b14104fd0
2023-12-11T19:43:18.059 INFO:teuthology.orchestra.run.smithi073.stdout:/usr/bin/ceph: stderr
2023-12-11T19:43:17.516+0000 7f5afbfff700 1 -- 172.21.15.73:0/2302946514 <== mon.0 v2:172.21.15.73:3300/0 3 ==== mon_map magic: 0 v1 ==== 205+0+0 (secure 0 0 0) 0x7f5b08019690 con 0x7f5b14104fd0
2023-12-11T19:43:18.059 INFO:teuthology.orchestra.run.smithi073.stdout:/usr/bin/ceph: stderr
2023-12-11T19:43:17.516+0000 7f5b1972a700 1 -- 172.21.15.73:0/2302946514 --> [v2:172.21.15.73:3300/0,v1:172.21.15.73:6789/0] -- mon_subscribe({osdmap=0}) v3 -- 0x7f5b1419bde0 con 0x7f5b14104fd0
2023-12-11T19:43:18.059 INFO:teuthology.orchestra.run.smithi073.stdout:/usr/bin/ceph: stderr
2023-12-11T19:43:17.517+0000 7f5afbfff700 1 -- 172.21.15.73:0/2302946514 <== mon.0 v2:172.21.15.73:3300/0 4 ==== mgrmap(e 12) v1 ==== 45593+0+0 (secure 0 0 0) 0x7f5b08019900 con 0x7f5b14104fd0
2023-12-11T19:43:18.059 INFO:teuthology.orchestra.run.smithi073.stdout:/usr/bin/ceph: stderr
2023-12-11T19:43:17.517+0000 7f5afbfff700 1 --2- 172.21.15.73:0/2302946514 >> [v2:172.21.15.73:6800/21720181,v1:172.21.15.73:6801/21720181] conn(0x7f5afc038870 0x7f5afc03ad30 unknown :-1 s=NONE pgs=0 cs=0 l=1 rev1=0 crypto rx=0 tx=0 comp rx=0 tx=0).connect
2023-12-11T19:43:18.059 INFO:teuthology.orchestra.run.smithi073.stdout:/usr/bin/ceph: stderr
2023-12-11T19:43:17.517+0000 7f5b1972a700 1 -- 172.21.15.73:0/2302946514 --> [v2:172.21.15.73:3300/0,v1:172.21.15.73:6789/0] -- mon_command({"prefix": "get_command_descriptions"} v 0) v1 -- 0x7f5b1419b720 con 0x7f5b14104fd0
2023-12-11T19:43:18.059 INFO:teuthology.orchestra.run.smithi073.stdout:/usr/bin/ceph: stderr
2023-12-11T19:43:17.517+0000 7f5afbfff700 1 -- 172.21.15.73:0/2302946514 <== mon.0 v2:172.21.15.73:3300/0 5 ==== osd_map(3..3 src has 1..3) v4 ==== 1155+0+0 (secure 0 0 0) 0x7f5b0804cc80 con 0x7f5b14104fd0
2023-12-11T19:43:18.060 INFO:teuthology.orchestra.run.smithi073.stdout:/usr/bin/ceph: stderr
2023-12-11T19:43:17.517+0000 7f5b127fc700 1 --2- 172.21.15.73:0/2302946514 >> [v2:172.21.15.73:6800/21720181,v1:172.21.15.73:6801/21720181] conn(0x7f5afc038870 0x7f5afc03ad30 unknown :-1 s=BANNER_CONNECTING pgs=0 cs=0 l=1 rev1=0 crypto rx=0 tx=0 comp rx=0 tx=0)._handle_peer_banner_payload supported=3 required=0
2023-12-11T19:43:18.060 INFO:teuthology.orchestra.run.smithi073.stdout:/usr/bin/ceph: stderr
2023-12-11T19:43:17.518+0000 7f5b127fc700 1 --2- 172.21.15.73:0/2302946514 >> [v2:172.21.15.73:6800/21720181,v1:172.21.15.73:6801/21720181] conn(0x7f5afc038870 0x7f5afc03ad30 secure :-1 s=READY pgs=10 cs=0 l=1 rev1=1 crypto rx=0x7f5b04006fd0 tx=0x7f5b04006e40 comp rx=0 tx=0).ready entity=mgr.14152 client_cookie=0 server_cookie=0 in_seq=0 out_seq=0
2023-12-11T19:43:18.060 INFO:teuthology.orchestra.run.smithi073.stdout:/usr/bin/ceph: stderr
2023-12-11T19:43:17.522+0000 7f5afbfff700 1 -- 172.21.15.73:0/2302946514 <== mon.0 v2:172.21.15.73:3300/0 6 ==== mon_command_ack([{"prefix": "get_command_descriptions"}]=0 v0) v1 ==== 72+0+180949 (secure 0 0 0) 0x7f5b1419b720 con 0x7f5b14104fd0
2023-12-11T19:43:18.060 INFO:teuthology.orchestra.run.smithi073.stdout:/usr/bin/ceph: stderr
2023-12-11T19:43:17.710+0000 7f5b1972a700 1 -- 172.21.15.73:0/2302946514 --> [v2:172.21.15.73:3300/0,v1:172.21.15.73:6789/0] -- mon_command([{prefix=config set, name=osd_memory_target_autotune}] v 0) v1 -- 0x7f5b1410b210 con 0x7f5b14104fd0
2023-12-11T19:43:18.060 INFO:teuthology.orchestra.run.smithi073.stdout:/usr/bin/ceph: stderr
2023-12-11T19:43:17.711+0000 7f5afbfff700 1 -- 172.21.15.73:0/2302946514 <== mon.0 v2:172.21.15.73:3300/0 7 ==== mon_command_ack([{prefix=config set, name=osd_memory_target_autotune}]=0 v8)=0 v8) v1 ==== 127+0+0 (secure 0 0 0) 0x7f5b08018350 con 0x7f5b14104fd0
2023-12-11T19:43:18.060 INFO:teuthology.orchestra.run.smithi073.stdout:/usr/bin/ceph: stderr
2023-12-11T19:43:17.713+0000 7f5b1972a700 1 -- 172.21.15.73:0/2302946514 >> [v2:172.21.15.73:6800/21720181,v1:172.21.15.73:6801/21720181] conn(0x7f5afc038870 msgr2=0x7f5afc03ad30 secure :-1 s=STATE_CONNECTION_ESTABLISHED l=1).mark_down
2023-12-11T19:43:18.060 INFO:teuthology.orchestra.run.smithi073.stdout:/usr/bin/ceph: stderr
2023-12-11T19:43:17.713+0000 7f5b1972a700 1 --2- 172.21.15.73:0/2302946514 >> [v2:172.21.15.73:6800/21720181,v1:172.21.15.73:6801/21720181] conn(0x7f5afc038870 0x7f5afc03ad30 secure :-1 s=READY pgs=10 cs=0 l=1 rev1=1 crypto rx=0x7f5b04006fd0 tx=0x7f5b04006e40 comp rx=0 tx=0).stop
2023-12-11T19:43:18.060 INFO:teuthology.orchestra.run.smithi073.stdout:/usr/bin/ceph: stderr
2023-12-11T19:43:17.713+0000 7f5b1972a700 1 -- 172.21.15.73:0/2302946514 >> [v2:172.21.15.73:3300/0,v1:172.21.15.73:6789/0] conn(0x7f5b14104fd0 msgr2=0x7f5b1419ab40 secure :-1 s=STATE_CONNECTION_ESTABLISHED l=1).mark_down
2023-12-11T19:43:18.060 INFO:teuthology.orchestra.run.smithi073.stdout:/usr/bin/ceph: stderr
2023-12-11T19:43:17.713+0000 7f5b1972a700 1 --2- 172.21.15.73:0/2302946514 >> [v2:172.21.15.73:3300/0,v1:172.21.15.73:6789/0] conn(0x7f5b14104fd0 0x7f5b1419ab40 secure :-1 s=READY pgs=77 cs=0 l=1 rev1=1 crypto rx=0x7f5b08006af0 tx=0x7f5b08011a10 comp rx=0 tx=0).stop
2023-12-11T19:43:18.060 INFO:teuthology.orchestra.run.smithi073.stdout:/usr/bin/ceph: stderr
2023-12-11T19:43:17.713+0000 7f5b1972a700 1 -- 172.21.15.73:0/2302946514 shutdown_connections
2023-12-11T19:43:18.060 INFO:teuthology.orchestra.run.smithi073.stdout:/usr/bin/ceph: stderr
2023-12-11T19:43:17.713+0000 7f5b1972a700 1 --2- 172.21.15.73:0/2302946514 >> [v2:172.21.15.73:6800/21720181,v1:172.21.15.73:6801/21720181] conn(0x7f5afc038870 0x7f5afc03ad30 unknown :-1 s=CLOSED pgs=10 cs=0 l=1 rev1=1 crypto rx=0 tx=0 comp rx=0 tx=0).stop
2023-12-11T19:43:18.060 INFO:teuthology.orchestra.run.smithi073.stdout:/usr/bin/ceph: stderr
2023-12-11T19:43:17.713+0000 7f5b1972a700 1 --2- 172.21.15.73:0/2302946514 >> [v2:172.21.15.73:3300/0,v1:172.21.15.73:6789/0] conn(0x7f5b14104fd0 0x7f5b1419ab40 unknown :-1 s=CLOSED pgs=77 cs=0 l=1 rev1=1 crypto rx=0 tx=0 comp rx=0 tx=0).stop
2023-12-11T19:43:18.060 INFO:teuthology.orchestra.run.smithi073.stdout:/usr/bin/ceph: stderr
2023-12-11T19:43:17.713+0000 7f5b1972a700 1 -- 172.21.15.73:0/2302946514 >> 172.21.15.73:0/2302946514 conn(0x7f5b141009f0 msgr2=0x7f5b14101540 unknown :-1 s=STATE_NONE l=0).mark_down
2023-12-11T19:43:18.060 INFO:teuthology.orchestra.run.smithi073.stdout:/usr/bin/ceph: stderr
2023-12-11T19:43:17.713+0000 7f5b1972a700 1 -- 172.21.15.73:0/2302946514 shutdown_connections
2023-12-11T19:43:18.061 INFO:teuthology.orchestra.run.smithi073.stdout:/usr/bin/ceph: stderr
2023-12-11T19:43:17.713+0000 7f5b1972a700 1 -- 172.21.15.73:0/2302946514 wait complete.
2023-12-11T19:43:19.102 INFO:teuthology.orchestra.run.smithi073.stdout:/usr/bin/ceph: stderr
2023-12-11T19:43:18.489+0000 7fd52b37f700 1 Processor -- start
2023-12-11T19:43:19.102 INFO:teuthology.orchestra.run.smithi073.stdout:/usr/bin/ceph: stderr
2023-12-11T19:43:18.489+0000 7fd52b37f700 1 -- start start
2023-12-11T19:43:19.102 INFO:teuthology.orchestra.run.smithi073.stdout:/usr/bin/ceph: stderr
2023-12-11T19:43:18.489+0000 7fd52b37f700 1 --2- >> [v2:172.21.15.73:3300/0,v1:172.21.15.73:6789/0] conn(0x7fd524105600 0x7fd524105a20 unknown :-1 s=NONE pgs=0 cs=0 l=0 rev1=0 crypto rx=0 tx=0 comp rx=0 tx=0).connect
2023-12-11T19:43:19.103 INFO:teuthology.orchestra.run.smithi073.stdout:/usr/bin/ceph: stderr
2023-12-11T19:43:18.489+0000 7fd52b37f700 1 -- --> [v2:172.21.15.73:3300/0,v1:172.21.15.73:6789/0] -- mon_getmap magic: 0 v1 -- 0x7fd52407ae00 con 0x7fd524105600
2023-12-11T19:43:19.103 INFO:teuthology.orchestra.run.smithi073.stdout:/usr/bin/ceph: stderr
2023-12-11T19:43:18.490+0000 7fd52911b700 1 --2- >> [v2:172.21.15.73:3300/0,v1:172.21.15.73:6789/0] conn(0x7fd524105600 0x7fd524105a20 unknown :-1 s=BANNER_CONNECTING pgs=0 cs=0 l=0 rev1=0 crypto rx=0 tx=0 comp rx=0 tx=0)._handle_peer_banner_payload supported=3 required=0
2023-12-11T19:43:19.103 INFO:teuthology.orchestra.run.smithi073.stdout:/usr/bin/ceph: stderr
2023-12-11T19:43:18.490+0000 7fd52911b700 1 --2- >> [v2:172.21.15.73:3300/0,v1:172.21.15.73:6789/0] conn(0x7fd524105600 0x7fd524105a20 unknown :-1 s=HELLO_CONNECTING pgs=0 cs=0 l=0 rev1=1 crypto rx=0 tx=0 comp rx=0 tx=0).handle_hello peer v2:172.21.15.73:3300/0 says I am v2:172.21.15.73:53486/0 (socket says 172.21.15.73:53486)
2023-12-11T19:43:19.103 INFO:teuthology.orchestra.run.smithi073.stdout:/usr/bin/ceph: stderr
2023-12-11T19:43:18.490+0000 7fd52911b700 1 -- 172.21.15.73:0/1328905422 learned_addr learned my addr 172.21.15.73:0/1328905422 (peer_addr_for_me v2:172.21.15.73:0/0)
2023-12-11T19:43:19.103 INFO:teuthology.orchestra.run.smithi073.stdout:/usr/bin/ceph: stderr
2023-12-11T19:43:18.490+0000 7fd52911b700 1 -- 172.21.15.73:0/1328905422 --> [v2:172.21.15.73:3300/0,v1:172.21.15.73:6789/0] -- mon_subscribe({config=0+,monmap=0+}) v3 -- 0x7fd524105f60 con 0x7fd524105600
2023-12-11T19:43:19.103 INFO:teuthology.orchestra.run.smithi073.stdout:/usr/bin/ceph: stderr
2023-12-11T19:43:18.490+0000 7fd52911b700 1 --2- 172.21.15.73:0/1328905422 >> [v2:172.21.15.73:3300/0,v1:172.21.15.73:6789/0] conn(0x7fd524105600 0x7fd524105a20 secure :-1 s=READY pgs=78 cs=0 l=1 rev1=1 crypto rx=0x7fd5200098a0 tx=0x7fd520009bb0 comp rx=0 tx=0).ready entity=mon.0 client_cookie=75581036fbc29582 server_cookie=0 in_seq=0 out_seq=0
2023-12-11T19:43:19.103 INFO:teuthology.orchestra.run.smithi073.stdout:/usr/bin/ceph: stderr
2023-12-11T19:43:18.490+0000 7fd51bfff700 1 -- 172.21.15.73:0/1328905422 <== mon.0 v2:172.21.15.73:3300/0 1 ==== mon_map magic: 0 v1 ==== 205+0+0 (secure 0 0 0) 0x7fd520004160 con 0x7fd524105600
2023-12-11T19:43:19.103 INFO:teuthology.orchestra.run.smithi073.stdout:/usr/bin/ceph: stderr
2023-12-11T19:43:18.490+0000 7fd51bfff700 1 -- 172.21.15.73:0/1328905422 <== mon.0 v2:172.21.15.73:3300/0 2 ==== config(26 keys) v1 ==== 1105+0+0 (secure 0 0 0) 0x7fd5200042c0 con 0x7fd524105600
2023-12-11T19:43:19.103 INFO:teuthology.orchestra.run.smithi073.stdout:/usr/bin/ceph: stderr
2023-12-11T19:43:18.490+0000 7fd51bfff700 1 -- 172.21.15.73:0/1328905422 <== mon.0 v2:172.21.15.73:3300/0 3 ==== mon_map magic: 0 v1 ==== 205+0+0 (secure 0 0 0) 0x7fd5200119b0 con 0x7fd524105600
2023-12-11T19:43:19.103 INFO:teuthology.orchestra.run.smithi073.stdout:/usr/bin/ceph: stderr
2023-12-11T19:43:18.491+0000 7fd52b37f700 1 -- 172.21.15.73:0/1328905422 >> [v2:172.21.15.73:3300/0,v1:172.21.15.73:6789/0] conn(0x7fd524105600 msgr2=0x7fd524105a20 secure :-1 s=STATE_CONNECTION_ESTABLISHED l=1).mark_down
2023-12-11T19:43:19.103 INFO:teuthology.orchestra.run.smithi073.stdout:/usr/bin/ceph: stderr
2023-12-11T19:43:18.491+0000 7fd52b37f700 1 --2- 172.21.15.73:0/1328905422 >> [v2:172.21.15.73:3300/0,v1:172.21.15.73:6789/0] conn(0x7fd524105600 0x7fd524105a20 secure :-1 s=READY pgs=78 cs=0 l=1 rev1=1 crypto rx=0x7fd5200098a0 tx=0x7fd520009bb0 comp rx=0 tx=0).stop
2023-12-11T19:43:19.103 INFO:teuthology.orchestra.run.smithi073.stdout:/usr/bin/ceph: stderr
2023-12-11T19:43:18.491+0000 7fd52b37f700 1 -- 172.21.15.73:0/1328905422 shutdown_connections
2023-12-11T19:43:19.104 INFO:teuthology.orchestra.run.smithi073.stdout:/usr/bin/ceph: stderr
2023-12-11T19:43:18.491+0000 7fd52b37f700 1 --2- 172.21.15.73:0/1328905422 >> [v2:172.21.15.73:3300/0,v1:172.21.15.73:6789/0] conn(0x7fd524105600 0x7fd524105a20 unknown :-1 s=CLOSED pgs=78 cs=0 l=1 rev1=1 crypto rx=0 tx=0 comp rx=0 tx=0).stop
2023-12-11T19:43:19.104 INFO:teuthology.orchestra.run.smithi073.stdout:/usr/bin/ceph: stderr
2023-12-11T19:43:18.491+0000 7fd52b37f700 1 -- 172.21.15.73:0/1328905422 >> 172.21.15.73:0/1328905422 conn(0x7fd5241011e0 msgr2=0x7fd524103620 unknown :-1 s=STATE_NONE l=0).mark_down
2023-12-11T19:43:19.104 INFO:teuthology.orchestra.run.smithi073.stdout:/usr/bin/ceph: stderr
2023-12-11T19:43:18.491+0000 7fd52b37f700 1 -- 172.21.15.73:0/1328905422 shutdown_connections
2023-12-11T19:43:19.104 INFO:teuthology.orchestra.run.smithi073.stdout:/usr/bin/ceph: stderr
2023-12-11T19:43:18.491+0000 7fd52b37f700 1 -- 172.21.15.73:0/1328905422 wait complete.
2023-12-11T19:43:19.104 INFO:teuthology.orchestra.run.smithi073.stdout:/usr/bin/ceph: stderr
2023-12-11T19:43:18.491+0000 7fd52b37f700 1 Processor -- start
2023-12-11T19:43:19.104 INFO:teuthology.orchestra.run.smithi073.stdout:/usr/bin/ceph: stderr
2023-12-11T19:43:18.491+0000 7fd52b37f700 1 -- start start
2023-12-11T19:43:19.104 INFO:teuthology.orchestra.run.smithi073.stdout:/usr/bin/ceph: stderr
2023-12-11T19:43:18.492+0000 7fd52b37f700 1 --2- >> [v2:172.21.15.73:3300/0,v1:172.21.15.73:6789/0] conn(0x7fd524105600 0x7fd52419cd40 unknown :-1 s=NONE pgs=0 cs=0 l=1 rev1=0 crypto rx=0 tx=0 comp rx=0 tx=0).connect
2023-12-11T19:43:19.104 INFO:teuthology.orchestra.run.smithi073.stdout:/usr/bin/ceph: stderr
2023-12-11T19:43:18.492+0000 7fd52b37f700 1 -- --> [v2:172.21.15.73:3300/0,v1:172.21.15.73:6789/0] -- mon_getmap magic: 0 v1 -- 0x7fd52419d280 con 0x7fd524105600
2023-12-11T19:43:19.104 INFO:teuthology.orchestra.run.smithi073.stdout:/usr/bin/ceph: stderr
2023-12-11T19:43:18.492+0000 7fd52911b700 1 --2- >> [v2:172.21.15.73:3300/0,v1:172.21.15.73:6789/0] conn(0x7fd524105600 0x7fd52419cd40 unknown :-1 s=BANNER_CONNECTING pgs=0 cs=0 l=1 rev1=0 crypto rx=0 tx=0 comp rx=0 tx=0)._handle_peer_banner_payload supported=3 required=0
2023-12-11T19:43:19.104 INFO:teuthology.orchestra.run.smithi073.stdout:/usr/bin/ceph: stderr
2023-12-11T19:43:18.492+0000 7fd52911b700 1 --2- >> [v2:172.21.15.73:3300/0,v1:172.21.15.73:6789/0] conn(0x7fd524105600 0x7fd52419cd40 unknown :-1 s=HELLO_CONNECTING pgs=0 cs=0 l=1 rev1=1 crypto rx=0 tx=0 comp rx=0 tx=0).handle_hello peer v2:172.21.15.73:3300/0 says I am v2:172.21.15.73:53488/0 (socket says 172.21.15.73:53488)
2023-12-11T19:43:19.104 INFO:teuthology.orchestra.run.smithi073.stdout:/usr/bin/ceph: stderr
2023-12-11T19:43:18.492+0000 7fd52911b700 1 -- 172.21.15.73:0/1721060571 learned_addr learned my addr 172.21.15.73:0/1721060571 (peer_addr_for_me v2:172.21.15.73:0/0)
2023-12-11T19:43:19.104 INFO:teuthology.orchestra.run.smithi073.stdout:/usr/bin/ceph: stderr
2023-12-11T19:43:18.492+0000 7fd52911b700 1 -- 172.21.15.73:0/1721060571 --> [v2:172.21.15.73:3300/0,v1:172.21.15.73:6789/0] -- mon_subscribe({config=0+,monmap=0+}) v3 -- 0x7fd520009550 con 0x7fd524105600
2023-12-11T19:43:19.104 INFO:teuthology.orchestra.run.smithi073.stdout:/usr/bin/ceph: stderr
2023-12-11T19:43:18.492+0000 7fd52911b700 1 --2- 172.21.15.73:0/1721060571 >> [v2:172.21.15.73:3300/0,v1:172.21.15.73:6789/0] conn(0x7fd524105600 0x7fd52419cd40 secure :-1 s=READY pgs=79 cs=0 l=1 rev1=1 crypto rx=0x7fd520006af0 tx=0x7fd520011a10 comp rx=0 tx=0).ready entity=mon.0 client_cookie=0 server_cookie=0 in_seq=0 out_seq=0
2023-12-11T19:43:19.104 INFO:teuthology.orchestra.run.smithi073.stdout:/usr/bin/ceph: stderr
2023-12-11T19:43:18.492+0000 7fd51a7fc700 1 -- 172.21.15.73:0/1721060571 <== mon.0 v2:172.21.15.73:3300/0 1 ==== mon_map magic: 0 v1 ==== 205+0+0 (secure 0 0 0) 0x7fd520003a40 con 0x7fd524105600
2023-12-11T19:43:19.105 INFO:teuthology.orchestra.run.smithi073.stdout:/usr/bin/ceph: stderr
2023-12-11T19:43:18.492+0000 7fd51a7fc700 1 -- 172.21.15.73:0/1721060571 <== mon.0 v2:172.21.15.73:3300/0 2 ==== config(26 keys) v1 ==== 1105+0+0 (secure 0 0 0) 0x7fd520003ba0 con 0x7fd524105600
2023-12-11T19:43:19.105 INFO:teuthology.orchestra.run.smithi073.stdout:/usr/bin/ceph: stderr
2023-12-11T19:43:18.492+0000 7fd52b37f700 1 -- 172.21.15.73:0/1721060571 --> [v2:172.21.15.73:3300/0,v1:172.21.15.73:6789/0] -- mon_subscribe({mgrmap=0+}) v3 -- 0x7fd52419d480 con 0x7fd524105600
2023-12-11T19:43:19.105 INFO:teuthology.orchestra.run.smithi073.stdout:/usr/bin/ceph: stderr
2023-12-11T19:43:18.492+0000 7fd51a7fc700 1 -- 172.21.15.73:0/1721060571 <== mon.0 v2:172.21.15.73:3300/0 3 ==== mon_map magic: 0 v1 ==== 205+0+0 (secure 0 0 0) 0x7fd5200196c0 con 0x7fd524105600
2023-12-11T19:43:19.105 INFO:teuthology.orchestra.run.smithi073.stdout:/usr/bin/ceph: stderr
2023-12-11T19:43:18.492+0000 7fd52b37f700 1 -- 172.21.15.73:0/1721060571 --> [v2:172.21.15.73:3300/0,v1:172.21.15.73:6789/0] -- mon_subscribe({osdmap=0}) v3 -- 0x7fd52419df90 con 0x7fd524105600
2023-12-11T19:43:19.106 INFO:teuthology.orchestra.run.smithi073.stdout:/usr/bin/ceph: stderr
2023-12-11T19:43:18.493+0000 7fd51a7fc700 1 -- 172.21.15.73:0/1721060571 <== mon.0 v2:172.21.15.73:3300/0 4 ==== mgrmap(e 13) v1 ==== 45636+0+0 (secure 0 0 0) 0x7fd520019930 con 0x7fd524105600
2023-12-11T19:43:19.106 INFO:teuthology.orchestra.run.smithi073.stdout:/usr/bin/ceph: stderr
2023-12-11T19:43:18.493+0000 7fd52b37f700 1 -- 172.21.15.73:0/1721060571 --> [v2:172.21.15.73:3300/0,v1:172.21.15.73:6789/0] -- mon_command({"prefix": "get_command_descriptions"} v 0) v1 -- 0x7fd524062c00 con 0x7fd524105600
2023-12-11T19:43:19.106 INFO:teuthology.orchestra.run.smithi073.stdout:/usr/bin/ceph: stderr
2023-12-11T19:43:18.493+0000 7fd51a7fc700 1 --2- 172.21.15.73:0/1721060571 >> [v2:172.21.15.73:6800/21720181,v1:172.21.15.73:6801/21720181] conn(0x7fd510038910 0x7fd51003add0 unknown :-1 s=NONE pgs=0 cs=0 l=1 rev1=0 crypto rx=0 tx=0 comp rx=0 tx=0).connect
2023-12-11T19:43:19.106 INFO:teuthology.orchestra.run.smithi073.stdout:/usr/bin/ceph: stderr
2023-12-11T19:43:18.493+0000 7fd51a7fc700 1 -- 172.21.15.73:0/1721060571 <== mon.0 v2:172.21.15.73:3300/0 5 ==== osd_map(3..3 src has 1..3) v4 ==== 1155+0+0 (secure 0 0 0) 0x7fd52004ce10 con 0x7fd524105600
2023-12-11T19:43:19.106 INFO:teuthology.orchestra.run.smithi073.stdout:/usr/bin/ceph: stderr
2023-12-11T19:43:18.494+0000 7fd52891a700 1 --2- 172.21.15.73:0/1721060571 >> [v2:172.21.15.73:6800/21720181,v1:172.21.15.73:6801/21720181] conn(0x7fd510038910 0x7fd51003add0 unknown :-1 s=BANNER_CONNECTING pgs=0 cs=0 l=1 rev1=0 crypto rx=0 tx=0 comp rx=0 tx=0)._handle_peer_banner_payload supported=3 required=0
2023-12-11T19:43:19.106 INFO:teuthology.orchestra.run.smithi073.stdout:/usr/bin/ceph: stderr
2023-12-11T19:43:18.494+0000 7fd52891a700 1 --2- 172.21.15.73:0/1721060571 >> [v2:172.21.15.73:6800/21720181,v1:172.21.15.73:6801/21720181] conn(0x7fd510038910 0x7fd51003add0 secure :-1 s=READY pgs=11 cs=0 l=1 rev1=1 crypto rx=0x7fd514006fd0 tx=0x7fd514006e40 comp rx=0 tx=0).ready entity=mgr.14152 client_cookie=0 server_cookie=0 in_seq=0 out_seq=0
2023-12-11T19:43:19.106 INFO:teuthology.orchestra.run.smithi073.stdout:/usr/bin/ceph: stderr
2023-12-11T19:43:18.498+0000 7fd51a7fc700 1 -- 172.21.15.73:0/1721060571 <== mon.0 v2:172.21.15.73:3300/0 6 ==== mon_command_ack([{"prefix": "get_command_descriptions"}]=0 v0) v1 ==== 72+0+180949 (secure 0 0 0) 0x7fd520019be0 con 0x7fd524105600
2023-12-11T19:43:19.106 INFO:teuthology.orchestra.run.smithi073.stdout:/usr/bin/ceph: stderr
2023-12-11T19:43:18.791+0000 7fd52b37f700 1 -- 172.21.15.73:0/1721060571 --> [v2:172.21.15.73:3300/0,v1:172.21.15.73:6789/0] -- mon_command([{prefix=config-key set, key=mgr/dashboard/cluster/status}] v 0) v1 -- 0x7fd524107050 con 0x7fd524105600
2023-12-11T19:43:19.106 INFO:teuthology.orchestra.run.smithi073.stdout:/usr/bin/ceph: stderr
2023-12-11T19:43:18.793+0000 7fd51a7fc700 1 -- 172.21.15.73:0/1721060571 <== mon.0 v2:172.21.15.73:3300/0 7 ==== mon_command_ack([{prefix=config-key set, key=mgr/dashboard/cluster/status}]=0 set mgr/dashboard/cluster/status v28)=0 set mgr/dashboard/cluster/status v28) v1 ==== 153+0+0 (secure 0 0 0) 0x7fd520019be0 con 0x7fd524105600
2023-12-11T19:43:19.106 INFO:teuthology.orchestra.run.smithi073.stdout:/usr/bin/ceph: stderr
2023-12-11T19:43:18.795+0000 7fd52b37f700 1 -- 172.21.15.73:0/1721060571 >> [v2:172.21.15.73:6800/21720181,v1:172.21.15.73:6801/21720181] conn(0x7fd510038910 msgr2=0x7fd51003add0 secure :-1 s=STATE_CONNECTION_ESTABLISHED l=1).mark_down
2023-12-11T19:43:19.106 INFO:teuthology.orchestra.run.smithi073.stdout:/usr/bin/ceph: stderr
2023-12-11T19:43:18.795+0000 7fd52b37f700 1 --2- 172.21.15.73:0/1721060571 >> [v2:172.21.15.73:6800/21720181,v1:172.21.15.73:6801/21720181] conn(0x7fd510038910 0x7fd51003add0 secure :-1 s=READY pgs=11 cs=0 l=1 rev1=1 crypto rx=0x7fd514006fd0 tx=0x7fd514006e40 comp rx=0 tx=0).stop
2023-12-11T19:43:19.106 INFO:teuthology.orchestra.run.smithi073.stdout:/usr/bin/ceph: stderr
2023-12-11T19:43:18.795+0000 7fd52b37f700 1 -- 172.21.15.73:0/1721060571 >> [v2:172.21.15.73:3300/0,v1:172.21.15.73:6789/0] conn(0x7fd524105600 msgr2=0x7fd52419cd40 secure :-1 s=STATE_CONNECTION_ESTABLISHED l=1).mark_down
2023-12-11T19:43:19.106 INFO:teuthology.orchestra.run.smithi073.stdout:/usr/bin/ceph: stderr
2023-12-11T19:43:18.795+0000 7fd52b37f700 1 --2- 172.21.15.73:0/1721060571 >> [v2:172.21.15.73:3300/0,v1:172.21.15.73:6789/0] conn(0x7fd524105600 0x7fd52419cd40 secure :-1 s=READY pgs=79 cs=0 l=1 rev1=1 crypto rx=0x7fd520006af0 tx=0x7fd520011a10 comp rx=0 tx=0).stop
2023-12-11T19:43:19.107 INFO:teuthology.orchestra.run.smithi073.stdout:/usr/bin/ceph: stderr
2023-12-11T19:43:18.795+0000 7fd52b37f700 1 -- 172.21.15.73:0/1721060571 shutdown_connections
2023-12-11T19:43:19.107 INFO:teuthology.orchestra.run.smithi073.stdout:/usr/bin/ceph: stderr
2023-12-11T19:43:18.795+0000 7fd52b37f700 1 --2- 172.21.15.73:0/1721060571 >> [v2:172.21.15.73:6800/21720181,v1:172.21.15.73:6801/21720181] conn(0x7fd510038910 0x7fd51003add0 unknown :-1 s=CLOSED pgs=11 cs=0 l=1 rev1=1 crypto rx=0 tx=0 comp rx=0 tx=0).stop
2023-12-11T19:43:19.107 INFO:teuthology.orchestra.run.smithi073.stdout:/usr/bin/ceph: stderr
2023-12-11T19:43:18.795+0000 7fd52b37f700 1 --2- 172.21.15.73:0/1721060571 >> [v2:172.21.15.73:3300/0,v1:172.21.15.73:6789/0] conn(0x7fd524105600 0x7fd52419cd40 unknown :-1 s=CLOSED pgs=79 cs=0 l=1 rev1=1 crypto rx=0 tx=0 comp rx=0 tx=0).stop
2023-12-11T19:43:19.107 INFO:teuthology.orchestra.run.smithi073.stdout:/usr/bin/ceph: stderr
2023-12-11T19:43:18.796+0000 7fd52b37f700 1 -- 172.21.15.73:0/1721060571 >> 172.21.15.73:0/1721060571 conn(0x7fd5241011e0 msgr2=0x7fd524193a70 unknown :-1 s=STATE_NONE l=0).mark_down
2023-12-11T19:43:19.107 INFO:teuthology.orchestra.run.smithi073.stdout:/usr/bin/ceph: stderr
2023-12-11T19:43:18.796+0000 7fd52b37f700 1 -- 172.21.15.73:0/1721060571 shutdown_connections
2023-12-11T19:43:19.107 INFO:teuthology.orchestra.run.smithi073.stdout:/usr/bin/ceph: stderr
2023-12-11T19:43:18.796+0000 7fd52b37f700 1 -- 172.21.15.73:0/1721060571 wait complete.
2023-12-11T19:43:19.107 INFO:teuthology.orchestra.run.smithi073.stdout:/usr/bin/ceph: stderr set mgr/dashboard/cluster/status
2023-12-11T19:43:19.107 INFO:teuthology.orchestra.run.smithi073.stdout:You can access the Ceph CLI as following in case of multi-cluster or non-default config:
2023-12-11T19:43:19.107 INFO:teuthology.orchestra.run.smithi073.stdout:
2023-12-11T19:43:19.107 INFO:teuthology.orchestra.run.smithi073.stdout: sudo /home/ubuntu/cephtest/cephadm shell --fsid 47117a38-985d-11ee-95a3-87774f69a715 -c /etc/ceph/ceph.conf -k /etc/ceph/ceph.client.admin.keyring
2023-12-11T19:43:19.107 INFO:teuthology.orchestra.run.smithi073.stdout:
2023-12-11T19:43:19.107 INFO:teuthology.orchestra.run.smithi073.stdout:Or, if you are only running a single cluster on this host:
2023-12-11T19:43:19.107 INFO:teuthology.orchestra.run.smithi073.stdout:
2023-12-11T19:43:19.107 INFO:teuthology.orchestra.run.smithi073.stdout: sudo /home/ubuntu/cephtest/cephadm shell
2023-12-11T19:43:19.107 INFO:teuthology.orchestra.run.smithi073.stdout:
2023-12-11T19:43:19.108 INFO:teuthology.orchestra.run.smithi073.stdout:Please consider enabling telemetry to help improve Ceph:
2023-12-11T19:43:19.108 INFO:teuthology.orchestra.run.smithi073.stdout:
2023-12-11T19:43:19.108 INFO:teuthology.orchestra.run.smithi073.stdout: ceph telemetry on
2023-12-11T19:43:19.108 INFO:teuthology.orchestra.run.smithi073.stdout:
2023-12-11T19:43:19.108 INFO:teuthology.orchestra.run.smithi073.stdout:For more information see:
2023-12-11T19:43:19.108 INFO:teuthology.orchestra.run.smithi073.stdout:
2023-12-11T19:43:19.108 INFO:teuthology.orchestra.run.smithi073.stdout: https://docs.ceph.com/en/latest/mgr/telemetry/
2023-12-11T19:43:19.108 INFO:teuthology.orchestra.run.smithi073.stdout:
2023-12-11T19:43:19.108 INFO:teuthology.orchestra.run.smithi073.stdout:Bootstrap complete.
2023-12-11T19:43:19.143 INFO:tasks.cephadm:Fetching config...
2023-12-11T19:43:19.143 DEBUG:teuthology.orchestra.run.smithi073:> set -ex
2023-12-11T19:43:19.143 DEBUG:teuthology.orchestra.run.smithi073:> dd if=/etc/ceph/ceph.conf of=/dev/stdout
2023-12-11T19:43:19.160 INFO:tasks.cephadm:Fetching client.admin keyring...
2023-12-11T19:43:19.160 DEBUG:teuthology.orchestra.run.smithi073:> set -ex
2023-12-11T19:43:19.160 DEBUG:teuthology.orchestra.run.smithi073:> dd if=/etc/ceph/ceph.client.admin.keyring of=/dev/stdout
2023-12-11T19:43:19.217 INFO:tasks.cephadm:Fetching mon keyring...
2023-12-11T19:43:19.217 DEBUG:teuthology.orchestra.run.smithi073:> set -ex
2023-12-11T19:43:19.217 DEBUG:teuthology.orchestra.run.smithi073:> sudo dd if=/var/lib/ceph/47117a38-985d-11ee-95a3-87774f69a715/mon.a/keyring of=/dev/stdout
2023-12-11T19:43:19.285 INFO:tasks.cephadm:Fetching pub ssh key...
2023-12-11T19:43:19.285 DEBUG:teuthology.orchestra.run.smithi073:> set -ex
2023-12-11T19:43:19.285 DEBUG:teuthology.orchestra.run.smithi073:> dd if=/home/ubuntu/cephtest/ceph.pub of=/dev/stdout
2023-12-11T19:43:19.342 INFO:tasks.cephadm:Installing pub ssh key for root users...
2023-12-11T19:43:19.342 DEBUG:teuthology.orchestra.run.smithi073:> sudo install -d -m 0700 /root/.ssh && echo 'ssh-rsa AAAAB3NzaC1yc2EAAAADAQABAAABgQDDDkhA61vNDsoViBYtscToDlUeIs5ropdwwwlK5D/U7XihpViKlZV7ebcwRXj1GjjiUuIaeSJWtUkgmh2zjT3XSgZyGTR6RdD3TSAY5Tu5MaVR85EzzZ+BpRwZibAiU585rO9i+++z/mCOe5KP7HFHuxeFrGNrSG8nAjZYEFuCcFpkOwUckhwSdIiGnC704NjUxjkuCgEDTAaHIUwn8wKnATQ3ui+21MucluevJXsF2d2lh4rji9Fi65RJIiKjXMSahULZ+29PNx7cSvsbRebTc32tbona3dX/kIIoOpDHuNu2kaa92IY/VL1uYnXTONZNErFrmOJVfe99dmbsnBtNnircpYr2V489wbzHya2/nV+mY48QB1fKXqLdU9fEa3Cyg1Lqe8WfDVIkKNx3J3ECEHifqQ3s2v+20ypeoaVS3QpYMYHPxLFwWFkfsfuw3o6s2oKrfWYcXabFIzWczNCh7+OnG1gvotKRjz6e6ZkKLn+IYIK4kfUmeZzNzvgVifs= ceph-47117a38-985d-11ee-95a3-87774f69a715' | sudo tee -a /root/.ssh/authorized_keys && sudo chmod 0600 /root/.ssh/authorized_keys
2023-12-11T19:43:19.420 INFO:teuthology.orchestra.run.smithi073.stdout:ssh-rsa AAAAB3NzaC1yc2EAAAADAQABAAABgQDDDkhA61vNDsoViBYtscToDlUeIs5ropdwwwlK5D/U7XihpViKlZV7ebcwRXj1GjjiUuIaeSJWtUkgmh2zjT3XSgZyGTR6RdD3TSAY5Tu5MaVR85EzzZ+BpRwZibAiU585rO9i+++z/mCOe5KP7HFHuxeFrGNrSG8nAjZYEFuCcFpkOwUckhwSdIiGnC704NjUxjkuCgEDTAaHIUwn8wKnATQ3ui+21MucluevJXsF2d2lh4rji9Fi65RJIiKjXMSahULZ+29PNx7cSvsbRebTc32tbona3dX/kIIoOpDHuNu2kaa92IY/VL1uYnXTONZNErFrmOJVfe99dmbsnBtNnircpYr2V489wbzHya2/nV+mY48QB1fKXqLdU9fEa3Cyg1Lqe8WfDVIkKNx3J3ECEHifqQ3s2v+20ypeoaVS3QpYMYHPxLFwWFkfsfuw3o6s2oKrfWYcXabFIzWczNCh7+OnG1gvotKRjz6e6ZkKLn+IYIK4kfUmeZzNzvgVifs= ceph-47117a38-985d-11ee-95a3-87774f69a715
2023-12-11T19:43:19.434 DEBUG:teuthology.orchestra.run.smithi142:> sudo install -d -m 0700 /root/.ssh && echo 'ssh-rsa AAAAB3NzaC1yc2EAAAADAQABAAABgQDDDkhA61vNDsoViBYtscToDlUeIs5ropdwwwlK5D/U7XihpViKlZV7ebcwRXj1GjjiUuIaeSJWtUkgmh2zjT3XSgZyGTR6RdD3TSAY5Tu5MaVR85EzzZ+BpRwZibAiU585rO9i+++z/mCOe5KP7HFHuxeFrGNrSG8nAjZYEFuCcFpkOwUckhwSdIiGnC704NjUxjkuCgEDTAaHIUwn8wKnATQ3ui+21MucluevJXsF2d2lh4rji9Fi65RJIiKjXMSahULZ+29PNx7cSvsbRebTc32tbona3dX/kIIoOpDHuNu2kaa92IY/VL1uYnXTONZNErFrmOJVfe99dmbsnBtNnircpYr2V489wbzHya2/nV+mY48QB1fKXqLdU9fEa3Cyg1Lqe8WfDVIkKNx3J3ECEHifqQ3s2v+20ypeoaVS3QpYMYHPxLFwWFkfsfuw3o6s2oKrfWYcXabFIzWczNCh7+OnG1gvotKRjz6e6ZkKLn+IYIK4kfUmeZzNzvgVifs= ceph-47117a38-985d-11ee-95a3-87774f69a715' | sudo tee -a /root/.ssh/authorized_keys && sudo chmod 0600 /root/.ssh/authorized_keys
2023-12-11T19:43:19.484 INFO:teuthology.orchestra.run.smithi142.stdout:ssh-rsa AAAAB3NzaC1yc2EAAAADAQABAAABgQDDDkhA61vNDsoViBYtscToDlUeIs5ropdwwwlK5D/U7XihpViKlZV7ebcwRXj1GjjiUuIaeSJWtUkgmh2zjT3XSgZyGTR6RdD3TSAY5Tu5MaVR85EzzZ+BpRwZibAiU585rO9i+++z/mCOe5KP7HFHuxeFrGNrSG8nAjZYEFuCcFpkOwUckhwSdIiGnC704NjUxjkuCgEDTAaHIUwn8wKnATQ3ui+21MucluevJXsF2d2lh4rji9Fi65RJIiKjXMSahULZ+29PNx7cSvsbRebTc32tbona3dX/kIIoOpDHuNu2kaa92IY/VL1uYnXTONZNErFrmOJVfe99dmbsnBtNnircpYr2V489wbzHya2/nV+mY48QB1fKXqLdU9fEa3Cyg1Lqe8WfDVIkKNx3J3ECEHifqQ3s2v+20ypeoaVS3QpYMYHPxLFwWFkfsfuw3o6s2oKrfWYcXabFIzWczNCh7+OnG1gvotKRjz6e6ZkKLn+IYIK4kfUmeZzNzvgVifs= ceph-47117a38-985d-11ee-95a3-87774f69a715
2023-12-11T19:43:19.496 DEBUG:teuthology.orchestra.run.smithi187:> sudo install -d -m 0700 /root/.ssh && echo 'ssh-rsa AAAAB3NzaC1yc2EAAAADAQABAAABgQDDDkhA61vNDsoViBYtscToDlUeIs5ropdwwwlK5D/U7XihpViKlZV7ebcwRXj1GjjiUuIaeSJWtUkgmh2zjT3XSgZyGTR6RdD3TSAY5Tu5MaVR85EzzZ+BpRwZibAiU585rO9i+++z/mCOe5KP7HFHuxeFrGNrSG8nAjZYEFuCcFpkOwUckhwSdIiGnC704NjUxjkuCgEDTAaHIUwn8wKnATQ3ui+21MucluevJXsF2d2lh4rji9Fi65RJIiKjXMSahULZ+29PNx7cSvsbRebTc32tbona3dX/kIIoOpDHuNu2kaa92IY/VL1uYnXTONZNErFrmOJVfe99dmbsnBtNnircpYr2V489wbzHya2/nV+mY48QB1fKXqLdU9fEa3Cyg1Lqe8WfDVIkKNx3J3ECEHifqQ3s2v+20ypeoaVS3QpYMYHPxLFwWFkfsfuw3o6s2oKrfWYcXabFIzWczNCh7+OnG1gvotKRjz6e6ZkKLn+IYIK4kfUmeZzNzvgVifs= ceph-47117a38-985d-11ee-95a3-87774f69a715' | sudo tee -a /root/.ssh/authorized_keys && sudo chmod 0600 /root/.ssh/authorized_keys
2023-12-11T19:43:19.544 INFO:teuthology.orchestra.run.smithi187.stdout:ssh-rsa AAAAB3NzaC1yc2EAAAADAQABAAABgQDDDkhA61vNDsoViBYtscToDlUeIs5ropdwwwlK5D/U7XihpViKlZV7ebcwRXj1GjjiUuIaeSJWtUkgmh2zjT3XSgZyGTR6RdD3TSAY5Tu5MaVR85EzzZ+BpRwZibAiU585rO9i+++z/mCOe5KP7HFHuxeFrGNrSG8nAjZYEFuCcFpkOwUckhwSdIiGnC704NjUxjkuCgEDTAaHIUwn8wKnATQ3ui+21MucluevJXsF2d2lh4rji9Fi65RJIiKjXMSahULZ+29PNx7cSvsbRebTc32tbona3dX/kIIoOpDHuNu2kaa92IY/VL1uYnXTONZNErFrmOJVfe99dmbsnBtNnircpYr2V489wbzHya2/nV+mY48QB1fKXqLdU9fEa3Cyg1Lqe8WfDVIkKNx3J3ECEHifqQ3s2v+20ypeoaVS3QpYMYHPxLFwWFkfsfuw3o6s2oKrfWYcXabFIzWczNCh7+OnG1gvotKRjz6e6ZkKLn+IYIK4kfUmeZzNzvgVifs= ceph-47117a38-985d-11ee-95a3-87774f69a715
2023-12-11T19:43:19.557 DEBUG:teuthology.orchestra.run.smithi073:> sudo /home/ubuntu/cephtest/cephadm --image quay-quay-quay.apps.os.sepia.ceph.com/ceph-ci/ceph:a62fda73efba5520d409bb5a21bd8373289dda5d shell -c /etc/ceph/ceph.conf -k /etc/ceph/ceph.client.admin.keyring --fsid 47117a38-985d-11ee-95a3-87774f69a715 -- ceph config set mgr mgr/cephadm/allow_ptrace true
2023-12-11T19:43:19.881 INFO:journalctl@ceph.mon.a.smithi073.stdout:Dec 11 19:43:19 smithi073 ceph-mon[98917]: mgrmap e13: x(active, since 6s)
2023-12-11T19:43:19.881 INFO:journalctl@ceph.mon.a.smithi073.stdout:Dec 11 19:43:19 smithi073 ceph-mon[98917]: from='client.? 172.21.15.73:0/1721060571' entity='client.admin'
2023-12-11T19:43:20.156 INFO:teuthology.orchestra.run.smithi073.stderr:Inferring config /var/lib/ceph/47117a38-985d-11ee-95a3-87774f69a715/mon.a/config
2023-12-11T19:43:21.819 INFO:teuthology.orchestra.run.smithi073.stderr:2023-12-11T19:43:21.818+0000 7f99011b0700 1 -- 172.21.15.73:0/2830719577 >> [v2:172.21.15.73:3300/0,v1:172.21.15.73:6789/0] conn(0x7f98fc0ff5d0 msgr2=0x7f98fc0ff9f0 secure :-1 s=STATE_CONNECTION_ESTABLISHED l=1).mark_down
2023-12-11T19:43:21.819 INFO:teuthology.orchestra.run.smithi073.stderr:2023-12-11T19:43:21.818+0000 7f99011b0700 1 --2- 172.21.15.73:0/2830719577 >> [v2:172.21.15.73:3300/0,v1:172.21.15.73:6789/0] conn(0x7f98fc0ff5d0 0x7f98fc0ff9f0 secure :-1 s=READY pgs=80 cs=0 l=1 rev1=1 crypto rx=0x7f98f4009910 tx=0x7f98f4009c20 comp rx=0 tx=0).stop
2023-12-11T19:43:21.819 INFO:teuthology.orchestra.run.smithi073.stderr:2023-12-11T19:43:21.818+0000 7f99011b0700 1 -- 172.21.15.73:0/2830719577 shutdown_connections
2023-12-11T19:43:21.819 INFO:teuthology.orchestra.run.smithi073.stderr:2023-12-11T19:43:21.818+0000 7f99011b0700 1 --2- 172.21.15.73:0/2830719577 >> [v2:172.21.15.73:3300/0,v1:172.21.15.73:6789/0] conn(0x7f98fc0ff5d0 0x7f98fc0ff9f0 unknown :-1 s=CLOSED pgs=80 cs=0 l=1 rev1=1 crypto rx=0 tx=0 comp rx=0 tx=0).stop
2023-12-11T19:43:21.819 INFO:teuthology.orchestra.run.smithi073.stderr:2023-12-11T19:43:21.818+0000 7f99011b0700 1 -- 172.21.15.73:0/2830719577 >> 172.21.15.73:0/2830719577 conn(0x7f98fc0fab90 msgr2=0x7f98fc0fcfb0 unknown :-1 s=STATE_NONE l=0).mark_down
2023-12-11T19:43:21.819 INFO:teuthology.orchestra.run.smithi073.stderr:2023-12-11T19:43:21.818+0000 7f99011b0700 1 -- 172.21.15.73:0/2830719577 shutdown_connections
