2023-12-11T19:42:50.321 INFO:teuthology.orchestra.run.smithi073.stdout:/usr/bin/ceph: stderr
2023-12-11T19:42:49.657+0000 7f51060df700 1 --2- 172.21.15.73:0/230014622 >> [v2:172.21.15.73:3300/0,v1:172.21.15.73:6789/0] conn(0x7f51001077f0 0x7f5100107200 secure :-1 s=READY pgs=38 cs=0 l=1 rev1=1 crypto rx=0x7f50f0009130 tx=0x7f50f0011ad0 comp rx=0 tx=0).ready entity=mon.0 client_cookie=0 server_cookie=0 in_seq=0 out_seq=0
2023-12-11T19:42:50.321 INFO:teuthology.orchestra.run.smithi073.stdout:/usr/bin/ceph: stderr
2023-12-11T19:42:49.657+0000 7f50f77fe700 1 -- 172.21.15.73:0/230014622 <== mon.0 v2:172.21.15.73:3300/0 1 ==== mon_map magic: 0 v1 ==== 205+0+0 (secure 0 0 0) 0x7f50f0003b70 con 0x7f51001077f0
2023-12-11T19:42:50.321 INFO:teuthology.orchestra.run.smithi073.stdout:/usr/bin/ceph: stderr
2023-12-11T19:42:49.657+0000 7f50f77fe700 1 -- 172.21.15.73:0/230014622 <== mon.0 v2:172.21.15.73:3300/0 2 ==== config(26 keys) v1 ==== 1074+0+0 (secure 0 0 0) 0x7f50f0003cd0 con 0x7f51001077f0
2023-12-11T19:42:50.321 INFO:teuthology.orchestra.run.smithi073.stdout:/usr/bin/ceph: stderr
2023-12-11T19:42:49.657+0000 7f50f77fe700 1 -- 172.21.15.73:0/230014622 <== mon.0 v2:172.21.15.73:3300/0 3 ==== mon_map magic: 0 v1 ==== 205+0+0 (secure 0 0 0) 0x7f50f00197d0 con 0x7f51001077f0
2023-12-11T19:42:50.321 INFO:teuthology.orchestra.run.smithi073.stdout:/usr/bin/ceph: stderr
2023-12-11T19:42:49.657+0000 7f5108343700 1 -- 172.21.15.73:0/230014622 --> [v2:172.21.15.73:3300/0,v1:172.21.15.73:6789/0] -- mon_subscribe({mgrmap=0+}) v3 -- 0x7f51001059a0 con 0x7f51001077f0
2023-12-11T19:42:50.321 INFO:teuthology.orchestra.run.smithi073.stdout:/usr/bin/ceph: stderr
2023-12-11T19:42:49.657+0000 7f5108343700 1 -- 172.21.15.73:0/230014622 --> [v2:172.21.15.73:3300/0,v1:172.21.15.73:6789/0] -- mon_subscribe({osdmap=0}) v3 -- 0x7f5100105e40 con 0x7f51001077f0
2023-12-11T19:42:50.321 INFO:teuthology.orchestra.run.smithi073.stdout:/usr/bin/ceph: stderr
2023-12-11T19:42:49.658+0000 7f50f77fe700 1 -- 172.21.15.73:0/230014622 <== mon.0 v2:172.21.15.73:3300/0 4 ==== mgrmap(e 7) v1 ==== 45474+0+0 (secure 0 0 0) 0x7f50f001abb0 con 0x7f51001077f0
2023-12-11T19:42:50.321 INFO:teuthology.orchestra.run.smithi073.stdout:/usr/bin/ceph: stderr
2023-12-11T19:42:49.658+0000 7f5108343700 1 -- 172.21.15.73:0/230014622 --> [v2:172.21.15.73:3300/0,v1:172.21.15.73:6789/0] -- mon_command({"prefix": "get_command_descriptions"} v 0) v1 -- 0x7f5100067940 con 0x7f51001077f0
2023-12-11T19:42:50.321 INFO:teuthology.orchestra.run.smithi073.stdout:/usr/bin/ceph: stderr
2023-12-11T19:42:49.658+0000 7f50f77fe700 1 --2- 172.21.15.73:0/230014622 >> [v2:172.21.15.73:6800/562601594,v1:172.21.15.73:6801/562601594] conn(0x7f50ec0386f0 0x7f50ec03abb0 unknown :-1 s=NONE pgs=0 cs=0 l=1 rev1=0 crypto rx=0 tx=0 comp rx=0 tx=0).connect
2023-12-11T19:42:50.321 INFO:teuthology.orchestra.run.smithi073.stdout:/usr/bin/ceph: stderr
2023-12-11T19:42:49.658+0000 7f50f77fe700 1 -- 172.21.15.73:0/230014622 <== mon.0 v2:172.21.15.73:3300/0 5 ==== osd_map(2..2 src has 1..2) v4 ==== 940+0+0 (secure 0 0 0) 0x7f50f004c8c0 con 0x7f51001077f0
2023-12-11T19:42:50.321 INFO:teuthology.orchestra.run.smithi073.stdout:/usr/bin/ceph: stderr
2023-12-11T19:42:49.658+0000 7f51058de700 1 --2- 172.21.15.73:0/230014622 >> [v2:172.21.15.73:6800/562601594,v1:172.21.15.73:6801/562601594] conn(0x7f50ec0386f0 0x7f50ec03abb0 unknown :-1 s=BANNER_CONNECTING pgs=0 cs=0 l=1 rev1=0 crypto rx=0 tx=0 comp rx=0 tx=0)._handle_peer_banner_payload supported=3 required=0
2023-12-11T19:42:50.321 INFO:teuthology.orchestra.run.smithi073.stdout:/usr/bin/ceph: stderr
2023-12-11T19:42:49.658+0000 7f51058de700 1 --2- 172.21.15.73:0/230014622 >> [v2:172.21.15.73:6800/562601594,v1:172.21.15.73:6801/562601594] conn(0x7f50ec0386f0 0x7f50ec03abb0 secure :-1 s=READY pgs=7 cs=0 l=1 rev1=1 crypto rx=0x7f50fc006fd0 tx=0x7f50fc006e40 comp rx=0 tx=0).ready entity=mgr.14120 client_cookie=0 server_cookie=0 in_seq=0 out_seq=0
2023-12-11T19:42:50.322 INFO:teuthology.orchestra.run.smithi073.stdout:/usr/bin/ceph: stderr
2023-12-11T19:42:49.663+0000 7f50f77fe700 1 -- 172.21.15.73:0/230014622 <== mon.0 v2:172.21.15.73:3300/0 6 ==== mon_command_ack([{"prefix": "get_command_descriptions"}]=0 v0) v1 ==== 72+0+180949 (secure 0 0 0) 0x7f50f001a430 con 0x7f51001077f0
2023-12-11T19:42:50.322 INFO:teuthology.orchestra.run.smithi073.stdout:/usr/bin/ceph: stderr
2023-12-11T19:42:49.868+0000 7f5108343700 1 -- 172.21.15.73:0/230014622 --> [v2:172.21.15.73:6800/562601594,v1:172.21.15.73:6801/562601594] -- mgr_command(tid 0: {"prefix": "orch set backend", "module_name": "cephadm", "target": ["mon-mgr", ""]}) v1 -- 0x7f51001061f0 con 0x7f50ec0386f0
2023-12-11T19:42:50.322 INFO:teuthology.orchestra.run.smithi073.stdout:/usr/bin/ceph: stderr
2023-12-11T19:42:49.874+0000 7f50f77fe700 1 -- 172.21.15.73:0/230014622 <== mgr.14120 v2:172.21.15.73:6800/562601594 1 ==== mgr_command_reply(tid 0: 0 ) v1 ==== 8+0+0 (secure 0 0 0) 0x7f51001061f0 con 0x7f50ec0386f0
2023-12-11T19:42:50.322 INFO:teuthology.orchestra.run.smithi073.stdout:/usr/bin/ceph: stderr
2023-12-11T19:42:49.876+0000 7f5108343700 1 -- 172.21.15.73:0/230014622 >> [v2:172.21.15.73:6800/562601594,v1:172.21.15.73:6801/562601594] conn(0x7f50ec0386f0 msgr2=0x7f50ec03abb0 secure :-1 s=STATE_CONNECTION_ESTABLISHED l=1).mark_down
2023-12-11T19:42:50.322 INFO:teuthology.orchestra.run.smithi073.stdout:/usr/bin/ceph: stderr
2023-12-11T19:42:49.876+0000 7f5108343700 1 --2- 172.21.15.73:0/230014622 >> [v2:172.21.15.73:6800/562601594,v1:172.21.15.73:6801/562601594] conn(0x7f50ec0386f0 0x7f50ec03abb0 secure :-1 s=READY pgs=7 cs=0 l=1 rev1=1 crypto rx=0x7f50fc006fd0 tx=0x7f50fc006e40 comp rx=0 tx=0).stop
2023-12-11T19:42:50.322 INFO:teuthology.orchestra.run.smithi073.stdout:/usr/bin/ceph: stderr
2023-12-11T19:42:49.876+0000 7f5108343700 1 -- 172.21.15.73:0/230014622 >> [v2:172.21.15.73:3300/0,v1:172.21.15.73:6789/0] conn(0x7f51001077f0 msgr2=0x7f5100107200 secure :-1 s=STATE_CONNECTION_ESTABLISHED l=1).mark_down
2023-12-11T19:42:50.322 INFO:teuthology.orchestra.run.smithi073.stdout:/usr/bin/ceph: stderr
2023-12-11T19:42:49.876+0000 7f5108343700 1 --2- 172.21.15.73:0/230014622 >> [v2:172.21.15.73:3300/0,v1:172.21.15.73:6789/0] conn(0x7f51001077f0 0x7f5100107200 secure :-1 s=READY pgs=38 cs=0 l=1 rev1=1 crypto rx=0x7f50f0009130 tx=0x7f50f0011ad0 comp rx=0 tx=0).stop
2023-12-11T19:42:50.322 INFO:teuthology.orchestra.run.smithi073.stdout:/usr/bin/ceph: stderr
2023-12-11T19:42:49.876+0000 7f5108343700 1 -- 172.21.15.73:0/230014622 shutdown_connections
2023-12-11T19:42:50.322 INFO:teuthology.orchestra.run.smithi073.stdout:/usr/bin/ceph: stderr
2023-12-11T19:42:49.876+0000 7f5108343700 1 --2- 172.21.15.73:0/230014622 >> [v2:172.21.15.73:6800/562601594,v1:172.21.15.73:6801/562601594] conn(0x7f50ec0386f0 0x7f50ec03abb0 unknown :-1 s=CLOSED pgs=7 cs=0 l=1 rev1=1 crypto rx=0 tx=0 comp rx=0 tx=0).stop
2023-12-11T19:42:50.322 INFO:teuthology.orchestra.run.smithi073.stdout:/usr/bin/ceph: stderr
2023-12-11T19:42:49.876+0000 7f5108343700 1 --2- 172.21.15.73:0/230014622 >> [v2:172.21.15.73:3300/0,v1:172.21.15.73:6789/0] conn(0x7f51001077f0 0x7f5100107200 unknown :-1 s=CLOSED pgs=38 cs=0 l=1 rev1=1 crypto rx=0 tx=0 comp rx=0 tx=0).stop
2023-12-11T19:42:50.322 INFO:teuthology.orchestra.run.smithi073.stdout:/usr/bin/ceph: stderr
2023-12-11T19:42:49.876+0000 7f5108343700 1 -- 172.21.15.73:0/230014622 >> 172.21.15.73:0/230014622 conn(0x7f51001011e0 msgr2=0x7f5100101d60 unknown :-1 s=STATE_NONE l=0).mark_down
2023-12-11T19:42:50.322 INFO:teuthology.orchestra.run.smithi073.stdout:/usr/bin/ceph: stderr
2023-12-11T19:42:49.876+0000 7f5108343700 1 -- 172.21.15.73:0/230014622 shutdown_connections
2023-12-11T19:42:50.322 INFO:teuthology.orchestra.run.smithi073.stdout:/usr/bin/ceph: stderr
2023-12-11T19:42:49.876+0000 7f5108343700 1 -- 172.21.15.73:0/230014622 wait complete.
2023-12-11T19:42:51.134 INFO:journalctl@ceph.mon.a.smithi073.stdout:Dec 11 19:42:50 smithi073 ceph-mon[98917]: from='client.14132 -' entity='client.admin' cmd=[{"prefix": "orch set backend", "module_name": "cephadm", "target": ["mon-mgr", ""]}]: dispatch
2023-12-11T19:42:51.134 INFO:journalctl@ceph.mon.a.smithi073.stdout:Dec 11 19:42:50 smithi073 ceph-mon[98917]: from='mgr.14120 172.21.15.73:0/1662482258' entity='mgr.x'
2023-12-11T19:42:51.134 INFO:journalctl@ceph.mon.a.smithi073.stdout:Dec 11 19:42:50 smithi073 ceph-mon[98917]: from='mgr.14120 172.21.15.73:0/1662482258' entity='mgr.x' cmd=[{"prefix": "config dump", "format": "json"}]: dispatch
2023-12-11T19:42:51.134 INFO:journalctl@ceph.mon.a.smithi073.stdout:Dec 11 19:42:50 smithi073 ceph-mon[98917]: mgrmap e8: x(active, since 3s)
2023-12-11T19:42:51.360 INFO:teuthology.orchestra.run.smithi073.stdout:/usr/bin/ceph: stdout value unchanged
2023-12-11T19:42:51.361 INFO:teuthology.orchestra.run.smithi073.stdout:/usr/bin/ceph: stderr
2023-12-11T19:42:50.765+0000 7f2d2d99e700 1 Processor -- start
2023-12-11T19:42:51.361 INFO:teuthology.orchestra.run.smithi073.stdout:/usr/bin/ceph: stderr
2023-12-11T19:42:50.765+0000 7f2d2d99e700 1 -- start start
2023-12-11T19:42:51.361 INFO:teuthology.orchestra.run.smithi073.stdout:/usr/bin/ceph: stderr
2023-12-11T19:42:50.765+0000 7f2d2d99e700 1 --2- >> [v2:172.21.15.73:3300/0,v1:172.21.15.73:6789/0] conn(0x7f2d28106ce0 0x7f2d28107100 unknown :-1 s=NONE pgs=0 cs=0 l=0 rev1=0 crypto rx=0 tx=0 comp rx=0 tx=0).connect
2023-12-11T19:42:51.361 INFO:teuthology.orchestra.run.smithi073.stdout:/usr/bin/ceph: stderr
2023-12-11T19:42:50.765+0000 7f2d2d99e700 1 -- --> [v2:172.21.15.73:3300/0,v1:172.21.15.73:6789/0] -- mon_getmap magic: 0 v1 -- 0x7f2d281076d0 con 0x7f2d28106ce0
2023-12-11T19:42:51.361 INFO:teuthology.orchestra.run.smithi073.stdout:/usr/bin/ceph: stderr
2023-12-11T19:42:50.766+0000 7f2d26ffd700 1 --2- >> [v2:172.21.15.73:3300/0,v1:172.21.15.73:6789/0] conn(0x7f2d28106ce0 0x7f2d28107100 unknown :-1 s=BANNER_CONNECTING pgs=0 cs=0 l=0 rev1=0 crypto rx=0 tx=0 comp rx=0 tx=0)._handle_peer_banner_payload supported=3 required=0
2023-12-11T19:42:51.361 INFO:teuthology.orchestra.run.smithi073.stdout:/usr/bin/ceph: stderr
2023-12-11T19:42:50.766+0000 7f2d26ffd700 1 --2- >> [v2:172.21.15.73:3300/0,v1:172.21.15.73:6789/0] conn(0x7f2d28106ce0 0x7f2d28107100 unknown :-1 s=HELLO_CONNECTING pgs=0 cs=0 l=0 rev1=1 crypto rx=0 tx=0 comp rx=0 tx=0).handle_hello peer v2:172.21.15.73:3300/0 says I am v2:172.21.15.73:53298/0 (socket says 172.21.15.73:53298)
2023-12-11T19:42:51.361 INFO:teuthology.orchestra.run.smithi073.stdout:/usr/bin/ceph: stderr
2023-12-11T19:42:50.766+0000 7f2d26ffd700 1 -- 172.21.15.73:0/1903454336 learned_addr learned my addr 172.21.15.73:0/1903454336 (peer_addr_for_me v2:172.21.15.73:0/0)
2023-12-11T19:42:51.361 INFO:teuthology.orchestra.run.smithi073.stdout:/usr/bin/ceph: stderr
2023-12-11T19:42:50.766+0000 7f2d26ffd700 1 -- 172.21.15.73:0/1903454336 --> [v2:172.21.15.73:3300/0,v1:172.21.15.73:6789/0] -- mon_subscribe({config=0+,monmap=0+}) v3 -- 0x7f2d28107ee0 con 0x7f2d28106ce0
2023-12-11T19:42:51.361 INFO:teuthology.orchestra.run.smithi073.stdout:/usr/bin/ceph: stderr
2023-12-11T19:42:50.766+0000 7f2d26ffd700 1 --2- 172.21.15.73:0/1903454336 >> [v2:172.21.15.73:3300/0,v1:172.21.15.73:6789/0] conn(0x7f2d28106ce0 0x7f2d28107100 secure :-1 s=READY pgs=39 cs=0 l=1 rev1=1 crypto rx=0x7f2d180098a0 tx=0x7f2d18009bb0 comp rx=0 tx=0).ready entity=mon.0 client_cookie=772165cb86c051c4 server_cookie=0 in_seq=0 out_seq=0
2023-12-11T19:42:51.361 INFO:teuthology.orchestra.run.smithi073.stdout:/usr/bin/ceph: stderr
2023-12-11T19:42:50.766+0000 7f2d25ffb700 1 -- 172.21.15.73:0/1903454336 <== mon.0 v2:172.21.15.73:3300/0 1 ==== mon_map magic: 0 v1 ==== 205+0+0 (secure 0 0 0) 0x7f2d18004160 con 0x7f2d28106ce0
2023-12-11T19:42:51.361 INFO:teuthology.orchestra.run.smithi073.stdout:/usr/bin/ceph: stderr
2023-12-11T19:42:50.766+0000 7f2d25ffb700 1 -- 172.21.15.73:0/1903454336 <== mon.0 v2:172.21.15.73:3300/0 2 ==== config(26 keys) v1 ==== 1074+0+0 (secure 0 0 0) 0x7f2d180042c0 con 0x7f2d28106ce0
2023-12-11T19:42:51.361 INFO:teuthology.orchestra.run.smithi073.stdout:/usr/bin/ceph: stderr
2023-12-11T19:42:50.766+0000 7f2d25ffb700 1 -- 172.21.15.73:0/1903454336 <== mon.0 v2:172.21.15.73:3300/0 3 ==== mon_map magic: 0 v1 ==== 205+0+0 (secure 0 0 0) 0x7f2d18011a00 con 0x7f2d28106ce0
2023-12-11T19:42:51.361 INFO:teuthology.orchestra.run.smithi073.stdout:/usr/bin/ceph: stderr
2023-12-11T19:42:50.767+0000 7f2d2d99e700 1 -- 172.21.15.73:0/1903454336 >> [v2:172.21.15.73:3300/0,v1:172.21.15.73:6789/0] conn(0x7f2d28106ce0 msgr2=0x7f2d28107100 secure :-1 s=STATE_CONNECTION_ESTABLISHED l=1).mark_down
2023-12-11T19:42:51.361 INFO:teuthology.orchestra.run.smithi073.stdout:/usr/bin/ceph: stderr
2023-12-11T19:42:50.767+0000 7f2d2d99e700 1 --2- 172.21.15.73:0/1903454336 >> [v2:172.21.15.73:3300/0,v1:172.21.15.73:6789/0] conn(0x7f2d28106ce0 0x7f2d28107100 secure :-1 s=READY pgs=39 cs=0 l=1 rev1=1 crypto rx=0x7f2d180098a0 tx=0x7f2d18009bb0 comp rx=0 tx=0).stop
2023-12-11T19:42:51.362 INFO:teuthology.orchestra.run.smithi073.stdout:/usr/bin/ceph: stderr
2023-12-11T19:42:50.767+0000 7f2d2d99e700 1 -- 172.21.15.73:0/1903454336 shutdown_connections
2023-12-11T19:42:51.362 INFO:teuthology.orchestra.run.smithi073.stdout:/usr/bin/ceph: stderr
2023-12-11T19:42:50.767+0000 7f2d2d99e700 1 --2- 172.21.15.73:0/1903454336 >> [v2:172.21.15.73:3300/0,v1:172.21.15.73:6789/0] conn(0x7f2d28106ce0 0x7f2d28107100 unknown :-1 s=CLOSED pgs=39 cs=0 l=1 rev1=1 crypto rx=0 tx=0 comp rx=0 tx=0).stop
2023-12-11T19:42:51.362 INFO:teuthology.orchestra.run.smithi073.stdout:/usr/bin/ceph: stderr
2023-12-11T19:42:50.767+0000 7f2d2d99e700 1 -- 172.21.15.73:0/1903454336 >> 172.21.15.73:0/1903454336 conn(0x7f2d281022e0 msgr2=0x7f2d28104700 unknown :-1 s=STATE_NONE l=0).mark_down
2023-12-11T19:42:51.362 INFO:teuthology.orchestra.run.smithi073.stdout:/usr/bin/ceph: stderr
2023-12-11T19:42:50.767+0000 7f2d2d99e700 1 -- 172.21.15.73:0/1903454336 shutdown_connections
2023-12-11T19:42:51.362 INFO:teuthology.orchestra.run.smithi073.stdout:/usr/bin/ceph: stderr
2023-12-11T19:42:50.767+0000 7f2d2d99e700 1 -- 172.21.15.73:0/1903454336 wait complete.
2023-12-11T19:42:51.362 INFO:teuthology.orchestra.run.smithi073.stdout:/usr/bin/ceph: stderr
2023-12-11T19:42:50.767+0000 7f2d2d99e700 1 Processor -- start
2023-12-11T19:42:51.362 INFO:teuthology.orchestra.run.smithi073.stdout:/usr/bin/ceph: stderr
2023-12-11T19:42:50.768+0000 7f2d2d99e700 1 -- start start
2023-12-11T19:42:51.362 INFO:teuthology.orchestra.run.smithi073.stdout:/usr/bin/ceph: stderr
2023-12-11T19:42:50.768+0000 7f2d2d99e700 1 --2- >> [v2:172.21.15.73:3300/0,v1:172.21.15.73:6789/0] conn(0x7f2d28106ce0 0x7f2d2819aa50 unknown :-1 s=NONE pgs=0 cs=0 l=1 rev1=0 crypto rx=0 tx=0 comp rx=0 tx=0).connect
2023-12-11T19:42:51.362 INFO:teuthology.orchestra.run.smithi073.stdout:/usr/bin/ceph: stderr
2023-12-11T19:42:50.768+0000 7f2d2d99e700 1 -- --> [v2:172.21.15.73:3300/0,v1:172.21.15.73:6789/0] -- mon_getmap magic: 0 v1 -- 0x7f2d2819af90 con 0x7f2d28106ce0
2023-12-11T19:42:51.362 INFO:teuthology.orchestra.run.smithi073.stdout:/usr/bin/ceph: stderr
2023-12-11T19:42:50.768+0000 7f2d26ffd700 1 --2- >> [v2:172.21.15.73:3300/0,v1:172.21.15.73:6789/0] conn(0x7f2d28106ce0 0x7f2d2819aa50 unknown :-1 s=BANNER_CONNECTING pgs=0 cs=0 l=1 rev1=0 crypto rx=0 tx=0 comp rx=0 tx=0)._handle_peer_banner_payload supported=3 required=0
2023-12-11T19:42:51.362 INFO:teuthology.orchestra.run.smithi073.stdout:/usr/bin/ceph: stderr
2023-12-11T19:42:50.768+0000 7f2d26ffd700 1 --2- >> [v2:172.21.15.73:3300/0,v1:172.21.15.73:6789/0] conn(0x7f2d28106ce0 0x7f2d2819aa50 unknown :-1 s=HELLO_CONNECTING pgs=0 cs=0 l=1 rev1=1 crypto rx=0 tx=0 comp rx=0 tx=0).handle_hello peer v2:172.21.15.73:3300/0 says I am v2:172.21.15.73:53300/0 (socket says 172.21.15.73:53300)
2023-12-11T19:42:51.362 INFO:teuthology.orchestra.run.smithi073.stdout:/usr/bin/ceph: stderr
2023-12-11T19:42:50.768+0000 7f2d26ffd700 1 -- 172.21.15.73:0/2847458306 learned_addr learned my addr 172.21.15.73:0/2847458306 (peer_addr_for_me v2:172.21.15.73:0/0)
2023-12-11T19:42:51.362 INFO:teuthology.orchestra.run.smithi073.stdout:/usr/bin/ceph: stderr
2023-12-11T19:42:50.768+0000 7f2d26ffd700 1 -- 172.21.15.73:0/2847458306 --> [v2:172.21.15.73:3300/0,v1:172.21.15.73:6789/0] -- mon_subscribe({config=0+,monmap=0+}) v3 -- 0x7f2d18009550 con 0x7f2d28106ce0
2023-12-11T19:42:51.363 INFO:teuthology.orchestra.run.smithi073.stdout:/usr/bin/ceph: stderr
2023-12-11T19:42:50.768+0000 7f2d26ffd700 1 --2- 172.21.15.73:0/2847458306 >> [v2:172.21.15.73:3300/0,v1:172.21.15.73:6789/0] conn(0x7f2d28106ce0 0x7f2d2819aa50 secure :-1 s=READY pgs=40 cs=0 l=1 rev1=1 crypto rx=0x7f2d18009130 tx=0x7f2d18011ad0 comp rx=0 tx=0).ready entity=mon.0 client_cookie=0 server_cookie=0 in_seq=0 out_seq=0
2023-12-11T19:42:51.363 INFO:teuthology.orchestra.run.smithi073.stdout:/usr/bin/ceph: stderr
2023-12-11T19:42:50.768+0000 7f2d2c99c700 1 -- 172.21.15.73:0/2847458306 <== mon.0 v2:172.21.15.73:3300/0 1 ==== mon_map magic: 0 v1 ==== 205+0+0 (secure 0 0 0) 0x7f2d18003ab0 con 0x7f2d28106ce0
2023-12-11T19:42:51.363 INFO:teuthology.orchestra.run.smithi073.stdout:/usr/bin/ceph: stderr
2023-12-11T19:42:50.768+0000 7f2d2c99c700 1 -- 172.21.15.73:0/2847458306 <== mon.0 v2:172.21.15.73:3300/0 2 ==== config(26 keys) v1 ==== 1074+0+0 (secure 0 0 0) 0x7f2d18003c10 con 0x7f2d28106ce0
2023-12-11T19:42:51.363 INFO:teuthology.orchestra.run.smithi073.stdout:/usr/bin/ceph: stderr
2023-12-11T19:42:50.768+0000 7f2d2d99e700 1 -- 172.21.15.73:0/2847458306 --> [v2:172.21.15.73:3300/0,v1:172.21.15.73:6789/0] -- mon_subscribe({mgrmap=0+}) v3 -- 0x7f2d2819b190 con 0x7f2d28106ce0
2023-12-11T19:42:51.363 INFO:teuthology.orchestra.run.smithi073.stdout:/usr/bin/ceph: stderr
2023-12-11T19:42:50.768+0000 7f2d2c99c700 1 -- 172.21.15.73:0/2847458306 <== mon.0 v2:172.21.15.73:3300/0 3 ==== mon_map magic: 0 v1 ==== 205+0+0 (secure 0 0 0) 0x7f2d180247d0 con 0x7f2d28106ce0
2023-12-11T19:42:51.363 INFO:teuthology.orchestra.run.smithi073.stdout:/usr/bin/ceph: stderr
2023-12-11T19:42:50.768+0000 7f2d2d99e700 1 -- 172.21.15.73:0/2847458306 --> [v2:172.21.15.73:3300/0,v1:172.21.15.73:6789/0] -- mon_subscribe({osdmap=0}) v3 -- 0x7f2d2819b630 con 0x7f2d28106ce0
2023-12-11T19:42:51.363 INFO:teuthology.orchestra.run.smithi073.stdout:/usr/bin/ceph: stderr
2023-12-11T19:42:50.769+0000 7f2d2c99c700 1 -- 172.21.15.73:0/2847458306 <== mon.0 v2:172.21.15.73:3300/0 4 ==== mgrmap(e 7) v1 ==== 45474+0+0 (secure 0 0 0) 0x7f2d1802d3f0 con 0x7f2d28106ce0
2023-12-11T19:42:51.363 INFO:teuthology.orchestra.run.smithi073.stdout:/usr/bin/ceph: stderr
2023-12-11T19:42:50.769+0000 7f2d2d99e700 1 -- 172.21.15.73:0/2847458306 --> [v2:172.21.15.73:3300/0,v1:172.21.15.73:6789/0] -- mon_command({"prefix": "get_command_descriptions"} v 0) v1 -- 0x7f2d2810b0d0 con 0x7f2d28106ce0
2023-12-11T19:42:51.363 INFO:teuthology.orchestra.run.smithi073.stdout:/usr/bin/ceph: stderr
2023-12-11T19:42:50.769+0000 7f2d2c99c700 1 --2- 172.21.15.73:0/2847458306 >> [v2:172.21.15.73:6800/562601594,v1:172.21.15.73:6801/562601594] conn(0x7f2d10038740 0x7f2d1003ac00 unknown :-1 s=NONE pgs=0 cs=0 l=1 rev1=0 crypto rx=0 tx=0 comp rx=0 tx=0).connect
2023-12-11T19:42:51.363 INFO:teuthology.orchestra.run.smithi073.stdout:/usr/bin/ceph: stderr
2023-12-11T19:42:50.769+0000 7f2d2c99c700 1 -- 172.21.15.73:0/2847458306 <== mon.0 v2:172.21.15.73:3300/0 5 ==== osd_map(2..2 src has 1..2) v4 ==== 940+0+0 (secure 0 0 0) 0x7f2d1804c790 con 0x7f2d28106ce0
2023-12-11T19:42:51.363 INFO:teuthology.orchestra.run.smithi073.stdout:/usr/bin/ceph: stderr
2023-12-11T19:42:50.769+0000 7f2d267fc700 1 --2- 172.21.15.73:0/2847458306 >> [v2:172.21.15.73:6800/562601594,v1:172.21.15.73:6801/562601594] conn(0x7f2d10038740 0x7f2d1003ac00 unknown :-1 s=BANNER_CONNECTING pgs=0 cs=0 l=1 rev1=0 crypto rx=0 tx=0 comp rx=0 tx=0)._handle_peer_banner_payload supported=3 required=0
2023-12-11T19:42:51.363 INFO:teuthology.orchestra.run.smithi073.stdout:/usr/bin/ceph: stderr
2023-12-11T19:42:50.770+0000 7f2d267fc700 1 --2- 172.21.15.73:0/2847458306 >> [v2:172.21.15.73:6800/562601594,v1:172.21.15.73:6801/562601594] conn(0x7f2d10038740 0x7f2d1003ac00 secure :-1 s=READY pgs=8 cs=0 l=1 rev1=1 crypto rx=0x7f2d1c006fd0 tx=0x7f2d1c006e40 comp rx=0 tx=0).ready entity=mgr.14120 client_cookie=0 server_cookie=0 in_seq=0 out_seq=0
2023-12-11T19:42:51.363 INFO:teuthology.orchestra.run.smithi073.stdout:/usr/bin/ceph: stderr
2023-12-11T19:42:50.774+0000 7f2d2c99c700 1 -- 172.21.15.73:0/2847458306 <== mon.0 v2:172.21.15.73:3300/0 6 ==== mon_command_ack([{"prefix": "get_command_descriptions"}]=0 v0) v1 ==== 72+0+180949 (secure 0 0 0) 0x7f2d18010970 con 0x7f2d28106ce0
2023-12-11T19:42:51.363 INFO:teuthology.orchestra.run.smithi073.stdout:/usr/bin/ceph: stderr
2023-12-11T19:42:50.787+0000 7f2d2c99c700 1 -- 172.21.15.73:0/2847458306 <== mon.0 v2:172.21.15.73:3300/0 7 ==== mgrmap(e 8) v1 ==== 45580+0+0 (secure 0 0 0) 0x7f2d18019460 con 0x7f2d28106ce0
2023-12-11T19:42:51.363 INFO:teuthology.orchestra.run.smithi073.stdout:/usr/bin/ceph: stderr
2023-12-11T19:42:50.965+0000 7f2d2d99e700 1 -- 172.21.15.73:0/2847458306 --> [v2:172.21.15.73:6800/562601594,v1:172.21.15.73:6801/562601594] -- mgr_command(tid 0: {"prefix": "cephadm set-user", "user": "root", "target": ["mon-mgr", ""]}) v1 -- 0x7f2d281035f0 con 0x7f2d10038740
2023-12-11T19:42:51.364 INFO:teuthology.orchestra.run.smithi073.stdout:/usr/bin/ceph: stderr
2023-12-11T19:42:50.966+0000 7f2d2c99c700 1 -- 172.21.15.73:0/2847458306 <== mgr.14120 v2:172.21.15.73:6800/562601594 1 ==== mgr_command_reply(tid 0: 0 ) v1 ==== 8+0+16 (secure 0 0 0) 0x7f2d281035f0 con 0x7f2d10038740
2023-12-11T19:42:51.364 INFO:teuthology.orchestra.run.smithi073.stdout:/usr/bin/ceph: stderr
2023-12-11T19:42:50.968+0000 7f2d2d99e700 1 -- 172.21.15.73:0/2847458306 >> [v2:172.21.15.73:6800/562601594,v1:172.21.15.73:6801/562601594] conn(0x7f2d10038740 msgr2=0x7f2d1003ac00 secure :-1 s=STATE_CONNECTION_ESTABLISHED l=1).mark_down
2023-12-11T19:42:51.364 INFO:teuthology.orchestra.run.smithi073.stdout:/usr/bin/ceph: stderr
2023-12-11T19:42:50.968+0000 7f2d2d99e700 1 --2- 172.21.15.73:0/2847458306 >> [v2:172.21.15.73:6800/562601594,v1:172.21.15.73:6801/562601594] conn(0x7f2d10038740 0x7f2d1003ac00 secure :-1 s=READY pgs=8 cs=0 l=1 rev1=1 crypto rx=0x7f2d1c006fd0 tx=0x7f2d1c006e40 comp rx=0 tx=0).stop
2023-12-11T19:42:51.364 INFO:teuthology.orchestra.run.smithi073.stdout:/usr/bin/ceph: stderr
2023-12-11T19:42:50.968+0000 7f2d2d99e700 1 -- 172.21.15.73:0/2847458306 >> [v2:172.21.15.73:3300/0,v1:172.21.15.73:6789/0] conn(0x7f2d28106ce0 msgr2=0x7f2d2819aa50 secure :-1 s=STATE_CONNECTION_ESTABLISHED l=1).mark_down
2023-12-11T19:42:51.364 INFO:teuthology.orchestra.run.smithi073.stdout:/usr/bin/ceph: stderr
2023-12-11T19:42:50.968+0000 7f2d2d99e700 1 --2- 172.21.15.73:0/2847458306 >> [v2:172.21.15.73:3300/0,v1:172.21.15.73:6789/0] conn(0x7f2d28106ce0 0x7f2d2819aa50 secure :-1 s=READY pgs=40 cs=0 l=1 rev1=1 crypto rx=0x7f2d18009130 tx=0x7f2d18011ad0 comp rx=0 tx=0).stop
2023-12-11T19:42:51.364 INFO:teuthology.orchestra.run.smithi073.stdout:/usr/bin/ceph: stderr
2023-12-11T19:42:50.968+0000 7f2d2d99e700 1 -- 172.21.15.73:0/2847458306 shutdown_connections
2023-12-11T19:42:51.364 INFO:teuthology.orchestra.run.smithi073.stdout:/usr/bin/ceph: stderr
2023-12-11T19:42:50.968+0000 7f2d2d99e700 1 --2- 172.21.15.73:0/2847458306 >> [v2:172.21.15.73:6800/562601594,v1:172.21.15.73:6801/562601594] conn(0x7f2d10038740 0x7f2d1003ac00 unknown :-1 s=CLOSED pgs=8 cs=0 l=1 rev1=1 crypto rx=0 tx=0 comp rx=0 tx=0).stop
2023-12-11T19:42:51.364 INFO:teuthology.orchestra.run.smithi073.stdout:/usr/bin/ceph: stderr
2023-12-11T19:42:50.968+0000 7f2d2d99e700 1 --2- 172.21.15.73:0/2847458306 >> [v2:172.21.15.73:3300/0,v1:172.21.15.73:6789/0] conn(0x7f2d28106ce0 0x7f2d2819aa50 unknown :-1 s=CLOSED pgs=40 cs=0 l=1 rev1=1 crypto rx=0 tx=0 comp rx=0 tx=0).stop
2023-12-11T19:42:51.364 INFO:teuthology.orchestra.run.smithi073.stdout:/usr/bin/ceph: stderr
2023-12-11T19:42:50.968+0000 7f2d2d99e700 1 -- 172.21.15.73:0/2847458306 >> 172.21.15.73:0/2847458306 conn(0x7f2d281022e0 msgr2=0x7f2d28102ee0 unknown :-1 s=STATE_NONE l=0).mark_down
2023-12-11T19:42:51.364 INFO:teuthology.orchestra.run.smithi073.stdout:/usr/bin/ceph: stderr
2023-12-11T19:42:50.968+0000 7f2d2d99e700 1 -- 172.21.15.73:0/2847458306 shutdown_connections
2023-12-11T19:42:51.364 INFO:teuthology.orchestra.run.smithi073.stdout:/usr/bin/ceph: stderr
2023-12-11T19:42:50.968+0000 7f2d2d99e700 1 -- 172.21.15.73:0/2847458306 wait complete.
2023-12-11T19:42:51.364 INFO:teuthology.orchestra.run.smithi073.stdout:Generating ssh key...
2023-12-11T19:42:52.131 INFO:journalctl@ceph.mon.a.smithi073.stdout:Dec 11 19:42:51 smithi073 ceph-mon[98917]: from='client.14134 -' entity='client.admin' cmd=[{"prefix": "cephadm set-user", "user": "root", "target": ["mon-mgr", ""]}]: dispatch
2023-12-11T19:42:52.785 INFO:journalctl@ceph.mgr.x.smithi073.stdout:Dec 11 19:42:52 smithi073 ceph-47117a38-985d-11ee-95a3-87774f69a715-mgr-x[99164]: Generating public/private rsa key pair.
2023-12-11T19:42:52.785 INFO:journalctl@ceph.mgr.x.smithi073.stdout:Dec 11 19:42:52 smithi073 ceph-47117a38-985d-11ee-95a3-87774f69a715-mgr-x[99164]: Your identification has been saved in /tmp/tmp_ocsh3r8/key.
2023-12-11T19:42:52.785 INFO:journalctl@ceph.mgr.x.smithi073.stdout:Dec 11 19:42:52 smithi073 ceph-47117a38-985d-11ee-95a3-87774f69a715-mgr-x[99164]: Your public key has been saved in /tmp/tmp_ocsh3r8/key.pub.
2023-12-11T19:42:52.785 INFO:journalctl@ceph.mgr.x.smithi073.stdout:Dec 11 19:42:52 smithi073 ceph-47117a38-985d-11ee-95a3-87774f69a715-mgr-x[99164]: The key fingerprint is:
2023-12-11T19:42:52.785 INFO:journalctl@ceph.mgr.x.smithi073.stdout:Dec 11 19:42:52 smithi073 ceph-47117a38-985d-11ee-95a3-87774f69a715-mgr-x[99164]: SHA256:pkjVpcYk61lhUmXSAJvM9/9YfY7PWmZWFmUaTCUFLDM ceph-47117a38-985d-11ee-95a3-87774f69a715
2023-12-11T19:42:52.785 INFO:journalctl@ceph.mgr.x.smithi073.stdout:Dec 11 19:42:52 smithi073 ceph-47117a38-985d-11ee-95a3-87774f69a715-mgr-x[99164]: The key's randomart image is:
2023-12-11T19:42:52.785 INFO:journalctl@ceph.mgr.x.smithi073.stdout:Dec 11 19:42:52 smithi073 ceph-47117a38-985d-11ee-95a3-87774f69a715-mgr-x[99164]: +---[RSA 3072]----+
2023-12-11T19:42:52.786 INFO:journalctl@ceph.mgr.x.smithi073.stdout:Dec 11 19:42:52 smithi073 ceph-47117a38-985d-11ee-95a3-87774f69a715-mgr-x[99164]: | +oB++ +=+=|
2023-12-11T19:42:52.786 INFO:journalctl@ceph.mgr.x.smithi073.stdout:Dec 11 19:42:52 smithi073 ceph-47117a38-985d-11ee-95a3-87774f69a715-mgr-x[99164]: | o @ *. E o=.|
2023-12-11T19:42:52.786 INFO:journalctl@ceph.mgr.x.smithi073.stdout:Dec 11 19:42:52 smithi073 ceph-47117a38-985d-11ee-95a3-87774f69a715-mgr-x[99164]: | B B +.. |
2023-12-11T19:42:52.786 INFO:journalctl@ceph.mgr.x.smithi073.stdout:Dec 11 19:42:52 smithi073 ceph-47117a38-985d-11ee-95a3-87774f69a715-mgr-x[99164]: | o = . .|
2023-12-11T19:42:52.786 INFO:journalctl@ceph.mgr.x.smithi073.stdout:Dec 11 19:42:52 smithi073 ceph-47117a38-985d-11ee-95a3-87774f69a715-mgr-x[99164]: | . o S . o|
2023-12-11T19:42:52.786 INFO:journalctl@ceph.mgr.x.smithi073.stdout:Dec 11 19:42:52 smithi073 ceph-47117a38-985d-11ee-95a3-87774f69a715-mgr-x[99164]: | . . o . o.|
2023-12-11T19:42:52.786 INFO:journalctl@ceph.mgr.x.smithi073.stdout:Dec 11 19:42:52 smithi073 ceph-47117a38-985d-11ee-95a3-87774f69a715-mgr-x[99164]: | . . . . B|
2023-12-11T19:42:52.786 INFO:journalctl@ceph.mgr.x.smithi073.stdout:Dec 11 19:42:52 smithi073 ceph-47117a38-985d-11ee-95a3-87774f69a715-mgr-x[99164]: | + O.|
2023-12-11T19:42:52.786 INFO:journalctl@ceph.mgr.x.smithi073.stdout:Dec 11 19:42:52 smithi073 ceph-47117a38-985d-11ee-95a3-87774f69a715-mgr-x[99164]: | . +o+|
2023-12-11T19:42:52.786 INFO:journalctl@ceph.mgr.x.smithi073.stdout:Dec 11 19:42:52 smithi073 ceph-47117a38-985d-11ee-95a3-87774f69a715-mgr-x[99164]: +----[SHA256]-----+
2023-12-11T19:42:52.804 INFO:teuthology.orchestra.run.smithi073.stdout:/usr/bin/ceph: stderr
2023-12-11T19:42:51.801+0000 7f418bbb0700 1 Processor -- start
2023-12-11T19:42:52.804 INFO:teuthology.orchestra.run.smithi073.stdout:/usr/bin/ceph: stderr
2023-12-11T19:42:51.801+0000 7f418bbb0700 1 -- start start
2023-12-11T19:42:52.804 INFO:teuthology.orchestra.run.smithi073.stdout:/usr/bin/ceph: stderr
2023-12-11T19:42:51.801+0000 7f418bbb0700 1 --2- >> [v2:172.21.15.73:3300/0,v1:172.21.15.73:6789/0] conn(0x7f4184106130 0x7f4184106550 unknown :-1 s=NONE pgs=0 cs=0 l=0 rev1=0 crypto rx=0 tx=0 comp rx=0 tx=0).connect
2023-12-11T19:42:52.804 INFO:teuthology.orchestra.run.smithi073.stdout:/usr/bin/ceph: stderr
2023-12-11T19:42:51.801+0000 7f418bbb0700 1 -- --> [v2:172.21.15.73:3300/0,v1:172.21.15.73:6789/0] -- mon_getmap magic: 0 v1 -- 0x7f4184106b20 con 0x7f4184106130
2023-12-11T19:42:52.804 INFO:teuthology.orchestra.run.smithi073.stdout:/usr/bin/ceph: stderr
2023-12-11T19:42:51.801+0000 7f418994c700 1 --2- >> [v2:172.21.15.73:3300/0,v1:172.21.15.73:6789/0] conn(0x7f4184106130 0x7f4184106550 unknown :-1 s=BANNER_CONNECTING pgs=0 cs=0 l=0 rev1=0 crypto rx=0 tx=0 comp rx=0 tx=0)._handle_peer_banner_payload supported=3 required=0
2023-12-11T19:42:52.804 INFO:teuthology.orchestra.run.smithi073.stdout:/usr/bin/ceph: stderr
2023-12-11T19:42:51.801+0000 7f418994c700 1 --2- >> [v2:172.21.15.73:3300/0,v1:172.21.15.73:6789/0] conn(0x7f4184106130 0x7f4184106550 unknown :-1 s=HELLO_CONNECTING pgs=0 cs=0 l=0 rev1=1 crypto rx=0 tx=0 comp rx=0 tx=0).handle_hello peer v2:172.21.15.73:3300/0 says I am v2:172.21.15.73:53304/0 (socket says 172.21.15.73:53304)
2023-12-11T19:42:52.804 INFO:teuthology.orchestra.run.smithi073.stdout:/usr/bin/ceph: stderr
2023-12-11T19:42:51.801+0000 7f418994c700 1 -- 172.21.15.73:0/693811651 learned_addr learned my addr 172.21.15.73:0/693811651 (peer_addr_for_me v2:172.21.15.73:0/0)
2023-12-11T19:42:52.804 INFO:teuthology.orchestra.run.smithi073.stdout:/usr/bin/ceph: stderr
2023-12-11T19:42:51.801+0000 7f418994c700 1 -- 172.21.15.73:0/693811651 --> [v2:172.21.15.73:3300/0,v1:172.21.15.73:6789/0] -- mon_subscribe({config=0+,monmap=0+}) v3 -- 0x7f4184106e50 con 0x7f4184106130
2023-12-11T19:42:52.804 INFO:teuthology.orchestra.run.smithi073.stdout:/usr/bin/ceph: stderr
2023-12-11T19:42:51.802+0000 7f418994c700 1 --2- 172.21.15.73:0/693811651 >> [v2:172.21.15.73:3300/0,v1:172.21.15.73:6789/0] conn(0x7f4184106130 0x7f4184106550 secure :-1 s=READY pgs=41 cs=0 l=1 rev1=1 crypto rx=0x7f41800098a0 tx=0x7f4180009bb0 comp rx=0 tx=0).ready entity=mon.0 client_cookie=c47a543be47a25b9 server_cookie=0 in_seq=0 out_seq=0
2023-12-11T19:42:52.804 INFO:teuthology.orchestra.run.smithi073.stdout:/usr/bin/ceph: stderr
2023-12-11T19:42:51.802+0000 7f418894a700 1 -- 172.21.15.73:0/693811651 <== mon.0 v2:172.21.15.73:3300/0 1 ==== mon_map magic: 0 v1 ==== 205+0+0 (secure 0 0 0) 0x7f4180004160 con 0x7f4184106130
2023-12-11T19:42:52.805 INFO:teuthology.orchestra.run.smithi073.stdout:/usr/bin/ceph: stderr
2023-12-11T19:42:51.802+0000 7f418894a700 1 -- 172.21.15.73:0/693811651 <== mon.0 v2:172.21.15.73:3300/0 2 ==== config(26 keys) v1 ==== 1074+0+0 (secure 0 0 0) 0x7f41800042c0 con 0x7f4184106130
2023-12-11T19:42:52.805 INFO:teuthology.orchestra.run.smithi073.stdout:/usr/bin/ceph: stderr
2023-12-11T19:42:51.802+0000 7f418894a700 1 -- 172.21.15.73:0/693811651 <== mon.0 v2:172.21.15.73:3300/0 3 ==== mon_map magic: 0 v1 ==== 205+0+0 (secure 0 0 0) 0x7f4180011a00 con 0x7f4184106130
2023-12-11T19:42:52.805 INFO:teuthology.orchestra.run.smithi073.stdout:/usr/bin/ceph: stderr
2023-12-11T19:42:51.802+0000 7f418bbb0700 1 -- 172.21.15.73:0/693811651 >> [v2:172.21.15.73:3300/0,v1:172.21.15.73:6789/0] conn(0x7f4184106130 msgr2=0x7f4184106550 secure :-1 s=STATE_CONNECTION_ESTABLISHED l=1).mark_down
2023-12-11T19:42:52.805 INFO:teuthology.orchestra.run.smithi073.stdout:/usr/bin/ceph: stderr
2023-12-11T19:42:51.802+0000 7f418bbb0700 1 --2- 172.21.15.73:0/693811651 >> [v2:172.21.15.73:3300/0,v1:172.21.15.73:6789/0] conn(0x7f4184106130 0x7f4184106550 secure :-1 s=READY pgs=41 cs=0 l=1 rev1=1 crypto rx=0x7f41800098a0 tx=0x7f4180009bb0 comp rx=0 tx=0).stop
2023-12-11T19:42:52.805 INFO:teuthology.orchestra.run.smithi073.stdout:/usr/bin/ceph: stderr
2023-12-11T19:42:51.802+0000 7f418bbb0700 1 -- 172.21.15.73:0/693811651 shutdown_connections
2023-12-11T19:42:52.805 INFO:teuthology.orchestra.run.smithi073.stdout:/usr/bin/ceph: stderr
2023-12-11T19:42:51.802+0000 7f418bbb0700 1 --2- 172.21.15.73:0/693811651 >> [v2:172.21.15.73:3300/0,v1:172.21.15.73:6789/0] conn(0x7f4184106130 0x7f4184106550 unknown :-1 s=CLOSED pgs=41 cs=0 l=1 rev1=1 crypto rx=0 tx=0 comp rx=0 tx=0).stop
2023-12-11T19:42:52.805 INFO:teuthology.orchestra.run.smithi073.stdout:/usr/bin/ceph: stderr
2023-12-11T19:42:51.802+0000 7f418bbb0700 1 -- 172.21.15.73:0/693811651 >> 172.21.15.73:0/693811651 conn(0x7f4184100950 msgr2=0x7f4184102d90 unknown :-1 s=STATE_NONE l=0).mark_down
2023-12-11T19:42:52.805 INFO:teuthology.orchestra.run.smithi073.stdout:/usr/bin/ceph: stderr
2023-12-11T19:42:51.802+0000 7f418bbb0700 1 -- 172.21.15.73:0/693811651 shutdown_connections
2023-12-11T19:42:52.805 INFO:teuthology.orchestra.run.smithi073.stdout:/usr/bin/ceph: stderr
2023-12-11T19:42:51.802+0000 7f418bbb0700 1 -- 172.21.15.73:0/693811651 wait complete.
2023-12-11T19:42:52.805 INFO:teuthology.orchestra.run.smithi073.stdout:/usr/bin/ceph: stderr
2023-12-11T19:42:51.803+0000 7f418bbb0700 1 Processor -- start
2023-12-11T19:42:52.805 INFO:teuthology.orchestra.run.smithi073.stdout:/usr/bin/ceph: stderr
2023-12-11T19:42:51.803+0000 7f418bbb0700 1 -- start start
2023-12-11T19:42:52.805 INFO:teuthology.orchestra.run.smithi073.stdout:/usr/bin/ceph: stderr
2023-12-11T19:42:51.803+0000 7f418bbb0700 1 --2- >> [v2:172.21.15.73:3300/0,v1:172.21.15.73:6789/0] conn(0x7f4184106130 0x7f41841056e0 unknown :-1 s=NONE pgs=0 cs=0 l=1 rev1=0 crypto rx=0 tx=0 comp rx=0 tx=0).connect
2023-12-11T19:42:52.805 INFO:teuthology.orchestra.run.smithi073.stdout:/usr/bin/ceph: stderr
2023-12-11T19:42:51.803+0000 7f418bbb0700 1 -- --> [v2:172.21.15.73:3300/0,v1:172.21.15.73:6789/0] -- mon_getmap magic: 0 v1 -- 0x7f4184105c20 con 0x7f4184106130
2023-12-11T19:42:52.805 INFO:teuthology.orchestra.run.smithi073.stdout:/usr/bin/ceph: stderr
2023-12-11T19:42:51.803+0000 7f418994c700 1 --2- >> [v2:172.21.15.73:3300/0,v1:172.21.15.73:6789/0] conn(0x7f4184106130 0x7f41841056e0 unknown :-1 s=BANNER_CONNECTING pgs=0 cs=0 l=1 rev1=0 crypto rx=0 tx=0 comp rx=0 tx=0)._handle_peer_banner_payload supported=3 required=0
2023-12-11T19:42:52.805 INFO:teuthology.orchestra.run.smithi073.stdout:/usr/bin/ceph: stderr
2023-12-11T19:42:51.803+0000 7f418994c700 1 --2- >> [v2:172.21.15.73:3300/0,v1:172.21.15.73:6789/0] conn(0x7f4184106130 0x7f41841056e0 unknown :-1 s=HELLO_CONNECTING pgs=0 cs=0 l=1 rev1=1 crypto rx=0 tx=0 comp rx=0 tx=0).handle_hello peer v2:172.21.15.73:3300/0 says I am v2:172.21.15.73:53306/0 (socket says 172.21.15.73:53306)
2023-12-11T19:42:52.805 INFO:teuthology.orchestra.run.smithi073.stdout:/usr/bin/ceph: stderr
2023-12-11T19:42:51.803+0000 7f418994c700 1 -- 172.21.15.73:0/839757744 learned_addr learned my addr 172.21.15.73:0/839757744 (peer_addr_for_me v2:172.21.15.73:0/0)
2023-12-11T19:42:52.806 INFO:teuthology.orchestra.run.smithi073.stdout:/usr/bin/ceph: stderr
2023-12-11T19:42:51.804+0000 7f418994c700 1 -- 172.21.15.73:0/839757744 --> [v2:172.21.15.73:3300/0,v1:172.21.15.73:6789/0] -- mon_subscribe({config=0+,monmap=0+}) v3 -- 0x7f4180009550 con 0x7f4184106130
2023-12-11T19:42:52.806 INFO:teuthology.orchestra.run.smithi073.stdout:/usr/bin/ceph: stderr
2023-12-11T19:42:51.804+0000 7f418994c700 1 --2- 172.21.15.73:0/839757744 >> [v2:172.21.15.73:3300/0,v1:172.21.15.73:6789/0] conn(0x7f4184106130 0x7f41841056e0 secure :-1 s=READY pgs=42 cs=0 l=1 rev1=1 crypto rx=0x7f4180009fb0 tx=0x7f4180011ad0 comp rx=0 tx=0).ready entity=mon.0 client_cookie=0 server_cookie=0 in_seq=0 out_seq=0
2023-12-11T19:42:52.806 INFO:teuthology.orchestra.run.smithi073.stdout:/usr/bin/ceph: stderr
2023-12-11T19:42:51.804+0000 7f417affd700 1 -- 172.21.15.73:0/839757744 <== mon.0 v2:172.21.15.73:3300/0 1 ==== mon_map magic: 0 v1 ==== 205+0+0 (secure 0 0 0) 0x7f4180003a40 con 0x7f4184106130
2023-12-11T19:42:52.806 INFO:teuthology.orchestra.run.smithi073.stdout:/usr/bin/ceph: stderr
2023-12-11T19:42:51.804+0000 7f418bbb0700 1 -- 172.21.15.73:0/839757744 --> [v2:172.21.15.73:3300/0,v1:172.21.15.73:6789/0] -- mon_subscribe({mgrmap=0+}) v3 -- 0x7f418419d730 con 0x7f4184106130
2023-12-11T19:42:52.806 INFO:teuthology.orchestra.run.smithi073.stdout:/usr/bin/ceph: stderr
2023-12-11T19:42:51.804+0000 7f417affd700 1 -- 172.21.15.73:0/839757744 <== mon.0 v2:172.21.15.73:3300/0 2 ==== config(26 keys) v1 ==== 1074+0+0 (secure 0 0 0) 0x7f4180003ba0 con 0x7f4184106130
2023-12-11T19:42:52.806 INFO:teuthology.orchestra.run.smithi073.stdout:/usr/bin/ceph: stderr
2023-12-11T19:42:51.804+0000 7f417affd700 1 -- 172.21.15.73:0/839757744 <== mon.0 v2:172.21.15.73:3300/0 3 ==== mon_map magic: 0 v1 ==== 205+0+0 (secure 0 0 0) 0x7f418001a750 con 0x7f4184106130
2023-12-11T19:42:52.806 INFO:teuthology.orchestra.run.smithi073.stdout:/usr/bin/ceph: stderr
2023-12-11T19:42:51.804+0000 7f418bbb0700 1 -- 172.21.15.73:0/839757744 --> [v2:172.21.15.73:3300/0,v1:172.21.15.73:6789/0] -- mon_subscribe({osdmap=0}) v3 -- 0x7f418419dbd0 con 0x7f4184106130
2023-12-11T19:42:52.806 INFO:teuthology.orchestra.run.smithi073.stdout:/usr/bin/ceph: stderr
2023-12-11T19:42:51.805+0000 7f417affd700 1 -- 172.21.15.73:0/839757744 <== mon.0 v2:172.21.15.73:3300/0 4 ==== mgrmap(e 8) v1 ==== 45580+0+0 (secure 0 0 0) 0x7f418001a9d0 con 0x7f4184106130
2023-12-11T19:42:52.806 INFO:teuthology.orchestra.run.smithi073.stdout:/usr/bin/ceph: stderr
2023-12-11T19:42:51.805+0000 7f418bbb0700 1 -- 172.21.15.73:0/839757744 --> [v2:172.21.15.73:3300/0,v1:172.21.15.73:6789/0] -- mon_command({"prefix": "get_command_descriptions"} v 0) v1 -- 0x7f418410a080 con 0x7f4184106130
2023-12-11T19:42:52.806 INFO:teuthology.orchestra.run.smithi073.stdout:/usr/bin/ceph: stderr
2023-12-11T19:42:51.805+0000 7f417affd700 1 --2- 172.21.15.73:0/839757744 >> [v2:172.21.15.73:6800/562601594,v1:172.21.15.73:6801/562601594] conn(0x7f41700387d0 0x7f417003ac90 unknown :-1 s=NONE pgs=0 cs=0 l=1 rev1=0 crypto rx=0 tx=0 comp rx=0 tx=0).connect
2023-12-11T19:42:52.806 INFO:teuthology.orchestra.run.smithi073.stdout:/usr/bin/ceph: stderr
2023-12-11T19:42:51.805+0000 7f417affd700 1 -- 172.21.15.73:0/839757744 <== mon.0 v2:172.21.15.73:3300/0 5 ==== osd_map(2..2 src has 1..2) v4 ==== 940+0+0 (secure 0 0 0) 0x7f418004c9e0 con 0x7f4184106130
2023-12-11T19:42:52.807 INFO:teuthology.orchestra.run.smithi073.stdout:/usr/bin/ceph: stderr
2023-12-11T19:42:51.805+0000 7f418914b700 1 --2- 172.21.15.73:0/839757744 >> [v2:172.21.15.73:6800/562601594,v1:172.21.15.73:6801/562601594] conn(0x7f41700387d0 0x7f417003ac90 unknown :-1 s=BANNER_CONNECTING pgs=0 cs=0 l=1 rev1=0 crypto rx=0 tx=0 comp rx=0 tx=0)._handle_peer_banner_payload supported=3 required=0
2023-12-11T19:42:52.807 INFO:teuthology.orchestra.run.smithi073.stdout:/usr/bin/ceph: stderr
2023-12-11T19:42:51.805+0000 7f418914b700 1 --2- 172.21.15.73:0/839757744 >> [v2:172.21.15.73:6800/562601594,v1:172.21.15.73:6801/562601594] conn(0x7f41700387d0 0x7f417003ac90 secure :-1 s=READY pgs=9 cs=0 l=1 rev1=1 crypto rx=0x7f4174006fd0 tx=0x7f4174006e40 comp rx=0 tx=0).ready entity=mgr.14120 client_cookie=0 server_cookie=0 in_seq=0 out_seq=0
2023-12-11T19:42:52.807 INFO:teuthology.orchestra.run.smithi073.stdout:/usr/bin/ceph: stderr
2023-12-11T19:42:51.810+0000 7f417affd700 1 -- 172.21.15.73:0/839757744 <== mon.0 v2:172.21.15.73:3300/0 6 ==== mon_command_ack([{"prefix": "get_command_descriptions"}]=0 v0) v1 ==== 72+0+180949 (secure 0 0 0) 0x7f4180018d20 con 0x7f4184106130
2023-12-11T19:42:52.807 INFO:teuthology.orchestra.run.smithi073.stdout:/usr/bin/ceph: stderr
2023-12-11T19:42:51.998+0000 7f418bbb0700 1 -- 172.21.15.73:0/839757744 --> [v2:172.21.15.73:6800/562601594,v1:172.21.15.73:6801/562601594] -- mgr_command(tid 0: {"prefix": "cephadm generate-key", "target": ["mon-mgr", ""]}) v1 -- 0x7f418419ded0 con 0x7f41700387d0
2023-12-11T19:42:52.807 INFO:teuthology.orchestra.run.smithi073.stdout:/usr/bin/ceph: stderr
2023-12-11T19:42:52.445+0000 7f417affd700 1 -- 172.21.15.73:0/839757744 <== mgr.14120 v2:172.21.15.73:6800/562601594 1 ==== mgr_command_reply(tid 0: 0 ) v1 ==== 8+0+0 (secure 0 0 0) 0x7f418419ded0 con 0x7f41700387d0
2023-12-11T19:42:52.807 INFO:teuthology.orchestra.run.smithi073.stdout:/usr/bin/ceph: stderr
2023-12-11T19:42:52.447+0000 7f418bbb0700 1 -- 172.21.15.73:0/839757744 >> [v2:172.21.15.73:6800/562601594,v1:172.21.15.73:6801/562601594] conn(0x7f41700387d0 msgr2=0x7f417003ac90 secure :-1 s=STATE_CONNECTION_ESTABLISHED l=1).mark_down
2023-12-11T19:42:52.807 INFO:teuthology.orchestra.run.smithi073.stdout:/usr/bin/ceph: stderr
2023-12-11T19:42:52.447+0000 7f418bbb0700 1 --2- 172.21.15.73:0/839757744 >> [v2:172.21.15.73:6800/562601594,v1:172.21.15.73:6801/562601594] conn(0x7f41700387d0 0x7f417003ac90 secure :-1 s=READY pgs=9 cs=0 l=1 rev1=1 crypto rx=0x7f4174006fd0 tx=0x7f4174006e40 comp rx=0 tx=0).stop
2023-12-11T19:42:52.807 INFO:teuthology.orchestra.run.smithi073.stdout:/usr/bin/ceph: stderr
2023-12-11T19:42:52.447+0000 7f418bbb0700 1 -- 172.21.15.73:0/839757744 >> [v2:172.21.15.73:3300/0,v1:172.21.15.73:6789/0] conn(0x7f4184106130 msgr2=0x7f41841056e0 secure :-1 s=STATE_CONNECTION_ESTABLISHED l=1).mark_down
2023-12-11T19:42:52.807 INFO:teuthology.orchestra.run.smithi073.stdout:/usr/bin/ceph: stderr
2023-12-11T19:42:52.447+0000 7f418bbb0700 1 --2- 172.21.15.73:0/839757744 >> [v2:172.21.15.73:3300/0,v1:172.21.15.73:6789/0] conn(0x7f4184106130 0x7f41841056e0 secure :-1 s=READY pgs=42 cs=0 l=1 rev1=1 crypto rx=0x7f4180009fb0 tx=0x7f4180011ad0 comp rx=0 tx=0).stop
2023-12-11T19:42:52.807 INFO:teuthology.orchestra.run.smithi073.stdout:/usr/bin/ceph: stderr
2023-12-11T19:42:52.447+0000 7f418bbb0700 1 -- 172.21.15.73:0/839757744 shutdown_connections
2023-12-11T19:42:52.807 INFO:teuthology.orchestra.run.smithi073.stdout:/usr/bin/ceph: stderr
2023-12-11T19:42:52.447+0000 7f418bbb0700 1 --2- 172.21.15.73:0/839757744 >> [v2:172.21.15.73:6800/562601594,v1:172.21.15.73:6801/562601594] conn(0x7f41700387d0 0x7f417003ac90 unknown :-1 s=CLOSED pgs=9 cs=0 l=1 rev1=1 crypto rx=0 tx=0 comp rx=0 tx=0).stop
2023-12-11T19:42:52.807 INFO:teuthology.orchestra.run.smithi073.stdout:/usr/bin/ceph: stderr
2023-12-11T19:42:52.447+0000 7f418bbb0700 1 --2- 172.21.15.73:0/839757744 >> [v2:172.21.15.73:3300/0,v1:172.21.15.73:6789/0] conn(0x7f4184106130 0x7f41841056e0 unknown :-1 s=CLOSED pgs=42 cs=0 l=1 rev1=1 crypto rx=0 tx=0 comp rx=0 tx=0).stop
2023-12-11T19:42:52.807 INFO:teuthology.orchestra.run.smithi073.stdout:/usr/bin/ceph: stderr
2023-12-11T19:42:52.447+0000 7f418bbb0700 1 -- 172.21.15.73:0/839757744 >> 172.21.15.73:0/839757744 conn(0x7f4184100950 msgr2=0x7f41841014f0 unknown :-1 s=STATE_NONE l=0).mark_down
2023-12-11T19:42:52.807 INFO:teuthology.orchestra.run.smithi073.stdout:/usr/bin/ceph: stderr
2023-12-11T19:42:52.447+0000 7f418bbb0700 1 -- 172.21.15.73:0/839757744 shutdown_connections
2023-12-11T19:42:52.808 INFO:teuthology.orchestra.run.smithi073.stdout:/usr/bin/ceph: stderr
2023-12-11T19:42:52.447+0000 7f418bbb0700 1 -- 172.21.15.73:0/839757744 wait complete.
2023-12-11T19:42:53.041 INFO:journalctl@ceph.mon.a.smithi073.stdout:Dec 11 19:42:52 smithi073 ceph-mon[98917]: from='client.14136 -' entity='client.admin' cmd=[{"prefix": "cephadm generate-key", "target": ["mon-mgr", ""]}]: dispatch
2023-12-11T19:42:53.042 INFO:journalctl@ceph.mon.a.smithi073.stdout:Dec 11 19:42:52 smithi073 ceph-mon[98917]: Generating ssh key...
2023-12-11T19:42:53.042 INFO:journalctl@ceph.mon.a.smithi073.stdout:Dec 11 19:42:52 smithi073 ceph-mon[98917]: from='mgr.14120 172.21.15.73:0/1662482258' entity='mgr.x'
2023-12-11T19:42:53.042 INFO:journalctl@ceph.mon.a.smithi073.stdout:Dec 11 19:42:52 smithi073 ceph-mon[98917]: from='mgr.14120 172.21.15.73:0/1662482258' entity='mgr.x'
2023-12-11T19:42:53.846 INFO:teuthology.orchestra.run.smithi073.stdout:/usr/bin/ceph: stdout ssh-rsa AAAAB3NzaC1yc2EAAAADAQABAAABgQDDDkhA61vNDsoViBYtscToDlUeIs5ropdwwwlK5D/U7XihpViKlZV7ebcwRXj1GjjiUuIaeSJWtUkgmh2zjT3XSgZyGTR6RdD3TSAY5Tu5MaVR85EzzZ+BpRwZibAiU585rO9i+++z/mCOe5KP7HFHuxeFrGNrSG8nAjZYEFuCcFpkOwUckhwSdIiGnC704NjUxjkuCgEDTAaHIUwn8wKnATQ3ui+21MucluevJXsF2d2lh4rji9Fi65RJIiKjXMSahULZ+29PNx7cSvsbRebTc32tbona3dX/kIIoOpDHuNu2kaa92IY/VL1uYnXTONZNErFrmOJVfe99dmbsnBtNnircpYr2V489wbzHya2/nV+mY48QB1fKXqLdU9fEa3Cyg1Lqe8WfDVIkKNx3J3ECEHifqQ3s2v+20ypeoaVS3QpYMYHPxLFwWFkfsfuw3o6s2oKrfWYcXabFIzWczNCh7+OnG1gvotKRjz6e6ZkKLn+IYIK4kfUmeZzNzvgVifs= ceph-47117a38-985d-11ee-95a3-87774f69a715
2023-12-11T19:42:53.847 INFO:teuthology.orchestra.run.smithi073.stdout:/usr/bin/ceph: stderr
2023-12-11T19:42:53.258+0000 7f01a50ba700 1 Processor -- start
2023-12-11T19:42:53.847 INFO:teuthology.orchestra.run.smithi073.stdout:/usr/bin/ceph: stderr
2023-12-11T19:42:53.258+0000 7f01a50ba700 1 -- start start
2023-12-11T19:42:53.847 INFO:teuthology.orchestra.run.smithi073.stdout:/usr/bin/ceph: stderr
2023-12-11T19:42:53.258+0000 7f01a50ba700 1 --2- >> [v2:172.21.15.73:3300/0,v1:172.21.15.73:6789/0] conn(0x7f01a007ce70 0x7f01a007b2d0 unknown :-1 s=NONE pgs=0 cs=0 l=0 rev1=0 crypto rx=0 tx=0 comp rx=0 tx=0).connect
2023-12-11T19:42:53.847 INFO:teuthology.orchestra.run.smithi073.stdout:/usr/bin/ceph: stderr
2023-12-11T19:42:53.258+0000 7f01a50ba700 1 -- --> [v2:172.21.15.73:3300/0,v1:172.21.15.73:6789/0] -- mon_getmap magic: 0 v1 -- 0x7f01a007b8a0 con 0x7f01a007ce70
2023-12-11T19:42:53.847 INFO:teuthology.orchestra.run.smithi073.stdout:/usr/bin/ceph: stderr
2023-12-11T19:42:53.258+0000 7f019ed9d700 1 --2- >> [v2:172.21.15.73:3300/0,v1:172.21.15.73:6789/0] conn(0x7f01a007ce70 0x7f01a007b2d0 unknown :-1 s=BANNER_CONNECTING pgs=0 cs=0 l=0 rev1=0 crypto rx=0 tx=0 comp rx=0 tx=0)._handle_peer_banner_payload supported=3 required=0
2023-12-11T19:42:53.847 INFO:teuthology.orchestra.run.smithi073.stdout:/usr/bin/ceph: stderr
2023-12-11T19:42:53.258+0000 7f019ed9d700 1 --2- >> [v2:172.21.15.73:3300/0,v1:172.21.15.73:6789/0] conn(0x7f01a007ce70 0x7f01a007b2d0 unknown :-1 s=HELLO_CONNECTING pgs=0 cs=0 l=0 rev1=1 crypto rx=0 tx=0 comp rx=0 tx=0).handle_hello peer v2:172.21.15.73:3300/0 says I am v2:172.21.15.73:53310/0 (socket says 172.21.15.73:53310)
2023-12-11T19:42:53.847 INFO:teuthology.orchestra.run.smithi073.stdout:/usr/bin/ceph: stderr
2023-12-11T19:42:53.258+0000 7f019ed9d700 1 -- 172.21.15.73:0/1184947849 learned_addr learned my addr 172.21.15.73:0/1184947849 (peer_addr_for_me v2:172.21.15.73:0/0)
2023-12-11T19:42:53.847 INFO:teuthology.orchestra.run.smithi073.stdout:/usr/bin/ceph: stderr
2023-12-11T19:42:53.258+0000 7f019ed9d700 1 -- 172.21.15.73:0/1184947849 --> [v2:172.21.15.73:3300/0,v1:172.21.15.73:6789/0] -- mon_subscribe({config=0+,monmap=0+}) v3 -- 0x7f01a007b9e0 con 0x7f01a007ce70
2023-12-11T19:42:53.847 INFO:teuthology.orchestra.run.smithi073.stdout:/usr/bin/ceph: stderr
2023-12-11T19:42:53.258+0000 7f019ed9d700 1 --2- 172.21.15.73:0/1184947849 >> [v2:172.21.15.73:3300/0,v1:172.21.15.73:6789/0] conn(0x7f01a007ce70 0x7f01a007b2d0 secure :-1 s=READY pgs=43 cs=0 l=1 rev1=1 crypto rx=0x7f01900098a0 tx=0x7f0190009bb0 comp rx=0 tx=0).ready entity=mon.0 client_cookie=6de3587619fdad12 server_cookie=0 in_seq=0 out_seq=0
2023-12-11T19:42:53.847 INFO:teuthology.orchestra.run.smithi073.stdout:/usr/bin/ceph: stderr
2023-12-11T19:42:53.259+0000 7f019dd9b700 1 -- 172.21.15.73:0/1184947849 <== mon.0 v2:172.21.15.73:3300/0 1 ==== mon_map magic: 0 v1 ==== 205+0+0 (secure 0 0 0) 0x7f0190004160 con 0x7f01a007ce70
2023-12-11T19:42:53.847 INFO:teuthology.orchestra.run.smithi073.stdout:/usr/bin/ceph: stderr
2023-12-11T19:42:53.259+0000 7f019dd9b700 1 -- 172.21.15.73:0/1184947849 <== mon.0 v2:172.21.15.73:3300/0 2 ==== config(26 keys) v1 ==== 1074+0+0 (secure 0 0 0) 0x7f01900042c0 con 0x7f01a007ce70
2023-12-11T19:42:53.847 INFO:teuthology.orchestra.run.smithi073.stdout:/usr/bin/ceph: stderr
2023-12-11T19:42:53.259+0000 7f019dd9b700 1 -- 172.21.15.73:0/1184947849 <== mon.0 v2:172.21.15.73:3300/0 3 ==== mon_map magic: 0 v1 ==== 205+0+0 (secure 0 0 0) 0x7f0190011a00 con 0x7f01a007ce70
2023-12-11T19:42:53.848 INFO:teuthology.orchestra.run.smithi073.stdout:/usr/bin/ceph: stderr
2023-12-11T19:42:53.259+0000 7f01a50ba700 1 -- 172.21.15.73:0/1184947849 >> [v2:172.21.15.73:3300/0,v1:172.21.15.73:6789/0] conn(0x7f01a007ce70 msgr2=0x7f01a007b2d0 secure :-1 s=STATE_CONNECTION_ESTABLISHED l=1).mark_down
2023-12-11T19:42:53.848 INFO:teuthology.orchestra.run.smithi073.stdout:/usr/bin/ceph: stderr
2023-12-11T19:42:53.259+0000 7f01a50ba700 1 --2- 172.21.15.73:0/1184947849 >> [v2:172.21.15.73:3300/0,v1:172.21.15.73:6789/0] conn(0x7f01a007ce70 0x7f01a007b2d0 secure :-1 s=READY pgs=43 cs=0 l=1 rev1=1 crypto rx=0x7f01900098a0 tx=0x7f0190009bb0 comp rx=0 tx=0).stop
2023-12-11T19:42:53.848 INFO:teuthology.orchestra.run.smithi073.stdout:/usr/bin/ceph: stderr
2023-12-11T19:42:53.259+0000 7f01a50ba700 1 -- 172.21.15.73:0/1184947849 shutdown_connections
2023-12-11T19:42:53.848 INFO:teuthology.orchestra.run.smithi073.stdout:/usr/bin/ceph: stderr
2023-12-11T19:42:53.259+0000 7f01a50ba700 1 --2- 172.21.15.73:0/1184947849 >> [v2:172.21.15.73:3300/0,v1:172.21.15.73:6789/0] conn(0x7f01a007ce70 0x7f01a007b2d0 unknown :-1 s=CLOSED pgs=43 cs=0 l=1 rev1=1 crypto rx=0 tx=0 comp rx=0 tx=0).stop
2023-12-11T19:42:53.848 INFO:teuthology.orchestra.run.smithi073.stdout:/usr/bin/ceph: stderr
2023-12-11T19:42:53.259+0000 7f01a50ba700 1 -- 172.21.15.73:0/1184947849 >> 172.21.15.73:0/1184947849 conn(0x7f01a01022e0 msgr2=0x7f01a0104700 unknown :-1 s=STATE_NONE l=0).mark_down
2023-12-11T19:42:53.848 INFO:teuthology.orchestra.run.smithi073.stdout:/usr/bin/ceph: stderr
2023-12-11T19:42:53.259+0000 7f01a50ba700 1 -- 172.21.15.73:0/1184947849 shutdown_connections
2023-12-11T19:42:53.848 INFO:teuthology.orchestra.run.smithi073.stdout:/usr/bin/ceph: stderr
