2023-12-11T19:43:10.194+0000 7f780b7fe700 1 --2- 172.21.15.73:0/3818022036 >> [v2:172.21.15.73:6800/562601594,v1:172.21.15.73:6801/562601594] conn(0x7f77f40388c0 0x7f77f403ad80 unknown :-1 s=START_CONNECT pgs=0 cs=0 l=1 rev1=0 crypto rx=0 tx=0 comp rx=0 tx=0)._fault waiting 3.200000
2023-12-11T19:43:13.356 INFO:teuthology.orchestra.run.smithi073.stdout:/usr/bin/ceph: stderr
2023-12-11T19:43:11.607+0000 7f78097fa700 1 -- 172.21.15.73:0/3818022036 <== mon.0 v2:172.21.15.73:3300/0 6 ==== mgrmap(e 10) v1 ==== 45360+0+0 (secure 0 0 0) 0x7f77fc019a60 con 0x7f780c1077a0
2023-12-11T19:43:13.357 INFO:teuthology.orchestra.run.smithi073.stdout:/usr/bin/ceph: stderr
2023-12-11T19:43:11.607+0000 7f78097fa700 1 -- 172.21.15.73:0/3818022036 >> [v2:172.21.15.73:6800/562601594,v1:172.21.15.73:6801/562601594] conn(0x7f77f40388c0 msgr2=0x7f77f403ad80 unknown :-1 s=STATE_CONNECTING l=1).mark_down
2023-12-11T19:43:13.357 INFO:teuthology.orchestra.run.smithi073.stdout:/usr/bin/ceph: stderr
2023-12-11T19:43:11.607+0000 7f78097fa700 1 --2- 172.21.15.73:0/3818022036 >> [v2:172.21.15.73:6800/562601594,v1:172.21.15.73:6801/562601594] conn(0x7f77f40388c0 0x7f77f403ad80 unknown :-1 s=START_CONNECT pgs=0 cs=0 l=1 rev1=0 crypto rx=0 tx=0 comp rx=0 tx=0).stop
2023-12-11T19:43:13.357 INFO:teuthology.orchestra.run.smithi073.stdout:/usr/bin/ceph: stderr
2023-12-11T19:43:12.609+0000 7f78097fa700 1 -- 172.21.15.73:0/3818022036 <== mon.0 v2:172.21.15.73:3300/0 7 ==== mgrmap(e 11) v1 ==== 45487+0+0 (secure 0 0 0) 0x7f77fc04e770 con 0x7f780c1077a0
2023-12-11T19:43:13.357 INFO:teuthology.orchestra.run.smithi073.stdout:/usr/bin/ceph: stderr
2023-12-11T19:43:12.609+0000 7f78097fa700 1 --2- 172.21.15.73:0/3818022036 >> [v2:172.21.15.73:6800/21720181,v1:172.21.15.73:6801/21720181] conn(0x7f77f403c360 0x7f77f403e750 unknown :-1 s=NONE pgs=0 cs=0 l=1 rev1=0 crypto rx=0 tx=0 comp rx=0 tx=0).connect
2023-12-11T19:43:13.357 INFO:teuthology.orchestra.run.smithi073.stdout:/usr/bin/ceph: stderr
2023-12-11T19:43:12.609+0000 7f78097fa700 1 -- 172.21.15.73:0/3818022036 --> [v2:172.21.15.73:6800/21720181,v1:172.21.15.73:6801/21720181] -- command(tid 0: {"prefix": "get_command_descriptions"}) v1 -- 0x7f77f403b490 con 0x7f77f403c360
2023-12-11T19:43:13.357 INFO:teuthology.orchestra.run.smithi073.stdout:/usr/bin/ceph: stderr
2023-12-11T19:43:12.609+0000 7f780b7fe700 1 --2- 172.21.15.73:0/3818022036 >> [v2:172.21.15.73:6800/21720181,v1:172.21.15.73:6801/21720181] conn(0x7f77f403c360 0x7f77f403e750 unknown :-1 s=BANNER_CONNECTING pgs=0 cs=0 l=1 rev1=0 crypto rx=0 tx=0 comp rx=0 tx=0)._handle_peer_banner_payload supported=3 required=0
2023-12-11T19:43:13.357 INFO:teuthology.orchestra.run.smithi073.stdout:/usr/bin/ceph: stderr
2023-12-11T19:43:12.610+0000 7f780b7fe700 1 --2- 172.21.15.73:0/3818022036 >> [v2:172.21.15.73:6800/21720181,v1:172.21.15.73:6801/21720181] conn(0x7f77f403c360 0x7f77f403e750 secure :-1 s=READY pgs=1 cs=0 l=1 rev1=1 crypto rx=0x7f7800003a10 tx=0x7f7800009270 comp rx=0 tx=0).ready entity=mgr.14152 client_cookie=0 server_cookie=0 in_seq=0 out_seq=0
2023-12-11T19:43:13.357 INFO:teuthology.orchestra.run.smithi073.stdout:/usr/bin/ceph: stderr
2023-12-11T19:43:12.610+0000 7f78097fa700 1 -- 172.21.15.73:0/3818022036 <== mgr.14152 v2:172.21.15.73:6800/21720181 1 ==== command_reply(tid 0: 0 ) v1 ==== 8+0+7774 (secure 0 0 0) 0x7f77f403b490 con 0x7f77f403c360
2023-12-11T19:43:13.357 INFO:teuthology.orchestra.run.smithi073.stdout:/usr/bin/ceph: stderr
2023-12-11T19:43:12.617+0000 7f7812961700 1 -- 172.21.15.73:0/3818022036 --> [v2:172.21.15.73:6800/21720181,v1:172.21.15.73:6801/21720181] -- command(tid 1: {"prefix": "mgr_status"}) v1 -- 0x7f780c10af10 con 0x7f77f403c360
2023-12-11T19:43:13.357 INFO:teuthology.orchestra.run.smithi073.stdout:/usr/bin/ceph: stderr
2023-12-11T19:43:12.617+0000 7f78097fa700 1 -- 172.21.15.73:0/3818022036 <== mgr.14152 v2:172.21.15.73:6800/21720181 2 ==== command_reply(tid 1: 0 ) v1 ==== 8+0+52 (secure 0 0 0) 0x7f780c10af10 con 0x7f77f403c360
2023-12-11T19:43:13.357 INFO:teuthology.orchestra.run.smithi073.stdout:/usr/bin/ceph: stderr
2023-12-11T19:43:12.618+0000 7f7812961700 1 -- 172.21.15.73:0/3818022036 >> [v2:172.21.15.73:6800/21720181,v1:172.21.15.73:6801/21720181] conn(0x7f77f403c360 msgr2=0x7f77f403e750 secure :-1 s=STATE_CONNECTION_ESTABLISHED l=1).mark_down
2023-12-11T19:43:13.357 INFO:teuthology.orchestra.run.smithi073.stdout:/usr/bin/ceph: stderr
2023-12-11T19:43:12.618+0000 7f7812961700 1 --2- 172.21.15.73:0/3818022036 >> [v2:172.21.15.73:6800/21720181,v1:172.21.15.73:6801/21720181] conn(0x7f77f403c360 0x7f77f403e750 secure :-1 s=READY pgs=1 cs=0 l=1 rev1=1 crypto rx=0x7f7800003a10 tx=0x7f7800009270 comp rx=0 tx=0).stop
2023-12-11T19:43:13.357 INFO:teuthology.orchestra.run.smithi073.stdout:/usr/bin/ceph: stderr
2023-12-11T19:43:12.618+0000 7f7812961700 1 -- 172.21.15.73:0/3818022036 >> [v2:172.21.15.73:3300/0,v1:172.21.15.73:6789/0] conn(0x7f780c1077a0 msgr2=0x7f780c19cc10 secure :-1 s=STATE_CONNECTION_ESTABLISHED l=1).mark_down
2023-12-11T19:43:13.357 INFO:teuthology.orchestra.run.smithi073.stdout:/usr/bin/ceph: stderr
2023-12-11T19:43:12.618+0000 7f7812961700 1 --2- 172.21.15.73:0/3818022036 >> [v2:172.21.15.73:3300/0,v1:172.21.15.73:6789/0] conn(0x7f780c1077a0 0x7f780c19cc10 secure :-1 s=READY pgs=62 cs=0 l=1 rev1=1 crypto rx=0x7f77fc011670 tx=0x7f77fc011a30 comp rx=0 tx=0).stop
2023-12-11T19:43:13.357 INFO:teuthology.orchestra.run.smithi073.stdout:/usr/bin/ceph: stderr
2023-12-11T19:43:12.618+0000 7f7812961700 1 -- 172.21.15.73:0/3818022036 shutdown_connections
2023-12-11T19:43:13.358 INFO:teuthology.orchestra.run.smithi073.stdout:/usr/bin/ceph: stderr
2023-12-11T19:43:12.618+0000 7f7812961700 1 --2- 172.21.15.73:0/3818022036 >> [v2:172.21.15.73:6800/21720181,v1:172.21.15.73:6801/21720181] conn(0x7f77f403c360 0x7f77f403e750 unknown :-1 s=CLOSED pgs=1 cs=0 l=1 rev1=1 crypto rx=0 tx=0 comp rx=0 tx=0).stop
2023-12-11T19:43:13.358 INFO:teuthology.orchestra.run.smithi073.stdout:/usr/bin/ceph: stderr
2023-12-11T19:43:12.618+0000 7f7812961700 1 --2- 172.21.15.73:0/3818022036 >> [v2:172.21.15.73:3300/0,v1:172.21.15.73:6789/0] conn(0x7f780c1077a0 0x7f780c19cc10 unknown :-1 s=CLOSED pgs=62 cs=0 l=1 rev1=1 crypto rx=0 tx=0 comp rx=0 tx=0).stop
2023-12-11T19:43:13.358 INFO:teuthology.orchestra.run.smithi073.stdout:/usr/bin/ceph: stderr
2023-12-11T19:43:12.618+0000 7f7812961700 1 --2- 172.21.15.73:0/3818022036 >> [v2:172.21.15.73:6800/562601594,v1:172.21.15.73:6801/562601594] conn(0x7f77f40388c0 0x7f77f403ad80 unknown :-1 s=CLOSED pgs=0 cs=0 l=1 rev1=0 crypto rx=0 tx=0 comp rx=0 tx=0).stop
2023-12-11T19:43:13.358 INFO:teuthology.orchestra.run.smithi073.stdout:/usr/bin/ceph: stderr
2023-12-11T19:43:12.618+0000 7f7812961700 1 -- 172.21.15.73:0/3818022036 >> 172.21.15.73:0/3818022036 conn(0x7f780c1011d0 msgr2=0x7f780c101d10 unknown :-1 s=STATE_NONE l=0).mark_down
2023-12-11T19:43:13.358 INFO:teuthology.orchestra.run.smithi073.stdout:/usr/bin/ceph: stderr
2023-12-11T19:43:12.618+0000 7f7812961700 1 -- 172.21.15.73:0/3818022036 shutdown_connections
2023-12-11T19:43:13.358 INFO:teuthology.orchestra.run.smithi073.stdout:/usr/bin/ceph: stderr
2023-12-11T19:43:12.618+0000 7f7812961700 1 -- 172.21.15.73:0/3818022036 wait complete.
2023-12-11T19:43:13.358 INFO:teuthology.orchestra.run.smithi073.stdout:mgr epoch 9 is available
2023-12-11T19:43:13.358 INFO:teuthology.orchestra.run.smithi073.stdout:Generating a dashboard self-signed certificate...
2023-12-11T19:43:13.881 INFO:journalctl@ceph.mon.a.smithi073.stdout:Dec 11 19:43:13 smithi073 ceph-mon[98917]: [11/Dec/2023:19:43:12] ENGINE Bus STARTING
2023-12-11T19:43:13.881 INFO:journalctl@ceph.mon.a.smithi073.stdout:Dec 11 19:43:13 smithi073 ceph-mon[98917]: [11/Dec/2023:19:43:12] ENGINE Serving on http://172.21.15.73:8765
2023-12-11T19:43:13.881 INFO:journalctl@ceph.mon.a.smithi073.stdout:Dec 11 19:43:13 smithi073 ceph-mon[98917]: [11/Dec/2023:19:43:12] ENGINE Serving on https://172.21.15.73:7150
2023-12-11T19:43:13.881 INFO:journalctl@ceph.mon.a.smithi073.stdout:Dec 11 19:43:13 smithi073 ceph-mon[98917]: [11/Dec/2023:19:43:12] ENGINE Bus STARTED
2023-12-11T19:43:13.881 INFO:journalctl@ceph.mon.a.smithi073.stdout:Dec 11 19:43:13 smithi073 ceph-mon[98917]: from='client.14156 -' entity='client.admin' cmd=[{"prefix": "get_command_descriptions"}]: dispatch
2023-12-11T19:43:13.882 INFO:journalctl@ceph.mon.a.smithi073.stdout:Dec 11 19:43:13 smithi073 ceph-mon[98917]: from='client.14156 -' entity='client.admin' cmd=[{"prefix": "mgr_status"}]: dispatch
2023-12-11T19:43:13.882 INFO:journalctl@ceph.mon.a.smithi073.stdout:Dec 11 19:43:13 smithi073 ceph-mon[98917]: from='mgr.14152 172.21.15.73:0/1703350137' entity='mgr.x'
2023-12-11T19:43:14.505 INFO:teuthology.orchestra.run.smithi073.stdout:/usr/bin/ceph: stdout Self-signed certificate created
2023-12-11T19:43:14.505 INFO:teuthology.orchestra.run.smithi073.stdout:/usr/bin/ceph: stderr
2023-12-11T19:43:13.802+0000 7f12df075700 1 Processor -- start
2023-12-11T19:43:14.505 INFO:teuthology.orchestra.run.smithi073.stdout:/usr/bin/ceph: stderr
2023-12-11T19:43:13.802+0000 7f12df075700 1 -- start start
2023-12-11T19:43:14.505 INFO:teuthology.orchestra.run.smithi073.stdout:/usr/bin/ceph: stderr
2023-12-11T19:43:13.802+0000 7f12df075700 1 --2- >> [v2:172.21.15.73:3300/0,v1:172.21.15.73:6789/0] conn(0x7f12d8105090 0x7f12d81054b0 unknown :-1 s=NONE pgs=0 cs=0 l=0 rev1=0 crypto rx=0 tx=0 comp rx=0 tx=0).connect
2023-12-11T19:43:14.506 INFO:teuthology.orchestra.run.smithi073.stdout:/usr/bin/ceph: stderr
2023-12-11T19:43:13.802+0000 7f12df075700 1 -- --> [v2:172.21.15.73:3300/0,v1:172.21.15.73:6789/0] -- mon_getmap magic: 0 v1 -- 0x7f12d8105a80 con 0x7f12d8105090
2023-12-11T19:43:14.506 INFO:teuthology.orchestra.run.smithi073.stdout:/usr/bin/ceph: stderr
2023-12-11T19:43:13.802+0000 7f12dce11700 1 --2- >> [v2:172.21.15.73:3300/0,v1:172.21.15.73:6789/0] conn(0x7f12d8105090 0x7f12d81054b0 unknown :-1 s=BANNER_CONNECTING pgs=0 cs=0 l=0 rev1=0 crypto rx=0 tx=0 comp rx=0 tx=0)._handle_peer_banner_payload supported=3 required=0
2023-12-11T19:43:14.506 INFO:teuthology.orchestra.run.smithi073.stdout:/usr/bin/ceph: stderr
2023-12-11T19:43:13.803+0000 7f12dce11700 1 --2- >> [v2:172.21.15.73:3300/0,v1:172.21.15.73:6789/0] conn(0x7f12d8105090 0x7f12d81054b0 unknown :-1 s=HELLO_CONNECTING pgs=0 cs=0 l=0 rev1=1 crypto rx=0 tx=0 comp rx=0 tx=0).handle_hello peer v2:172.21.15.73:3300/0 says I am v2:172.21.15.73:53458/0 (socket says 172.21.15.73:53458)
2023-12-11T19:43:14.506 INFO:teuthology.orchestra.run.smithi073.stdout:/usr/bin/ceph: stderr
2023-12-11T19:43:13.803+0000 7f12dce11700 1 -- 172.21.15.73:0/3283616499 learned_addr learned my addr 172.21.15.73:0/3283616499 (peer_addr_for_me v2:172.21.15.73:0/0)
2023-12-11T19:43:14.506 INFO:teuthology.orchestra.run.smithi073.stdout:/usr/bin/ceph: stderr
2023-12-11T19:43:13.803+0000 7f12dce11700 1 -- 172.21.15.73:0/3283616499 --> [v2:172.21.15.73:3300/0,v1:172.21.15.73:6789/0] -- mon_subscribe({config=0+,monmap=0+}) v3 -- 0x7f12d8108030 con 0x7f12d8105090
2023-12-11T19:43:14.506 INFO:teuthology.orchestra.run.smithi073.stdout:/usr/bin/ceph: stderr
2023-12-11T19:43:13.803+0000 7f12dce11700 1 --2- 172.21.15.73:0/3283616499 >> [v2:172.21.15.73:3300/0,v1:172.21.15.73:6789/0] conn(0x7f12d8105090 0x7f12d81054b0 secure :-1 s=READY pgs=70 cs=0 l=1 rev1=1 crypto rx=0x7f12cc0098a0 tx=0x7f12cc009bb0 comp rx=0 tx=0).ready entity=mon.0 client_cookie=568a2983372fa9e1 server_cookie=0 in_seq=0 out_seq=0
2023-12-11T19:43:14.506 INFO:teuthology.orchestra.run.smithi073.stdout:/usr/bin/ceph: stderr
2023-12-11T19:43:13.803+0000 7f12d77fe700 1 -- 172.21.15.73:0/3283616499 <== mon.0 v2:172.21.15.73:3300/0 1 ==== mon_map magic: 0 v1 ==== 205+0+0 (secure 0 0 0) 0x7f12cc004160 con 0x7f12d8105090
2023-12-11T19:43:14.506 INFO:teuthology.orchestra.run.smithi073.stdout:/usr/bin/ceph: stderr
2023-12-11T19:43:13.803+0000 7f12d77fe700 1 -- 172.21.15.73:0/3283616499 <== mon.0 v2:172.21.15.73:3300/0 2 ==== config(26 keys) v1 ==== 1105+0+0 (secure 0 0 0) 0x7f12cc0042c0 con 0x7f12d8105090
2023-12-11T19:43:14.506 INFO:teuthology.orchestra.run.smithi073.stdout:/usr/bin/ceph: stderr
2023-12-11T19:43:13.803+0000 7f12d77fe700 1 -- 172.21.15.73:0/3283616499 <== mon.0 v2:172.21.15.73:3300/0 3 ==== mon_map magic: 0 v1 ==== 205+0+0 (secure 0 0 0) 0x7f12cc0119b0 con 0x7f12d8105090
2023-12-11T19:43:14.506 INFO:teuthology.orchestra.run.smithi073.stdout:/usr/bin/ceph: stderr
2023-12-11T19:43:13.804+0000 7f12df075700 1 -- 172.21.15.73:0/3283616499 >> [v2:172.21.15.73:3300/0,v1:172.21.15.73:6789/0] conn(0x7f12d8105090 msgr2=0x7f12d81054b0 secure :-1 s=STATE_CONNECTION_ESTABLISHED l=1).mark_down
2023-12-11T19:43:14.506 INFO:teuthology.orchestra.run.smithi073.stdout:/usr/bin/ceph: stderr
2023-12-11T19:43:13.804+0000 7f12df075700 1 --2- 172.21.15.73:0/3283616499 >> [v2:172.21.15.73:3300/0,v1:172.21.15.73:6789/0] conn(0x7f12d8105090 0x7f12d81054b0 secure :-1 s=READY pgs=70 cs=0 l=1 rev1=1 crypto rx=0x7f12cc0098a0 tx=0x7f12cc009bb0 comp rx=0 tx=0).stop
2023-12-11T19:43:14.506 INFO:teuthology.orchestra.run.smithi073.stdout:/usr/bin/ceph: stderr
2023-12-11T19:43:13.804+0000 7f12df075700 1 -- 172.21.15.73:0/3283616499 shutdown_connections
2023-12-11T19:43:14.506 INFO:teuthology.orchestra.run.smithi073.stdout:/usr/bin/ceph: stderr
2023-12-11T19:43:13.804+0000 7f12df075700 1 --2- 172.21.15.73:0/3283616499 >> [v2:172.21.15.73:3300/0,v1:172.21.15.73:6789/0] conn(0x7f12d8105090 0x7f12d81054b0 unknown :-1 s=CLOSED pgs=70 cs=0 l=1 rev1=1 crypto rx=0 tx=0 comp rx=0 tx=0).stop
2023-12-11T19:43:14.506 INFO:teuthology.orchestra.run.smithi073.stdout:/usr/bin/ceph: stderr
2023-12-11T19:43:13.804+0000 7f12df075700 1 -- 172.21.15.73:0/3283616499 >> 172.21.15.73:0/3283616499 conn(0x7f12d8100950 msgr2=0x7f12d8102d90 unknown :-1 s=STATE_NONE l=0).mark_down
2023-12-11T19:43:14.507 INFO:teuthology.orchestra.run.smithi073.stdout:/usr/bin/ceph: stderr
2023-12-11T19:43:13.804+0000 7f12df075700 1 -- 172.21.15.73:0/3283616499 shutdown_connections
2023-12-11T19:43:14.507 INFO:teuthology.orchestra.run.smithi073.stdout:/usr/bin/ceph: stderr
2023-12-11T19:43:13.804+0000 7f12df075700 1 -- 172.21.15.73:0/3283616499 wait complete.
2023-12-11T19:43:14.507 INFO:teuthology.orchestra.run.smithi073.stdout:/usr/bin/ceph: stderr
2023-12-11T19:43:13.805+0000 7f12df075700 1 Processor -- start
2023-12-11T19:43:14.507 INFO:teuthology.orchestra.run.smithi073.stdout:/usr/bin/ceph: stderr
2023-12-11T19:43:13.805+0000 7f12df075700 1 -- start start
2023-12-11T19:43:14.507 INFO:teuthology.orchestra.run.smithi073.stdout:/usr/bin/ceph: stderr
2023-12-11T19:43:13.805+0000 7f12df075700 1 --2- >> [v2:172.21.15.73:3300/0,v1:172.21.15.73:6789/0] conn(0x7f12d8105090 0x7f12d8107860 unknown :-1 s=NONE pgs=0 cs=0 l=1 rev1=0 crypto rx=0 tx=0 comp rx=0 tx=0).connect
2023-12-11T19:43:14.507 INFO:teuthology.orchestra.run.smithi073.stdout:/usr/bin/ceph: stderr
2023-12-11T19:43:13.805+0000 7f12df075700 1 -- --> [v2:172.21.15.73:3300/0,v1:172.21.15.73:6789/0] -- mon_getmap magic: 0 v1 -- 0x7f12d8107da0 con 0x7f12d8105090
2023-12-11T19:43:14.507 INFO:teuthology.orchestra.run.smithi073.stdout:/usr/bin/ceph: stderr
2023-12-11T19:43:13.805+0000 7f12dce11700 1 --2- >> [v2:172.21.15.73:3300/0,v1:172.21.15.73:6789/0] conn(0x7f12d8105090 0x7f12d8107860 unknown :-1 s=BANNER_CONNECTING pgs=0 cs=0 l=1 rev1=0 crypto rx=0 tx=0 comp rx=0 tx=0)._handle_peer_banner_payload supported=3 required=0
2023-12-11T19:43:14.507 INFO:teuthology.orchestra.run.smithi073.stdout:/usr/bin/ceph: stderr
2023-12-11T19:43:13.805+0000 7f12dce11700 1 --2- >> [v2:172.21.15.73:3300/0,v1:172.21.15.73:6789/0] conn(0x7f12d8105090 0x7f12d8107860 unknown :-1 s=HELLO_CONNECTING pgs=0 cs=0 l=1 rev1=1 crypto rx=0 tx=0 comp rx=0 tx=0).handle_hello peer v2:172.21.15.73:3300/0 says I am v2:172.21.15.73:53460/0 (socket says 172.21.15.73:53460)
2023-12-11T19:43:14.507 INFO:teuthology.orchestra.run.smithi073.stdout:/usr/bin/ceph: stderr
2023-12-11T19:43:13.805+0000 7f12dce11700 1 -- 172.21.15.73:0/2963878465 learned_addr learned my addr 172.21.15.73:0/2963878465 (peer_addr_for_me v2:172.21.15.73:0/0)
2023-12-11T19:43:14.507 INFO:teuthology.orchestra.run.smithi073.stdout:/usr/bin/ceph: stderr
2023-12-11T19:43:13.805+0000 7f12dce11700 1 -- 172.21.15.73:0/2963878465 --> [v2:172.21.15.73:3300/0,v1:172.21.15.73:6789/0] -- mon_subscribe({config=0+,monmap=0+}) v3 -- 0x7f12cc009550 con 0x7f12d8105090
2023-12-11T19:43:14.507 INFO:teuthology.orchestra.run.smithi073.stdout:/usr/bin/ceph: stderr
2023-12-11T19:43:13.805+0000 7f12dce11700 1 --2- 172.21.15.73:0/2963878465 >> [v2:172.21.15.73:3300/0,v1:172.21.15.73:6789/0] conn(0x7f12d8105090 0x7f12d8107860 secure :-1 s=READY pgs=71 cs=0 l=1 rev1=1 crypto rx=0x7f12cc006af0 tx=0x7f12cc011a10 comp rx=0 tx=0).ready entity=mon.0 client_cookie=0 server_cookie=0 in_seq=0 out_seq=0
2023-12-11T19:43:14.507 INFO:teuthology.orchestra.run.smithi073.stdout:/usr/bin/ceph: stderr
2023-12-11T19:43:13.805+0000 7f12d5ffb700 1 -- 172.21.15.73:0/2963878465 <== mon.0 v2:172.21.15.73:3300/0 1 ==== mon_map magic: 0 v1 ==== 205+0+0 (secure 0 0 0) 0x7f12cc003a40 con 0x7f12d8105090
2023-12-11T19:43:14.507 INFO:teuthology.orchestra.run.smithi073.stdout:/usr/bin/ceph: stderr
2023-12-11T19:43:13.805+0000 7f12df075700 1 -- 172.21.15.73:0/2963878465 --> [v2:172.21.15.73:3300/0,v1:172.21.15.73:6789/0] -- mon_subscribe({mgrmap=0+}) v3 -- 0x7f12d8105fe0 con 0x7f12d8105090
2023-12-11T19:43:14.507 INFO:teuthology.orchestra.run.smithi073.stdout:/usr/bin/ceph: stderr
2023-12-11T19:43:13.805+0000 7f12d5ffb700 1 -- 172.21.15.73:0/2963878465 <== mon.0 v2:172.21.15.73:3300/0 2 ==== config(26 keys) v1 ==== 1105+0+0 (secure 0 0 0) 0x7f12cc003ba0 con 0x7f12d8105090
2023-12-11T19:43:14.507 INFO:teuthology.orchestra.run.smithi073.stdout:/usr/bin/ceph: stderr
2023-12-11T19:43:13.805+0000 7f12d5ffb700 1 -- 172.21.15.73:0/2963878465 <== mon.0 v2:172.21.15.73:3300/0 3 ==== mon_map magic: 0 v1 ==== 205+0+0 (secure 0 0 0) 0x7f12cc0196c0 con 0x7f12d8105090
2023-12-11T19:43:14.508 INFO:teuthology.orchestra.run.smithi073.stdout:/usr/bin/ceph: stderr
2023-12-11T19:43:13.806+0000 7f12df075700 1 -- 172.21.15.73:0/2963878465 --> [v2:172.21.15.73:3300/0,v1:172.21.15.73:6789/0] -- mon_subscribe({osdmap=0}) v3 -- 0x7f12d8106480 con 0x7f12d8105090
2023-12-11T19:43:14.508 INFO:teuthology.orchestra.run.smithi073.stdout:/usr/bin/ceph: stderr
2023-12-11T19:43:13.807+0000 7f12d5ffb700 1 -- 172.21.15.73:0/2963878465 <== mon.0 v2:172.21.15.73:3300/0 4 ==== mgrmap(e 11) v1 ==== 45487+0+0 (secure 0 0 0) 0x7f12cc019980 con 0x7f12d8105090
2023-12-11T19:43:14.508 INFO:teuthology.orchestra.run.smithi073.stdout:/usr/bin/ceph: stderr
2023-12-11T19:43:13.807+0000 7f12df075700 1 -- 172.21.15.73:0/2963878465 --> [v2:172.21.15.73:3300/0,v1:172.21.15.73:6789/0] -- mon_command({"prefix": "get_command_descriptions"} v 0) v1 -- 0x7f12d810b260 con 0x7f12d8105090
2023-12-11T19:43:14.508 INFO:teuthology.orchestra.run.smithi073.stdout:/usr/bin/ceph: stderr
2023-12-11T19:43:13.807+0000 7f12d5ffb700 1 --2- 172.21.15.73:0/2963878465 >> [v2:172.21.15.73:6800/21720181,v1:172.21.15.73:6801/21720181] conn(0x7f12c8038700 0x7f12c803abc0 unknown :-1 s=NONE pgs=0 cs=0 l=1 rev1=0 crypto rx=0 tx=0 comp rx=0 tx=0).connect
2023-12-11T19:43:14.508 INFO:teuthology.orchestra.run.smithi073.stdout:/usr/bin/ceph: stderr
2023-12-11T19:43:13.807+0000 7f12d5ffb700 1 -- 172.21.15.73:0/2963878465 <== mon.0 v2:172.21.15.73:3300/0 5 ==== osd_map(3..3 src has 1..3) v4 ==== 1155+0+0 (secure 0 0 0) 0x7f12cc04ca80 con 0x7f12d8105090
2023-12-11T19:43:14.508 INFO:teuthology.orchestra.run.smithi073.stdout:/usr/bin/ceph: stderr
2023-12-11T19:43:13.807+0000 7f12d7fff700 1 --2- 172.21.15.73:0/2963878465 >> [v2:172.21.15.73:6800/21720181,v1:172.21.15.73:6801/21720181] conn(0x7f12c8038700 0x7f12c803abc0 unknown :-1 s=BANNER_CONNECTING pgs=0 cs=0 l=1 rev1=0 crypto rx=0 tx=0 comp rx=0 tx=0)._handle_peer_banner_payload supported=3 required=0
2023-12-11T19:43:14.508 INFO:teuthology.orchestra.run.smithi073.stdout:/usr/bin/ceph: stderr
2023-12-11T19:43:13.807+0000 7f12d7fff700 1 --2- 172.21.15.73:0/2963878465 >> [v2:172.21.15.73:6800/21720181,v1:172.21.15.73:6801/21720181] conn(0x7f12c8038700 0x7f12c803abc0 secure :-1 s=READY pgs=7 cs=0 l=1 rev1=1 crypto rx=0x7f12c4006fd0 tx=0x7f12c4006e40 comp rx=0 tx=0).ready entity=mgr.14152 client_cookie=0 server_cookie=0 in_seq=0 out_seq=0
2023-12-11T19:43:14.508 INFO:teuthology.orchestra.run.smithi073.stdout:/usr/bin/ceph: stderr
2023-12-11T19:43:13.812+0000 7f12d5ffb700 1 -- 172.21.15.73:0/2963878465 <== mon.0 v2:172.21.15.73:3300/0 6 ==== mon_command_ack([{"prefix": "get_command_descriptions"}]=0 v0) v1 ==== 72+0+180949 (secure 0 0 0) 0x7f12cc018760 con 0x7f12d8105090
2023-12-11T19:43:14.508 INFO:teuthology.orchestra.run.smithi073.stdout:/usr/bin/ceph: stderr
2023-12-11T19:43:14.014+0000 7f12df075700 1 -- 172.21.15.73:0/2963878465 --> [v2:172.21.15.73:6800/21720181,v1:172.21.15.73:6801/21720181] -- mgr_command(tid 0: {"prefix": "dashboard create-self-signed-cert", "target": ["mon-mgr", ""]}) v1 -- 0x7f12d8106c70 con 0x7f12c8038700
2023-12-11T19:43:14.508 INFO:teuthology.orchestra.run.smithi073.stdout:/usr/bin/ceph: stderr
2023-12-11T19:43:14.132+0000 7f12d5ffb700 1 -- 172.21.15.73:0/2963878465 <== mgr.14152 v2:172.21.15.73:6800/21720181 1 ==== mgr_command_reply(tid 0: 0 ) v1 ==== 8+0+32 (secure 0 0 0) 0x7f12d8106c70 con 0x7f12c8038700
2023-12-11T19:43:14.508 INFO:teuthology.orchestra.run.smithi073.stdout:/usr/bin/ceph: stderr
2023-12-11T19:43:14.134+0000 7f12df075700 1 -- 172.21.15.73:0/2963878465 >> [v2:172.21.15.73:6800/21720181,v1:172.21.15.73:6801/21720181] conn(0x7f12c8038700 msgr2=0x7f12c803abc0 secure :-1 s=STATE_CONNECTION_ESTABLISHED l=1).mark_down
2023-12-11T19:43:14.508 INFO:teuthology.orchestra.run.smithi073.stdout:/usr/bin/ceph: stderr
2023-12-11T19:43:14.134+0000 7f12df075700 1 --2- 172.21.15.73:0/2963878465 >> [v2:172.21.15.73:6800/21720181,v1:172.21.15.73:6801/21720181] conn(0x7f12c8038700 0x7f12c803abc0 secure :-1 s=READY pgs=7 cs=0 l=1 rev1=1 crypto rx=0x7f12c4006fd0 tx=0x7f12c4006e40 comp rx=0 tx=0).stop
2023-12-11T19:43:14.508 INFO:teuthology.orchestra.run.smithi073.stdout:/usr/bin/ceph: stderr
2023-12-11T19:43:14.134+0000 7f12df075700 1 -- 172.21.15.73:0/2963878465 >> [v2:172.21.15.73:3300/0,v1:172.21.15.73:6789/0] conn(0x7f12d8105090 msgr2=0x7f12d8107860 secure :-1 s=STATE_CONNECTION_ESTABLISHED l=1).mark_down
2023-12-11T19:43:14.508 INFO:teuthology.orchestra.run.smithi073.stdout:/usr/bin/ceph: stderr
2023-12-11T19:43:14.134+0000 7f12df075700 1 --2- 172.21.15.73:0/2963878465 >> [v2:172.21.15.73:3300/0,v1:172.21.15.73:6789/0] conn(0x7f12d8105090 0x7f12d8107860 secure :-1 s=READY pgs=71 cs=0 l=1 rev1=1 crypto rx=0x7f12cc006af0 tx=0x7f12cc011a10 comp rx=0 tx=0).stop
2023-12-11T19:43:14.509 INFO:teuthology.orchestra.run.smithi073.stdout:/usr/bin/ceph: stderr
2023-12-11T19:43:14.134+0000 7f12df075700 1 -- 172.21.15.73:0/2963878465 shutdown_connections
2023-12-11T19:43:14.509 INFO:teuthology.orchestra.run.smithi073.stdout:/usr/bin/ceph: stderr
2023-12-11T19:43:14.134+0000 7f12df075700 1 --2- 172.21.15.73:0/2963878465 >> [v2:172.21.15.73:6800/21720181,v1:172.21.15.73:6801/21720181] conn(0x7f12c8038700 0x7f12c803abc0 unknown :-1 s=CLOSED pgs=7 cs=0 l=1 rev1=1 crypto rx=0 tx=0 comp rx=0 tx=0).stop
2023-12-11T19:43:14.509 INFO:teuthology.orchestra.run.smithi073.stdout:/usr/bin/ceph: stderr
2023-12-11T19:43:14.134+0000 7f12df075700 1 --2- 172.21.15.73:0/2963878465 >> [v2:172.21.15.73:3300/0,v1:172.21.15.73:6789/0] conn(0x7f12d8105090 0x7f12d8107860 unknown :-1 s=CLOSED pgs=71 cs=0 l=1 rev1=1 crypto rx=0 tx=0 comp rx=0 tx=0).stop
2023-12-11T19:43:14.509 INFO:teuthology.orchestra.run.smithi073.stdout:/usr/bin/ceph: stderr
2023-12-11T19:43:14.134+0000 7f12df075700 1 -- 172.21.15.73:0/2963878465 >> 172.21.15.73:0/2963878465 conn(0x7f12d8100950 msgr2=0x7f12d8101440 unknown :-1 s=STATE_NONE l=0).mark_down
2023-12-11T19:43:14.509 INFO:teuthology.orchestra.run.smithi073.stdout:/usr/bin/ceph: stderr
2023-12-11T19:43:14.135+0000 7f12df075700 1 -- 172.21.15.73:0/2963878465 shutdown_connections
2023-12-11T19:43:14.509 INFO:teuthology.orchestra.run.smithi073.stdout:/usr/bin/ceph: stderr
2023-12-11T19:43:14.135+0000 7f12df075700 1 -- 172.21.15.73:0/2963878465 wait complete.
2023-12-11T19:43:14.509 INFO:teuthology.orchestra.run.smithi073.stdout:Creating initial admin user...
2023-12-11T19:43:15.381 INFO:journalctl@ceph.mon.a.smithi073.stdout:Dec 11 19:43:15 smithi073 ceph-mon[98917]: from='client.14164 -' entity='client.admin' cmd=[{"prefix": "dashboard create-self-signed-cert", "target": ["mon-mgr", ""]}]: dispatch
2023-12-11T19:43:15.381 INFO:journalctl@ceph.mon.a.smithi073.stdout:Dec 11 19:43:15 smithi073 ceph-mon[98917]: from='mgr.14152 172.21.15.73:0/1703350137' entity='mgr.x'
2023-12-11T19:43:15.381 INFO:journalctl@ceph.mon.a.smithi073.stdout:Dec 11 19:43:15 smithi073 ceph-mon[98917]: from='mgr.14152 172.21.15.73:0/1703350137' entity='mgr.x'
2023-12-11T19:43:15.381 INFO:journalctl@ceph.mon.a.smithi073.stdout:Dec 11 19:43:15 smithi073 ceph-mon[98917]: from='mgr.14152 172.21.15.73:0/1703350137' entity='mgr.x'
2023-12-11T19:43:15.381 INFO:journalctl@ceph.mon.a.smithi073.stdout:Dec 11 19:43:15 smithi073 ceph-mon[98917]: mgrmap e12: x(active, since 2s)
2023-12-11T19:43:16.051 INFO:teuthology.orchestra.run.smithi073.stdout:/usr/bin/ceph: stdout {"username": "admin", "password": "$2b$12$QcG4jWYQjlHSsD2qFs23A.VxS4nhBzyQMRU.7SKDagn1UCEvffWfK", "roles": ["administrator"], "name": null, "email": null, "lastUpdate": 1702323795, "enabled": true, "pwdExpirationDate": null, "pwdUpdateRequired": true}
2023-12-11T19:43:16.051 INFO:teuthology.orchestra.run.smithi073.stdout:/usr/bin/ceph: stderr
2023-12-11T19:43:14.982+0000 7f0782510700 1 Processor -- start
2023-12-11T19:43:16.051 INFO:teuthology.orchestra.run.smithi073.stdout:/usr/bin/ceph: stderr
2023-12-11T19:43:14.982+0000 7f0782510700 1 -- start start
2023-12-11T19:43:16.051 INFO:teuthology.orchestra.run.smithi073.stdout:/usr/bin/ceph: stderr
2023-12-11T19:43:14.982+0000 7f0782510700 1 --2- >> [v2:172.21.15.73:3300/0,v1:172.21.15.73:6789/0] conn(0x7f077c07ce30 0x7f077c07b290 unknown :-1 s=NONE pgs=0 cs=0 l=0 rev1=0 crypto rx=0 tx=0 comp rx=0 tx=0).connect
2023-12-11T19:43:16.051 INFO:teuthology.orchestra.run.smithi073.stdout:/usr/bin/ceph: stderr
2023-12-11T19:43:14.982+0000 7f0782510700 1 -- --> [v2:172.21.15.73:3300/0,v1:172.21.15.73:6789/0] -- mon_getmap magic: 0 v1 -- 0x7f077c07b860 con 0x7f077c07ce30
2023-12-11T19:43:16.051 INFO:teuthology.orchestra.run.smithi073.stdout:/usr/bin/ceph: stderr
2023-12-11T19:43:14.982+0000 7f077bfff700 1 --2- >> [v2:172.21.15.73:3300/0,v1:172.21.15.73:6789/0] conn(0x7f077c07ce30 0x7f077c07b290 unknown :-1 s=BANNER_CONNECTING pgs=0 cs=0 l=0 rev1=0 crypto rx=0 tx=0 comp rx=0 tx=0)._handle_peer_banner_payload supported=3 required=0
2023-12-11T19:43:16.051 INFO:teuthology.orchestra.run.smithi073.stdout:/usr/bin/ceph: stderr
2023-12-11T19:43:14.983+0000 7f077bfff700 1 --2- >> [v2:172.21.15.73:3300/0,v1:172.21.15.73:6789/0] conn(0x7f077c07ce30 0x7f077c07b290 unknown :-1 s=HELLO_CONNECTING pgs=0 cs=0 l=0 rev1=1 crypto rx=0 tx=0 comp rx=0 tx=0).handle_hello peer v2:172.21.15.73:3300/0 says I am v2:172.21.15.73:53464/0 (socket says 172.21.15.73:53464)
2023-12-11T19:43:16.051 INFO:teuthology.orchestra.run.smithi073.stdout:/usr/bin/ceph: stderr
2023-12-11T19:43:14.983+0000 7f077bfff700 1 -- 172.21.15.73:0/1729945844 learned_addr learned my addr 172.21.15.73:0/1729945844 (peer_addr_for_me v2:172.21.15.73:0/0)
2023-12-11T19:43:16.051 INFO:teuthology.orchestra.run.smithi073.stdout:/usr/bin/ceph: stderr
2023-12-11T19:43:14.983+0000 7f077bfff700 1 -- 172.21.15.73:0/1729945844 --> [v2:172.21.15.73:3300/0,v1:172.21.15.73:6789/0] -- mon_subscribe({config=0+,monmap=0+}) v3 -- 0x7f077c07b9a0 con 0x7f077c07ce30
2023-12-11T19:43:16.052 INFO:teuthology.orchestra.run.smithi073.stdout:/usr/bin/ceph: stderr
2023-12-11T19:43:14.983+0000 7f077bfff700 1 --2- 172.21.15.73:0/1729945844 >> [v2:172.21.15.73:3300/0,v1:172.21.15.73:6789/0] conn(0x7f077c07ce30 0x7f077c07b290 secure :-1 s=READY pgs=72 cs=0 l=1 rev1=1 crypto rx=0x7f07700098a0 tx=0x7f0770009bb0 comp rx=0 tx=0).ready entity=mon.0 client_cookie=c93be95753bc570d server_cookie=0 in_seq=0 out_seq=0
2023-12-11T19:43:16.052 INFO:teuthology.orchestra.run.smithi073.stdout:/usr/bin/ceph: stderr
2023-12-11T19:43:14.983+0000 7f077affd700 1 -- 172.21.15.73:0/1729945844 <== mon.0 v2:172.21.15.73:3300/0 1 ==== mon_map magic: 0 v1 ==== 205+0+0 (secure 0 0 0) 0x7f0770004160 con 0x7f077c07ce30
2023-12-11T19:43:16.052 INFO:teuthology.orchestra.run.smithi073.stdout:/usr/bin/ceph: stderr
2023-12-11T19:43:14.983+0000 7f077affd700 1 -- 172.21.15.73:0/1729945844 <== mon.0 v2:172.21.15.73:3300/0 2 ==== config(26 keys) v1 ==== 1105+0+0 (secure 0 0 0) 0x7f07700042c0 con 0x7f077c07ce30
2023-12-11T19:43:16.052 INFO:teuthology.orchestra.run.smithi073.stdout:/usr/bin/ceph: stderr
2023-12-11T19:43:14.983+0000 7f077affd700 1 -- 172.21.15.73:0/1729945844 <== mon.0 v2:172.21.15.73:3300/0 3 ==== mon_map magic: 0 v1 ==== 205+0+0 (secure 0 0 0) 0x7f07700119b0 con 0x7f077c07ce30
2023-12-11T19:43:16.052 INFO:teuthology.orchestra.run.smithi073.stdout:/usr/bin/ceph: stderr
2023-12-11T19:43:14.984+0000 7f0782510700 1 -- 172.21.15.73:0/1729945844 >> [v2:172.21.15.73:3300/0,v1:172.21.15.73:6789/0] conn(0x7f077c07ce30 msgr2=0x7f077c07b290 secure :-1 s=STATE_CONNECTION_ESTABLISHED l=1).mark_down
2023-12-11T19:43:16.052 INFO:teuthology.orchestra.run.smithi073.stdout:/usr/bin/ceph: stderr
2023-12-11T19:43:14.984+0000 7f0782510700 1 --2- 172.21.15.73:0/1729945844 >> [v2:172.21.15.73:3300/0,v1:172.21.15.73:6789/0] conn(0x7f077c07ce30 0x7f077c07b290 secure :-1 s=READY pgs=72 cs=0 l=1 rev1=1 crypto rx=0x7f07700098a0 tx=0x7f0770009bb0 comp rx=0 tx=0).stop
2023-12-11T19:43:16.052 INFO:teuthology.orchestra.run.smithi073.stdout:/usr/bin/ceph: stderr
2023-12-11T19:43:14.984+0000 7f0782510700 1 -- 172.21.15.73:0/1729945844 shutdown_connections
2023-12-11T19:43:16.052 INFO:teuthology.orchestra.run.smithi073.stdout:/usr/bin/ceph: stderr
2023-12-11T19:43:14.984+0000 7f0782510700 1 --2- 172.21.15.73:0/1729945844 >> [v2:172.21.15.73:3300/0,v1:172.21.15.73:6789/0] conn(0x7f077c07ce30 0x7f077c07b290 unknown :-1 s=CLOSED pgs=72 cs=0 l=1 rev1=1 crypto rx=0 tx=0 comp rx=0 tx=0).stop
2023-12-11T19:43:16.052 INFO:teuthology.orchestra.run.smithi073.stdout:/usr/bin/ceph: stderr
2023-12-11T19:43:14.984+0000 7f0782510700 1 -- 172.21.15.73:0/1729945844 >> 172.21.15.73:0/1729945844 conn(0x7f077c1022e0 msgr2=0x7f077c104700 unknown :-1 s=STATE_NONE l=0).mark_down
2023-12-11T19:43:16.052 INFO:teuthology.orchestra.run.smithi073.stdout:/usr/bin/ceph: stderr
2023-12-11T19:43:14.984+0000 7f0782510700 1 -- 172.21.15.73:0/1729945844 shutdown_connections
2023-12-11T19:43:16.052 INFO:teuthology.orchestra.run.smithi073.stdout:/usr/bin/ceph: stderr
2023-12-11T19:43:14.984+0000 7f0782510700 1 -- 172.21.15.73:0/1729945844 wait complete.
2023-12-11T19:43:16.052 INFO:teuthology.orchestra.run.smithi073.stdout:/usr/bin/ceph: stderr
2023-12-11T19:43:14.984+0000 7f0782510700 1 Processor -- start
2023-12-11T19:43:16.052 INFO:teuthology.orchestra.run.smithi073.stdout:/usr/bin/ceph: stderr
2023-12-11T19:43:14.984+0000 7f0782510700 1 -- start start
2023-12-11T19:43:16.052 INFO:teuthology.orchestra.run.smithi073.stdout:/usr/bin/ceph: stderr
2023-12-11T19:43:14.985+0000 7f0782510700 1 --2- >> [v2:172.21.15.73:3300/0,v1:172.21.15.73:6789/0] conn(0x7f077c07ce30 0x7f077c19cbc0 unknown :-1 s=NONE pgs=0 cs=0 l=1 rev1=0 crypto rx=0 tx=0 comp rx=0 tx=0).connect
2023-12-11T19:43:16.052 INFO:teuthology.orchestra.run.smithi073.stdout:/usr/bin/ceph: stderr
2023-12-11T19:43:14.985+0000 7f0782510700 1 -- --> [v2:172.21.15.73:3300/0,v1:172.21.15.73:6789/0] -- mon_getmap magic: 0 v1 -- 0x7f077c19d100 con 0x7f077c07ce30
2023-12-11T19:43:16.053 INFO:teuthology.orchestra.run.smithi073.stdout:/usr/bin/ceph: stderr
2023-12-11T19:43:14.985+0000 7f077bfff700 1 --2- >> [v2:172.21.15.73:3300/0,v1:172.21.15.73:6789/0] conn(0x7f077c07ce30 0x7f077c19cbc0 unknown :-1 s=BANNER_CONNECTING pgs=0 cs=0 l=1 rev1=0 crypto rx=0 tx=0 comp rx=0 tx=0)._handle_peer_banner_payload supported=3 required=0
2023-12-11T19:43:16.053 INFO:teuthology.orchestra.run.smithi073.stdout:/usr/bin/ceph: stderr
2023-12-11T19:43:14.985+0000 7f077bfff700 1 --2- >> [v2:172.21.15.73:3300/0,v1:172.21.15.73:6789/0] conn(0x7f077c07ce30 0x7f077c19cbc0 unknown :-1 s=HELLO_CONNECTING pgs=0 cs=0 l=1 rev1=1 crypto rx=0 tx=0 comp rx=0 tx=0).handle_hello peer v2:172.21.15.73:3300/0 says I am v2:172.21.15.73:53466/0 (socket says 172.21.15.73:53466)
2023-12-11T19:43:16.053 INFO:teuthology.orchestra.run.smithi073.stdout:/usr/bin/ceph: stderr
2023-12-11T19:43:14.985+0000 7f077bfff700 1 -- 172.21.15.73:0/1312187448 learned_addr learned my addr 172.21.15.73:0/1312187448 (peer_addr_for_me v2:172.21.15.73:0/0)
2023-12-11T19:43:16.053 INFO:teuthology.orchestra.run.smithi073.stdout:/usr/bin/ceph: stderr
2023-12-11T19:43:14.985+0000 7f077bfff700 1 -- 172.21.15.73:0/1312187448 --> [v2:172.21.15.73:3300/0,v1:172.21.15.73:6789/0] -- mon_subscribe({config=0+,monmap=0+}) v3 -- 0x7f0770009550 con 0x7f077c07ce30
2023-12-11T19:43:16.053 INFO:teuthology.orchestra.run.smithi073.stdout:/usr/bin/ceph: stderr
2023-12-11T19:43:14.985+0000 7f077bfff700 1 --2- 172.21.15.73:0/1312187448 >> [v2:172.21.15.73:3300/0,v1:172.21.15.73:6789/0] conn(0x7f077c07ce30 0x7f077c19cbc0 secure :-1 s=READY pgs=73 cs=0 l=1 rev1=1 crypto rx=0x7f0770011670 tx=0x7f0770011a30 comp rx=0 tx=0).ready entity=mon.0 client_cookie=0 server_cookie=0 in_seq=0 out_seq=0
2023-12-11T19:43:16.053 INFO:teuthology.orchestra.run.smithi073.stdout:/usr/bin/ceph: stderr
2023-12-11T19:43:14.985+0000 7f07797fa700 1 -- 172.21.15.73:0/1312187448 <== mon.0 v2:172.21.15.73:3300/0 1 ==== mon_map magic: 0 v1 ==== 205+0+0 (secure 0 0 0) 0x7f0770003b20 con 0x7f077c07ce30
2023-12-11T19:43:16.053 INFO:teuthology.orchestra.run.smithi073.stdout:/usr/bin/ceph: stderr
2023-12-11T19:43:14.985+0000 7f07797fa700 1 -- 172.21.15.73:0/1312187448 <== mon.0 v2:172.21.15.73:3300/0 2 ==== config(26 keys) v1 ==== 1105+0+0 (secure 0 0 0) 0x7f0770003c80 con 0x7f077c07ce30
2023-12-11T19:43:16.053 INFO:teuthology.orchestra.run.smithi073.stdout:/usr/bin/ceph: stderr
2023-12-11T19:43:14.985+0000 7f0782510700 1 -- 172.21.15.73:0/1312187448 --> [v2:172.21.15.73:3300/0,v1:172.21.15.73:6789/0] -- mon_subscribe({mgrmap=0+}) v3 -- 0x7f077c19d300 con 0x7f077c07ce30
2023-12-11T19:43:16.053 INFO:teuthology.orchestra.run.smithi073.stdout:/usr/bin/ceph: stderr
2023-12-11T19:43:14.985+0000 7f07797fa700 1 -- 172.21.15.73:0/1312187448 <== mon.0 v2:172.21.15.73:3300/0 3 ==== mon_map magic: 0 v1 ==== 205+0+0 (secure 0 0 0) 0x7f0770019770 con 0x7f077c07ce30
2023-12-11T19:43:16.053 INFO:teuthology.orchestra.run.smithi073.stdout:/usr/bin/ceph: stderr
2023-12-11T19:43:14.985+0000 7f0782510700 1 -- 172.21.15.73:0/1312187448 --> [v2:172.21.15.73:3300/0,v1:172.21.15.73:6789/0] -- mon_subscribe({osdmap=0}) v3 -- 0x7f077c19d7a0 con 0x7f077c07ce30
2023-12-11T19:43:16.053 INFO:teuthology.orchestra.run.smithi073.stdout:/usr/bin/ceph: stderr
2023-12-11T19:43:14.986+0000 7f07797fa700 1 -- 172.21.15.73:0/1312187448 <== mon.0 v2:172.21.15.73:3300/0 4 ==== mgrmap(e 12) v1 ==== 45593+0+0 (secure 0 0 0) 0x7f07700199e0 con 0x7f077c07ce30
2023-12-11T19:43:16.053 INFO:teuthology.orchestra.run.smithi073.stdout:/usr/bin/ceph: stderr
2023-12-11T19:43:14.986+0000 7f07797fa700 1 --2- 172.21.15.73:0/1312187448 >> [v2:172.21.15.73:6800/21720181,v1:172.21.15.73:6801/21720181] conn(0x7f07640388c0 0x7f076403ad80 unknown :-1 s=NONE pgs=0 cs=0 l=1 rev1=0 crypto rx=0 tx=0 comp rx=0 tx=0).connect
2023-12-11T19:43:16.053 INFO:teuthology.orchestra.run.smithi073.stdout:/usr/bin/ceph: stderr
2023-12-11T19:43:14.986+0000 7f07797fa700 1 -- 172.21.15.73:0/1312187448 <== mon.0 v2:172.21.15.73:3300/0 5 ==== osd_map(3..3 src has 1..3) v4 ==== 1155+0+0 (secure 0 0 0) 0x7f077004cbf0 con 0x7f077c07ce30
2023-12-11T19:43:16.053 INFO:teuthology.orchestra.run.smithi073.stdout:/usr/bin/ceph: stderr
2023-12-11T19:43:14.986+0000 7f0782510700 1 -- 172.21.15.73:0/1312187448 --> [v2:172.21.15.73:3300/0,v1:172.21.15.73:6789/0] -- mon_command({"prefix": "get_command_descriptions"} v 0) v1 -- 0x7f077c10d120 con 0x7f077c07ce30
2023-12-11T19:43:16.054 INFO:teuthology.orchestra.run.smithi073.stdout:/usr/bin/ceph: stderr
2023-12-11T19:43:14.986+0000 7f077b7fe700 1 --2- 172.21.15.73:0/1312187448 >> [v2:172.21.15.73:6800/21720181,v1:172.21.15.73:6801/21720181] conn(0x7f07640388c0 0x7f076403ad80 unknown :-1 s=BANNER_CONNECTING pgs=0 cs=0 l=1 rev1=0 crypto rx=0 tx=0 comp rx=0 tx=0)._handle_peer_banner_payload supported=3 required=0
2023-12-11T19:43:16.054 INFO:teuthology.orchestra.run.smithi073.stdout:/usr/bin/ceph: stderr
2023-12-11T19:43:14.987+0000 7f077b7fe700 1 --2- 172.21.15.73:0/1312187448 >> [v2:172.21.15.73:6800/21720181,v1:172.21.15.73:6801/21720181] conn(0x7f07640388c0 0x7f076403ad80 secure :-1 s=READY pgs=8 cs=0 l=1 rev1=1 crypto rx=0x7f076c006fd0 tx=0x7f076c006e40 comp rx=0 tx=0).ready entity=mgr.14152 client_cookie=0 server_cookie=0 in_seq=0 out_seq=0
2023-12-11T19:43:16.054 INFO:teuthology.orchestra.run.smithi073.stdout:/usr/bin/ceph: stderr
2023-12-11T19:43:14.991+0000 7f07797fa700 1 -- 172.21.15.73:0/1312187448 <== mon.0 v2:172.21.15.73:3300/0 6 ==== mon_command_ack([{"prefix": "get_command_descriptions"}]=0 v0) v1 ==== 72+0+180949 (secure 0 0 0) 0x7f0770018b80 con 0x7f077c07ce30
2023-12-11T19:43:16.054 INFO:teuthology.orchestra.run.smithi073.stdout:/usr/bin/ceph: stderr
2023-12-11T19:43:15.208+0000 7f0782510700 1 -- 172.21.15.73:0/1312187448 --> [v2:172.21.15.73:6800/21720181,v1:172.21.15.73:6801/21720181] -- mgr_command(tid 0: {"prefix": "dashboard ac-user-create", "username": "admin", "rolename": "administrator", "force_password": true, "pwd_update_required": true, "target": ["mon-mgr", ""]}) v1 -- 0x7f077c062a20 con 0x7f07640388c0
2023-12-11T19:43:16.054 INFO:teuthology.orchestra.run.smithi073.stdout:/usr/bin/ceph: stderr
2023-12-11T19:43:15.435+0000 7f07797fa700 1 -- 172.21.15.73:0/1312187448 <== mgr.14152 v2:172.21.15.73:6800/21720181 1 ==== mgr_command_reply(tid 0: 0 ) v1 ==== 8+0+252 (secure 0 0 0) 0x7f077c062a20 con 0x7f07640388c0
2023-12-11T19:43:16.054 INFO:teuthology.orchestra.run.smithi073.stdout:/usr/bin/ceph: stderr
2023-12-11T19:43:15.437+0000 7f0782510700 1 -- 172.21.15.73:0/1312187448 >> [v2:172.21.15.73:6800/21720181,v1:172.21.15.73:6801/21720181] conn(0x7f07640388c0 msgr2=0x7f076403ad80 secure :-1 s=STATE_CONNECTION_ESTABLISHED l=1).mark_down
2023-12-11T19:43:16.054 INFO:teuthology.orchestra.run.smithi073.stdout:/usr/bin/ceph: stderr
2023-12-11T19:43:15.437+0000 7f0782510700 1 --2- 172.21.15.73:0/1312187448 >> [v2:172.21.15.73:6800/21720181,v1:172.21.15.73:6801/21720181] conn(0x7f07640388c0 0x7f076403ad80 secure :-1 s=READY pgs=8 cs=0 l=1 rev1=1 crypto rx=0x7f076c006fd0 tx=0x7f076c006e40 comp rx=0 tx=0).stop
2023-12-11T19:43:16.054 INFO:teuthology.orchestra.run.smithi073.stdout:/usr/bin/ceph: stderr
2023-12-11T19:43:15.437+0000 7f0782510700 1 -- 172.21.15.73:0/1312187448 >> [v2:172.21.15.73:3300/0,v1:172.21.15.73:6789/0] conn(0x7f077c07ce30 msgr2=0x7f077c19cbc0 secure :-1 s=STATE_CONNECTION_ESTABLISHED l=1).mark_down
2023-12-11T19:43:16.054 INFO:teuthology.orchestra.run.smithi073.stdout:/usr/bin/ceph: stderr
2023-12-11T19:43:15.437+0000 7f0782510700 1 --2- 172.21.15.73:0/1312187448 >> [v2:172.21.15.73:3300/0,v1:172.21.15.73:6789/0] conn(0x7f077c07ce30 0x7f077c19cbc0 secure :-1 s=READY pgs=73 cs=0 l=1 rev1=1 crypto rx=0x7f0770011670 tx=0x7f0770011a30 comp rx=0 tx=0).stop
2023-12-11T19:43:16.054 INFO:teuthology.orchestra.run.smithi073.stdout:/usr/bin/ceph: stderr
2023-12-11T19:43:15.437+0000 7f0782510700 1 -- 172.21.15.73:0/1312187448 shutdown_connections
2023-12-11T19:43:16.054 INFO:teuthology.orchestra.run.smithi073.stdout:/usr/bin/ceph: stderr
2023-12-11T19:43:15.437+0000 7f0782510700 1 --2- 172.21.15.73:0/1312187448 >> [v2:172.21.15.73:6800/21720181,v1:172.21.15.73:6801/21720181] conn(0x7f07640388c0 0x7f076403ad80 unknown :-1 s=CLOSED pgs=8 cs=0 l=1 rev1=1 crypto rx=0 tx=0 comp rx=0 tx=0).stop
2023-12-11T19:43:16.054 INFO:teuthology.orchestra.run.smithi073.stdout:/usr/bin/ceph: stderr
2023-12-11T19:43:15.437+0000 7f0782510700 1 --2- 172.21.15.73:0/1312187448 >> [v2:172.21.15.73:3300/0,v1:172.21.15.73:6789/0] conn(0x7f077c07ce30 0x7f077c19cbc0 unknown :-1 s=CLOSED pgs=73 cs=0 l=1 rev1=1 crypto rx=0 tx=0 comp rx=0 tx=0).stop
2023-12-11T19:43:16.055 INFO:teuthology.orchestra.run.smithi073.stdout:/usr/bin/ceph: stderr
2023-12-11T19:43:15.437+0000 7f0782510700 1 -- 172.21.15.73:0/1312187448 >> 172.21.15.73:0/1312187448 conn(0x7f077c1022e0 msgr2=0x7f077c102d80 unknown :-1 s=STATE_NONE l=0).mark_down
2023-12-11T19:43:16.055 INFO:teuthology.orchestra.run.smithi073.stdout:/usr/bin/ceph: stderr
2023-12-11T19:43:15.437+0000 7f0782510700 1 -- 172.21.15.73:0/1312187448 shutdown_connections
2023-12-11T19:43:16.055 INFO:teuthology.orchestra.run.smithi073.stdout:/usr/bin/ceph: stderr
2023-12-11T19:43:15.437+0000 7f0782510700 1 -- 172.21.15.73:0/1312187448 wait complete.
2023-12-11T19:43:16.055 INFO:teuthology.orchestra.run.smithi073.stdout:Fetching dashboard port number...
2023-12-11T19:43:16.631 INFO:journalctl@ceph.mon.a.smithi073.stdout:Dec 11 19:43:16 smithi073 ceph-mon[98917]: from='client.14166 -' entity='client.admin' cmd=[{"prefix": "dashboard ac-user-create", "username": "admin", "rolename": "administrator", "force_password": true, "pwd_update_required": true, "target": ["mon-mgr", ""]}]: dispatch
2023-12-11T19:43:16.631 INFO:journalctl@ceph.mon.a.smithi073.stdout:Dec 11 19:43:16 smithi073 ceph-mon[98917]: from='mgr.14152 172.21.15.73:0/1703350137' entity='mgr.x'
2023-12-11T19:43:17.093 INFO:teuthology.orchestra.run.smithi073.stdout:/usr/bin/ceph: stdout 8443
2023-12-11T19:43:17.093 INFO:teuthology.orchestra.run.smithi073.stdout:/usr/bin/ceph: stderr
2023-12-11T19:43:16.504+0000 7f6460f12700 1 Processor -- start
2023-12-11T19:43:17.093 INFO:teuthology.orchestra.run.smithi073.stdout:/usr/bin/ceph: stderr
2023-12-11T19:43:16.504+0000 7f6460f12700 1 -- start start
2023-12-11T19:43:17.093 INFO:teuthology.orchestra.run.smithi073.stdout:/usr/bin/ceph: stderr
2023-12-11T19:43:16.504+0000 7f6460f12700 1 --2- >> [v2:172.21.15.73:3300/0,v1:172.21.15.73:6789/0] conn(0x7f645c105c10 0x7f645c106030 unknown :-1 s=NONE pgs=0 cs=0 l=0 rev1=0 crypto rx=0 tx=0 comp rx=0 tx=0).connect
2023-12-11T19:43:17.093 INFO:teuthology.orchestra.run.smithi073.stdout:/usr/bin/ceph: stderr
2023-12-11T19:43:16.504+0000 7f6460f12700 1 -- --> [v2:172.21.15.73:3300/0,v1:172.21.15.73:6789/0] -- mon_getmap magic: 0 v1 -- 0x7f645c106600 con 0x7f645c105c10
2023-12-11T19:43:17.094 INFO:teuthology.orchestra.run.smithi073.stdout:/usr/bin/ceph: stderr
2023-12-11T19:43:16.504+0000 7f645a59c700 1 --2- >> [v2:172.21.15.73:3300/0,v1:172.21.15.73:6789/0] conn(0x7f645c105c10 0x7f645c106030 unknown :-1 s=BANNER_CONNECTING pgs=0 cs=0 l=0 rev1=0 crypto rx=0 tx=0 comp rx=0 tx=0)._handle_peer_banner_payload supported=3 required=0
2023-12-11T19:43:17.094 INFO:teuthology.orchestra.run.smithi073.stdout:/usr/bin/ceph: stderr
2023-12-11T19:43:16.504+0000 7f645a59c700 1 --2- >> [v2:172.21.15.73:3300/0,v1:172.21.15.73:6789/0] conn(0x7f645c105c10 0x7f645c106030 unknown :-1 s=HELLO_CONNECTING pgs=0 cs=0 l=0 rev1=1 crypto rx=0 tx=0 comp rx=0 tx=0).handle_hello peer v2:172.21.15.73:3300/0 says I am v2:172.21.15.73:53470/0 (socket says 172.21.15.73:53470)
2023-12-11T19:43:17.094 INFO:teuthology.orchestra.run.smithi073.stdout:/usr/bin/ceph: stderr
2023-12-11T19:43:16.504+0000 7f645a59c700 1 -- 172.21.15.73:0/2113019438 learned_addr learned my addr 172.21.15.73:0/2113019438 (peer_addr_for_me v2:172.21.15.73:0/0)
2023-12-11T19:43:17.094 INFO:teuthology.orchestra.run.smithi073.stdout:/usr/bin/ceph: stderr
2023-12-11T19:43:16.504+0000 7f645a59c700 1 -- 172.21.15.73:0/2113019438 --> [v2:172.21.15.73:3300/0,v1:172.21.15.73:6789/0] -- mon_subscribe({config=0+,monmap=0+}) v3 -- 0x7f645c106e10 con 0x7f645c105c10
2023-12-11T19:43:17.094 INFO:teuthology.orchestra.run.smithi073.stdout:/usr/bin/ceph: stderr
2023-12-11T19:43:16.505+0000 7f645a59c700 1 --2- 172.21.15.73:0/2113019438 >> [v2:172.21.15.73:3300/0,v1:172.21.15.73:6789/0] conn(0x7f645c105c10 0x7f645c106030 secure :-1 s=READY pgs=74 cs=0 l=1 rev1=1 crypto rx=0x7f644c0098a0 tx=0x7f644c009bb0 comp rx=0 tx=0).ready entity=mon.0 client_cookie=70aa24dca20d390c server_cookie=0 in_seq=0 out_seq=0
2023-12-11T19:43:17.094 INFO:teuthology.orchestra.run.smithi073.stdout:/usr/bin/ceph: stderr
2023-12-11T19:43:16.505+0000 7f645959a700 1 -- 172.21.15.73:0/2113019438 <== mon.0 v2:172.21.15.73:3300/0 1 ==== mon_map magic: 0 v1 ==== 205+0+0 (secure 0 0 0) 0x7f644c004160 con 0x7f645c105c10
2023-12-11T19:43:17.094 INFO:teuthology.orchestra.run.smithi073.stdout:/usr/bin/ceph: stderr
2023-12-11T19:43:16.505+0000 7f645959a700 1 -- 172.21.15.73:0/2113019438 <== mon.0 v2:172.21.15.73:3300/0 2 ==== config(26 keys) v1 ==== 1105+0+0 (secure 0 0 0) 0x7f644c0042c0 con 0x7f645c105c10
2023-12-11T19:43:17.094 INFO:teuthology.orchestra.run.smithi073.stdout:/usr/bin/ceph: stderr
2023-12-11T19:43:16.505+0000 7f645959a700 1 -- 172.21.15.73:0/2113019438 <== mon.0 v2:172.21.15.73:3300/0 3 ==== mon_map magic: 0 v1 ==== 205+0+0 (secure 0 0 0) 0x7f644c0119b0 con 0x7f645c105c10
2023-12-11T19:43:17.094 INFO:teuthology.orchestra.run.smithi073.stdout:/usr/bin/ceph: stderr
2023-12-11T19:43:16.505+0000 7f6460f12700 1 -- 172.21.15.73:0/2113019438 >> [v2:172.21.15.73:3300/0,v1:172.21.15.73:6789/0] conn(0x7f645c105c10 msgr2=0x7f645c106030 secure :-1 s=STATE_CONNECTION_ESTABLISHED l=1).mark_down
2023-12-11T19:43:17.094 INFO:teuthology.orchestra.run.smithi073.stdout:/usr/bin/ceph: stderr
2023-12-11T19:43:16.505+0000 7f6460f12700 1 --2- 172.21.15.73:0/2113019438 >> [v2:172.21.15.73:3300/0,v1:172.21.15.73:6789/0] conn(0x7f645c105c10 0x7f645c106030 secure :-1 s=READY pgs=74 cs=0 l=1 rev1=1 crypto rx=0x7f644c0098a0 tx=0x7f644c009bb0 comp rx=0 tx=0).stop
2023-12-11T19:43:17.094 INFO:teuthology.orchestra.run.smithi073.stdout:/usr/bin/ceph: stderr
2023-12-11T19:43:16.505+0000 7f6460f12700 1 -- 172.21.15.73:0/2113019438 shutdown_connections
2023-12-11T19:43:17.094 INFO:teuthology.orchestra.run.smithi073.stdout:/usr/bin/ceph: stderr
2023-12-11T19:43:16.505+0000 7f6460f12700 1 --2- 172.21.15.73:0/2113019438 >> [v2:172.21.15.73:3300/0,v1:172.21.15.73:6789/0] conn(0x7f645c105c10 0x7f645c106030 unknown :-1 s=CLOSED pgs=74 cs=0 l=1 rev1=1 crypto rx=0 tx=0 comp rx=0 tx=0).stop
2023-12-11T19:43:17.094 INFO:teuthology.orchestra.run.smithi073.stdout:/usr/bin/ceph: stderr
2023-12-11T19:43:16.505+0000 7f6460f12700 1 -- 172.21.15.73:0/2113019438 >> 172.21.15.73:0/2113019438 conn(0x7f645c1011d0 msgr2=0x7f645c1035f0 unknown :-1 s=STATE_NONE l=0).mark_down
2023-12-11T19:43:17.094 INFO:teuthology.orchestra.run.smithi073.stdout:/usr/bin/ceph: stderr
2023-12-11T19:43:16.506+0000 7f6460f12700 1 -- 172.21.15.73:0/2113019438 shutdown_connections
2023-12-11T19:43:17.095 INFO:teuthology.orchestra.run.smithi073.stdout:/usr/bin/ceph: stderr
2023-12-11T19:43:16.506+0000 7f6460f12700 1 -- 172.21.15.73:0/2113019438 wait complete.
2023-12-11T19:43:17.095 INFO:teuthology.orchestra.run.smithi073.stdout:/usr/bin/ceph: stderr
2023-12-11T19:43:16.506+0000 7f6460f12700 1 Processor -- start
2023-12-11T19:43:17.095 INFO:teuthology.orchestra.run.smithi073.stdout:/usr/bin/ceph: stderr
2023-12-11T19:43:16.506+0000 7f6460f12700 1 -- start start
2023-12-11T19:43:17.095 INFO:teuthology.orchestra.run.smithi073.stdout:/usr/bin/ceph: stderr
2023-12-11T19:43:16.506+0000 7f6460f12700 1 --2- >> [v2:172.21.15.73:3300/0,v1:172.21.15.73:6789/0] conn(0x7f645c105c10 0x7f645c19ab30 unknown :-1 s=NONE pgs=0 cs=0 l=1 rev1=0 crypto rx=0 tx=0 comp rx=0 tx=0).connect
2023-12-11T19:43:17.095 INFO:teuthology.orchestra.run.smithi073.stdout:/usr/bin/ceph: stderr
2023-12-11T19:43:16.506+0000 7f6460f12700 1 -- --> [v2:172.21.15.73:3300/0,v1:172.21.15.73:6789/0] -- mon_getmap magic: 0 v1 -- 0x7f645c19b070 con 0x7f645c105c10
2023-12-11T19:43:17.095 INFO:teuthology.orchestra.run.smithi073.stdout:/usr/bin/ceph: stderr
2023-12-11T19:43:16.507+0000 7f645a59c700 1 --2- >> [v2:172.21.15.73:3300/0,v1:172.21.15.73:6789/0] conn(0x7f645c105c10 0x7f645c19ab30 unknown :-1 s=BANNER_CONNECTING pgs=0 cs=0 l=1 rev1=0 crypto rx=0 tx=0 comp rx=0 tx=0)._handle_peer_banner_payload supported=3 required=0
2023-12-11T19:43:17.095 INFO:teuthology.orchestra.run.smithi073.stdout:/usr/bin/ceph: stderr
2023-12-11T19:43:16.507+0000 7f645a59c700 1 --2- >> [v2:172.21.15.73:3300/0,v1:172.21.15.73:6789/0] conn(0x7f645c105c10 0x7f645c19ab30 unknown :-1 s=HELLO_CONNECTING pgs=0 cs=0 l=1 rev1=1 crypto rx=0 tx=0 comp rx=0 tx=0).handle_hello peer v2:172.21.15.73:3300/0 says I am v2:172.21.15.73:53472/0 (socket says 172.21.15.73:53472)
2023-12-11T19:43:17.095 INFO:teuthology.orchestra.run.smithi073.stdout:/usr/bin/ceph: stderr
2023-12-11T19:43:16.507+0000 7f645a59c700 1 -- 172.21.15.73:0/1547747535 learned_addr learned my addr 172.21.15.73:0/1547747535 (peer_addr_for_me v2:172.21.15.73:0/0)
2023-12-11T19:43:17.095 INFO:teuthology.orchestra.run.smithi073.stdout:/usr/bin/ceph: stderr
2023-12-11T19:43:16.507+0000 7f645a59c700 1 -- 172.21.15.73:0/1547747535 --> [v2:172.21.15.73:3300/0,v1:172.21.15.73:6789/0] -- mon_subscribe({config=0+,monmap=0+}) v3 -- 0x7f644c009550 con 0x7f645c105c10
2023-12-11T19:43:17.095 INFO:teuthology.orchestra.run.smithi073.stdout:/usr/bin/ceph: stderr
2023-12-11T19:43:16.507+0000 7f645a59c700 1 --2- 172.21.15.73:0/1547747535 >> [v2:172.21.15.73:3300/0,v1:172.21.15.73:6789/0] conn(0x7f645c105c10 0x7f645c19ab30 secure :-1 s=READY pgs=75 cs=0 l=1 rev1=1 crypto rx=0x7f644c003e60 tx=0x7f644c011a30 comp rx=0 tx=0).ready entity=mon.0 client_cookie=0 server_cookie=0 in_seq=0 out_seq=0
2023-12-11T19:43:17.095 INFO:teuthology.orchestra.run.smithi073.stdout:/usr/bin/ceph: stderr
