2023-12-11T20:06:07.757+0000 7f583e59c700 1 --2- >> [v2:172.21.15.12:3300/0,v1:172.21.15.12:6789/0] conn(0x7f5840106cb0 0x7f58401070d0 unknown :-1 s=BANNER_CONNECTING pgs=0 cs=0 l=0 rev1=0 crypto rx=0 tx=0 comp rx=0 tx=0)._handle_peer_banner_payload supported=3 required=0
2023-12-11T20:06:08.617 INFO:teuthology.orchestra.run.smithi012.stdout:/usr/bin/ceph: stderr
2023-12-11T20:06:07.757+0000 7f583e59c700 1 --2- >> [v2:172.21.15.12:3300/0,v1:172.21.15.12:6789/0] conn(0x7f5840106cb0 0x7f58401070d0 unknown :-1 s=HELLO_CONNECTING pgs=0 cs=0 l=0 rev1=1 crypto rx=0 tx=0 comp rx=0 tx=0).handle_hello peer v2:172.21.15.12:3300/0 says I am v2:172.21.15.12:45726/0 (socket says 172.21.15.12:45726)
2023-12-11T20:06:08.617 INFO:teuthology.orchestra.run.smithi012.stdout:/usr/bin/ceph: stderr
2023-12-11T20:06:07.757+0000 7f583e59c700 1 -- 172.21.15.12:0/463252776 learned_addr learned my addr 172.21.15.12:0/463252776 (peer_addr_for_me v2:172.21.15.12:0/0)
2023-12-11T20:06:08.617 INFO:teuthology.orchestra.run.smithi012.stdout:/usr/bin/ceph: stderr
2023-12-11T20:06:07.757+0000 7f583e59c700 1 -- 172.21.15.12:0/463252776 --> [v2:172.21.15.12:3300/0,v1:172.21.15.12:6789/0] -- mon_subscribe({config=0+,monmap=0+}) v3 -- 0x7f5840107eb0 con 0x7f5840106cb0
2023-12-11T20:06:08.617 INFO:teuthology.orchestra.run.smithi012.stdout:/usr/bin/ceph: stderr
2023-12-11T20:06:07.757+0000 7f583e59c700 1 --2- 172.21.15.12:0/463252776 >> [v2:172.21.15.12:3300/0,v1:172.21.15.12:6789/0] conn(0x7f5840106cb0 0x7f58401070d0 secure :-1 s=READY pgs=70 cs=0 l=1 rev1=1 crypto rx=0x7f58300098a0 tx=0x7f5830009bb0 comp rx=0 tx=0).ready entity=mon.0 client_cookie=a173bd57e55b3497 server_cookie=0 in_seq=0 out_seq=0
2023-12-11T20:06:08.617 INFO:teuthology.orchestra.run.smithi012.stdout:/usr/bin/ceph: stderr
2023-12-11T20:06:07.758+0000 7f583d59a700 1 -- 172.21.15.12:0/463252776 <== mon.0 v2:172.21.15.12:3300/0 1 ==== mon_map magic: 0 v1 ==== 205+0+0 (secure 0 0 0) 0x7f5830004160 con 0x7f5840106cb0
2023-12-11T20:06:08.617 INFO:teuthology.orchestra.run.smithi012.stdout:/usr/bin/ceph: stderr
2023-12-11T20:06:07.758+0000 7f583d59a700 1 -- 172.21.15.12:0/463252776 <== mon.0 v2:172.21.15.12:3300/0 2 ==== config(25 keys) v1 ==== 1067+0+0 (secure 0 0 0) 0x7f58300042c0 con 0x7f5840106cb0
2023-12-11T20:06:08.617 INFO:teuthology.orchestra.run.smithi012.stdout:/usr/bin/ceph: stderr
2023-12-11T20:06:07.758+0000 7f583d59a700 1 -- 172.21.15.12:0/463252776 <== mon.0 v2:172.21.15.12:3300/0 3 ==== mon_map magic: 0 v1 ==== 205+0+0 (secure 0 0 0) 0x7f58300118e0 con 0x7f5840106cb0
2023-12-11T20:06:08.618 INFO:teuthology.orchestra.run.smithi012.stdout:/usr/bin/ceph: stderr
2023-12-11T20:06:07.758+0000 7f5844fd4700 1 -- 172.21.15.12:0/463252776 >> [v2:172.21.15.12:3300/0,v1:172.21.15.12:6789/0] conn(0x7f5840106cb0 msgr2=0x7f58401070d0 secure :-1 s=STATE_CONNECTION_ESTABLISHED l=1).mark_down
2023-12-11T20:06:08.618 INFO:teuthology.orchestra.run.smithi012.stdout:/usr/bin/ceph: stderr
2023-12-11T20:06:07.758+0000 7f5844fd4700 1 --2- 172.21.15.12:0/463252776 >> [v2:172.21.15.12:3300/0,v1:172.21.15.12:6789/0] conn(0x7f5840106cb0 0x7f58401070d0 secure :-1 s=READY pgs=70 cs=0 l=1 rev1=1 crypto rx=0x7f58300098a0 tx=0x7f5830009bb0 comp rx=0 tx=0).stop
2023-12-11T20:06:08.618 INFO:teuthology.orchestra.run.smithi012.stdout:/usr/bin/ceph: stderr
2023-12-11T20:06:07.758+0000 7f5844fd4700 1 -- 172.21.15.12:0/463252776 shutdown_connections
2023-12-11T20:06:08.619 INFO:teuthology.orchestra.run.smithi012.stdout:/usr/bin/ceph: stderr
2023-12-11T20:06:07.758+0000 7f5844fd4700 1 --2- 172.21.15.12:0/463252776 >> [v2:172.21.15.12:3300/0,v1:172.21.15.12:6789/0] conn(0x7f5840106cb0 0x7f58401070d0 unknown :-1 s=CLOSED pgs=70 cs=0 l=1 rev1=1 crypto rx=0 tx=0 comp rx=0 tx=0).stop
2023-12-11T20:06:08.619 INFO:teuthology.orchestra.run.smithi012.stdout:/usr/bin/ceph: stderr
2023-12-11T20:06:07.758+0000 7f5844fd4700 1 -- 172.21.15.12:0/463252776 >> 172.21.15.12:0/463252776 conn(0x7f5840102250 msgr2=0x7f5840104690 unknown :-1 s=STATE_NONE l=0).mark_down
2023-12-11T20:06:08.619 INFO:teuthology.orchestra.run.smithi012.stdout:/usr/bin/ceph: stderr
2023-12-11T20:06:07.758+0000 7f5844fd4700 1 -- 172.21.15.12:0/463252776 shutdown_connections
2023-12-11T20:06:08.619 INFO:teuthology.orchestra.run.smithi012.stdout:/usr/bin/ceph: stderr
2023-12-11T20:06:07.759+0000 7f5844fd4700 1 -- 172.21.15.12:0/463252776 wait complete.
2023-12-11T20:06:08.619 INFO:teuthology.orchestra.run.smithi012.stdout:/usr/bin/ceph: stderr
2023-12-11T20:06:07.759+0000 7f5844fd4700 1 Processor -- start
2023-12-11T20:06:08.619 INFO:teuthology.orchestra.run.smithi012.stdout:/usr/bin/ceph: stderr
2023-12-11T20:06:07.760+0000 7f5844fd4700 1 -- start start
2023-12-11T20:06:08.620 INFO:teuthology.orchestra.run.smithi012.stdout:/usr/bin/ceph: stderr
2023-12-11T20:06:07.760+0000 7f5844fd4700 1 --2- >> [v2:172.21.15.12:3300/0,v1:172.21.15.12:6789/0] conn(0x7f5840106cb0 0x7f584019a9a0 unknown :-1 s=NONE pgs=0 cs=0 l=1 rev1=0 crypto rx=0 tx=0 comp rx=0 tx=0).connect
2023-12-11T20:06:08.620 INFO:teuthology.orchestra.run.smithi012.stdout:/usr/bin/ceph: stderr
2023-12-11T20:06:07.760+0000 7f5844fd4700 1 -- --> [v2:172.21.15.12:3300/0,v1:172.21.15.12:6789/0] -- mon_getmap magic: 0 v1 -- 0x7f584019aee0 con 0x7f5840106cb0
2023-12-11T20:06:08.620 INFO:teuthology.orchestra.run.smithi012.stdout:/usr/bin/ceph: stderr
2023-12-11T20:06:07.760+0000 7f583e59c700 1 --2- >> [v2:172.21.15.12:3300/0,v1:172.21.15.12:6789/0] conn(0x7f5840106cb0 0x7f584019a9a0 unknown :-1 s=BANNER_CONNECTING pgs=0 cs=0 l=1 rev1=0 crypto rx=0 tx=0 comp rx=0 tx=0)._handle_peer_banner_payload supported=3 required=0
2023-12-11T20:06:08.620 INFO:teuthology.orchestra.run.smithi012.stdout:/usr/bin/ceph: stderr
2023-12-11T20:06:07.760+0000 7f583e59c700 1 --2- >> [v2:172.21.15.12:3300/0,v1:172.21.15.12:6789/0] conn(0x7f5840106cb0 0x7f584019a9a0 unknown :-1 s=HELLO_CONNECTING pgs=0 cs=0 l=1 rev1=1 crypto rx=0 tx=0 comp rx=0 tx=0).handle_hello peer v2:172.21.15.12:3300/0 says I am v2:172.21.15.12:45730/0 (socket says 172.21.15.12:45730)
2023-12-11T20:06:08.620 INFO:teuthology.orchestra.run.smithi012.stdout:/usr/bin/ceph: stderr
2023-12-11T20:06:07.760+0000 7f583e59c700 1 -- 172.21.15.12:0/1194028642 learned_addr learned my addr 172.21.15.12:0/1194028642 (peer_addr_for_me v2:172.21.15.12:0/0)
2023-12-11T20:06:08.620 INFO:teuthology.orchestra.run.smithi012.stdout:/usr/bin/ceph: stderr
2023-12-11T20:06:07.760+0000 7f583e59c700 1 -- 172.21.15.12:0/1194028642 --> [v2:172.21.15.12:3300/0,v1:172.21.15.12:6789/0] -- mon_subscribe({config=0+,monmap=0+}) v3 -- 0x7f5830009550 con 0x7f5840106cb0
2023-12-11T20:06:08.621 INFO:teuthology.orchestra.run.smithi012.stdout:/usr/bin/ceph: stderr
2023-12-11T20:06:07.761+0000 7f583e59c700 1 --2- 172.21.15.12:0/1194028642 >> [v2:172.21.15.12:3300/0,v1:172.21.15.12:6789/0] conn(0x7f5840106cb0 0x7f584019a9a0 secure :-1 s=READY pgs=71 cs=0 l=1 rev1=1 crypto rx=0x7f5830003f70 tx=0x7f58300119a0 comp rx=0 tx=0).ready entity=mon.0 client_cookie=0 server_cookie=0 in_seq=0 out_seq=0
2023-12-11T20:06:08.621 INFO:teuthology.orchestra.run.smithi012.stdout:/usr/bin/ceph: stderr
2023-12-11T20:06:07.761+0000 7f582f7fe700 1 -- 172.21.15.12:0/1194028642 <== mon.0 v2:172.21.15.12:3300/0 1 ==== mon_map magic: 0 v1 ==== 205+0+0 (secure 0 0 0) 0x7f58300036a0 con 0x7f5840106cb0
2023-12-11T20:06:08.621 INFO:teuthology.orchestra.run.smithi012.stdout:/usr/bin/ceph: stderr
2023-12-11T20:06:07.761+0000 7f582f7fe700 1 -- 172.21.15.12:0/1194028642 <== mon.0 v2:172.21.15.12:3300/0 2 ==== config(25 keys) v1 ==== 1067+0+0 (secure 0 0 0) 0x7f583001b440 con 0x7f5840106cb0
2023-12-11T20:06:08.621 INFO:teuthology.orchestra.run.smithi012.stdout:/usr/bin/ceph: stderr
2023-12-11T20:06:07.761+0000 7f582f7fe700 1 -- 172.21.15.12:0/1194028642 <== mon.0 v2:172.21.15.12:3300/0 3 ==== mon_map magic: 0 v1 ==== 205+0+0 (secure 0 0 0) 0x7f5830023400 con 0x7f5840106cb0
2023-12-11T20:06:08.621 INFO:teuthology.orchestra.run.smithi012.stdout:/usr/bin/ceph: stderr
2023-12-11T20:06:07.761+0000 7f5844fd4700 1 -- 172.21.15.12:0/1194028642 --> [v2:172.21.15.12:3300/0,v1:172.21.15.12:6789/0] -- mon_subscribe({mgrmap=0+}) v3 -- 0x7f584019b0e0 con 0x7f5840106cb0
2023-12-11T20:06:08.622 INFO:teuthology.orchestra.run.smithi012.stdout:/usr/bin/ceph: stderr
2023-12-11T20:06:07.761+0000 7f5844fd4700 1 -- 172.21.15.12:0/1194028642 --> [v2:172.21.15.12:3300/0,v1:172.21.15.12:6789/0] -- mon_subscribe({osdmap=0}) v3 -- 0x7f584019b580 con 0x7f5840106cb0
2023-12-11T20:06:08.622 INFO:teuthology.orchestra.run.smithi012.stdout:/usr/bin/ceph: stderr
2023-12-11T20:06:07.762+0000 7f582f7fe700 1 -- 172.21.15.12:0/1194028642 <== mon.0 v2:172.21.15.12:3300/0 4 ==== mgrmap(e 12) v1 ==== 45593+0+0 (secure 0 0 0) 0x7f583001b5b0 con 0x7f5840106cb0
2023-12-11T20:06:08.624 INFO:teuthology.orchestra.run.smithi012.stdout:/usr/bin/ceph: stderr
2023-12-11T20:06:07.762+0000 7f5844fd4700 1 -- 172.21.15.12:0/1194028642 --> [v2:172.21.15.12:3300/0,v1:172.21.15.12:6789/0] -- mon_command({"prefix": "get_command_descriptions"} v 0) v1 -- 0x7f584010b0e0 con 0x7f5840106cb0
2023-12-11T20:06:08.624 INFO:teuthology.orchestra.run.smithi012.stdout:/usr/bin/ceph: stderr
2023-12-11T20:06:07.763+0000 7f582f7fe700 1 --2- 172.21.15.12:0/1194028642 >> [v2:172.21.15.12:6800/1969938581,v1:172.21.15.12:6801/1969938581] conn(0x7f58280388c0 0x7f582803ad80 unknown :-1 s=NONE pgs=0 cs=0 l=1 rev1=0 crypto rx=0 tx=0 comp rx=0 tx=0).connect
2023-12-11T20:06:08.625 INFO:teuthology.orchestra.run.smithi012.stdout:/usr/bin/ceph: stderr
2023-12-11T20:06:07.763+0000 7f582f7fe700 1 -- 172.21.15.12:0/1194028642 <== mon.0 v2:172.21.15.12:3300/0 5 ==== osd_map(3..3 src has 1..3) v4 ==== 1155+0+0 (secure 0 0 0) 0x7f583004c920 con 0x7f5840106cb0
2023-12-11T20:06:08.625 INFO:teuthology.orchestra.run.smithi012.stdout:/usr/bin/ceph: stderr
2023-12-11T20:06:07.763+0000 7f583dd9b700 1 --2- 172.21.15.12:0/1194028642 >> [v2:172.21.15.12:6800/1969938581,v1:172.21.15.12:6801/1969938581] conn(0x7f58280388c0 0x7f582803ad80 unknown :-1 s=BANNER_CONNECTING pgs=0 cs=0 l=1 rev1=0 crypto rx=0 tx=0 comp rx=0 tx=0)._handle_peer_banner_payload supported=3 required=0
2023-12-11T20:06:08.625 INFO:teuthology.orchestra.run.smithi012.stdout:/usr/bin/ceph: stderr
2023-12-11T20:06:07.763+0000 7f583dd9b700 1 --2- 172.21.15.12:0/1194028642 >> [v2:172.21.15.12:6800/1969938581,v1:172.21.15.12:6801/1969938581] conn(0x7f58280388c0 0x7f582803ad80 secure :-1 s=READY pgs=9 cs=0 l=1 rev1=1 crypto rx=0x7f5834006fd0 tx=0x7f5834006e40 comp rx=0 tx=0).ready entity=mgr.14148 client_cookie=0 server_cookie=0 in_seq=0 out_seq=0
2023-12-11T20:06:08.625 INFO:teuthology.orchestra.run.smithi012.stdout:/usr/bin/ceph: stderr
2023-12-11T20:06:07.768+0000 7f582f7fe700 1 -- 172.21.15.12:0/1194028642 <== mon.0 v2:172.21.15.12:3300/0 6 ==== mon_command_ack([{"prefix": "get_command_descriptions"}]=0 v0) v1 ==== 72+0+180949 (secure 0 0 0) 0x7f583000be40 con 0x7f5840106cb0
2023-12-11T20:06:08.625 INFO:teuthology.orchestra.run.smithi012.stdout:/usr/bin/ceph: stderr
2023-12-11T20:06:07.998+0000 7f5844fd4700 1 -- 172.21.15.12:0/1194028642 --> [v2:172.21.15.12:3300/0,v1:172.21.15.12:6789/0] -- mon_command({"prefix": "config get", "who": "mgr", "key": "mgr/dashboard/ssl_server_port"} v 0) v1 -- 0x7f584019de70 con 0x7f5840106cb0
2023-12-11T20:06:08.625 INFO:teuthology.orchestra.run.smithi012.stdout:/usr/bin/ceph: stderr
2023-12-11T20:06:08.000+0000 7f582f7fe700 1 -- 172.21.15.12:0/1194028642 <== mon.0 v2:172.21.15.12:3300/0 7 ==== mon_command_ack([{"prefix": "config get", "who": "mgr", "key": "mgr/dashboard/ssl_server_port"}]=0 v8) v1 ==== 112+0+5 (secure 0 0 0) 0x7f583000b3e0 con 0x7f5840106cb0
2023-12-11T20:06:08.625 INFO:teuthology.orchestra.run.smithi012.stdout:/usr/bin/ceph: stderr
2023-12-11T20:06:08.003+0000 7f5844fd4700 1 -- 172.21.15.12:0/1194028642 >> [v2:172.21.15.12:6800/1969938581,v1:172.21.15.12:6801/1969938581] conn(0x7f58280388c0 msgr2=0x7f582803ad80 secure :-1 s=STATE_CONNECTION_ESTABLISHED l=1).mark_down
2023-12-11T20:06:08.625 INFO:teuthology.orchestra.run.smithi012.stdout:/usr/bin/ceph: stderr
2023-12-11T20:06:08.003+0000 7f5844fd4700 1 --2- 172.21.15.12:0/1194028642 >> [v2:172.21.15.12:6800/1969938581,v1:172.21.15.12:6801/1969938581] conn(0x7f58280388c0 0x7f582803ad80 secure :-1 s=READY pgs=9 cs=0 l=1 rev1=1 crypto rx=0x7f5834006fd0 tx=0x7f5834006e40 comp rx=0 tx=0).stop
2023-12-11T20:06:08.625 INFO:teuthology.orchestra.run.smithi012.stdout:/usr/bin/ceph: stderr
2023-12-11T20:06:08.003+0000 7f5844fd4700 1 -- 172.21.15.12:0/1194028642 >> [v2:172.21.15.12:3300/0,v1:172.21.15.12:6789/0] conn(0x7f5840106cb0 msgr2=0x7f584019a9a0 secure :-1 s=STATE_CONNECTION_ESTABLISHED l=1).mark_down
2023-12-11T20:06:08.625 INFO:teuthology.orchestra.run.smithi012.stdout:/usr/bin/ceph: stderr
2023-12-11T20:06:08.003+0000 7f5844fd4700 1 --2- 172.21.15.12:0/1194028642 >> [v2:172.21.15.12:3300/0,v1:172.21.15.12:6789/0] conn(0x7f5840106cb0 0x7f584019a9a0 secure :-1 s=READY pgs=71 cs=0 l=1 rev1=1 crypto rx=0x7f5830003f70 tx=0x7f58300119a0 comp rx=0 tx=0).stop
2023-12-11T20:06:08.625 INFO:teuthology.orchestra.run.smithi012.stdout:/usr/bin/ceph: stderr
2023-12-11T20:06:08.004+0000 7f5844fd4700 1 -- 172.21.15.12:0/1194028642 shutdown_connections
2023-12-11T20:06:08.625 INFO:teuthology.orchestra.run.smithi012.stdout:/usr/bin/ceph: stderr
2023-12-11T20:06:08.004+0000 7f5844fd4700 1 --2- 172.21.15.12:0/1194028642 >> [v2:172.21.15.12:6800/1969938581,v1:172.21.15.12:6801/1969938581] conn(0x7f58280388c0 0x7f582803ad80 unknown :-1 s=CLOSED pgs=9 cs=0 l=1 rev1=1 crypto rx=0 tx=0 comp rx=0 tx=0).stop
2023-12-11T20:06:08.625 INFO:teuthology.orchestra.run.smithi012.stdout:/usr/bin/ceph: stderr
2023-12-11T20:06:08.004+0000 7f5844fd4700 1 --2- 172.21.15.12:0/1194028642 >> [v2:172.21.15.12:3300/0,v1:172.21.15.12:6789/0] conn(0x7f5840106cb0 0x7f584019a9a0 unknown :-1 s=CLOSED pgs=71 cs=0 l=1 rev1=1 crypto rx=0 tx=0 comp rx=0 tx=0).stop
2023-12-11T20:06:08.625 INFO:teuthology.orchestra.run.smithi012.stdout:/usr/bin/ceph: stderr
2023-12-11T20:06:08.004+0000 7f5844fd4700 1 -- 172.21.15.12:0/1194028642 >> 172.21.15.12:0/1194028642 conn(0x7f5840102250 msgr2=0x7f5840102d90 unknown :-1 s=STATE_NONE l=0).mark_down
2023-12-11T20:06:08.626 INFO:teuthology.orchestra.run.smithi012.stdout:/usr/bin/ceph: stderr
2023-12-11T20:06:08.004+0000 7f5844fd4700 1 -- 172.21.15.12:0/1194028642 shutdown_connections
2023-12-11T20:06:08.626 INFO:teuthology.orchestra.run.smithi012.stdout:/usr/bin/ceph: stderr
2023-12-11T20:06:08.004+0000 7f5844fd4700 1 -- 172.21.15.12:0/1194028642 wait complete.
2023-12-11T20:06:08.638 INFO:teuthology.orchestra.run.smithi012.stdout:Non-zero exit code 1 from systemctl is-enabled firewalld.service
2023-12-11T20:06:08.638 INFO:teuthology.orchestra.run.smithi012.stdout:systemctl: stdout disabled
2023-12-11T20:06:08.664 INFO:teuthology.orchestra.run.smithi012.stdout:Non-zero exit code 3 from systemctl is-active firewalld.service
2023-12-11T20:06:08.665 INFO:teuthology.orchestra.run.smithi012.stdout:systemctl: stdout inactive
2023-12-11T20:06:08.665 INFO:teuthology.orchestra.run.smithi012.stdout:firewalld.service is not enabled
2023-12-11T20:06:08.665 INFO:teuthology.orchestra.run.smithi012.stdout:Not possible to open ports <[8443]>. firewalld.service is not available
2023-12-11T20:06:08.667 INFO:teuthology.orchestra.run.smithi012.stdout:Ceph Dashboard is now available at:
2023-12-11T20:06:08.667 INFO:teuthology.orchestra.run.smithi012.stdout:
2023-12-11T20:06:08.667 INFO:teuthology.orchestra.run.smithi012.stdout: URL: https://smithi012.front.sepia.ceph.com:8443/
2023-12-11T20:06:08.667 INFO:teuthology.orchestra.run.smithi012.stdout: User: admin
2023-12-11T20:06:08.667 INFO:teuthology.orchestra.run.smithi012.stdout: Password: zseujae3wb
2023-12-11T20:06:08.667 INFO:teuthology.orchestra.run.smithi012.stdout:
2023-12-11T20:06:08.668 INFO:teuthology.orchestra.run.smithi012.stdout:Saving cluster configuration to /var/lib/ceph/732461f0-9860-11ee-95a3-87774f69a715/config directory
2023-12-11T20:06:08.669 INFO:teuthology.orchestra.run.smithi012.stdout:Enabling autotune for osd_memory_target
2023-12-11T20:06:09.290 INFO:journalctl@ceph.mon.a.smithi012.stdout:Dec 11 20:06:08 smithi012 ceph-mon[128787]: from='client.? 172.21.15.12:0/1194028642' entity='client.admin' cmd=[{"prefix": "config get", "who": "mgr", "key": "mgr/dashboard/ssl_server_port"}]: dispatch
2023-12-11T20:06:10.295 INFO:journalctl@ceph.mon.a.smithi012.stdout:Dec 11 20:06:10 smithi012 ceph-mon[128787]: mgrmap e13: x(active, since 6s)
2023-12-11T20:06:10.357 INFO:teuthology.orchestra.run.smithi012.stdout:/usr/bin/ceph: stderr
2023-12-11T20:06:09.654+0000 7ff78b811700 1 Processor -- start
2023-12-11T20:06:10.358 INFO:teuthology.orchestra.run.smithi012.stdout:/usr/bin/ceph: stderr
2023-12-11T20:06:09.654+0000 7ff78b811700 1 -- start start
2023-12-11T20:06:10.358 INFO:teuthology.orchestra.run.smithi012.stdout:/usr/bin/ceph: stderr
2023-12-11T20:06:09.655+0000 7ff78b811700 1 --2- >> [v2:172.21.15.12:3300/0,v1:172.21.15.12:6789/0] conn(0x7ff78407bce0 0x7ff78407a140 unknown :-1 s=NONE pgs=0 cs=0 l=0 rev1=0 crypto rx=0 tx=0 comp rx=0 tx=0).connect
2023-12-11T20:06:10.358 INFO:teuthology.orchestra.run.smithi012.stdout:/usr/bin/ceph: stderr
2023-12-11T20:06:09.655+0000 7ff78b811700 1 -- --> [v2:172.21.15.12:3300/0,v1:172.21.15.12:6789/0] -- mon_getmap magic: 0 v1 -- 0x7ff78407a710 con 0x7ff78407bce0
2023-12-11T20:06:10.358 INFO:teuthology.orchestra.run.smithi012.stdout:/usr/bin/ceph: stderr
2023-12-11T20:06:09.655+0000 7ff7895ad700 1 --2- >> [v2:172.21.15.12:3300/0,v1:172.21.15.12:6789/0] conn(0x7ff78407bce0 0x7ff78407a140 unknown :-1 s=BANNER_CONNECTING pgs=0 cs=0 l=0 rev1=0 crypto rx=0 tx=0 comp rx=0 tx=0)._handle_peer_banner_payload supported=3 required=0
2023-12-11T20:06:10.358 INFO:teuthology.orchestra.run.smithi012.stdout:/usr/bin/ceph: stderr
2023-12-11T20:06:09.655+0000 7ff7895ad700 1 --2- >> [v2:172.21.15.12:3300/0,v1:172.21.15.12:6789/0] conn(0x7ff78407bce0 0x7ff78407a140 unknown :-1 s=HELLO_CONNECTING pgs=0 cs=0 l=0 rev1=1 crypto rx=0 tx=0 comp rx=0 tx=0).handle_hello peer v2:172.21.15.12:3300/0 says I am v2:172.21.15.12:59724/0 (socket says 172.21.15.12:59724)
2023-12-11T20:06:10.358 INFO:teuthology.orchestra.run.smithi012.stdout:/usr/bin/ceph: stderr
2023-12-11T20:06:09.655+0000 7ff7895ad700 1 -- 172.21.15.12:0/1702104987 learned_addr learned my addr 172.21.15.12:0/1702104987 (peer_addr_for_me v2:172.21.15.12:0/0)
2023-12-11T20:06:10.358 INFO:teuthology.orchestra.run.smithi012.stdout:/usr/bin/ceph: stderr
2023-12-11T20:06:09.656+0000 7ff7895ad700 1 -- 172.21.15.12:0/1702104987 --> [v2:172.21.15.12:3300/0,v1:172.21.15.12:6789/0] -- mon_subscribe({config=0+,monmap=0+}) v3 -- 0x7ff78407a850 con 0x7ff78407bce0
2023-12-11T20:06:10.358 INFO:teuthology.orchestra.run.smithi012.stdout:/usr/bin/ceph: stderr
2023-12-11T20:06:09.656+0000 7ff7895ad700 1 --2- 172.21.15.12:0/1702104987 >> [v2:172.21.15.12:3300/0,v1:172.21.15.12:6789/0] conn(0x7ff78407bce0 0x7ff78407a140 secure :-1 s=READY pgs=72 cs=0 l=1 rev1=1 crypto rx=0x7ff7800098a0 tx=0x7ff780009bb0 comp rx=0 tx=0).ready entity=mon.0 client_cookie=b39afad6b92b4c92 server_cookie=0 in_seq=0 out_seq=0
2023-12-11T20:06:10.358 INFO:teuthology.orchestra.run.smithi012.stdout:/usr/bin/ceph: stderr
2023-12-11T20:06:09.656+0000 7ff77bfff700 1 -- 172.21.15.12:0/1702104987 <== mon.0 v2:172.21.15.12:3300/0 1 ==== mon_map magic: 0 v1 ==== 205+0+0 (secure 0 0 0) 0x7ff780004160 con 0x7ff78407bce0
2023-12-11T20:06:10.358 INFO:teuthology.orchestra.run.smithi012.stdout:/usr/bin/ceph: stderr
2023-12-11T20:06:09.656+0000 7ff77bfff700 1 -- 172.21.15.12:0/1702104987 <== mon.0 v2:172.21.15.12:3300/0 2 ==== config(25 keys) v1 ==== 1067+0+0 (secure 0 0 0) 0x7ff7800042c0 con 0x7ff78407bce0
2023-12-11T20:06:10.359 INFO:teuthology.orchestra.run.smithi012.stdout:/usr/bin/ceph: stderr
2023-12-11T20:06:09.656+0000 7ff77bfff700 1 -- 172.21.15.12:0/1702104987 <== mon.0 v2:172.21.15.12:3300/0 3 ==== mon_map magic: 0 v1 ==== 205+0+0 (secure 0 0 0) 0x7ff7800118e0 con 0x7ff78407bce0
2023-12-11T20:06:10.359 INFO:teuthology.orchestra.run.smithi012.stdout:/usr/bin/ceph: stderr
2023-12-11T20:06:09.657+0000 7ff78b811700 1 -- 172.21.15.12:0/1702104987 >> [v2:172.21.15.12:3300/0,v1:172.21.15.12:6789/0] conn(0x7ff78407bce0 msgr2=0x7ff78407a140 secure :-1 s=STATE_CONNECTION_ESTABLISHED l=1).mark_down
2023-12-11T20:06:10.359 INFO:teuthology.orchestra.run.smithi012.stdout:/usr/bin/ceph: stderr
2023-12-11T20:06:09.657+0000 7ff78b811700 1 --2- 172.21.15.12:0/1702104987 >> [v2:172.21.15.12:3300/0,v1:172.21.15.12:6789/0] conn(0x7ff78407bce0 0x7ff78407a140 secure :-1 s=READY pgs=72 cs=0 l=1 rev1=1 crypto rx=0x7ff7800098a0 tx=0x7ff780009bb0 comp rx=0 tx=0).stop
2023-12-11T20:06:10.359 INFO:teuthology.orchestra.run.smithi012.stdout:/usr/bin/ceph: stderr
2023-12-11T20:06:09.657+0000 7ff78b811700 1 -- 172.21.15.12:0/1702104987 shutdown_connections
2023-12-11T20:06:10.359 INFO:teuthology.orchestra.run.smithi012.stdout:/usr/bin/ceph: stderr
2023-12-11T20:06:09.657+0000 7ff78b811700 1 --2- 172.21.15.12:0/1702104987 >> [v2:172.21.15.12:3300/0,v1:172.21.15.12:6789/0] conn(0x7ff78407bce0 0x7ff78407a140 unknown :-1 s=CLOSED pgs=72 cs=0 l=1 rev1=1 crypto rx=0 tx=0 comp rx=0 tx=0).stop
2023-12-11T20:06:10.359 INFO:teuthology.orchestra.run.smithi012.stdout:/usr/bin/ceph: stderr
2023-12-11T20:06:09.657+0000 7ff78b811700 1 -- 172.21.15.12:0/1702104987 >> 172.21.15.12:0/1702104987 conn(0x7ff784102250 msgr2=0x7ff784104690 unknown :-1 s=STATE_NONE l=0).mark_down
2023-12-11T20:06:10.359 INFO:teuthology.orchestra.run.smithi012.stdout:/usr/bin/ceph: stderr
2023-12-11T20:06:09.657+0000 7ff78b811700 1 -- 172.21.15.12:0/1702104987 shutdown_connections
2023-12-11T20:06:10.359 INFO:teuthology.orchestra.run.smithi012.stdout:/usr/bin/ceph: stderr
2023-12-11T20:06:09.657+0000 7ff78b811700 1 -- 172.21.15.12:0/1702104987 wait complete.
2023-12-11T20:06:10.359 INFO:teuthology.orchestra.run.smithi012.stdout:/usr/bin/ceph: stderr
2023-12-11T20:06:09.658+0000 7ff78b811700 1 Processor -- start
2023-12-11T20:06:10.359 INFO:teuthology.orchestra.run.smithi012.stdout:/usr/bin/ceph: stderr
2023-12-11T20:06:09.658+0000 7ff78b811700 1 -- start start
2023-12-11T20:06:10.359 INFO:teuthology.orchestra.run.smithi012.stdout:/usr/bin/ceph: stderr
2023-12-11T20:06:09.658+0000 7ff78b811700 1 --2- >> [v2:172.21.15.12:3300/0,v1:172.21.15.12:6789/0] conn(0x7ff78407bce0 0x7ff78419cb50 unknown :-1 s=NONE pgs=0 cs=0 l=1 rev1=0 crypto rx=0 tx=0 comp rx=0 tx=0).connect
2023-12-11T20:06:10.359 INFO:teuthology.orchestra.run.smithi012.stdout:/usr/bin/ceph: stderr
2023-12-11T20:06:09.659+0000 7ff78b811700 1 -- --> [v2:172.21.15.12:3300/0,v1:172.21.15.12:6789/0] -- mon_getmap magic: 0 v1 -- 0x7ff78419d090 con 0x7ff78407bce0
2023-12-11T20:06:10.359 INFO:teuthology.orchestra.run.smithi012.stdout:/usr/bin/ceph: stderr
2023-12-11T20:06:09.659+0000 7ff7895ad700 1 --2- >> [v2:172.21.15.12:3300/0,v1:172.21.15.12:6789/0] conn(0x7ff78407bce0 0x7ff78419cb50 unknown :-1 s=BANNER_CONNECTING pgs=0 cs=0 l=1 rev1=0 crypto rx=0 tx=0 comp rx=0 tx=0)._handle_peer_banner_payload supported=3 required=0
2023-12-11T20:06:10.359 INFO:teuthology.orchestra.run.smithi012.stdout:/usr/bin/ceph: stderr
2023-12-11T20:06:09.659+0000 7ff7895ad700 1 --2- >> [v2:172.21.15.12:3300/0,v1:172.21.15.12:6789/0] conn(0x7ff78407bce0 0x7ff78419cb50 unknown :-1 s=HELLO_CONNECTING pgs=0 cs=0 l=1 rev1=1 crypto rx=0 tx=0 comp rx=0 tx=0).handle_hello peer v2:172.21.15.12:3300/0 says I am v2:172.21.15.12:59732/0 (socket says 172.21.15.12:59732)
2023-12-11T20:06:10.360 INFO:teuthology.orchestra.run.smithi012.stdout:/usr/bin/ceph: stderr
2023-12-11T20:06:09.659+0000 7ff7895ad700 1 -- 172.21.15.12:0/717004490 learned_addr learned my addr 172.21.15.12:0/717004490 (peer_addr_for_me v2:172.21.15.12:0/0)
2023-12-11T20:06:10.360 INFO:teuthology.orchestra.run.smithi012.stdout:/usr/bin/ceph: stderr
2023-12-11T20:06:09.659+0000 7ff7895ad700 1 -- 172.21.15.12:0/717004490 --> [v2:172.21.15.12:3300/0,v1:172.21.15.12:6789/0] -- mon_subscribe({config=0+,monmap=0+}) v3 -- 0x7ff780009550 con 0x7ff78407bce0
2023-12-11T20:06:10.360 INFO:teuthology.orchestra.run.smithi012.stdout:/usr/bin/ceph: stderr
2023-12-11T20:06:09.659+0000 7ff7895ad700 1 --2- 172.21.15.12:0/717004490 >> [v2:172.21.15.12:3300/0,v1:172.21.15.12:6789/0] conn(0x7ff78407bce0 0x7ff78419cb50 secure :-1 s=READY pgs=73 cs=0 l=1 rev1=1 crypto rx=0x7ff780003f70 tx=0x7ff7800119a0 comp rx=0 tx=0).ready entity=mon.0 client_cookie=0 server_cookie=0 in_seq=0 out_seq=0
2023-12-11T20:06:10.360 INFO:teuthology.orchestra.run.smithi012.stdout:/usr/bin/ceph: stderr
2023-12-11T20:06:09.660+0000 7ff77a7fc700 1 -- 172.21.15.12:0/717004490 <== mon.0 v2:172.21.15.12:3300/0 1 ==== mon_map magic: 0 v1 ==== 205+0+0 (secure 0 0 0) 0x7ff7800036a0 con 0x7ff78407bce0
2023-12-11T20:06:10.360 INFO:teuthology.orchestra.run.smithi012.stdout:/usr/bin/ceph: stderr
2023-12-11T20:06:09.660+0000 7ff77a7fc700 1 -- 172.21.15.12:0/717004490 <== mon.0 v2:172.21.15.12:3300/0 2 ==== config(25 keys) v1 ==== 1067+0+0 (secure 0 0 0) 0x7ff78001b440 con 0x7ff78407bce0
2023-12-11T20:06:10.360 INFO:teuthology.orchestra.run.smithi012.stdout:/usr/bin/ceph: stderr
2023-12-11T20:06:09.660+0000 7ff77a7fc700 1 -- 172.21.15.12:0/717004490 <== mon.0 v2:172.21.15.12:3300/0 3 ==== mon_map magic: 0 v1 ==== 205+0+0 (secure 0 0 0) 0x7ff780023400 con 0x7ff78407bce0
2023-12-11T20:06:10.360 INFO:teuthology.orchestra.run.smithi012.stdout:/usr/bin/ceph: stderr
2023-12-11T20:06:09.660+0000 7ff78b811700 1 -- 172.21.15.12:0/717004490 --> [v2:172.21.15.12:3300/0,v1:172.21.15.12:6789/0] -- mon_subscribe({mgrmap=0+}) v3 -- 0x7ff78419d290 con 0x7ff78407bce0
2023-12-11T20:06:10.360 INFO:teuthology.orchestra.run.smithi012.stdout:/usr/bin/ceph: stderr
2023-12-11T20:06:09.660+0000 7ff78b811700 1 -- 172.21.15.12:0/717004490 --> [v2:172.21.15.12:3300/0,v1:172.21.15.12:6789/0] -- mon_subscribe({osdmap=0}) v3 -- 0x7ff78419d730 con 0x7ff78407bce0
2023-12-11T20:06:10.360 INFO:teuthology.orchestra.run.smithi012.stdout:/usr/bin/ceph: stderr
2023-12-11T20:06:09.661+0000 7ff77a7fc700 1 -- 172.21.15.12:0/717004490 <== mon.0 v2:172.21.15.12:3300/0 4 ==== mgrmap(e 13) v1 ==== 45636+0+0 (secure 0 0 0) 0x7ff78001b5b0 con 0x7ff78407bce0
2023-12-11T20:06:10.360 INFO:teuthology.orchestra.run.smithi012.stdout:/usr/bin/ceph: stderr
2023-12-11T20:06:09.661+0000 7ff78b811700 1 -- 172.21.15.12:0/717004490 --> [v2:172.21.15.12:3300/0,v1:172.21.15.12:6789/0] -- mon_command({"prefix": "get_command_descriptions"} v 0) v1 -- 0x7ff78410d050 con 0x7ff78407bce0
2023-12-11T20:06:10.360 INFO:teuthology.orchestra.run.smithi012.stdout:/usr/bin/ceph: stderr
2023-12-11T20:06:09.661+0000 7ff77a7fc700 1 --2- 172.21.15.12:0/717004490 >> [v2:172.21.15.12:6800/1969938581,v1:172.21.15.12:6801/1969938581] conn(0x7ff770038960 0x7ff77003ae20 unknown :-1 s=NONE pgs=0 cs=0 l=1 rev1=0 crypto rx=0 tx=0 comp rx=0 tx=0).connect
2023-12-11T20:06:10.360 INFO:teuthology.orchestra.run.smithi012.stdout:/usr/bin/ceph: stderr
2023-12-11T20:06:09.661+0000 7ff77a7fc700 1 -- 172.21.15.12:0/717004490 <== mon.0 v2:172.21.15.12:3300/0 5 ==== osd_map(3..3 src has 1..3) v4 ==== 1155+0+0 (secure 0 0 0) 0x7ff78004ca20 con 0x7ff78407bce0
2023-12-11T20:06:10.360 INFO:teuthology.orchestra.run.smithi012.stdout:/usr/bin/ceph: stderr
2023-12-11T20:06:09.661+0000 7ff788dac700 1 --2- 172.21.15.12:0/717004490 >> [v2:172.21.15.12:6800/1969938581,v1:172.21.15.12:6801/1969938581] conn(0x7ff770038960 0x7ff77003ae20 unknown :-1 s=BANNER_CONNECTING pgs=0 cs=0 l=1 rev1=0 crypto rx=0 tx=0 comp rx=0 tx=0)._handle_peer_banner_payload supported=3 required=0
2023-12-11T20:06:10.361 INFO:teuthology.orchestra.run.smithi012.stdout:/usr/bin/ceph: stderr
2023-12-11T20:06:09.662+0000 7ff788dac700 1 --2- 172.21.15.12:0/717004490 >> [v2:172.21.15.12:6800/1969938581,v1:172.21.15.12:6801/1969938581] conn(0x7ff770038960 0x7ff77003ae20 secure :-1 s=READY pgs=10 cs=0 l=1 rev1=1 crypto rx=0x7ff774006fd0 tx=0x7ff774006e40 comp rx=0 tx=0).ready entity=mgr.14148 client_cookie=0 server_cookie=0 in_seq=0 out_seq=0
2023-12-11T20:06:10.361 INFO:teuthology.orchestra.run.smithi012.stdout:/usr/bin/ceph: stderr
2023-12-11T20:06:09.667+0000 7ff77a7fc700 1 -- 172.21.15.12:0/717004490 <== mon.0 v2:172.21.15.12:3300/0 6 ==== mon_command_ack([{"prefix": "get_command_descriptions"}]=0 v0) v1 ==== 72+0+180949 (secure 0 0 0) 0x7ff780019c30 con 0x7ff78407bce0
2023-12-11T20:06:10.361 INFO:teuthology.orchestra.run.smithi012.stdout:/usr/bin/ceph: stderr
2023-12-11T20:06:09.877+0000 7ff78b811700 1 -- 172.21.15.12:0/717004490 --> [v2:172.21.15.12:3300/0,v1:172.21.15.12:6789/0] -- mon_command([{prefix=config set, name=osd_memory_target_autotune}] v 0) v1 -- 0x7ff78410d290 con 0x7ff78407bce0
2023-12-11T20:06:10.361 INFO:teuthology.orchestra.run.smithi012.stdout:/usr/bin/ceph: stderr
2023-12-11T20:06:09.877+0000 7ff77a7fc700 1 -- 172.21.15.12:0/717004490 <== mon.0 v2:172.21.15.12:3300/0 7 ==== mon_command_ack([{prefix=config set, name=osd_memory_target_autotune}]=0 v8)=0 v8) v1 ==== 127+0+0 (secure 0 0 0) 0x7ff780019840 con 0x7ff78407bce0
2023-12-11T20:06:10.361 INFO:teuthology.orchestra.run.smithi012.stdout:/usr/bin/ceph: stderr
2023-12-11T20:06:09.880+0000 7ff78b811700 1 -- 172.21.15.12:0/717004490 >> [v2:172.21.15.12:6800/1969938581,v1:172.21.15.12:6801/1969938581] conn(0x7ff770038960 msgr2=0x7ff77003ae20 secure :-1 s=STATE_CONNECTION_ESTABLISHED l=1).mark_down
2023-12-11T20:06:10.361 INFO:teuthology.orchestra.run.smithi012.stdout:/usr/bin/ceph: stderr
2023-12-11T20:06:09.880+0000 7ff78b811700 1 --2- 172.21.15.12:0/717004490 >> [v2:172.21.15.12:6800/1969938581,v1:172.21.15.12:6801/1969938581] conn(0x7ff770038960 0x7ff77003ae20 secure :-1 s=READY pgs=10 cs=0 l=1 rev1=1 crypto rx=0x7ff774006fd0 tx=0x7ff774006e40 comp rx=0 tx=0).stop
2023-12-11T20:06:10.361 INFO:teuthology.orchestra.run.smithi012.stdout:/usr/bin/ceph: stderr
2023-12-11T20:06:09.880+0000 7ff78b811700 1 -- 172.21.15.12:0/717004490 >> [v2:172.21.15.12:3300/0,v1:172.21.15.12:6789/0] conn(0x7ff78407bce0 msgr2=0x7ff78419cb50 secure :-1 s=STATE_CONNECTION_ESTABLISHED l=1).mark_down
2023-12-11T20:06:10.361 INFO:teuthology.orchestra.run.smithi012.stdout:/usr/bin/ceph: stderr
2023-12-11T20:06:09.880+0000 7ff78b811700 1 --2- 172.21.15.12:0/717004490 >> [v2:172.21.15.12:3300/0,v1:172.21.15.12:6789/0] conn(0x7ff78407bce0 0x7ff78419cb50 secure :-1 s=READY pgs=73 cs=0 l=1 rev1=1 crypto rx=0x7ff780003f70 tx=0x7ff7800119a0 comp rx=0 tx=0).stop
2023-12-11T20:06:10.361 INFO:teuthology.orchestra.run.smithi012.stdout:/usr/bin/ceph: stderr
2023-12-11T20:06:09.880+0000 7ff78b811700 1 -- 172.21.15.12:0/717004490 shutdown_connections
2023-12-11T20:06:10.361 INFO:teuthology.orchestra.run.smithi012.stdout:/usr/bin/ceph: stderr
2023-12-11T20:06:09.880+0000 7ff78b811700 1 --2- 172.21.15.12:0/717004490 >> [v2:172.21.15.12:6800/1969938581,v1:172.21.15.12:6801/1969938581] conn(0x7ff770038960 0x7ff77003ae20 unknown :-1 s=CLOSED pgs=10 cs=0 l=1 rev1=1 crypto rx=0 tx=0 comp rx=0 tx=0).stop
2023-12-11T20:06:10.361 INFO:teuthology.orchestra.run.smithi012.stdout:/usr/bin/ceph: stderr
2023-12-11T20:06:09.880+0000 7ff78b811700 1 --2- 172.21.15.12:0/717004490 >> [v2:172.21.15.12:3300/0,v1:172.21.15.12:6789/0] conn(0x7ff78407bce0 0x7ff78419cb50 unknown :-1 s=CLOSED pgs=73 cs=0 l=1 rev1=1 crypto rx=0 tx=0 comp rx=0 tx=0).stop
2023-12-11T20:06:10.361 INFO:teuthology.orchestra.run.smithi012.stdout:/usr/bin/ceph: stderr
2023-12-11T20:06:09.880+0000 7ff78b811700 1 -- 172.21.15.12:0/717004490 >> 172.21.15.12:0/717004490 conn(0x7ff784102250 msgr2=0x7ff784102d90 unknown :-1 s=STATE_NONE l=0).mark_down
2023-12-11T20:06:10.361 INFO:teuthology.orchestra.run.smithi012.stdout:/usr/bin/ceph: stderr
2023-12-11T20:06:09.880+0000 7ff78b811700 1 -- 172.21.15.12:0/717004490 shutdown_connections
2023-12-11T20:06:10.361 INFO:teuthology.orchestra.run.smithi012.stdout:/usr/bin/ceph: stderr
2023-12-11T20:06:09.880+0000 7ff78b811700 1 -- 172.21.15.12:0/717004490 wait complete.
2023-12-11T20:06:11.644 INFO:teuthology.orchestra.run.smithi012.stdout:/usr/bin/ceph: stderr
2023-12-11T20:06:10.855+0000 7f71098d2700 1 Processor -- start
2023-12-11T20:06:11.644 INFO:teuthology.orchestra.run.smithi012.stdout:/usr/bin/ceph: stderr
2023-12-11T20:06:10.855+0000 7f71098d2700 1 -- start start
2023-12-11T20:06:11.644 INFO:teuthology.orchestra.run.smithi012.stdout:/usr/bin/ceph: stderr
2023-12-11T20:06:10.855+0000 7f71098d2700 1 --2- >> [v2:172.21.15.12:3300/0,v1:172.21.15.12:6789/0] conn(0x7f710407bd20 0x7f710407a180 unknown :-1 s=NONE pgs=0 cs=0 l=0 rev1=0 crypto rx=0 tx=0 comp rx=0 tx=0).connect
2023-12-11T20:06:11.644 INFO:teuthology.orchestra.run.smithi012.stdout:/usr/bin/ceph: stderr
2023-12-11T20:06:10.855+0000 7f71098d2700 1 -- --> [v2:172.21.15.12:3300/0,v1:172.21.15.12:6789/0] -- mon_getmap magic: 0 v1 -- 0x7f710407a750 con 0x7f710407bd20
2023-12-11T20:06:11.644 INFO:teuthology.orchestra.run.smithi012.stdout:/usr/bin/ceph: stderr
2023-12-11T20:06:10.856+0000 7f7102ffd700 1 --2- >> [v2:172.21.15.12:3300/0,v1:172.21.15.12:6789/0] conn(0x7f710407bd20 0x7f710407a180 unknown :-1 s=BANNER_CONNECTING pgs=0 cs=0 l=0 rev1=0 crypto rx=0 tx=0 comp rx=0 tx=0)._handle_peer_banner_payload supported=3 required=0
2023-12-11T20:06:11.644 INFO:teuthology.orchestra.run.smithi012.stdout:/usr/bin/ceph: stderr
2023-12-11T20:06:10.856+0000 7f7102ffd700 1 --2- >> [v2:172.21.15.12:3300/0,v1:172.21.15.12:6789/0] conn(0x7f710407bd20 0x7f710407a180 unknown :-1 s=HELLO_CONNECTING pgs=0 cs=0 l=0 rev1=1 crypto rx=0 tx=0 comp rx=0 tx=0).handle_hello peer v2:172.21.15.12:3300/0 says I am v2:172.21.15.12:59740/0 (socket says 172.21.15.12:59740)
2023-12-11T20:06:11.644 INFO:teuthology.orchestra.run.smithi012.stdout:/usr/bin/ceph: stderr
2023-12-11T20:06:10.856+0000 7f7102ffd700 1 -- 172.21.15.12:0/4069211949 learned_addr learned my addr 172.21.15.12:0/4069211949 (peer_addr_for_me v2:172.21.15.12:0/0)
2023-12-11T20:06:11.644 INFO:teuthology.orchestra.run.smithi012.stdout:/usr/bin/ceph: stderr
2023-12-11T20:06:10.856+0000 7f7102ffd700 1 -- 172.21.15.12:0/4069211949 --> [v2:172.21.15.12:3300/0,v1:172.21.15.12:6789/0] -- mon_subscribe({config=0+,monmap=0+}) v3 -- 0x7f710407a890 con 0x7f710407bd20
2023-12-11T20:06:11.644 INFO:teuthology.orchestra.run.smithi012.stdout:/usr/bin/ceph: stderr
2023-12-11T20:06:10.856+0000 7f7102ffd700 1 --2- 172.21.15.12:0/4069211949 >> [v2:172.21.15.12:3300/0,v1:172.21.15.12:6789/0] conn(0x7f710407bd20 0x7f710407a180 secure :-1 s=READY pgs=74 cs=0 l=1 rev1=1 crypto rx=0x7f70f40098a0 tx=0x7f70f4009bb0 comp rx=0 tx=0).ready entity=mon.0 client_cookie=32460edbe1db9676 server_cookie=0 in_seq=0 out_seq=0
2023-12-11T20:06:11.644 INFO:teuthology.orchestra.run.smithi012.stdout:/usr/bin/ceph: stderr
2023-12-11T20:06:10.857+0000 7f7101ffb700 1 -- 172.21.15.12:0/4069211949 <== mon.0 v2:172.21.15.12:3300/0 1 ==== mon_map magic: 0 v1 ==== 205+0+0 (secure 0 0 0) 0x7f70f4004160 con 0x7f710407bd20
2023-12-11T20:06:11.644 INFO:teuthology.orchestra.run.smithi012.stdout:/usr/bin/ceph: stderr
2023-12-11T20:06:10.857+0000 7f7101ffb700 1 -- 172.21.15.12:0/4069211949 <== mon.0 v2:172.21.15.12:3300/0 2 ==== config(25 keys) v1 ==== 1067+0+0 (secure 0 0 0) 0x7f70f40042c0 con 0x7f710407bd20
2023-12-11T20:06:11.644 INFO:teuthology.orchestra.run.smithi012.stdout:/usr/bin/ceph: stderr
2023-12-11T20:06:10.857+0000 7f7101ffb700 1 -- 172.21.15.12:0/4069211949 <== mon.0 v2:172.21.15.12:3300/0 3 ==== mon_map magic: 0 v1 ==== 205+0+0 (secure 0 0 0) 0x7f70f40118e0 con 0x7f710407bd20
2023-12-11T20:06:11.645 INFO:teuthology.orchestra.run.smithi012.stdout:/usr/bin/ceph: stderr
2023-12-11T20:06:10.857+0000 7f71098d2700 1 -- 172.21.15.12:0/4069211949 >> [v2:172.21.15.12:3300/0,v1:172.21.15.12:6789/0] conn(0x7f710407bd20 msgr2=0x7f710407a180 secure :-1 s=STATE_CONNECTION_ESTABLISHED l=1).mark_down
2023-12-11T20:06:11.645 INFO:teuthology.orchestra.run.smithi012.stdout:/usr/bin/ceph: stderr
2023-12-11T20:06:10.857+0000 7f71098d2700 1 --2- 172.21.15.12:0/4069211949 >> [v2:172.21.15.12:3300/0,v1:172.21.15.12:6789/0] conn(0x7f710407bd20 0x7f710407a180 secure :-1 s=READY pgs=74 cs=0 l=1 rev1=1 crypto rx=0x7f70f40098a0 tx=0x7f70f4009bb0 comp rx=0 tx=0).stop
2023-12-11T20:06:11.645 INFO:teuthology.orchestra.run.smithi012.stdout:/usr/bin/ceph: stderr
2023-12-11T20:06:10.857+0000 7f71098d2700 1 -- 172.21.15.12:0/4069211949 shutdown_connections
2023-12-11T20:06:11.645 INFO:teuthology.orchestra.run.smithi012.stdout:/usr/bin/ceph: stderr
2023-12-11T20:06:10.857+0000 7f71098d2700 1 --2- 172.21.15.12:0/4069211949 >> [v2:172.21.15.12:3300/0,v1:172.21.15.12:6789/0] conn(0x7f710407bd20 0x7f710407a180 unknown :-1 s=CLOSED pgs=74 cs=0 l=1 rev1=1 crypto rx=0 tx=0 comp rx=0 tx=0).stop
2023-12-11T20:06:11.645 INFO:teuthology.orchestra.run.smithi012.stdout:/usr/bin/ceph: stderr
2023-12-11T20:06:10.857+0000 7f71098d2700 1 -- 172.21.15.12:0/4069211949 >> 172.21.15.12:0/4069211949 conn(0x7f7104102250 msgr2=0x7f7104104690 unknown :-1 s=STATE_NONE l=0).mark_down
2023-12-11T20:06:11.645 INFO:teuthology.orchestra.run.smithi012.stdout:/usr/bin/ceph: stderr
2023-12-11T20:06:10.857+0000 7f71098d2700 1 -- 172.21.15.12:0/4069211949 shutdown_connections
2023-12-11T20:06:11.645 INFO:teuthology.orchestra.run.smithi012.stdout:/usr/bin/ceph: stderr
2023-12-11T20:06:10.857+0000 7f71098d2700 1 -- 172.21.15.12:0/4069211949 wait complete.
2023-12-11T20:06:11.645 INFO:teuthology.orchestra.run.smithi012.stdout:/usr/bin/ceph: stderr
2023-12-11T20:06:10.858+0000 7f71098d2700 1 Processor -- start
2023-12-11T20:06:11.645 INFO:teuthology.orchestra.run.smithi012.stdout:/usr/bin/ceph: stderr
2023-12-11T20:06:10.859+0000 7f71098d2700 1 -- start start
2023-12-11T20:06:11.645 INFO:teuthology.orchestra.run.smithi012.stdout:/usr/bin/ceph: stderr
2023-12-11T20:06:10.859+0000 7f71098d2700 1 --2- >> [v2:172.21.15.12:3300/0,v1:172.21.15.12:6789/0] conn(0x7f710407bd20 0x7f710419cbc0 unknown :-1 s=NONE pgs=0 cs=0 l=1 rev1=0 crypto rx=0 tx=0 comp rx=0 tx=0).connect
2023-12-11T20:06:11.645 INFO:teuthology.orchestra.run.smithi012.stdout:/usr/bin/ceph: stderr
2023-12-11T20:06:10.859+0000 7f71098d2700 1 -- --> [v2:172.21.15.12:3300/0,v1:172.21.15.12:6789/0] -- mon_getmap magic: 0 v1 -- 0x7f710419d100 con 0x7f710407bd20
2023-12-11T20:06:11.645 INFO:teuthology.orchestra.run.smithi012.stdout:/usr/bin/ceph: stderr
2023-12-11T20:06:10.859+0000 7f7102ffd700 1 --2- >> [v2:172.21.15.12:3300/0,v1:172.21.15.12:6789/0] conn(0x7f710407bd20 0x7f710419cbc0 unknown :-1 s=BANNER_CONNECTING pgs=0 cs=0 l=1 rev1=0 crypto rx=0 tx=0 comp rx=0 tx=0)._handle_peer_banner_payload supported=3 required=0
2023-12-11T20:06:11.646 INFO:teuthology.orchestra.run.smithi012.stdout:/usr/bin/ceph: stderr
2023-12-11T20:06:10.859+0000 7f7102ffd700 1 --2- >> [v2:172.21.15.12:3300/0,v1:172.21.15.12:6789/0] conn(0x7f710407bd20 0x7f710419cbc0 unknown :-1 s=HELLO_CONNECTING pgs=0 cs=0 l=1 rev1=1 crypto rx=0 tx=0 comp rx=0 tx=0).handle_hello peer v2:172.21.15.12:3300/0 says I am v2:172.21.15.12:59748/0 (socket says 172.21.15.12:59748)
2023-12-11T20:06:11.646 INFO:teuthology.orchestra.run.smithi012.stdout:/usr/bin/ceph: stderr
2023-12-11T20:06:10.859+0000 7f7102ffd700 1 -- 172.21.15.12:0/4112467960 learned_addr learned my addr 172.21.15.12:0/4112467960 (peer_addr_for_me v2:172.21.15.12:0/0)
2023-12-11T20:06:11.646 INFO:teuthology.orchestra.run.smithi012.stdout:/usr/bin/ceph: stderr
2023-12-11T20:06:10.859+0000 7f7102ffd700 1 -- 172.21.15.12:0/4112467960 --> [v2:172.21.15.12:3300/0,v1:172.21.15.12:6789/0] -- mon_subscribe({config=0+,monmap=0+}) v3 -- 0x7f70f4009550 con 0x7f710407bd20
2023-12-11T20:06:11.646 INFO:teuthology.orchestra.run.smithi012.stdout:/usr/bin/ceph: stderr
2023-12-11T20:06:10.860+0000 7f7102ffd700 1 --2- 172.21.15.12:0/4112467960 >> [v2:172.21.15.12:3300/0,v1:172.21.15.12:6789/0] conn(0x7f710407bd20 0x7f710419cbc0 secure :-1 s=READY pgs=75 cs=0 l=1 rev1=1 crypto rx=0x7f70f4003f70 tx=0x7f70f40119a0 comp rx=0 tx=0).ready entity=mon.0 client_cookie=0 server_cookie=0 in_seq=0 out_seq=0
2023-12-11T20:06:11.646 INFO:teuthology.orchestra.run.smithi012.stdout:/usr/bin/ceph: stderr
2023-12-11T20:06:10.860+0000 7f71088d0700 1 -- 172.21.15.12:0/4112467960 <== mon.0 v2:172.21.15.12:3300/0 1 ==== mon_map magic: 0 v1 ==== 205+0+0 (secure 0 0 0) 0x7f70f40036a0 con 0x7f710407bd20
2023-12-11T20:06:11.646 INFO:teuthology.orchestra.run.smithi012.stdout:/usr/bin/ceph: stderr
2023-12-11T20:06:10.860+0000 7f71088d0700 1 -- 172.21.15.12:0/4112467960 <== mon.0 v2:172.21.15.12:3300/0 2 ==== config(25 keys) v1 ==== 1067+0+0 (secure 0 0 0) 0x7f70f401b440 con 0x7f710407bd20
2023-12-11T20:06:11.646 INFO:teuthology.orchestra.run.smithi012.stdout:/usr/bin/ceph: stderr
2023-12-11T20:06:10.860+0000 7f71088d0700 1 -- 172.21.15.12:0/4112467960 <== mon.0 v2:172.21.15.12:3300/0 3 ==== mon_map magic: 0 v1 ==== 205+0+0 (secure 0 0 0) 0x7f70f4023400 con 0x7f710407bd20
2023-12-11T20:06:11.646 INFO:teuthology.orchestra.run.smithi012.stdout:/usr/bin/ceph: stderr
2023-12-11T20:06:10.860+0000 7f71098d2700 1 -- 172.21.15.12:0/4112467960 --> [v2:172.21.15.12:3300/0,v1:172.21.15.12:6789/0] -- mon_subscribe({mgrmap=0+}) v3 -- 0x7f710419d300 con 0x7f710407bd20
2023-12-11T20:06:11.646 INFO:teuthology.orchestra.run.smithi012.stdout:/usr/bin/ceph: stderr
2023-12-11T20:06:10.860+0000 7f71098d2700 1 -- 172.21.15.12:0/4112467960 --> [v2:172.21.15.12:3300/0,v1:172.21.15.12:6789/0] -- mon_subscribe({osdmap=0}) v3 -- 0x7f710419d7a0 con 0x7f710407bd20
2023-12-11T20:06:11.646 INFO:teuthology.orchestra.run.smithi012.stdout:/usr/bin/ceph: stderr
2023-12-11T20:06:10.861+0000 7f71088d0700 1 -- 172.21.15.12:0/4112467960 <== mon.0 v2:172.21.15.12:3300/0 4 ==== mgrmap(e 13) v1 ==== 45636+0+0 (secure 0 0 0) 0x7f70f401b5b0 con 0x7f710407bd20
2023-12-11T20:06:11.646 INFO:teuthology.orchestra.run.smithi012.stdout:/usr/bin/ceph: stderr
2023-12-11T20:06:10.861+0000 7f71098d2700 1 -- 172.21.15.12:0/4112467960 --> [v2:172.21.15.12:3300/0,v1:172.21.15.12:6789/0] -- mon_command({"prefix": "get_command_descriptions"} v 0) v1 -- 0x7f710410d070 con 0x7f710407bd20
2023-12-11T20:06:11.646 INFO:teuthology.orchestra.run.smithi012.stdout:/usr/bin/ceph: stderr
2023-12-11T20:06:10.862+0000 7f71088d0700 1 --2- 172.21.15.12:0/4112467960 >> [v2:172.21.15.12:6800/1969938581,v1:172.21.15.12:6801/1969938581] conn(0x7f70ec038910 0x7f70ec03add0 unknown :-1 s=NONE pgs=0 cs=0 l=1 rev1=0 crypto rx=0 tx=0 comp rx=0 tx=0).connect
2023-12-11T20:06:11.646 INFO:teuthology.orchestra.run.smithi012.stdout:/usr/bin/ceph: stderr
2023-12-11T20:06:10.862+0000 7f71088d0700 1 -- 172.21.15.12:0/4112467960 <== mon.0 v2:172.21.15.12:3300/0 5 ==== osd_map(3..3 src has 1..3) v4 ==== 1155+0+0 (secure 0 0 0) 0x7f70f404c9a0 con 0x7f710407bd20
2023-12-11T20:06:11.646 INFO:teuthology.orchestra.run.smithi012.stdout:/usr/bin/ceph: stderr
2023-12-11T20:06:10.862+0000 7f71027fc700 1 --2- 172.21.15.12:0/4112467960 >> [v2:172.21.15.12:6800/1969938581,v1:172.21.15.12:6801/1969938581] conn(0x7f70ec038910 0x7f70ec03add0 unknown :-1 s=BANNER_CONNECTING pgs=0 cs=0 l=1 rev1=0 crypto rx=0 tx=0 comp rx=0 tx=0)._handle_peer_banner_payload supported=3 required=0
2023-12-11T20:06:11.647 INFO:teuthology.orchestra.run.smithi012.stdout:/usr/bin/ceph: stderr
2023-12-11T20:06:10.863+0000 7f71027fc700 1 --2- 172.21.15.12:0/4112467960 >> [v2:172.21.15.12:6800/1969938581,v1:172.21.15.12:6801/1969938581] conn(0x7f70ec038910 0x7f70ec03add0 secure :-1 s=READY pgs=11 cs=0 l=1 rev1=1 crypto rx=0x7f70f8006fd0 tx=0x7f70f8006e40 comp rx=0 tx=0).ready entity=mgr.14148 client_cookie=0 server_cookie=0 in_seq=0 out_seq=0
2023-12-11T20:06:11.647 INFO:teuthology.orchestra.run.smithi012.stdout:/usr/bin/ceph: stderr
2023-12-11T20:06:10.867+0000 7f71088d0700 1 -- 172.21.15.12:0/4112467960 <== mon.0 v2:172.21.15.12:3300/0 6 ==== mon_command_ack([{"prefix": "get_command_descriptions"}]=0 v0) v1 ==== 72+0+180949 (secure 0 0 0) 0x7f70f400bc10 con 0x7f710407bd20
2023-12-11T20:06:11.647 INFO:teuthology.orchestra.run.smithi012.stdout:/usr/bin/ceph: stderr
2023-12-11T20:06:11.194+0000 7f71098d2700 1 -- 172.21.15.12:0/4112467960 --> [v2:172.21.15.12:3300/0,v1:172.21.15.12:6789/0] -- mon_command([{prefix=config-key set, key=mgr/dashboard/cluster/status}] v 0) v1 -- 0x7f710419ffe0 con 0x7f710407bd20
2023-12-11T20:06:11.647 INFO:teuthology.orchestra.run.smithi012.stdout:/usr/bin/ceph: stderr
2023-12-11T20:06:11.197+0000 7f71088d0700 1 -- 172.21.15.12:0/4112467960 <== mon.0 v2:172.21.15.12:3300/0 7 ==== mon_command_ack([{prefix=config-key set, key=mgr/dashboard/cluster/status}]=0 set mgr/dashboard/cluster/status v27)=0 set mgr/dashboard/cluster/status v27) v1 ==== 153+0+0 (secure 0 0 0) 0x7f70f400b3e0 con 0x7f710407bd20
2023-12-11T20:06:11.647 INFO:teuthology.orchestra.run.smithi012.stdout:/usr/bin/ceph: stderr
2023-12-11T20:06:11.199+0000 7f71098d2700 1 -- 172.21.15.12:0/4112467960 >> [v2:172.21.15.12:6800/1969938581,v1:172.21.15.12:6801/1969938581] conn(0x7f70ec038910 msgr2=0x7f70ec03add0 secure :-1 s=STATE_CONNECTION_ESTABLISHED l=1).mark_down
2023-12-11T20:06:11.647 INFO:teuthology.orchestra.run.smithi012.stdout:/usr/bin/ceph: stderr
2023-12-11T20:06:11.199+0000 7f71098d2700 1 --2- 172.21.15.12:0/4112467960 >> [v2:172.21.15.12:6800/1969938581,v1:172.21.15.12:6801/1969938581] conn(0x7f70ec038910 0x7f70ec03add0 secure :-1 s=READY pgs=11 cs=0 l=1 rev1=1 crypto rx=0x7f70f8006fd0 tx=0x7f70f8006e40 comp rx=0 tx=0).stop
2023-12-11T20:06:11.647 INFO:teuthology.orchestra.run.smithi012.stdout:/usr/bin/ceph: stderr
2023-12-11T20:06:11.199+0000 7f71098d2700 1 -- 172.21.15.12:0/4112467960 >> [v2:172.21.15.12:3300/0,v1:172.21.15.12:6789/0] conn(0x7f710407bd20 msgr2=0x7f710419cbc0 secure :-1 s=STATE_CONNECTION_ESTABLISHED l=1).mark_down
2023-12-11T20:06:11.647 INFO:teuthology.orchestra.run.smithi012.stdout:/usr/bin/ceph: stderr
2023-12-11T20:06:11.199+0000 7f71098d2700 1 --2- 172.21.15.12:0/4112467960 >> [v2:172.21.15.12:3300/0,v1:172.21.15.12:6789/0] conn(0x7f710407bd20 0x7f710419cbc0 secure :-1 s=READY pgs=75 cs=0 l=1 rev1=1 crypto rx=0x7f70f4003f70 tx=0x7f70f40119a0 comp rx=0 tx=0).stop
2023-12-11T20:06:11.647 INFO:teuthology.orchestra.run.smithi012.stdout:/usr/bin/ceph: stderr
2023-12-11T20:06:11.199+0000 7f71098d2700 1 -- 172.21.15.12:0/4112467960 shutdown_connections
2023-12-11T20:06:11.647 INFO:teuthology.orchestra.run.smithi012.stdout:/usr/bin/ceph: stderr
2023-12-11T20:06:11.199+0000 7f71098d2700 1 --2- 172.21.15.12:0/4112467960 >> [v2:172.21.15.12:6800/1969938581,v1:172.21.15.12:6801/1969938581] conn(0x7f70ec038910 0x7f70ec03add0 unknown :-1 s=CLOSED pgs=11 cs=0 l=1 rev1=1 crypto rx=0 tx=0 comp rx=0 tx=0).stop
2023-12-11T20:06:11.647 INFO:teuthology.orchestra.run.smithi012.stdout:/usr/bin/ceph: stderr
2023-12-11T20:06:11.199+0000 7f71098d2700 1 --2- 172.21.15.12:0/4112467960 >> [v2:172.21.15.12:3300/0,v1:172.21.15.12:6789/0] conn(0x7f710407bd20 0x7f710419cbc0 unknown :-1 s=CLOSED pgs=75 cs=0 l=1 rev1=1 crypto rx=0 tx=0 comp rx=0 tx=0).stop
2023-12-11T20:06:11.647 INFO:teuthology.orchestra.run.smithi012.stdout:/usr/bin/ceph: stderr
2023-12-11T20:06:11.199+0000 7f71098d2700 1 -- 172.21.15.12:0/4112467960 >> 172.21.15.12:0/4112467960 conn(0x7f7104102250 msgr2=0x7f7104102e00 unknown :-1 s=STATE_NONE l=0).mark_down
2023-12-11T20:06:11.647 INFO:teuthology.orchestra.run.smithi012.stdout:/usr/bin/ceph: stderr
2023-12-11T20:06:11.199+0000 7f71098d2700 1 -- 172.21.15.12:0/4112467960 shutdown_connections
2023-12-11T20:06:11.647 INFO:teuthology.orchestra.run.smithi012.stdout:/usr/bin/ceph: stderr
2023-12-11T20:06:11.199+0000 7f71098d2700 1 -- 172.21.15.12:0/4112467960 wait complete.
2023-12-11T20:06:11.648 INFO:teuthology.orchestra.run.smithi012.stdout:/usr/bin/ceph: stderr set mgr/dashboard/cluster/status
2023-12-11T20:06:11.648 INFO:teuthology.orchestra.run.smithi012.stdout:You can access the Ceph CLI as following in case of multi-cluster or non-default config:
2023-12-11T20:06:11.648 INFO:teuthology.orchestra.run.smithi012.stdout:
2023-12-11T20:06:11.648 INFO:teuthology.orchestra.run.smithi012.stdout: sudo /home/ubuntu/cephtest/cephadm shell --fsid 732461f0-9860-11ee-95a3-87774f69a715 -c /etc/ceph/ceph.conf -k /etc/ceph/ceph.client.admin.keyring
2023-12-11T20:06:11.648 INFO:teuthology.orchestra.run.smithi012.stdout:
2023-12-11T20:06:11.648 INFO:teuthology.orchestra.run.smithi012.stdout:Or, if you are only running a single cluster on this host:
2023-12-11T20:06:11.648 INFO:teuthology.orchestra.run.smithi012.stdout:
2023-12-11T20:06:11.648 INFO:teuthology.orchestra.run.smithi012.stdout: sudo /home/ubuntu/cephtest/cephadm shell
2023-12-11T20:06:11.648 INFO:teuthology.orchestra.run.smithi012.stdout:
2023-12-11T20:06:11.648 INFO:teuthology.orchestra.run.smithi012.stdout:Please consider enabling telemetry to help improve Ceph:
2023-12-11T20:06:11.648 INFO:teuthology.orchestra.run.smithi012.stdout:
2023-12-11T20:06:11.648 INFO:teuthology.orchestra.run.smithi012.stdout: ceph telemetry on
2023-12-11T20:06:11.648 INFO:teuthology.orchestra.run.smithi012.stdout:
2023-12-11T20:06:11.648 INFO:teuthology.orchestra.run.smithi012.stdout:For more information see:
2023-12-11T20:06:11.648 INFO:teuthology.orchestra.run.smithi012.stdout:
2023-12-11T20:06:11.648 INFO:teuthology.orchestra.run.smithi012.stdout: https://docs.ceph.com/en/latest/mgr/telemetry/
2023-12-11T20:06:11.649 INFO:teuthology.orchestra.run.smithi012.stdout:
2023-12-11T20:06:11.649 INFO:teuthology.orchestra.run.smithi012.stdout:Bootstrap complete.
2023-12-11T20:06:11.706 INFO:tasks.cephadm:Fetching config...
2023-12-11T20:06:11.707 DEBUG:teuthology.orchestra.run.smithi012:> set -ex
2023-12-11T20:06:11.707 DEBUG:teuthology.orchestra.run.smithi012:> dd if=/etc/ceph/ceph.conf of=/dev/stdout
2023-12-11T20:06:11.750 INFO:tasks.cephadm:Fetching client.admin keyring...
2023-12-11T20:06:11.750 DEBUG:teuthology.orchestra.run.smithi012:> set -ex
2023-12-11T20:06:11.750 DEBUG:teuthology.orchestra.run.smithi012:> dd if=/etc/ceph/ceph.client.admin.keyring of=/dev/stdout
2023-12-11T20:06:11.834 INFO:tasks.cephadm:Fetching mon keyring...
