2023-12-17T11:49:33.422+0000 7ff617b6c700 1 -- 172.21.15.143:0/2869155976 >> 172.21.15.143:0/2869155976 conn(0x7ff6100fda50 msgr2=0x7ff6100ffe60 unknown :-1 s=STATE_NONE l=0).mark_down
2023-12-17T11:49:34.051 INFO:teuthology.orchestra.run.smithi143.stdout:/usr/bin/ceph: stderr
2023-12-17T11:49:33.422+0000 7ff617b6c700 1 -- 172.21.15.143:0/2869155976 shutdown_connections
2023-12-17T11:49:34.051 INFO:teuthology.orchestra.run.smithi143.stdout:/usr/bin/ceph: stderr
2023-12-17T11:49:33.422+0000 7ff617b6c700 1 -- 172.21.15.143:0/2869155976 wait complete.
2023-12-17T11:49:34.051 INFO:teuthology.orchestra.run.smithi143.stdout:/usr/bin/ceph: stderr
2023-12-17T11:49:33.423+0000 7ff617b6c700 1 Processor -- start
2023-12-17T11:49:34.051 INFO:teuthology.orchestra.run.smithi143.stdout:/usr/bin/ceph: stderr
2023-12-17T11:49:33.423+0000 7ff617b6c700 1 -- start start
2023-12-17T11:49:34.051 INFO:teuthology.orchestra.run.smithi143.stdout:/usr/bin/ceph: stderr
2023-12-17T11:49:33.424+0000 7ff617b6c700 1 --2- >> [v2:172.21.15.143:3300/0,v1:172.21.15.143:6789/0] conn(0x7ff610077bb0 0x7ff6101133d0 unknown :-1 s=NONE pgs=0 cs=0 l=1 rev1=0 crypto rx=0 tx=0 comp rx=0 tx=0).connect
2023-12-17T11:49:34.051 INFO:teuthology.orchestra.run.smithi143.stdout:/usr/bin/ceph: stderr
2023-12-17T11:49:33.424+0000 7ff617b6c700 1 -- --> [v2:172.21.15.143:3300/0,v1:172.21.15.143:6789/0] -- mon_getmap magic: 0 v1 -- 0x7ff610113910 con 0x7ff610077bb0
2023-12-17T11:49:34.051 INFO:teuthology.orchestra.run.smithi143.stdout:/usr/bin/ceph: stderr
2023-12-17T11:49:33.424+0000 7ff615908700 1 --2- >> [v2:172.21.15.143:3300/0,v1:172.21.15.143:6789/0] conn(0x7ff610077bb0 0x7ff6101133d0 unknown :-1 s=BANNER_CONNECTING pgs=0 cs=0 l=1 rev1=0 crypto rx=0 tx=0 comp rx=0 tx=0)._handle_peer_banner_payload supported=3 required=0
2023-12-17T11:49:34.051 INFO:teuthology.orchestra.run.smithi143.stdout:/usr/bin/ceph: stderr
2023-12-17T11:49:33.424+0000 7ff615908700 1 --2- >> [v2:172.21.15.143:3300/0,v1:172.21.15.143:6789/0] conn(0x7ff610077bb0 0x7ff6101133d0 unknown :-1 s=HELLO_CONNECTING pgs=0 cs=0 l=1 rev1=1 crypto rx=0 tx=0 comp rx=0 tx=0).handle_hello peer v2:172.21.15.143:3300/0 says I am v2:172.21.15.143:36596/0 (socket says 172.21.15.143:36596)
2023-12-17T11:49:34.051 INFO:teuthology.orchestra.run.smithi143.stdout:/usr/bin/ceph: stderr
2023-12-17T11:49:33.424+0000 7ff615908700 1 -- 172.21.15.143:0/3020369298 learned_addr learned my addr 172.21.15.143:0/3020369298 (peer_addr_for_me v2:172.21.15.143:0/0)
2023-12-17T11:49:34.051 INFO:teuthology.orchestra.run.smithi143.stdout:/usr/bin/ceph: stderr
2023-12-17T11:49:33.424+0000 7ff615908700 1 -- 172.21.15.143:0/3020369298 --> [v2:172.21.15.143:3300/0,v1:172.21.15.143:6789/0] -- mon_subscribe({config=0+,monmap=0+}) v3 -- 0x7ff60c0094f0 con 0x7ff610077bb0
2023-12-17T11:49:34.051 INFO:teuthology.orchestra.run.smithi143.stdout:/usr/bin/ceph: stderr
2023-12-17T11:49:33.424+0000 7ff615908700 1 --2- 172.21.15.143:0/3020369298 >> [v2:172.21.15.143:3300/0,v1:172.21.15.143:6789/0] conn(0x7ff610077bb0 0x7ff6101133d0 secure :-1 s=READY pgs=81 cs=0 l=1 rev1=1 crypto rx=0x7ff60c006d40 tx=0x7ff60c009250 comp rx=0 tx=0).ready entity=mon.0 client_cookie=0 server_cookie=0 in_seq=0 out_seq=0
2023-12-17T11:49:34.051 INFO:teuthology.orchestra.run.smithi143.stdout:/usr/bin/ceph: stderr
2023-12-17T11:49:33.425+0000 7ff6067fc700 1 -- 172.21.15.143:0/3020369298 <== mon.0 v2:172.21.15.143:3300/0 1 ==== mon_map magic: 0 v1 ==== 229+0+0 (secure 0 0 0) 0x7ff60c010960 con 0x7ff610077bb0
2023-12-17T11:49:34.051 INFO:teuthology.orchestra.run.smithi143.stdout:/usr/bin/ceph: stderr
2023-12-17T11:49:33.425+0000 7ff6067fc700 1 -- 172.21.15.143:0/3020369298 <== mon.0 v2:172.21.15.143:3300/0 2 ==== config(26 keys) v1 ==== 1074+0+0 (secure 0 0 0) 0x7ff60c01a430 con 0x7ff610077bb0
2023-12-17T11:49:34.052 INFO:teuthology.orchestra.run.smithi143.stdout:/usr/bin/ceph: stderr
2023-12-17T11:49:33.425+0000 7ff6067fc700 1 -- 172.21.15.143:0/3020369298 <== mon.0 v2:172.21.15.143:3300/0 3 ==== mon_map magic: 0 v1 ==== 229+0+0 (secure 0 0 0) 0x7ff60c0245b0 con 0x7ff610077bb0
2023-12-17T11:49:34.052 INFO:teuthology.orchestra.run.smithi143.stdout:/usr/bin/ceph: stderr
2023-12-17T11:49:33.425+0000 7ff617b6c700 1 -- 172.21.15.143:0/3020369298 --> [v2:172.21.15.143:3300/0,v1:172.21.15.143:6789/0] -- mon_subscribe({mgrmap=0+}) v3 -- 0x7ff610113b10 con 0x7ff610077bb0
2023-12-17T11:49:34.052 INFO:teuthology.orchestra.run.smithi143.stdout:/usr/bin/ceph: stderr
2023-12-17T11:49:33.425+0000 7ff617b6c700 1 -- 172.21.15.143:0/3020369298 --> [v2:172.21.15.143:3300/0,v1:172.21.15.143:6789/0] -- mon_subscribe({osdmap=0}) v3 -- 0x7ff610113f20 con 0x7ff610077bb0
2023-12-17T11:49:34.052 INFO:teuthology.orchestra.run.smithi143.stdout:/usr/bin/ceph: stderr
2023-12-17T11:49:33.426+0000 7ff6067fc700 1 -- 172.21.15.143:0/3020369298 <== mon.0 v2:172.21.15.143:3300/0 4 ==== mgrmap(e 11) v1 ==== 43188+0+0 (secure 0 0 0) 0x7ff60c01a9f0 con 0x7ff610077bb0
2023-12-17T11:49:34.052 INFO:teuthology.orchestra.run.smithi143.stdout:/usr/bin/ceph: stderr
2023-12-17T11:49:33.426+0000 7ff617b6c700 1 -- 172.21.15.143:0/3020369298 --> [v2:172.21.15.143:3300/0,v1:172.21.15.143:6789/0] -- mon_command({"prefix": "get_command_descriptions"} v 0) v1 -- 0x7ff61004bb80 con 0x7ff610077bb0
2023-12-17T11:49:34.052 INFO:teuthology.orchestra.run.smithi143.stdout:/usr/bin/ceph: stderr
2023-12-17T11:49:33.426+0000 7ff6067fc700 1 --2- 172.21.15.143:0/3020369298 >> [v2:172.21.15.143:6800/2670256999,v1:172.21.15.143:6801/2670256999] conn(0x7ff5fc036570 0x7ff5fc038a20 unknown :-1 s=NONE pgs=0 cs=0 l=1 rev1=0 crypto rx=0 tx=0 comp rx=0 tx=0).connect
2023-12-17T11:49:34.052 INFO:teuthology.orchestra.run.smithi143.stdout:/usr/bin/ceph: stderr
2023-12-17T11:49:33.426+0000 7ff6067fc700 1 -- 172.21.15.143:0/3020369298 <== mon.0 v2:172.21.15.143:3300/0 5 ==== osd_map(3..3 src has 1..3) v4 ==== 1151+0+0 (secure 0 0 0) 0x7ff60c04a100 con 0x7ff610077bb0
2023-12-17T11:49:34.052 INFO:teuthology.orchestra.run.smithi143.stdout:/usr/bin/ceph: stderr
2023-12-17T11:49:33.427+0000 7ff615107700 1 --2- 172.21.15.143:0/3020369298 >> [v2:172.21.15.143:6800/2670256999,v1:172.21.15.143:6801/2670256999] conn(0x7ff5fc036570 0x7ff5fc038a20 unknown :-1 s=BANNER_CONNECTING pgs=0 cs=0 l=1 rev1=0 crypto rx=0 tx=0 comp rx=0 tx=0)._handle_peer_banner_payload supported=3 required=0
2023-12-17T11:49:34.052 INFO:teuthology.orchestra.run.smithi143.stdout:/usr/bin/ceph: stderr
2023-12-17T11:49:33.427+0000 7ff615107700 1 --2- 172.21.15.143:0/3020369298 >> [v2:172.21.15.143:6800/2670256999,v1:172.21.15.143:6801/2670256999] conn(0x7ff5fc036570 0x7ff5fc038a20 secure :-1 s=READY pgs=7 cs=0 l=1 rev1=1 crypto rx=0x7ff600009990 tx=0x7ff600006e40 comp rx=0 tx=0).ready entity=mgr.14162 client_cookie=0 server_cookie=0 in_seq=0 out_seq=0
2023-12-17T11:49:34.052 INFO:teuthology.orchestra.run.smithi143.stdout:/usr/bin/ceph: stderr
2023-12-17T11:49:33.432+0000 7ff6067fc700 1 -- 172.21.15.143:0/3020369298 <== mon.0 v2:172.21.15.143:3300/0 6 ==== mon_command_ack([{"prefix": "get_command_descriptions"}]=0 v0) v1 ==== 72+0+174570 (secure 0 0 0) 0x7ff60c02b8c0 con 0x7ff610077bb0
2023-12-17T11:49:34.052 INFO:teuthology.orchestra.run.smithi143.stdout:/usr/bin/ceph: stderr
2023-12-17T11:49:33.639+0000 7ff617b6c700 1 -- 172.21.15.143:0/3020369298 --> [v2:172.21.15.143:6800/2670256999,v1:172.21.15.143:6801/2670256999] -- mgr_command(tid 0: {"prefix": "dashboard create-self-signed-cert", "target": ["mon-mgr", ""]}) v1 -- 0x7ff61010d200 con 0x7ff5fc036570
2023-12-17T11:49:34.052 INFO:teuthology.orchestra.run.smithi143.stdout:/usr/bin/ceph: stderr
2023-12-17T11:49:33.719+0000 7ff6067fc700 1 -- 172.21.15.143:0/3020369298 <== mgr.14162 v2:172.21.15.143:6800/2670256999 1 ==== mgr_command_reply(tid 0: 0 ) v1 ==== 8+0+32 (secure 0 0 0) 0x7ff61010d200 con 0x7ff5fc036570
2023-12-17T11:49:34.053 INFO:teuthology.orchestra.run.smithi143.stdout:/usr/bin/ceph: stderr
2023-12-17T11:49:33.721+0000 7ff617b6c700 1 -- 172.21.15.143:0/3020369298 >> [v2:172.21.15.143:6800/2670256999,v1:172.21.15.143:6801/2670256999] conn(0x7ff5fc036570 msgr2=0x7ff5fc038a20 secure :-1 s=STATE_CONNECTION_ESTABLISHED l=1).mark_down
2023-12-17T11:49:34.053 INFO:teuthology.orchestra.run.smithi143.stdout:/usr/bin/ceph: stderr
2023-12-17T11:49:33.721+0000 7ff617b6c700 1 --2- 172.21.15.143:0/3020369298 >> [v2:172.21.15.143:6800/2670256999,v1:172.21.15.143:6801/2670256999] conn(0x7ff5fc036570 0x7ff5fc038a20 secure :-1 s=READY pgs=7 cs=0 l=1 rev1=1 crypto rx=0x7ff600009990 tx=0x7ff600006e40 comp rx=0 tx=0).stop
2023-12-17T11:49:34.053 INFO:teuthology.orchestra.run.smithi143.stdout:/usr/bin/ceph: stderr
2023-12-17T11:49:33.721+0000 7ff617b6c700 1 -- 172.21.15.143:0/3020369298 >> [v2:172.21.15.143:3300/0,v1:172.21.15.143:6789/0] conn(0x7ff610077bb0 msgr2=0x7ff6101133d0 secure :-1 s=STATE_CONNECTION_ESTABLISHED l=1).mark_down
2023-12-17T11:49:34.053 INFO:teuthology.orchestra.run.smithi143.stdout:/usr/bin/ceph: stderr
2023-12-17T11:49:33.721+0000 7ff617b6c700 1 --2- 172.21.15.143:0/3020369298 >> [v2:172.21.15.143:3300/0,v1:172.21.15.143:6789/0] conn(0x7ff610077bb0 0x7ff6101133d0 secure :-1 s=READY pgs=81 cs=0 l=1 rev1=1 crypto rx=0x7ff60c006d40 tx=0x7ff60c009250 comp rx=0 tx=0).stop
2023-12-17T11:49:34.053 INFO:teuthology.orchestra.run.smithi143.stdout:/usr/bin/ceph: stderr
2023-12-17T11:49:33.721+0000 7ff617b6c700 1 -- 172.21.15.143:0/3020369298 shutdown_connections
2023-12-17T11:49:34.053 INFO:teuthology.orchestra.run.smithi143.stdout:/usr/bin/ceph: stderr
2023-12-17T11:49:33.721+0000 7ff617b6c700 1 --2- 172.21.15.143:0/3020369298 >> [v2:172.21.15.143:6800/2670256999,v1:172.21.15.143:6801/2670256999] conn(0x7ff5fc036570 0x7ff5fc038a20 unknown :-1 s=CLOSED pgs=7 cs=0 l=1 rev1=1 crypto rx=0 tx=0 comp rx=0 tx=0).stop
2023-12-17T11:49:34.053 INFO:teuthology.orchestra.run.smithi143.stdout:/usr/bin/ceph: stderr
2023-12-17T11:49:33.721+0000 7ff617b6c700 1 --2- 172.21.15.143:0/3020369298 >> [v2:172.21.15.143:3300/0,v1:172.21.15.143:6789/0] conn(0x7ff610077bb0 0x7ff6101133d0 unknown :-1 s=CLOSED pgs=81 cs=0 l=1 rev1=1 crypto rx=0 tx=0 comp rx=0 tx=0).stop
2023-12-17T11:49:34.053 INFO:teuthology.orchestra.run.smithi143.stdout:/usr/bin/ceph: stderr
2023-12-17T11:49:33.721+0000 7ff617b6c700 1 -- 172.21.15.143:0/3020369298 >> 172.21.15.143:0/3020369298 conn(0x7ff6100fda50 msgr2=0x7ff6100ffe50 unknown :-1 s=STATE_NONE l=0).mark_down
2023-12-17T11:49:34.053 INFO:teuthology.orchestra.run.smithi143.stdout:/usr/bin/ceph: stderr
2023-12-17T11:49:33.721+0000 7ff617b6c700 1 -- 172.21.15.143:0/3020369298 shutdown_connections
2023-12-17T11:49:34.053 INFO:teuthology.orchestra.run.smithi143.stdout:/usr/bin/ceph: stderr
2023-12-17T11:49:33.721+0000 7ff617b6c700 1 -- 172.21.15.143:0/3020369298 wait complete.
2023-12-17T11:49:34.053 INFO:teuthology.orchestra.run.smithi143.stdout:Creating initial admin user...
2023-12-17T11:49:35.298 INFO:journalctl@ceph.mon.smithi143.smithi143.stdout:Dec 17 11:49:34 smithi143 ceph-mon[107115]: from='client.14174 -' entity='client.admin' cmd=[{"prefix": "dashboard create-self-signed-cert", "target": ["mon-mgr", ""]}]: dispatch
2023-12-17T11:49:35.298 INFO:journalctl@ceph.mon.smithi143.smithi143.stdout:Dec 17 11:49:34 smithi143 ceph-mon[107115]: mgrmap e12: smithi143.rxaqqt(active, since 2s)
2023-12-17T11:49:35.298 INFO:journalctl@ceph.mon.smithi143.smithi143.stdout:Dec 17 11:49:34 smithi143 ceph-mon[107115]: from='mgr.14162 172.21.15.143:0/2044683238' entity='mgr.smithi143.rxaqqt'
2023-12-17T11:49:35.299 INFO:journalctl@ceph.mon.smithi143.smithi143.stdout:Dec 17 11:49:34 smithi143 ceph-mon[107115]: from='mgr.14162 172.21.15.143:0/2044683238' entity='mgr.smithi143.rxaqqt'
2023-12-17T11:49:35.448 INFO:teuthology.orchestra.run.smithi143.stdout:/usr/bin/ceph: stdout {"username": "admin", "password": "$2b$12$dCwHmmJ8boDnsYH.BELiOuF9MFsxsk32etRMg91D9X.K5mqWLawX6", "roles": ["administrator"], "name": null, "email": null, "lastUpdate": 1702813774, "enabled": true, "pwdExpirationDate": null, "pwdUpdateRequired": true}
2023-12-17T11:49:35.448 INFO:teuthology.orchestra.run.smithi143.stdout:/usr/bin/ceph: stderr
2023-12-17T11:49:34.482+0000 7fee044b4700 1 Processor -- start
2023-12-17T11:49:35.448 INFO:teuthology.orchestra.run.smithi143.stdout:/usr/bin/ceph: stderr
2023-12-17T11:49:34.482+0000 7fee044b4700 1 -- start start
2023-12-17T11:49:35.448 INFO:teuthology.orchestra.run.smithi143.stdout:/usr/bin/ceph: stderr
2023-12-17T11:49:34.483+0000 7fee044b4700 1 --2- >> [v2:172.21.15.143:3300/0,v1:172.21.15.143:6789/0] conn(0x7fedfc077bf0 0x7fedfc076100 unknown :-1 s=NONE pgs=0 cs=0 l=0 rev1=0 crypto rx=0 tx=0 comp rx=0 tx=0).connect
2023-12-17T11:49:35.448 INFO:teuthology.orchestra.run.smithi143.stdout:/usr/bin/ceph: stderr
2023-12-17T11:49:34.483+0000 7fee044b4700 1 -- --> [v2:172.21.15.143:3300/0,v1:172.21.15.143:6789/0] -- mon_getmap magic: 0 v1 -- 0x7fedfc078000 con 0x7fedfc077bf0
2023-12-17T11:49:35.449 INFO:teuthology.orchestra.run.smithi143.stdout:/usr/bin/ceph: stderr
2023-12-17T11:49:34.483+0000 7fee02250700 1 --2- >> [v2:172.21.15.143:3300/0,v1:172.21.15.143:6789/0] conn(0x7fedfc077bf0 0x7fedfc076100 unknown :-1 s=BANNER_CONNECTING pgs=0 cs=0 l=0 rev1=0 crypto rx=0 tx=0 comp rx=0 tx=0)._handle_peer_banner_payload supported=3 required=0
2023-12-17T11:49:35.449 INFO:teuthology.orchestra.run.smithi143.stdout:/usr/bin/ceph: stderr
2023-12-17T11:49:34.483+0000 7fee02250700 1 --2- >> [v2:172.21.15.143:3300/0,v1:172.21.15.143:6789/0] conn(0x7fedfc077bf0 0x7fedfc076100 unknown :-1 s=HELLO_CONNECTING pgs=0 cs=0 l=0 rev1=1 crypto rx=0 tx=0 comp rx=0 tx=0).handle_hello peer v2:172.21.15.143:3300/0 says I am v2:172.21.15.143:36602/0 (socket says 172.21.15.143:36602)
2023-12-17T11:49:35.449 INFO:teuthology.orchestra.run.smithi143.stdout:/usr/bin/ceph: stderr
2023-12-17T11:49:34.483+0000 7fee02250700 1 -- 172.21.15.143:0/3419860457 learned_addr learned my addr 172.21.15.143:0/3419860457 (peer_addr_for_me v2:172.21.15.143:0/0)
2023-12-17T11:49:35.449 INFO:teuthology.orchestra.run.smithi143.stdout:/usr/bin/ceph: stderr
2023-12-17T11:49:34.484+0000 7fee02250700 1 -- 172.21.15.143:0/3419860457 --> [v2:172.21.15.143:3300/0,v1:172.21.15.143:6789/0] -- mon_subscribe({config=0+,monmap=0+}) v3 -- 0x7fedfc076640 con 0x7fedfc077bf0
2023-12-17T11:49:35.449 INFO:teuthology.orchestra.run.smithi143.stdout:/usr/bin/ceph: stderr
2023-12-17T11:49:34.484+0000 7fee02250700 1 --2- 172.21.15.143:0/3419860457 >> [v2:172.21.15.143:3300/0,v1:172.21.15.143:6789/0] conn(0x7fedfc077bf0 0x7fedfc076100 secure :-1 s=READY pgs=82 cs=0 l=1 rev1=1 crypto rx=0x7fedf80098e0 tx=0x7fedf8009250 comp rx=0 tx=0).ready entity=mon.0 client_cookie=7aabb3ccd2a5a655 server_cookie=0 in_seq=0 out_seq=0
2023-12-17T11:49:35.449 INFO:teuthology.orchestra.run.smithi143.stdout:/usr/bin/ceph: stderr
2023-12-17T11:49:34.484+0000 7fee0124e700 1 -- 172.21.15.143:0/3419860457 <== mon.0 v2:172.21.15.143:3300/0 1 ==== mon_map magic: 0 v1 ==== 229+0+0 (secure 0 0 0) 0x7fedf800b860 con 0x7fedfc077bf0
2023-12-17T11:49:35.449 INFO:teuthology.orchestra.run.smithi143.stdout:/usr/bin/ceph: stderr
2023-12-17T11:49:34.484+0000 7fee0124e700 1 -- 172.21.15.143:0/3419860457 <== mon.0 v2:172.21.15.143:3300/0 2 ==== config(26 keys) v1 ==== 1074+0+0 (secure 0 0 0) 0x7fedf800be70 con 0x7fedfc077bf0
2023-12-17T11:49:35.449 INFO:teuthology.orchestra.run.smithi143.stdout:/usr/bin/ceph: stderr
2023-12-17T11:49:34.484+0000 7fee0124e700 1 -- 172.21.15.143:0/3419860457 <== mon.0 v2:172.21.15.143:3300/0 3 ==== mon_map magic: 0 v1 ==== 229+0+0 (secure 0 0 0) 0x7fedf8010380 con 0x7fedfc077bf0
2023-12-17T11:49:35.449 INFO:teuthology.orchestra.run.smithi143.stdout:/usr/bin/ceph: stderr
2023-12-17T11:49:34.485+0000 7fee044b4700 1 -- 172.21.15.143:0/3419860457 >> [v2:172.21.15.143:3300/0,v1:172.21.15.143:6789/0] conn(0x7fedfc077bf0 msgr2=0x7fedfc076100 secure :-1 s=STATE_CONNECTION_ESTABLISHED l=1).mark_down
2023-12-17T11:49:35.449 INFO:teuthology.orchestra.run.smithi143.stdout:/usr/bin/ceph: stderr
2023-12-17T11:49:34.485+0000 7fee044b4700 1 --2- 172.21.15.143:0/3419860457 >> [v2:172.21.15.143:3300/0,v1:172.21.15.143:6789/0] conn(0x7fedfc077bf0 0x7fedfc076100 secure :-1 s=READY pgs=82 cs=0 l=1 rev1=1 crypto rx=0x7fedf80098e0 tx=0x7fedf8009250 comp rx=0 tx=0).stop
2023-12-17T11:49:35.449 INFO:teuthology.orchestra.run.smithi143.stdout:/usr/bin/ceph: stderr
2023-12-17T11:49:34.485+0000 7fee044b4700 1 -- 172.21.15.143:0/3419860457 shutdown_connections
2023-12-17T11:49:35.449 INFO:teuthology.orchestra.run.smithi143.stdout:/usr/bin/ceph: stderr
2023-12-17T11:49:34.485+0000 7fee044b4700 1 --2- 172.21.15.143:0/3419860457 >> [v2:172.21.15.143:3300/0,v1:172.21.15.143:6789/0] conn(0x7fedfc077bf0 0x7fedfc076100 unknown :-1 s=CLOSED pgs=82 cs=0 l=1 rev1=1 crypto rx=0 tx=0 comp rx=0 tx=0).stop
2023-12-17T11:49:35.449 INFO:teuthology.orchestra.run.smithi143.stdout:/usr/bin/ceph: stderr
2023-12-17T11:49:34.485+0000 7fee044b4700 1 -- 172.21.15.143:0/3419860457 >> 172.21.15.143:0/3419860457 conn(0x7fedfc0fda50 msgr2=0x7fedfc0ffe60 unknown :-1 s=STATE_NONE l=0).mark_down
2023-12-17T11:49:35.449 INFO:teuthology.orchestra.run.smithi143.stdout:/usr/bin/ceph: stderr
2023-12-17T11:49:34.485+0000 7fee044b4700 1 -- 172.21.15.143:0/3419860457 shutdown_connections
2023-12-17T11:49:35.450 INFO:teuthology.orchestra.run.smithi143.stdout:/usr/bin/ceph: stderr
2023-12-17T11:49:34.485+0000 7fee044b4700 1 -- 172.21.15.143:0/3419860457 wait complete.
2023-12-17T11:49:35.450 INFO:teuthology.orchestra.run.smithi143.stdout:/usr/bin/ceph: stderr
2023-12-17T11:49:34.486+0000 7fee044b4700 1 Processor -- start
2023-12-17T11:49:35.450 INFO:teuthology.orchestra.run.smithi143.stdout:/usr/bin/ceph: stderr
2023-12-17T11:49:34.486+0000 7fee044b4700 1 -- start start
2023-12-17T11:49:35.450 INFO:teuthology.orchestra.run.smithi143.stdout:/usr/bin/ceph: stderr
2023-12-17T11:49:34.486+0000 7fee044b4700 1 --2- >> [v2:172.21.15.143:3300/0,v1:172.21.15.143:6789/0] conn(0x7fedfc077bf0 0x7fedfc1133e0 unknown :-1 s=NONE pgs=0 cs=0 l=1 rev1=0 crypto rx=0 tx=0 comp rx=0 tx=0).connect
2023-12-17T11:49:35.450 INFO:teuthology.orchestra.run.smithi143.stdout:/usr/bin/ceph: stderr
2023-12-17T11:49:34.486+0000 7fee044b4700 1 -- --> [v2:172.21.15.143:3300/0,v1:172.21.15.143:6789/0] -- mon_getmap magic: 0 v1 -- 0x7fedfc113920 con 0x7fedfc077bf0
2023-12-17T11:49:35.450 INFO:teuthology.orchestra.run.smithi143.stdout:/usr/bin/ceph: stderr
2023-12-17T11:49:34.487+0000 7fee02250700 1 --2- >> [v2:172.21.15.143:3300/0,v1:172.21.15.143:6789/0] conn(0x7fedfc077bf0 0x7fedfc1133e0 unknown :-1 s=BANNER_CONNECTING pgs=0 cs=0 l=1 rev1=0 crypto rx=0 tx=0 comp rx=0 tx=0)._handle_peer_banner_payload supported=3 required=0
2023-12-17T11:49:35.450 INFO:teuthology.orchestra.run.smithi143.stdout:/usr/bin/ceph: stderr
2023-12-17T11:49:34.487+0000 7fee02250700 1 --2- >> [v2:172.21.15.143:3300/0,v1:172.21.15.143:6789/0] conn(0x7fedfc077bf0 0x7fedfc1133e0 unknown :-1 s=HELLO_CONNECTING pgs=0 cs=0 l=1 rev1=1 crypto rx=0 tx=0 comp rx=0 tx=0).handle_hello peer v2:172.21.15.143:3300/0 says I am v2:172.21.15.143:36618/0 (socket says 172.21.15.143:36618)
2023-12-17T11:49:35.450 INFO:teuthology.orchestra.run.smithi143.stdout:/usr/bin/ceph: stderr
2023-12-17T11:49:34.487+0000 7fee02250700 1 -- 172.21.15.143:0/886281147 learned_addr learned my addr 172.21.15.143:0/886281147 (peer_addr_for_me v2:172.21.15.143:0/0)
2023-12-17T11:49:35.450 INFO:teuthology.orchestra.run.smithi143.stdout:/usr/bin/ceph: stderr
2023-12-17T11:49:34.487+0000 7fee02250700 1 -- 172.21.15.143:0/886281147 --> [v2:172.21.15.143:3300/0,v1:172.21.15.143:6789/0] -- mon_subscribe({config=0+,monmap=0+}) v3 -- 0x7fedf80094f0 con 0x7fedfc077bf0
2023-12-17T11:49:35.450 INFO:teuthology.orchestra.run.smithi143.stdout:/usr/bin/ceph: stderr
2023-12-17T11:49:34.487+0000 7fee02250700 1 --2- 172.21.15.143:0/886281147 >> [v2:172.21.15.143:3300/0,v1:172.21.15.143:6789/0] conn(0x7fedfc077bf0 0x7fedfc1133e0 secure :-1 s=READY pgs=83 cs=0 l=1 rev1=1 crypto rx=0x7fedf8006d40 tx=0x7fedf8009250 comp rx=0 tx=0).ready entity=mon.0 client_cookie=0 server_cookie=0 in_seq=0 out_seq=0
2023-12-17T11:49:35.450 INFO:teuthology.orchestra.run.smithi143.stdout:/usr/bin/ceph: stderr
2023-12-17T11:49:34.488+0000 7fedf2ffd700 1 -- 172.21.15.143:0/886281147 <== mon.0 v2:172.21.15.143:3300/0 1 ==== mon_map magic: 0 v1 ==== 229+0+0 (secure 0 0 0) 0x7fedf8010960 con 0x7fedfc077bf0
2023-12-17T11:49:35.450 INFO:teuthology.orchestra.run.smithi143.stdout:/usr/bin/ceph: stderr
2023-12-17T11:49:34.488+0000 7fedf2ffd700 1 -- 172.21.15.143:0/886281147 <== mon.0 v2:172.21.15.143:3300/0 2 ==== config(26 keys) v1 ==== 1074+0+0 (secure 0 0 0) 0x7fedf801a430 con 0x7fedfc077bf0
2023-12-17T11:49:35.450 INFO:teuthology.orchestra.run.smithi143.stdout:/usr/bin/ceph: stderr
2023-12-17T11:49:34.488+0000 7fee044b4700 1 -- 172.21.15.143:0/886281147 --> [v2:172.21.15.143:3300/0,v1:172.21.15.143:6789/0] -- mon_subscribe({mgrmap=0+}) v3 -- 0x7fedfc113b20 con 0x7fedfc077bf0
2023-12-17T11:49:35.450 INFO:teuthology.orchestra.run.smithi143.stdout:/usr/bin/ceph: stderr
2023-12-17T11:49:34.488+0000 7fedf2ffd700 1 -- 172.21.15.143:0/886281147 <== mon.0 v2:172.21.15.143:3300/0 3 ==== mon_map magic: 0 v1 ==== 229+0+0 (secure 0 0 0) 0x7fedf80245b0 con 0x7fedfc077bf0
2023-12-17T11:49:35.451 INFO:teuthology.orchestra.run.smithi143.stdout:/usr/bin/ceph: stderr
2023-12-17T11:49:34.488+0000 7fee044b4700 1 -- 172.21.15.143:0/886281147 --> [v2:172.21.15.143:3300/0,v1:172.21.15.143:6789/0] -- mon_subscribe({osdmap=0}) v3 -- 0x7fedfc113f30 con 0x7fedfc077bf0
2023-12-17T11:49:35.451 INFO:teuthology.orchestra.run.smithi143.stdout:/usr/bin/ceph: stderr
2023-12-17T11:49:34.489+0000 7fedf2ffd700 1 -- 172.21.15.143:0/886281147 <== mon.0 v2:172.21.15.143:3300/0 4 ==== mgrmap(e 12) v1 ==== 43294+0+0 (secure 0 0 0) 0x7fedf802d3f0 con 0x7fedfc077bf0
2023-12-17T11:49:35.451 INFO:teuthology.orchestra.run.smithi143.stdout:/usr/bin/ceph: stderr
2023-12-17T11:49:34.489+0000 7fedf2ffd700 1 --2- 172.21.15.143:0/886281147 >> [v2:172.21.15.143:6800/2670256999,v1:172.21.15.143:6801/2670256999] conn(0x7fede8036690 0x7fede8038b40 unknown :-1 s=NONE pgs=0 cs=0 l=1 rev1=0 crypto rx=0 tx=0 comp rx=0 tx=0).connect
2023-12-17T11:49:35.451 INFO:teuthology.orchestra.run.smithi143.stdout:/usr/bin/ceph: stderr
2023-12-17T11:49:34.489+0000 7fedf2ffd700 1 -- 172.21.15.143:0/886281147 <== mon.0 v2:172.21.15.143:3300/0 5 ==== osd_map(3..3 src has 1..3) v4 ==== 1151+0+0 (secure 0 0 0) 0x7fedf804a370 con 0x7fedfc077bf0
2023-12-17T11:49:35.451 INFO:teuthology.orchestra.run.smithi143.stdout:/usr/bin/ceph: stderr
2023-12-17T11:49:34.489+0000 7fee044b4700 1 -- 172.21.15.143:0/886281147 --> [v2:172.21.15.143:3300/0,v1:172.21.15.143:6789/0] -- mon_command({"prefix": "get_command_descriptions"} v 0) v1 -- 0x7fedfc04bb80 con 0x7fedfc077bf0
2023-12-17T11:49:35.451 INFO:teuthology.orchestra.run.smithi143.stdout:/usr/bin/ceph: stderr
2023-12-17T11:49:34.489+0000 7fee01a4f700 1 --2- 172.21.15.143:0/886281147 >> [v2:172.21.15.143:6800/2670256999,v1:172.21.15.143:6801/2670256999] conn(0x7fede8036690 0x7fede8038b40 unknown :-1 s=BANNER_CONNECTING pgs=0 cs=0 l=1 rev1=0 crypto rx=0 tx=0 comp rx=0 tx=0)._handle_peer_banner_payload supported=3 required=0
2023-12-17T11:49:35.451 INFO:teuthology.orchestra.run.smithi143.stdout:/usr/bin/ceph: stderr
2023-12-17T11:49:34.490+0000 7fee01a4f700 1 --2- 172.21.15.143:0/886281147 >> [v2:172.21.15.143:6800/2670256999,v1:172.21.15.143:6801/2670256999] conn(0x7fede8036690 0x7fede8038b40 secure :-1 s=READY pgs=8 cs=0 l=1 rev1=1 crypto rx=0x7fedec009990 tx=0x7fedec006e40 comp rx=0 tx=0).ready entity=mgr.14162 client_cookie=0 server_cookie=0 in_seq=0 out_seq=0
2023-12-17T11:49:35.451 INFO:teuthology.orchestra.run.smithi143.stdout:/usr/bin/ceph: stderr
2023-12-17T11:49:34.495+0000 7fedf2ffd700 1 -- 172.21.15.143:0/886281147 <== mon.0 v2:172.21.15.143:3300/0 6 ==== mon_command_ack([{"prefix": "get_command_descriptions"}]=0 v0) v1 ==== 72+0+174570 (secure 0 0 0) 0x7fedf802b2f0 con 0x7fedfc077bf0
2023-12-17T11:49:35.451 INFO:teuthology.orchestra.run.smithi143.stdout:/usr/bin/ceph: stderr
2023-12-17T11:49:34.716+0000 7fee044b4700 1 -- 172.21.15.143:0/886281147 --> [v2:172.21.15.143:6800/2670256999,v1:172.21.15.143:6801/2670256999] -- mgr_command(tid 0: {"prefix": "dashboard ac-user-create", "username": "admin", "rolename": "administrator", "force_password": true, "pwd_update_required": true, "target": ["mon-mgr", ""]}) v1 -- 0x7fedfc108570 con 0x7fede8036690
2023-12-17T11:49:35.451 INFO:teuthology.orchestra.run.smithi143.stdout:/usr/bin/ceph: stderr
2023-12-17T11:49:34.945+0000 7fedf2ffd700 1 -- 172.21.15.143:0/886281147 <== mgr.14162 v2:172.21.15.143:6800/2670256999 1 ==== mgr_command_reply(tid 0: 0 ) v1 ==== 8+0+252 (secure 0 0 0) 0x7fedfc108570 con 0x7fede8036690
2023-12-17T11:49:35.451 INFO:teuthology.orchestra.run.smithi143.stdout:/usr/bin/ceph: stderr
2023-12-17T11:49:34.947+0000 7fee044b4700 1 -- 172.21.15.143:0/886281147 >> [v2:172.21.15.143:6800/2670256999,v1:172.21.15.143:6801/2670256999] conn(0x7fede8036690 msgr2=0x7fede8038b40 secure :-1 s=STATE_CONNECTION_ESTABLISHED l=1).mark_down
2023-12-17T11:49:35.451 INFO:teuthology.orchestra.run.smithi143.stdout:/usr/bin/ceph: stderr
2023-12-17T11:49:34.947+0000 7fee044b4700 1 --2- 172.21.15.143:0/886281147 >> [v2:172.21.15.143:6800/2670256999,v1:172.21.15.143:6801/2670256999] conn(0x7fede8036690 0x7fede8038b40 secure :-1 s=READY pgs=8 cs=0 l=1 rev1=1 crypto rx=0x7fedec009990 tx=0x7fedec006e40 comp rx=0 tx=0).stop
2023-12-17T11:49:35.451 INFO:teuthology.orchestra.run.smithi143.stdout:/usr/bin/ceph: stderr
2023-12-17T11:49:34.947+0000 7fee044b4700 1 -- 172.21.15.143:0/886281147 >> [v2:172.21.15.143:3300/0,v1:172.21.15.143:6789/0] conn(0x7fedfc077bf0 msgr2=0x7fedfc1133e0 secure :-1 s=STATE_CONNECTION_ESTABLISHED l=1).mark_down
2023-12-17T11:49:35.451 INFO:teuthology.orchestra.run.smithi143.stdout:/usr/bin/ceph: stderr
2023-12-17T11:49:34.947+0000 7fee044b4700 1 --2- 172.21.15.143:0/886281147 >> [v2:172.21.15.143:3300/0,v1:172.21.15.143:6789/0] conn(0x7fedfc077bf0 0x7fedfc1133e0 secure :-1 s=READY pgs=83 cs=0 l=1 rev1=1 crypto rx=0x7fedf8006d40 tx=0x7fedf8009250 comp rx=0 tx=0).stop
2023-12-17T11:49:35.451 INFO:teuthology.orchestra.run.smithi143.stdout:/usr/bin/ceph: stderr
2023-12-17T11:49:34.947+0000 7fee044b4700 1 -- 172.21.15.143:0/886281147 shutdown_connections
2023-12-17T11:49:35.452 INFO:teuthology.orchestra.run.smithi143.stdout:/usr/bin/ceph: stderr
2023-12-17T11:49:34.947+0000 7fee044b4700 1 --2- 172.21.15.143:0/886281147 >> [v2:172.21.15.143:6800/2670256999,v1:172.21.15.143:6801/2670256999] conn(0x7fede8036690 0x7fede8038b40 unknown :-1 s=CLOSED pgs=8 cs=0 l=1 rev1=1 crypto rx=0 tx=0 comp rx=0 tx=0).stop
2023-12-17T11:49:35.452 INFO:teuthology.orchestra.run.smithi143.stdout:/usr/bin/ceph: stderr
2023-12-17T11:49:34.947+0000 7fee044b4700 1 --2- 172.21.15.143:0/886281147 >> [v2:172.21.15.143:3300/0,v1:172.21.15.143:6789/0] conn(0x7fedfc077bf0 0x7fedfc1133e0 unknown :-1 s=CLOSED pgs=83 cs=0 l=1 rev1=1 crypto rx=0 tx=0 comp rx=0 tx=0).stop
2023-12-17T11:49:35.452 INFO:teuthology.orchestra.run.smithi143.stdout:/usr/bin/ceph: stderr
2023-12-17T11:49:34.947+0000 7fee044b4700 1 -- 172.21.15.143:0/886281147 >> 172.21.15.143:0/886281147 conn(0x7fedfc0fda50 msgr2=0x7fedfc0ff270 unknown :-1 s=STATE_NONE l=0).mark_down
2023-12-17T11:49:35.452 INFO:teuthology.orchestra.run.smithi143.stdout:/usr/bin/ceph: stderr
2023-12-17T11:49:34.947+0000 7fee044b4700 1 -- 172.21.15.143:0/886281147 shutdown_connections
2023-12-17T11:49:35.452 INFO:teuthology.orchestra.run.smithi143.stdout:/usr/bin/ceph: stderr
2023-12-17T11:49:34.947+0000 7fee044b4700 1 -- 172.21.15.143:0/886281147 wait complete.
2023-12-17T11:49:35.452 INFO:teuthology.orchestra.run.smithi143.stdout:Fetching dashboard port number...
2023-12-17T11:49:36.249 INFO:journalctl@ceph.mon.smithi143.smithi143.stdout:Dec 17 11:49:35 smithi143 ceph-mon[107115]: from='client.14176 -' entity='client.admin' cmd=[{"prefix": "dashboard ac-user-create", "username": "admin", "rolename": "administrator", "force_password": true, "pwd_update_required": true, "target": ["mon-mgr", ""]}]: dispatch
2023-12-17T11:49:36.395 INFO:teuthology.orchestra.run.smithi143.stdout:/usr/bin/ceph: stdout 8443
2023-12-17T11:49:36.395 INFO:teuthology.orchestra.run.smithi143.stdout:/usr/bin/ceph: stderr
2023-12-17T11:49:35.848+0000 7f9a7b680700 1 Processor -- start
2023-12-17T11:49:36.395 INFO:teuthology.orchestra.run.smithi143.stdout:/usr/bin/ceph: stderr
2023-12-17T11:49:35.848+0000 7f9a7b680700 1 -- start start
2023-12-17T11:49:36.395 INFO:teuthology.orchestra.run.smithi143.stdout:/usr/bin/ceph: stderr
2023-12-17T11:49:35.848+0000 7f9a7b680700 1 --2- >> [v2:172.21.15.143:3300/0,v1:172.21.15.143:6789/0] conn(0x7f9a74077b90 0x7f9a740760a0 unknown :-1 s=NONE pgs=0 cs=0 l=0 rev1=0 crypto rx=0 tx=0 comp rx=0 tx=0).connect
2023-12-17T11:49:36.395 INFO:teuthology.orchestra.run.smithi143.stdout:/usr/bin/ceph: stderr
2023-12-17T11:49:35.848+0000 7f9a7b680700 1 -- --> [v2:172.21.15.143:3300/0,v1:172.21.15.143:6789/0] -- mon_getmap magic: 0 v1 -- 0x7f9a74077fa0 con 0x7f9a74077b90
2023-12-17T11:49:36.395 INFO:teuthology.orchestra.run.smithi143.stdout:/usr/bin/ceph: stderr
2023-12-17T11:49:35.848+0000 7f9a7941c700 1 --2- >> [v2:172.21.15.143:3300/0,v1:172.21.15.143:6789/0] conn(0x7f9a74077b90 0x7f9a740760a0 unknown :-1 s=BANNER_CONNECTING pgs=0 cs=0 l=0 rev1=0 crypto rx=0 tx=0 comp rx=0 tx=0)._handle_peer_banner_payload supported=3 required=0
2023-12-17T11:49:36.396 INFO:teuthology.orchestra.run.smithi143.stdout:/usr/bin/ceph: stderr
2023-12-17T11:49:35.849+0000 7f9a7941c700 1 --2- >> [v2:172.21.15.143:3300/0,v1:172.21.15.143:6789/0] conn(0x7f9a74077b90 0x7f9a740760a0 unknown :-1 s=HELLO_CONNECTING pgs=0 cs=0 l=0 rev1=1 crypto rx=0 tx=0 comp rx=0 tx=0).handle_hello peer v2:172.21.15.143:3300/0 says I am v2:172.21.15.143:36634/0 (socket says 172.21.15.143:36634)
2023-12-17T11:49:36.396 INFO:teuthology.orchestra.run.smithi143.stdout:/usr/bin/ceph: stderr
2023-12-17T11:49:35.849+0000 7f9a7941c700 1 -- 172.21.15.143:0/117344390 learned_addr learned my addr 172.21.15.143:0/117344390 (peer_addr_for_me v2:172.21.15.143:0/0)
2023-12-17T11:49:36.396 INFO:teuthology.orchestra.run.smithi143.stdout:/usr/bin/ceph: stderr
2023-12-17T11:49:35.849+0000 7f9a7941c700 1 -- 172.21.15.143:0/117344390 --> [v2:172.21.15.143:3300/0,v1:172.21.15.143:6789/0] -- mon_subscribe({config=0+,monmap=0+}) v3 -- 0x7f9a740765e0 con 0x7f9a74077b90
2023-12-17T11:49:36.396 INFO:teuthology.orchestra.run.smithi143.stdout:/usr/bin/ceph: stderr
2023-12-17T11:49:35.849+0000 7f9a7941c700 1 --2- 172.21.15.143:0/117344390 >> [v2:172.21.15.143:3300/0,v1:172.21.15.143:6789/0] conn(0x7f9a74077b90 0x7f9a740760a0 secure :-1 s=READY pgs=84 cs=0 l=1 rev1=1 crypto rx=0x7f9a700098e0 tx=0x7f9a70009250 comp rx=0 tx=0).ready entity=mon.0 client_cookie=9286b39748d8d223 server_cookie=0 in_seq=0 out_seq=0
2023-12-17T11:49:36.396 INFO:teuthology.orchestra.run.smithi143.stdout:/usr/bin/ceph: stderr
2023-12-17T11:49:35.849+0000 7f9a6bfff700 1 -- 172.21.15.143:0/117344390 <== mon.0 v2:172.21.15.143:3300/0 1 ==== mon_map magic: 0 v1 ==== 229+0+0 (secure 0 0 0) 0x7f9a7000b860 con 0x7f9a74077b90
2023-12-17T11:49:36.396 INFO:teuthology.orchestra.run.smithi143.stdout:/usr/bin/ceph: stderr
2023-12-17T11:49:35.849+0000 7f9a6bfff700 1 -- 172.21.15.143:0/117344390 <== mon.0 v2:172.21.15.143:3300/0 2 ==== config(26 keys) v1 ==== 1074+0+0 (secure 0 0 0) 0x7f9a7000be70 con 0x7f9a74077b90
2023-12-17T11:49:36.396 INFO:teuthology.orchestra.run.smithi143.stdout:/usr/bin/ceph: stderr
2023-12-17T11:49:35.849+0000 7f9a6bfff700 1 -- 172.21.15.143:0/117344390 <== mon.0 v2:172.21.15.143:3300/0 3 ==== mon_map magic: 0 v1 ==== 229+0+0 (secure 0 0 0) 0x7f9a70010380 con 0x7f9a74077b90
2023-12-17T11:49:36.396 INFO:teuthology.orchestra.run.smithi143.stdout:/usr/bin/ceph: stderr
2023-12-17T11:49:35.850+0000 7f9a7b680700 1 -- 172.21.15.143:0/117344390 >> [v2:172.21.15.143:3300/0,v1:172.21.15.143:6789/0] conn(0x7f9a74077b90 msgr2=0x7f9a740760a0 secure :-1 s=STATE_CONNECTION_ESTABLISHED l=1).mark_down
2023-12-17T11:49:36.396 INFO:teuthology.orchestra.run.smithi143.stdout:/usr/bin/ceph: stderr
2023-12-17T11:49:35.850+0000 7f9a7b680700 1 --2- 172.21.15.143:0/117344390 >> [v2:172.21.15.143:3300/0,v1:172.21.15.143:6789/0] conn(0x7f9a74077b90 0x7f9a740760a0 secure :-1 s=READY pgs=84 cs=0 l=1 rev1=1 crypto rx=0x7f9a700098e0 tx=0x7f9a70009250 comp rx=0 tx=0).stop
2023-12-17T11:49:36.396 INFO:teuthology.orchestra.run.smithi143.stdout:/usr/bin/ceph: stderr
2023-12-17T11:49:35.850+0000 7f9a7b680700 1 -- 172.21.15.143:0/117344390 shutdown_connections
2023-12-17T11:49:36.396 INFO:teuthology.orchestra.run.smithi143.stdout:/usr/bin/ceph: stderr
2023-12-17T11:49:35.850+0000 7f9a7b680700 1 --2- 172.21.15.143:0/117344390 >> [v2:172.21.15.143:3300/0,v1:172.21.15.143:6789/0] conn(0x7f9a74077b90 0x7f9a740760a0 unknown :-1 s=CLOSED pgs=84 cs=0 l=1 rev1=1 crypto rx=0 tx=0 comp rx=0 tx=0).stop
2023-12-17T11:49:36.396 INFO:teuthology.orchestra.run.smithi143.stdout:/usr/bin/ceph: stderr
2023-12-17T11:49:35.850+0000 7f9a7b680700 1 -- 172.21.15.143:0/117344390 >> 172.21.15.143:0/117344390 conn(0x7f9a740fda50 msgr2=0x7f9a740ffe60 unknown :-1 s=STATE_NONE l=0).mark_down
2023-12-17T11:49:36.396 INFO:teuthology.orchestra.run.smithi143.stdout:/usr/bin/ceph: stderr
2023-12-17T11:49:35.850+0000 7f9a7b680700 1 -- 172.21.15.143:0/117344390 shutdown_connections
2023-12-17T11:49:36.397 INFO:teuthology.orchestra.run.smithi143.stdout:/usr/bin/ceph: stderr
2023-12-17T11:49:35.850+0000 7f9a7b680700 1 -- 172.21.15.143:0/117344390 wait complete.
2023-12-17T11:49:36.397 INFO:teuthology.orchestra.run.smithi143.stdout:/usr/bin/ceph: stderr
2023-12-17T11:49:35.851+0000 7f9a7b680700 1 Processor -- start
2023-12-17T11:49:36.397 INFO:teuthology.orchestra.run.smithi143.stdout:/usr/bin/ceph: stderr
2023-12-17T11:49:35.851+0000 7f9a7b680700 1 -- start start
2023-12-17T11:49:36.397 INFO:teuthology.orchestra.run.smithi143.stdout:/usr/bin/ceph: stderr
2023-12-17T11:49:35.851+0000 7f9a7b680700 1 --2- >> [v2:172.21.15.143:3300/0,v1:172.21.15.143:6789/0] conn(0x7f9a74077b90 0x7f9a74113380 unknown :-1 s=NONE pgs=0 cs=0 l=1 rev1=0 crypto rx=0 tx=0 comp rx=0 tx=0).connect
2023-12-17T11:49:36.397 INFO:teuthology.orchestra.run.smithi143.stdout:/usr/bin/ceph: stderr
2023-12-17T11:49:35.851+0000 7f9a7b680700 1 -- --> [v2:172.21.15.143:3300/0,v1:172.21.15.143:6789/0] -- mon_getmap magic: 0 v1 -- 0x7f9a741138c0 con 0x7f9a74077b90
2023-12-17T11:49:36.397 INFO:teuthology.orchestra.run.smithi143.stdout:/usr/bin/ceph: stderr
2023-12-17T11:49:35.851+0000 7f9a7941c700 1 --2- >> [v2:172.21.15.143:3300/0,v1:172.21.15.143:6789/0] conn(0x7f9a74077b90 0x7f9a74113380 unknown :-1 s=BANNER_CONNECTING pgs=0 cs=0 l=1 rev1=0 crypto rx=0 tx=0 comp rx=0 tx=0)._handle_peer_banner_payload supported=3 required=0
2023-12-17T11:49:36.397 INFO:teuthology.orchestra.run.smithi143.stdout:/usr/bin/ceph: stderr
2023-12-17T11:49:35.851+0000 7f9a7941c700 1 --2- >> [v2:172.21.15.143:3300/0,v1:172.21.15.143:6789/0] conn(0x7f9a74077b90 0x7f9a74113380 unknown :-1 s=HELLO_CONNECTING pgs=0 cs=0 l=1 rev1=1 crypto rx=0 tx=0 comp rx=0 tx=0).handle_hello peer v2:172.21.15.143:3300/0 says I am v2:172.21.15.143:36638/0 (socket says 172.21.15.143:36638)
2023-12-17T11:49:36.397 INFO:teuthology.orchestra.run.smithi143.stdout:/usr/bin/ceph: stderr
2023-12-17T11:49:35.851+0000 7f9a7941c700 1 -- 172.21.15.143:0/1794658584 learned_addr learned my addr 172.21.15.143:0/1794658584 (peer_addr_for_me v2:172.21.15.143:0/0)
2023-12-17T11:49:36.397 INFO:teuthology.orchestra.run.smithi143.stdout:/usr/bin/ceph: stderr
2023-12-17T11:49:35.852+0000 7f9a7941c700 1 -- 172.21.15.143:0/1794658584 --> [v2:172.21.15.143:3300/0,v1:172.21.15.143:6789/0] -- mon_subscribe({config=0+,monmap=0+}) v3 -- 0x7f9a700094f0 con 0x7f9a74077b90
2023-12-17T11:49:36.397 INFO:teuthology.orchestra.run.smithi143.stdout:/usr/bin/ceph: stderr
2023-12-17T11:49:35.852+0000 7f9a7941c700 1 --2- 172.21.15.143:0/1794658584 >> [v2:172.21.15.143:3300/0,v1:172.21.15.143:6789/0] conn(0x7f9a74077b90 0x7f9a74113380 secure :-1 s=READY pgs=85 cs=0 l=1 rev1=1 crypto rx=0x7f9a70006d40 tx=0x7f9a70009250 comp rx=0 tx=0).ready entity=mon.0 client_cookie=0 server_cookie=0 in_seq=0 out_seq=0
2023-12-17T11:49:36.397 INFO:teuthology.orchestra.run.smithi143.stdout:/usr/bin/ceph: stderr
2023-12-17T11:49:35.852+0000 7f9a69ffb700 1 -- 172.21.15.143:0/1794658584 <== mon.0 v2:172.21.15.143:3300/0 1 ==== mon_map magic: 0 v1 ==== 229+0+0 (secure 0 0 0) 0x7f9a70010960 con 0x7f9a74077b90
2023-12-17T11:49:36.397 INFO:teuthology.orchestra.run.smithi143.stdout:/usr/bin/ceph: stderr
2023-12-17T11:49:35.852+0000 7f9a69ffb700 1 -- 172.21.15.143:0/1794658584 <== mon.0 v2:172.21.15.143:3300/0 2 ==== config(26 keys) v1 ==== 1074+0+0 (secure 0 0 0) 0x7f9a7001a430 con 0x7f9a74077b90
2023-12-17T11:49:36.397 INFO:teuthology.orchestra.run.smithi143.stdout:/usr/bin/ceph: stderr
2023-12-17T11:49:35.852+0000 7f9a69ffb700 1 -- 172.21.15.143:0/1794658584 <== mon.0 v2:172.21.15.143:3300/0 3 ==== mon_map magic: 0 v1 ==== 229+0+0 (secure 0 0 0) 0x7f9a700245b0 con 0x7f9a74077b90
2023-12-17T11:49:36.397 INFO:teuthology.orchestra.run.smithi143.stdout:/usr/bin/ceph: stderr
2023-12-17T11:49:35.852+0000 7f9a7b680700 1 -- 172.21.15.143:0/1794658584 --> [v2:172.21.15.143:3300/0,v1:172.21.15.143:6789/0] -- mon_subscribe({mgrmap=0+}) v3 -- 0x7f9a74113ac0 con 0x7f9a74077b90
2023-12-17T11:49:36.398 INFO:teuthology.orchestra.run.smithi143.stdout:/usr/bin/ceph: stderr
2023-12-17T11:49:35.852+0000 7f9a7b680700 1 -- 172.21.15.143:0/1794658584 --> [v2:172.21.15.143:3300/0,v1:172.21.15.143:6789/0] -- mon_subscribe({osdmap=0}) v3 -- 0x7f9a74113ed0 con 0x7f9a74077b90
2023-12-17T11:49:36.398 INFO:teuthology.orchestra.run.smithi143.stdout:/usr/bin/ceph: stderr
2023-12-17T11:49:35.853+0000 7f9a69ffb700 1 -- 172.21.15.143:0/1794658584 <== mon.0 v2:172.21.15.143:3300/0 4 ==== mgrmap(e 12) v1 ==== 43294+0+0 (secure 0 0 0) 0x7f9a7001a9f0 con 0x7f9a74077b90
2023-12-17T11:49:36.398 INFO:teuthology.orchestra.run.smithi143.stdout:/usr/bin/ceph: stderr
2023-12-17T11:49:35.853+0000 7f9a7b680700 1 -- 172.21.15.143:0/1794658584 --> [v2:172.21.15.143:3300/0,v1:172.21.15.143:6789/0] -- mon_command({"prefix": "get_command_descriptions"} v 0) v1 -- 0x7f9a7404bb80 con 0x7f9a74077b90
2023-12-17T11:49:36.398 INFO:teuthology.orchestra.run.smithi143.stdout:/usr/bin/ceph: stderr
2023-12-17T11:49:35.854+0000 7f9a69ffb700 1 --2- 172.21.15.143:0/1794658584 >> [v2:172.21.15.143:6800/2670256999,v1:172.21.15.143:6801/2670256999] conn(0x7f9a60036690 0x7f9a60038b40 unknown :-1 s=NONE pgs=0 cs=0 l=1 rev1=0 crypto rx=0 tx=0 comp rx=0 tx=0).connect
2023-12-17T11:49:36.398 INFO:teuthology.orchestra.run.smithi143.stdout:/usr/bin/ceph: stderr
2023-12-17T11:49:35.854+0000 7f9a69ffb700 1 -- 172.21.15.143:0/1794658584 <== mon.0 v2:172.21.15.143:3300/0 5 ==== osd_map(3..3 src has 1..3) v4 ==== 1151+0+0 (secure 0 0 0) 0x7f9a7004a300 con 0x7f9a74077b90
2023-12-17T11:49:36.398 INFO:teuthology.orchestra.run.smithi143.stdout:/usr/bin/ceph: stderr
2023-12-17T11:49:35.854+0000 7f9a78c1b700 1 --2- 172.21.15.143:0/1794658584 >> [v2:172.21.15.143:6800/2670256999,v1:172.21.15.143:6801/2670256999] conn(0x7f9a60036690 0x7f9a60038b40 unknown :-1 s=BANNER_CONNECTING pgs=0 cs=0 l=1 rev1=0 crypto rx=0 tx=0 comp rx=0 tx=0)._handle_peer_banner_payload supported=3 required=0
2023-12-17T11:49:36.398 INFO:teuthology.orchestra.run.smithi143.stdout:/usr/bin/ceph: stderr
2023-12-17T11:49:35.855+0000 7f9a78c1b700 1 --2- 172.21.15.143:0/1794658584 >> [v2:172.21.15.143:6800/2670256999,v1:172.21.15.143:6801/2670256999] conn(0x7f9a60036690 0x7f9a60038b40 secure :-1 s=READY pgs=9 cs=0 l=1 rev1=1 crypto rx=0x7f9a64009990 tx=0x7f9a64006e40 comp rx=0 tx=0).ready entity=mgr.14162 client_cookie=0 server_cookie=0 in_seq=0 out_seq=0
2023-12-17T11:49:36.398 INFO:teuthology.orchestra.run.smithi143.stdout:/usr/bin/ceph: stderr
2023-12-17T11:49:35.859+0000 7f9a69ffb700 1 -- 172.21.15.143:0/1794658584 <== mon.0 v2:172.21.15.143:3300/0 6 ==== mon_command_ack([{"prefix": "get_command_descriptions"}]=0 v0) v1 ==== 72+0+174570 (secure 0 0 0) 0x7f9a7002b8c0 con 0x7f9a74077b90
2023-12-17T11:49:36.398 INFO:teuthology.orchestra.run.smithi143.stdout:/usr/bin/ceph: stderr
2023-12-17T11:49:36.055+0000 7f9a7b680700 1 -- 172.21.15.143:0/1794658584 --> [v2:172.21.15.143:3300/0,v1:172.21.15.143:6789/0] -- mon_command({"prefix": "config get", "who": "mgr", "key": "mgr/dashboard/ssl_server_port"} v 0) v1 -- 0x7f9a74108570 con 0x7f9a74077b90
2023-12-17T11:49:36.398 INFO:teuthology.orchestra.run.smithi143.stdout:/usr/bin/ceph: stderr
2023-12-17T11:49:36.055+0000 7f9a69ffb700 1 -- 172.21.15.143:0/1794658584 <== mon.0 v2:172.21.15.143:3300/0 7 ==== mon_command_ack([{"prefix": "config get", "who": "mgr", "key": "mgr/dashboard/ssl_server_port"}]=0 v8) v1 ==== 112+0+5 (secure 0 0 0) 0x7f9a7002b2f0 con 0x7f9a74077b90
2023-12-17T11:49:36.398 INFO:teuthology.orchestra.run.smithi143.stdout:/usr/bin/ceph: stderr
2023-12-17T11:49:36.058+0000 7f9a7b680700 1 -- 172.21.15.143:0/1794658584 >> [v2:172.21.15.143:6800/2670256999,v1:172.21.15.143:6801/2670256999] conn(0x7f9a60036690 msgr2=0x7f9a60038b40 secure :-1 s=STATE_CONNECTION_ESTABLISHED l=1).mark_down
2023-12-17T11:49:36.398 INFO:teuthology.orchestra.run.smithi143.stdout:/usr/bin/ceph: stderr
2023-12-17T11:49:36.058+0000 7f9a7b680700 1 --2- 172.21.15.143:0/1794658584 >> [v2:172.21.15.143:6800/2670256999,v1:172.21.15.143:6801/2670256999] conn(0x7f9a60036690 0x7f9a60038b40 secure :-1 s=READY pgs=9 cs=0 l=1 rev1=1 crypto rx=0x7f9a64009990 tx=0x7f9a64006e40 comp rx=0 tx=0).stop
2023-12-17T11:49:36.398 INFO:teuthology.orchestra.run.smithi143.stdout:/usr/bin/ceph: stderr
2023-12-17T11:49:36.058+0000 7f9a7b680700 1 -- 172.21.15.143:0/1794658584 >> [v2:172.21.15.143:3300/0,v1:172.21.15.143:6789/0] conn(0x7f9a74077b90 msgr2=0x7f9a74113380 secure :-1 s=STATE_CONNECTION_ESTABLISHED l=1).mark_down
2023-12-17T11:49:36.398 INFO:teuthology.orchestra.run.smithi143.stdout:/usr/bin/ceph: stderr
2023-12-17T11:49:36.058+0000 7f9a7b680700 1 --2- 172.21.15.143:0/1794658584 >> [v2:172.21.15.143:3300/0,v1:172.21.15.143:6789/0] conn(0x7f9a74077b90 0x7f9a74113380 secure :-1 s=READY pgs=85 cs=0 l=1 rev1=1 crypto rx=0x7f9a70006d40 tx=0x7f9a70009250 comp rx=0 tx=0).stop
2023-12-17T11:49:36.398 INFO:teuthology.orchestra.run.smithi143.stdout:/usr/bin/ceph: stderr
2023-12-17T11:49:36.058+0000 7f9a7b680700 1 -- 172.21.15.143:0/1794658584 shutdown_connections
2023-12-17T11:49:36.399 INFO:teuthology.orchestra.run.smithi143.stdout:/usr/bin/ceph: stderr
2023-12-17T11:49:36.058+0000 7f9a7b680700 1 --2- 172.21.15.143:0/1794658584 >> [v2:172.21.15.143:6800/2670256999,v1:172.21.15.143:6801/2670256999] conn(0x7f9a60036690 0x7f9a60038b40 unknown :-1 s=CLOSED pgs=9 cs=0 l=1 rev1=1 crypto rx=0 tx=0 comp rx=0 tx=0).stop
2023-12-17T11:49:36.399 INFO:teuthology.orchestra.run.smithi143.stdout:/usr/bin/ceph: stderr
2023-12-17T11:49:36.058+0000 7f9a7b680700 1 --2- 172.21.15.143:0/1794658584 >> [v2:172.21.15.143:3300/0,v1:172.21.15.143:6789/0] conn(0x7f9a74077b90 0x7f9a74113380 unknown :-1 s=CLOSED pgs=85 cs=0 l=1 rev1=1 crypto rx=0 tx=0 comp rx=0 tx=0).stop
2023-12-17T11:49:36.399 INFO:teuthology.orchestra.run.smithi143.stdout:/usr/bin/ceph: stderr
2023-12-17T11:49:36.058+0000 7f9a7b680700 1 -- 172.21.15.143:0/1794658584 >> 172.21.15.143:0/1794658584 conn(0x7f9a740fda50 msgr2=0x7f9a740ff2f0 unknown :-1 s=STATE_NONE l=0).mark_down
2023-12-17T11:49:36.399 INFO:teuthology.orchestra.run.smithi143.stdout:/usr/bin/ceph: stderr
2023-12-17T11:49:36.058+0000 7f9a7b680700 1 -- 172.21.15.143:0/1794658584 shutdown_connections
2023-12-17T11:49:36.399 INFO:teuthology.orchestra.run.smithi143.stdout:/usr/bin/ceph: stderr
2023-12-17T11:49:36.058+0000 7f9a7b680700 1 -- 172.21.15.143:0/1794658584 wait complete.
2023-12-17T11:49:36.413 INFO:teuthology.orchestra.run.smithi143.stdout:Non-zero exit code 1 from systemctl is-enabled firewalld.service
2023-12-17T11:49:36.413 INFO:teuthology.orchestra.run.smithi143.stdout:systemctl: stdout disabled
2023-12-17T11:49:36.430 INFO:teuthology.orchestra.run.smithi143.stdout:Non-zero exit code 3 from systemctl is-active firewalld.service
2023-12-17T11:49:36.430 INFO:teuthology.orchestra.run.smithi143.stdout:systemctl: stdout inactive
2023-12-17T11:49:36.430 INFO:teuthology.orchestra.run.smithi143.stdout:firewalld.service is not enabled
2023-12-17T11:49:36.430 INFO:teuthology.orchestra.run.smithi143.stdout:Not possible to open ports <[8443]>. firewalld.service is not available
2023-12-17T11:49:36.432 INFO:teuthology.orchestra.run.smithi143.stdout:Ceph Dashboard is now available at:
2023-12-17T11:49:36.433 INFO:teuthology.orchestra.run.smithi143.stdout:
2023-12-17T11:49:36.433 INFO:teuthology.orchestra.run.smithi143.stdout: URL: https://smithi143.front.sepia.ceph.com:8443/
2023-12-17T11:49:36.433 INFO:teuthology.orchestra.run.smithi143.stdout: User: admin
2023-12-17T11:49:36.433 INFO:teuthology.orchestra.run.smithi143.stdout: Password: sd5xg61lab
2023-12-17T11:49:36.433 INFO:teuthology.orchestra.run.smithi143.stdout:
2023-12-17T11:49:36.433 INFO:teuthology.orchestra.run.smithi143.stdout:Saving cluster configuration to /var/lib/ceph/0f676e52-9cd2-11ee-95a5-87774f69a715/config directory
2023-12-17T11:49:36.434 INFO:teuthology.orchestra.run.smithi143.stdout:Enabling autotune for osd_memory_target
2023-12-17T11:49:37.265 INFO:journalctl@ceph.mon.smithi143.smithi143.stdout:Dec 17 11:49:36 smithi143 ceph-mon[107115]: from='client.? 172.21.15.143:0/1794658584' entity='client.admin' cmd=[{"prefix": "config get", "who": "mgr", "key": "mgr/dashboard/ssl_server_port"}]: dispatch
2023-12-17T11:49:37.406 INFO:teuthology.orchestra.run.smithi143.stdout:/usr/bin/ceph: stderr
2023-12-17T11:49:36.859+0000 7fba12e01700 1 Processor -- start
2023-12-17T11:49:37.411 INFO:teuthology.orchestra.run.smithi143.stdout:/usr/bin/ceph: stderr
2023-12-17T11:49:36.859+0000 7fba12e01700 1 -- start start
2023-12-17T11:49:37.411 INFO:teuthology.orchestra.run.smithi143.stdout:/usr/bin/ceph: stderr
2023-12-17T11:49:36.859+0000 7fba12e01700 1 --2- >> [v2:172.21.15.143:3300/0,v1:172.21.15.143:6789/0] conn(0x7fba0c077bd0 0x7fba0c0760e0 unknown :-1 s=NONE pgs=0 cs=0 l=0 rev1=0 crypto rx=0 tx=0 comp rx=0 tx=0).connect
2023-12-17T11:49:37.411 INFO:teuthology.orchestra.run.smithi143.stdout:/usr/bin/ceph: stderr
2023-12-17T11:49:36.859+0000 7fba12e01700 1 -- --> [v2:172.21.15.143:3300/0,v1:172.21.15.143:6789/0] -- mon_getmap magic: 0 v1 -- 0x7fba0c077fe0 con 0x7fba0c077bd0
2023-12-17T11:49:37.411 INFO:teuthology.orchestra.run.smithi143.stdout:/usr/bin/ceph: stderr
2023-12-17T11:49:36.860+0000 7fba10b9d700 1 --2- >> [v2:172.21.15.143:3300/0,v1:172.21.15.143:6789/0] conn(0x7fba0c077bd0 0x7fba0c0760e0 unknown :-1 s=BANNER_CONNECTING pgs=0 cs=0 l=0 rev1=0 crypto rx=0 tx=0 comp rx=0 tx=0)._handle_peer_banner_payload supported=3 required=0
2023-12-17T11:49:37.411 INFO:teuthology.orchestra.run.smithi143.stdout:/usr/bin/ceph: stderr
2023-12-17T11:49:36.860+0000 7fba10b9d700 1 --2- >> [v2:172.21.15.143:3300/0,v1:172.21.15.143:6789/0] conn(0x7fba0c077bd0 0x7fba0c0760e0 unknown :-1 s=HELLO_CONNECTING pgs=0 cs=0 l=0 rev1=1 crypto rx=0 tx=0 comp rx=0 tx=0).handle_hello peer v2:172.21.15.143:3300/0 says I am v2:172.21.15.143:36646/0 (socket says 172.21.15.143:36646)
2023-12-17T11:49:37.411 INFO:teuthology.orchestra.run.smithi143.stdout:/usr/bin/ceph: stderr
2023-12-17T11:49:36.860+0000 7fba10b9d700 1 -- 172.21.15.143:0/1730293898 learned_addr learned my addr 172.21.15.143:0/1730293898 (peer_addr_for_me v2:172.21.15.143:0/0)
2023-12-17T11:49:37.411 INFO:teuthology.orchestra.run.smithi143.stdout:/usr/bin/ceph: stderr
2023-12-17T11:49:36.860+0000 7fba10b9d700 1 -- 172.21.15.143:0/1730293898 --> [v2:172.21.15.143:3300/0,v1:172.21.15.143:6789/0] -- mon_subscribe({config=0+,monmap=0+}) v3 -- 0x7fba0c076620 con 0x7fba0c077bd0
2023-12-17T11:49:37.411 INFO:teuthology.orchestra.run.smithi143.stdout:/usr/bin/ceph: stderr
2023-12-17T11:49:36.860+0000 7fba10b9d700 1 --2- 172.21.15.143:0/1730293898 >> [v2:172.21.15.143:3300/0,v1:172.21.15.143:6789/0] conn(0x7fba0c077bd0 0x7fba0c0760e0 secure :-1 s=READY pgs=86 cs=0 l=1 rev1=1 crypto rx=0x7fba000098e0 tx=0x7fba00009250 comp rx=0 tx=0).ready entity=mon.0 client_cookie=8c6cb8a039e999d5 server_cookie=0 in_seq=0 out_seq=0
2023-12-17T11:49:37.411 INFO:teuthology.orchestra.run.smithi143.stdout:/usr/bin/ceph: stderr
2023-12-17T11:49:36.860+0000 7fba0b7fe700 1 -- 172.21.15.143:0/1730293898 <== mon.0 v2:172.21.15.143:3300/0 1 ==== mon_map magic: 0 v1 ==== 229+0+0 (secure 0 0 0) 0x7fba0000b860 con 0x7fba0c077bd0
2023-12-17T11:49:37.411 INFO:teuthology.orchestra.run.smithi143.stdout:/usr/bin/ceph: stderr
2023-12-17T11:49:36.861+0000 7fba0b7fe700 1 -- 172.21.15.143:0/1730293898 <== mon.0 v2:172.21.15.143:3300/0 2 ==== config(26 keys) v1 ==== 1074+0+0 (secure 0 0 0) 0x7fba0000be70 con 0x7fba0c077bd0
2023-12-17T11:49:37.411 INFO:teuthology.orchestra.run.smithi143.stdout:/usr/bin/ceph: stderr
2023-12-17T11:49:36.861+0000 7fba0b7fe700 1 -- 172.21.15.143:0/1730293898 <== mon.0 v2:172.21.15.143:3300/0 3 ==== mon_map magic: 0 v1 ==== 229+0+0 (secure 0 0 0) 0x7fba00010380 con 0x7fba0c077bd0
2023-12-17T11:49:37.412 INFO:teuthology.orchestra.run.smithi143.stdout:/usr/bin/ceph: stderr
2023-12-17T11:49:36.861+0000 7fba12e01700 1 -- 172.21.15.143:0/1730293898 >> [v2:172.21.15.143:3300/0,v1:172.21.15.143:6789/0] conn(0x7fba0c077bd0 msgr2=0x7fba0c0760e0 secure :-1 s=STATE_CONNECTION_ESTABLISHED l=1).mark_down
2023-12-17T11:49:37.412 INFO:teuthology.orchestra.run.smithi143.stdout:/usr/bin/ceph: stderr
2023-12-17T11:49:36.861+0000 7fba12e01700 1 --2- 172.21.15.143:0/1730293898 >> [v2:172.21.15.143:3300/0,v1:172.21.15.143:6789/0] conn(0x7fba0c077bd0 0x7fba0c0760e0 secure :-1 s=READY pgs=86 cs=0 l=1 rev1=1 crypto rx=0x7fba000098e0 tx=0x7fba00009250 comp rx=0 tx=0).stop
