2023-12-17T11:49:37.412 INFO:teuthology.orchestra.run.smithi143.stdout:/usr/bin/ceph: stderr
2023-12-17T11:49:36.861+0000 7fba12e01700 1 -- 172.21.15.143:0/1730293898 shutdown_connections
2023-12-17T11:49:37.412 INFO:teuthology.orchestra.run.smithi143.stdout:/usr/bin/ceph: stderr
2023-12-17T11:49:36.861+0000 7fba12e01700 1 --2- 172.21.15.143:0/1730293898 >> [v2:172.21.15.143:3300/0,v1:172.21.15.143:6789/0] conn(0x7fba0c077bd0 0x7fba0c0760e0 unknown :-1 s=CLOSED pgs=86 cs=0 l=1 rev1=1 crypto rx=0 tx=0 comp rx=0 tx=0).stop
2023-12-17T11:49:37.412 INFO:teuthology.orchestra.run.smithi143.stdout:/usr/bin/ceph: stderr
2023-12-17T11:49:36.861+0000 7fba12e01700 1 -- 172.21.15.143:0/1730293898 >> 172.21.15.143:0/1730293898 conn(0x7fba0c0fda50 msgr2=0x7fba0c0ffe60 unknown :-1 s=STATE_NONE l=0).mark_down
2023-12-17T11:49:37.412 INFO:teuthology.orchestra.run.smithi143.stdout:/usr/bin/ceph: stderr
2023-12-17T11:49:36.861+0000 7fba12e01700 1 -- 172.21.15.143:0/1730293898 shutdown_connections
2023-12-17T11:49:37.412 INFO:teuthology.orchestra.run.smithi143.stdout:/usr/bin/ceph: stderr
2023-12-17T11:49:36.861+0000 7fba12e01700 1 -- 172.21.15.143:0/1730293898 wait complete.
2023-12-17T11:49:37.412 INFO:teuthology.orchestra.run.smithi143.stdout:/usr/bin/ceph: stderr
2023-12-17T11:49:36.862+0000 7fba12e01700 1 Processor -- start
2023-12-17T11:49:37.412 INFO:teuthology.orchestra.run.smithi143.stdout:/usr/bin/ceph: stderr
2023-12-17T11:49:36.862+0000 7fba12e01700 1 -- start start
2023-12-17T11:49:37.412 INFO:teuthology.orchestra.run.smithi143.stdout:/usr/bin/ceph: stderr
2023-12-17T11:49:36.863+0000 7fba12e01700 1 --2- >> [v2:172.21.15.143:3300/0,v1:172.21.15.143:6789/0] conn(0x7fba0c077bd0 0x7fba0c113370 unknown :-1 s=NONE pgs=0 cs=0 l=1 rev1=0 crypto rx=0 tx=0 comp rx=0 tx=0).connect
2023-12-17T11:49:37.412 INFO:teuthology.orchestra.run.smithi143.stdout:/usr/bin/ceph: stderr
2023-12-17T11:49:36.863+0000 7fba12e01700 1 -- --> [v2:172.21.15.143:3300/0,v1:172.21.15.143:6789/0] -- mon_getmap magic: 0 v1 -- 0x7fba0c1138b0 con 0x7fba0c077bd0
2023-12-17T11:49:37.412 INFO:teuthology.orchestra.run.smithi143.stdout:/usr/bin/ceph: stderr
2023-12-17T11:49:36.863+0000 7fba10b9d700 1 --2- >> [v2:172.21.15.143:3300/0,v1:172.21.15.143:6789/0] conn(0x7fba0c077bd0 0x7fba0c113370 unknown :-1 s=BANNER_CONNECTING pgs=0 cs=0 l=1 rev1=0 crypto rx=0 tx=0 comp rx=0 tx=0)._handle_peer_banner_payload supported=3 required=0
2023-12-17T11:49:37.412 INFO:teuthology.orchestra.run.smithi143.stdout:/usr/bin/ceph: stderr
2023-12-17T11:49:36.863+0000 7fba10b9d700 1 --2- >> [v2:172.21.15.143:3300/0,v1:172.21.15.143:6789/0] conn(0x7fba0c077bd0 0x7fba0c113370 unknown :-1 s=HELLO_CONNECTING pgs=0 cs=0 l=1 rev1=1 crypto rx=0 tx=0 comp rx=0 tx=0).handle_hello peer v2:172.21.15.143:3300/0 says I am v2:172.21.15.143:36662/0 (socket says 172.21.15.143:36662)
2023-12-17T11:49:37.412 INFO:teuthology.orchestra.run.smithi143.stdout:/usr/bin/ceph: stderr
2023-12-17T11:49:36.863+0000 7fba10b9d700 1 -- 172.21.15.143:0/1528826798 learned_addr learned my addr 172.21.15.143:0/1528826798 (peer_addr_for_me v2:172.21.15.143:0/0)
2023-12-17T11:49:37.413 INFO:teuthology.orchestra.run.smithi143.stdout:/usr/bin/ceph: stderr
2023-12-17T11:49:36.863+0000 7fba10b9d700 1 -- 172.21.15.143:0/1528826798 --> [v2:172.21.15.143:3300/0,v1:172.21.15.143:6789/0] -- mon_subscribe({config=0+,monmap=0+}) v3 -- 0x7fba000094f0 con 0x7fba0c077bd0
2023-12-17T11:49:37.413 INFO:teuthology.orchestra.run.smithi143.stdout:/usr/bin/ceph: stderr
2023-12-17T11:49:36.863+0000 7fba10b9d700 1 --2- 172.21.15.143:0/1528826798 >> [v2:172.21.15.143:3300/0,v1:172.21.15.143:6789/0] conn(0x7fba0c077bd0 0x7fba0c113370 secure :-1 s=READY pgs=87 cs=0 l=1 rev1=1 crypto rx=0x7fba00006d40 tx=0x7fba00009250 comp rx=0 tx=0).ready entity=mon.0 client_cookie=0 server_cookie=0 in_seq=0 out_seq=0
2023-12-17T11:49:37.413 INFO:teuthology.orchestra.run.smithi143.stdout:/usr/bin/ceph: stderr
2023-12-17T11:49:36.864+0000 7fba097fa700 1 -- 172.21.15.143:0/1528826798 <== mon.0 v2:172.21.15.143:3300/0 1 ==== mon_map magic: 0 v1 ==== 229+0+0 (secure 0 0 0) 0x7fba00010960 con 0x7fba0c077bd0
2023-12-17T11:49:37.413 INFO:teuthology.orchestra.run.smithi143.stdout:/usr/bin/ceph: stderr
2023-12-17T11:49:36.864+0000 7fba097fa700 1 -- 172.21.15.143:0/1528826798 <== mon.0 v2:172.21.15.143:3300/0 2 ==== config(26 keys) v1 ==== 1074+0+0 (secure 0 0 0) 0x7fba0001a430 con 0x7fba0c077bd0
2023-12-17T11:49:37.413 INFO:teuthology.orchestra.run.smithi143.stdout:/usr/bin/ceph: stderr
2023-12-17T11:49:36.864+0000 7fba12e01700 1 -- 172.21.15.143:0/1528826798 --> [v2:172.21.15.143:3300/0,v1:172.21.15.143:6789/0] -- mon_subscribe({mgrmap=0+}) v3 -- 0x7fba0c113ab0 con 0x7fba0c077bd0
2023-12-17T11:49:37.413 INFO:teuthology.orchestra.run.smithi143.stdout:/usr/bin/ceph: stderr
2023-12-17T11:49:36.864+0000 7fba097fa700 1 -- 172.21.15.143:0/1528826798 <== mon.0 v2:172.21.15.143:3300/0 3 ==== mon_map magic: 0 v1 ==== 229+0+0 (secure 0 0 0) 0x7fba000245b0 con 0x7fba0c077bd0
2023-12-17T11:49:37.413 INFO:teuthology.orchestra.run.smithi143.stdout:/usr/bin/ceph: stderr
2023-12-17T11:49:36.864+0000 7fba12e01700 1 -- 172.21.15.143:0/1528826798 --> [v2:172.21.15.143:3300/0,v1:172.21.15.143:6789/0] -- mon_subscribe({osdmap=0}) v3 -- 0x7fba0c113ec0 con 0x7fba0c077bd0
2023-12-17T11:49:37.413 INFO:teuthology.orchestra.run.smithi143.stdout:/usr/bin/ceph: stderr
2023-12-17T11:49:36.865+0000 7fba097fa700 1 -- 172.21.15.143:0/1528826798 <== mon.0 v2:172.21.15.143:3300/0 4 ==== mgrmap(e 12) v1 ==== 43294+0+0 (secure 0 0 0) 0x7fba0001a9f0 con 0x7fba0c077bd0
2023-12-17T11:49:37.413 INFO:teuthology.orchestra.run.smithi143.stdout:/usr/bin/ceph: stderr
2023-12-17T11:49:36.865+0000 7fba12e01700 1 -- 172.21.15.143:0/1528826798 --> [v2:172.21.15.143:3300/0,v1:172.21.15.143:6789/0] -- mon_command({"prefix": "get_command_descriptions"} v 0) v1 -- 0x7fba0c04bb80 con 0x7fba0c077bd0
2023-12-17T11:49:37.413 INFO:teuthology.orchestra.run.smithi143.stdout:/usr/bin/ceph: stderr
2023-12-17T11:49:36.865+0000 7fba097fa700 1 --2- 172.21.15.143:0/1528826798 >> [v2:172.21.15.143:6800/2670256999,v1:172.21.15.143:6801/2670256999] conn(0x7fb9fc036690 0x7fb9fc038b40 unknown :-1 s=NONE pgs=0 cs=0 l=1 rev1=0 crypto rx=0 tx=0 comp rx=0 tx=0).connect
2023-12-17T11:49:37.413 INFO:teuthology.orchestra.run.smithi143.stdout:/usr/bin/ceph: stderr
2023-12-17T11:49:36.865+0000 7fba097fa700 1 -- 172.21.15.143:0/1528826798 <== mon.0 v2:172.21.15.143:3300/0 5 ==== osd_map(3..3 src has 1..3) v4 ==== 1151+0+0 (secure 0 0 0) 0x7fba0004a300 con 0x7fba0c077bd0
2023-12-17T11:49:37.413 INFO:teuthology.orchestra.run.smithi143.stdout:/usr/bin/ceph: stderr
2023-12-17T11:49:36.865+0000 7fba0bfff700 1 --2- 172.21.15.143:0/1528826798 >> [v2:172.21.15.143:6800/2670256999,v1:172.21.15.143:6801/2670256999] conn(0x7fb9fc036690 0x7fb9fc038b40 unknown :-1 s=BANNER_CONNECTING pgs=0 cs=0 l=1 rev1=0 crypto rx=0 tx=0 comp rx=0 tx=0)._handle_peer_banner_payload supported=3 required=0
2023-12-17T11:49:37.413 INFO:teuthology.orchestra.run.smithi143.stdout:/usr/bin/ceph: stderr
2023-12-17T11:49:36.866+0000 7fba0bfff700 1 --2- 172.21.15.143:0/1528826798 >> [v2:172.21.15.143:6800/2670256999,v1:172.21.15.143:6801/2670256999] conn(0x7fb9fc036690 0x7fb9fc038b40 secure :-1 s=READY pgs=10 cs=0 l=1 rev1=1 crypto rx=0x7fb9f8009990 tx=0x7fb9f8006e40 comp rx=0 tx=0).ready entity=mgr.14162 client_cookie=0 server_cookie=0 in_seq=0 out_seq=0
2023-12-17T11:49:37.413 INFO:teuthology.orchestra.run.smithi143.stdout:/usr/bin/ceph: stderr
2023-12-17T11:49:36.870+0000 7fba097fa700 1 -- 172.21.15.143:0/1528826798 <== mon.0 v2:172.21.15.143:3300/0 6 ==== mon_command_ack([{"prefix": "get_command_descriptions"}]=0 v0) v1 ==== 72+0+174570 (secure 0 0 0) 0x7fba0002b8c0 con 0x7fba0c077bd0
2023-12-17T11:49:37.414 INFO:teuthology.orchestra.run.smithi143.stdout:/usr/bin/ceph: stderr
2023-12-17T11:49:37.067+0000 7fba12e01700 1 -- 172.21.15.143:0/1528826798 --> [v2:172.21.15.143:3300/0,v1:172.21.15.143:6789/0] -- mon_command([{prefix=config set, name=osd_memory_target_autotune}] v 0) v1 -- 0x7fba0c108540 con 0x7fba0c077bd0
2023-12-17T11:49:37.414 INFO:teuthology.orchestra.run.smithi143.stdout:/usr/bin/ceph: stderr
2023-12-17T11:49:37.067+0000 7fba097fa700 1 -- 172.21.15.143:0/1528826798 <== mon.0 v2:172.21.15.143:3300/0 7 ==== mon_command_ack([{prefix=config set, name=osd_memory_target_autotune}]=0 v8)=0 v8) v1 ==== 127+0+0 (secure 0 0 0) 0x7fba0002b2f0 con 0x7fba0c077bd0
2023-12-17T11:49:37.414 INFO:teuthology.orchestra.run.smithi143.stdout:/usr/bin/ceph: stderr
2023-12-17T11:49:37.069+0000 7fba12e01700 1 -- 172.21.15.143:0/1528826798 >> [v2:172.21.15.143:6800/2670256999,v1:172.21.15.143:6801/2670256999] conn(0x7fb9fc036690 msgr2=0x7fb9fc038b40 secure :-1 s=STATE_CONNECTION_ESTABLISHED l=1).mark_down
2023-12-17T11:49:37.414 INFO:teuthology.orchestra.run.smithi143.stdout:/usr/bin/ceph: stderr
2023-12-17T11:49:37.069+0000 7fba12e01700 1 --2- 172.21.15.143:0/1528826798 >> [v2:172.21.15.143:6800/2670256999,v1:172.21.15.143:6801/2670256999] conn(0x7fb9fc036690 0x7fb9fc038b40 secure :-1 s=READY pgs=10 cs=0 l=1 rev1=1 crypto rx=0x7fb9f8009990 tx=0x7fb9f8006e40 comp rx=0 tx=0).stop
2023-12-17T11:49:37.414 INFO:teuthology.orchestra.run.smithi143.stdout:/usr/bin/ceph: stderr
2023-12-17T11:49:37.069+0000 7fba12e01700 1 -- 172.21.15.143:0/1528826798 >> [v2:172.21.15.143:3300/0,v1:172.21.15.143:6789/0] conn(0x7fba0c077bd0 msgr2=0x7fba0c113370 secure :-1 s=STATE_CONNECTION_ESTABLISHED l=1).mark_down
2023-12-17T11:49:37.414 INFO:teuthology.orchestra.run.smithi143.stdout:/usr/bin/ceph: stderr
2023-12-17T11:49:37.069+0000 7fba12e01700 1 --2- 172.21.15.143:0/1528826798 >> [v2:172.21.15.143:3300/0,v1:172.21.15.143:6789/0] conn(0x7fba0c077bd0 0x7fba0c113370 secure :-1 s=READY pgs=87 cs=0 l=1 rev1=1 crypto rx=0x7fba00006d40 tx=0x7fba00009250 comp rx=0 tx=0).stop
2023-12-17T11:49:37.414 INFO:teuthology.orchestra.run.smithi143.stdout:/usr/bin/ceph: stderr
2023-12-17T11:49:37.069+0000 7fba12e01700 1 -- 172.21.15.143:0/1528826798 shutdown_connections
2023-12-17T11:49:37.414 INFO:teuthology.orchestra.run.smithi143.stdout:/usr/bin/ceph: stderr
2023-12-17T11:49:37.069+0000 7fba12e01700 1 --2- 172.21.15.143:0/1528826798 >> [v2:172.21.15.143:6800/2670256999,v1:172.21.15.143:6801/2670256999] conn(0x7fb9fc036690 0x7fb9fc038b40 unknown :-1 s=CLOSED pgs=10 cs=0 l=1 rev1=1 crypto rx=0 tx=0 comp rx=0 tx=0).stop
2023-12-17T11:49:37.414 INFO:teuthology.orchestra.run.smithi143.stdout:/usr/bin/ceph: stderr
2023-12-17T11:49:37.069+0000 7fba12e01700 1 --2- 172.21.15.143:0/1528826798 >> [v2:172.21.15.143:3300/0,v1:172.21.15.143:6789/0] conn(0x7fba0c077bd0 0x7fba0c113370 unknown :-1 s=CLOSED pgs=87 cs=0 l=1 rev1=1 crypto rx=0 tx=0 comp rx=0 tx=0).stop
2023-12-17T11:49:37.414 INFO:teuthology.orchestra.run.smithi143.stdout:/usr/bin/ceph: stderr
2023-12-17T11:49:37.069+0000 7fba12e01700 1 -- 172.21.15.143:0/1528826798 >> 172.21.15.143:0/1528826798 conn(0x7fba0c0fda50 msgr2=0x7fba0c0ffe10 unknown :-1 s=STATE_NONE l=0).mark_down
2023-12-17T11:49:37.414 INFO:teuthology.orchestra.run.smithi143.stdout:/usr/bin/ceph: stderr
2023-12-17T11:49:37.070+0000 7fba12e01700 1 -- 172.21.15.143:0/1528826798 shutdown_connections
2023-12-17T11:49:37.414 INFO:teuthology.orchestra.run.smithi143.stdout:/usr/bin/ceph: stderr
2023-12-17T11:49:37.070+0000 7fba12e01700 1 -- 172.21.15.143:0/1528826798 wait complete.
2023-12-17T11:49:38.436 INFO:teuthology.orchestra.run.smithi143.stdout:/usr/bin/ceph: stderr
2023-12-17T11:49:37.815+0000 7fea55b8d700 1 Processor -- start
2023-12-17T11:49:38.437 INFO:teuthology.orchestra.run.smithi143.stdout:/usr/bin/ceph: stderr
2023-12-17T11:49:37.815+0000 7fea55b8d700 1 -- start start
2023-12-17T11:49:38.437 INFO:teuthology.orchestra.run.smithi143.stdout:/usr/bin/ceph: stderr
2023-12-17T11:49:37.815+0000 7fea55b8d700 1 --2- >> [v2:172.21.15.143:3300/0,v1:172.21.15.143:6789/0] conn(0x7fea50077bf0 0x7fea50076100 unknown :-1 s=NONE pgs=0 cs=0 l=0 rev1=0 crypto rx=0 tx=0 comp rx=0 tx=0).connect
2023-12-17T11:49:38.437 INFO:teuthology.orchestra.run.smithi143.stdout:/usr/bin/ceph: stderr
2023-12-17T11:49:37.815+0000 7fea55b8d700 1 -- --> [v2:172.21.15.143:3300/0,v1:172.21.15.143:6789/0] -- mon_getmap magic: 0 v1 -- 0x7fea50078000 con 0x7fea50077bf0
2023-12-17T11:49:38.437 INFO:teuthology.orchestra.run.smithi143.stdout:/usr/bin/ceph: stderr
2023-12-17T11:49:37.815+0000 7fea4f7fe700 1 --2- >> [v2:172.21.15.143:3300/0,v1:172.21.15.143:6789/0] conn(0x7fea50077bf0 0x7fea50076100 unknown :-1 s=BANNER_CONNECTING pgs=0 cs=0 l=0 rev1=0 crypto rx=0 tx=0 comp rx=0 tx=0)._handle_peer_banner_payload supported=3 required=0
2023-12-17T11:49:38.437 INFO:teuthology.orchestra.run.smithi143.stdout:/usr/bin/ceph: stderr
2023-12-17T11:49:37.815+0000 7fea4f7fe700 1 --2- >> [v2:172.21.15.143:3300/0,v1:172.21.15.143:6789/0] conn(0x7fea50077bf0 0x7fea50076100 unknown :-1 s=HELLO_CONNECTING pgs=0 cs=0 l=0 rev1=1 crypto rx=0 tx=0 comp rx=0 tx=0).handle_hello peer v2:172.21.15.143:3300/0 says I am v2:172.21.15.143:39452/0 (socket says 172.21.15.143:39452)
2023-12-17T11:49:38.437 INFO:teuthology.orchestra.run.smithi143.stdout:/usr/bin/ceph: stderr
2023-12-17T11:49:37.815+0000 7fea4f7fe700 1 -- 172.21.15.143:0/2062610354 learned_addr learned my addr 172.21.15.143:0/2062610354 (peer_addr_for_me v2:172.21.15.143:0/0)
2023-12-17T11:49:38.437 INFO:teuthology.orchestra.run.smithi143.stdout:/usr/bin/ceph: stderr
2023-12-17T11:49:37.816+0000 7fea4f7fe700 1 -- 172.21.15.143:0/2062610354 --> [v2:172.21.15.143:3300/0,v1:172.21.15.143:6789/0] -- mon_subscribe({config=0+,monmap=0+}) v3 -- 0x7fea50076640 con 0x7fea50077bf0
2023-12-17T11:49:38.437 INFO:teuthology.orchestra.run.smithi143.stdout:/usr/bin/ceph: stderr
2023-12-17T11:49:37.816+0000 7fea4f7fe700 1 --2- 172.21.15.143:0/2062610354 >> [v2:172.21.15.143:3300/0,v1:172.21.15.143:6789/0] conn(0x7fea50077bf0 0x7fea50076100 secure :-1 s=READY pgs=88 cs=0 l=1 rev1=1 crypto rx=0x7fea400098e0 tx=0x7fea40009250 comp rx=0 tx=0).ready entity=mon.0 client_cookie=bbae73ed85c2d8db server_cookie=0 in_seq=0 out_seq=0
2023-12-17T11:49:38.437 INFO:teuthology.orchestra.run.smithi143.stdout:/usr/bin/ceph: stderr
2023-12-17T11:49:37.816+0000 7fea4e7fc700 1 -- 172.21.15.143:0/2062610354 <== mon.0 v2:172.21.15.143:3300/0 1 ==== mon_map magic: 0 v1 ==== 229+0+0 (secure 0 0 0) 0x7fea4000b860 con 0x7fea50077bf0
2023-12-17T11:49:38.437 INFO:teuthology.orchestra.run.smithi143.stdout:/usr/bin/ceph: stderr
2023-12-17T11:49:37.816+0000 7fea4e7fc700 1 -- 172.21.15.143:0/2062610354 <== mon.0 v2:172.21.15.143:3300/0 2 ==== config(26 keys) v1 ==== 1074+0+0 (secure 0 0 0) 0x7fea4000be70 con 0x7fea50077bf0
2023-12-17T11:49:38.437 INFO:teuthology.orchestra.run.smithi143.stdout:/usr/bin/ceph: stderr
2023-12-17T11:49:37.816+0000 7fea4e7fc700 1 -- 172.21.15.143:0/2062610354 <== mon.0 v2:172.21.15.143:3300/0 3 ==== mon_map magic: 0 v1 ==== 229+0+0 (secure 0 0 0) 0x7fea40010380 con 0x7fea50077bf0
2023-12-17T11:49:38.438 INFO:teuthology.orchestra.run.smithi143.stdout:/usr/bin/ceph: stderr
2023-12-17T11:49:37.817+0000 7fea55b8d700 1 -- 172.21.15.143:0/2062610354 >> [v2:172.21.15.143:3300/0,v1:172.21.15.143:6789/0] conn(0x7fea50077bf0 msgr2=0x7fea50076100 secure :-1 s=STATE_CONNECTION_ESTABLISHED l=1).mark_down
2023-12-17T11:49:38.438 INFO:teuthology.orchestra.run.smithi143.stdout:/usr/bin/ceph: stderr
2023-12-17T11:49:37.817+0000 7fea55b8d700 1 --2- 172.21.15.143:0/2062610354 >> [v2:172.21.15.143:3300/0,v1:172.21.15.143:6789/0] conn(0x7fea50077bf0 0x7fea50076100 secure :-1 s=READY pgs=88 cs=0 l=1 rev1=1 crypto rx=0x7fea400098e0 tx=0x7fea40009250 comp rx=0 tx=0).stop
2023-12-17T11:49:38.438 INFO:teuthology.orchestra.run.smithi143.stdout:/usr/bin/ceph: stderr
2023-12-17T11:49:37.817+0000 7fea55b8d700 1 -- 172.21.15.143:0/2062610354 shutdown_connections
2023-12-17T11:49:38.438 INFO:teuthology.orchestra.run.smithi143.stdout:/usr/bin/ceph: stderr
2023-12-17T11:49:37.817+0000 7fea55b8d700 1 --2- 172.21.15.143:0/2062610354 >> [v2:172.21.15.143:3300/0,v1:172.21.15.143:6789/0] conn(0x7fea50077bf0 0x7fea50076100 unknown :-1 s=CLOSED pgs=88 cs=0 l=1 rev1=1 crypto rx=0 tx=0 comp rx=0 tx=0).stop
2023-12-17T11:49:38.438 INFO:teuthology.orchestra.run.smithi143.stdout:/usr/bin/ceph: stderr
2023-12-17T11:49:37.817+0000 7fea55b8d700 1 -- 172.21.15.143:0/2062610354 >> 172.21.15.143:0/2062610354 conn(0x7fea500fda50 msgr2=0x7fea500ffe60 unknown :-1 s=STATE_NONE l=0).mark_down
2023-12-17T11:49:38.438 INFO:teuthology.orchestra.run.smithi143.stdout:/usr/bin/ceph: stderr
2023-12-17T11:49:37.817+0000 7fea55b8d700 1 -- 172.21.15.143:0/2062610354 shutdown_connections
2023-12-17T11:49:38.438 INFO:teuthology.orchestra.run.smithi143.stdout:/usr/bin/ceph: stderr
2023-12-17T11:49:37.817+0000 7fea55b8d700 1 -- 172.21.15.143:0/2062610354 wait complete.
2023-12-17T11:49:38.438 INFO:teuthology.orchestra.run.smithi143.stdout:/usr/bin/ceph: stderr
2023-12-17T11:49:37.818+0000 7fea55b8d700 1 Processor -- start
2023-12-17T11:49:38.438 INFO:teuthology.orchestra.run.smithi143.stdout:/usr/bin/ceph: stderr
2023-12-17T11:49:37.818+0000 7fea55b8d700 1 -- start start
2023-12-17T11:49:38.438 INFO:teuthology.orchestra.run.smithi143.stdout:/usr/bin/ceph: stderr
2023-12-17T11:49:37.818+0000 7fea55b8d700 1 --2- >> [v2:172.21.15.143:3300/0,v1:172.21.15.143:6789/0] conn(0x7fea50077bf0 0x7fea501133e0 unknown :-1 s=NONE pgs=0 cs=0 l=1 rev1=0 crypto rx=0 tx=0 comp rx=0 tx=0).connect
2023-12-17T11:49:38.439 INFO:teuthology.orchestra.run.smithi143.stdout:/usr/bin/ceph: stderr
2023-12-17T11:49:37.818+0000 7fea55b8d700 1 -- --> [v2:172.21.15.143:3300/0,v1:172.21.15.143:6789/0] -- mon_getmap magic: 0 v1 -- 0x7fea50113920 con 0x7fea50077bf0
2023-12-17T11:49:38.439 INFO:teuthology.orchestra.run.smithi143.stdout:/usr/bin/ceph: stderr
2023-12-17T11:49:37.818+0000 7fea4f7fe700 1 --2- >> [v2:172.21.15.143:3300/0,v1:172.21.15.143:6789/0] conn(0x7fea50077bf0 0x7fea501133e0 unknown :-1 s=BANNER_CONNECTING pgs=0 cs=0 l=1 rev1=0 crypto rx=0 tx=0 comp rx=0 tx=0)._handle_peer_banner_payload supported=3 required=0
2023-12-17T11:49:38.439 INFO:teuthology.orchestra.run.smithi143.stdout:/usr/bin/ceph: stderr
2023-12-17T11:49:37.819+0000 7fea4f7fe700 1 --2- >> [v2:172.21.15.143:3300/0,v1:172.21.15.143:6789/0] conn(0x7fea50077bf0 0x7fea501133e0 unknown :-1 s=HELLO_CONNECTING pgs=0 cs=0 l=1 rev1=1 crypto rx=0 tx=0 comp rx=0 tx=0).handle_hello peer v2:172.21.15.143:3300/0 says I am v2:172.21.15.143:39466/0 (socket says 172.21.15.143:39466)
2023-12-17T11:49:38.439 INFO:teuthology.orchestra.run.smithi143.stdout:/usr/bin/ceph: stderr
2023-12-17T11:49:37.819+0000 7fea4f7fe700 1 -- 172.21.15.143:0/3833951958 learned_addr learned my addr 172.21.15.143:0/3833951958 (peer_addr_for_me v2:172.21.15.143:0/0)
2023-12-17T11:49:38.439 INFO:teuthology.orchestra.run.smithi143.stdout:/usr/bin/ceph: stderr
2023-12-17T11:49:37.819+0000 7fea4f7fe700 1 -- 172.21.15.143:0/3833951958 --> [v2:172.21.15.143:3300/0,v1:172.21.15.143:6789/0] -- mon_subscribe({config=0+,monmap=0+}) v3 -- 0x7fea400094f0 con 0x7fea50077bf0
2023-12-17T11:49:38.439 INFO:teuthology.orchestra.run.smithi143.stdout:/usr/bin/ceph: stderr
2023-12-17T11:49:37.819+0000 7fea4f7fe700 1 --2- 172.21.15.143:0/3833951958 >> [v2:172.21.15.143:3300/0,v1:172.21.15.143:6789/0] conn(0x7fea50077bf0 0x7fea501133e0 secure :-1 s=READY pgs=89 cs=0 l=1 rev1=1 crypto rx=0x7fea40006d40 tx=0x7fea40009250 comp rx=0 tx=0).ready entity=mon.0 client_cookie=0 server_cookie=0 in_seq=0 out_seq=0
2023-12-17T11:49:38.439 INFO:teuthology.orchestra.run.smithi143.stdout:/usr/bin/ceph: stderr
2023-12-17T11:49:37.819+0000 7fea37fff700 1 -- 172.21.15.143:0/3833951958 <== mon.0 v2:172.21.15.143:3300/0 1 ==== mon_map magic: 0 v1 ==== 229+0+0 (secure 0 0 0) 0x7fea40010960 con 0x7fea50077bf0
2023-12-17T11:49:38.439 INFO:teuthology.orchestra.run.smithi143.stdout:/usr/bin/ceph: stderr
2023-12-17T11:49:37.819+0000 7fea37fff700 1 -- 172.21.15.143:0/3833951958 <== mon.0 v2:172.21.15.143:3300/0 2 ==== config(26 keys) v1 ==== 1074+0+0 (secure 0 0 0) 0x7fea4001a430 con 0x7fea50077bf0
2023-12-17T11:49:38.439 INFO:teuthology.orchestra.run.smithi143.stdout:/usr/bin/ceph: stderr
2023-12-17T11:49:37.819+0000 7fea37fff700 1 -- 172.21.15.143:0/3833951958 <== mon.0 v2:172.21.15.143:3300/0 3 ==== mon_map magic: 0 v1 ==== 229+0+0 (secure 0 0 0) 0x7fea400245b0 con 0x7fea50077bf0
2023-12-17T11:49:38.439 INFO:teuthology.orchestra.run.smithi143.stdout:/usr/bin/ceph: stderr
2023-12-17T11:49:37.819+0000 7fea55b8d700 1 -- 172.21.15.143:0/3833951958 --> [v2:172.21.15.143:3300/0,v1:172.21.15.143:6789/0] -- mon_subscribe({mgrmap=0+}) v3 -- 0x7fea50113b20 con 0x7fea50077bf0
2023-12-17T11:49:38.439 INFO:teuthology.orchestra.run.smithi143.stdout:/usr/bin/ceph: stderr
2023-12-17T11:49:37.819+0000 7fea55b8d700 1 -- 172.21.15.143:0/3833951958 --> [v2:172.21.15.143:3300/0,v1:172.21.15.143:6789/0] -- mon_subscribe({osdmap=0}) v3 -- 0x7fea50113f30 con 0x7fea50077bf0
2023-12-17T11:49:38.439 INFO:teuthology.orchestra.run.smithi143.stdout:/usr/bin/ceph: stderr
2023-12-17T11:49:37.820+0000 7fea37fff700 1 -- 172.21.15.143:0/3833951958 <== mon.0 v2:172.21.15.143:3300/0 4 ==== mgrmap(e 12) v1 ==== 43294+0+0 (secure 0 0 0) 0x7fea4001a9f0 con 0x7fea50077bf0
2023-12-17T11:49:38.439 INFO:teuthology.orchestra.run.smithi143.stdout:/usr/bin/ceph: stderr
2023-12-17T11:49:37.821+0000 7fea55b8d700 1 -- 172.21.15.143:0/3833951958 --> [v2:172.21.15.143:3300/0,v1:172.21.15.143:6789/0] -- mon_command({"prefix": "get_command_descriptions"} v 0) v1 -- 0x7fea5004bb80 con 0x7fea50077bf0
2023-12-17T11:49:38.440 INFO:teuthology.orchestra.run.smithi143.stdout:/usr/bin/ceph: stderr
2023-12-17T11:49:37.821+0000 7fea37fff700 1 --2- 172.21.15.143:0/3833951958 >> [v2:172.21.15.143:6800/2670256999,v1:172.21.15.143:6801/2670256999] conn(0x7fea38036640 0x7fea38038af0 unknown :-1 s=NONE pgs=0 cs=0 l=1 rev1=0 crypto rx=0 tx=0 comp rx=0 tx=0).connect
2023-12-17T11:49:38.440 INFO:teuthology.orchestra.run.smithi143.stdout:/usr/bin/ceph: stderr
2023-12-17T11:49:37.821+0000 7fea37fff700 1 -- 172.21.15.143:0/3833951958 <== mon.0 v2:172.21.15.143:3300/0 5 ==== osd_map(3..3 src has 1..3) v4 ==== 1151+0+0 (secure 0 0 0) 0x7fea4004a270 con 0x7fea50077bf0
2023-12-17T11:49:38.440 INFO:teuthology.orchestra.run.smithi143.stdout:/usr/bin/ceph: stderr
2023-12-17T11:49:37.821+0000 7fea4effd700 1 --2- 172.21.15.143:0/3833951958 >> [v2:172.21.15.143:6800/2670256999,v1:172.21.15.143:6801/2670256999] conn(0x7fea38036640 0x7fea38038af0 unknown :-1 s=BANNER_CONNECTING pgs=0 cs=0 l=1 rev1=0 crypto rx=0 tx=0 comp rx=0 tx=0)._handle_peer_banner_payload supported=3 required=0
2023-12-17T11:49:38.440 INFO:teuthology.orchestra.run.smithi143.stdout:/usr/bin/ceph: stderr
2023-12-17T11:49:37.822+0000 7fea4effd700 1 --2- 172.21.15.143:0/3833951958 >> [v2:172.21.15.143:6800/2670256999,v1:172.21.15.143:6801/2670256999] conn(0x7fea38036640 0x7fea38038af0 secure :-1 s=READY pgs=11 cs=0 l=1 rev1=1 crypto rx=0x7fea44009990 tx=0x7fea44006e40 comp rx=0 tx=0).ready entity=mgr.14162 client_cookie=0 server_cookie=0 in_seq=0 out_seq=0
2023-12-17T11:49:38.440 INFO:teuthology.orchestra.run.smithi143.stdout:/usr/bin/ceph: stderr
2023-12-17T11:49:37.825+0000 7fea37fff700 1 -- 172.21.15.143:0/3833951958 <== mon.0 v2:172.21.15.143:3300/0 6 ==== mon_command_ack([{"prefix": "get_command_descriptions"}]=0 v0) v1 ==== 72+0+174570 (secure 0 0 0) 0x7fea4002b8e0 con 0x7fea50077bf0
2023-12-17T11:49:38.440 INFO:teuthology.orchestra.run.smithi143.stdout:/usr/bin/ceph: stderr
2023-12-17T11:49:37.953+0000 7fea37fff700 1 -- 172.21.15.143:0/3833951958 <== mon.0 v2:172.21.15.143:3300/0 7 ==== mgrmap(e 13) v1 ==== 43338+0+0 (secure 0 0 0) 0x7fea4002d3f0 con 0x7fea50077bf0
2023-12-17T11:49:38.440 INFO:teuthology.orchestra.run.smithi143.stdout:/usr/bin/ceph: stderr
2023-12-17T11:49:38.125+0000 7fea55b8d700 1 -- 172.21.15.143:0/3833951958 --> [v2:172.21.15.143:3300/0,v1:172.21.15.143:6789/0] -- mon_command([{prefix=config-key set, key=mgr/dashboard/cluster/status}] v 0) v1 -- 0x7fea50108570 con 0x7fea50077bf0
2023-12-17T11:49:38.440 INFO:teuthology.orchestra.run.smithi143.stdout:/usr/bin/ceph: stderr
2023-12-17T11:49:38.129+0000 7fea37fff700 1 -- 172.21.15.143:0/3833951958 <== mon.0 v2:172.21.15.143:3300/0 8 ==== mon_command_ack([{prefix=config-key set, key=mgr/dashboard/cluster/status}]=0 set mgr/dashboard/cluster/status v33)=0 set mgr/dashboard/cluster/status v33) v1 ==== 153+0+0 (secure 0 0 0) 0x7fea4002bb10 con 0x7fea50077bf0
2023-12-17T11:49:38.440 INFO:teuthology.orchestra.run.smithi143.stdout:/usr/bin/ceph: stderr
2023-12-17T11:49:38.131+0000 7fea55b8d700 1 -- 172.21.15.143:0/3833951958 >> [v2:172.21.15.143:6800/2670256999,v1:172.21.15.143:6801/2670256999] conn(0x7fea38036640 msgr2=0x7fea38038af0 secure :-1 s=STATE_CONNECTION_ESTABLISHED l=1).mark_down
2023-12-17T11:49:38.440 INFO:teuthology.orchestra.run.smithi143.stdout:/usr/bin/ceph: stderr
2023-12-17T11:49:38.131+0000 7fea55b8d700 1 --2- 172.21.15.143:0/3833951958 >> [v2:172.21.15.143:6800/2670256999,v1:172.21.15.143:6801/2670256999] conn(0x7fea38036640 0x7fea38038af0 secure :-1 s=READY pgs=11 cs=0 l=1 rev1=1 crypto rx=0x7fea44009990 tx=0x7fea44006e40 comp rx=0 tx=0).stop
2023-12-17T11:49:38.440 INFO:teuthology.orchestra.run.smithi143.stdout:/usr/bin/ceph: stderr
2023-12-17T11:49:38.131+0000 7fea55b8d700 1 -- 172.21.15.143:0/3833951958 >> [v2:172.21.15.143:3300/0,v1:172.21.15.143:6789/0] conn(0x7fea50077bf0 msgr2=0x7fea501133e0 secure :-1 s=STATE_CONNECTION_ESTABLISHED l=1).mark_down
2023-12-17T11:49:38.440 INFO:teuthology.orchestra.run.smithi143.stdout:/usr/bin/ceph: stderr
2023-12-17T11:49:38.131+0000 7fea55b8d700 1 --2- 172.21.15.143:0/3833951958 >> [v2:172.21.15.143:3300/0,v1:172.21.15.143:6789/0] conn(0x7fea50077bf0 0x7fea501133e0 secure :-1 s=READY pgs=89 cs=0 l=1 rev1=1 crypto rx=0x7fea40006d40 tx=0x7fea40009250 comp rx=0 tx=0).stop
2023-12-17T11:49:38.440 INFO:teuthology.orchestra.run.smithi143.stdout:/usr/bin/ceph: stderr
2023-12-17T11:49:38.131+0000 7fea55b8d700 1 -- 172.21.15.143:0/3833951958 shutdown_connections
2023-12-17T11:49:38.440 INFO:teuthology.orchestra.run.smithi143.stdout:/usr/bin/ceph: stderr
2023-12-17T11:49:38.131+0000 7fea55b8d700 1 --2- 172.21.15.143:0/3833951958 >> [v2:172.21.15.143:6800/2670256999,v1:172.21.15.143:6801/2670256999] conn(0x7fea38036640 0x7fea38038af0 unknown :-1 s=CLOSED pgs=11 cs=0 l=1 rev1=1 crypto rx=0 tx=0 comp rx=0 tx=0).stop
2023-12-17T11:49:38.441 INFO:teuthology.orchestra.run.smithi143.stdout:/usr/bin/ceph: stderr
2023-12-17T11:49:38.131+0000 7fea55b8d700 1 --2- 172.21.15.143:0/3833951958 >> [v2:172.21.15.143:3300/0,v1:172.21.15.143:6789/0] conn(0x7fea50077bf0 0x7fea501133e0 unknown :-1 s=CLOSED pgs=89 cs=0 l=1 rev1=1 crypto rx=0 tx=0 comp rx=0 tx=0).stop
2023-12-17T11:49:38.441 INFO:teuthology.orchestra.run.smithi143.stdout:/usr/bin/ceph: stderr
2023-12-17T11:49:38.131+0000 7fea55b8d700 1 -- 172.21.15.143:0/3833951958 >> 172.21.15.143:0/3833951958 conn(0x7fea500fda50 msgr2=0x7fea500ff270 unknown :-1 s=STATE_NONE l=0).mark_down
2023-12-17T11:49:38.441 INFO:teuthology.orchestra.run.smithi143.stdout:/usr/bin/ceph: stderr
2023-12-17T11:49:38.131+0000 7fea55b8d700 1 -- 172.21.15.143:0/3833951958 shutdown_connections
2023-12-17T11:49:38.441 INFO:teuthology.orchestra.run.smithi143.stdout:/usr/bin/ceph: stderr
2023-12-17T11:49:38.131+0000 7fea55b8d700 1 -- 172.21.15.143:0/3833951958 wait complete.
2023-12-17T11:49:38.441 INFO:teuthology.orchestra.run.smithi143.stdout:/usr/bin/ceph: stderr set mgr/dashboard/cluster/status
2023-12-17T11:49:38.441 INFO:teuthology.orchestra.run.smithi143.stdout:You can access the Ceph CLI as following in case of multi-cluster or non-default config:
2023-12-17T11:49:38.441 INFO:teuthology.orchestra.run.smithi143.stdout:
2023-12-17T11:49:38.441 INFO:teuthology.orchestra.run.smithi143.stdout: sudo /home/ubuntu/cephtest/cephadm shell --fsid 0f676e52-9cd2-11ee-95a5-87774f69a715 -c /etc/ceph/ceph.conf -k /etc/ceph/ceph.client.admin.keyring
2023-12-17T11:49:38.441 INFO:teuthology.orchestra.run.smithi143.stdout:
2023-12-17T11:49:38.441 INFO:teuthology.orchestra.run.smithi143.stdout:Or, if you are only running a single cluster on this host:
2023-12-17T11:49:38.441 INFO:teuthology.orchestra.run.smithi143.stdout:
2023-12-17T11:49:38.441 INFO:teuthology.orchestra.run.smithi143.stdout: sudo /home/ubuntu/cephtest/cephadm shell
2023-12-17T11:49:38.441 INFO:teuthology.orchestra.run.smithi143.stdout:
2023-12-17T11:49:38.441 INFO:teuthology.orchestra.run.smithi143.stdout:Please consider enabling telemetry to help improve Ceph:
2023-12-17T11:49:38.441 INFO:teuthology.orchestra.run.smithi143.stdout:
2023-12-17T11:49:38.441 INFO:teuthology.orchestra.run.smithi143.stdout: ceph telemetry on
2023-12-17T11:49:38.442 INFO:teuthology.orchestra.run.smithi143.stdout:
2023-12-17T11:49:38.442 INFO:teuthology.orchestra.run.smithi143.stdout:For more information see:
2023-12-17T11:49:38.442 INFO:teuthology.orchestra.run.smithi143.stdout:
2023-12-17T11:49:38.442 INFO:teuthology.orchestra.run.smithi143.stdout: https://docs.ceph.com/docs/master/mgr/telemetry/
2023-12-17T11:49:38.442 INFO:teuthology.orchestra.run.smithi143.stdout:
2023-12-17T11:49:38.442 INFO:teuthology.orchestra.run.smithi143.stdout:Bootstrap complete.
2023-12-17T11:49:38.491 INFO:tasks.cephadm:Fetching config...
2023-12-17T11:49:38.492 DEBUG:teuthology.orchestra.run.smithi143:> set -ex
2023-12-17T11:49:38.492 DEBUG:teuthology.orchestra.run.smithi143:> dd if=/etc/ceph/ceph.conf of=/dev/stdout
2023-12-17T11:49:38.537 INFO:tasks.cephadm:Fetching client.admin keyring...
2023-12-17T11:49:38.537 DEBUG:teuthology.orchestra.run.smithi143:> set -ex
2023-12-17T11:49:38.537 DEBUG:teuthology.orchestra.run.smithi143:> dd if=/etc/ceph/ceph.client.admin.keyring of=/dev/stdout
2023-12-17T11:49:38.626 INFO:tasks.cephadm:Fetching mon keyring...
2023-12-17T11:49:38.626 DEBUG:teuthology.orchestra.run.smithi143:> set -ex
2023-12-17T11:49:38.626 DEBUG:teuthology.orchestra.run.smithi143:> sudo dd if=/var/lib/ceph/0f676e52-9cd2-11ee-95a5-87774f69a715/mon.smithi143/keyring of=/dev/stdout
2023-12-17T11:49:38.754 INFO:tasks.cephadm:Fetching pub ssh key...
2023-12-17T11:49:38.754 DEBUG:teuthology.orchestra.run.smithi143:> set -ex
2023-12-17T11:49:38.754 DEBUG:teuthology.orchestra.run.smithi143:> dd if=/home/ubuntu/cephtest/ceph.pub of=/dev/stdout
2023-12-17T11:49:38.801 INFO:tasks.cephadm:Installing pub ssh key for root users...
2023-12-17T11:49:38.801 DEBUG:teuthology.orchestra.run.smithi143:> sudo install -d -m 0700 /root/.ssh && echo 'ssh-rsa AAAAB3NzaC1yc2EAAAADAQABAAABgQDQ1sxSGwWa1ThZb5tqHY3IOMgu0ym1ikC1vPWks1lEQLsEyRhJl/wVu5CkL506Tlcp4pgH9//EanewFMsSpLKdaZnPeEi3th7kYnQvTEeLhcdDT6fILbtvl7VskMC9McE6XCkQmUW7PcST6pDvy7KPm1y8XRFVqxJ/k54HpOuWJoheBfpHFAND5bQP9MHcgfeeYYwwThSnn3BXnptkk865hrjyb5CLz94FllGWg/DAww8GVYpkK2IVMGaBvxnH94XtH6rdz2g816PpY5EkmLg1AualsABPwjiMCf5w9Y2LEDNyv0tWTo22f8NY3oF5LsOsWENtGtLkvheMgi+YRD2UPB8qUi3J+owa4XxIuluyX/aS3INyP/hB8SyW4TgxLc6umSP/6VBlqom+rdiPdna49ExGigvwksoS5PBuccjoI9/BYpAGhGpg01BgpKrvjQsvVtffnSzdg8aVExJl98YE725xQqYXzRVuVkBTFErSXXRInVnx4rIsbggjpzR0qGE= ceph-0f676e52-9cd2-11ee-95a5-87774f69a715' | sudo tee -a /root/.ssh/authorized_keys && sudo chmod 0600 /root/.ssh/authorized_keys
2023-12-17T11:49:38.939 INFO:teuthology.orchestra.run.smithi143.stdout:ssh-rsa AAAAB3NzaC1yc2EAAAADAQABAAABgQDQ1sxSGwWa1ThZb5tqHY3IOMgu0ym1ikC1vPWks1lEQLsEyRhJl/wVu5CkL506Tlcp4pgH9//EanewFMsSpLKdaZnPeEi3th7kYnQvTEeLhcdDT6fILbtvl7VskMC9McE6XCkQmUW7PcST6pDvy7KPm1y8XRFVqxJ/k54HpOuWJoheBfpHFAND5bQP9MHcgfeeYYwwThSnn3BXnptkk865hrjyb5CLz94FllGWg/DAww8GVYpkK2IVMGaBvxnH94XtH6rdz2g816PpY5EkmLg1AualsABPwjiMCf5w9Y2LEDNyv0tWTo22f8NY3oF5LsOsWENtGtLkvheMgi+YRD2UPB8qUi3J+owa4XxIuluyX/aS3INyP/hB8SyW4TgxLc6umSP/6VBlqom+rdiPdna49ExGigvwksoS5PBuccjoI9/BYpAGhGpg01BgpKrvjQsvVtffnSzdg8aVExJl98YE725xQqYXzRVuVkBTFErSXXRInVnx4rIsbggjpzR0qGE= ceph-0f676e52-9cd2-11ee-95a5-87774f69a715
2023-12-17T11:49:38.969 DEBUG:teuthology.orchestra.run.smithi188:> sudo install -d -m 0700 /root/.ssh && echo 'ssh-rsa AAAAB3NzaC1yc2EAAAADAQABAAABgQDQ1sxSGwWa1ThZb5tqHY3IOMgu0ym1ikC1vPWks1lEQLsEyRhJl/wVu5CkL506Tlcp4pgH9//EanewFMsSpLKdaZnPeEi3th7kYnQvTEeLhcdDT6fILbtvl7VskMC9McE6XCkQmUW7PcST6pDvy7KPm1y8XRFVqxJ/k54HpOuWJoheBfpHFAND5bQP9MHcgfeeYYwwThSnn3BXnptkk865hrjyb5CLz94FllGWg/DAww8GVYpkK2IVMGaBvxnH94XtH6rdz2g816PpY5EkmLg1AualsABPwjiMCf5w9Y2LEDNyv0tWTo22f8NY3oF5LsOsWENtGtLkvheMgi+YRD2UPB8qUi3J+owa4XxIuluyX/aS3INyP/hB8SyW4TgxLc6umSP/6VBlqom+rdiPdna49ExGigvwksoS5PBuccjoI9/BYpAGhGpg01BgpKrvjQsvVtffnSzdg8aVExJl98YE725xQqYXzRVuVkBTFErSXXRInVnx4rIsbggjpzR0qGE= ceph-0f676e52-9cd2-11ee-95a5-87774f69a715' | sudo tee -a /root/.ssh/authorized_keys && sudo chmod 0600 /root/.ssh/authorized_keys
2023-12-17T11:49:39.073 INFO:teuthology.orchestra.run.smithi188.stdout:ssh-rsa AAAAB3NzaC1yc2EAAAADAQABAAABgQDQ1sxSGwWa1ThZb5tqHY3IOMgu0ym1ikC1vPWks1lEQLsEyRhJl/wVu5CkL506Tlcp4pgH9//EanewFMsSpLKdaZnPeEi3th7kYnQvTEeLhcdDT6fILbtvl7VskMC9McE6XCkQmUW7PcST6pDvy7KPm1y8XRFVqxJ/k54HpOuWJoheBfpHFAND5bQP9MHcgfeeYYwwThSnn3BXnptkk865hrjyb5CLz94FllGWg/DAww8GVYpkK2IVMGaBvxnH94XtH6rdz2g816PpY5EkmLg1AualsABPwjiMCf5w9Y2LEDNyv0tWTo22f8NY3oF5LsOsWENtGtLkvheMgi+YRD2UPB8qUi3J+owa4XxIuluyX/aS3INyP/hB8SyW4TgxLc6umSP/6VBlqom+rdiPdna49ExGigvwksoS5PBuccjoI9/BYpAGhGpg01BgpKrvjQsvVtffnSzdg8aVExJl98YE725xQqYXzRVuVkBTFErSXXRInVnx4rIsbggjpzR0qGE= ceph-0f676e52-9cd2-11ee-95a5-87774f69a715
2023-12-17T11:49:39.101 DEBUG:teuthology.orchestra.run.smithi143:> sudo /home/ubuntu/cephtest/cephadm --image quay.ceph.io/ceph-ci/ceph:quincy shell -c /etc/ceph/ceph.conf -k /etc/ceph/ceph.client.admin.keyring --fsid 0f676e52-9cd2-11ee-95a5-87774f69a715 -- ceph config set mgr mgr/cephadm/allow_ptrace true
2023-12-17T11:49:39.416 INFO:journalctl@ceph.mon.smithi143.smithi143.stdout:Dec 17 11:49:38 smithi143 ceph-mon[107115]: mgrmap e13: smithi143.rxaqqt(active, since 6s)
2023-12-17T11:49:39.416 INFO:journalctl@ceph.mon.smithi143.smithi143.stdout:Dec 17 11:49:38 smithi143 ceph-mon[107115]: from='client.? 172.21.15.143:0/3833951958' entity='client.admin'
2023-12-17T11:49:39.515 INFO:teuthology.orchestra.run.smithi143.stderr:Inferring config /var/lib/ceph/0f676e52-9cd2-11ee-95a5-87774f69a715/mon.smithi143/config
2023-12-17T11:49:40.902 INFO:teuthology.orchestra.run.smithi143.stderr:2023-12-17T11:49:40.900+0000 7fc932bee700 1 -- 172.21.15.143:0/3259688859 >> [v2:172.21.15.143:3300/0,v1:172.21.15.143:6789/0] conn(0x7fc92c065aa0 msgr2=0x7fc92c101660 secure :-1 s=STATE_CONNECTION_ESTABLISHED l=1).mark_down
2023-12-17T11:49:40.903 INFO:teuthology.orchestra.run.smithi143.stderr:2023-12-17T11:49:40.900+0000 7fc932bee700 1 --2- 172.21.15.143:0/3259688859 >> [v2:172.21.15.143:3300/0,v1:172.21.15.143:6789/0] conn(0x7fc92c065aa0 0x7fc92c101660 secure :-1 s=READY pgs=90 cs=0 l=1 rev1=1 crypto rx=0x7fc9280048c0 tx=0x7fc928009e30 comp rx=0 tx=0).stop
2023-12-17T11:49:40.903 INFO:teuthology.orchestra.run.smithi143.stderr:2023-12-17T11:49:40.900+0000 7fc932bee700 1 -- 172.21.15.143:0/3259688859 shutdown_connections
2023-12-17T11:49:40.903 INFO:teuthology.orchestra.run.smithi143.stderr:2023-12-17T11:49:40.900+0000 7fc932bee700 1 --2- 172.21.15.143:0/3259688859 >> [v2:172.21.15.143:3300/0,v1:172.21.15.143:6789/0] conn(0x7fc92c065aa0 0x7fc92c101660 unknown :-1 s=CLOSED pgs=90 cs=0 l=1 rev1=1 crypto rx=0 tx=0 comp rx=0 tx=0).stop
2023-12-17T11:49:40.903 INFO:teuthology.orchestra.run.smithi143.stderr:2023-12-17T11:49:40.900+0000 7fc932bee700 1 -- 172.21.15.143:0/3259688859 >> 172.21.15.143:0/3259688859 conn(0x7fc92c0f6c70 msgr2=0x7fc92c0f90a0 unknown :-1 s=STATE_NONE l=0).mark_down
2023-12-17T11:49:40.903 INFO:teuthology.orchestra.run.smithi143.stderr:2023-12-17T11:49:40.900+0000 7fc932bee700 1 -- 172.21.15.143:0/3259688859 shutdown_connections
2023-12-17T11:49:40.903 INFO:teuthology.orchestra.run.smithi143.stderr:2023-12-17T11:49:40.900+0000 7fc932bee700 1 -- 172.21.15.143:0/3259688859 wait complete.
2023-12-17T11:49:40.904 INFO:teuthology.orchestra.run.smithi143.stderr:2023-12-17T11:49:40.901+0000 7fc932bee700 1 Processor -- start
2023-12-17T11:49:40.904 INFO:teuthology.orchestra.run.smithi143.stderr:2023-12-17T11:49:40.901+0000 7fc932bee700 1 -- start start
2023-12-17T11:49:40.904 INFO:teuthology.orchestra.run.smithi143.stderr:2023-12-17T11:49:40.901+0000 7fc932bee700 1 --2- >> [v2:172.21.15.143:3300/0,v1:172.21.15.143:6789/0] conn(0x7fc92c065aa0 0x7fc92c0fd600 unknown :-1 s=NONE pgs=0 cs=0 l=1 rev1=0 crypto rx=0 tx=0 comp rx=0 tx=0).connect
2023-12-17T11:49:40.904 INFO:teuthology.orchestra.run.smithi143.stderr:2023-12-17T11:49:40.901+0000 7fc932bee700 1 -- --> [v2:172.21.15.143:3300/0,v1:172.21.15.143:6789/0] -- mon_getmap magic: 0 v1 -- 0x7fc92c0fdb40 con 0x7fc92c065aa0
2023-12-17T11:49:40.904 INFO:teuthology.orchestra.run.smithi143.stderr:2023-12-17T11:49:40.901+0000 7fc931bec700 1 --2- >> [v2:172.21.15.143:3300/0,v1:172.21.15.143:6789/0] conn(0x7fc92c065aa0 0x7fc92c0fd600 unknown :-1 s=BANNER_CONNECTING pgs=0 cs=0 l=1 rev1=0 crypto rx=0 tx=0 comp rx=0 tx=0)._handle_peer_banner_payload supported=3 required=0
2023-12-17T11:49:40.904 INFO:teuthology.orchestra.run.smithi143.stderr:2023-12-17T11:49:40.901+0000 7fc931bec700 1 --2- >> [v2:172.21.15.143:3300/0,v1:172.21.15.143:6789/0] conn(0x7fc92c065aa0 0x7fc92c0fd600 unknown :-1 s=HELLO_CONNECTING pgs=0 cs=0 l=1 rev1=1 crypto rx=0 tx=0 comp rx=0 tx=0).handle_hello peer v2:172.21.15.143:3300/0 says I am v2:172.21.15.143:39496/0 (socket says 172.21.15.143:39496)
2023-12-17T11:49:40.904 INFO:teuthology.orchestra.run.smithi143.stderr:2023-12-17T11:49:40.901+0000 7fc931bec700 1 -- 172.21.15.143:0/582006694 learned_addr learned my addr 172.21.15.143:0/582006694 (peer_addr_for_me v2:172.21.15.143:0/0)
2023-12-17T11:49:40.905 INFO:teuthology.orchestra.run.smithi143.stderr:2023-12-17T11:49:40.902+0000 7fc931bec700 1 -- 172.21.15.143:0/582006694 --> [v2:172.21.15.143:3300/0,v1:172.21.15.143:6789/0] -- mon_subscribe({config=0+,monmap=0+}) v3 -- 0x7fc928005040 con 0x7fc92c065aa0
2023-12-17T11:49:40.905 INFO:teuthology.orchestra.run.smithi143.stderr:2023-12-17T11:49:40.902+0000 7fc931bec700 1 --2- 172.21.15.143:0/582006694 >> [v2:172.21.15.143:3300/0,v1:172.21.15.143:6789/0] conn(0x7fc92c065aa0 0x7fc92c0fd600 secure :-1 s=READY pgs=91 cs=0 l=1 rev1=1 crypto rx=0x7fc928009040 tx=0x7fc928009e30 comp rx=0 tx=0).ready entity=mon.0 client_cookie=0 server_cookie=0 in_seq=0 out_seq=0
2023-12-17T11:49:40.905 INFO:teuthology.orchestra.run.smithi143.stderr:2023-12-17T11:49:40.902+0000 7fc9227fc700 1 -- 172.21.15.143:0/582006694 <== mon.0 v2:172.21.15.143:3300/0 1 ==== mon_map magic: 0 v1 ==== 229+0+0 (secure 0 0 0) 0x7fc928009620 con 0x7fc92c065aa0
2023-12-17T11:49:40.905 INFO:teuthology.orchestra.run.smithi143.stderr:2023-12-17T11:49:40.902+0000 7fc9227fc700 1 -- 172.21.15.143:0/582006694 <== mon.0 v2:172.21.15.143:3300/0 2 ==== config(26 keys) v1 ==== 1074+0+0 (secure 0 0 0) 0x7fc928009780 con 0x7fc92c065aa0
2023-12-17T11:49:40.905 INFO:teuthology.orchestra.run.smithi143.stderr:2023-12-17T11:49:40.902+0000 7fc932bee700 1 -- 172.21.15.143:0/582006694 --> [v2:172.21.15.143:3300/0,v1:172.21.15.143:6789/0] -- mon_subscribe({mgrmap=0+}) v3 -- 0x7fc92c0fdd40 con 0x7fc92c065aa0
2023-12-17T11:49:40.906 INFO:teuthology.orchestra.run.smithi143.stderr:2023-12-17T11:49:40.903+0000 7fc9227fc700 1 -- 172.21.15.143:0/582006694 <== mon.0 v2:172.21.15.143:3300/0 3 ==== mon_map magic: 0 v1 ==== 229+0+0 (secure 0 0 0) 0x7fc92801c5b0 con 0x7fc92c065aa0
2023-12-17T11:49:40.906 INFO:teuthology.orchestra.run.smithi143.stderr:2023-12-17T11:49:40.903+0000 7fc932bee700 1 -- 172.21.15.143:0/582006694 --> [v2:172.21.15.143:3300/0,v1:172.21.15.143:6789/0] -- mon_subscribe({osdmap=0}) v3 -- 0x7fc92c0fea30 con 0x7fc92c065aa0
2023-12-17T11:49:40.906 INFO:teuthology.orchestra.run.smithi143.stderr:2023-12-17T11:49:40.904+0000 7fc932bee700 1 -- 172.21.15.143:0/582006694 --> [v2:172.21.15.143:3300/0,v1:172.21.15.143:6789/0] -- mon_command({"prefix": "get_command_descriptions"} v 0) v1 -- 0x7fc92c04bb80 con 0x7fc92c065aa0
2023-12-17T11:49:40.906 INFO:teuthology.orchestra.run.smithi143.stderr:2023-12-17T11:49:40.904+0000 7fc9227fc700 1 -- 172.21.15.143:0/582006694 <== mon.0 v2:172.21.15.143:3300/0 4 ==== mgrmap(e 13) v1 ==== 43338+0+0 (secure 0 0 0) 0x7fc928013a60 con 0x7fc92c065aa0
2023-12-17T11:49:40.907 INFO:teuthology.orchestra.run.smithi143.stderr:2023-12-17T11:49:40.905+0000 7fc9227fc700 1 --2- 172.21.15.143:0/582006694 >> [v2:172.21.15.143:6800/2670256999,v1:172.21.15.143:6801/2670256999] conn(0x7fc918036720 0x7fc918038bd0 unknown :-1 s=NONE pgs=0 cs=0 l=1 rev1=0 crypto rx=0 tx=0 comp rx=0 tx=0).connect
2023-12-17T11:49:40.908 INFO:teuthology.orchestra.run.smithi143.stderr:2023-12-17T11:49:40.905+0000 7fc9227fc700 1 -- 172.21.15.143:0/582006694 <== mon.0 v2:172.21.15.143:3300/0 5 ==== osd_map(3..3 src has 1..3) v4 ==== 1151+0+0 (secure 0 0 0) 0x7fc928049880 con 0x7fc92c065aa0
2023-12-17T11:49:40.908 INFO:teuthology.orchestra.run.smithi143.stderr:2023-12-17T11:49:40.905+0000 7fc9313eb700 1 --2- 172.21.15.143:0/582006694 >> [v2:172.21.15.143:6800/2670256999,v1:172.21.15.143:6801/2670256999] conn(0x7fc918036720 0x7fc918038bd0 unknown :-1 s=BANNER_CONNECTING pgs=0 cs=0 l=1 rev1=0 crypto rx=0 tx=0 comp rx=0 tx=0)._handle_peer_banner_payload supported=3 required=0
2023-12-17T11:49:40.908 INFO:teuthology.orchestra.run.smithi143.stderr:2023-12-17T11:49:40.906+0000 7fc9313eb700 1 --2- 172.21.15.143:0/582006694 >> [v2:172.21.15.143:6800/2670256999,v1:172.21.15.143:6801/2670256999] conn(0x7fc918036720 0x7fc918038bd0 secure :-1 s=READY pgs=12 cs=0 l=1 rev1=1 crypto rx=0x7fc91c009990 tx=0x7fc91c006e40 comp rx=0 tx=0).ready entity=mgr.14162 client_cookie=0 server_cookie=0 in_seq=0 out_seq=0
2023-12-17T11:49:40.912 INFO:teuthology.orchestra.run.smithi143.stderr:2023-12-17T11:49:40.910+0000 7fc9227fc700 1 -- 172.21.15.143:0/582006694 <== mon.0 v2:172.21.15.143:3300/0 6 ==== mon_command_ack([{"prefix": "get_command_descriptions"}]=0 v0) v1 ==== 72+0+174570 (secure 0 0 0) 0x7fc928011dd0 con 0x7fc92c065aa0
2023-12-17T11:49:41.116 INFO:teuthology.orchestra.run.smithi143.stderr:2023-12-17T11:49:41.114+0000 7fc932bee700 1 -- 172.21.15.143:0/582006694 --> [v2:172.21.15.143:3300/0,v1:172.21.15.143:6789/0] -- mon_command([{prefix=config set, name=mgr/cephadm/allow_ptrace}] v 0) v1 -- 0x7fc92c0ff680 con 0x7fc92c065aa0
2023-12-17T11:49:41.120 INFO:teuthology.orchestra.run.smithi143.stderr:2023-12-17T11:49:41.117+0000 7fc9227fc700 1 -- 172.21.15.143:0/582006694 <== mon.0 v2:172.21.15.143:3300/0 7 ==== mon_command_ack([{prefix=config set, name=mgr/cephadm/allow_ptrace}]=0 v9)=0 v9) v1 ==== 125+0+0 (secure 0 0 0) 0x7fc928011370 con 0x7fc92c065aa0
2023-12-17T11:49:41.122 INFO:teuthology.orchestra.run.smithi143.stderr:2023-12-17T11:49:41.120+0000 7fc932bee700 1 -- 172.21.15.143:0/582006694 >> [v2:172.21.15.143:6800/2670256999,v1:172.21.15.143:6801/2670256999] conn(0x7fc918036720 msgr2=0x7fc918038bd0 secure :-1 s=STATE_CONNECTION_ESTABLISHED l=1).mark_down
2023-12-17T11:49:41.122 INFO:teuthology.orchestra.run.smithi143.stderr:2023-12-17T11:49:41.120+0000 7fc932bee700 1 --2- 172.21.15.143:0/582006694 >> [v2:172.21.15.143:6800/2670256999,v1:172.21.15.143:6801/2670256999] conn(0x7fc918036720 0x7fc918038bd0 secure :-1 s=READY pgs=12 cs=0 l=1 rev1=1 crypto rx=0x7fc91c009990 tx=0x7fc91c006e40 comp rx=0 tx=0).stop
2023-12-17T11:49:41.122 INFO:teuthology.orchestra.run.smithi143.stderr:2023-12-17T11:49:41.120+0000 7fc932bee700 1 -- 172.21.15.143:0/582006694 >> [v2:172.21.15.143:3300/0,v1:172.21.15.143:6789/0] conn(0x7fc92c065aa0 msgr2=0x7fc92c0fd600 secure :-1 s=STATE_CONNECTION_ESTABLISHED l=1).mark_down
2023-12-17T11:49:41.122 INFO:teuthology.orchestra.run.smithi143.stderr:2023-12-17T11:49:41.120+0000 7fc932bee700 1 --2- 172.21.15.143:0/582006694 >> [v2:172.21.15.143:3300/0,v1:172.21.15.143:6789/0] conn(0x7fc92c065aa0 0x7fc92c0fd600 secure :-1 s=READY pgs=91 cs=0 l=1 rev1=1 crypto rx=0x7fc928009040 tx=0x7fc928009e30 comp rx=0 tx=0).stop
2023-12-17T11:49:41.122 INFO:teuthology.orchestra.run.smithi143.stderr:2023-12-17T11:49:41.120+0000 7fc932bee700 1 -- 172.21.15.143:0/582006694 shutdown_connections
2023-12-17T11:49:41.122 INFO:teuthology.orchestra.run.smithi143.stderr:2023-12-17T11:49:41.120+0000 7fc932bee700 1 --2- 172.21.15.143:0/582006694 >> [v2:172.21.15.143:6800/2670256999,v1:172.21.15.143:6801/2670256999] conn(0x7fc918036720 0x7fc918038bd0 unknown :-1 s=CLOSED pgs=12 cs=0 l=1 rev1=1 crypto rx=0 tx=0 comp rx=0 tx=0).stop
2023-12-17T11:49:41.122 INFO:teuthology.orchestra.run.smithi143.stderr:2023-12-17T11:49:41.120+0000 7fc932bee700 1 --2- 172.21.15.143:0/582006694 >> [v2:172.21.15.143:3300/0,v1:172.21.15.143:6789/0] conn(0x7fc92c065aa0 0x7fc92c0fd600 unknown :-1 s=CLOSED pgs=91 cs=0 l=1 rev1=1 crypto rx=0 tx=0 comp rx=0 tx=0).stop
2023-12-17T11:49:41.122 INFO:teuthology.orchestra.run.smithi143.stderr:2023-12-17T11:49:41.120+0000 7fc932bee700 1 -- 172.21.15.143:0/582006694 >> 172.21.15.143:0/582006694 conn(0x7fc92c0f6c70 msgr2=0x7fc92c0f7a00 unknown :-1 s=STATE_NONE l=0).mark_down
2023-12-17T11:49:41.123 INFO:teuthology.orchestra.run.smithi143.stderr:2023-12-17T11:49:41.120+0000 7fc932bee700 1 -- 172.21.15.143:0/582006694 shutdown_connections
2023-12-17T11:49:41.123 INFO:teuthology.orchestra.run.smithi143.stderr:2023-12-17T11:49:41.120+0000 7fc932bee700 1 -- 172.21.15.143:0/582006694 wait complete.
2023-12-17T11:49:41.494 INFO:tasks.cephadm:Distributing conf and client.admin keyring to all hosts + 0755
2023-12-17T11:49:41.494 DEBUG:teuthology.orchestra.run.smithi143:> sudo /home/ubuntu/cephtest/cephadm --image quay.ceph.io/ceph-ci/ceph:quincy shell -c /etc/ceph/ceph.conf -k /etc/ceph/ceph.client.admin.keyring --fsid 0f676e52-9cd2-11ee-95a5-87774f69a715 -- ceph orch client-keyring set client.admin '*' --mode 0755
2023-12-17T11:49:41.916 INFO:journalctl@ceph.mon.smithi143.smithi143.stdout:Dec 17 11:49:41 smithi143 ceph-mon[107115]: from='mgr.14162 172.21.15.143:0/2044683238' entity='mgr.smithi143.rxaqqt'
2023-12-17T11:49:41.916 INFO:journalctl@ceph.mon.smithi143.smithi143.stdout:Dec 17 11:49:41 smithi143 ceph-mon[107115]: from='mgr.14162 172.21.15.143:0/2044683238' entity='mgr.smithi143.rxaqqt'
2023-12-17T11:49:41.916 INFO:journalctl@ceph.mon.smithi143.smithi143.stdout:Dec 17 11:49:41 smithi143 ceph-mon[107115]: from='mgr.14162 172.21.15.143:0/2044683238' entity='mgr.smithi143.rxaqqt' cmd=[{"prefix": "config rm", "who": "osd/host:smithi143", "name": "osd_memory_target"}]: dispatch
2023-12-17T11:49:41.916 INFO:journalctl@ceph.mon.smithi143.smithi143.stdout:Dec 17 11:49:41 smithi143 ceph-mon[107115]: from='mgr.14162 172.21.15.143:0/2044683238' entity='mgr.smithi143.rxaqqt'
2023-12-17T11:49:41.916 INFO:journalctl@ceph.mon.smithi143.smithi143.stdout:Dec 17 11:49:41 smithi143 ceph-mon[107115]: from='mgr.14162 172.21.15.143:0/2044683238' entity='mgr.smithi143.rxaqqt' cmd=[{"prefix": "auth get-or-create", "entity": "client.crash.smithi143", "caps": ["mon", "profile crash", "mgr", "profile crash"]}]: dispatch
2023-12-17T11:49:41.916 INFO:journalctl@ceph.mon.smithi143.smithi143.stdout:Dec 17 11:49:41 smithi143 ceph-mon[107115]: from='mgr.14162 172.21.15.143:0/2044683238' entity='mgr.smithi143.rxaqqt' cmd='[{"prefix": "auth get-or-create", "entity": "client.crash.smithi143", "caps": ["mon", "profile crash", "mgr", "profile crash"]}]': finished
2023-12-17T11:49:41.916 INFO:journalctl@ceph.mon.smithi143.smithi143.stdout:Dec 17 11:49:41 smithi143 ceph-mon[107115]: from='mgr.14162 172.21.15.143:0/2044683238' entity='mgr.smithi143.rxaqqt' cmd=[{"prefix": "config generate-minimal-conf"}]: dispatch
2023-12-17T11:49:41.916 INFO:journalctl@ceph.mon.smithi143.smithi143.stdout:Dec 17 11:49:41 smithi143 ceph-mon[107115]: Deploying daemon crash.smithi143 on smithi143
2023-12-17T11:49:41.916 INFO:journalctl@ceph.mon.smithi143.smithi143.stdout:Dec 17 11:49:41 smithi143 ceph-mon[107115]: from='client.? 172.21.15.143:0/582006694' entity='client.admin'
2023-12-17T11:49:41.950 INFO:teuthology.orchestra.run.smithi143.stderr:Inferring config /var/lib/ceph/0f676e52-9cd2-11ee-95a5-87774f69a715/mon.smithi143/config
2023-12-17T11:49:43.238 INFO:teuthology.orchestra.run.smithi143.stderr:2023-12-17T11:49:43.236+0000 7fa7932ef700 1 -- 172.21.15.143:0/224613648 >> [v2:172.21.15.143:3300/0,v1:172.21.15.143:6789/0] conn(0x7fa78c0fc870 msgr2=0x7fa78c0fcc80 secure :-1 s=STATE_CONNECTION_ESTABLISHED l=1).mark_down
2023-12-17T11:49:43.238 INFO:teuthology.orchestra.run.smithi143.stderr:2023-12-17T11:49:43.236+0000 7fa7932ef700 1 --2- 172.21.15.143:0/224613648 >> [v2:172.21.15.143:3300/0,v1:172.21.15.143:6789/0] conn(0x7fa78c0fc870 0x7fa78c0fcc80 secure :-1 s=READY pgs=92 cs=0 l=1 rev1=1 crypto rx=0x7fa7880048c0 tx=0x7fa788009e30 comp rx=0 tx=0).stop
2023-12-17T11:49:43.238 INFO:teuthology.orchestra.run.smithi143.stderr:2023-12-17T11:49:43.236+0000 7fa7932ef700 1 -- 172.21.15.143:0/224613648 shutdown_connections
2023-12-17T11:49:43.238 INFO:teuthology.orchestra.run.smithi143.stderr:2023-12-17T11:49:43.236+0000 7fa7932ef700 1 --2- 172.21.15.143:0/224613648 >> [v2:172.21.15.143:3300/0,v1:172.21.15.143:6789/0] conn(0x7fa78c0fc870 0x7fa78c0fcc80 unknown :-1 s=CLOSED pgs=92 cs=0 l=1 rev1=1 crypto rx=0 tx=0 comp rx=0 tx=0).stop
2023-12-17T11:49:43.238 INFO:teuthology.orchestra.run.smithi143.stderr:2023-12-17T11:49:43.236+0000 7fa7932ef700 1 -- 172.21.15.143:0/224613648 >> 172.21.15.143:0/224613648 conn(0x7fa78c0f7f50 msgr2=0x7fa78c0fa360 unknown :-1 s=STATE_NONE l=0).mark_down
2023-12-17T11:49:43.238 INFO:teuthology.orchestra.run.smithi143.stderr:2023-12-17T11:49:43.236+0000 7fa7932ef700 1 -- 172.21.15.143:0/224613648 shutdown_connections
2023-12-17T11:49:43.238 INFO:teuthology.orchestra.run.smithi143.stderr:2023-12-17T11:49:43.236+0000 7fa7932ef700 1 -- 172.21.15.143:0/224613648 wait complete.
2023-12-17T11:49:43.239 INFO:teuthology.orchestra.run.smithi143.stderr:2023-12-17T11:49:43.237+0000 7fa7932ef700 1 Processor -- start
2023-12-17T11:49:43.239 INFO:teuthology.orchestra.run.smithi143.stderr:2023-12-17T11:49:43.237+0000 7fa7932ef700 1 -- start start
