2023-12-17T11:49:14.311 INFO:teuthology.orchestra.run.smithi143.stdout:/usr/bin/ceph: stderr
2023-12-17T11:49:13.841+0000 7f341b8a7700 1 --2- 172.21.15.143:0/2407563445 >> [v2:172.21.15.143:6800/3555374324,v1:172.21.15.143:6801/3555374324] conn(0x7f3400036690 0x7f3400038b40 unknown :-1 s=CLOSED pgs=12 cs=0 l=1 rev1=1 crypto rx=0 tx=0 comp rx=0 tx=0).stop
2023-12-17T11:49:14.311 INFO:teuthology.orchestra.run.smithi143.stdout:/usr/bin/ceph: stderr
2023-12-17T11:49:13.841+0000 7f341b8a7700 1 --2- 172.21.15.143:0/2407563445 >> [v2:172.21.15.143:3300/0,v1:172.21.15.143:6789/0] conn(0x7f3414077b90 0x7f3414113380 unknown :-1 s=CLOSED pgs=48 cs=0 l=1 rev1=1 crypto rx=0 tx=0 comp rx=0 tx=0).stop
2023-12-17T11:49:14.311 INFO:teuthology.orchestra.run.smithi143.stdout:/usr/bin/ceph: stderr
2023-12-17T11:49:13.841+0000 7f341b8a7700 1 -- 172.21.15.143:0/2407563445 >> 172.21.15.143:0/2407563445 conn(0x7f34140fda50 msgr2=0x7f34140ffe50 unknown :-1 s=STATE_NONE l=0).mark_down
2023-12-17T11:49:14.311 INFO:teuthology.orchestra.run.smithi143.stdout:/usr/bin/ceph: stderr
2023-12-17T11:49:13.842+0000 7f341b8a7700 1 -- 172.21.15.143:0/2407563445 shutdown_connections
2023-12-17T11:49:14.311 INFO:teuthology.orchestra.run.smithi143.stdout:/usr/bin/ceph: stderr
2023-12-17T11:49:13.842+0000 7f341b8a7700 1 -- 172.21.15.143:0/2407563445 wait complete.
2023-12-17T11:49:14.311 INFO:teuthology.orchestra.run.smithi143.stdout:Deploying mgr service with default placement...
2023-12-17T11:49:15.293 INFO:journalctl@ceph.mon.smithi143.smithi143.stdout:Dec 17 11:49:14 smithi143 ceph-mon[107115]: from='client.14142 -' entity='client.admin' cmd=[{"prefix": "orch apply", "service_type": "mon", "target": ["mon-mgr", ""]}]: dispatch
2023-12-17T11:49:15.294 INFO:journalctl@ceph.mon.smithi143.smithi143.stdout:Dec 17 11:49:14 smithi143 ceph-mon[107115]: Saving service mon spec with placement count:5
2023-12-17T11:49:15.294 INFO:journalctl@ceph.mon.smithi143.smithi143.stdout:Dec 17 11:49:14 smithi143 ceph-mon[107115]: from='mgr.14120 172.21.15.143:0/3546287840' entity='mgr.smithi143.rxaqqt'
2023-12-17T11:49:15.435 INFO:teuthology.orchestra.run.smithi143.stdout:/usr/bin/ceph: stdout Scheduled mgr update...
2023-12-17T11:49:15.435 INFO:teuthology.orchestra.run.smithi143.stdout:/usr/bin/ceph: stderr
2023-12-17T11:49:14.823+0000 7f9d1fb01700 1 Processor -- start
2023-12-17T11:49:15.435 INFO:teuthology.orchestra.run.smithi143.stdout:/usr/bin/ceph: stderr
2023-12-17T11:49:14.823+0000 7f9d1fb01700 1 -- start start
2023-12-17T11:49:15.435 INFO:teuthology.orchestra.run.smithi143.stdout:/usr/bin/ceph: stderr
2023-12-17T11:49:14.823+0000 7f9d1fb01700 1 --2- >> [v2:172.21.15.143:3300/0,v1:172.21.15.143:6789/0] conn(0x7f9d18077bd0 0x7f9d180760e0 unknown :-1 s=NONE pgs=0 cs=0 l=0 rev1=0 crypto rx=0 tx=0 comp rx=0 tx=0).connect
2023-12-17T11:49:15.435 INFO:teuthology.orchestra.run.smithi143.stdout:/usr/bin/ceph: stderr
2023-12-17T11:49:14.823+0000 7f9d1fb01700 1 -- --> [v2:172.21.15.143:3300/0,v1:172.21.15.143:6789/0] -- mon_getmap magic: 0 v1 -- 0x7f9d18077fe0 con 0x7f9d18077bd0
2023-12-17T11:49:15.435 INFO:teuthology.orchestra.run.smithi143.stdout:/usr/bin/ceph: stderr
2023-12-17T11:49:14.824+0000 7f9d1d89d700 1 --2- >> [v2:172.21.15.143:3300/0,v1:172.21.15.143:6789/0] conn(0x7f9d18077bd0 0x7f9d180760e0 unknown :-1 s=BANNER_CONNECTING pgs=0 cs=0 l=0 rev1=0 crypto rx=0 tx=0 comp rx=0 tx=0)._handle_peer_banner_payload supported=3 required=0
2023-12-17T11:49:15.435 INFO:teuthology.orchestra.run.smithi143.stdout:/usr/bin/ceph: stderr
2023-12-17T11:49:14.824+0000 7f9d1d89d700 1 --2- >> [v2:172.21.15.143:3300/0,v1:172.21.15.143:6789/0] conn(0x7f9d18077bd0 0x7f9d180760e0 unknown :-1 s=HELLO_CONNECTING pgs=0 cs=0 l=0 rev1=1 crypto rx=0 tx=0 comp rx=0 tx=0).handle_hello peer v2:172.21.15.143:3300/0 says I am v2:172.21.15.143:49142/0 (socket says 172.21.15.143:49142)
2023-12-17T11:49:15.435 INFO:teuthology.orchestra.run.smithi143.stdout:/usr/bin/ceph: stderr
2023-12-17T11:49:14.824+0000 7f9d1d89d700 1 -- 172.21.15.143:0/2144303315 learned_addr learned my addr 172.21.15.143:0/2144303315 (peer_addr_for_me v2:172.21.15.143:0/0)
2023-12-17T11:49:15.435 INFO:teuthology.orchestra.run.smithi143.stdout:/usr/bin/ceph: stderr
2023-12-17T11:49:14.824+0000 7f9d1d89d700 1 -- 172.21.15.143:0/2144303315 --> [v2:172.21.15.143:3300/0,v1:172.21.15.143:6789/0] -- mon_subscribe({config=0+,monmap=0+}) v3 -- 0x7f9d18076620 con 0x7f9d18077bd0
2023-12-17T11:49:15.435 INFO:teuthology.orchestra.run.smithi143.stdout:/usr/bin/ceph: stderr
2023-12-17T11:49:14.825+0000 7f9d1d89d700 1 --2- 172.21.15.143:0/2144303315 >> [v2:172.21.15.143:3300/0,v1:172.21.15.143:6789/0] conn(0x7f9d18077bd0 0x7f9d180760e0 secure :-1 s=READY pgs=49 cs=0 l=1 rev1=1 crypto rx=0x7f9d140098e0 tx=0x7f9d14009250 comp rx=0 tx=0).ready entity=mon.0 client_cookie=cfb759ea5e0662d7 server_cookie=0 in_seq=0 out_seq=0
2023-12-17T11:49:15.435 INFO:teuthology.orchestra.run.smithi143.stdout:/usr/bin/ceph: stderr
2023-12-17T11:49:14.825+0000 7f9d1c89b700 1 -- 172.21.15.143:0/2144303315 <== mon.0 v2:172.21.15.143:3300/0 1 ==== mon_map magic: 0 v1 ==== 229+0+0 (secure 0 0 0) 0x7f9d1400b860 con 0x7f9d18077bd0
2023-12-17T11:49:15.436 INFO:teuthology.orchestra.run.smithi143.stdout:/usr/bin/ceph: stderr
2023-12-17T11:49:14.825+0000 7f9d1c89b700 1 -- 172.21.15.143:0/2144303315 <== mon.0 v2:172.21.15.143:3300/0 2 ==== config(26 keys) v1 ==== 1074+0+0 (secure 0 0 0) 0x7f9d1400be70 con 0x7f9d18077bd0
2023-12-17T11:49:15.436 INFO:teuthology.orchestra.run.smithi143.stdout:/usr/bin/ceph: stderr
2023-12-17T11:49:14.825+0000 7f9d1c89b700 1 -- 172.21.15.143:0/2144303315 <== mon.0 v2:172.21.15.143:3300/0 3 ==== mon_map magic: 0 v1 ==== 229+0+0 (secure 0 0 0) 0x7f9d14010380 con 0x7f9d18077bd0
2023-12-17T11:49:15.436 INFO:teuthology.orchestra.run.smithi143.stdout:/usr/bin/ceph: stderr
2023-12-17T11:49:14.825+0000 7f9d1fb01700 1 -- 172.21.15.143:0/2144303315 >> [v2:172.21.15.143:3300/0,v1:172.21.15.143:6789/0] conn(0x7f9d18077bd0 msgr2=0x7f9d180760e0 secure :-1 s=STATE_CONNECTION_ESTABLISHED l=1).mark_down
2023-12-17T11:49:15.436 INFO:teuthology.orchestra.run.smithi143.stdout:/usr/bin/ceph: stderr
2023-12-17T11:49:14.825+0000 7f9d1fb01700 1 --2- 172.21.15.143:0/2144303315 >> [v2:172.21.15.143:3300/0,v1:172.21.15.143:6789/0] conn(0x7f9d18077bd0 0x7f9d180760e0 secure :-1 s=READY pgs=49 cs=0 l=1 rev1=1 crypto rx=0x7f9d140098e0 tx=0x7f9d14009250 comp rx=0 tx=0).stop
2023-12-17T11:49:15.436 INFO:teuthology.orchestra.run.smithi143.stdout:/usr/bin/ceph: stderr
2023-12-17T11:49:14.826+0000 7f9d1fb01700 1 -- 172.21.15.143:0/2144303315 shutdown_connections
2023-12-17T11:49:15.436 INFO:teuthology.orchestra.run.smithi143.stdout:/usr/bin/ceph: stderr
2023-12-17T11:49:14.826+0000 7f9d1fb01700 1 --2- 172.21.15.143:0/2144303315 >> [v2:172.21.15.143:3300/0,v1:172.21.15.143:6789/0] conn(0x7f9d18077bd0 0x7f9d180760e0 unknown :-1 s=CLOSED pgs=49 cs=0 l=1 rev1=1 crypto rx=0 tx=0 comp rx=0 tx=0).stop
2023-12-17T11:49:15.436 INFO:teuthology.orchestra.run.smithi143.stdout:/usr/bin/ceph: stderr
2023-12-17T11:49:14.826+0000 7f9d1fb01700 1 -- 172.21.15.143:0/2144303315 >> 172.21.15.143:0/2144303315 conn(0x7f9d180fda50 msgr2=0x7f9d180ffe60 unknown :-1 s=STATE_NONE l=0).mark_down
2023-12-17T11:49:15.436 INFO:teuthology.orchestra.run.smithi143.stdout:/usr/bin/ceph: stderr
2023-12-17T11:49:14.826+0000 7f9d1fb01700 1 -- 172.21.15.143:0/2144303315 shutdown_connections
2023-12-17T11:49:15.436 INFO:teuthology.orchestra.run.smithi143.stdout:/usr/bin/ceph: stderr
2023-12-17T11:49:14.826+0000 7f9d1fb01700 1 -- 172.21.15.143:0/2144303315 wait complete.
2023-12-17T11:49:15.436 INFO:teuthology.orchestra.run.smithi143.stdout:/usr/bin/ceph: stderr
2023-12-17T11:49:14.826+0000 7f9d1fb01700 1 Processor -- start
2023-12-17T11:49:15.436 INFO:teuthology.orchestra.run.smithi143.stdout:/usr/bin/ceph: stderr
2023-12-17T11:49:14.827+0000 7f9d1fb01700 1 -- start start
2023-12-17T11:49:15.436 INFO:teuthology.orchestra.run.smithi143.stdout:/usr/bin/ceph: stderr
2023-12-17T11:49:14.827+0000 7f9d1fb01700 1 --2- >> [v2:172.21.15.143:3300/0,v1:172.21.15.143:6789/0] conn(0x7f9d18077bd0 0x7f9d181133c0 unknown :-1 s=NONE pgs=0 cs=0 l=1 rev1=0 crypto rx=0 tx=0 comp rx=0 tx=0).connect
2023-12-17T11:49:15.436 INFO:teuthology.orchestra.run.smithi143.stdout:/usr/bin/ceph: stderr
2023-12-17T11:49:14.827+0000 7f9d1fb01700 1 -- --> [v2:172.21.15.143:3300/0,v1:172.21.15.143:6789/0] -- mon_getmap magic: 0 v1 -- 0x7f9d18113900 con 0x7f9d18077bd0
2023-12-17T11:49:15.436 INFO:teuthology.orchestra.run.smithi143.stdout:/usr/bin/ceph: stderr
2023-12-17T11:49:14.827+0000 7f9d1d89d700 1 --2- >> [v2:172.21.15.143:3300/0,v1:172.21.15.143:6789/0] conn(0x7f9d18077bd0 0x7f9d181133c0 unknown :-1 s=BANNER_CONNECTING pgs=0 cs=0 l=1 rev1=0 crypto rx=0 tx=0 comp rx=0 tx=0)._handle_peer_banner_payload supported=3 required=0
2023-12-17T11:49:15.436 INFO:teuthology.orchestra.run.smithi143.stdout:/usr/bin/ceph: stderr
2023-12-17T11:49:14.827+0000 7f9d1d89d700 1 --2- >> [v2:172.21.15.143:3300/0,v1:172.21.15.143:6789/0] conn(0x7f9d18077bd0 0x7f9d181133c0 unknown :-1 s=HELLO_CONNECTING pgs=0 cs=0 l=1 rev1=1 crypto rx=0 tx=0 comp rx=0 tx=0).handle_hello peer v2:172.21.15.143:3300/0 says I am v2:172.21.15.143:49158/0 (socket says 172.21.15.143:49158)
2023-12-17T11:49:15.437 INFO:teuthology.orchestra.run.smithi143.stdout:/usr/bin/ceph: stderr
2023-12-17T11:49:14.827+0000 7f9d1d89d700 1 -- 172.21.15.143:0/4038070262 learned_addr learned my addr 172.21.15.143:0/4038070262 (peer_addr_for_me v2:172.21.15.143:0/0)
2023-12-17T11:49:15.437 INFO:teuthology.orchestra.run.smithi143.stdout:/usr/bin/ceph: stderr
2023-12-17T11:49:14.828+0000 7f9d1d89d700 1 -- 172.21.15.143:0/4038070262 --> [v2:172.21.15.143:3300/0,v1:172.21.15.143:6789/0] -- mon_subscribe({config=0+,monmap=0+}) v3 -- 0x7f9d140094f0 con 0x7f9d18077bd0
2023-12-17T11:49:15.437 INFO:teuthology.orchestra.run.smithi143.stdout:/usr/bin/ceph: stderr
2023-12-17T11:49:14.828+0000 7f9d1d89d700 1 --2- 172.21.15.143:0/4038070262 >> [v2:172.21.15.143:3300/0,v1:172.21.15.143:6789/0] conn(0x7f9d18077bd0 0x7f9d181133c0 secure :-1 s=READY pgs=50 cs=0 l=1 rev1=1 crypto rx=0x7f9d14006d40 tx=0x7f9d14009250 comp rx=0 tx=0).ready entity=mon.0 client_cookie=0 server_cookie=0 in_seq=0 out_seq=0
2023-12-17T11:49:15.437 INFO:teuthology.orchestra.run.smithi143.stdout:/usr/bin/ceph: stderr
2023-12-17T11:49:14.828+0000 7f9d0e7fc700 1 -- 172.21.15.143:0/4038070262 <== mon.0 v2:172.21.15.143:3300/0 1 ==== mon_map magic: 0 v1 ==== 229+0+0 (secure 0 0 0) 0x7f9d14010960 con 0x7f9d18077bd0
2023-12-17T11:49:15.437 INFO:teuthology.orchestra.run.smithi143.stdout:/usr/bin/ceph: stderr
2023-12-17T11:49:14.828+0000 7f9d0e7fc700 1 -- 172.21.15.143:0/4038070262 <== mon.0 v2:172.21.15.143:3300/0 2 ==== config(26 keys) v1 ==== 1074+0+0 (secure 0 0 0) 0x7f9d1401a430 con 0x7f9d18077bd0
2023-12-17T11:49:15.437 INFO:teuthology.orchestra.run.smithi143.stdout:/usr/bin/ceph: stderr
2023-12-17T11:49:14.828+0000 7f9d0e7fc700 1 -- 172.21.15.143:0/4038070262 <== mon.0 v2:172.21.15.143:3300/0 3 ==== mon_map magic: 0 v1 ==== 229+0+0 (secure 0 0 0) 0x7f9d140245b0 con 0x7f9d18077bd0
2023-12-17T11:49:15.437 INFO:teuthology.orchestra.run.smithi143.stdout:/usr/bin/ceph: stderr
2023-12-17T11:49:14.828+0000 7f9d1fb01700 1 -- 172.21.15.143:0/4038070262 --> [v2:172.21.15.143:3300/0,v1:172.21.15.143:6789/0] -- mon_subscribe({mgrmap=0+}) v3 -- 0x7f9d18113b00 con 0x7f9d18077bd0
2023-12-17T11:49:15.437 INFO:teuthology.orchestra.run.smithi143.stdout:/usr/bin/ceph: stderr
2023-12-17T11:49:14.828+0000 7f9d1fb01700 1 -- 172.21.15.143:0/4038070262 --> [v2:172.21.15.143:3300/0,v1:172.21.15.143:6789/0] -- mon_subscribe({osdmap=0}) v3 -- 0x7f9d18113f10 con 0x7f9d18077bd0
2023-12-17T11:49:15.437 INFO:teuthology.orchestra.run.smithi143.stdout:/usr/bin/ceph: stderr
2023-12-17T11:49:14.829+0000 7f9d0e7fc700 1 -- 172.21.15.143:0/4038070262 <== mon.0 v2:172.21.15.143:3300/0 4 ==== mgrmap(e 8) v1 ==== 43281+0+0 (secure 0 0 0) 0x7f9d14010ac0 con 0x7f9d18077bd0
2023-12-17T11:49:15.437 INFO:teuthology.orchestra.run.smithi143.stdout:/usr/bin/ceph: stderr
2023-12-17T11:49:14.830+0000 7f9d1fb01700 1 -- 172.21.15.143:0/4038070262 --> [v2:172.21.15.143:3300/0,v1:172.21.15.143:6789/0] -- mon_command({"prefix": "get_command_descriptions"} v 0) v1 -- 0x7f9d1804bb80 con 0x7f9d18077bd0
2023-12-17T11:49:15.438 INFO:teuthology.orchestra.run.smithi143.stdout:/usr/bin/ceph: stderr
2023-12-17T11:49:14.830+0000 7f9d0e7fc700 1 --2- 172.21.15.143:0/4038070262 >> [v2:172.21.15.143:6800/3555374324,v1:172.21.15.143:6801/3555374324] conn(0x7f9d04036640 0x7f9d04038af0 unknown :-1 s=NONE pgs=0 cs=0 l=1 rev1=0 crypto rx=0 tx=0 comp rx=0 tx=0).connect
2023-12-17T11:49:15.438 INFO:teuthology.orchestra.run.smithi143.stdout:/usr/bin/ceph: stderr
2023-12-17T11:49:14.830+0000 7f9d0e7fc700 1 -- 172.21.15.143:0/4038070262 <== mon.0 v2:172.21.15.143:3300/0 5 ==== osd_map(2..2 src has 1..2) v4 ==== 936+0+0 (secure 0 0 0) 0x7f9d1404a090 con 0x7f9d18077bd0
2023-12-17T11:49:15.438 INFO:teuthology.orchestra.run.smithi143.stdout:/usr/bin/ceph: stderr
2023-12-17T11:49:14.830+0000 7f9d1d09c700 1 --2- 172.21.15.143:0/4038070262 >> [v2:172.21.15.143:6800/3555374324,v1:172.21.15.143:6801/3555374324] conn(0x7f9d04036640 0x7f9d04038af0 unknown :-1 s=BANNER_CONNECTING pgs=0 cs=0 l=1 rev1=0 crypto rx=0 tx=0 comp rx=0 tx=0)._handle_peer_banner_payload supported=3 required=0
2023-12-17T11:49:15.438 INFO:teuthology.orchestra.run.smithi143.stdout:/usr/bin/ceph: stderr
2023-12-17T11:49:14.831+0000 7f9d1d09c700 1 --2- 172.21.15.143:0/4038070262 >> [v2:172.21.15.143:6800/3555374324,v1:172.21.15.143:6801/3555374324] conn(0x7f9d04036640 0x7f9d04038af0 secure :-1 s=READY pgs=13 cs=0 l=1 rev1=1 crypto rx=0x7f9d08009990 tx=0x7f9d08006e40 comp rx=0 tx=0).ready entity=mgr.14120 client_cookie=0 server_cookie=0 in_seq=0 out_seq=0
2023-12-17T11:49:15.438 INFO:teuthology.orchestra.run.smithi143.stdout:/usr/bin/ceph: stderr
2023-12-17T11:49:14.835+0000 7f9d0e7fc700 1 -- 172.21.15.143:0/4038070262 <== mon.0 v2:172.21.15.143:3300/0 6 ==== mon_command_ack([{"prefix": "get_command_descriptions"}]=0 v0) v1 ==== 72+0+174570 (secure 0 0 0) 0x7f9d1401a9f0 con 0x7f9d18077bd0
2023-12-17T11:49:15.438 INFO:teuthology.orchestra.run.smithi143.stdout:/usr/bin/ceph: stderr
2023-12-17T11:49:15.051+0000 7f9d1fb01700 1 -- 172.21.15.143:0/4038070262 --> [v2:172.21.15.143:6800/3555374324,v1:172.21.15.143:6801/3555374324] -- mgr_command(tid 0: {"prefix": "orch apply", "service_type": "mgr", "target": ["mon-mgr", ""]}) v1 -- 0x7f9d180008d0 con 0x7f9d04036640
2023-12-17T11:49:15.438 INFO:teuthology.orchestra.run.smithi143.stdout:/usr/bin/ceph: stderr
2023-12-17T11:49:15.057+0000 7f9d0e7fc700 1 -- 172.21.15.143:0/4038070262 <== mgr.14120 v2:172.21.15.143:6800/3555374324 1 ==== mgr_command_reply(tid 0: 0 ) v1 ==== 8+0+24 (secure 0 0 0) 0x7f9d180008d0 con 0x7f9d04036640
2023-12-17T11:49:15.438 INFO:teuthology.orchestra.run.smithi143.stdout:/usr/bin/ceph: stderr
2023-12-17T11:49:15.059+0000 7f9d1fb01700 1 -- 172.21.15.143:0/4038070262 >> [v2:172.21.15.143:6800/3555374324,v1:172.21.15.143:6801/3555374324] conn(0x7f9d04036640 msgr2=0x7f9d04038af0 secure :-1 s=STATE_CONNECTION_ESTABLISHED l=1).mark_down
2023-12-17T11:49:15.438 INFO:teuthology.orchestra.run.smithi143.stdout:/usr/bin/ceph: stderr
2023-12-17T11:49:15.059+0000 7f9d1fb01700 1 --2- 172.21.15.143:0/4038070262 >> [v2:172.21.15.143:6800/3555374324,v1:172.21.15.143:6801/3555374324] conn(0x7f9d04036640 0x7f9d04038af0 secure :-1 s=READY pgs=13 cs=0 l=1 rev1=1 crypto rx=0x7f9d08009990 tx=0x7f9d08006e40 comp rx=0 tx=0).stop
2023-12-17T11:49:15.439 INFO:teuthology.orchestra.run.smithi143.stdout:/usr/bin/ceph: stderr
2023-12-17T11:49:15.059+0000 7f9d1fb01700 1 -- 172.21.15.143:0/4038070262 >> [v2:172.21.15.143:3300/0,v1:172.21.15.143:6789/0] conn(0x7f9d18077bd0 msgr2=0x7f9d181133c0 secure :-1 s=STATE_CONNECTION_ESTABLISHED l=1).mark_down
2023-12-17T11:49:15.439 INFO:teuthology.orchestra.run.smithi143.stdout:/usr/bin/ceph: stderr
2023-12-17T11:49:15.059+0000 7f9d1fb01700 1 --2- 172.21.15.143:0/4038070262 >> [v2:172.21.15.143:3300/0,v1:172.21.15.143:6789/0] conn(0x7f9d18077bd0 0x7f9d181133c0 secure :-1 s=READY pgs=50 cs=0 l=1 rev1=1 crypto rx=0x7f9d14006d40 tx=0x7f9d14009250 comp rx=0 tx=0).stop
2023-12-17T11:49:15.439 INFO:teuthology.orchestra.run.smithi143.stdout:/usr/bin/ceph: stderr
2023-12-17T11:49:15.059+0000 7f9d1fb01700 1 -- 172.21.15.143:0/4038070262 shutdown_connections
2023-12-17T11:49:15.439 INFO:teuthology.orchestra.run.smithi143.stdout:/usr/bin/ceph: stderr
2023-12-17T11:49:15.059+0000 7f9d1fb01700 1 --2- 172.21.15.143:0/4038070262 >> [v2:172.21.15.143:6800/3555374324,v1:172.21.15.143:6801/3555374324] conn(0x7f9d04036640 0x7f9d04038af0 unknown :-1 s=CLOSED pgs=13 cs=0 l=1 rev1=1 crypto rx=0 tx=0 comp rx=0 tx=0).stop
2023-12-17T11:49:15.439 INFO:teuthology.orchestra.run.smithi143.stdout:/usr/bin/ceph: stderr
2023-12-17T11:49:15.059+0000 7f9d1fb01700 1 --2- 172.21.15.143:0/4038070262 >> [v2:172.21.15.143:3300/0,v1:172.21.15.143:6789/0] conn(0x7f9d18077bd0 0x7f9d181133c0 unknown :-1 s=CLOSED pgs=50 cs=0 l=1 rev1=1 crypto rx=0 tx=0 comp rx=0 tx=0).stop
2023-12-17T11:49:15.439 INFO:teuthology.orchestra.run.smithi143.stdout:/usr/bin/ceph: stderr
2023-12-17T11:49:15.059+0000 7f9d1fb01700 1 -- 172.21.15.143:0/4038070262 >> 172.21.15.143:0/4038070262 conn(0x7f9d180fda50 msgr2=0x7f9d180ff250 unknown :-1 s=STATE_NONE l=0).mark_down
2023-12-17T11:49:15.439 INFO:teuthology.orchestra.run.smithi143.stdout:/usr/bin/ceph: stderr
2023-12-17T11:49:15.059+0000 7f9d1fb01700 1 -- 172.21.15.143:0/4038070262 shutdown_connections
2023-12-17T11:49:15.439 INFO:teuthology.orchestra.run.smithi143.stdout:/usr/bin/ceph: stderr
2023-12-17T11:49:15.059+0000 7f9d1fb01700 1 -- 172.21.15.143:0/4038070262 wait complete.
2023-12-17T11:49:15.439 INFO:teuthology.orchestra.run.smithi143.stdout:Deploying crash service with default placement...
2023-12-17T11:49:16.416 INFO:journalctl@ceph.mon.smithi143.smithi143.stdout:Dec 17 11:49:16 smithi143 ceph-mon[107115]: from='client.14144 -' entity='client.admin' cmd=[{"prefix": "orch apply", "service_type": "mgr", "target": ["mon-mgr", ""]}]: dispatch
2023-12-17T11:49:16.416 INFO:journalctl@ceph.mon.smithi143.smithi143.stdout:Dec 17 11:49:16 smithi143 ceph-mon[107115]: Saving service mgr spec with placement count:2
2023-12-17T11:49:16.416 INFO:journalctl@ceph.mon.smithi143.smithi143.stdout:Dec 17 11:49:16 smithi143 ceph-mon[107115]: from='mgr.14120 172.21.15.143:0/3546287840' entity='mgr.smithi143.rxaqqt'
2023-12-17T11:49:16.416 INFO:journalctl@ceph.mon.smithi143.smithi143.stdout:Dec 17 11:49:16 smithi143 ceph-mon[107115]: from='mgr.14120 172.21.15.143:0/3546287840' entity='mgr.smithi143.rxaqqt'
2023-12-17T11:49:16.601 INFO:teuthology.orchestra.run.smithi143.stdout:/usr/bin/ceph: stdout Scheduled crash update...
2023-12-17T11:49:16.602 INFO:teuthology.orchestra.run.smithi143.stdout:/usr/bin/ceph: stderr
2023-12-17T11:49:15.835+0000 7f8b8ea17700 1 Processor -- start
2023-12-17T11:49:16.602 INFO:teuthology.orchestra.run.smithi143.stdout:/usr/bin/ceph: stderr
2023-12-17T11:49:15.835+0000 7f8b8ea17700 1 -- start start
2023-12-17T11:49:16.602 INFO:teuthology.orchestra.run.smithi143.stdout:/usr/bin/ceph: stderr
2023-12-17T11:49:15.836+0000 7f8b8ea17700 1 --2- >> [v2:172.21.15.143:3300/0,v1:172.21.15.143:6789/0] conn(0x7f8b88077bb0 0x7f8b880760c0 unknown :-1 s=NONE pgs=0 cs=0 l=0 rev1=0 crypto rx=0 tx=0 comp rx=0 tx=0).connect
2023-12-17T11:49:16.602 INFO:teuthology.orchestra.run.smithi143.stdout:/usr/bin/ceph: stderr
2023-12-17T11:49:15.836+0000 7f8b8ea17700 1 -- --> [v2:172.21.15.143:3300/0,v1:172.21.15.143:6789/0] -- mon_getmap magic: 0 v1 -- 0x7f8b88077fc0 con 0x7f8b88077bb0
2023-12-17T11:49:16.602 INFO:teuthology.orchestra.run.smithi143.stdout:/usr/bin/ceph: stderr
2023-12-17T11:49:15.836+0000 7f8b87fff700 1 --2- >> [v2:172.21.15.143:3300/0,v1:172.21.15.143:6789/0] conn(0x7f8b88077bb0 0x7f8b880760c0 unknown :-1 s=BANNER_CONNECTING pgs=0 cs=0 l=0 rev1=0 crypto rx=0 tx=0 comp rx=0 tx=0)._handle_peer_banner_payload supported=3 required=0
2023-12-17T11:49:16.602 INFO:teuthology.orchestra.run.smithi143.stdout:/usr/bin/ceph: stderr
2023-12-17T11:49:15.836+0000 7f8b87fff700 1 --2- >> [v2:172.21.15.143:3300/0,v1:172.21.15.143:6789/0] conn(0x7f8b88077bb0 0x7f8b880760c0 unknown :-1 s=HELLO_CONNECTING pgs=0 cs=0 l=0 rev1=1 crypto rx=0 tx=0 comp rx=0 tx=0).handle_hello peer v2:172.21.15.143:3300/0 says I am v2:172.21.15.143:49170/0 (socket says 172.21.15.143:49170)
2023-12-17T11:49:16.602 INFO:teuthology.orchestra.run.smithi143.stdout:/usr/bin/ceph: stderr
2023-12-17T11:49:15.836+0000 7f8b87fff700 1 -- 172.21.15.143:0/2191731653 learned_addr learned my addr 172.21.15.143:0/2191731653 (peer_addr_for_me v2:172.21.15.143:0/0)
2023-12-17T11:49:16.602 INFO:teuthology.orchestra.run.smithi143.stdout:/usr/bin/ceph: stderr
2023-12-17T11:49:15.837+0000 7f8b87fff700 1 -- 172.21.15.143:0/2191731653 --> [v2:172.21.15.143:3300/0,v1:172.21.15.143:6789/0] -- mon_subscribe({config=0+,monmap=0+}) v3 -- 0x7f8b88076600 con 0x7f8b88077bb0
2023-12-17T11:49:16.602 INFO:teuthology.orchestra.run.smithi143.stdout:/usr/bin/ceph: stderr
2023-12-17T11:49:15.837+0000 7f8b87fff700 1 --2- 172.21.15.143:0/2191731653 >> [v2:172.21.15.143:3300/0,v1:172.21.15.143:6789/0] conn(0x7f8b88077bb0 0x7f8b880760c0 secure :-1 s=READY pgs=51 cs=0 l=1 rev1=1 crypto rx=0x7f8b780098e0 tx=0x7f8b78009250 comp rx=0 tx=0).ready entity=mon.0 client_cookie=6cd7c029ddb4c208 server_cookie=0 in_seq=0 out_seq=0
2023-12-17T11:49:16.602 INFO:teuthology.orchestra.run.smithi143.stdout:/usr/bin/ceph: stderr
2023-12-17T11:49:15.837+0000 7f8b86ffd700 1 -- 172.21.15.143:0/2191731653 <== mon.0 v2:172.21.15.143:3300/0 1 ==== mon_map magic: 0 v1 ==== 229+0+0 (secure 0 0 0) 0x7f8b7800b860 con 0x7f8b88077bb0
2023-12-17T11:49:16.602 INFO:teuthology.orchestra.run.smithi143.stdout:/usr/bin/ceph: stderr
2023-12-17T11:49:15.837+0000 7f8b86ffd700 1 -- 172.21.15.143:0/2191731653 <== mon.0 v2:172.21.15.143:3300/0 2 ==== config(26 keys) v1 ==== 1074+0+0 (secure 0 0 0) 0x7f8b7800be70 con 0x7f8b88077bb0
2023-12-17T11:49:16.602 INFO:teuthology.orchestra.run.smithi143.stdout:/usr/bin/ceph: stderr
2023-12-17T11:49:15.837+0000 7f8b86ffd700 1 -- 172.21.15.143:0/2191731653 <== mon.0 v2:172.21.15.143:3300/0 3 ==== mon_map magic: 0 v1 ==== 229+0+0 (secure 0 0 0) 0x7f8b78010380 con 0x7f8b88077bb0
2023-12-17T11:49:16.602 INFO:teuthology.orchestra.run.smithi143.stdout:/usr/bin/ceph: stderr
2023-12-17T11:49:15.838+0000 7f8b8ea17700 1 -- 172.21.15.143:0/2191731653 >> [v2:172.21.15.143:3300/0,v1:172.21.15.143:6789/0] conn(0x7f8b88077bb0 msgr2=0x7f8b880760c0 secure :-1 s=STATE_CONNECTION_ESTABLISHED l=1).mark_down
2023-12-17T11:49:16.602 INFO:teuthology.orchestra.run.smithi143.stdout:/usr/bin/ceph: stderr
2023-12-17T11:49:15.838+0000 7f8b8ea17700 1 --2- 172.21.15.143:0/2191731653 >> [v2:172.21.15.143:3300/0,v1:172.21.15.143:6789/0] conn(0x7f8b88077bb0 0x7f8b880760c0 secure :-1 s=READY pgs=51 cs=0 l=1 rev1=1 crypto rx=0x7f8b780098e0 tx=0x7f8b78009250 comp rx=0 tx=0).stop
2023-12-17T11:49:16.603 INFO:teuthology.orchestra.run.smithi143.stdout:/usr/bin/ceph: stderr
2023-12-17T11:49:15.838+0000 7f8b8ea17700 1 -- 172.21.15.143:0/2191731653 shutdown_connections
2023-12-17T11:49:16.603 INFO:teuthology.orchestra.run.smithi143.stdout:/usr/bin/ceph: stderr
2023-12-17T11:49:15.838+0000 7f8b8ea17700 1 --2- 172.21.15.143:0/2191731653 >> [v2:172.21.15.143:3300/0,v1:172.21.15.143:6789/0] conn(0x7f8b88077bb0 0x7f8b880760c0 unknown :-1 s=CLOSED pgs=51 cs=0 l=1 rev1=1 crypto rx=0 tx=0 comp rx=0 tx=0).stop
2023-12-17T11:49:16.603 INFO:teuthology.orchestra.run.smithi143.stdout:/usr/bin/ceph: stderr
2023-12-17T11:49:15.838+0000 7f8b8ea17700 1 -- 172.21.15.143:0/2191731653 >> 172.21.15.143:0/2191731653 conn(0x7f8b880fda50 msgr2=0x7f8b880ffe60 unknown :-1 s=STATE_NONE l=0).mark_down
2023-12-17T11:49:16.603 INFO:teuthology.orchestra.run.smithi143.stdout:/usr/bin/ceph: stderr
2023-12-17T11:49:15.838+0000 7f8b8ea17700 1 -- 172.21.15.143:0/2191731653 shutdown_connections
2023-12-17T11:49:16.603 INFO:teuthology.orchestra.run.smithi143.stdout:/usr/bin/ceph: stderr
2023-12-17T11:49:15.838+0000 7f8b8ea17700 1 -- 172.21.15.143:0/2191731653 wait complete.
2023-12-17T11:49:16.603 INFO:teuthology.orchestra.run.smithi143.stdout:/usr/bin/ceph: stderr
2023-12-17T11:49:15.839+0000 7f8b8ea17700 1 Processor -- start
2023-12-17T11:49:16.603 INFO:teuthology.orchestra.run.smithi143.stdout:/usr/bin/ceph: stderr
2023-12-17T11:49:15.839+0000 7f8b8ea17700 1 -- start start
2023-12-17T11:49:16.603 INFO:teuthology.orchestra.run.smithi143.stdout:/usr/bin/ceph: stderr
2023-12-17T11:49:15.840+0000 7f8b8ea17700 1 --2- >> [v2:172.21.15.143:3300/0,v1:172.21.15.143:6789/0] conn(0x7f8b88077bb0 0x7f8b881133d0 unknown :-1 s=NONE pgs=0 cs=0 l=1 rev1=0 crypto rx=0 tx=0 comp rx=0 tx=0).connect
2023-12-17T11:49:16.603 INFO:teuthology.orchestra.run.smithi143.stdout:/usr/bin/ceph: stderr
2023-12-17T11:49:15.840+0000 7f8b8ea17700 1 -- --> [v2:172.21.15.143:3300/0,v1:172.21.15.143:6789/0] -- mon_getmap magic: 0 v1 -- 0x7f8b88113910 con 0x7f8b88077bb0
2023-12-17T11:49:16.603 INFO:teuthology.orchestra.run.smithi143.stdout:/usr/bin/ceph: stderr
2023-12-17T11:49:15.840+0000 7f8b87fff700 1 --2- >> [v2:172.21.15.143:3300/0,v1:172.21.15.143:6789/0] conn(0x7f8b88077bb0 0x7f8b881133d0 unknown :-1 s=BANNER_CONNECTING pgs=0 cs=0 l=1 rev1=0 crypto rx=0 tx=0 comp rx=0 tx=0)._handle_peer_banner_payload supported=3 required=0
2023-12-17T11:49:16.603 INFO:teuthology.orchestra.run.smithi143.stdout:/usr/bin/ceph: stderr
2023-12-17T11:49:15.840+0000 7f8b87fff700 1 --2- >> [v2:172.21.15.143:3300/0,v1:172.21.15.143:6789/0] conn(0x7f8b88077bb0 0x7f8b881133d0 unknown :-1 s=HELLO_CONNECTING pgs=0 cs=0 l=1 rev1=1 crypto rx=0 tx=0 comp rx=0 tx=0).handle_hello peer v2:172.21.15.143:3300/0 says I am v2:172.21.15.143:49184/0 (socket says 172.21.15.143:49184)
2023-12-17T11:49:16.603 INFO:teuthology.orchestra.run.smithi143.stdout:/usr/bin/ceph: stderr
2023-12-17T11:49:15.840+0000 7f8b87fff700 1 -- 172.21.15.143:0/1065233350 learned_addr learned my addr 172.21.15.143:0/1065233350 (peer_addr_for_me v2:172.21.15.143:0/0)
2023-12-17T11:49:16.603 INFO:teuthology.orchestra.run.smithi143.stdout:/usr/bin/ceph: stderr
2023-12-17T11:49:15.840+0000 7f8b87fff700 1 -- 172.21.15.143:0/1065233350 --> [v2:172.21.15.143:3300/0,v1:172.21.15.143:6789/0] -- mon_subscribe({config=0+,monmap=0+}) v3 -- 0x7f8b780094f0 con 0x7f8b88077bb0
2023-12-17T11:49:16.603 INFO:teuthology.orchestra.run.smithi143.stdout:/usr/bin/ceph: stderr
2023-12-17T11:49:15.841+0000 7f8b87fff700 1 --2- 172.21.15.143:0/1065233350 >> [v2:172.21.15.143:3300/0,v1:172.21.15.143:6789/0] conn(0x7f8b88077bb0 0x7f8b881133d0 secure :-1 s=READY pgs=52 cs=0 l=1 rev1=1 crypto rx=0x7f8b78006d40 tx=0x7f8b78009250 comp rx=0 tx=0).ready entity=mon.0 client_cookie=0 server_cookie=0 in_seq=0 out_seq=0
2023-12-17T11:49:16.603 INFO:teuthology.orchestra.run.smithi143.stdout:/usr/bin/ceph: stderr
2023-12-17T11:49:15.841+0000 7f8b84ff9700 1 -- 172.21.15.143:0/1065233350 <== mon.0 v2:172.21.15.143:3300/0 1 ==== mon_map magic: 0 v1 ==== 229+0+0 (secure 0 0 0) 0x7f8b78010960 con 0x7f8b88077bb0
2023-12-17T11:49:16.604 INFO:teuthology.orchestra.run.smithi143.stdout:/usr/bin/ceph: stderr
2023-12-17T11:49:15.841+0000 7f8b84ff9700 1 -- 172.21.15.143:0/1065233350 <== mon.0 v2:172.21.15.143:3300/0 2 ==== config(26 keys) v1 ==== 1074+0+0 (secure 0 0 0) 0x7f8b7801a430 con 0x7f8b88077bb0
2023-12-17T11:49:16.604 INFO:teuthology.orchestra.run.smithi143.stdout:/usr/bin/ceph: stderr
2023-12-17T11:49:15.841+0000 7f8b8ea17700 1 -- 172.21.15.143:0/1065233350 --> [v2:172.21.15.143:3300/0,v1:172.21.15.143:6789/0] -- mon_subscribe({mgrmap=0+}) v3 -- 0x7f8b88113b10 con 0x7f8b88077bb0
2023-12-17T11:49:16.604 INFO:teuthology.orchestra.run.smithi143.stdout:/usr/bin/ceph: stderr
2023-12-17T11:49:15.841+0000 7f8b84ff9700 1 -- 172.21.15.143:0/1065233350 <== mon.0 v2:172.21.15.143:3300/0 3 ==== mon_map magic: 0 v1 ==== 229+0+0 (secure 0 0 0) 0x7f8b780245b0 con 0x7f8b88077bb0
2023-12-17T11:49:16.604 INFO:teuthology.orchestra.run.smithi143.stdout:/usr/bin/ceph: stderr
2023-12-17T11:49:15.841+0000 7f8b8ea17700 1 -- 172.21.15.143:0/1065233350 --> [v2:172.21.15.143:3300/0,v1:172.21.15.143:6789/0] -- mon_subscribe({osdmap=0}) v3 -- 0x7f8b88113f20 con 0x7f8b88077bb0
2023-12-17T11:49:16.604 INFO:teuthology.orchestra.run.smithi143.stdout:/usr/bin/ceph: stderr
2023-12-17T11:49:15.842+0000 7f8b84ff9700 1 -- 172.21.15.143:0/1065233350 <== mon.0 v2:172.21.15.143:3300/0 4 ==== mgrmap(e 8) v1 ==== 43281+0+0 (secure 0 0 0) 0x7f8b7801a9f0 con 0x7f8b88077bb0
2023-12-17T11:49:16.604 INFO:teuthology.orchestra.run.smithi143.stdout:/usr/bin/ceph: stderr
2023-12-17T11:49:15.842+0000 7f8b8ea17700 1 -- 172.21.15.143:0/1065233350 --> [v2:172.21.15.143:3300/0,v1:172.21.15.143:6789/0] -- mon_command({"prefix": "get_command_descriptions"} v 0) v1 -- 0x7f8b8804bb80 con 0x7f8b88077bb0
2023-12-17T11:49:16.604 INFO:teuthology.orchestra.run.smithi143.stdout:/usr/bin/ceph: stderr
2023-12-17T11:49:15.843+0000 7f8b84ff9700 1 --2- 172.21.15.143:0/1065233350 >> [v2:172.21.15.143:6800/3555374324,v1:172.21.15.143:6801/3555374324] conn(0x7f8b70036640 0x7f8b70038af0 unknown :-1 s=NONE pgs=0 cs=0 l=1 rev1=0 crypto rx=0 tx=0 comp rx=0 tx=0).connect
2023-12-17T11:49:16.604 INFO:teuthology.orchestra.run.smithi143.stdout:/usr/bin/ceph: stderr
2023-12-17T11:49:15.843+0000 7f8b84ff9700 1 -- 172.21.15.143:0/1065233350 <== mon.0 v2:172.21.15.143:3300/0 5 ==== osd_map(2..2 src has 1..2) v4 ==== 936+0+0 (secure 0 0 0) 0x7f8b7804a110 con 0x7f8b88077bb0
2023-12-17T11:49:16.604 INFO:teuthology.orchestra.run.smithi143.stdout:/usr/bin/ceph: stderr
2023-12-17T11:49:15.843+0000 7f8b877fe700 1 --2- 172.21.15.143:0/1065233350 >> [v2:172.21.15.143:6800/3555374324,v1:172.21.15.143:6801/3555374324] conn(0x7f8b70036640 0x7f8b70038af0 unknown :-1 s=BANNER_CONNECTING pgs=0 cs=0 l=1 rev1=0 crypto rx=0 tx=0 comp rx=0 tx=0)._handle_peer_banner_payload supported=3 required=0
2023-12-17T11:49:16.604 INFO:teuthology.orchestra.run.smithi143.stdout:/usr/bin/ceph: stderr
2023-12-17T11:49:15.844+0000 7f8b877fe700 1 --2- 172.21.15.143:0/1065233350 >> [v2:172.21.15.143:6800/3555374324,v1:172.21.15.143:6801/3555374324] conn(0x7f8b70036640 0x7f8b70038af0 secure :-1 s=READY pgs=14 cs=0 l=1 rev1=1 crypto rx=0x7f8b7c009990 tx=0x7f8b7c006e40 comp rx=0 tx=0).ready entity=mgr.14120 client_cookie=0 server_cookie=0 in_seq=0 out_seq=0
2023-12-17T11:49:16.604 INFO:teuthology.orchestra.run.smithi143.stdout:/usr/bin/ceph: stderr
2023-12-17T11:49:15.848+0000 7f8b84ff9700 1 -- 172.21.15.143:0/1065233350 <== mon.0 v2:172.21.15.143:3300/0 6 ==== mon_command_ack([{"prefix": "get_command_descriptions"}]=0 v0) v1 ==== 72+0+174570 (secure 0 0 0) 0x7f8b7802b8c0 con 0x7f8b88077bb0
2023-12-17T11:49:16.604 INFO:teuthology.orchestra.run.smithi143.stdout:/usr/bin/ceph: stderr
2023-12-17T11:49:16.079+0000 7f8b8ea17700 1 -- 172.21.15.143:0/1065233350 --> [v2:172.21.15.143:6800/3555374324,v1:172.21.15.143:6801/3555374324] -- mgr_command(tid 0: {"prefix": "orch apply", "service_type": "crash", "target": ["mon-mgr", ""]}) v1 -- 0x7f8b8810d200 con 0x7f8b70036640
2023-12-17T11:49:16.604 INFO:teuthology.orchestra.run.smithi143.stdout:/usr/bin/ceph: stderr
2023-12-17T11:49:16.083+0000 7f8b84ff9700 1 -- 172.21.15.143:0/1065233350 <== mgr.14120 v2:172.21.15.143:6800/3555374324 1 ==== mgr_command_reply(tid 0: 0 ) v1 ==== 8+0+26 (secure 0 0 0) 0x7f8b8810d200 con 0x7f8b70036640
2023-12-17T11:49:16.604 INFO:teuthology.orchestra.run.smithi143.stdout:/usr/bin/ceph: stderr
2023-12-17T11:49:16.086+0000 7f8b8ea17700 1 -- 172.21.15.143:0/1065233350 >> [v2:172.21.15.143:6800/3555374324,v1:172.21.15.143:6801/3555374324] conn(0x7f8b70036640 msgr2=0x7f8b70038af0 secure :-1 s=STATE_CONNECTION_ESTABLISHED l=1).mark_down
2023-12-17T11:49:16.605 INFO:teuthology.orchestra.run.smithi143.stdout:/usr/bin/ceph: stderr
2023-12-17T11:49:16.086+0000 7f8b8ea17700 1 --2- 172.21.15.143:0/1065233350 >> [v2:172.21.15.143:6800/3555374324,v1:172.21.15.143:6801/3555374324] conn(0x7f8b70036640 0x7f8b70038af0 secure :-1 s=READY pgs=14 cs=0 l=1 rev1=1 crypto rx=0x7f8b7c009990 tx=0x7f8b7c006e40 comp rx=0 tx=0).stop
2023-12-17T11:49:16.605 INFO:teuthology.orchestra.run.smithi143.stdout:/usr/bin/ceph: stderr
2023-12-17T11:49:16.086+0000 7f8b8ea17700 1 -- 172.21.15.143:0/1065233350 >> [v2:172.21.15.143:3300/0,v1:172.21.15.143:6789/0] conn(0x7f8b88077bb0 msgr2=0x7f8b881133d0 secure :-1 s=STATE_CONNECTION_ESTABLISHED l=1).mark_down
2023-12-17T11:49:16.605 INFO:teuthology.orchestra.run.smithi143.stdout:/usr/bin/ceph: stderr
2023-12-17T11:49:16.086+0000 7f8b8ea17700 1 --2- 172.21.15.143:0/1065233350 >> [v2:172.21.15.143:3300/0,v1:172.21.15.143:6789/0] conn(0x7f8b88077bb0 0x7f8b881133d0 secure :-1 s=READY pgs=52 cs=0 l=1 rev1=1 crypto rx=0x7f8b78006d40 tx=0x7f8b78009250 comp rx=0 tx=0).stop
2023-12-17T11:49:16.605 INFO:teuthology.orchestra.run.smithi143.stdout:/usr/bin/ceph: stderr
2023-12-17T11:49:16.086+0000 7f8b8ea17700 1 -- 172.21.15.143:0/1065233350 shutdown_connections
2023-12-17T11:49:16.605 INFO:teuthology.orchestra.run.smithi143.stdout:/usr/bin/ceph: stderr
2023-12-17T11:49:16.086+0000 7f8b8ea17700 1 --2- 172.21.15.143:0/1065233350 >> [v2:172.21.15.143:6800/3555374324,v1:172.21.15.143:6801/3555374324] conn(0x7f8b70036640 0x7f8b70038af0 unknown :-1 s=CLOSED pgs=14 cs=0 l=1 rev1=1 crypto rx=0 tx=0 comp rx=0 tx=0).stop
2023-12-17T11:49:16.605 INFO:teuthology.orchestra.run.smithi143.stdout:/usr/bin/ceph: stderr
2023-12-17T11:49:16.086+0000 7f8b8ea17700 1 --2- 172.21.15.143:0/1065233350 >> [v2:172.21.15.143:3300/0,v1:172.21.15.143:6789/0] conn(0x7f8b88077bb0 0x7f8b881133d0 unknown :-1 s=CLOSED pgs=52 cs=0 l=1 rev1=1 crypto rx=0 tx=0 comp rx=0 tx=0).stop
2023-12-17T11:49:16.605 INFO:teuthology.orchestra.run.smithi143.stdout:/usr/bin/ceph: stderr
2023-12-17T11:49:16.086+0000 7f8b8ea17700 1 -- 172.21.15.143:0/1065233350 >> 172.21.15.143:0/1065233350 conn(0x7f8b880fda50 msgr2=0x7f8b880ffe50 unknown :-1 s=STATE_NONE l=0).mark_down
2023-12-17T11:49:16.605 INFO:teuthology.orchestra.run.smithi143.stdout:/usr/bin/ceph: stderr
2023-12-17T11:49:16.086+0000 7f8b8ea17700 1 -- 172.21.15.143:0/1065233350 shutdown_connections
2023-12-17T11:49:16.605 INFO:teuthology.orchestra.run.smithi143.stdout:/usr/bin/ceph: stderr
2023-12-17T11:49:16.086+0000 7f8b8ea17700 1 -- 172.21.15.143:0/1065233350 wait complete.
2023-12-17T11:49:16.605 INFO:teuthology.orchestra.run.smithi143.stdout:Deploying prometheus service with default placement...
2023-12-17T11:49:17.274 INFO:journalctl@ceph.mon.smithi143.smithi143.stdout:Dec 17 11:49:17 smithi143 ceph-mon[107115]: from='client.14146 -' entity='client.admin' cmd=[{"prefix": "orch apply", "service_type": "crash", "target": ["mon-mgr", ""]}]: dispatch
2023-12-17T11:49:17.274 INFO:journalctl@ceph.mon.smithi143.smithi143.stdout:Dec 17 11:49:17 smithi143 ceph-mon[107115]: Saving service crash spec with placement *
2023-12-17T11:49:17.274 INFO:journalctl@ceph.mon.smithi143.smithi143.stdout:Dec 17 11:49:17 smithi143 ceph-mon[107115]: from='mgr.14120 172.21.15.143:0/3546287840' entity='mgr.smithi143.rxaqqt'
2023-12-17T11:49:17.274 INFO:journalctl@ceph.mon.smithi143.smithi143.stdout:Dec 17 11:49:17 smithi143 ceph-mon[107115]: from='mgr.14120 172.21.15.143:0/3546287840' entity='mgr.smithi143.rxaqqt'
2023-12-17T11:49:17.560 INFO:teuthology.orchestra.run.smithi143.stdout:/usr/bin/ceph: stdout Scheduled prometheus update...
2023-12-17T11:49:17.560 INFO:teuthology.orchestra.run.smithi143.stdout:/usr/bin/ceph: stderr
2023-12-17T11:49:17.013+0000 7f2b95ff2700 1 Processor -- start
2023-12-17T11:49:17.560 INFO:teuthology.orchestra.run.smithi143.stdout:/usr/bin/ceph: stderr
2023-12-17T11:49:17.014+0000 7f2b95ff2700 1 -- start start
2023-12-17T11:49:17.560 INFO:teuthology.orchestra.run.smithi143.stdout:/usr/bin/ceph: stderr
2023-12-17T11:49:17.014+0000 7f2b95ff2700 1 --2- >> [v2:172.21.15.143:3300/0,v1:172.21.15.143:6789/0] conn(0x7f2b90077bb0 0x7f2b900760c0 unknown :-1 s=NONE pgs=0 cs=0 l=0 rev1=0 crypto rx=0 tx=0 comp rx=0 tx=0).connect
2023-12-17T11:49:17.560 INFO:teuthology.orchestra.run.smithi143.stdout:/usr/bin/ceph: stderr
2023-12-17T11:49:17.014+0000 7f2b95ff2700 1 -- --> [v2:172.21.15.143:3300/0,v1:172.21.15.143:6789/0] -- mon_getmap magic: 0 v1 -- 0x7f2b90077fc0 con 0x7f2b90077bb0
2023-12-17T11:49:17.561 INFO:teuthology.orchestra.run.smithi143.stdout:/usr/bin/ceph: stderr
2023-12-17T11:49:17.014+0000 7f2b8f7fe700 1 --2- >> [v2:172.21.15.143:3300/0,v1:172.21.15.143:6789/0] conn(0x7f2b90077bb0 0x7f2b900760c0 unknown :-1 s=BANNER_CONNECTING pgs=0 cs=0 l=0 rev1=0 crypto rx=0 tx=0 comp rx=0 tx=0)._handle_peer_banner_payload supported=3 required=0
2023-12-17T11:49:17.561 INFO:teuthology.orchestra.run.smithi143.stdout:/usr/bin/ceph: stderr
2023-12-17T11:49:17.014+0000 7f2b8f7fe700 1 --2- >> [v2:172.21.15.143:3300/0,v1:172.21.15.143:6789/0] conn(0x7f2b90077bb0 0x7f2b900760c0 unknown :-1 s=HELLO_CONNECTING pgs=0 cs=0 l=0 rev1=1 crypto rx=0 tx=0 comp rx=0 tx=0).handle_hello peer v2:172.21.15.143:3300/0 says I am v2:172.21.15.143:44036/0 (socket says 172.21.15.143:44036)
2023-12-17T11:49:17.561 INFO:teuthology.orchestra.run.smithi143.stdout:/usr/bin/ceph: stderr
2023-12-17T11:49:17.014+0000 7f2b8f7fe700 1 -- 172.21.15.143:0/1151529395 learned_addr learned my addr 172.21.15.143:0/1151529395 (peer_addr_for_me v2:172.21.15.143:0/0)
2023-12-17T11:49:17.561 INFO:teuthology.orchestra.run.smithi143.stdout:/usr/bin/ceph: stderr
2023-12-17T11:49:17.015+0000 7f2b8f7fe700 1 -- 172.21.15.143:0/1151529395 --> [v2:172.21.15.143:3300/0,v1:172.21.15.143:6789/0] -- mon_subscribe({config=0+,monmap=0+}) v3 -- 0x7f2b90076600 con 0x7f2b90077bb0
2023-12-17T11:49:17.561 INFO:teuthology.orchestra.run.smithi143.stdout:/usr/bin/ceph: stderr
2023-12-17T11:49:17.015+0000 7f2b8f7fe700 1 --2- 172.21.15.143:0/1151529395 >> [v2:172.21.15.143:3300/0,v1:172.21.15.143:6789/0] conn(0x7f2b90077bb0 0x7f2b900760c0 secure :-1 s=READY pgs=53 cs=0 l=1 rev1=1 crypto rx=0x7f2b800098e0 tx=0x7f2b80009250 comp rx=0 tx=0).ready entity=mon.0 client_cookie=5c906365249b1163 server_cookie=0 in_seq=0 out_seq=0
2023-12-17T11:49:17.561 INFO:teuthology.orchestra.run.smithi143.stdout:/usr/bin/ceph: stderr
2023-12-17T11:49:17.015+0000 7f2b8e7fc700 1 -- 172.21.15.143:0/1151529395 <== mon.0 v2:172.21.15.143:3300/0 1 ==== mon_map magic: 0 v1 ==== 229+0+0 (secure 0 0 0) 0x7f2b8000b860 con 0x7f2b90077bb0
2023-12-17T11:49:17.561 INFO:teuthology.orchestra.run.smithi143.stdout:/usr/bin/ceph: stderr
2023-12-17T11:49:17.015+0000 7f2b8e7fc700 1 -- 172.21.15.143:0/1151529395 <== mon.0 v2:172.21.15.143:3300/0 2 ==== config(26 keys) v1 ==== 1074+0+0 (secure 0 0 0) 0x7f2b8000be70 con 0x7f2b90077bb0
2023-12-17T11:49:17.561 INFO:teuthology.orchestra.run.smithi143.stdout:/usr/bin/ceph: stderr
2023-12-17T11:49:17.015+0000 7f2b8e7fc700 1 -- 172.21.15.143:0/1151529395 <== mon.0 v2:172.21.15.143:3300/0 3 ==== mon_map magic: 0 v1 ==== 229+0+0 (secure 0 0 0) 0x7f2b80010380 con 0x7f2b90077bb0
2023-12-17T11:49:17.561 INFO:teuthology.orchestra.run.smithi143.stdout:/usr/bin/ceph: stderr
2023-12-17T11:49:17.016+0000 7f2b95ff2700 1 -- 172.21.15.143:0/1151529395 >> [v2:172.21.15.143:3300/0,v1:172.21.15.143:6789/0] conn(0x7f2b90077bb0 msgr2=0x7f2b900760c0 secure :-1 s=STATE_CONNECTION_ESTABLISHED l=1).mark_down
2023-12-17T11:49:17.561 INFO:teuthology.orchestra.run.smithi143.stdout:/usr/bin/ceph: stderr
2023-12-17T11:49:17.016+0000 7f2b95ff2700 1 --2- 172.21.15.143:0/1151529395 >> [v2:172.21.15.143:3300/0,v1:172.21.15.143:6789/0] conn(0x7f2b90077bb0 0x7f2b900760c0 secure :-1 s=READY pgs=53 cs=0 l=1 rev1=1 crypto rx=0x7f2b800098e0 tx=0x7f2b80009250 comp rx=0 tx=0).stop
2023-12-17T11:49:17.561 INFO:teuthology.orchestra.run.smithi143.stdout:/usr/bin/ceph: stderr
2023-12-17T11:49:17.016+0000 7f2b95ff2700 1 -- 172.21.15.143:0/1151529395 shutdown_connections
2023-12-17T11:49:17.561 INFO:teuthology.orchestra.run.smithi143.stdout:/usr/bin/ceph: stderr
2023-12-17T11:49:17.016+0000 7f2b95ff2700 1 --2- 172.21.15.143:0/1151529395 >> [v2:172.21.15.143:3300/0,v1:172.21.15.143:6789/0] conn(0x7f2b90077bb0 0x7f2b900760c0 unknown :-1 s=CLOSED pgs=53 cs=0 l=1 rev1=1 crypto rx=0 tx=0 comp rx=0 tx=0).stop
2023-12-17T11:49:17.561 INFO:teuthology.orchestra.run.smithi143.stdout:/usr/bin/ceph: stderr
2023-12-17T11:49:17.016+0000 7f2b95ff2700 1 -- 172.21.15.143:0/1151529395 >> 172.21.15.143:0/1151529395 conn(0x7f2b900fda50 msgr2=0x7f2b900ffe60 unknown :-1 s=STATE_NONE l=0).mark_down
2023-12-17T11:49:17.561 INFO:teuthology.orchestra.run.smithi143.stdout:/usr/bin/ceph: stderr
2023-12-17T11:49:17.016+0000 7f2b95ff2700 1 -- 172.21.15.143:0/1151529395 shutdown_connections
2023-12-17T11:49:17.562 INFO:teuthology.orchestra.run.smithi143.stdout:/usr/bin/ceph: stderr
2023-12-17T11:49:17.016+0000 7f2b95ff2700 1 -- 172.21.15.143:0/1151529395 wait complete.
2023-12-17T11:49:17.562 INFO:teuthology.orchestra.run.smithi143.stdout:/usr/bin/ceph: stderr
2023-12-17T11:49:17.017+0000 7f2b95ff2700 1 Processor -- start
2023-12-17T11:49:17.562 INFO:teuthology.orchestra.run.smithi143.stdout:/usr/bin/ceph: stderr
2023-12-17T11:49:17.018+0000 7f2b95ff2700 1 -- start start
2023-12-17T11:49:17.562 INFO:teuthology.orchestra.run.smithi143.stdout:/usr/bin/ceph: stderr
2023-12-17T11:49:17.018+0000 7f2b95ff2700 1 --2- >> [v2:172.21.15.143:3300/0,v1:172.21.15.143:6789/0] conn(0x7f2b90077bb0 0x7f2b901133d0 unknown :-1 s=NONE pgs=0 cs=0 l=1 rev1=0 crypto rx=0 tx=0 comp rx=0 tx=0).connect
2023-12-17T11:49:17.562 INFO:teuthology.orchestra.run.smithi143.stdout:/usr/bin/ceph: stderr
2023-12-17T11:49:17.018+0000 7f2b95ff2700 1 -- --> [v2:172.21.15.143:3300/0,v1:172.21.15.143:6789/0] -- mon_getmap magic: 0 v1 -- 0x7f2b90113910 con 0x7f2b90077bb0
2023-12-17T11:49:17.562 INFO:teuthology.orchestra.run.smithi143.stdout:/usr/bin/ceph: stderr
2023-12-17T11:49:17.018+0000 7f2b8f7fe700 1 --2- >> [v2:172.21.15.143:3300/0,v1:172.21.15.143:6789/0] conn(0x7f2b90077bb0 0x7f2b901133d0 unknown :-1 s=BANNER_CONNECTING pgs=0 cs=0 l=1 rev1=0 crypto rx=0 tx=0 comp rx=0 tx=0)._handle_peer_banner_payload supported=3 required=0
2023-12-17T11:49:17.562 INFO:teuthology.orchestra.run.smithi143.stdout:/usr/bin/ceph: stderr
2023-12-17T11:49:17.018+0000 7f2b8f7fe700 1 --2- >> [v2:172.21.15.143:3300/0,v1:172.21.15.143:6789/0] conn(0x7f2b90077bb0 0x7f2b901133d0 unknown :-1 s=HELLO_CONNECTING pgs=0 cs=0 l=1 rev1=1 crypto rx=0 tx=0 comp rx=0 tx=0).handle_hello peer v2:172.21.15.143:3300/0 says I am v2:172.21.15.143:44042/0 (socket says 172.21.15.143:44042)
2023-12-17T11:49:17.562 INFO:teuthology.orchestra.run.smithi143.stdout:/usr/bin/ceph: stderr
2023-12-17T11:49:17.018+0000 7f2b8f7fe700 1 -- 172.21.15.143:0/2559686377 learned_addr learned my addr 172.21.15.143:0/2559686377 (peer_addr_for_me v2:172.21.15.143:0/0)
2023-12-17T11:49:17.562 INFO:teuthology.orchestra.run.smithi143.stdout:/usr/bin/ceph: stderr
2023-12-17T11:49:17.018+0000 7f2b8f7fe700 1 -- 172.21.15.143:0/2559686377 --> [v2:172.21.15.143:3300/0,v1:172.21.15.143:6789/0] -- mon_subscribe({config=0+,monmap=0+}) v3 -- 0x7f2b800094f0 con 0x7f2b90077bb0
2023-12-17T11:49:17.562 INFO:teuthology.orchestra.run.smithi143.stdout:/usr/bin/ceph: stderr
2023-12-17T11:49:17.019+0000 7f2b8f7fe700 1 --2- 172.21.15.143:0/2559686377 >> [v2:172.21.15.143:3300/0,v1:172.21.15.143:6789/0] conn(0x7f2b90077bb0 0x7f2b901133d0 secure :-1 s=READY pgs=54 cs=0 l=1 rev1=1 crypto rx=0x7f2b80006d40 tx=0x7f2b80009250 comp rx=0 tx=0).ready entity=mon.0 client_cookie=0 server_cookie=0 in_seq=0 out_seq=0
2023-12-17T11:49:17.562 INFO:teuthology.orchestra.run.smithi143.stdout:/usr/bin/ceph: stderr
2023-12-17T11:49:17.019+0000 7f2b77fff700 1 -- 172.21.15.143:0/2559686377 <== mon.0 v2:172.21.15.143:3300/0 1 ==== mon_map magic: 0 v1 ==== 229+0+0 (secure 0 0 0) 0x7f2b80010960 con 0x7f2b90077bb0
2023-12-17T11:49:17.562 INFO:teuthology.orchestra.run.smithi143.stdout:/usr/bin/ceph: stderr
2023-12-17T11:49:17.019+0000 7f2b77fff700 1 -- 172.21.15.143:0/2559686377 <== mon.0 v2:172.21.15.143:3300/0 2 ==== config(26 keys) v1 ==== 1074+0+0 (secure 0 0 0) 0x7f2b8001a430 con 0x7f2b90077bb0
2023-12-17T11:49:17.562 INFO:teuthology.orchestra.run.smithi143.stdout:/usr/bin/ceph: stderr
2023-12-17T11:49:17.019+0000 7f2b95ff2700 1 -- 172.21.15.143:0/2559686377 --> [v2:172.21.15.143:3300/0,v1:172.21.15.143:6789/0] -- mon_subscribe({mgrmap=0+}) v3 -- 0x7f2b90113b10 con 0x7f2b90077bb0
2023-12-17T11:49:17.563 INFO:teuthology.orchestra.run.smithi143.stdout:/usr/bin/ceph: stderr
2023-12-17T11:49:17.019+0000 7f2b77fff700 1 -- 172.21.15.143:0/2559686377 <== mon.0 v2:172.21.15.143:3300/0 3 ==== mon_map magic: 0 v1 ==== 229+0+0 (secure 0 0 0) 0x7f2b800245b0 con 0x7f2b90077bb0
2023-12-17T11:49:17.563 INFO:teuthology.orchestra.run.smithi143.stdout:/usr/bin/ceph: stderr
2023-12-17T11:49:17.019+0000 7f2b95ff2700 1 -- 172.21.15.143:0/2559686377 --> [v2:172.21.15.143:3300/0,v1:172.21.15.143:6789/0] -- mon_subscribe({osdmap=0}) v3 -- 0x7f2b90113f20 con 0x7f2b90077bb0
2023-12-17T11:49:17.563 INFO:teuthology.orchestra.run.smithi143.stdout:/usr/bin/ceph: stderr
2023-12-17T11:49:17.020+0000 7f2b77fff700 1 -- 172.21.15.143:0/2559686377 <== mon.0 v2:172.21.15.143:3300/0 4 ==== mgrmap(e 8) v1 ==== 43281+0+0 (secure 0 0 0) 0x7f2b80010ac0 con 0x7f2b90077bb0
2023-12-17T11:49:17.563 INFO:teuthology.orchestra.run.smithi143.stdout:/usr/bin/ceph: stderr
2023-12-17T11:49:17.020+0000 7f2b95ff2700 1 -- 172.21.15.143:0/2559686377 --> [v2:172.21.15.143:3300/0,v1:172.21.15.143:6789/0] -- mon_command({"prefix": "get_command_descriptions"} v 0) v1 -- 0x7f2b9004bb80 con 0x7f2b90077bb0
2023-12-17T11:49:17.563 INFO:teuthology.orchestra.run.smithi143.stdout:/usr/bin/ceph: stderr
2023-12-17T11:49:17.021+0000 7f2b77fff700 1 --2- 172.21.15.143:0/2559686377 >> [v2:172.21.15.143:6800/3555374324,v1:172.21.15.143:6801/3555374324] conn(0x7f2b78036640 0x7f2b78038af0 unknown :-1 s=NONE pgs=0 cs=0 l=1 rev1=0 crypto rx=0 tx=0 comp rx=0 tx=0).connect
2023-12-17T11:49:17.563 INFO:teuthology.orchestra.run.smithi143.stdout:/usr/bin/ceph: stderr
2023-12-17T11:49:17.021+0000 7f2b77fff700 1 -- 172.21.15.143:0/2559686377 <== mon.0 v2:172.21.15.143:3300/0 5 ==== osd_map(2..2 src has 1..2) v4 ==== 936+0+0 (secure 0 0 0) 0x7f2b8004a150 con 0x7f2b90077bb0
2023-12-17T11:49:17.563 INFO:teuthology.orchestra.run.smithi143.stdout:/usr/bin/ceph: stderr
2023-12-17T11:49:17.021+0000 7f2b8effd700 1 --2- 172.21.15.143:0/2559686377 >> [v2:172.21.15.143:6800/3555374324,v1:172.21.15.143:6801/3555374324] conn(0x7f2b78036640 0x7f2b78038af0 unknown :-1 s=BANNER_CONNECTING pgs=0 cs=0 l=1 rev1=0 crypto rx=0 tx=0 comp rx=0 tx=0)._handle_peer_banner_payload supported=3 required=0
2023-12-17T11:49:17.563 INFO:teuthology.orchestra.run.smithi143.stdout:/usr/bin/ceph: stderr
2023-12-17T11:49:17.022+0000 7f2b8effd700 1 --2- 172.21.15.143:0/2559686377 >> [v2:172.21.15.143:6800/3555374324,v1:172.21.15.143:6801/3555374324] conn(0x7f2b78036640 0x7f2b78038af0 secure :-1 s=READY pgs=15 cs=0 l=1 rev1=1 crypto rx=0x7f2b84009990 tx=0x7f2b84006e40 comp rx=0 tx=0).ready entity=mgr.14120 client_cookie=0 server_cookie=0 in_seq=0 out_seq=0
2023-12-17T11:49:17.563 INFO:teuthology.orchestra.run.smithi143.stdout:/usr/bin/ceph: stderr
2023-12-17T11:49:17.026+0000 7f2b77fff700 1 -- 172.21.15.143:0/2559686377 <== mon.0 v2:172.21.15.143:3300/0 6 ==== mon_command_ack([{"prefix": "get_command_descriptions"}]=0 v0) v1 ==== 72+0+174570 (secure 0 0 0) 0x7f2b8002b4d0 con 0x7f2b90077bb0
2023-12-17T11:49:17.563 INFO:teuthology.orchestra.run.smithi143.stdout:/usr/bin/ceph: stderr
2023-12-17T11:49:17.243+0000 7f2b95ff2700 1 -- 172.21.15.143:0/2559686377 --> [v2:172.21.15.143:6800/3555374324,v1:172.21.15.143:6801/3555374324] -- mgr_command(tid 0: {"prefix": "orch apply", "service_type": "prometheus", "target": ["mon-mgr", ""]}) v1 -- 0x7f2b9010d200 con 0x7f2b78036640
2023-12-17T11:49:17.563 INFO:teuthology.orchestra.run.smithi143.stdout:/usr/bin/ceph: stderr
2023-12-17T11:49:17.248+0000 7f2b77fff700 1 -- 172.21.15.143:0/2559686377 <== mgr.14120 v2:172.21.15.143:6800/3555374324 1 ==== mgr_command_reply(tid 0: 0 ) v1 ==== 8+0+31 (secure 0 0 0) 0x7f2b9010d200 con 0x7f2b78036640
2023-12-17T11:49:17.563 INFO:teuthology.orchestra.run.smithi143.stdout:/usr/bin/ceph: stderr
2023-12-17T11:49:17.251+0000 7f2b95ff2700 1 -- 172.21.15.143:0/2559686377 >> [v2:172.21.15.143:6800/3555374324,v1:172.21.15.143:6801/3555374324] conn(0x7f2b78036640 msgr2=0x7f2b78038af0 secure :-1 s=STATE_CONNECTION_ESTABLISHED l=1).mark_down
2023-12-17T11:49:17.563 INFO:teuthology.orchestra.run.smithi143.stdout:/usr/bin/ceph: stderr
2023-12-17T11:49:17.251+0000 7f2b95ff2700 1 --2- 172.21.15.143:0/2559686377 >> [v2:172.21.15.143:6800/3555374324,v1:172.21.15.143:6801/3555374324] conn(0x7f2b78036640 0x7f2b78038af0 secure :-1 s=READY pgs=15 cs=0 l=1 rev1=1 crypto rx=0x7f2b84009990 tx=0x7f2b84006e40 comp rx=0 tx=0).stop
2023-12-17T11:49:17.563 INFO:teuthology.orchestra.run.smithi143.stdout:/usr/bin/ceph: stderr
2023-12-17T11:49:17.251+0000 7f2b95ff2700 1 -- 172.21.15.143:0/2559686377 >> [v2:172.21.15.143:3300/0,v1:172.21.15.143:6789/0] conn(0x7f2b90077bb0 msgr2=0x7f2b901133d0 secure :-1 s=STATE_CONNECTION_ESTABLISHED l=1).mark_down
2023-12-17T11:49:17.564 INFO:teuthology.orchestra.run.smithi143.stdout:/usr/bin/ceph: stderr
2023-12-17T11:49:17.251+0000 7f2b95ff2700 1 --2- 172.21.15.143:0/2559686377 >> [v2:172.21.15.143:3300/0,v1:172.21.15.143:6789/0] conn(0x7f2b90077bb0 0x7f2b901133d0 secure :-1 s=READY pgs=54 cs=0 l=1 rev1=1 crypto rx=0x7f2b80006d40 tx=0x7f2b80009250 comp rx=0 tx=0).stop
2023-12-17T11:49:17.564 INFO:teuthology.orchestra.run.smithi143.stdout:/usr/bin/ceph: stderr
2023-12-17T11:49:17.251+0000 7f2b95ff2700 1 -- 172.21.15.143:0/2559686377 shutdown_connections
2023-12-17T11:49:17.564 INFO:teuthology.orchestra.run.smithi143.stdout:/usr/bin/ceph: stderr
