2023-12-17T11:49:05.242+0000 7f280664b700 1 --2- 172.21.15.143:0/2611134470 >> [v2:172.21.15.143:6800/3555374324,v1:172.21.15.143:6801/3555374324] conn(0x7f27e8039f60 0x7f27e803c340 unknown :-1 s=CLOSED pgs=2 cs=0 l=1 rev1=1 crypto rx=0 tx=0 comp rx=0 tx=0).stop
2023-12-17T11:49:05.574 INFO:teuthology.orchestra.run.smithi143.stdout:/usr/bin/ceph: stderr
2023-12-17T11:49:05.242+0000 7f280664b700 1 --2- 172.21.15.143:0/2611134470 >> [v2:172.21.15.143:3300/0,v1:172.21.15.143:6789/0] conn(0x7f28001022d0 0x7f2800077c00 unknown :-1 s=CLOSED pgs=29 cs=0 l=1 rev1=1 crypto rx=0 tx=0 comp rx=0 tx=0).stop
2023-12-17T11:49:05.574 INFO:teuthology.orchestra.run.smithi143.stdout:/usr/bin/ceph: stderr
2023-12-17T11:49:05.242+0000 7f280664b700 1 --2- 172.21.15.143:0/2611134470 >> [v2:172.21.15.143:6800/512120197,v1:172.21.15.143:6801/512120197] conn(0x7f27e8036640 0x7f27e8038af0 unknown :-1 s=CLOSED pgs=0 cs=0 l=1 rev1=0 crypto rx=0 tx=0 comp rx=0 tx=0).stop
2023-12-17T11:49:05.574 INFO:teuthology.orchestra.run.smithi143.stdout:/usr/bin/ceph: stderr
2023-12-17T11:49:05.242+0000 7f280664b700 1 -- 172.21.15.143:0/2611134470 >> 172.21.15.143:0/2611134470 conn(0x7f28000fda50 msgr2=0x7f28000ffe50 unknown :-1 s=STATE_NONE l=0).mark_down
2023-12-17T11:49:05.574 INFO:teuthology.orchestra.run.smithi143.stdout:/usr/bin/ceph: stderr
2023-12-17T11:49:05.242+0000 7f280664b700 1 -- 172.21.15.143:0/2611134470 shutdown_connections
2023-12-17T11:49:05.574 INFO:teuthology.orchestra.run.smithi143.stdout:/usr/bin/ceph: stderr
2023-12-17T11:49:05.242+0000 7f280664b700 1 -- 172.21.15.143:0/2611134470 wait complete.
2023-12-17T11:49:05.574 INFO:teuthology.orchestra.run.smithi143.stdout:mgr epoch 5 is available
2023-12-17T11:49:05.575 INFO:teuthology.orchestra.run.smithi143.stdout:Setting orchestrator backend to cephadm...
2023-12-17T11:49:06.478 INFO:journalctl@ceph.mon.smithi143.smithi143.stdout:Dec 17 11:49:06 smithi143 ceph-mon[107115]: [17/Dec/2023:11:49:05] ENGINE Serving on https://172.21.15.143:7150
2023-12-17T11:49:06.478 INFO:journalctl@ceph.mon.smithi143.smithi143.stdout:Dec 17 11:49:06 smithi143 ceph-mon[107115]: [17/Dec/2023:11:49:05] ENGINE Bus STARTED
2023-12-17T11:49:06.478 INFO:journalctl@ceph.mon.smithi143.smithi143.stdout:Dec 17 11:49:06 smithi143 ceph-mon[107115]: from='client.14124 -' entity='client.admin' cmd=[{"prefix": "get_command_descriptions"}]: dispatch
2023-12-17T11:49:06.478 INFO:journalctl@ceph.mon.smithi143.smithi143.stdout:Dec 17 11:49:06 smithi143 ceph-mon[107115]: from='client.14124 -' entity='client.admin' cmd=[{"prefix": "mgr_status"}]: dispatch
2023-12-17T11:49:06.478 INFO:journalctl@ceph.mon.smithi143.smithi143.stdout:Dec 17 11:49:06 smithi143 ceph-mon[107115]: from='mgr.14120 172.21.15.143:0/3546287840' entity='mgr.smithi143.rxaqqt'
2023-12-17T11:49:06.478 INFO:journalctl@ceph.mon.smithi143.smithi143.stdout:Dec 17 11:49:06 smithi143 ceph-mon[107115]: from='mgr.14120 172.21.15.143:0/3546287840' entity='mgr.smithi143.rxaqqt' cmd=[{"prefix": "config dump", "format": "json"}]: dispatch
2023-12-17T11:49:06.483 INFO:teuthology.orchestra.run.smithi143.stdout:/usr/bin/ceph: stderr
2023-12-17T11:49:05.918+0000 7f2f833ae700 1 Processor -- start
2023-12-17T11:49:06.483 INFO:teuthology.orchestra.run.smithi143.stdout:/usr/bin/ceph: stderr
2023-12-17T11:49:05.918+0000 7f2f833ae700 1 -- start start
2023-12-17T11:49:06.483 INFO:teuthology.orchestra.run.smithi143.stdout:/usr/bin/ceph: stderr
2023-12-17T11:49:05.918+0000 7f2f833ae700 1 --2- >> [v2:172.21.15.143:3300/0,v1:172.21.15.143:6789/0] conn(0x7f2f7c077bd0 0x7f2f7c0760e0 unknown :-1 s=NONE pgs=0 cs=0 l=0 rev1=0 crypto rx=0 tx=0 comp rx=0 tx=0).connect
2023-12-17T11:49:06.483 INFO:teuthology.orchestra.run.smithi143.stdout:/usr/bin/ceph: stderr
2023-12-17T11:49:05.918+0000 7f2f833ae700 1 -- --> [v2:172.21.15.143:3300/0,v1:172.21.15.143:6789/0] -- mon_getmap magic: 0 v1 -- 0x7f2f7c077fe0 con 0x7f2f7c077bd0
2023-12-17T11:49:06.484 INFO:teuthology.orchestra.run.smithi143.stdout:/usr/bin/ceph: stderr
2023-12-17T11:49:05.919+0000 7f2f8114a700 1 --2- >> [v2:172.21.15.143:3300/0,v1:172.21.15.143:6789/0] conn(0x7f2f7c077bd0 0x7f2f7c0760e0 unknown :-1 s=BANNER_CONNECTING pgs=0 cs=0 l=0 rev1=0 crypto rx=0 tx=0 comp rx=0 tx=0)._handle_peer_banner_payload supported=3 required=0
2023-12-17T11:49:06.484 INFO:teuthology.orchestra.run.smithi143.stdout:/usr/bin/ceph: stderr
2023-12-17T11:49:05.919+0000 7f2f8114a700 1 --2- >> [v2:172.21.15.143:3300/0,v1:172.21.15.143:6789/0] conn(0x7f2f7c077bd0 0x7f2f7c0760e0 unknown :-1 s=HELLO_CONNECTING pgs=0 cs=0 l=0 rev1=1 crypto rx=0 tx=0 comp rx=0 tx=0).handle_hello peer v2:172.21.15.143:3300/0 says I am v2:172.21.15.143:49506/0 (socket says 172.21.15.143:49506)
2023-12-17T11:49:06.484 INFO:teuthology.orchestra.run.smithi143.stdout:/usr/bin/ceph: stderr
2023-12-17T11:49:05.919+0000 7f2f8114a700 1 -- 172.21.15.143:0/1352024383 learned_addr learned my addr 172.21.15.143:0/1352024383 (peer_addr_for_me v2:172.21.15.143:0/0)
2023-12-17T11:49:06.484 INFO:teuthology.orchestra.run.smithi143.stdout:/usr/bin/ceph: stderr
2023-12-17T11:49:05.919+0000 7f2f8114a700 1 -- 172.21.15.143:0/1352024383 --> [v2:172.21.15.143:3300/0,v1:172.21.15.143:6789/0] -- mon_subscribe({config=0+,monmap=0+}) v3 -- 0x7f2f7c076620 con 0x7f2f7c077bd0
2023-12-17T11:49:06.484 INFO:teuthology.orchestra.run.smithi143.stdout:/usr/bin/ceph: stderr
2023-12-17T11:49:05.919+0000 7f2f8114a700 1 --2- 172.21.15.143:0/1352024383 >> [v2:172.21.15.143:3300/0,v1:172.21.15.143:6789/0] conn(0x7f2f7c077bd0 0x7f2f7c0760e0 secure :-1 s=READY pgs=37 cs=0 l=1 rev1=1 crypto rx=0x7f2f780098e0 tx=0x7f2f78009250 comp rx=0 tx=0).ready entity=mon.0 client_cookie=fca90530868726d2 server_cookie=0 in_seq=0 out_seq=0
2023-12-17T11:49:06.484 INFO:teuthology.orchestra.run.smithi143.stdout:/usr/bin/ceph: stderr
2023-12-17T11:49:05.919+0000 7f2f73fff700 1 -- 172.21.15.143:0/1352024383 <== mon.0 v2:172.21.15.143:3300/0 1 ==== mon_map magic: 0 v1 ==== 229+0+0 (secure 0 0 0) 0x7f2f7800b860 con 0x7f2f7c077bd0
2023-12-17T11:49:06.484 INFO:teuthology.orchestra.run.smithi143.stdout:/usr/bin/ceph: stderr
2023-12-17T11:49:05.920+0000 7f2f73fff700 1 -- 172.21.15.143:0/1352024383 <== mon.0 v2:172.21.15.143:3300/0 2 ==== config(26 keys) v1 ==== 1009+0+0 (secure 0 0 0) 0x7f2f7800be30 con 0x7f2f7c077bd0
2023-12-17T11:49:06.484 INFO:teuthology.orchestra.run.smithi143.stdout:/usr/bin/ceph: stderr
2023-12-17T11:49:05.920+0000 7f2f73fff700 1 -- 172.21.15.143:0/1352024383 <== mon.0 v2:172.21.15.143:3300/0 3 ==== mon_map magic: 0 v1 ==== 229+0+0 (secure 0 0 0) 0x7f2f78010380 con 0x7f2f7c077bd0
2023-12-17T11:49:06.484 INFO:teuthology.orchestra.run.smithi143.stdout:/usr/bin/ceph: stderr
2023-12-17T11:49:05.920+0000 7f2f833ae700 1 -- 172.21.15.143:0/1352024383 >> [v2:172.21.15.143:3300/0,v1:172.21.15.143:6789/0] conn(0x7f2f7c077bd0 msgr2=0x7f2f7c0760e0 secure :-1 s=STATE_CONNECTION_ESTABLISHED l=1).mark_down
2023-12-17T11:49:06.484 INFO:teuthology.orchestra.run.smithi143.stdout:/usr/bin/ceph: stderr
2023-12-17T11:49:05.920+0000 7f2f833ae700 1 --2- 172.21.15.143:0/1352024383 >> [v2:172.21.15.143:3300/0,v1:172.21.15.143:6789/0] conn(0x7f2f7c077bd0 0x7f2f7c0760e0 secure :-1 s=READY pgs=37 cs=0 l=1 rev1=1 crypto rx=0x7f2f780098e0 tx=0x7f2f78009250 comp rx=0 tx=0).stop
2023-12-17T11:49:06.484 INFO:teuthology.orchestra.run.smithi143.stdout:/usr/bin/ceph: stderr
2023-12-17T11:49:05.920+0000 7f2f833ae700 1 -- 172.21.15.143:0/1352024383 shutdown_connections
2023-12-17T11:49:06.484 INFO:teuthology.orchestra.run.smithi143.stdout:/usr/bin/ceph: stderr
2023-12-17T11:49:05.920+0000 7f2f833ae700 1 --2- 172.21.15.143:0/1352024383 >> [v2:172.21.15.143:3300/0,v1:172.21.15.143:6789/0] conn(0x7f2f7c077bd0 0x7f2f7c0760e0 unknown :-1 s=CLOSED pgs=37 cs=0 l=1 rev1=1 crypto rx=0 tx=0 comp rx=0 tx=0).stop
2023-12-17T11:49:06.484 INFO:teuthology.orchestra.run.smithi143.stdout:/usr/bin/ceph: stderr
2023-12-17T11:49:05.920+0000 7f2f833ae700 1 -- 172.21.15.143:0/1352024383 >> 172.21.15.143:0/1352024383 conn(0x7f2f7c0fda50 msgr2=0x7f2f7c0ffe60 unknown :-1 s=STATE_NONE l=0).mark_down
2023-12-17T11:49:06.484 INFO:teuthology.orchestra.run.smithi143.stdout:/usr/bin/ceph: stderr
2023-12-17T11:49:05.920+0000 7f2f833ae700 1 -- 172.21.15.143:0/1352024383 shutdown_connections
2023-12-17T11:49:06.485 INFO:teuthology.orchestra.run.smithi143.stdout:/usr/bin/ceph: stderr
2023-12-17T11:49:05.920+0000 7f2f833ae700 1 -- 172.21.15.143:0/1352024383 wait complete.
2023-12-17T11:49:06.485 INFO:teuthology.orchestra.run.smithi143.stdout:/usr/bin/ceph: stderr
2023-12-17T11:49:05.921+0000 7f2f833ae700 1 Processor -- start
2023-12-17T11:49:06.485 INFO:teuthology.orchestra.run.smithi143.stdout:/usr/bin/ceph: stderr
2023-12-17T11:49:05.921+0000 7f2f833ae700 1 -- start start
2023-12-17T11:49:06.485 INFO:teuthology.orchestra.run.smithi143.stdout:/usr/bin/ceph: stderr
2023-12-17T11:49:05.922+0000 7f2f833ae700 1 --2- >> [v2:172.21.15.143:3300/0,v1:172.21.15.143:6789/0] conn(0x7f2f7c077bd0 0x7f2f7c113370 unknown :-1 s=NONE pgs=0 cs=0 l=1 rev1=0 crypto rx=0 tx=0 comp rx=0 tx=0).connect
2023-12-17T11:49:06.485 INFO:teuthology.orchestra.run.smithi143.stdout:/usr/bin/ceph: stderr
2023-12-17T11:49:05.922+0000 7f2f833ae700 1 -- --> [v2:172.21.15.143:3300/0,v1:172.21.15.143:6789/0] -- mon_getmap magic: 0 v1 -- 0x7f2f7c1138b0 con 0x7f2f7c077bd0
2023-12-17T11:49:06.485 INFO:teuthology.orchestra.run.smithi143.stdout:/usr/bin/ceph: stderr
2023-12-17T11:49:05.922+0000 7f2f8114a700 1 --2- >> [v2:172.21.15.143:3300/0,v1:172.21.15.143:6789/0] conn(0x7f2f7c077bd0 0x7f2f7c113370 unknown :-1 s=BANNER_CONNECTING pgs=0 cs=0 l=1 rev1=0 crypto rx=0 tx=0 comp rx=0 tx=0)._handle_peer_banner_payload supported=3 required=0
2023-12-17T11:49:06.485 INFO:teuthology.orchestra.run.smithi143.stdout:/usr/bin/ceph: stderr
2023-12-17T11:49:05.922+0000 7f2f8114a700 1 --2- >> [v2:172.21.15.143:3300/0,v1:172.21.15.143:6789/0] conn(0x7f2f7c077bd0 0x7f2f7c113370 unknown :-1 s=HELLO_CONNECTING pgs=0 cs=0 l=1 rev1=1 crypto rx=0 tx=0 comp rx=0 tx=0).handle_hello peer v2:172.21.15.143:3300/0 says I am v2:172.21.15.143:49508/0 (socket says 172.21.15.143:49508)
2023-12-17T11:49:06.485 INFO:teuthology.orchestra.run.smithi143.stdout:/usr/bin/ceph: stderr
2023-12-17T11:49:05.922+0000 7f2f8114a700 1 -- 172.21.15.143:0/2048230176 learned_addr learned my addr 172.21.15.143:0/2048230176 (peer_addr_for_me v2:172.21.15.143:0/0)
2023-12-17T11:49:06.485 INFO:teuthology.orchestra.run.smithi143.stdout:/usr/bin/ceph: stderr
2023-12-17T11:49:05.922+0000 7f2f8114a700 1 -- 172.21.15.143:0/2048230176 --> [v2:172.21.15.143:3300/0,v1:172.21.15.143:6789/0] -- mon_subscribe({config=0+,monmap=0+}) v3 -- 0x7f2f780094f0 con 0x7f2f7c077bd0
2023-12-17T11:49:06.485 INFO:teuthology.orchestra.run.smithi143.stdout:/usr/bin/ceph: stderr
2023-12-17T11:49:05.923+0000 7f2f8114a700 1 --2- 172.21.15.143:0/2048230176 >> [v2:172.21.15.143:3300/0,v1:172.21.15.143:6789/0] conn(0x7f2f7c077bd0 0x7f2f7c113370 secure :-1 s=READY pgs=38 cs=0 l=1 rev1=1 crypto rx=0x7f2f7800b440 tx=0x7f2f78009250 comp rx=0 tx=0).ready entity=mon.0 client_cookie=0 server_cookie=0 in_seq=0 out_seq=0
2023-12-17T11:49:06.485 INFO:teuthology.orchestra.run.smithi143.stdout:/usr/bin/ceph: stderr
2023-12-17T11:49:05.923+0000 7f2f71ffb700 1 -- 172.21.15.143:0/2048230176 <== mon.0 v2:172.21.15.143:3300/0 1 ==== mon_map magic: 0 v1 ==== 229+0+0 (secure 0 0 0) 0x7f2f780107a0 con 0x7f2f7c077bd0
2023-12-17T11:49:06.485 INFO:teuthology.orchestra.run.smithi143.stdout:/usr/bin/ceph: stderr
2023-12-17T11:49:05.923+0000 7f2f71ffb700 1 -- 172.21.15.143:0/2048230176 <== mon.0 v2:172.21.15.143:3300/0 2 ==== config(26 keys) v1 ==== 1009+0+0 (secure 0 0 0) 0x7f2f78010d70 con 0x7f2f7c077bd0
2023-12-17T11:49:06.485 INFO:teuthology.orchestra.run.smithi143.stdout:/usr/bin/ceph: stderr
2023-12-17T11:49:05.923+0000 7f2f833ae700 1 -- 172.21.15.143:0/2048230176 --> [v2:172.21.15.143:3300/0,v1:172.21.15.143:6789/0] -- mon_subscribe({mgrmap=0+}) v3 -- 0x7f2f7c113ab0 con 0x7f2f7c077bd0
2023-12-17T11:49:06.485 INFO:teuthology.orchestra.run.smithi143.stdout:/usr/bin/ceph: stderr
2023-12-17T11:49:05.923+0000 7f2f71ffb700 1 -- 172.21.15.143:0/2048230176 <== mon.0 v2:172.21.15.143:3300/0 3 ==== mon_map magic: 0 v1 ==== 229+0+0 (secure 0 0 0) 0x7f2f7801adc0 con 0x7f2f7c077bd0
2023-12-17T11:49:06.486 INFO:teuthology.orchestra.run.smithi143.stdout:/usr/bin/ceph: stderr
2023-12-17T11:49:05.923+0000 7f2f833ae700 1 -- 172.21.15.143:0/2048230176 --> [v2:172.21.15.143:3300/0,v1:172.21.15.143:6789/0] -- mon_subscribe({osdmap=0}) v3 -- 0x7f2f7c113ec0 con 0x7f2f7c077bd0
2023-12-17T11:49:06.486 INFO:teuthology.orchestra.run.smithi143.stdout:/usr/bin/ceph: stderr
2023-12-17T11:49:05.924+0000 7f2f833ae700 1 -- 172.21.15.143:0/2048230176 --> [v2:172.21.15.143:3300/0,v1:172.21.15.143:6789/0] -- mon_command({"prefix": "get_command_descriptions"} v 0) v1 -- 0x7f2f7c04bb80 con 0x7f2f7c077bd0
2023-12-17T11:49:06.486 INFO:teuthology.orchestra.run.smithi143.stdout:/usr/bin/ceph: stderr
2023-12-17T11:49:05.924+0000 7f2f71ffb700 1 -- 172.21.15.143:0/2048230176 <== mon.0 v2:172.21.15.143:3300/0 4 ==== mgrmap(e 7) v1 ==== 43175+0+0 (secure 0 0 0) 0x7f2f78010900 con 0x7f2f7c077bd0
2023-12-17T11:49:06.486 INFO:teuthology.orchestra.run.smithi143.stdout:/usr/bin/ceph: stderr
2023-12-17T11:49:05.924+0000 7f2f71ffb700 1 --2- 172.21.15.143:0/2048230176 >> [v2:172.21.15.143:6800/3555374324,v1:172.21.15.143:6801/3555374324] conn(0x7f2f68036510 0x7f2f680389c0 unknown :-1 s=NONE pgs=0 cs=0 l=1 rev1=0 crypto rx=0 tx=0 comp rx=0 tx=0).connect
2023-12-17T11:49:06.486 INFO:teuthology.orchestra.run.smithi143.stdout:/usr/bin/ceph: stderr
2023-12-17T11:49:05.924+0000 7f2f71ffb700 1 -- 172.21.15.143:0/2048230176 <== mon.0 v2:172.21.15.143:3300/0 5 ==== osd_map(2..2 src has 1..2) v4 ==== 936+0+0 (secure 0 0 0) 0x7f2f78049b30 con 0x7f2f7c077bd0
2023-12-17T11:49:06.486 INFO:teuthology.orchestra.run.smithi143.stdout:/usr/bin/ceph: stderr
2023-12-17T11:49:05.925+0000 7f2f80949700 1 --2- 172.21.15.143:0/2048230176 >> [v2:172.21.15.143:6800/3555374324,v1:172.21.15.143:6801/3555374324] conn(0x7f2f68036510 0x7f2f680389c0 unknown :-1 s=BANNER_CONNECTING pgs=0 cs=0 l=1 rev1=0 crypto rx=0 tx=0 comp rx=0 tx=0)._handle_peer_banner_payload supported=3 required=0
2023-12-17T11:49:06.486 INFO:teuthology.orchestra.run.smithi143.stdout:/usr/bin/ceph: stderr
2023-12-17T11:49:05.925+0000 7f2f80949700 1 --2- 172.21.15.143:0/2048230176 >> [v2:172.21.15.143:6800/3555374324,v1:172.21.15.143:6801/3555374324] conn(0x7f2f68036510 0x7f2f680389c0 secure :-1 s=READY pgs=7 cs=0 l=1 rev1=1 crypto rx=0x7f2f6c009990 tx=0x7f2f6c006e40 comp rx=0 tx=0).ready entity=mgr.14120 client_cookie=0 server_cookie=0 in_seq=0 out_seq=0
2023-12-17T11:49:06.486 INFO:teuthology.orchestra.run.smithi143.stdout:/usr/bin/ceph: stderr
2023-12-17T11:49:05.929+0000 7f2f71ffb700 1 -- 172.21.15.143:0/2048230176 <== mon.0 v2:172.21.15.143:3300/0 6 ==== mon_command_ack([{"prefix": "get_command_descriptions"}]=0 v0) v1 ==== 72+0+174570 (secure 0 0 0) 0x7f2f7804be60 con 0x7f2f7c077bd0
2023-12-17T11:49:06.486 INFO:teuthology.orchestra.run.smithi143.stdout:/usr/bin/ceph: stderr
2023-12-17T11:49:06.140+0000 7f2f833ae700 1 -- 172.21.15.143:0/2048230176 --> [v2:172.21.15.143:6800/3555374324,v1:172.21.15.143:6801/3555374324] -- mgr_command(tid 0: {"prefix": "orch set backend", "module_name": "cephadm", "target": ["mon-mgr", ""]}) v1 -- 0x7f2f7c0008d0 con 0x7f2f68036510
2023-12-17T11:49:06.486 INFO:teuthology.orchestra.run.smithi143.stdout:/usr/bin/ceph: stderr
2023-12-17T11:49:06.147+0000 7f2f71ffb700 1 -- 172.21.15.143:0/2048230176 <== mgr.14120 v2:172.21.15.143:6800/3555374324 1 ==== mgr_command_reply(tid 0: 0 ) v1 ==== 8+0+0 (secure 0 0 0) 0x7f2f7c0008d0 con 0x7f2f68036510
2023-12-17T11:49:06.486 INFO:teuthology.orchestra.run.smithi143.stdout:/usr/bin/ceph: stderr
2023-12-17T11:49:06.149+0000 7f2f833ae700 1 -- 172.21.15.143:0/2048230176 >> [v2:172.21.15.143:6800/3555374324,v1:172.21.15.143:6801/3555374324] conn(0x7f2f68036510 msgr2=0x7f2f680389c0 secure :-1 s=STATE_CONNECTION_ESTABLISHED l=1).mark_down
2023-12-17T11:49:06.486 INFO:teuthology.orchestra.run.smithi143.stdout:/usr/bin/ceph: stderr
2023-12-17T11:49:06.149+0000 7f2f833ae700 1 --2- 172.21.15.143:0/2048230176 >> [v2:172.21.15.143:6800/3555374324,v1:172.21.15.143:6801/3555374324] conn(0x7f2f68036510 0x7f2f680389c0 secure :-1 s=READY pgs=7 cs=0 l=1 rev1=1 crypto rx=0x7f2f6c009990 tx=0x7f2f6c006e40 comp rx=0 tx=0).stop
2023-12-17T11:49:06.486 INFO:teuthology.orchestra.run.smithi143.stdout:/usr/bin/ceph: stderr
2023-12-17T11:49:06.149+0000 7f2f833ae700 1 -- 172.21.15.143:0/2048230176 >> [v2:172.21.15.143:3300/0,v1:172.21.15.143:6789/0] conn(0x7f2f7c077bd0 msgr2=0x7f2f7c113370 secure :-1 s=STATE_CONNECTION_ESTABLISHED l=1).mark_down
2023-12-17T11:49:06.486 INFO:teuthology.orchestra.run.smithi143.stdout:/usr/bin/ceph: stderr
2023-12-17T11:49:06.149+0000 7f2f833ae700 1 --2- 172.21.15.143:0/2048230176 >> [v2:172.21.15.143:3300/0,v1:172.21.15.143:6789/0] conn(0x7f2f7c077bd0 0x7f2f7c113370 secure :-1 s=READY pgs=38 cs=0 l=1 rev1=1 crypto rx=0x7f2f7800b440 tx=0x7f2f78009250 comp rx=0 tx=0).stop
2023-12-17T11:49:06.487 INFO:teuthology.orchestra.run.smithi143.stdout:/usr/bin/ceph: stderr
2023-12-17T11:49:06.149+0000 7f2f833ae700 1 -- 172.21.15.143:0/2048230176 shutdown_connections
2023-12-17T11:49:06.487 INFO:teuthology.orchestra.run.smithi143.stdout:/usr/bin/ceph: stderr
2023-12-17T11:49:06.149+0000 7f2f833ae700 1 --2- 172.21.15.143:0/2048230176 >> [v2:172.21.15.143:6800/3555374324,v1:172.21.15.143:6801/3555374324] conn(0x7f2f68036510 0x7f2f680389c0 unknown :-1 s=CLOSED pgs=7 cs=0 l=1 rev1=1 crypto rx=0 tx=0 comp rx=0 tx=0).stop
2023-12-17T11:49:06.487 INFO:teuthology.orchestra.run.smithi143.stdout:/usr/bin/ceph: stderr
2023-12-17T11:49:06.149+0000 7f2f833ae700 1 --2- 172.21.15.143:0/2048230176 >> [v2:172.21.15.143:3300/0,v1:172.21.15.143:6789/0] conn(0x7f2f7c077bd0 0x7f2f7c113370 unknown :-1 s=CLOSED pgs=38 cs=0 l=1 rev1=1 crypto rx=0 tx=0 comp rx=0 tx=0).stop
2023-12-17T11:49:06.487 INFO:teuthology.orchestra.run.smithi143.stdout:/usr/bin/ceph: stderr
2023-12-17T11:49:06.149+0000 7f2f833ae700 1 -- 172.21.15.143:0/2048230176 >> 172.21.15.143:0/2048230176 conn(0x7f2f7c0fda50 msgr2=0x7f2f7c0ffe10 unknown :-1 s=STATE_NONE l=0).mark_down
2023-12-17T11:49:06.487 INFO:teuthology.orchestra.run.smithi143.stdout:/usr/bin/ceph: stderr
2023-12-17T11:49:06.149+0000 7f2f833ae700 1 -- 172.21.15.143:0/2048230176 shutdown_connections
2023-12-17T11:49:06.487 INFO:teuthology.orchestra.run.smithi143.stdout:/usr/bin/ceph: stderr
2023-12-17T11:49:06.150+0000 7f2f833ae700 1 -- 172.21.15.143:0/2048230176 wait complete.
2023-12-17T11:49:07.397 INFO:journalctl@ceph.mon.smithi143.smithi143.stdout:Dec 17 11:49:07 smithi143 ceph-mon[107115]: from='client.14132 -' entity='client.admin' cmd=[{"prefix": "orch set backend", "module_name": "cephadm", "target": ["mon-mgr", ""]}]: dispatch
2023-12-17T11:49:07.397 INFO:journalctl@ceph.mon.smithi143.smithi143.stdout:Dec 17 11:49:07 smithi143 ceph-mon[107115]: mgrmap e8: smithi143.rxaqqt(active, since 2s)
2023-12-17T11:49:07.402 INFO:teuthology.orchestra.run.smithi143.stdout:/usr/bin/ceph: stdout value unchanged
2023-12-17T11:49:07.402 INFO:teuthology.orchestra.run.smithi143.stdout:/usr/bin/ceph: stderr
2023-12-17T11:49:06.858+0000 7fbf720c9700 1 Processor -- start
2023-12-17T11:49:07.402 INFO:teuthology.orchestra.run.smithi143.stdout:/usr/bin/ceph: stderr
2023-12-17T11:49:06.858+0000 7fbf720c9700 1 -- start start
2023-12-17T11:49:07.402 INFO:teuthology.orchestra.run.smithi143.stdout:/usr/bin/ceph: stderr
2023-12-17T11:49:06.859+0000 7fbf720c9700 1 --2- >> [v2:172.21.15.143:3300/0,v1:172.21.15.143:6789/0] conn(0x7fbf6c077bb0 0x7fbf6c0760c0 unknown :-1 s=NONE pgs=0 cs=0 l=0 rev1=0 crypto rx=0 tx=0 comp rx=0 tx=0).connect
2023-12-17T11:49:07.403 INFO:teuthology.orchestra.run.smithi143.stdout:/usr/bin/ceph: stderr
2023-12-17T11:49:06.859+0000 7fbf720c9700 1 -- --> [v2:172.21.15.143:3300/0,v1:172.21.15.143:6789/0] -- mon_getmap magic: 0 v1 -- 0x7fbf6c077fc0 con 0x7fbf6c077bb0
2023-12-17T11:49:07.403 INFO:teuthology.orchestra.run.smithi143.stdout:/usr/bin/ceph: stderr
2023-12-17T11:49:06.859+0000 7fbf6b7fe700 1 --2- >> [v2:172.21.15.143:3300/0,v1:172.21.15.143:6789/0] conn(0x7fbf6c077bb0 0x7fbf6c0760c0 unknown :-1 s=BANNER_CONNECTING pgs=0 cs=0 l=0 rev1=0 crypto rx=0 tx=0 comp rx=0 tx=0)._handle_peer_banner_payload supported=3 required=0
2023-12-17T11:49:07.403 INFO:teuthology.orchestra.run.smithi143.stdout:/usr/bin/ceph: stderr
2023-12-17T11:49:06.859+0000 7fbf6b7fe700 1 --2- >> [v2:172.21.15.143:3300/0,v1:172.21.15.143:6789/0] conn(0x7fbf6c077bb0 0x7fbf6c0760c0 unknown :-1 s=HELLO_CONNECTING pgs=0 cs=0 l=0 rev1=1 crypto rx=0 tx=0 comp rx=0 tx=0).handle_hello peer v2:172.21.15.143:3300/0 says I am v2:172.21.15.143:49516/0 (socket says 172.21.15.143:49516)
2023-12-17T11:49:07.403 INFO:teuthology.orchestra.run.smithi143.stdout:/usr/bin/ceph: stderr
2023-12-17T11:49:06.859+0000 7fbf6b7fe700 1 -- 172.21.15.143:0/1230460717 learned_addr learned my addr 172.21.15.143:0/1230460717 (peer_addr_for_me v2:172.21.15.143:0/0)
2023-12-17T11:49:07.403 INFO:teuthology.orchestra.run.smithi143.stdout:/usr/bin/ceph: stderr
2023-12-17T11:49:06.859+0000 7fbf6b7fe700 1 -- 172.21.15.143:0/1230460717 --> [v2:172.21.15.143:3300/0,v1:172.21.15.143:6789/0] -- mon_subscribe({config=0+,monmap=0+}) v3 -- 0x7fbf6c076600 con 0x7fbf6c077bb0
2023-12-17T11:49:07.403 INFO:teuthology.orchestra.run.smithi143.stdout:/usr/bin/ceph: stderr
2023-12-17T11:49:06.860+0000 7fbf6b7fe700 1 --2- 172.21.15.143:0/1230460717 >> [v2:172.21.15.143:3300/0,v1:172.21.15.143:6789/0] conn(0x7fbf6c077bb0 0x7fbf6c0760c0 secure :-1 s=READY pgs=39 cs=0 l=1 rev1=1 crypto rx=0x7fbf5c0098e0 tx=0x7fbf5c009250 comp rx=0 tx=0).ready entity=mon.0 client_cookie=d02da2ae8773b7f8 server_cookie=0 in_seq=0 out_seq=0
2023-12-17T11:49:07.403 INFO:teuthology.orchestra.run.smithi143.stdout:/usr/bin/ceph: stderr
2023-12-17T11:49:06.860+0000 7fbf6a7fc700 1 -- 172.21.15.143:0/1230460717 <== mon.0 v2:172.21.15.143:3300/0 1 ==== mon_map magic: 0 v1 ==== 229+0+0 (secure 0 0 0) 0x7fbf5c00b860 con 0x7fbf6c077bb0
2023-12-17T11:49:07.403 INFO:teuthology.orchestra.run.smithi143.stdout:/usr/bin/ceph: stderr
2023-12-17T11:49:06.860+0000 7fbf6a7fc700 1 -- 172.21.15.143:0/1230460717 <== mon.0 v2:172.21.15.143:3300/0 2 ==== config(26 keys) v1 ==== 1009+0+0 (secure 0 0 0) 0x7fbf5c00be30 con 0x7fbf6c077bb0
2023-12-17T11:49:07.403 INFO:teuthology.orchestra.run.smithi143.stdout:/usr/bin/ceph: stderr
2023-12-17T11:49:06.860+0000 7fbf6a7fc700 1 -- 172.21.15.143:0/1230460717 <== mon.0 v2:172.21.15.143:3300/0 3 ==== mon_map magic: 0 v1 ==== 229+0+0 (secure 0 0 0) 0x7fbf5c010380 con 0x7fbf6c077bb0
2023-12-17T11:49:07.403 INFO:teuthology.orchestra.run.smithi143.stdout:/usr/bin/ceph: stderr
2023-12-17T11:49:06.860+0000 7fbf720c9700 1 -- 172.21.15.143:0/1230460717 >> [v2:172.21.15.143:3300/0,v1:172.21.15.143:6789/0] conn(0x7fbf6c077bb0 msgr2=0x7fbf6c0760c0 secure :-1 s=STATE_CONNECTION_ESTABLISHED l=1).mark_down
2023-12-17T11:49:07.404 INFO:teuthology.orchestra.run.smithi143.stdout:/usr/bin/ceph: stderr
2023-12-17T11:49:06.860+0000 7fbf720c9700 1 --2- 172.21.15.143:0/1230460717 >> [v2:172.21.15.143:3300/0,v1:172.21.15.143:6789/0] conn(0x7fbf6c077bb0 0x7fbf6c0760c0 secure :-1 s=READY pgs=39 cs=0 l=1 rev1=1 crypto rx=0x7fbf5c0098e0 tx=0x7fbf5c009250 comp rx=0 tx=0).stop
2023-12-17T11:49:07.404 INFO:teuthology.orchestra.run.smithi143.stdout:/usr/bin/ceph: stderr
2023-12-17T11:49:06.860+0000 7fbf720c9700 1 -- 172.21.15.143:0/1230460717 shutdown_connections
2023-12-17T11:49:07.404 INFO:teuthology.orchestra.run.smithi143.stdout:/usr/bin/ceph: stderr
2023-12-17T11:49:06.860+0000 7fbf720c9700 1 --2- 172.21.15.143:0/1230460717 >> [v2:172.21.15.143:3300/0,v1:172.21.15.143:6789/0] conn(0x7fbf6c077bb0 0x7fbf6c0760c0 unknown :-1 s=CLOSED pgs=39 cs=0 l=1 rev1=1 crypto rx=0 tx=0 comp rx=0 tx=0).stop
2023-12-17T11:49:07.404 INFO:teuthology.orchestra.run.smithi143.stdout:/usr/bin/ceph: stderr
2023-12-17T11:49:06.860+0000 7fbf720c9700 1 -- 172.21.15.143:0/1230460717 >> 172.21.15.143:0/1230460717 conn(0x7fbf6c0fda50 msgr2=0x7fbf6c0ffe60 unknown :-1 s=STATE_NONE l=0).mark_down
2023-12-17T11:49:07.404 INFO:teuthology.orchestra.run.smithi143.stdout:/usr/bin/ceph: stderr
2023-12-17T11:49:06.861+0000 7fbf720c9700 1 -- 172.21.15.143:0/1230460717 shutdown_connections
2023-12-17T11:49:07.404 INFO:teuthology.orchestra.run.smithi143.stdout:/usr/bin/ceph: stderr
2023-12-17T11:49:06.861+0000 7fbf720c9700 1 -- 172.21.15.143:0/1230460717 wait complete.
2023-12-17T11:49:07.404 INFO:teuthology.orchestra.run.smithi143.stdout:/usr/bin/ceph: stderr
2023-12-17T11:49:06.861+0000 7fbf720c9700 1 Processor -- start
2023-12-17T11:49:07.404 INFO:teuthology.orchestra.run.smithi143.stdout:/usr/bin/ceph: stderr
2023-12-17T11:49:06.862+0000 7fbf720c9700 1 -- start start
2023-12-17T11:49:07.404 INFO:teuthology.orchestra.run.smithi143.stdout:/usr/bin/ceph: stderr
2023-12-17T11:49:06.862+0000 7fbf720c9700 1 --2- >> [v2:172.21.15.143:3300/0,v1:172.21.15.143:6789/0] conn(0x7fbf6c077bb0 0x7fbf6c1133d0 unknown :-1 s=NONE pgs=0 cs=0 l=1 rev1=0 crypto rx=0 tx=0 comp rx=0 tx=0).connect
2023-12-17T11:49:07.404 INFO:teuthology.orchestra.run.smithi143.stdout:/usr/bin/ceph: stderr
2023-12-17T11:49:06.862+0000 7fbf720c9700 1 -- --> [v2:172.21.15.143:3300/0,v1:172.21.15.143:6789/0] -- mon_getmap magic: 0 v1 -- 0x7fbf6c113910 con 0x7fbf6c077bb0
2023-12-17T11:49:07.405 INFO:teuthology.orchestra.run.smithi143.stdout:/usr/bin/ceph: stderr
2023-12-17T11:49:06.862+0000 7fbf6b7fe700 1 --2- >> [v2:172.21.15.143:3300/0,v1:172.21.15.143:6789/0] conn(0x7fbf6c077bb0 0x7fbf6c1133d0 unknown :-1 s=BANNER_CONNECTING pgs=0 cs=0 l=1 rev1=0 crypto rx=0 tx=0 comp rx=0 tx=0)._handle_peer_banner_payload supported=3 required=0
2023-12-17T11:49:07.405 INFO:teuthology.orchestra.run.smithi143.stdout:/usr/bin/ceph: stderr
2023-12-17T11:49:06.862+0000 7fbf6b7fe700 1 --2- >> [v2:172.21.15.143:3300/0,v1:172.21.15.143:6789/0] conn(0x7fbf6c077bb0 0x7fbf6c1133d0 unknown :-1 s=HELLO_CONNECTING pgs=0 cs=0 l=1 rev1=1 crypto rx=0 tx=0 comp rx=0 tx=0).handle_hello peer v2:172.21.15.143:3300/0 says I am v2:172.21.15.143:49532/0 (socket says 172.21.15.143:49532)
2023-12-17T11:49:07.405 INFO:teuthology.orchestra.run.smithi143.stdout:/usr/bin/ceph: stderr
2023-12-17T11:49:06.862+0000 7fbf6b7fe700 1 -- 172.21.15.143:0/4163202192 learned_addr learned my addr 172.21.15.143:0/4163202192 (peer_addr_for_me v2:172.21.15.143:0/0)
2023-12-17T11:49:07.405 INFO:teuthology.orchestra.run.smithi143.stdout:/usr/bin/ceph: stderr
2023-12-17T11:49:06.862+0000 7fbf6b7fe700 1 -- 172.21.15.143:0/4163202192 --> [v2:172.21.15.143:3300/0,v1:172.21.15.143:6789/0] -- mon_subscribe({config=0+,monmap=0+}) v3 -- 0x7fbf5c0094f0 con 0x7fbf6c077bb0
2023-12-17T11:49:07.405 INFO:teuthology.orchestra.run.smithi143.stdout:/usr/bin/ceph: stderr
2023-12-17T11:49:06.863+0000 7fbf6b7fe700 1 --2- 172.21.15.143:0/4163202192 >> [v2:172.21.15.143:3300/0,v1:172.21.15.143:6789/0] conn(0x7fbf6c077bb0 0x7fbf6c1133d0 secure :-1 s=READY pgs=40 cs=0 l=1 rev1=1 crypto rx=0x7fbf5c006fd0 tx=0x7fbf5c009250 comp rx=0 tx=0).ready entity=mon.0 client_cookie=0 server_cookie=0 in_seq=0 out_seq=0
2023-12-17T11:49:07.405 INFO:teuthology.orchestra.run.smithi143.stdout:/usr/bin/ceph: stderr
2023-12-17T11:49:06.863+0000 7fbf53fff700 1 -- 172.21.15.143:0/4163202192 <== mon.0 v2:172.21.15.143:3300/0 1 ==== mon_map magic: 0 v1 ==== 229+0+0 (secure 0 0 0) 0x7fbf5c010750 con 0x7fbf6c077bb0
2023-12-17T11:49:07.405 INFO:teuthology.orchestra.run.smithi143.stdout:/usr/bin/ceph: stderr
2023-12-17T11:49:06.863+0000 7fbf53fff700 1 -- 172.21.15.143:0/4163202192 <== mon.0 v2:172.21.15.143:3300/0 2 ==== config(26 keys) v1 ==== 1009+0+0 (secure 0 0 0) 0x7fbf5c010d20 con 0x7fbf6c077bb0
2023-12-17T11:49:07.405 INFO:teuthology.orchestra.run.smithi143.stdout:/usr/bin/ceph: stderr
2023-12-17T11:49:06.863+0000 7fbf720c9700 1 -- 172.21.15.143:0/4163202192 --> [v2:172.21.15.143:3300/0,v1:172.21.15.143:6789/0] -- mon_subscribe({mgrmap=0+}) v3 -- 0x7fbf6c113b10 con 0x7fbf6c077bb0
2023-12-17T11:49:07.405 INFO:teuthology.orchestra.run.smithi143.stdout:/usr/bin/ceph: stderr
2023-12-17T11:49:06.863+0000 7fbf53fff700 1 -- 172.21.15.143:0/4163202192 <== mon.0 v2:172.21.15.143:3300/0 3 ==== mon_map magic: 0 v1 ==== 229+0+0 (secure 0 0 0) 0x7fbf5c01ada0 con 0x7fbf6c077bb0
2023-12-17T11:49:07.405 INFO:teuthology.orchestra.run.smithi143.stdout:/usr/bin/ceph: stderr
2023-12-17T11:49:06.863+0000 7fbf720c9700 1 -- 172.21.15.143:0/4163202192 --> [v2:172.21.15.143:3300/0,v1:172.21.15.143:6789/0] -- mon_subscribe({osdmap=0}) v3 -- 0x7fbf6c113f20 con 0x7fbf6c077bb0
2023-12-17T11:49:07.405 INFO:teuthology.orchestra.run.smithi143.stdout:/usr/bin/ceph: stderr
2023-12-17T11:49:06.864+0000 7fbf53fff700 1 -- 172.21.15.143:0/4163202192 <== mon.0 v2:172.21.15.143:3300/0 4 ==== mgrmap(e 7) v1 ==== 43175+0+0 (secure 0 0 0) 0x7fbf5c0193c0 con 0x7fbf6c077bb0
2023-12-17T11:49:07.405 INFO:teuthology.orchestra.run.smithi143.stdout:/usr/bin/ceph: stderr
2023-12-17T11:49:06.864+0000 7fbf720c9700 1 -- 172.21.15.143:0/4163202192 --> [v2:172.21.15.143:3300/0,v1:172.21.15.143:6789/0] -- mon_command({"prefix": "get_command_descriptions"} v 0) v1 -- 0x7fbf6c04bb80 con 0x7fbf6c077bb0
2023-12-17T11:49:07.405 INFO:teuthology.orchestra.run.smithi143.stdout:/usr/bin/ceph: stderr
2023-12-17T11:49:06.864+0000 7fbf53fff700 1 --2- 172.21.15.143:0/4163202192 >> [v2:172.21.15.143:6800/3555374324,v1:172.21.15.143:6801/3555374324] conn(0x7fbf54036510 0x7fbf540389c0 unknown :-1 s=NONE pgs=0 cs=0 l=1 rev1=0 crypto rx=0 tx=0 comp rx=0 tx=0).connect
2023-12-17T11:49:07.406 INFO:teuthology.orchestra.run.smithi143.stdout:/usr/bin/ceph: stderr
2023-12-17T11:49:06.864+0000 7fbf53fff700 1 -- 172.21.15.143:0/4163202192 <== mon.0 v2:172.21.15.143:3300/0 5 ==== osd_map(2..2 src has 1..2) v4 ==== 936+0+0 (secure 0 0 0) 0x7fbf5c049a20 con 0x7fbf6c077bb0
2023-12-17T11:49:07.406 INFO:teuthology.orchestra.run.smithi143.stdout:/usr/bin/ceph: stderr
2023-12-17T11:49:06.865+0000 7fbf6affd700 1 --2- 172.21.15.143:0/4163202192 >> [v2:172.21.15.143:6800/3555374324,v1:172.21.15.143:6801/3555374324] conn(0x7fbf54036510 0x7fbf540389c0 unknown :-1 s=BANNER_CONNECTING pgs=0 cs=0 l=1 rev1=0 crypto rx=0 tx=0 comp rx=0 tx=0)._handle_peer_banner_payload supported=3 required=0
2023-12-17T11:49:07.406 INFO:teuthology.orchestra.run.smithi143.stdout:/usr/bin/ceph: stderr
2023-12-17T11:49:06.865+0000 7fbf6affd700 1 --2- 172.21.15.143:0/4163202192 >> [v2:172.21.15.143:6800/3555374324,v1:172.21.15.143:6801/3555374324] conn(0x7fbf54036510 0x7fbf540389c0 secure :-1 s=READY pgs=8 cs=0 l=1 rev1=1 crypto rx=0x7fbf60009990 tx=0x7fbf60006e40 comp rx=0 tx=0).ready entity=mgr.14120 client_cookie=0 server_cookie=0 in_seq=0 out_seq=0
2023-12-17T11:49:07.406 INFO:teuthology.orchestra.run.smithi143.stdout:/usr/bin/ceph: stderr
2023-12-17T11:49:06.869+0000 7fbf53fff700 1 -- 172.21.15.143:0/4163202192 <== mon.0 v2:172.21.15.143:3300/0 6 ==== mon_command_ack([{"prefix": "get_command_descriptions"}]=0 v0) v1 ==== 72+0+174570 (secure 0 0 0) 0x7fbf5c01a5d0 con 0x7fbf6c077bb0
2023-12-17T11:49:07.406 INFO:teuthology.orchestra.run.smithi143.stdout:/usr/bin/ceph: stderr
2023-12-17T11:49:07.063+0000 7fbf720c9700 1 -- 172.21.15.143:0/4163202192 --> [v2:172.21.15.143:6800/3555374324,v1:172.21.15.143:6801/3555374324] -- mgr_command(tid 0: {"prefix": "cephadm set-user", "user": "root", "target": ["mon-mgr", ""]}) v1 -- 0x7fbf6c0008d0 con 0x7fbf54036510
2023-12-17T11:49:07.406 INFO:teuthology.orchestra.run.smithi143.stdout:/usr/bin/ceph: stderr
2023-12-17T11:49:07.063+0000 7fbf53fff700 1 -- 172.21.15.143:0/4163202192 <== mgr.14120 v2:172.21.15.143:6800/3555374324 1 ==== mgr_command_reply(tid 0: 0 ) v1 ==== 8+0+16 (secure 0 0 0) 0x7fbf6c0008d0 con 0x7fbf54036510
2023-12-17T11:49:07.406 INFO:teuthology.orchestra.run.smithi143.stdout:/usr/bin/ceph: stderr
2023-12-17T11:49:07.066+0000 7fbf720c9700 1 -- 172.21.15.143:0/4163202192 >> [v2:172.21.15.143:6800/3555374324,v1:172.21.15.143:6801/3555374324] conn(0x7fbf54036510 msgr2=0x7fbf540389c0 secure :-1 s=STATE_CONNECTION_ESTABLISHED l=1).mark_down
2023-12-17T11:49:07.406 INFO:teuthology.orchestra.run.smithi143.stdout:/usr/bin/ceph: stderr
2023-12-17T11:49:07.066+0000 7fbf720c9700 1 --2- 172.21.15.143:0/4163202192 >> [v2:172.21.15.143:6800/3555374324,v1:172.21.15.143:6801/3555374324] conn(0x7fbf54036510 0x7fbf540389c0 secure :-1 s=READY pgs=8 cs=0 l=1 rev1=1 crypto rx=0x7fbf60009990 tx=0x7fbf60006e40 comp rx=0 tx=0).stop
2023-12-17T11:49:07.406 INFO:teuthology.orchestra.run.smithi143.stdout:/usr/bin/ceph: stderr
2023-12-17T11:49:07.066+0000 7fbf720c9700 1 -- 172.21.15.143:0/4163202192 >> [v2:172.21.15.143:3300/0,v1:172.21.15.143:6789/0] conn(0x7fbf6c077bb0 msgr2=0x7fbf6c1133d0 secure :-1 s=STATE_CONNECTION_ESTABLISHED l=1).mark_down
2023-12-17T11:49:07.406 INFO:teuthology.orchestra.run.smithi143.stdout:/usr/bin/ceph: stderr
2023-12-17T11:49:07.066+0000 7fbf720c9700 1 --2- 172.21.15.143:0/4163202192 >> [v2:172.21.15.143:3300/0,v1:172.21.15.143:6789/0] conn(0x7fbf6c077bb0 0x7fbf6c1133d0 secure :-1 s=READY pgs=40 cs=0 l=1 rev1=1 crypto rx=0x7fbf5c006fd0 tx=0x7fbf5c009250 comp rx=0 tx=0).stop
2023-12-17T11:49:07.406 INFO:teuthology.orchestra.run.smithi143.stdout:/usr/bin/ceph: stderr
2023-12-17T11:49:07.066+0000 7fbf720c9700 1 -- 172.21.15.143:0/4163202192 shutdown_connections
2023-12-17T11:49:07.406 INFO:teuthology.orchestra.run.smithi143.stdout:/usr/bin/ceph: stderr
2023-12-17T11:49:07.066+0000 7fbf720c9700 1 --2- 172.21.15.143:0/4163202192 >> [v2:172.21.15.143:6800/3555374324,v1:172.21.15.143:6801/3555374324] conn(0x7fbf54036510 0x7fbf540389c0 unknown :-1 s=CLOSED pgs=8 cs=0 l=1 rev1=1 crypto rx=0 tx=0 comp rx=0 tx=0).stop
2023-12-17T11:49:07.407 INFO:teuthology.orchestra.run.smithi143.stdout:/usr/bin/ceph: stderr
2023-12-17T11:49:07.066+0000 7fbf720c9700 1 --2- 172.21.15.143:0/4163202192 >> [v2:172.21.15.143:3300/0,v1:172.21.15.143:6789/0] conn(0x7fbf6c077bb0 0x7fbf6c1133d0 unknown :-1 s=CLOSED pgs=40 cs=0 l=1 rev1=1 crypto rx=0 tx=0 comp rx=0 tx=0).stop
2023-12-17T11:49:07.407 INFO:teuthology.orchestra.run.smithi143.stdout:/usr/bin/ceph: stderr
2023-12-17T11:49:07.066+0000 7fbf720c9700 1 -- 172.21.15.143:0/4163202192 >> 172.21.15.143:0/4163202192 conn(0x7fbf6c0fda50 msgr2=0x7fbf6c0ffe50 unknown :-1 s=STATE_NONE l=0).mark_down
2023-12-17T11:49:07.407 INFO:teuthology.orchestra.run.smithi143.stdout:/usr/bin/ceph: stderr
2023-12-17T11:49:07.066+0000 7fbf720c9700 1 -- 172.21.15.143:0/4163202192 shutdown_connections
2023-12-17T11:49:07.407 INFO:teuthology.orchestra.run.smithi143.stdout:/usr/bin/ceph: stderr
2023-12-17T11:49:07.066+0000 7fbf720c9700 1 -- 172.21.15.143:0/4163202192 wait complete.
2023-12-17T11:49:07.407 INFO:teuthology.orchestra.run.smithi143.stdout:Generating ssh key...
2023-12-17T11:49:08.628 INFO:journalctl@ceph.mon.smithi143.smithi143.stdout:Dec 17 11:49:08 smithi143 ceph-mon[107115]: from='client.14134 -' entity='client.admin' cmd=[{"prefix": "cephadm set-user", "user": "root", "target": ["mon-mgr", ""]}]: dispatch
2023-12-17T11:49:08.628 INFO:journalctl@ceph.mon.smithi143.smithi143.stdout:Dec 17 11:49:08 smithi143 ceph-mon[107115]: from='client.14136 -' entity='client.admin' cmd=[{"prefix": "cephadm generate-key", "target": ["mon-mgr", ""]}]: dispatch
2023-12-17T11:49:08.628 INFO:journalctl@ceph.mon.smithi143.smithi143.stdout:Dec 17 11:49:08 smithi143 ceph-mon[107115]: Generating ssh key...
2023-12-17T11:49:08.785 INFO:teuthology.orchestra.run.smithi143.stdout:/usr/bin/ceph: stderr
2023-12-17T11:49:07.751+0000 7f337d4ba700 1 Processor -- start
2023-12-17T11:49:08.785 INFO:teuthology.orchestra.run.smithi143.stdout:/usr/bin/ceph: stderr
2023-12-17T11:49:07.751+0000 7f337d4ba700 1 -- start start
2023-12-17T11:49:08.786 INFO:teuthology.orchestra.run.smithi143.stdout:/usr/bin/ceph: stderr
2023-12-17T11:49:07.751+0000 7f337d4ba700 1 --2- >> [v2:172.21.15.143:3300/0,v1:172.21.15.143:6789/0] conn(0x7f3378077bb0 0x7f33780760c0 unknown :-1 s=NONE pgs=0 cs=0 l=0 rev1=0 crypto rx=0 tx=0 comp rx=0 tx=0).connect
2023-12-17T11:49:08.786 INFO:teuthology.orchestra.run.smithi143.stdout:/usr/bin/ceph: stderr
2023-12-17T11:49:07.751+0000 7f337d4ba700 1 -- --> [v2:172.21.15.143:3300/0,v1:172.21.15.143:6789/0] -- mon_getmap magic: 0 v1 -- 0x7f3378077fc0 con 0x7f3378077bb0
2023-12-17T11:49:08.786 INFO:teuthology.orchestra.run.smithi143.stdout:/usr/bin/ceph: stderr
2023-12-17T11:49:07.751+0000 7f3376ffd700 1 --2- >> [v2:172.21.15.143:3300/0,v1:172.21.15.143:6789/0] conn(0x7f3378077bb0 0x7f33780760c0 unknown :-1 s=BANNER_CONNECTING pgs=0 cs=0 l=0 rev1=0 crypto rx=0 tx=0 comp rx=0 tx=0)._handle_peer_banner_payload supported=3 required=0
2023-12-17T11:49:08.786 INFO:teuthology.orchestra.run.smithi143.stdout:/usr/bin/ceph: stderr
2023-12-17T11:49:07.752+0000 7f3376ffd700 1 --2- >> [v2:172.21.15.143:3300/0,v1:172.21.15.143:6789/0] conn(0x7f3378077bb0 0x7f33780760c0 unknown :-1 s=HELLO_CONNECTING pgs=0 cs=0 l=0 rev1=1 crypto rx=0 tx=0 comp rx=0 tx=0).handle_hello peer v2:172.21.15.143:3300/0 says I am v2:172.21.15.143:49082/0 (socket says 172.21.15.143:49082)
2023-12-17T11:49:08.786 INFO:teuthology.orchestra.run.smithi143.stdout:/usr/bin/ceph: stderr
2023-12-17T11:49:07.752+0000 7f3376ffd700 1 -- 172.21.15.143:0/1014113343 learned_addr learned my addr 172.21.15.143:0/1014113343 (peer_addr_for_me v2:172.21.15.143:0/0)
2023-12-17T11:49:08.786 INFO:teuthology.orchestra.run.smithi143.stdout:/usr/bin/ceph: stderr
2023-12-17T11:49:07.752+0000 7f3376ffd700 1 -- 172.21.15.143:0/1014113343 --> [v2:172.21.15.143:3300/0,v1:172.21.15.143:6789/0] -- mon_subscribe({config=0+,monmap=0+}) v3 -- 0x7f3378076600 con 0x7f3378077bb0
2023-12-17T11:49:08.786 INFO:teuthology.orchestra.run.smithi143.stdout:/usr/bin/ceph: stderr
2023-12-17T11:49:07.752+0000 7f3376ffd700 1 --2- 172.21.15.143:0/1014113343 >> [v2:172.21.15.143:3300/0,v1:172.21.15.143:6789/0] conn(0x7f3378077bb0 0x7f33780760c0 secure :-1 s=READY pgs=41 cs=0 l=1 rev1=1 crypto rx=0x7f33680098e0 tx=0x7f3368009250 comp rx=0 tx=0).ready entity=mon.0 client_cookie=66452bc775676f51 server_cookie=0 in_seq=0 out_seq=0
2023-12-17T11:49:08.786 INFO:teuthology.orchestra.run.smithi143.stdout:/usr/bin/ceph: stderr
2023-12-17T11:49:07.752+0000 7f3375ffb700 1 -- 172.21.15.143:0/1014113343 <== mon.0 v2:172.21.15.143:3300/0 1 ==== mon_map magic: 0 v1 ==== 229+0+0 (secure 0 0 0) 0x7f336800b860 con 0x7f3378077bb0
2023-12-17T11:49:08.786 INFO:teuthology.orchestra.run.smithi143.stdout:/usr/bin/ceph: stderr
2023-12-17T11:49:07.752+0000 7f3375ffb700 1 -- 172.21.15.143:0/1014113343 <== mon.0 v2:172.21.15.143:3300/0 2 ==== config(26 keys) v1 ==== 1009+0+0 (secure 0 0 0) 0x7f336800be30 con 0x7f3378077bb0
2023-12-17T11:49:08.786 INFO:teuthology.orchestra.run.smithi143.stdout:/usr/bin/ceph: stderr
2023-12-17T11:49:07.752+0000 7f3375ffb700 1 -- 172.21.15.143:0/1014113343 <== mon.0 v2:172.21.15.143:3300/0 3 ==== mon_map magic: 0 v1 ==== 229+0+0 (secure 0 0 0) 0x7f3368010380 con 0x7f3378077bb0
2023-12-17T11:49:08.787 INFO:teuthology.orchestra.run.smithi143.stdout:/usr/bin/ceph: stderr
2023-12-17T11:49:07.753+0000 7f337d4ba700 1 -- 172.21.15.143:0/1014113343 >> [v2:172.21.15.143:3300/0,v1:172.21.15.143:6789/0] conn(0x7f3378077bb0 msgr2=0x7f33780760c0 secure :-1 s=STATE_CONNECTION_ESTABLISHED l=1).mark_down
2023-12-17T11:49:08.787 INFO:teuthology.orchestra.run.smithi143.stdout:/usr/bin/ceph: stderr
2023-12-17T11:49:07.753+0000 7f337d4ba700 1 --2- 172.21.15.143:0/1014113343 >> [v2:172.21.15.143:3300/0,v1:172.21.15.143:6789/0] conn(0x7f3378077bb0 0x7f33780760c0 secure :-1 s=READY pgs=41 cs=0 l=1 rev1=1 crypto rx=0x7f33680098e0 tx=0x7f3368009250 comp rx=0 tx=0).stop
2023-12-17T11:49:08.787 INFO:teuthology.orchestra.run.smithi143.stdout:/usr/bin/ceph: stderr
2023-12-17T11:49:07.753+0000 7f337d4ba700 1 -- 172.21.15.143:0/1014113343 shutdown_connections
2023-12-17T11:49:08.787 INFO:teuthology.orchestra.run.smithi143.stdout:/usr/bin/ceph: stderr
2023-12-17T11:49:07.753+0000 7f337d4ba700 1 --2- 172.21.15.143:0/1014113343 >> [v2:172.21.15.143:3300/0,v1:172.21.15.143:6789/0] conn(0x7f3378077bb0 0x7f33780760c0 unknown :-1 s=CLOSED pgs=41 cs=0 l=1 rev1=1 crypto rx=0 tx=0 comp rx=0 tx=0).stop
2023-12-17T11:49:08.787 INFO:teuthology.orchestra.run.smithi143.stdout:/usr/bin/ceph: stderr
2023-12-17T11:49:07.753+0000 7f337d4ba700 1 -- 172.21.15.143:0/1014113343 >> 172.21.15.143:0/1014113343 conn(0x7f33780fda50 msgr2=0x7f33780ffe60 unknown :-1 s=STATE_NONE l=0).mark_down
2023-12-17T11:49:08.787 INFO:teuthology.orchestra.run.smithi143.stdout:/usr/bin/ceph: stderr
2023-12-17T11:49:07.753+0000 7f337d4ba700 1 -- 172.21.15.143:0/1014113343 shutdown_connections
2023-12-17T11:49:08.787 INFO:teuthology.orchestra.run.smithi143.stdout:/usr/bin/ceph: stderr
2023-12-17T11:49:07.753+0000 7f337d4ba700 1 -- 172.21.15.143:0/1014113343 wait complete.
2023-12-17T11:49:08.787 INFO:teuthology.orchestra.run.smithi143.stdout:/usr/bin/ceph: stderr
2023-12-17T11:49:07.754+0000 7f337d4ba700 1 Processor -- start
2023-12-17T11:49:08.787 INFO:teuthology.orchestra.run.smithi143.stdout:/usr/bin/ceph: stderr
2023-12-17T11:49:07.754+0000 7f337d4ba700 1 -- start start
2023-12-17T11:49:08.787 INFO:teuthology.orchestra.run.smithi143.stdout:/usr/bin/ceph: stderr
2023-12-17T11:49:07.754+0000 7f337d4ba700 1 --2- >> [v2:172.21.15.143:3300/0,v1:172.21.15.143:6789/0] conn(0x7f3378077bb0 0x7f33781133d0 unknown :-1 s=NONE pgs=0 cs=0 l=1 rev1=0 crypto rx=0 tx=0 comp rx=0 tx=0).connect
2023-12-17T11:49:08.787 INFO:teuthology.orchestra.run.smithi143.stdout:/usr/bin/ceph: stderr
2023-12-17T11:49:07.754+0000 7f337d4ba700 1 -- --> [v2:172.21.15.143:3300/0,v1:172.21.15.143:6789/0] -- mon_getmap magic: 0 v1 -- 0x7f3378113910 con 0x7f3378077bb0
2023-12-17T11:49:08.787 INFO:teuthology.orchestra.run.smithi143.stdout:/usr/bin/ceph: stderr
2023-12-17T11:49:07.755+0000 7f3376ffd700 1 --2- >> [v2:172.21.15.143:3300/0,v1:172.21.15.143:6789/0] conn(0x7f3378077bb0 0x7f33781133d0 unknown :-1 s=BANNER_CONNECTING pgs=0 cs=0 l=1 rev1=0 crypto rx=0 tx=0 comp rx=0 tx=0)._handle_peer_banner_payload supported=3 required=0
2023-12-17T11:49:08.787 INFO:teuthology.orchestra.run.smithi143.stdout:/usr/bin/ceph: stderr
2023-12-17T11:49:07.755+0000 7f3376ffd700 1 --2- >> [v2:172.21.15.143:3300/0,v1:172.21.15.143:6789/0] conn(0x7f3378077bb0 0x7f33781133d0 unknown :-1 s=HELLO_CONNECTING pgs=0 cs=0 l=1 rev1=1 crypto rx=0 tx=0 comp rx=0 tx=0).handle_hello peer v2:172.21.15.143:3300/0 says I am v2:172.21.15.143:49088/0 (socket says 172.21.15.143:49088)
2023-12-17T11:49:08.787 INFO:teuthology.orchestra.run.smithi143.stdout:/usr/bin/ceph: stderr
2023-12-17T11:49:07.755+0000 7f3376ffd700 1 -- 172.21.15.143:0/2079062041 learned_addr learned my addr 172.21.15.143:0/2079062041 (peer_addr_for_me v2:172.21.15.143:0/0)
2023-12-17T11:49:08.788 INFO:teuthology.orchestra.run.smithi143.stdout:/usr/bin/ceph: stderr
2023-12-17T11:49:07.755+0000 7f3376ffd700 1 -- 172.21.15.143:0/2079062041 --> [v2:172.21.15.143:3300/0,v1:172.21.15.143:6789/0] -- mon_subscribe({config=0+,monmap=0+}) v3 -- 0x7f33680094f0 con 0x7f3378077bb0
2023-12-17T11:49:08.788 INFO:teuthology.orchestra.run.smithi143.stdout:/usr/bin/ceph: stderr
2023-12-17T11:49:07.755+0000 7f3376ffd700 1 --2- 172.21.15.143:0/2079062041 >> [v2:172.21.15.143:3300/0,v1:172.21.15.143:6789/0] conn(0x7f3378077bb0 0x7f33781133d0 secure :-1 s=READY pgs=42 cs=0 l=1 rev1=1 crypto rx=0x7f3368006fd0 tx=0x7f3368009250 comp rx=0 tx=0).ready entity=mon.0 client_cookie=0 server_cookie=0 in_seq=0 out_seq=0
2023-12-17T11:49:08.788 INFO:teuthology.orchestra.run.smithi143.stdout:/usr/bin/ceph: stderr
2023-12-17T11:49:07.755+0000 7f335f7fe700 1 -- 172.21.15.143:0/2079062041 <== mon.0 v2:172.21.15.143:3300/0 1 ==== mon_map magic: 0 v1 ==== 229+0+0 (secure 0 0 0) 0x7f3368010750 con 0x7f3378077bb0
2023-12-17T11:49:08.788 INFO:teuthology.orchestra.run.smithi143.stdout:/usr/bin/ceph: stderr
2023-12-17T11:49:07.755+0000 7f335f7fe700 1 -- 172.21.15.143:0/2079062041 <== mon.0 v2:172.21.15.143:3300/0 2 ==== config(26 keys) v1 ==== 1009+0+0 (secure 0 0 0) 0x7f3368010d20 con 0x7f3378077bb0
2023-12-17T11:49:08.788 INFO:teuthology.orchestra.run.smithi143.stdout:/usr/bin/ceph: stderr
2023-12-17T11:49:07.756+0000 7f335f7fe700 1 -- 172.21.15.143:0/2079062041 <== mon.0 v2:172.21.15.143:3300/0 3 ==== mon_map magic: 0 v1 ==== 229+0+0 (secure 0 0 0) 0x7f336801ada0 con 0x7f3378077bb0
2023-12-17T11:49:08.788 INFO:teuthology.orchestra.run.smithi143.stdout:/usr/bin/ceph: stderr
2023-12-17T11:49:07.756+0000 7f337d4ba700 1 -- 172.21.15.143:0/2079062041 --> [v2:172.21.15.143:3300/0,v1:172.21.15.143:6789/0] -- mon_subscribe({mgrmap=0+}) v3 -- 0x7f3378113b10 con 0x7f3378077bb0
2023-12-17T11:49:08.788 INFO:teuthology.orchestra.run.smithi143.stdout:/usr/bin/ceph: stderr
2023-12-17T11:49:07.756+0000 7f337d4ba700 1 -- 172.21.15.143:0/2079062041 --> [v2:172.21.15.143:3300/0,v1:172.21.15.143:6789/0] -- mon_subscribe({osdmap=0}) v3 -- 0x7f3378113f20 con 0x7f3378077bb0
2023-12-17T11:49:08.788 INFO:teuthology.orchestra.run.smithi143.stdout:/usr/bin/ceph: stderr
2023-12-17T11:49:07.757+0000 7f337d4ba700 1 -- 172.21.15.143:0/2079062041 --> [v2:172.21.15.143:3300/0,v1:172.21.15.143:6789/0] -- mon_command({"prefix": "get_command_descriptions"} v 0) v1 -- 0x7f337804bb80 con 0x7f3378077bb0
2023-12-17T11:49:08.788 INFO:teuthology.orchestra.run.smithi143.stdout:/usr/bin/ceph: stderr
2023-12-17T11:49:07.757+0000 7f335f7fe700 1 -- 172.21.15.143:0/2079062041 <== mon.0 v2:172.21.15.143:3300/0 4 ==== mgrmap(e 8) v1 ==== 43281+0+0 (secure 0 0 0) 0x7f33680108b0 con 0x7f3378077bb0
2023-12-17T11:49:08.788 INFO:teuthology.orchestra.run.smithi143.stdout:/usr/bin/ceph: stderr
2023-12-17T11:49:07.757+0000 7f335f7fe700 1 --2- 172.21.15.143:0/2079062041 >> [v2:172.21.15.143:6800/3555374324,v1:172.21.15.143:6801/3555374324] conn(0x7f3360036640 0x7f3360038af0 unknown :-1 s=NONE pgs=0 cs=0 l=1 rev1=0 crypto rx=0 tx=0 comp rx=0 tx=0).connect
2023-12-17T11:49:08.788 INFO:teuthology.orchestra.run.smithi143.stdout:/usr/bin/ceph: stderr
2023-12-17T11:49:07.757+0000 7f335f7fe700 1 -- 172.21.15.143:0/2079062041 <== mon.0 v2:172.21.15.143:3300/0 5 ==== osd_map(2..2 src has 1..2) v4 ==== 936+0+0 (secure 0 0 0) 0x7f3368049c00 con 0x7f3378077bb0
2023-12-17T11:49:08.788 INFO:teuthology.orchestra.run.smithi143.stdout:/usr/bin/ceph: stderr
2023-12-17T11:49:07.758+0000 7f33767fc700 1 --2- 172.21.15.143:0/2079062041 >> [v2:172.21.15.143:6800/3555374324,v1:172.21.15.143:6801/3555374324] conn(0x7f3360036640 0x7f3360038af0 unknown :-1 s=BANNER_CONNECTING pgs=0 cs=0 l=1 rev1=0 crypto rx=0 tx=0 comp rx=0 tx=0)._handle_peer_banner_payload supported=3 required=0
2023-12-17T11:49:08.788 INFO:teuthology.orchestra.run.smithi143.stdout:/usr/bin/ceph: stderr
2023-12-17T11:49:07.758+0000 7f33767fc700 1 --2- 172.21.15.143:0/2079062041 >> [v2:172.21.15.143:6800/3555374324,v1:172.21.15.143:6801/3555374324] conn(0x7f3360036640 0x7f3360038af0 secure :-1 s=READY pgs=9 cs=0 l=1 rev1=1 crypto rx=0x7f336c009990 tx=0x7f336c006e40 comp rx=0 tx=0).ready entity=mgr.14120 client_cookie=0 server_cookie=0 in_seq=0 out_seq=0
2023-12-17T11:49:08.788 INFO:teuthology.orchestra.run.smithi143.stdout:/usr/bin/ceph: stderr
2023-12-17T11:49:07.762+0000 7f335f7fe700 1 -- 172.21.15.143:0/2079062041 <== mon.0 v2:172.21.15.143:3300/0 6 ==== mon_command_ack([{"prefix": "get_command_descriptions"}]=0 v0) v1 ==== 72+0+174570 (secure 0 0 0) 0x7f336801a5d0 con 0x7f3378077bb0
2023-12-17T11:49:08.789 INFO:teuthology.orchestra.run.smithi143.stdout:/usr/bin/ceph: stderr
2023-12-17T11:49:07.957+0000 7f337d4ba700 1 -- 172.21.15.143:0/2079062041 --> [v2:172.21.15.143:6800/3555374324,v1:172.21.15.143:6801/3555374324] -- mgr_command(tid 0: {"prefix": "cephadm generate-key", "target": ["mon-mgr", ""]}) v1 -- 0x7f337810d200 con 0x7f3360036640
2023-12-17T11:49:08.789 INFO:teuthology.orchestra.run.smithi143.stdout:/usr/bin/ceph: stderr
2023-12-17T11:49:08.440+0000 7f335f7fe700 1 -- 172.21.15.143:0/2079062041 <== mgr.14120 v2:172.21.15.143:6800/3555374324 1 ==== mgr_command_reply(tid 0: 0 ) v1 ==== 8+0+0 (secure 0 0 0) 0x7f337810d200 con 0x7f3360036640
2023-12-17T11:49:08.789 INFO:teuthology.orchestra.run.smithi143.stdout:/usr/bin/ceph: stderr
2023-12-17T11:49:08.442+0000 7f337d4ba700 1 -- 172.21.15.143:0/2079062041 >> [v2:172.21.15.143:6800/3555374324,v1:172.21.15.143:6801/3555374324] conn(0x7f3360036640 msgr2=0x7f3360038af0 secure :-1 s=STATE_CONNECTION_ESTABLISHED l=1).mark_down
2023-12-17T11:49:08.789 INFO:teuthology.orchestra.run.smithi143.stdout:/usr/bin/ceph: stderr
2023-12-17T11:49:08.442+0000 7f337d4ba700 1 --2- 172.21.15.143:0/2079062041 >> [v2:172.21.15.143:6800/3555374324,v1:172.21.15.143:6801/3555374324] conn(0x7f3360036640 0x7f3360038af0 secure :-1 s=READY pgs=9 cs=0 l=1 rev1=1 crypto rx=0x7f336c009990 tx=0x7f336c006e40 comp rx=0 tx=0).stop
2023-12-17T11:49:08.789 INFO:teuthology.orchestra.run.smithi143.stdout:/usr/bin/ceph: stderr
2023-12-17T11:49:08.442+0000 7f337d4ba700 1 -- 172.21.15.143:0/2079062041 >> [v2:172.21.15.143:3300/0,v1:172.21.15.143:6789/0] conn(0x7f3378077bb0 msgr2=0x7f33781133d0 secure :-1 s=STATE_CONNECTION_ESTABLISHED l=1).mark_down
2023-12-17T11:49:08.789 INFO:teuthology.orchestra.run.smithi143.stdout:/usr/bin/ceph: stderr
2023-12-17T11:49:08.442+0000 7f337d4ba700 1 --2- 172.21.15.143:0/2079062041 >> [v2:172.21.15.143:3300/0,v1:172.21.15.143:6789/0] conn(0x7f3378077bb0 0x7f33781133d0 secure :-1 s=READY pgs=42 cs=0 l=1 rev1=1 crypto rx=0x7f3368006fd0 tx=0x7f3368009250 comp rx=0 tx=0).stop
2023-12-17T11:49:08.789 INFO:teuthology.orchestra.run.smithi143.stdout:/usr/bin/ceph: stderr
2023-12-17T11:49:08.442+0000 7f337d4ba700 1 -- 172.21.15.143:0/2079062041 shutdown_connections
2023-12-17T11:49:08.789 INFO:teuthology.orchestra.run.smithi143.stdout:/usr/bin/ceph: stderr
