2023-12-17T12:02:25.927+0000 7f693ffff700 1 -- 172.21.15.27:0/1507314408 --> [v2:172.21.15.27:3300/0,v1:172.21.15.27:6789/0] -- mon_subscribe({config=0+,monmap=0+}) v3 -- 0x7f6930009550 con 0x7f694007ce30
2023-12-17T12:02:27.223 INFO:teuthology.orchestra.run.smithi027.stdout:/usr/bin/ceph: stderr
2023-12-17T12:02:25.928+0000 7f693ffff700 1 --2- 172.21.15.27:0/1507314408 >> [v2:172.21.15.27:3300/0,v1:172.21.15.27:6789/0] conn(0x7f694007ce30 0x7f694019ca30 secure :-1 s=READY pgs=75 cs=0 l=1 rev1=1 crypto rx=0x7f6930003f70 tx=0x7f69300119a0 comp rx=0 tx=0).ready entity=mon.0 client_cookie=0 server_cookie=0 in_seq=0 out_seq=0
2023-12-17T12:02:27.223 INFO:teuthology.orchestra.run.smithi027.stdout:/usr/bin/ceph: stderr
2023-12-17T12:02:25.928+0000 7f693d7fa700 1 -- 172.21.15.27:0/1507314408 <== mon.0 v2:172.21.15.27:3300/0 1 ==== mon_map magic: 0 v1 ==== 205+0+0 (secure 0 0 0) 0x7f69300036a0 con 0x7f694007ce30
2023-12-17T12:02:27.223 INFO:teuthology.orchestra.run.smithi027.stdout:/usr/bin/ceph: stderr
2023-12-17T12:02:25.928+0000 7f693d7fa700 1 -- 172.21.15.27:0/1507314408 <== mon.0 v2:172.21.15.27:3300/0 2 ==== config(25 keys) v1 ==== 1067+0+0 (secure 0 0 0) 0x7f693001b440 con 0x7f694007ce30
2023-12-17T12:02:27.223 INFO:teuthology.orchestra.run.smithi027.stdout:/usr/bin/ceph: stderr
2023-12-17T12:02:25.928+0000 7f6946382700 1 -- 172.21.15.27:0/1507314408 --> [v2:172.21.15.27:3300/0,v1:172.21.15.27:6789/0] -- mon_subscribe({mgrmap=0+}) v3 -- 0x7f694019d170 con 0x7f694007ce30
2023-12-17T12:02:27.223 INFO:teuthology.orchestra.run.smithi027.stdout:/usr/bin/ceph: stderr
2023-12-17T12:02:25.928+0000 7f693d7fa700 1 -- 172.21.15.27:0/1507314408 <== mon.0 v2:172.21.15.27:3300/0 3 ==== mon_map magic: 0 v1 ==== 205+0+0 (secure 0 0 0) 0x7f6930023400 con 0x7f694007ce30
2023-12-17T12:02:27.223 INFO:teuthology.orchestra.run.smithi027.stdout:/usr/bin/ceph: stderr
2023-12-17T12:02:25.928+0000 7f6946382700 1 -- 172.21.15.27:0/1507314408 --> [v2:172.21.15.27:3300/0,v1:172.21.15.27:6789/0] -- mon_subscribe({osdmap=0}) v3 -- 0x7f694019d610 con 0x7f694007ce30
2023-12-17T12:02:27.223 INFO:teuthology.orchestra.run.smithi027.stdout:/usr/bin/ceph: stderr
2023-12-17T12:02:25.929+0000 7f6946382700 1 -- 172.21.15.27:0/1507314408 --> [v2:172.21.15.27:3300/0,v1:172.21.15.27:6789/0] -- mon_command({"prefix": "get_command_descriptions"} v 0) v1 -- 0x7f694010cf50 con 0x7f694007ce30
2023-12-17T12:02:27.223 INFO:teuthology.orchestra.run.smithi027.stdout:/usr/bin/ceph: stderr
2023-12-17T12:02:25.930+0000 7f693d7fa700 1 -- 172.21.15.27:0/1507314408 <== mon.0 v2:172.21.15.27:3300/0 4 ==== mgrmap(e 12) v1 ==== 45593+0+0 (secure 0 0 0) 0x7f693001b5b0 con 0x7f694007ce30
2023-12-17T12:02:27.223 INFO:teuthology.orchestra.run.smithi027.stdout:/usr/bin/ceph: stderr
2023-12-17T12:02:25.931+0000 7f693d7fa700 1 --2- 172.21.15.27:0/1507314408 >> [v2:172.21.15.27:6800/46170456,v1:172.21.15.27:6801/46170456] conn(0x7f69280388c0 0x7f692803ad80 unknown :-1 s=NONE pgs=0 cs=0 l=1 rev1=0 crypto rx=0 tx=0 comp rx=0 tx=0).connect
2023-12-17T12:02:27.223 INFO:teuthology.orchestra.run.smithi027.stdout:/usr/bin/ceph: stderr
2023-12-17T12:02:25.931+0000 7f693d7fa700 1 -- 172.21.15.27:0/1507314408 <== mon.0 v2:172.21.15.27:3300/0 5 ==== osd_map(3..3 src has 1..3) v4 ==== 1155+0+0 (secure 0 0 0) 0x7f693004c9c0 con 0x7f694007ce30
2023-12-17T12:02:27.223 INFO:teuthology.orchestra.run.smithi027.stdout:/usr/bin/ceph: stderr
2023-12-17T12:02:25.931+0000 7f693f7fe700 1 --2- 172.21.15.27:0/1507314408 >> [v2:172.21.15.27:6800/46170456,v1:172.21.15.27:6801/46170456] conn(0x7f69280388c0 0x7f692803ad80 unknown :-1 s=BANNER_CONNECTING pgs=0 cs=0 l=1 rev1=0 crypto rx=0 tx=0 comp rx=0 tx=0)._handle_peer_banner_payload supported=3 required=0
2023-12-17T12:02:27.224 INFO:teuthology.orchestra.run.smithi027.stdout:/usr/bin/ceph: stderr
2023-12-17T12:02:25.932+0000 7f693f7fe700 1 --2- 172.21.15.27:0/1507314408 >> [v2:172.21.15.27:6800/46170456,v1:172.21.15.27:6801/46170456] conn(0x7f69280388c0 0x7f692803ad80 secure :-1 s=READY pgs=8 cs=0 l=1 rev1=1 crypto rx=0x7f6934006fd0 tx=0x7f6934006e40 comp rx=0 tx=0).ready entity=mgr.14154 client_cookie=0 server_cookie=0 in_seq=0 out_seq=0
2023-12-17T12:02:27.224 INFO:teuthology.orchestra.run.smithi027.stdout:/usr/bin/ceph: stderr
2023-12-17T12:02:25.940+0000 7f693d7fa700 1 -- 172.21.15.27:0/1507314408 <== mon.0 v2:172.21.15.27:3300/0 6 ==== mon_command_ack([{"prefix": "get_command_descriptions"}]=0 v0) v1 ==== 72+0+180949 (secure 0 0 0) 0x7f693001b8b0 con 0x7f694007ce30
2023-12-17T12:02:27.224 INFO:teuthology.orchestra.run.smithi027.stdout:/usr/bin/ceph: stderr
2023-12-17T12:02:26.184+0000 7f6946382700 1 -- 172.21.15.27:0/1507314408 --> [v2:172.21.15.27:6800/46170456,v1:172.21.15.27:6801/46170456] -- mgr_command(tid 0: {"prefix": "dashboard ac-user-create", "username": "admin", "rolename": "administrator", "force_password": true, "pwd_update_required": true, "target": ["mon-mgr", ""]}) v1 -- 0x7f6940062a20 con 0x7f69280388c0
2023-12-17T12:02:27.224 INFO:teuthology.orchestra.run.smithi027.stdout:/usr/bin/ceph: stderr
2023-12-17T12:02:26.438+0000 7f693d7fa700 1 -- 172.21.15.27:0/1507314408 <== mgr.14154 v2:172.21.15.27:6800/46170456 1 ==== mgr_command_reply(tid 0: 0 ) v1 ==== 8+0+252 (secure 0 0 0) 0x7f6940062a20 con 0x7f69280388c0
2023-12-17T12:02:27.224 INFO:teuthology.orchestra.run.smithi027.stdout:/usr/bin/ceph: stderr
2023-12-17T12:02:26.441+0000 7f6946382700 1 -- 172.21.15.27:0/1507314408 >> [v2:172.21.15.27:6800/46170456,v1:172.21.15.27:6801/46170456] conn(0x7f69280388c0 msgr2=0x7f692803ad80 secure :-1 s=STATE_CONNECTION_ESTABLISHED l=1).mark_down
2023-12-17T12:02:27.224 INFO:teuthology.orchestra.run.smithi027.stdout:/usr/bin/ceph: stderr
2023-12-17T12:02:26.441+0000 7f6946382700 1 --2- 172.21.15.27:0/1507314408 >> [v2:172.21.15.27:6800/46170456,v1:172.21.15.27:6801/46170456] conn(0x7f69280388c0 0x7f692803ad80 secure :-1 s=READY pgs=8 cs=0 l=1 rev1=1 crypto rx=0x7f6934006fd0 tx=0x7f6934006e40 comp rx=0 tx=0).stop
2023-12-17T12:02:27.224 INFO:teuthology.orchestra.run.smithi027.stdout:/usr/bin/ceph: stderr
2023-12-17T12:02:26.441+0000 7f6946382700 1 -- 172.21.15.27:0/1507314408 >> [v2:172.21.15.27:3300/0,v1:172.21.15.27:6789/0] conn(0x7f694007ce30 msgr2=0x7f694019ca30 secure :-1 s=STATE_CONNECTION_ESTABLISHED l=1).mark_down
2023-12-17T12:02:27.224 INFO:teuthology.orchestra.run.smithi027.stdout:/usr/bin/ceph: stderr
2023-12-17T12:02:26.441+0000 7f6946382700 1 --2- 172.21.15.27:0/1507314408 >> [v2:172.21.15.27:3300/0,v1:172.21.15.27:6789/0] conn(0x7f694007ce30 0x7f694019ca30 secure :-1 s=READY pgs=75 cs=0 l=1 rev1=1 crypto rx=0x7f6930003f70 tx=0x7f69300119a0 comp rx=0 tx=0).stop
2023-12-17T12:02:27.224 INFO:teuthology.orchestra.run.smithi027.stdout:/usr/bin/ceph: stderr
2023-12-17T12:02:26.441+0000 7f6946382700 1 -- 172.21.15.27:0/1507314408 shutdown_connections
2023-12-17T12:02:27.224 INFO:teuthology.orchestra.run.smithi027.stdout:/usr/bin/ceph: stderr
2023-12-17T12:02:26.441+0000 7f6946382700 1 --2- 172.21.15.27:0/1507314408 >> [v2:172.21.15.27:6800/46170456,v1:172.21.15.27:6801/46170456] conn(0x7f69280388c0 0x7f692803ad80 unknown :-1 s=CLOSED pgs=8 cs=0 l=1 rev1=1 crypto rx=0 tx=0 comp rx=0 tx=0).stop
2023-12-17T12:02:27.224 INFO:teuthology.orchestra.run.smithi027.stdout:/usr/bin/ceph: stderr
2023-12-17T12:02:26.441+0000 7f6946382700 1 --2- 172.21.15.27:0/1507314408 >> [v2:172.21.15.27:3300/0,v1:172.21.15.27:6789/0] conn(0x7f694007ce30 0x7f694019ca30 unknown :-1 s=CLOSED pgs=75 cs=0 l=1 rev1=1 crypto rx=0 tx=0 comp rx=0 tx=0).stop
2023-12-17T12:02:27.224 INFO:teuthology.orchestra.run.smithi027.stdout:/usr/bin/ceph: stderr
2023-12-17T12:02:26.441+0000 7f6946382700 1 -- 172.21.15.27:0/1507314408 >> 172.21.15.27:0/1507314408 conn(0x7f6940102190 msgr2=0x7f6940102c60 unknown :-1 s=STATE_NONE l=0).mark_down
2023-12-17T12:02:27.224 INFO:teuthology.orchestra.run.smithi027.stdout:/usr/bin/ceph: stderr
2023-12-17T12:02:26.441+0000 7f6946382700 1 -- 172.21.15.27:0/1507314408 shutdown_connections
2023-12-17T12:02:27.224 INFO:teuthology.orchestra.run.smithi027.stdout:/usr/bin/ceph: stderr
2023-12-17T12:02:26.441+0000 7f6946382700 1 -- 172.21.15.27:0/1507314408 wait complete.
2023-12-17T12:02:27.225 INFO:teuthology.orchestra.run.smithi027.stdout:Fetching dashboard port number...
2023-12-17T12:02:27.896 INFO:journalctl@ceph.mon.a.smithi027.stdout:Dec 17 12:02:27 smithi027 ceph-mon[36871]: from='client.14168 -' entity='client.admin' cmd=[{"prefix": "dashboard ac-user-create", "username": "admin", "rolename": "administrator", "force_password": true, "pwd_update_required": true, "target": ["mon-mgr", ""]}]: dispatch
2023-12-17T12:02:27.896 INFO:journalctl@ceph.mon.a.smithi027.stdout:Dec 17 12:02:27 smithi027 ceph-mon[36871]: from='mgr.14154 172.21.15.27:0/2866977541' entity='mgr.x'
2023-12-17T12:02:28.203 INFO:teuthology.orchestra.run.smithi027.stdout:/usr/bin/ceph: stdout 8443
2023-12-17T12:02:28.203 INFO:teuthology.orchestra.run.smithi027.stdout:/usr/bin/ceph: stderr
2023-12-17T12:02:27.645+0000 7f1a35715700 1 Processor -- start
2023-12-17T12:02:28.203 INFO:teuthology.orchestra.run.smithi027.stdout:/usr/bin/ceph: stderr
2023-12-17T12:02:27.645+0000 7f1a35715700 1 -- start start
2023-12-17T12:02:28.204 INFO:teuthology.orchestra.run.smithi027.stdout:/usr/bin/ceph: stderr
2023-12-17T12:02:27.645+0000 7f1a35715700 1 --2- >> [v2:172.21.15.27:3300/0,v1:172.21.15.27:6789/0] conn(0x7f1a30106b50 0x7f1a30106f70 unknown :-1 s=NONE pgs=0 cs=0 l=0 rev1=0 crypto rx=0 tx=0 comp rx=0 tx=0).connect
2023-12-17T12:02:28.204 INFO:teuthology.orchestra.run.smithi027.stdout:/usr/bin/ceph: stderr
2023-12-17T12:02:27.645+0000 7f1a35715700 1 -- --> [v2:172.21.15.27:3300/0,v1:172.21.15.27:6789/0] -- mon_getmap magic: 0 v1 -- 0x7f1a30107540 con 0x7f1a30106b50
2023-12-17T12:02:28.204 INFO:teuthology.orchestra.run.smithi027.stdout:/usr/bin/ceph: stderr
2023-12-17T12:02:27.646+0000 7f1a2effd700 1 --2- >> [v2:172.21.15.27:3300/0,v1:172.21.15.27:6789/0] conn(0x7f1a30106b50 0x7f1a30106f70 unknown :-1 s=BANNER_CONNECTING pgs=0 cs=0 l=0 rev1=0 crypto rx=0 tx=0 comp rx=0 tx=0)._handle_peer_banner_payload supported=3 required=0
2023-12-17T12:02:28.204 INFO:teuthology.orchestra.run.smithi027.stdout:/usr/bin/ceph: stderr
2023-12-17T12:02:27.646+0000 7f1a2effd700 1 --2- >> [v2:172.21.15.27:3300/0,v1:172.21.15.27:6789/0] conn(0x7f1a30106b50 0x7f1a30106f70 unknown :-1 s=HELLO_CONNECTING pgs=0 cs=0 l=0 rev1=1 crypto rx=0 tx=0 comp rx=0 tx=0).handle_hello peer v2:172.21.15.27:3300/0 says I am v2:172.21.15.27:54316/0 (socket says 172.21.15.27:54316)
2023-12-17T12:02:28.204 INFO:teuthology.orchestra.run.smithi027.stdout:/usr/bin/ceph: stderr
2023-12-17T12:02:27.646+0000 7f1a2effd700 1 -- 172.21.15.27:0/3195787482 learned_addr learned my addr 172.21.15.27:0/3195787482 (peer_addr_for_me v2:172.21.15.27:0/0)
2023-12-17T12:02:28.204 INFO:teuthology.orchestra.run.smithi027.stdout:/usr/bin/ceph: stderr
2023-12-17T12:02:27.646+0000 7f1a2effd700 1 -- 172.21.15.27:0/3195787482 --> [v2:172.21.15.27:3300/0,v1:172.21.15.27:6789/0] -- mon_subscribe({config=0+,monmap=0+}) v3 -- 0x7f1a30107d50 con 0x7f1a30106b50
2023-12-17T12:02:28.204 INFO:teuthology.orchestra.run.smithi027.stdout:/usr/bin/ceph: stderr
2023-12-17T12:02:27.646+0000 7f1a2effd700 1 --2- 172.21.15.27:0/3195787482 >> [v2:172.21.15.27:3300/0,v1:172.21.15.27:6789/0] conn(0x7f1a30106b50 0x7f1a30106f70 secure :-1 s=READY pgs=76 cs=0 l=1 rev1=1 crypto rx=0x7f1a200098a0 tx=0x7f1a20009bb0 comp rx=0 tx=0).ready entity=mon.0 client_cookie=660887ebdc067d7a server_cookie=0 in_seq=0 out_seq=0
2023-12-17T12:02:28.204 INFO:teuthology.orchestra.run.smithi027.stdout:/usr/bin/ceph: stderr
2023-12-17T12:02:27.646+0000 7f1a2dffb700 1 -- 172.21.15.27:0/3195787482 <== mon.0 v2:172.21.15.27:3300/0 1 ==== mon_map magic: 0 v1 ==== 205+0+0 (secure 0 0 0) 0x7f1a20004160 con 0x7f1a30106b50
2023-12-17T12:02:28.204 INFO:teuthology.orchestra.run.smithi027.stdout:/usr/bin/ceph: stderr
2023-12-17T12:02:27.647+0000 7f1a2dffb700 1 -- 172.21.15.27:0/3195787482 <== mon.0 v2:172.21.15.27:3300/0 2 ==== config(25 keys) v1 ==== 1067+0+0 (secure 0 0 0) 0x7f1a200042c0 con 0x7f1a30106b50
2023-12-17T12:02:28.204 INFO:teuthology.orchestra.run.smithi027.stdout:/usr/bin/ceph: stderr
2023-12-17T12:02:27.647+0000 7f1a2dffb700 1 -- 172.21.15.27:0/3195787482 <== mon.0 v2:172.21.15.27:3300/0 3 ==== mon_map magic: 0 v1 ==== 205+0+0 (secure 0 0 0) 0x7f1a200118e0 con 0x7f1a30106b50
2023-12-17T12:02:28.204 INFO:teuthology.orchestra.run.smithi027.stdout:/usr/bin/ceph: stderr
2023-12-17T12:02:27.647+0000 7f1a35715700 1 -- 172.21.15.27:0/3195787482 >> [v2:172.21.15.27:3300/0,v1:172.21.15.27:6789/0] conn(0x7f1a30106b50 msgr2=0x7f1a30106f70 secure :-1 s=STATE_CONNECTION_ESTABLISHED l=1).mark_down
2023-12-17T12:02:28.204 INFO:teuthology.orchestra.run.smithi027.stdout:/usr/bin/ceph: stderr
2023-12-17T12:02:27.647+0000 7f1a35715700 1 --2- 172.21.15.27:0/3195787482 >> [v2:172.21.15.27:3300/0,v1:172.21.15.27:6789/0] conn(0x7f1a30106b50 0x7f1a30106f70 secure :-1 s=READY pgs=76 cs=0 l=1 rev1=1 crypto rx=0x7f1a200098a0 tx=0x7f1a20009bb0 comp rx=0 tx=0).stop
2023-12-17T12:02:28.204 INFO:teuthology.orchestra.run.smithi027.stdout:/usr/bin/ceph: stderr
2023-12-17T12:02:27.647+0000 7f1a35715700 1 -- 172.21.15.27:0/3195787482 shutdown_connections
2023-12-17T12:02:28.204 INFO:teuthology.orchestra.run.smithi027.stdout:/usr/bin/ceph: stderr
2023-12-17T12:02:27.647+0000 7f1a35715700 1 --2- 172.21.15.27:0/3195787482 >> [v2:172.21.15.27:3300/0,v1:172.21.15.27:6789/0] conn(0x7f1a30106b50 0x7f1a30106f70 unknown :-1 s=CLOSED pgs=76 cs=0 l=1 rev1=1 crypto rx=0 tx=0 comp rx=0 tx=0).stop
2023-12-17T12:02:28.205 INFO:teuthology.orchestra.run.smithi027.stdout:/usr/bin/ceph: stderr
2023-12-17T12:02:27.647+0000 7f1a35715700 1 -- 172.21.15.27:0/3195787482 >> 172.21.15.27:0/3195787482 conn(0x7f1a30102170 msgr2=0x7f1a30104590 unknown :-1 s=STATE_NONE l=0).mark_down
2023-12-17T12:02:28.205 INFO:teuthology.orchestra.run.smithi027.stdout:/usr/bin/ceph: stderr
2023-12-17T12:02:27.647+0000 7f1a35715700 1 -- 172.21.15.27:0/3195787482 shutdown_connections
2023-12-17T12:02:28.205 INFO:teuthology.orchestra.run.smithi027.stdout:/usr/bin/ceph: stderr
2023-12-17T12:02:27.647+0000 7f1a35715700 1 -- 172.21.15.27:0/3195787482 wait complete.
2023-12-17T12:02:28.205 INFO:teuthology.orchestra.run.smithi027.stdout:/usr/bin/ceph: stderr
2023-12-17T12:02:27.648+0000 7f1a35715700 1 Processor -- start
2023-12-17T12:02:28.205 INFO:teuthology.orchestra.run.smithi027.stdout:/usr/bin/ceph: stderr
2023-12-17T12:02:27.649+0000 7f1a35715700 1 -- start start
2023-12-17T12:02:28.205 INFO:teuthology.orchestra.run.smithi027.stdout:/usr/bin/ceph: stderr
2023-12-17T12:02:27.649+0000 7f1a35715700 1 --2- >> [v2:172.21.15.27:3300/0,v1:172.21.15.27:6789/0] conn(0x7f1a30106b50 0x7f1a3007cad0 unknown :-1 s=NONE pgs=0 cs=0 l=1 rev1=0 crypto rx=0 tx=0 comp rx=0 tx=0).connect
2023-12-17T12:02:28.205 INFO:teuthology.orchestra.run.smithi027.stdout:/usr/bin/ceph: stderr
2023-12-17T12:02:27.649+0000 7f1a35715700 1 -- --> [v2:172.21.15.27:3300/0,v1:172.21.15.27:6789/0] -- mon_getmap magic: 0 v1 -- 0x7f1a3007d010 con 0x7f1a30106b50
2023-12-17T12:02:28.205 INFO:teuthology.orchestra.run.smithi027.stdout:/usr/bin/ceph: stderr
2023-12-17T12:02:27.649+0000 7f1a2effd700 1 --2- >> [v2:172.21.15.27:3300/0,v1:172.21.15.27:6789/0] conn(0x7f1a30106b50 0x7f1a3007cad0 unknown :-1 s=BANNER_CONNECTING pgs=0 cs=0 l=1 rev1=0 crypto rx=0 tx=0 comp rx=0 tx=0)._handle_peer_banner_payload supported=3 required=0
2023-12-17T12:02:28.205 INFO:teuthology.orchestra.run.smithi027.stdout:/usr/bin/ceph: stderr
2023-12-17T12:02:27.649+0000 7f1a2effd700 1 --2- >> [v2:172.21.15.27:3300/0,v1:172.21.15.27:6789/0] conn(0x7f1a30106b50 0x7f1a3007cad0 unknown :-1 s=HELLO_CONNECTING pgs=0 cs=0 l=1 rev1=1 crypto rx=0 tx=0 comp rx=0 tx=0).handle_hello peer v2:172.21.15.27:3300/0 says I am v2:172.21.15.27:54332/0 (socket says 172.21.15.27:54332)
2023-12-17T12:02:28.205 INFO:teuthology.orchestra.run.smithi027.stdout:/usr/bin/ceph: stderr
2023-12-17T12:02:27.649+0000 7f1a2effd700 1 -- 172.21.15.27:0/1533790161 learned_addr learned my addr 172.21.15.27:0/1533790161 (peer_addr_for_me v2:172.21.15.27:0/0)
2023-12-17T12:02:28.205 INFO:teuthology.orchestra.run.smithi027.stdout:/usr/bin/ceph: stderr
2023-12-17T12:02:27.649+0000 7f1a2effd700 1 -- 172.21.15.27:0/1533790161 --> [v2:172.21.15.27:3300/0,v1:172.21.15.27:6789/0] -- mon_subscribe({config=0+,monmap=0+}) v3 -- 0x7f1a20009550 con 0x7f1a30106b50
2023-12-17T12:02:28.205 INFO:teuthology.orchestra.run.smithi027.stdout:/usr/bin/ceph: stderr
2023-12-17T12:02:27.650+0000 7f1a2effd700 1 --2- 172.21.15.27:0/1533790161 >> [v2:172.21.15.27:3300/0,v1:172.21.15.27:6789/0] conn(0x7f1a30106b50 0x7f1a3007cad0 secure :-1 s=READY pgs=77 cs=0 l=1 rev1=1 crypto rx=0x7f1a20003f70 tx=0x7f1a200119a0 comp rx=0 tx=0).ready entity=mon.0 client_cookie=0 server_cookie=0 in_seq=0 out_seq=0
2023-12-17T12:02:28.206 INFO:teuthology.orchestra.run.smithi027.stdout:/usr/bin/ceph: stderr
2023-12-17T12:02:27.650+0000 7f1a17fff700 1 -- 172.21.15.27:0/1533790161 <== mon.0 v2:172.21.15.27:3300/0 1 ==== mon_map magic: 0 v1 ==== 205+0+0 (secure 0 0 0) 0x7f1a200036a0 con 0x7f1a30106b50
2023-12-17T12:02:28.206 INFO:teuthology.orchestra.run.smithi027.stdout:/usr/bin/ceph: stderr
2023-12-17T12:02:27.650+0000 7f1a17fff700 1 -- 172.21.15.27:0/1533790161 <== mon.0 v2:172.21.15.27:3300/0 2 ==== config(25 keys) v1 ==== 1067+0+0 (secure 0 0 0) 0x7f1a2001b440 con 0x7f1a30106b50
2023-12-17T12:02:28.206 INFO:teuthology.orchestra.run.smithi027.stdout:/usr/bin/ceph: stderr
2023-12-17T12:02:27.650+0000 7f1a17fff700 1 -- 172.21.15.27:0/1533790161 <== mon.0 v2:172.21.15.27:3300/0 3 ==== mon_map magic: 0 v1 ==== 205+0+0 (secure 0 0 0) 0x7f1a20023400 con 0x7f1a30106b50
2023-12-17T12:02:28.206 INFO:teuthology.orchestra.run.smithi027.stdout:/usr/bin/ceph: stderr
2023-12-17T12:02:27.650+0000 7f1a35715700 1 -- 172.21.15.27:0/1533790161 --> [v2:172.21.15.27:3300/0,v1:172.21.15.27:6789/0] -- mon_subscribe({mgrmap=0+}) v3 -- 0x7f1a3007b250 con 0x7f1a30106b50
2023-12-17T12:02:28.206 INFO:teuthology.orchestra.run.smithi027.stdout:/usr/bin/ceph: stderr
2023-12-17T12:02:27.650+0000 7f1a35715700 1 -- 172.21.15.27:0/1533790161 --> [v2:172.21.15.27:3300/0,v1:172.21.15.27:6789/0] -- mon_subscribe({osdmap=0}) v3 -- 0x7f1a3007b6f0 con 0x7f1a30106b50
2023-12-17T12:02:28.206 INFO:teuthology.orchestra.run.smithi027.stdout:/usr/bin/ceph: stderr
2023-12-17T12:02:27.651+0000 7f1a17fff700 1 -- 172.21.15.27:0/1533790161 <== mon.0 v2:172.21.15.27:3300/0 4 ==== mgrmap(e 12) v1 ==== 45593+0+0 (secure 0 0 0) 0x7f1a20003800 con 0x7f1a30106b50
2023-12-17T12:02:28.206 INFO:teuthology.orchestra.run.smithi027.stdout:/usr/bin/ceph: stderr
2023-12-17T12:02:27.651+0000 7f1a35715700 1 -- 172.21.15.27:0/1533790161 --> [v2:172.21.15.27:3300/0,v1:172.21.15.27:6789/0] -- mon_command({"prefix": "get_command_descriptions"} v 0) v1 -- 0x7f1a30062c00 con 0x7f1a30106b50
2023-12-17T12:02:28.206 INFO:teuthology.orchestra.run.smithi027.stdout:/usr/bin/ceph: stderr
2023-12-17T12:02:27.652+0000 7f1a17fff700 1 --2- 172.21.15.27:0/1533790161 >> [v2:172.21.15.27:6800/46170456,v1:172.21.15.27:6801/46170456] conn(0x7f1a18038870 0x7f1a1803ad30 unknown :-1 s=NONE pgs=0 cs=0 l=1 rev1=0 crypto rx=0 tx=0 comp rx=0 tx=0).connect
2023-12-17T12:02:28.206 INFO:teuthology.orchestra.run.smithi027.stdout:/usr/bin/ceph: stderr
2023-12-17T12:02:27.652+0000 7f1a17fff700 1 -- 172.21.15.27:0/1533790161 <== mon.0 v2:172.21.15.27:3300/0 5 ==== osd_map(3..3 src has 1..3) v4 ==== 1155+0+0 (secure 0 0 0) 0x7f1a2004c9e0 con 0x7f1a30106b50
2023-12-17T12:02:28.206 INFO:teuthology.orchestra.run.smithi027.stdout:/usr/bin/ceph: stderr
2023-12-17T12:02:27.652+0000 7f1a2e7fc700 1 --2- 172.21.15.27:0/1533790161 >> [v2:172.21.15.27:6800/46170456,v1:172.21.15.27:6801/46170456] conn(0x7f1a18038870 0x7f1a1803ad30 unknown :-1 s=BANNER_CONNECTING pgs=0 cs=0 l=1 rev1=0 crypto rx=0 tx=0 comp rx=0 tx=0)._handle_peer_banner_payload supported=3 required=0
2023-12-17T12:02:28.206 INFO:teuthology.orchestra.run.smithi027.stdout:/usr/bin/ceph: stderr
2023-12-17T12:02:27.653+0000 7f1a2e7fc700 1 --2- 172.21.15.27:0/1533790161 >> [v2:172.21.15.27:6800/46170456,v1:172.21.15.27:6801/46170456] conn(0x7f1a18038870 0x7f1a1803ad30 secure :-1 s=READY pgs=9 cs=0 l=1 rev1=1 crypto rx=0x7f1a24006fd0 tx=0x7f1a24006e40 comp rx=0 tx=0).ready entity=mgr.14154 client_cookie=0 server_cookie=0 in_seq=0 out_seq=0
2023-12-17T12:02:28.206 INFO:teuthology.orchestra.run.smithi027.stdout:/usr/bin/ceph: stderr
2023-12-17T12:02:27.657+0000 7f1a17fff700 1 -- 172.21.15.27:0/1533790161 <== mon.0 v2:172.21.15.27:3300/0 6 ==== mon_command_ack([{"prefix": "get_command_descriptions"}]=0 v0) v1 ==== 72+0+180949 (secure 0 0 0) 0x7f1a2002b350 con 0x7f1a30106b50
2023-12-17T12:02:28.206 INFO:teuthology.orchestra.run.smithi027.stdout:/usr/bin/ceph: stderr
2023-12-17T12:02:27.867+0000 7f1a35715700 1 -- 172.21.15.27:0/1533790161 --> [v2:172.21.15.27:3300/0,v1:172.21.15.27:6789/0] -- mon_command({"prefix": "config get", "who": "mgr", "key": "mgr/dashboard/ssl_server_port"} v 0) v1 -- 0x7f1a3010af80 con 0x7f1a30106b50
2023-12-17T12:02:28.206 INFO:teuthology.orchestra.run.smithi027.stdout:/usr/bin/ceph: stderr
2023-12-17T12:02:27.867+0000 7f1a17fff700 1 -- 172.21.15.27:0/1533790161 <== mon.0 v2:172.21.15.27:3300/0 7 ==== mon_command_ack([{"prefix": "config get", "who": "mgr", "key": "mgr/dashboard/ssl_server_port"}]=0 v8) v1 ==== 112+0+5 (secure 0 0 0) 0x7f1a2002b350 con 0x7f1a30106b50
2023-12-17T12:02:28.206 INFO:teuthology.orchestra.run.smithi027.stdout:/usr/bin/ceph: stderr
2023-12-17T12:02:27.870+0000 7f1a35715700 1 -- 172.21.15.27:0/1533790161 >> [v2:172.21.15.27:6800/46170456,v1:172.21.15.27:6801/46170456] conn(0x7f1a18038870 msgr2=0x7f1a1803ad30 secure :-1 s=STATE_CONNECTION_ESTABLISHED l=1).mark_down
2023-12-17T12:02:28.207 INFO:teuthology.orchestra.run.smithi027.stdout:/usr/bin/ceph: stderr
2023-12-17T12:02:27.870+0000 7f1a35715700 1 --2- 172.21.15.27:0/1533790161 >> [v2:172.21.15.27:6800/46170456,v1:172.21.15.27:6801/46170456] conn(0x7f1a18038870 0x7f1a1803ad30 secure :-1 s=READY pgs=9 cs=0 l=1 rev1=1 crypto rx=0x7f1a24006fd0 tx=0x7f1a24006e40 comp rx=0 tx=0).stop
2023-12-17T12:02:28.207 INFO:teuthology.orchestra.run.smithi027.stdout:/usr/bin/ceph: stderr
2023-12-17T12:02:27.870+0000 7f1a35715700 1 -- 172.21.15.27:0/1533790161 >> [v2:172.21.15.27:3300/0,v1:172.21.15.27:6789/0] conn(0x7f1a30106b50 msgr2=0x7f1a3007cad0 secure :-1 s=STATE_CONNECTION_ESTABLISHED l=1).mark_down
2023-12-17T12:02:28.207 INFO:teuthology.orchestra.run.smithi027.stdout:/usr/bin/ceph: stderr
2023-12-17T12:02:27.870+0000 7f1a35715700 1 --2- 172.21.15.27:0/1533790161 >> [v2:172.21.15.27:3300/0,v1:172.21.15.27:6789/0] conn(0x7f1a30106b50 0x7f1a3007cad0 secure :-1 s=READY pgs=77 cs=0 l=1 rev1=1 crypto rx=0x7f1a20003f70 tx=0x7f1a200119a0 comp rx=0 tx=0).stop
2023-12-17T12:02:28.207 INFO:teuthology.orchestra.run.smithi027.stdout:/usr/bin/ceph: stderr
2023-12-17T12:02:27.870+0000 7f1a35715700 1 -- 172.21.15.27:0/1533790161 shutdown_connections
2023-12-17T12:02:28.207 INFO:teuthology.orchestra.run.smithi027.stdout:/usr/bin/ceph: stderr
2023-12-17T12:02:27.870+0000 7f1a35715700 1 --2- 172.21.15.27:0/1533790161 >> [v2:172.21.15.27:6800/46170456,v1:172.21.15.27:6801/46170456] conn(0x7f1a18038870 0x7f1a1803ad30 unknown :-1 s=CLOSED pgs=9 cs=0 l=1 rev1=1 crypto rx=0 tx=0 comp rx=0 tx=0).stop
2023-12-17T12:02:28.207 INFO:teuthology.orchestra.run.smithi027.stdout:/usr/bin/ceph: stderr
2023-12-17T12:02:27.870+0000 7f1a35715700 1 --2- 172.21.15.27:0/1533790161 >> [v2:172.21.15.27:3300/0,v1:172.21.15.27:6789/0] conn(0x7f1a30106b50 0x7f1a3007cad0 unknown :-1 s=CLOSED pgs=77 cs=0 l=1 rev1=1 crypto rx=0 tx=0 comp rx=0 tx=0).stop
2023-12-17T12:02:28.207 INFO:teuthology.orchestra.run.smithi027.stdout:/usr/bin/ceph: stderr
2023-12-17T12:02:27.870+0000 7f1a35715700 1 -- 172.21.15.27:0/1533790161 >> 172.21.15.27:0/1533790161 conn(0x7f1a30102170 msgr2=0x7f1a30102d20 unknown :-1 s=STATE_NONE l=0).mark_down
2023-12-17T12:02:28.207 INFO:teuthology.orchestra.run.smithi027.stdout:/usr/bin/ceph: stderr
2023-12-17T12:02:27.871+0000 7f1a35715700 1 -- 172.21.15.27:0/1533790161 shutdown_connections
2023-12-17T12:02:28.207 INFO:teuthology.orchestra.run.smithi027.stdout:/usr/bin/ceph: stderr
2023-12-17T12:02:27.871+0000 7f1a35715700 1 -- 172.21.15.27:0/1533790161 wait complete.
2023-12-17T12:02:28.223 INFO:teuthology.orchestra.run.smithi027.stdout:Non-zero exit code 1 from systemctl is-enabled firewalld.service
2023-12-17T12:02:28.223 INFO:teuthology.orchestra.run.smithi027.stdout:systemctl: stdout disabled
2023-12-17T12:02:28.239 INFO:teuthology.orchestra.run.smithi027.stdout:Non-zero exit code 3 from systemctl is-active firewalld.service
2023-12-17T12:02:28.240 INFO:teuthology.orchestra.run.smithi027.stdout:systemctl: stdout inactive
2023-12-17T12:02:28.240 INFO:teuthology.orchestra.run.smithi027.stdout:firewalld.service is not enabled
2023-12-17T12:02:28.240 INFO:teuthology.orchestra.run.smithi027.stdout:Not possible to open ports <[8443]>. firewalld.service is not available
2023-12-17T12:02:28.242 INFO:teuthology.orchestra.run.smithi027.stdout:Ceph Dashboard is now available at:
2023-12-17T12:02:28.243 INFO:teuthology.orchestra.run.smithi027.stdout:
2023-12-17T12:02:28.243 INFO:teuthology.orchestra.run.smithi027.stdout: URL: https://smithi027.front.sepia.ceph.com:8443/
2023-12-17T12:02:28.243 INFO:teuthology.orchestra.run.smithi027.stdout: User: admin
2023-12-17T12:02:28.243 INFO:teuthology.orchestra.run.smithi027.stdout: Password: wgsi5plexh
2023-12-17T12:02:28.243 INFO:teuthology.orchestra.run.smithi027.stdout:
2023-12-17T12:02:28.243 INFO:teuthology.orchestra.run.smithi027.stdout:Saving cluster configuration to /var/lib/ceph/62030760-9cd3-11ee-95a5-87774f69a715/config directory
2023-12-17T12:02:28.244 INFO:teuthology.orchestra.run.smithi027.stdout:Enabling autotune for osd_memory_target
2023-12-17T12:02:28.457 INFO:journalctl@ceph.mon.a.smithi027.stdout:Dec 17 12:02:28 smithi027 ceph-mon[36871]: from='client.? 172.21.15.27:0/1533790161' entity='client.admin' cmd=[{"prefix": "config get", "who": "mgr", "key": "mgr/dashboard/ssl_server_port"}]: dispatch
2023-12-17T12:02:29.244 INFO:teuthology.orchestra.run.smithi027.stdout:/usr/bin/ceph: stderr
2023-12-17T12:02:28.654+0000 7f8ed013b700 1 Processor -- start
2023-12-17T12:02:29.244 INFO:teuthology.orchestra.run.smithi027.stdout:/usr/bin/ceph: stderr
2023-12-17T12:02:28.654+0000 7f8ed013b700 1 -- start start
2023-12-17T12:02:29.244 INFO:teuthology.orchestra.run.smithi027.stdout:/usr/bin/ceph: stderr
2023-12-17T12:02:28.655+0000 7f8ed013b700 1 --2- >> [v2:172.21.15.27:3300/0,v1:172.21.15.27:6789/0] conn(0x7f8ec807ce10 0x7f8ec807b270 unknown :-1 s=NONE pgs=0 cs=0 l=0 rev1=0 crypto rx=0 tx=0 comp rx=0 tx=0).connect
2023-12-17T12:02:29.244 INFO:teuthology.orchestra.run.smithi027.stdout:/usr/bin/ceph: stderr
2023-12-17T12:02:28.655+0000 7f8ed013b700 1 -- --> [v2:172.21.15.27:3300/0,v1:172.21.15.27:6789/0] -- mon_getmap magic: 0 v1 -- 0x7f8ec807b840 con 0x7f8ec807ce10
2023-12-17T12:02:29.244 INFO:teuthology.orchestra.run.smithi027.stdout:/usr/bin/ceph: stderr
2023-12-17T12:02:28.655+0000 7f8ecded7700 1 --2- >> [v2:172.21.15.27:3300/0,v1:172.21.15.27:6789/0] conn(0x7f8ec807ce10 0x7f8ec807b270 unknown :-1 s=BANNER_CONNECTING pgs=0 cs=0 l=0 rev1=0 crypto rx=0 tx=0 comp rx=0 tx=0)._handle_peer_banner_payload supported=3 required=0
2023-12-17T12:02:29.244 INFO:teuthology.orchestra.run.smithi027.stdout:/usr/bin/ceph: stderr
2023-12-17T12:02:28.655+0000 7f8ecded7700 1 --2- >> [v2:172.21.15.27:3300/0,v1:172.21.15.27:6789/0] conn(0x7f8ec807ce10 0x7f8ec807b270 unknown :-1 s=HELLO_CONNECTING pgs=0 cs=0 l=0 rev1=1 crypto rx=0 tx=0 comp rx=0 tx=0).handle_hello peer v2:172.21.15.27:3300/0 says I am v2:172.21.15.27:54338/0 (socket says 172.21.15.27:54338)
2023-12-17T12:02:29.244 INFO:teuthology.orchestra.run.smithi027.stdout:/usr/bin/ceph: stderr
2023-12-17T12:02:28.655+0000 7f8ecded7700 1 -- 172.21.15.27:0/853764775 learned_addr learned my addr 172.21.15.27:0/853764775 (peer_addr_for_me v2:172.21.15.27:0/0)
2023-12-17T12:02:29.244 INFO:teuthology.orchestra.run.smithi027.stdout:/usr/bin/ceph: stderr
2023-12-17T12:02:28.656+0000 7f8ecded7700 1 -- 172.21.15.27:0/853764775 --> [v2:172.21.15.27:3300/0,v1:172.21.15.27:6789/0] -- mon_subscribe({config=0+,monmap=0+}) v3 -- 0x7f8ec807b980 con 0x7f8ec807ce10
2023-12-17T12:02:29.245 INFO:teuthology.orchestra.run.smithi027.stdout:/usr/bin/ceph: stderr
2023-12-17T12:02:28.656+0000 7f8ecded7700 1 --2- 172.21.15.27:0/853764775 >> [v2:172.21.15.27:3300/0,v1:172.21.15.27:6789/0] conn(0x7f8ec807ce10 0x7f8ec807b270 secure :-1 s=READY pgs=78 cs=0 l=1 rev1=1 crypto rx=0x7f8ec40098a0 tx=0x7f8ec4009bb0 comp rx=0 tx=0).ready entity=mon.0 client_cookie=707957d51b071e2f server_cookie=0 in_seq=0 out_seq=0
2023-12-17T12:02:29.245 INFO:teuthology.orchestra.run.smithi027.stdout:/usr/bin/ceph: stderr
2023-12-17T12:02:28.656+0000 7f8ecced5700 1 -- 172.21.15.27:0/853764775 <== mon.0 v2:172.21.15.27:3300/0 1 ==== mon_map magic: 0 v1 ==== 205+0+0 (secure 0 0 0) 0x7f8ec4004160 con 0x7f8ec807ce10
2023-12-17T12:02:29.245 INFO:teuthology.orchestra.run.smithi027.stdout:/usr/bin/ceph: stderr
2023-12-17T12:02:28.656+0000 7f8ecced5700 1 -- 172.21.15.27:0/853764775 <== mon.0 v2:172.21.15.27:3300/0 2 ==== config(25 keys) v1 ==== 1067+0+0 (secure 0 0 0) 0x7f8ec40042c0 con 0x7f8ec807ce10
2023-12-17T12:02:29.245 INFO:teuthology.orchestra.run.smithi027.stdout:/usr/bin/ceph: stderr
2023-12-17T12:02:28.656+0000 7f8ecced5700 1 -- 172.21.15.27:0/853764775 <== mon.0 v2:172.21.15.27:3300/0 3 ==== mon_map magic: 0 v1 ==== 205+0+0 (secure 0 0 0) 0x7f8ec40118e0 con 0x7f8ec807ce10
2023-12-17T12:02:29.245 INFO:teuthology.orchestra.run.smithi027.stdout:/usr/bin/ceph: stderr
2023-12-17T12:02:28.657+0000 7f8ed013b700 1 -- 172.21.15.27:0/853764775 >> [v2:172.21.15.27:3300/0,v1:172.21.15.27:6789/0] conn(0x7f8ec807ce10 msgr2=0x7f8ec807b270 secure :-1 s=STATE_CONNECTION_ESTABLISHED l=1).mark_down
2023-12-17T12:02:29.245 INFO:teuthology.orchestra.run.smithi027.stdout:/usr/bin/ceph: stderr
2023-12-17T12:02:28.657+0000 7f8ed013b700 1 --2- 172.21.15.27:0/853764775 >> [v2:172.21.15.27:3300/0,v1:172.21.15.27:6789/0] conn(0x7f8ec807ce10 0x7f8ec807b270 secure :-1 s=READY pgs=78 cs=0 l=1 rev1=1 crypto rx=0x7f8ec40098a0 tx=0x7f8ec4009bb0 comp rx=0 tx=0).stop
2023-12-17T12:02:29.245 INFO:teuthology.orchestra.run.smithi027.stdout:/usr/bin/ceph: stderr
2023-12-17T12:02:28.657+0000 7f8ed013b700 1 -- 172.21.15.27:0/853764775 shutdown_connections
2023-12-17T12:02:29.245 INFO:teuthology.orchestra.run.smithi027.stdout:/usr/bin/ceph: stderr
2023-12-17T12:02:28.657+0000 7f8ed013b700 1 --2- 172.21.15.27:0/853764775 >> [v2:172.21.15.27:3300/0,v1:172.21.15.27:6789/0] conn(0x7f8ec807ce10 0x7f8ec807b270 unknown :-1 s=CLOSED pgs=78 cs=0 l=1 rev1=1 crypto rx=0 tx=0 comp rx=0 tx=0).stop
2023-12-17T12:02:29.245 INFO:teuthology.orchestra.run.smithi027.stdout:/usr/bin/ceph: stderr
2023-12-17T12:02:28.657+0000 7f8ed013b700 1 -- 172.21.15.27:0/853764775 >> 172.21.15.27:0/853764775 conn(0x7f8ec8102170 msgr2=0x7f8ec8104590 unknown :-1 s=STATE_NONE l=0).mark_down
2023-12-17T12:02:29.245 INFO:teuthology.orchestra.run.smithi027.stdout:/usr/bin/ceph: stderr
2023-12-17T12:02:28.657+0000 7f8ed013b700 1 -- 172.21.15.27:0/853764775 shutdown_connections
2023-12-17T12:02:29.245 INFO:teuthology.orchestra.run.smithi027.stdout:/usr/bin/ceph: stderr
2023-12-17T12:02:28.657+0000 7f8ed013b700 1 -- 172.21.15.27:0/853764775 wait complete.
2023-12-17T12:02:29.245 INFO:teuthology.orchestra.run.smithi027.stdout:/usr/bin/ceph: stderr
2023-12-17T12:02:28.658+0000 7f8ed013b700 1 Processor -- start
2023-12-17T12:02:29.245 INFO:teuthology.orchestra.run.smithi027.stdout:/usr/bin/ceph: stderr
2023-12-17T12:02:28.658+0000 7f8ed013b700 1 -- start start
2023-12-17T12:02:29.245 INFO:teuthology.orchestra.run.smithi027.stdout:/usr/bin/ceph: stderr
2023-12-17T12:02:28.658+0000 7f8ed013b700 1 --2- >> [v2:172.21.15.27:3300/0,v1:172.21.15.27:6789/0] conn(0x7f8ec807ce10 0x7f8ec819ca50 unknown :-1 s=NONE pgs=0 cs=0 l=1 rev1=0 crypto rx=0 tx=0 comp rx=0 tx=0).connect
2023-12-17T12:02:29.246 INFO:teuthology.orchestra.run.smithi027.stdout:/usr/bin/ceph: stderr
2023-12-17T12:02:28.658+0000 7f8ed013b700 1 -- --> [v2:172.21.15.27:3300/0,v1:172.21.15.27:6789/0] -- mon_getmap magic: 0 v1 -- 0x7f8ec819cf90 con 0x7f8ec807ce10
2023-12-17T12:02:29.246 INFO:teuthology.orchestra.run.smithi027.stdout:/usr/bin/ceph: stderr
2023-12-17T12:02:28.659+0000 7f8ecded7700 1 --2- >> [v2:172.21.15.27:3300/0,v1:172.21.15.27:6789/0] conn(0x7f8ec807ce10 0x7f8ec819ca50 unknown :-1 s=BANNER_CONNECTING pgs=0 cs=0 l=1 rev1=0 crypto rx=0 tx=0 comp rx=0 tx=0)._handle_peer_banner_payload supported=3 required=0
2023-12-17T12:02:29.246 INFO:teuthology.orchestra.run.smithi027.stdout:/usr/bin/ceph: stderr
2023-12-17T12:02:28.659+0000 7f8ecded7700 1 --2- >> [v2:172.21.15.27:3300/0,v1:172.21.15.27:6789/0] conn(0x7f8ec807ce10 0x7f8ec819ca50 unknown :-1 s=HELLO_CONNECTING pgs=0 cs=0 l=1 rev1=1 crypto rx=0 tx=0 comp rx=0 tx=0).handle_hello peer v2:172.21.15.27:3300/0 says I am v2:172.21.15.27:54340/0 (socket says 172.21.15.27:54340)
2023-12-17T12:02:29.246 INFO:teuthology.orchestra.run.smithi027.stdout:/usr/bin/ceph: stderr
2023-12-17T12:02:28.659+0000 7f8ecded7700 1 -- 172.21.15.27:0/2822159744 learned_addr learned my addr 172.21.15.27:0/2822159744 (peer_addr_for_me v2:172.21.15.27:0/0)
2023-12-17T12:02:29.246 INFO:teuthology.orchestra.run.smithi027.stdout:/usr/bin/ceph: stderr
2023-12-17T12:02:28.659+0000 7f8ecded7700 1 -- 172.21.15.27:0/2822159744 --> [v2:172.21.15.27:3300/0,v1:172.21.15.27:6789/0] -- mon_subscribe({config=0+,monmap=0+}) v3 -- 0x7f8ec4009550 con 0x7f8ec807ce10
2023-12-17T12:02:29.246 INFO:teuthology.orchestra.run.smithi027.stdout:/usr/bin/ceph: stderr
2023-12-17T12:02:28.659+0000 7f8ecded7700 1 --2- 172.21.15.27:0/2822159744 >> [v2:172.21.15.27:3300/0,v1:172.21.15.27:6789/0] conn(0x7f8ec807ce10 0x7f8ec819ca50 secure :-1 s=READY pgs=79 cs=0 l=1 rev1=1 crypto rx=0x7f8ec4003f70 tx=0x7f8ec40119a0 comp rx=0 tx=0).ready entity=mon.0 client_cookie=0 server_cookie=0 in_seq=0 out_seq=0
2023-12-17T12:02:29.246 INFO:teuthology.orchestra.run.smithi027.stdout:/usr/bin/ceph: stderr
2023-12-17T12:02:28.660+0000 7f8ebeffd700 1 -- 172.21.15.27:0/2822159744 <== mon.0 v2:172.21.15.27:3300/0 1 ==== mon_map magic: 0 v1 ==== 205+0+0 (secure 0 0 0) 0x7f8ec40036a0 con 0x7f8ec807ce10
2023-12-17T12:02:29.246 INFO:teuthology.orchestra.run.smithi027.stdout:/usr/bin/ceph: stderr
2023-12-17T12:02:28.660+0000 7f8ebeffd700 1 -- 172.21.15.27:0/2822159744 <== mon.0 v2:172.21.15.27:3300/0 2 ==== config(25 keys) v1 ==== 1067+0+0 (secure 0 0 0) 0x7f8ec401b440 con 0x7f8ec807ce10
2023-12-17T12:02:29.246 INFO:teuthology.orchestra.run.smithi027.stdout:/usr/bin/ceph: stderr
2023-12-17T12:02:28.660+0000 7f8ed013b700 1 -- 172.21.15.27:0/2822159744 --> [v2:172.21.15.27:3300/0,v1:172.21.15.27:6789/0] -- mon_subscribe({mgrmap=0+}) v3 -- 0x7f8ec819d190 con 0x7f8ec807ce10
2023-12-17T12:02:29.246 INFO:teuthology.orchestra.run.smithi027.stdout:/usr/bin/ceph: stderr
2023-12-17T12:02:28.660+0000 7f8ebeffd700 1 -- 172.21.15.27:0/2822159744 <== mon.0 v2:172.21.15.27:3300/0 3 ==== mon_map magic: 0 v1 ==== 205+0+0 (secure 0 0 0) 0x7f8ec4023400 con 0x7f8ec807ce10
2023-12-17T12:02:29.246 INFO:teuthology.orchestra.run.smithi027.stdout:/usr/bin/ceph: stderr
2023-12-17T12:02:28.660+0000 7f8ed013b700 1 -- 172.21.15.27:0/2822159744 --> [v2:172.21.15.27:3300/0,v1:172.21.15.27:6789/0] -- mon_subscribe({osdmap=0}) v3 -- 0x7f8ec819d630 con 0x7f8ec807ce10
2023-12-17T12:02:29.246 INFO:teuthology.orchestra.run.smithi027.stdout:/usr/bin/ceph: stderr
2023-12-17T12:02:28.661+0000 7f8ed013b700 1 -- 172.21.15.27:0/2822159744 --> [v2:172.21.15.27:3300/0,v1:172.21.15.27:6789/0] -- mon_command({"prefix": "get_command_descriptions"} v 0) v1 -- 0x7f8ec810cef0 con 0x7f8ec807ce10
2023-12-17T12:02:29.246 INFO:teuthology.orchestra.run.smithi027.stdout:/usr/bin/ceph: stderr
2023-12-17T12:02:28.662+0000 7f8ebeffd700 1 -- 172.21.15.27:0/2822159744 <== mon.0 v2:172.21.15.27:3300/0 4 ==== mgrmap(e 12) v1 ==== 45593+0+0 (secure 0 0 0) 0x7f8ec401b5b0 con 0x7f8ec807ce10
2023-12-17T12:02:29.246 INFO:teuthology.orchestra.run.smithi027.stdout:/usr/bin/ceph: stderr
2023-12-17T12:02:28.662+0000 7f8ebeffd700 1 --2- 172.21.15.27:0/2822159744 >> [v2:172.21.15.27:6800/46170456,v1:172.21.15.27:6801/46170456] conn(0x7f8eb40388c0 0x7f8eb403ad80 unknown :-1 s=NONE pgs=0 cs=0 l=1 rev1=0 crypto rx=0 tx=0 comp rx=0 tx=0).connect
2023-12-17T12:02:29.246 INFO:teuthology.orchestra.run.smithi027.stdout:/usr/bin/ceph: stderr
2023-12-17T12:02:28.662+0000 7f8ebeffd700 1 -- 172.21.15.27:0/2822159744 <== mon.0 v2:172.21.15.27:3300/0 5 ==== osd_map(3..3 src has 1..3) v4 ==== 1155+0+0 (secure 0 0 0) 0x7f8ec404c890 con 0x7f8ec807ce10
2023-12-17T12:02:29.247 INFO:teuthology.orchestra.run.smithi027.stdout:/usr/bin/ceph: stderr
2023-12-17T12:02:28.662+0000 7f8ecd6d6700 1 --2- 172.21.15.27:0/2822159744 >> [v2:172.21.15.27:6800/46170456,v1:172.21.15.27:6801/46170456] conn(0x7f8eb40388c0 0x7f8eb403ad80 unknown :-1 s=BANNER_CONNECTING pgs=0 cs=0 l=1 rev1=0 crypto rx=0 tx=0 comp rx=0 tx=0)._handle_peer_banner_payload supported=3 required=0
2023-12-17T12:02:29.247 INFO:teuthology.orchestra.run.smithi027.stdout:/usr/bin/ceph: stderr
2023-12-17T12:02:28.663+0000 7f8ecd6d6700 1 --2- 172.21.15.27:0/2822159744 >> [v2:172.21.15.27:6800/46170456,v1:172.21.15.27:6801/46170456] conn(0x7f8eb40388c0 0x7f8eb403ad80 secure :-1 s=READY pgs=10 cs=0 l=1 rev1=1 crypto rx=0x7f8eb8006fd0 tx=0x7f8eb8006e40 comp rx=0 tx=0).ready entity=mgr.14154 client_cookie=0 server_cookie=0 in_seq=0 out_seq=0
2023-12-17T12:02:29.247 INFO:teuthology.orchestra.run.smithi027.stdout:/usr/bin/ceph: stderr
2023-12-17T12:02:28.667+0000 7f8ebeffd700 1 -- 172.21.15.27:0/2822159744 <== mon.0 v2:172.21.15.27:3300/0 6 ==== mon_command_ack([{"prefix": "get_command_descriptions"}]=0 v0) v1 ==== 72+0+180949 (secure 0 0 0) 0x7f8ec40195b0 con 0x7f8ec807ce10
2023-12-17T12:02:29.247 INFO:teuthology.orchestra.run.smithi027.stdout:/usr/bin/ceph: stderr
2023-12-17T12:02:28.878+0000 7f8ed013b700 1 -- 172.21.15.27:0/2822159744 --> [v2:172.21.15.27:3300/0,v1:172.21.15.27:6789/0] -- mon_command([{prefix=config set, name=osd_memory_target_autotune}] v 0) v1 -- 0x7f8ec819ff20 con 0x7f8ec807ce10
2023-12-17T12:02:29.247 INFO:teuthology.orchestra.run.smithi027.stdout:/usr/bin/ceph: stderr
2023-12-17T12:02:28.878+0000 7f8ebeffd700 1 -- 172.21.15.27:0/2822159744 <== mon.0 v2:172.21.15.27:3300/0 7 ==== mon_command_ack([{prefix=config set, name=osd_memory_target_autotune}]=0 v8)=0 v8) v1 ==== 127+0+0 (secure 0 0 0) 0x7f8ec40193d0 con 0x7f8ec807ce10
2023-12-17T12:02:29.247 INFO:teuthology.orchestra.run.smithi027.stdout:/usr/bin/ceph: stderr
2023-12-17T12:02:28.881+0000 7f8ed013b700 1 -- 172.21.15.27:0/2822159744 >> [v2:172.21.15.27:6800/46170456,v1:172.21.15.27:6801/46170456] conn(0x7f8eb40388c0 msgr2=0x7f8eb403ad80 secure :-1 s=STATE_CONNECTION_ESTABLISHED l=1).mark_down
2023-12-17T12:02:29.247 INFO:teuthology.orchestra.run.smithi027.stdout:/usr/bin/ceph: stderr
2023-12-17T12:02:28.881+0000 7f8ed013b700 1 --2- 172.21.15.27:0/2822159744 >> [v2:172.21.15.27:6800/46170456,v1:172.21.15.27:6801/46170456] conn(0x7f8eb40388c0 0x7f8eb403ad80 secure :-1 s=READY pgs=10 cs=0 l=1 rev1=1 crypto rx=0x7f8eb8006fd0 tx=0x7f8eb8006e40 comp rx=0 tx=0).stop
2023-12-17T12:02:29.247 INFO:teuthology.orchestra.run.smithi027.stdout:/usr/bin/ceph: stderr
2023-12-17T12:02:28.881+0000 7f8ed013b700 1 -- 172.21.15.27:0/2822159744 >> [v2:172.21.15.27:3300/0,v1:172.21.15.27:6789/0] conn(0x7f8ec807ce10 msgr2=0x7f8ec819ca50 secure :-1 s=STATE_CONNECTION_ESTABLISHED l=1).mark_down
2023-12-17T12:02:29.247 INFO:teuthology.orchestra.run.smithi027.stdout:/usr/bin/ceph: stderr
2023-12-17T12:02:28.881+0000 7f8ed013b700 1 --2- 172.21.15.27:0/2822159744 >> [v2:172.21.15.27:3300/0,v1:172.21.15.27:6789/0] conn(0x7f8ec807ce10 0x7f8ec819ca50 secure :-1 s=READY pgs=79 cs=0 l=1 rev1=1 crypto rx=0x7f8ec4003f70 tx=0x7f8ec40119a0 comp rx=0 tx=0).stop
2023-12-17T12:02:29.247 INFO:teuthology.orchestra.run.smithi027.stdout:/usr/bin/ceph: stderr
2023-12-17T12:02:28.881+0000 7f8ed013b700 1 -- 172.21.15.27:0/2822159744 shutdown_connections
2023-12-17T12:02:29.247 INFO:teuthology.orchestra.run.smithi027.stdout:/usr/bin/ceph: stderr
2023-12-17T12:02:28.881+0000 7f8ed013b700 1 --2- 172.21.15.27:0/2822159744 >> [v2:172.21.15.27:6800/46170456,v1:172.21.15.27:6801/46170456] conn(0x7f8eb40388c0 0x7f8eb403ad80 unknown :-1 s=CLOSED pgs=10 cs=0 l=1 rev1=1 crypto rx=0 tx=0 comp rx=0 tx=0).stop
2023-12-17T12:02:29.247 INFO:teuthology.orchestra.run.smithi027.stdout:/usr/bin/ceph: stderr
2023-12-17T12:02:28.881+0000 7f8ed013b700 1 --2- 172.21.15.27:0/2822159744 >> [v2:172.21.15.27:3300/0,v1:172.21.15.27:6789/0] conn(0x7f8ec807ce10 0x7f8ec819ca50 unknown :-1 s=CLOSED pgs=79 cs=0 l=1 rev1=1 crypto rx=0 tx=0 comp rx=0 tx=0).stop
2023-12-17T12:02:29.247 INFO:teuthology.orchestra.run.smithi027.stdout:/usr/bin/ceph: stderr
2023-12-17T12:02:28.881+0000 7f8ed013b700 1 -- 172.21.15.27:0/2822159744 >> 172.21.15.27:0/2822159744 conn(0x7f8ec8102170 msgr2=0x7f8ec8102d50 unknown :-1 s=STATE_NONE l=0).mark_down
2023-12-17T12:02:29.247 INFO:teuthology.orchestra.run.smithi027.stdout:/usr/bin/ceph: stderr
2023-12-17T12:02:28.881+0000 7f8ed013b700 1 -- 172.21.15.27:0/2822159744 shutdown_connections
2023-12-17T12:02:29.247 INFO:teuthology.orchestra.run.smithi027.stdout:/usr/bin/ceph: stderr
2023-12-17T12:02:28.881+0000 7f8ed013b700 1 -- 172.21.15.27:0/2822159744 wait complete.
2023-12-17T12:02:30.362 INFO:teuthology.orchestra.run.smithi027.stdout:/usr/bin/ceph: stderr
2023-12-17T12:02:29.652+0000 7f59e3114700 1 Processor -- start
2023-12-17T12:02:30.362 INFO:teuthology.orchestra.run.smithi027.stdout:/usr/bin/ceph: stderr
2023-12-17T12:02:29.652+0000 7f59e3114700 1 -- start start
2023-12-17T12:02:30.362 INFO:teuthology.orchestra.run.smithi027.stdout:/usr/bin/ceph: stderr
2023-12-17T12:02:29.652+0000 7f59e3114700 1 --2- >> [v2:172.21.15.27:3300/0,v1:172.21.15.27:6789/0] conn(0x7f59dc07ce30 0x7f59dc07b290 unknown :-1 s=NONE pgs=0 cs=0 l=0 rev1=0 crypto rx=0 tx=0 comp rx=0 tx=0).connect
2023-12-17T12:02:30.362 INFO:teuthology.orchestra.run.smithi027.stdout:/usr/bin/ceph: stderr
2023-12-17T12:02:29.652+0000 7f59e3114700 1 -- --> [v2:172.21.15.27:3300/0,v1:172.21.15.27:6789/0] -- mon_getmap magic: 0 v1 -- 0x7f59dc07b860 con 0x7f59dc07ce30
2023-12-17T12:02:30.362 INFO:teuthology.orchestra.run.smithi027.stdout:/usr/bin/ceph: stderr
2023-12-17T12:02:29.653+0000 7f59e0eb0700 1 --2- >> [v2:172.21.15.27:3300/0,v1:172.21.15.27:6789/0] conn(0x7f59dc07ce30 0x7f59dc07b290 unknown :-1 s=BANNER_CONNECTING pgs=0 cs=0 l=0 rev1=0 crypto rx=0 tx=0 comp rx=0 tx=0)._handle_peer_banner_payload supported=3 required=0
2023-12-17T12:02:30.362 INFO:teuthology.orchestra.run.smithi027.stdout:/usr/bin/ceph: stderr
2023-12-17T12:02:29.653+0000 7f59e0eb0700 1 --2- >> [v2:172.21.15.27:3300/0,v1:172.21.15.27:6789/0] conn(0x7f59dc07ce30 0x7f59dc07b290 unknown :-1 s=HELLO_CONNECTING pgs=0 cs=0 l=0 rev1=1 crypto rx=0 tx=0 comp rx=0 tx=0).handle_hello peer v2:172.21.15.27:3300/0 says I am v2:172.21.15.27:54348/0 (socket says 172.21.15.27:54348)
2023-12-17T12:02:30.362 INFO:teuthology.orchestra.run.smithi027.stdout:/usr/bin/ceph: stderr
2023-12-17T12:02:29.653+0000 7f59e0eb0700 1 -- 172.21.15.27:0/1173042522 learned_addr learned my addr 172.21.15.27:0/1173042522 (peer_addr_for_me v2:172.21.15.27:0/0)
2023-12-17T12:02:30.362 INFO:teuthology.orchestra.run.smithi027.stdout:/usr/bin/ceph: stderr
2023-12-17T12:02:29.653+0000 7f59e0eb0700 1 -- 172.21.15.27:0/1173042522 --> [v2:172.21.15.27:3300/0,v1:172.21.15.27:6789/0] -- mon_subscribe({config=0+,monmap=0+}) v3 -- 0x7f59dc07b9a0 con 0x7f59dc07ce30
2023-12-17T12:02:30.362 INFO:teuthology.orchestra.run.smithi027.stdout:/usr/bin/ceph: stderr
2023-12-17T12:02:29.654+0000 7f59e0eb0700 1 --2- 172.21.15.27:0/1173042522 >> [v2:172.21.15.27:3300/0,v1:172.21.15.27:6789/0] conn(0x7f59dc07ce30 0x7f59dc07b290 secure :-1 s=READY pgs=80 cs=0 l=1 rev1=1 crypto rx=0x7f59d00098a0 tx=0x7f59d0009bb0 comp rx=0 tx=0).ready entity=mon.0 client_cookie=c8fb3893a69533c8 server_cookie=0 in_seq=0 out_seq=0
2023-12-17T12:02:30.363 INFO:teuthology.orchestra.run.smithi027.stdout:/usr/bin/ceph: stderr
2023-12-17T12:02:29.654+0000 7f59db7fe700 1 -- 172.21.15.27:0/1173042522 <== mon.0 v2:172.21.15.27:3300/0 1 ==== mon_map magic: 0 v1 ==== 205+0+0 (secure 0 0 0) 0x7f59d0004160 con 0x7f59dc07ce30
2023-12-17T12:02:30.363 INFO:teuthology.orchestra.run.smithi027.stdout:/usr/bin/ceph: stderr
2023-12-17T12:02:29.654+0000 7f59db7fe700 1 -- 172.21.15.27:0/1173042522 <== mon.0 v2:172.21.15.27:3300/0 2 ==== config(25 keys) v1 ==== 1067+0+0 (secure 0 0 0) 0x7f59d00042c0 con 0x7f59dc07ce30
2023-12-17T12:02:30.363 INFO:teuthology.orchestra.run.smithi027.stdout:/usr/bin/ceph: stderr
2023-12-17T12:02:29.654+0000 7f59db7fe700 1 -- 172.21.15.27:0/1173042522 <== mon.0 v2:172.21.15.27:3300/0 3 ==== mon_map magic: 0 v1 ==== 205+0+0 (secure 0 0 0) 0x7f59d00118e0 con 0x7f59dc07ce30
2023-12-17T12:02:30.363 INFO:teuthology.orchestra.run.smithi027.stdout:/usr/bin/ceph: stderr
2023-12-17T12:02:29.654+0000 7f59e3114700 1 -- 172.21.15.27:0/1173042522 >> [v2:172.21.15.27:3300/0,v1:172.21.15.27:6789/0] conn(0x7f59dc07ce30 msgr2=0x7f59dc07b290 secure :-1 s=STATE_CONNECTION_ESTABLISHED l=1).mark_down
2023-12-17T12:02:30.363 INFO:teuthology.orchestra.run.smithi027.stdout:/usr/bin/ceph: stderr
2023-12-17T12:02:29.654+0000 7f59e3114700 1 --2- 172.21.15.27:0/1173042522 >> [v2:172.21.15.27:3300/0,v1:172.21.15.27:6789/0] conn(0x7f59dc07ce30 0x7f59dc07b290 secure :-1 s=READY pgs=80 cs=0 l=1 rev1=1 crypto rx=0x7f59d00098a0 tx=0x7f59d0009bb0 comp rx=0 tx=0).stop
2023-12-17T12:02:30.363 INFO:teuthology.orchestra.run.smithi027.stdout:/usr/bin/ceph: stderr
2023-12-17T12:02:29.655+0000 7f59e3114700 1 -- 172.21.15.27:0/1173042522 shutdown_connections
2023-12-17T12:02:30.363 INFO:teuthology.orchestra.run.smithi027.stdout:/usr/bin/ceph: stderr
2023-12-17T12:02:29.655+0000 7f59e3114700 1 --2- 172.21.15.27:0/1173042522 >> [v2:172.21.15.27:3300/0,v1:172.21.15.27:6789/0] conn(0x7f59dc07ce30 0x7f59dc07b290 unknown :-1 s=CLOSED pgs=80 cs=0 l=1 rev1=1 crypto rx=0 tx=0 comp rx=0 tx=0).stop
2023-12-17T12:02:30.363 INFO:teuthology.orchestra.run.smithi027.stdout:/usr/bin/ceph: stderr
2023-12-17T12:02:29.655+0000 7f59e3114700 1 -- 172.21.15.27:0/1173042522 >> 172.21.15.27:0/1173042522 conn(0x7f59dc102170 msgr2=0x7f59dc104590 unknown :-1 s=STATE_NONE l=0).mark_down
2023-12-17T12:02:30.363 INFO:teuthology.orchestra.run.smithi027.stdout:/usr/bin/ceph: stderr
2023-12-17T12:02:29.655+0000 7f59e3114700 1 -- 172.21.15.27:0/1173042522 shutdown_connections
2023-12-17T12:02:30.363 INFO:teuthology.orchestra.run.smithi027.stdout:/usr/bin/ceph: stderr
2023-12-17T12:02:29.655+0000 7f59e3114700 1 -- 172.21.15.27:0/1173042522 wait complete.
2023-12-17T12:02:30.363 INFO:teuthology.orchestra.run.smithi027.stdout:/usr/bin/ceph: stderr
2023-12-17T12:02:29.656+0000 7f59e3114700 1 Processor -- start
2023-12-17T12:02:30.363 INFO:teuthology.orchestra.run.smithi027.stdout:/usr/bin/ceph: stderr
2023-12-17T12:02:29.656+0000 7f59e3114700 1 -- start start
2023-12-17T12:02:30.363 INFO:teuthology.orchestra.run.smithi027.stdout:/usr/bin/ceph: stderr
2023-12-17T12:02:29.656+0000 7f59e3114700 1 --2- >> [v2:172.21.15.27:3300/0,v1:172.21.15.27:6789/0] conn(0x7f59dc07ce30 0x7f59dc19ca30 unknown :-1 s=NONE pgs=0 cs=0 l=1 rev1=0 crypto rx=0 tx=0 comp rx=0 tx=0).connect
2023-12-17T12:02:30.364 INFO:teuthology.orchestra.run.smithi027.stdout:/usr/bin/ceph: stderr
2023-12-17T12:02:29.656+0000 7f59e3114700 1 -- --> [v2:172.21.15.27:3300/0,v1:172.21.15.27:6789/0] -- mon_getmap magic: 0 v1 -- 0x7f59dc19cf70 con 0x7f59dc07ce30
2023-12-17T12:02:30.364 INFO:teuthology.orchestra.run.smithi027.stdout:/usr/bin/ceph: stderr
2023-12-17T12:02:29.656+0000 7f59e0eb0700 1 --2- >> [v2:172.21.15.27:3300/0,v1:172.21.15.27:6789/0] conn(0x7f59dc07ce30 0x7f59dc19ca30 unknown :-1 s=BANNER_CONNECTING pgs=0 cs=0 l=1 rev1=0 crypto rx=0 tx=0 comp rx=0 tx=0)._handle_peer_banner_payload supported=3 required=0
2023-12-17T12:02:30.364 INFO:teuthology.orchestra.run.smithi027.stdout:/usr/bin/ceph: stderr
2023-12-17T12:02:29.656+0000 7f59e0eb0700 1 --2- >> [v2:172.21.15.27:3300/0,v1:172.21.15.27:6789/0] conn(0x7f59dc07ce30 0x7f59dc19ca30 unknown :-1 s=HELLO_CONNECTING pgs=0 cs=0 l=1 rev1=1 crypto rx=0 tx=0 comp rx=0 tx=0).handle_hello peer v2:172.21.15.27:3300/0 says I am v2:172.21.15.27:54350/0 (socket says 172.21.15.27:54350)
2023-12-17T12:02:30.364 INFO:teuthology.orchestra.run.smithi027.stdout:/usr/bin/ceph: stderr
2023-12-17T12:02:29.656+0000 7f59e0eb0700 1 -- 172.21.15.27:0/13438399 learned_addr learned my addr 172.21.15.27:0/13438399 (peer_addr_for_me v2:172.21.15.27:0/0)
2023-12-17T12:02:30.364 INFO:teuthology.orchestra.run.smithi027.stdout:/usr/bin/ceph: stderr
2023-12-17T12:02:29.657+0000 7f59e0eb0700 1 -- 172.21.15.27:0/13438399 --> [v2:172.21.15.27:3300/0,v1:172.21.15.27:6789/0] -- mon_subscribe({config=0+,monmap=0+}) v3 -- 0x7f59d0009550 con 0x7f59dc07ce30
2023-12-17T12:02:30.364 INFO:teuthology.orchestra.run.smithi027.stdout:/usr/bin/ceph: stderr
2023-12-17T12:02:29.657+0000 7f59e0eb0700 1 --2- 172.21.15.27:0/13438399 >> [v2:172.21.15.27:3300/0,v1:172.21.15.27:6789/0] conn(0x7f59dc07ce30 0x7f59dc19ca30 secure :-1 s=READY pgs=81 cs=0 l=1 rev1=1 crypto rx=0x7f59d0003f70 tx=0x7f59d00119a0 comp rx=0 tx=0).ready entity=mon.0 client_cookie=0 server_cookie=0 in_seq=0 out_seq=0
2023-12-17T12:02:30.364 INFO:teuthology.orchestra.run.smithi027.stdout:/usr/bin/ceph: stderr
2023-12-17T12:02:29.657+0000 7f59d9ffb700 1 -- 172.21.15.27:0/13438399 <== mon.0 v2:172.21.15.27:3300/0 1 ==== mon_map magic: 0 v1 ==== 205+0+0 (secure 0 0 0) 0x7f59d00036a0 con 0x7f59dc07ce30
