2023-12-17T12:02:11.293+0000 7f4577fff700 1 --2- 172.21.15.27:0/795872921 >> [v2:172.21.15.27:3300/0,v1:172.21.15.27:6789/0] conn(0x7f457807ce50 0x7f457819c8d0 secure :-1 s=READY pgs=56 cs=0 l=1 rev1=1 crypto rx=0x7f4568003f70 tx=0x7f45680119a0 comp rx=0 tx=0).ready entity=mon.0 client_cookie=0 server_cookie=0 in_seq=0 out_seq=0
2023-12-17T12:02:11.836 INFO:teuthology.orchestra.run.smithi027.stdout:/usr/bin/ceph: stderr
2023-12-17T12:02:11.293+0000 7f45757fa700 1 -- 172.21.15.27:0/795872921 <== mon.0 v2:172.21.15.27:3300/0 1 ==== mon_map magic: 0 v1 ==== 205+0+0 (secure 0 0 0) 0x7f45680037d0 con 0x7f457807ce50
2023-12-17T12:02:11.836 INFO:teuthology.orchestra.run.smithi027.stdout:/usr/bin/ceph: stderr
2023-12-17T12:02:11.294+0000 7f45757fa700 1 -- 172.21.15.27:0/795872921 <== mon.0 v2:172.21.15.27:3300/0 2 ==== config(25 keys) v1 ==== 1067+0+0 (secure 0 0 0) 0x7f456801b440 con 0x7f457807ce50
2023-12-17T12:02:11.836 INFO:teuthology.orchestra.run.smithi027.stdout:/usr/bin/ceph: stderr
2023-12-17T12:02:11.294+0000 7f457d2d9700 1 -- 172.21.15.27:0/795872921 --> [v2:172.21.15.27:3300/0,v1:172.21.15.27:6789/0] -- mon_subscribe({mgrmap=0+}) v3 -- 0x7f457819d010 con 0x7f457807ce50
2023-12-17T12:02:11.836 INFO:teuthology.orchestra.run.smithi027.stdout:/usr/bin/ceph: stderr
2023-12-17T12:02:11.294+0000 7f45757fa700 1 -- 172.21.15.27:0/795872921 <== mon.0 v2:172.21.15.27:3300/0 3 ==== mon_map magic: 0 v1 ==== 205+0+0 (secure 0 0 0) 0x7f45680193d0 con 0x7f457807ce50
2023-12-17T12:02:11.836 INFO:teuthology.orchestra.run.smithi027.stdout:/usr/bin/ceph: stderr
2023-12-17T12:02:11.294+0000 7f457d2d9700 1 -- 172.21.15.27:0/795872921 --> [v2:172.21.15.27:3300/0,v1:172.21.15.27:6789/0] -- mon_subscribe({osdmap=0}) v3 -- 0x7f457819d4b0 con 0x7f457807ce50
2023-12-17T12:02:11.836 INFO:teuthology.orchestra.run.smithi027.stdout:/usr/bin/ceph: stderr
2023-12-17T12:02:11.295+0000 7f45757fa700 1 -- 172.21.15.27:0/795872921 <== mon.0 v2:172.21.15.27:3300/0 4 ==== mgrmap(e 8) v1 ==== 45580+0+0 (secure 0 0 0) 0x7f456801b860 con 0x7f457807ce50
2023-12-17T12:02:11.836 INFO:teuthology.orchestra.run.smithi027.stdout:/usr/bin/ceph: stderr
2023-12-17T12:02:11.295+0000 7f457d2d9700 1 -- 172.21.15.27:0/795872921 --> [v2:172.21.15.27:3300/0,v1:172.21.15.27:6789/0] -- mon_command({"prefix": "get_command_descriptions"} v 0) v1 -- 0x7f457810cd30 con 0x7f457807ce50
2023-12-17T12:02:11.837 INFO:teuthology.orchestra.run.smithi027.stdout:/usr/bin/ceph: stderr
2023-12-17T12:02:11.296+0000 7f45757fa700 1 --2- 172.21.15.27:0/795872921 >> [v2:172.21.15.27:6800/674094332,v1:172.21.15.27:6801/674094332] conn(0x7f4560038870 0x7f456003ad30 unknown :-1 s=NONE pgs=0 cs=0 l=1 rev1=0 crypto rx=0 tx=0 comp rx=0 tx=0).connect
2023-12-17T12:02:11.837 INFO:teuthology.orchestra.run.smithi027.stdout:/usr/bin/ceph: stderr
2023-12-17T12:02:11.296+0000 7f45757fa700 1 -- 172.21.15.27:0/795872921 <== mon.0 v2:172.21.15.27:3300/0 5 ==== osd_map(2..2 src has 1..2) v4 ==== 940+0+0 (secure 0 0 0) 0x7f456804c6d0 con 0x7f457807ce50
2023-12-17T12:02:11.837 INFO:teuthology.orchestra.run.smithi027.stdout:/usr/bin/ceph: stderr
2023-12-17T12:02:11.296+0000 7f45777fe700 1 --2- 172.21.15.27:0/795872921 >> [v2:172.21.15.27:6800/674094332,v1:172.21.15.27:6801/674094332] conn(0x7f4560038870 0x7f456003ad30 unknown :-1 s=BANNER_CONNECTING pgs=0 cs=0 l=1 rev1=0 crypto rx=0 tx=0 comp rx=0 tx=0)._handle_peer_banner_payload supported=3 required=0
2023-12-17T12:02:11.837 INFO:teuthology.orchestra.run.smithi027.stdout:/usr/bin/ceph: stderr
2023-12-17T12:02:11.297+0000 7f45777fe700 1 --2- 172.21.15.27:0/795872921 >> [v2:172.21.15.27:6800/674094332,v1:172.21.15.27:6801/674094332] conn(0x7f4560038870 0x7f456003ad30 secure :-1 s=READY pgs=15 cs=0 l=1 rev1=1 crypto rx=0x7f456c006fd0 tx=0x7f456c006e40 comp rx=0 tx=0).ready entity=mgr.14122 client_cookie=0 server_cookie=0 in_seq=0 out_seq=0
2023-12-17T12:02:11.837 INFO:teuthology.orchestra.run.smithi027.stdout:/usr/bin/ceph: stderr
2023-12-17T12:02:11.301+0000 7f45757fa700 1 -- 172.21.15.27:0/795872921 <== mon.0 v2:172.21.15.27:3300/0 6 ==== mon_command_ack([{"prefix": "get_command_descriptions"}]=0 v0) v1 ==== 72+0+180949 (secure 0 0 0) 0x7f4568018bd0 con 0x7f457807ce50
2023-12-17T12:02:11.837 INFO:teuthology.orchestra.run.smithi027.stdout:/usr/bin/ceph: stderr
2023-12-17T12:02:11.514+0000 7f457d2d9700 1 -- 172.21.15.27:0/795872921 --> [v2:172.21.15.27:3300/0,v1:172.21.15.27:6789/0] -- mon_command([{prefix=config set, name=mgr/dashboard/ssl_server_port}] v 0) v1 -- 0x7f457819fda0 con 0x7f457807ce50
2023-12-17T12:02:11.837 INFO:teuthology.orchestra.run.smithi027.stdout:/usr/bin/ceph: stderr
2023-12-17T12:02:11.518+0000 7f45757fa700 1 -- 172.21.15.27:0/795872921 <== mon.0 v2:172.21.15.27:3300/0 7 ==== mon_command_ack([{prefix=config set, name=mgr/dashboard/ssl_server_port}]=0 v8)=0 v8) v1 ==== 130+0+0 (secure 0 0 0) 0x7f456801f0c0 con 0x7f457807ce50
2023-12-17T12:02:11.837 INFO:teuthology.orchestra.run.smithi027.stdout:/usr/bin/ceph: stderr
2023-12-17T12:02:11.521+0000 7f457d2d9700 1 -- 172.21.15.27:0/795872921 >> [v2:172.21.15.27:6800/674094332,v1:172.21.15.27:6801/674094332] conn(0x7f4560038870 msgr2=0x7f456003ad30 secure :-1 s=STATE_CONNECTION_ESTABLISHED l=1).mark_down
2023-12-17T12:02:11.837 INFO:teuthology.orchestra.run.smithi027.stdout:/usr/bin/ceph: stderr
2023-12-17T12:02:11.521+0000 7f457d2d9700 1 --2- 172.21.15.27:0/795872921 >> [v2:172.21.15.27:6800/674094332,v1:172.21.15.27:6801/674094332] conn(0x7f4560038870 0x7f456003ad30 secure :-1 s=READY pgs=15 cs=0 l=1 rev1=1 crypto rx=0x7f456c006fd0 tx=0x7f456c006e40 comp rx=0 tx=0).stop
2023-12-17T12:02:11.837 INFO:teuthology.orchestra.run.smithi027.stdout:/usr/bin/ceph: stderr
2023-12-17T12:02:11.521+0000 7f457d2d9700 1 -- 172.21.15.27:0/795872921 >> [v2:172.21.15.27:3300/0,v1:172.21.15.27:6789/0] conn(0x7f457807ce50 msgr2=0x7f457819c8d0 secure :-1 s=STATE_CONNECTION_ESTABLISHED l=1).mark_down
2023-12-17T12:02:11.837 INFO:teuthology.orchestra.run.smithi027.stdout:/usr/bin/ceph: stderr
2023-12-17T12:02:11.521+0000 7f457d2d9700 1 --2- 172.21.15.27:0/795872921 >> [v2:172.21.15.27:3300/0,v1:172.21.15.27:6789/0] conn(0x7f457807ce50 0x7f457819c8d0 secure :-1 s=READY pgs=56 cs=0 l=1 rev1=1 crypto rx=0x7f4568003f70 tx=0x7f45680119a0 comp rx=0 tx=0).stop
2023-12-17T12:02:11.837 INFO:teuthology.orchestra.run.smithi027.stdout:/usr/bin/ceph: stderr
2023-12-17T12:02:11.521+0000 7f457d2d9700 1 -- 172.21.15.27:0/795872921 shutdown_connections
2023-12-17T12:02:11.837 INFO:teuthology.orchestra.run.smithi027.stdout:/usr/bin/ceph: stderr
2023-12-17T12:02:11.521+0000 7f457d2d9700 1 --2- 172.21.15.27:0/795872921 >> [v2:172.21.15.27:6800/674094332,v1:172.21.15.27:6801/674094332] conn(0x7f4560038870 0x7f456003ad30 unknown :-1 s=CLOSED pgs=15 cs=0 l=1 rev1=1 crypto rx=0 tx=0 comp rx=0 tx=0).stop
2023-12-17T12:02:11.837 INFO:teuthology.orchestra.run.smithi027.stdout:/usr/bin/ceph: stderr
2023-12-17T12:02:11.521+0000 7f457d2d9700 1 --2- 172.21.15.27:0/795872921 >> [v2:172.21.15.27:3300/0,v1:172.21.15.27:6789/0] conn(0x7f457807ce50 0x7f457819c8d0 unknown :-1 s=CLOSED pgs=56 cs=0 l=1 rev1=1 crypto rx=0 tx=0 comp rx=0 tx=0).stop
2023-12-17T12:02:11.838 INFO:teuthology.orchestra.run.smithi027.stdout:/usr/bin/ceph: stderr
2023-12-17T12:02:11.521+0000 7f457d2d9700 1 -- 172.21.15.27:0/795872921 >> 172.21.15.27:0/795872921 conn(0x7f4578101f90 msgr2=0x7f4578102ba0 unknown :-1 s=STATE_NONE l=0).mark_down
2023-12-17T12:02:11.838 INFO:teuthology.orchestra.run.smithi027.stdout:/usr/bin/ceph: stderr
2023-12-17T12:02:11.521+0000 7f457d2d9700 1 -- 172.21.15.27:0/795872921 shutdown_connections
2023-12-17T12:02:11.838 INFO:teuthology.orchestra.run.smithi027.stdout:/usr/bin/ceph: stderr
2023-12-17T12:02:11.521+0000 7f457d2d9700 1 -- 172.21.15.27:0/795872921 wait complete.
2023-12-17T12:02:11.838 INFO:teuthology.orchestra.run.smithi027.stdout:Enabling the dashboard module...
2023-12-17T12:02:12.913 INFO:journalctl@ceph.mon.a.smithi027.stdout:Dec 17 12:02:12 smithi027 ceph-mon[36871]: from='client.? 172.21.15.27:0/795872921' entity='client.admin'
2023-12-17T12:02:12.913 INFO:journalctl@ceph.mon.a.smithi027.stdout:Dec 17 12:02:12 smithi027 ceph-mon[36871]: from='mgr.14122 172.21.15.27:0/874263209' entity='mgr.x'
2023-12-17T12:02:13.795 INFO:journalctl@ceph.mon.a.smithi027.stdout:Dec 17 12:02:13 smithi027 ceph-mon[36871]: from='client.? 172.21.15.27:0/3503409462' entity='client.admin' cmd=[{"prefix": "mgr module enable", "module": "dashboard"}]: dispatch
2023-12-17T12:02:13.795 INFO:journalctl@ceph.mgr.x.smithi027.stdout:Dec 17 12:02:13 smithi027 ceph-62030760-9cd3-11ee-95a5-87774f69a715-mgr-x[37122]: ignoring --setuser ceph since I am not root
2023-12-17T12:02:13.795 INFO:journalctl@ceph.mgr.x.smithi027.stdout:Dec 17 12:02:13 smithi027 ceph-62030760-9cd3-11ee-95a5-87774f69a715-mgr-x[37122]: ignoring --setgroup ceph since I am not root
2023-12-17T12:02:13.937 INFO:teuthology.orchestra.run.smithi027.stdout:/usr/bin/ceph: stderr
2023-12-17T12:02:12.306+0000 7f53325d3700 1 Processor -- start
2023-12-17T12:02:13.937 INFO:teuthology.orchestra.run.smithi027.stdout:/usr/bin/ceph: stderr
2023-12-17T12:02:12.307+0000 7f53325d3700 1 -- start start
2023-12-17T12:02:13.937 INFO:teuthology.orchestra.run.smithi027.stdout:/usr/bin/ceph: stderr
2023-12-17T12:02:12.307+0000 7f53325d3700 1 --2- >> [v2:172.21.15.27:3300/0,v1:172.21.15.27:6789/0] conn(0x7f532c07ce30 0x7f532c07b290 unknown :-1 s=NONE pgs=0 cs=0 l=0 rev1=0 crypto rx=0 tx=0 comp rx=0 tx=0).connect
2023-12-17T12:02:13.937 INFO:teuthology.orchestra.run.smithi027.stdout:/usr/bin/ceph: stderr
2023-12-17T12:02:12.307+0000 7f53325d3700 1 -- --> [v2:172.21.15.27:3300/0,v1:172.21.15.27:6789/0] -- mon_getmap magic: 0 v1 -- 0x7f532c07b860 con 0x7f532c07ce30
2023-12-17T12:02:13.937 INFO:teuthology.orchestra.run.smithi027.stdout:/usr/bin/ceph: stderr
2023-12-17T12:02:12.307+0000 7f532bfff700 1 --2- >> [v2:172.21.15.27:3300/0,v1:172.21.15.27:6789/0] conn(0x7f532c07ce30 0x7f532c07b290 unknown :-1 s=BANNER_CONNECTING pgs=0 cs=0 l=0 rev1=0 crypto rx=0 tx=0 comp rx=0 tx=0)._handle_peer_banner_payload supported=3 required=0
2023-12-17T12:02:13.937 INFO:teuthology.orchestra.run.smithi027.stdout:/usr/bin/ceph: stderr
2023-12-17T12:02:12.307+0000 7f532bfff700 1 --2- >> [v2:172.21.15.27:3300/0,v1:172.21.15.27:6789/0] conn(0x7f532c07ce30 0x7f532c07b290 unknown :-1 s=HELLO_CONNECTING pgs=0 cs=0 l=0 rev1=1 crypto rx=0 tx=0 comp rx=0 tx=0).handle_hello peer v2:172.21.15.27:3300/0 says I am v2:172.21.15.27:43712/0 (socket says 172.21.15.27:43712)
2023-12-17T12:02:13.937 INFO:teuthology.orchestra.run.smithi027.stdout:/usr/bin/ceph: stderr
2023-12-17T12:02:12.307+0000 7f532bfff700 1 -- 172.21.15.27:0/667061510 learned_addr learned my addr 172.21.15.27:0/667061510 (peer_addr_for_me v2:172.21.15.27:0/0)
2023-12-17T12:02:13.937 INFO:teuthology.orchestra.run.smithi027.stdout:/usr/bin/ceph: stderr
2023-12-17T12:02:12.308+0000 7f532bfff700 1 -- 172.21.15.27:0/667061510 --> [v2:172.21.15.27:3300/0,v1:172.21.15.27:6789/0] -- mon_subscribe({config=0+,monmap=0+}) v3 -- 0x7f532c07b9a0 con 0x7f532c07ce30
2023-12-17T12:02:13.938 INFO:teuthology.orchestra.run.smithi027.stdout:/usr/bin/ceph: stderr
2023-12-17T12:02:12.308+0000 7f532bfff700 1 --2- 172.21.15.27:0/667061510 >> [v2:172.21.15.27:3300/0,v1:172.21.15.27:6789/0] conn(0x7f532c07ce30 0x7f532c07b290 secure :-1 s=READY pgs=57 cs=0 l=1 rev1=1 crypto rx=0x7f531c0098a0 tx=0x7f531c009bb0 comp rx=0 tx=0).ready entity=mon.0 client_cookie=dfc9b84be9a1a002 server_cookie=0 in_seq=0 out_seq=0
2023-12-17T12:02:13.938 INFO:teuthology.orchestra.run.smithi027.stdout:/usr/bin/ceph: stderr
2023-12-17T12:02:12.308+0000 7f532affd700 1 -- 172.21.15.27:0/667061510 <== mon.0 v2:172.21.15.27:3300/0 1 ==== mon_map magic: 0 v1 ==== 205+0+0 (secure 0 0 0) 0x7f531c004160 con 0x7f532c07ce30
2023-12-17T12:02:13.938 INFO:teuthology.orchestra.run.smithi027.stdout:/usr/bin/ceph: stderr
2023-12-17T12:02:12.308+0000 7f532affd700 1 -- 172.21.15.27:0/667061510 <== mon.0 v2:172.21.15.27:3300/0 2 ==== config(25 keys) v1 ==== 1067+0+0 (secure 0 0 0) 0x7f531c0042c0 con 0x7f532c07ce30
2023-12-17T12:02:13.938 INFO:teuthology.orchestra.run.smithi027.stdout:/usr/bin/ceph: stderr
2023-12-17T12:02:12.308+0000 7f532affd700 1 -- 172.21.15.27:0/667061510 <== mon.0 v2:172.21.15.27:3300/0 3 ==== mon_map magic: 0 v1 ==== 205+0+0 (secure 0 0 0) 0x7f531c0118e0 con 0x7f532c07ce30
2023-12-17T12:02:13.938 INFO:teuthology.orchestra.run.smithi027.stdout:/usr/bin/ceph: stderr
2023-12-17T12:02:12.309+0000 7f53325d3700 1 -- 172.21.15.27:0/667061510 >> [v2:172.21.15.27:3300/0,v1:172.21.15.27:6789/0] conn(0x7f532c07ce30 msgr2=0x7f532c07b290 secure :-1 s=STATE_CONNECTION_ESTABLISHED l=1).mark_down
2023-12-17T12:02:13.938 INFO:teuthology.orchestra.run.smithi027.stdout:/usr/bin/ceph: stderr
2023-12-17T12:02:12.309+0000 7f53325d3700 1 --2- 172.21.15.27:0/667061510 >> [v2:172.21.15.27:3300/0,v1:172.21.15.27:6789/0] conn(0x7f532c07ce30 0x7f532c07b290 secure :-1 s=READY pgs=57 cs=0 l=1 rev1=1 crypto rx=0x7f531c0098a0 tx=0x7f531c009bb0 comp rx=0 tx=0).stop
2023-12-17T12:02:13.938 INFO:teuthology.orchestra.run.smithi027.stdout:/usr/bin/ceph: stderr
2023-12-17T12:02:12.309+0000 7f53325d3700 1 -- 172.21.15.27:0/667061510 shutdown_connections
2023-12-17T12:02:13.939 INFO:teuthology.orchestra.run.smithi027.stdout:/usr/bin/ceph: stderr
2023-12-17T12:02:12.309+0000 7f53325d3700 1 --2- 172.21.15.27:0/667061510 >> [v2:172.21.15.27:3300/0,v1:172.21.15.27:6789/0] conn(0x7f532c07ce30 0x7f532c07b290 unknown :-1 s=CLOSED pgs=57 cs=0 l=1 rev1=1 crypto rx=0 tx=0 comp rx=0 tx=0).stop
2023-12-17T12:02:13.939 INFO:teuthology.orchestra.run.smithi027.stdout:/usr/bin/ceph: stderr
2023-12-17T12:02:12.309+0000 7f53325d3700 1 -- 172.21.15.27:0/667061510 >> 172.21.15.27:0/667061510 conn(0x7f532c102170 msgr2=0x7f532c104590 unknown :-1 s=STATE_NONE l=0).mark_down
2023-12-17T12:02:13.939 INFO:teuthology.orchestra.run.smithi027.stdout:/usr/bin/ceph: stderr
2023-12-17T12:02:12.309+0000 7f53325d3700 1 -- 172.21.15.27:0/667061510 shutdown_connections
2023-12-17T12:02:13.939 INFO:teuthology.orchestra.run.smithi027.stdout:/usr/bin/ceph: stderr
2023-12-17T12:02:12.309+0000 7f53325d3700 1 -- 172.21.15.27:0/667061510 wait complete.
2023-12-17T12:02:13.939 INFO:teuthology.orchestra.run.smithi027.stdout:/usr/bin/ceph: stderr
2023-12-17T12:02:12.311+0000 7f53325d3700 1 Processor -- start
2023-12-17T12:02:13.939 INFO:teuthology.orchestra.run.smithi027.stdout:/usr/bin/ceph: stderr
2023-12-17T12:02:12.311+0000 7f53325d3700 1 -- start start
2023-12-17T12:02:13.939 INFO:teuthology.orchestra.run.smithi027.stdout:/usr/bin/ceph: stderr
2023-12-17T12:02:12.311+0000 7f53325d3700 1 --2- >> [v2:172.21.15.27:3300/0,v1:172.21.15.27:6789/0] conn(0x7f532c07ce30 0x7f532c19ca30 unknown :-1 s=NONE pgs=0 cs=0 l=1 rev1=0 crypto rx=0 tx=0 comp rx=0 tx=0).connect
2023-12-17T12:02:13.939 INFO:teuthology.orchestra.run.smithi027.stdout:/usr/bin/ceph: stderr
2023-12-17T12:02:12.311+0000 7f53325d3700 1 -- --> [v2:172.21.15.27:3300/0,v1:172.21.15.27:6789/0] -- mon_getmap magic: 0 v1 -- 0x7f532c19cf70 con 0x7f532c07ce30
2023-12-17T12:02:13.939 INFO:teuthology.orchestra.run.smithi027.stdout:/usr/bin/ceph: stderr
2023-12-17T12:02:12.311+0000 7f532bfff700 1 --2- >> [v2:172.21.15.27:3300/0,v1:172.21.15.27:6789/0] conn(0x7f532c07ce30 0x7f532c19ca30 unknown :-1 s=BANNER_CONNECTING pgs=0 cs=0 l=1 rev1=0 crypto rx=0 tx=0 comp rx=0 tx=0)._handle_peer_banner_payload supported=3 required=0
2023-12-17T12:02:13.939 INFO:teuthology.orchestra.run.smithi027.stdout:/usr/bin/ceph: stderr
2023-12-17T12:02:12.311+0000 7f532bfff700 1 --2- >> [v2:172.21.15.27:3300/0,v1:172.21.15.27:6789/0] conn(0x7f532c07ce30 0x7f532c19ca30 unknown :-1 s=HELLO_CONNECTING pgs=0 cs=0 l=1 rev1=1 crypto rx=0 tx=0 comp rx=0 tx=0).handle_hello peer v2:172.21.15.27:3300/0 says I am v2:172.21.15.27:43722/0 (socket says 172.21.15.27:43722)
2023-12-17T12:02:13.939 INFO:teuthology.orchestra.run.smithi027.stdout:/usr/bin/ceph: stderr
2023-12-17T12:02:12.311+0000 7f532bfff700 1 -- 172.21.15.27:0/3503409462 learned_addr learned my addr 172.21.15.27:0/3503409462 (peer_addr_for_me v2:172.21.15.27:0/0)
2023-12-17T12:02:13.939 INFO:teuthology.orchestra.run.smithi027.stdout:/usr/bin/ceph: stderr
2023-12-17T12:02:12.312+0000 7f532bfff700 1 -- 172.21.15.27:0/3503409462 --> [v2:172.21.15.27:3300/0,v1:172.21.15.27:6789/0] -- mon_subscribe({config=0+,monmap=0+}) v3 -- 0x7f531c009550 con 0x7f532c07ce30
2023-12-17T12:02:13.940 INFO:teuthology.orchestra.run.smithi027.stdout:/usr/bin/ceph: stderr
2023-12-17T12:02:12.312+0000 7f532bfff700 1 --2- 172.21.15.27:0/3503409462 >> [v2:172.21.15.27:3300/0,v1:172.21.15.27:6789/0] conn(0x7f532c07ce30 0x7f532c19ca30 secure :-1 s=READY pgs=58 cs=0 l=1 rev1=1 crypto rx=0x7f531c003f70 tx=0x7f531c0119a0 comp rx=0 tx=0).ready entity=mon.0 client_cookie=0 server_cookie=0 in_seq=0 out_seq=0
2023-12-17T12:02:13.940 INFO:teuthology.orchestra.run.smithi027.stdout:/usr/bin/ceph: stderr
2023-12-17T12:02:12.312+0000 7f53297fa700 1 -- 172.21.15.27:0/3503409462 <== mon.0 v2:172.21.15.27:3300/0 1 ==== mon_map magic: 0 v1 ==== 205+0+0 (secure 0 0 0) 0x7f531c0036a0 con 0x7f532c07ce30
2023-12-17T12:02:13.940 INFO:teuthology.orchestra.run.smithi027.stdout:/usr/bin/ceph: stderr
2023-12-17T12:02:12.313+0000 7f53297fa700 1 -- 172.21.15.27:0/3503409462 <== mon.0 v2:172.21.15.27:3300/0 2 ==== config(25 keys) v1 ==== 1067+0+0 (secure 0 0 0) 0x7f531c01b440 con 0x7f532c07ce30
2023-12-17T12:02:13.940 INFO:teuthology.orchestra.run.smithi027.stdout:/usr/bin/ceph: stderr
2023-12-17T12:02:12.313+0000 7f53325d3700 1 -- 172.21.15.27:0/3503409462 --> [v2:172.21.15.27:3300/0,v1:172.21.15.27:6789/0] -- mon_subscribe({mgrmap=0+}) v3 -- 0x7f532c19d170 con 0x7f532c07ce30
2023-12-17T12:02:13.940 INFO:teuthology.orchestra.run.smithi027.stdout:/usr/bin/ceph: stderr
2023-12-17T12:02:12.313+0000 7f53297fa700 1 -- 172.21.15.27:0/3503409462 <== mon.0 v2:172.21.15.27:3300/0 3 ==== mon_map magic: 0 v1 ==== 205+0+0 (secure 0 0 0) 0x7f531c023400 con 0x7f532c07ce30
2023-12-17T12:02:13.940 INFO:teuthology.orchestra.run.smithi027.stdout:/usr/bin/ceph: stderr
2023-12-17T12:02:12.313+0000 7f53325d3700 1 -- 172.21.15.27:0/3503409462 --> [v2:172.21.15.27:3300/0,v1:172.21.15.27:6789/0] -- mon_subscribe({osdmap=0}) v3 -- 0x7f532c19d610 con 0x7f532c07ce30
2023-12-17T12:02:13.940 INFO:teuthology.orchestra.run.smithi027.stdout:/usr/bin/ceph: stderr
2023-12-17T12:02:12.314+0000 7f53297fa700 1 -- 172.21.15.27:0/3503409462 <== mon.0 v2:172.21.15.27:3300/0 4 ==== mgrmap(e 8) v1 ==== 45580+0+0 (secure 0 0 0) 0x7f531c023630 con 0x7f532c07ce30
2023-12-17T12:02:13.940 INFO:teuthology.orchestra.run.smithi027.stdout:/usr/bin/ceph: stderr
2023-12-17T12:02:12.314+0000 7f53325d3700 1 -- 172.21.15.27:0/3503409462 --> [v2:172.21.15.27:3300/0,v1:172.21.15.27:6789/0] -- mon_command({"prefix": "get_command_descriptions"} v 0) v1 -- 0x7f5318005320 con 0x7f532c07ce30
2023-12-17T12:02:13.940 INFO:teuthology.orchestra.run.smithi027.stdout:/usr/bin/ceph: stderr
2023-12-17T12:02:12.315+0000 7f53297fa700 1 --2- 172.21.15.27:0/3503409462 >> [v2:172.21.15.27:6800/674094332,v1:172.21.15.27:6801/674094332] conn(0x7f5314038870 0x7f531403ad30 unknown :-1 s=NONE pgs=0 cs=0 l=1 rev1=0 crypto rx=0 tx=0 comp rx=0 tx=0).connect
2023-12-17T12:02:13.940 INFO:teuthology.orchestra.run.smithi027.stdout:/usr/bin/ceph: stderr
2023-12-17T12:02:12.315+0000 7f53297fa700 1 -- 172.21.15.27:0/3503409462 <== mon.0 v2:172.21.15.27:3300/0 5 ==== osd_map(2..2 src has 1..2) v4 ==== 940+0+0 (secure 0 0 0) 0x7f531c04c760 con 0x7f532c07ce30
2023-12-17T12:02:13.940 INFO:teuthology.orchestra.run.smithi027.stdout:/usr/bin/ceph: stderr
2023-12-17T12:02:12.315+0000 7f532b7fe700 1 --2- 172.21.15.27:0/3503409462 >> [v2:172.21.15.27:6800/674094332,v1:172.21.15.27:6801/674094332] conn(0x7f5314038870 0x7f531403ad30 unknown :-1 s=BANNER_CONNECTING pgs=0 cs=0 l=1 rev1=0 crypto rx=0 tx=0 comp rx=0 tx=0)._handle_peer_banner_payload supported=3 required=0
2023-12-17T12:02:13.940 INFO:teuthology.orchestra.run.smithi027.stdout:/usr/bin/ceph: stderr
2023-12-17T12:02:12.316+0000 7f532b7fe700 1 --2- 172.21.15.27:0/3503409462 >> [v2:172.21.15.27:6800/674094332,v1:172.21.15.27:6801/674094332] conn(0x7f5314038870 0x7f531403ad30 secure :-1 s=READY pgs=16 cs=0 l=1 rev1=1 crypto rx=0x7f5320006fd0 tx=0x7f5320006e40 comp rx=0 tx=0).ready entity=mgr.14122 client_cookie=0 server_cookie=0 in_seq=0 out_seq=0
2023-12-17T12:02:13.940 INFO:teuthology.orchestra.run.smithi027.stdout:/usr/bin/ceph: stderr
2023-12-17T12:02:12.320+0000 7f53297fa700 1 -- 172.21.15.27:0/3503409462 <== mon.0 v2:172.21.15.27:3300/0 6 ==== mon_command_ack([{"prefix": "get_command_descriptions"}]=0 v0) v1 ==== 72+0+180949 (secure 0 0 0) 0x7f531c018350 con 0x7f532c07ce30
2023-12-17T12:02:13.940 INFO:teuthology.orchestra.run.smithi027.stdout:/usr/bin/ceph: stderr
2023-12-17T12:02:12.609+0000 7f53325d3700 1 -- 172.21.15.27:0/3503409462 --> [v2:172.21.15.27:3300/0,v1:172.21.15.27:6789/0] -- mon_command({"prefix": "mgr module enable", "module": "dashboard"} v 0) v1 -- 0x7f5318005190 con 0x7f532c07ce30
2023-12-17T12:02:13.941 INFO:teuthology.orchestra.run.smithi027.stdout:/usr/bin/ceph: stderr
2023-12-17T12:02:13.525+0000 7f53297fa700 1 -- 172.21.15.27:0/3503409462 <== mon.0 v2:172.21.15.27:3300/0 7 ==== mon_command_ack([{"prefix": "mgr module enable", "module": "dashboard"}]=0 v9) v1 ==== 88+0+0 (secure 0 0 0) 0x7f531c02bb40 con 0x7f532c07ce30
2023-12-17T12:02:13.941 INFO:teuthology.orchestra.run.smithi027.stdout:/usr/bin/ceph: stderr
2023-12-17T12:02:13.527+0000 7f53297fa700 1 -- 172.21.15.27:0/3503409462 <== mon.0 v2:172.21.15.27:3300/0 8 ==== mgrmap(e 9) v1 ==== 45593+0+0 (secure 0 0 0) 0x7f531c01b5b0 con 0x7f532c07ce30
2023-12-17T12:02:13.941 INFO:teuthology.orchestra.run.smithi027.stdout:/usr/bin/ceph: stderr
2023-12-17T12:02:13.529+0000 7f53325d3700 1 -- 172.21.15.27:0/3503409462 >> [v2:172.21.15.27:6800/674094332,v1:172.21.15.27:6801/674094332] conn(0x7f5314038870 msgr2=0x7f531403ad30 secure :-1 s=STATE_CONNECTION_ESTABLISHED l=1).mark_down
2023-12-17T12:02:13.941 INFO:teuthology.orchestra.run.smithi027.stdout:/usr/bin/ceph: stderr
2023-12-17T12:02:13.529+0000 7f53325d3700 1 --2- 172.21.15.27:0/3503409462 >> [v2:172.21.15.27:6800/674094332,v1:172.21.15.27:6801/674094332] conn(0x7f5314038870 0x7f531403ad30 secure :-1 s=READY pgs=16 cs=0 l=1 rev1=1 crypto rx=0x7f5320006fd0 tx=0x7f5320006e40 comp rx=0 tx=0).stop
2023-12-17T12:02:13.941 INFO:teuthology.orchestra.run.smithi027.stdout:/usr/bin/ceph: stderr
2023-12-17T12:02:13.529+0000 7f53325d3700 1 -- 172.21.15.27:0/3503409462 >> [v2:172.21.15.27:3300/0,v1:172.21.15.27:6789/0] conn(0x7f532c07ce30 msgr2=0x7f532c19ca30 secure :-1 s=STATE_CONNECTION_ESTABLISHED l=1).mark_down
2023-12-17T12:02:13.941 INFO:teuthology.orchestra.run.smithi027.stdout:/usr/bin/ceph: stderr
2023-12-17T12:02:13.529+0000 7f53325d3700 1 --2- 172.21.15.27:0/3503409462 >> [v2:172.21.15.27:3300/0,v1:172.21.15.27:6789/0] conn(0x7f532c07ce30 0x7f532c19ca30 secure :-1 s=READY pgs=58 cs=0 l=1 rev1=1 crypto rx=0x7f531c003f70 tx=0x7f531c0119a0 comp rx=0 tx=0).stop
2023-12-17T12:02:13.941 INFO:teuthology.orchestra.run.smithi027.stdout:/usr/bin/ceph: stderr
2023-12-17T12:02:13.530+0000 7f53325d3700 1 -- 172.21.15.27:0/3503409462 shutdown_connections
2023-12-17T12:02:13.941 INFO:teuthology.orchestra.run.smithi027.stdout:/usr/bin/ceph: stderr
2023-12-17T12:02:13.530+0000 7f53325d3700 1 --2- 172.21.15.27:0/3503409462 >> [v2:172.21.15.27:6800/674094332,v1:172.21.15.27:6801/674094332] conn(0x7f5314038870 0x7f531403ad30 unknown :-1 s=CLOSED pgs=16 cs=0 l=1 rev1=1 crypto rx=0 tx=0 comp rx=0 tx=0).stop
2023-12-17T12:02:13.941 INFO:teuthology.orchestra.run.smithi027.stdout:/usr/bin/ceph: stderr
2023-12-17T12:02:13.530+0000 7f53325d3700 1 --2- 172.21.15.27:0/3503409462 >> [v2:172.21.15.27:3300/0,v1:172.21.15.27:6789/0] conn(0x7f532c07ce30 0x7f532c19ca30 unknown :-1 s=CLOSED pgs=58 cs=0 l=1 rev1=1 crypto rx=0 tx=0 comp rx=0 tx=0).stop
2023-12-17T12:02:13.941 INFO:teuthology.orchestra.run.smithi027.stdout:/usr/bin/ceph: stderr
2023-12-17T12:02:13.530+0000 7f53325d3700 1 -- 172.21.15.27:0/3503409462 >> 172.21.15.27:0/3503409462 conn(0x7f532c102170 msgr2=0x7f532c102ca0 unknown :-1 s=STATE_NONE l=0).mark_down
2023-12-17T12:02:13.941 INFO:teuthology.orchestra.run.smithi027.stdout:/usr/bin/ceph: stderr
2023-12-17T12:02:13.531+0000 7f53325d3700 1 -- 172.21.15.27:0/3503409462 shutdown_connections
2023-12-17T12:02:13.941 INFO:teuthology.orchestra.run.smithi027.stdout:/usr/bin/ceph: stderr
2023-12-17T12:02:13.531+0000 7f53325d3700 1 -- 172.21.15.27:0/3503409462 wait complete.
2023-12-17T12:02:14.379 INFO:journalctl@ceph.mgr.x.smithi027.stdout:Dec 17 12:02:14 smithi027 ceph-62030760-9cd3-11ee-95a5-87774f69a715-mgr-x[37122]:
2023-12-17T12:02:14.247+0000 7fcf1e3a6200 -1 mgr[py] Module prometheus has missing NOTIFY_TYPES member
2023-12-17T12:02:14.379 INFO:journalctl@ceph.mgr.x.smithi027.stdout:Dec 17 12:02:14 smithi027 ceph-62030760-9cd3-11ee-95a5-87774f69a715-mgr-x[37122]:
2023-12-17T12:02:14.377+0000 7fcf1e3a6200 -1 mgr[py] Module alerts has missing NOTIFY_TYPES member
2023-12-17T12:02:14.663 INFO:journalctl@ceph.mon.a.smithi027.stdout:Dec 17 12:02:14 smithi027 ceph-mon[36871]: from='client.? 172.21.15.27:0/3503409462' entity='client.admin' cmd='[{"prefix": "mgr module enable", "module": "dashboard"}]': finished
2023-12-17T12:02:14.663 INFO:journalctl@ceph.mon.a.smithi027.stdout:Dec 17 12:02:14 smithi027 ceph-mon[36871]: mgrmap e9: x(active, since 18s)
2023-12-17T12:02:14.663 INFO:journalctl@ceph.mgr.x.smithi027.stdout:Dec 17 12:02:14 smithi027 ceph-62030760-9cd3-11ee-95a5-87774f69a715-mgr-x[37122]:
2023-12-17T12:02:14.506+0000 7fcf1e3a6200 -1 mgr[py] Module osd_perf_query has missing NOTIFY_TYPES member
2023-12-17T12:02:14.663 INFO:journalctl@ceph.mgr.x.smithi027.stdout:Dec 17 12:02:14 smithi027 ceph-62030760-9cd3-11ee-95a5-87774f69a715-mgr-x[37122]:
2023-12-17T12:02:14.625+0000 7fcf1e3a6200 -1 mgr[py] Module progress has missing NOTIFY_TYPES member
2023-12-17T12:02:14.994 INFO:teuthology.orchestra.run.smithi027.stdout:/usr/bin/ceph: stdout {
2023-12-17T12:02:14.994 INFO:teuthology.orchestra.run.smithi027.stdout:/usr/bin/ceph: stdout "epoch": 9,
2023-12-17T12:02:14.994 INFO:teuthology.orchestra.run.smithi027.stdout:/usr/bin/ceph: stdout "available": true,
2023-12-17T12:02:14.994 INFO:teuthology.orchestra.run.smithi027.stdout:/usr/bin/ceph: stdout "active_name": "x",
2023-12-17T12:02:14.994 INFO:teuthology.orchestra.run.smithi027.stdout:/usr/bin/ceph: stdout "num_standby": 0
2023-12-17T12:02:14.994 INFO:teuthology.orchestra.run.smithi027.stdout:/usr/bin/ceph: stdout }
2023-12-17T12:02:14.994 INFO:teuthology.orchestra.run.smithi027.stdout:/usr/bin/ceph: stderr
2023-12-17T12:02:14.391+0000 7f5c202fb700 1 Processor -- start
2023-12-17T12:02:14.994 INFO:teuthology.orchestra.run.smithi027.stdout:/usr/bin/ceph: stderr
2023-12-17T12:02:14.391+0000 7f5c202fb700 1 -- start start
2023-12-17T12:02:14.995 INFO:teuthology.orchestra.run.smithi027.stdout:/usr/bin/ceph: stderr
2023-12-17T12:02:14.391+0000 7f5c202fb700 1 --2- >> [v2:172.21.15.27:3300/0,v1:172.21.15.27:6789/0] conn(0x7f5c1807ce50 0x7f5c1807b2b0 unknown :-1 s=NONE pgs=0 cs=0 l=0 rev1=0 crypto rx=0 tx=0 comp rx=0 tx=0).connect
2023-12-17T12:02:14.995 INFO:teuthology.orchestra.run.smithi027.stdout:/usr/bin/ceph: stderr
2023-12-17T12:02:14.391+0000 7f5c202fb700 1 -- --> [v2:172.21.15.27:3300/0,v1:172.21.15.27:6789/0] -- mon_getmap magic: 0 v1 -- 0x7f5c1807b880 con 0x7f5c1807ce50
2023-12-17T12:02:14.995 INFO:teuthology.orchestra.run.smithi027.stdout:/usr/bin/ceph: stderr
2023-12-17T12:02:14.392+0000 7f5c1e097700 1 --2- >> [v2:172.21.15.27:3300/0,v1:172.21.15.27:6789/0] conn(0x7f5c1807ce50 0x7f5c1807b2b0 unknown :-1 s=BANNER_CONNECTING pgs=0 cs=0 l=0 rev1=0 crypto rx=0 tx=0 comp rx=0 tx=0)._handle_peer_banner_payload supported=3 required=0
2023-12-17T12:02:14.995 INFO:teuthology.orchestra.run.smithi027.stdout:/usr/bin/ceph: stderr
2023-12-17T12:02:14.392+0000 7f5c1e097700 1 --2- >> [v2:172.21.15.27:3300/0,v1:172.21.15.27:6789/0] conn(0x7f5c1807ce50 0x7f5c1807b2b0 unknown :-1 s=HELLO_CONNECTING pgs=0 cs=0 l=0 rev1=1 crypto rx=0 tx=0 comp rx=0 tx=0).handle_hello peer v2:172.21.15.27:3300/0 says I am v2:172.21.15.27:43750/0 (socket says 172.21.15.27:43750)
2023-12-17T12:02:14.995 INFO:teuthology.orchestra.run.smithi027.stdout:/usr/bin/ceph: stderr
2023-12-17T12:02:14.392+0000 7f5c1e097700 1 -- 172.21.15.27:0/1945875647 learned_addr learned my addr 172.21.15.27:0/1945875647 (peer_addr_for_me v2:172.21.15.27:0/0)
2023-12-17T12:02:14.995 INFO:teuthology.orchestra.run.smithi027.stdout:/usr/bin/ceph: stderr
2023-12-17T12:02:14.392+0000 7f5c1e097700 1 -- 172.21.15.27:0/1945875647 --> [v2:172.21.15.27:3300/0,v1:172.21.15.27:6789/0] -- mon_subscribe({config=0+,monmap=0+}) v3 -- 0x7f5c1807b9c0 con 0x7f5c1807ce50
2023-12-17T12:02:14.995 INFO:teuthology.orchestra.run.smithi027.stdout:/usr/bin/ceph: stderr
2023-12-17T12:02:14.392+0000 7f5c1e097700 1 --2- 172.21.15.27:0/1945875647 >> [v2:172.21.15.27:3300/0,v1:172.21.15.27:6789/0] conn(0x7f5c1807ce50 0x7f5c1807b2b0 secure :-1 s=READY pgs=61 cs=0 l=1 rev1=1 crypto rx=0x7f5c140098a0 tx=0x7f5c14009bb0 comp rx=0 tx=0).ready entity=mon.0 client_cookie=bc791ac173b58ef3 server_cookie=0 in_seq=0 out_seq=0
2023-12-17T12:02:14.995 INFO:teuthology.orchestra.run.smithi027.stdout:/usr/bin/ceph: stderr
2023-12-17T12:02:14.393+0000 7f5c1d095700 1 -- 172.21.15.27:0/1945875647 <== mon.0 v2:172.21.15.27:3300/0 1 ==== mon_map magic: 0 v1 ==== 205+0+0 (secure 0 0 0) 0x7f5c14004160 con 0x7f5c1807ce50
2023-12-17T12:02:14.995 INFO:teuthology.orchestra.run.smithi027.stdout:/usr/bin/ceph: stderr
2023-12-17T12:02:14.393+0000 7f5c1d095700 1 -- 172.21.15.27:0/1945875647 <== mon.0 v2:172.21.15.27:3300/0 2 ==== config(25 keys) v1 ==== 1067+0+0 (secure 0 0 0) 0x7f5c140042c0 con 0x7f5c1807ce50
2023-12-17T12:02:14.995 INFO:teuthology.orchestra.run.smithi027.stdout:/usr/bin/ceph: stderr
2023-12-17T12:02:14.393+0000 7f5c1d095700 1 -- 172.21.15.27:0/1945875647 <== mon.0 v2:172.21.15.27:3300/0 3 ==== mon_map magic: 0 v1 ==== 205+0+0 (secure 0 0 0) 0x7f5c140118e0 con 0x7f5c1807ce50
2023-12-17T12:02:14.995 INFO:teuthology.orchestra.run.smithi027.stdout:/usr/bin/ceph: stderr
2023-12-17T12:02:14.393+0000 7f5c202fb700 1 -- 172.21.15.27:0/1945875647 >> [v2:172.21.15.27:3300/0,v1:172.21.15.27:6789/0] conn(0x7f5c1807ce50 msgr2=0x7f5c1807b2b0 secure :-1 s=STATE_CONNECTION_ESTABLISHED l=1).mark_down
2023-12-17T12:02:14.995 INFO:teuthology.orchestra.run.smithi027.stdout:/usr/bin/ceph: stderr
2023-12-17T12:02:14.393+0000 7f5c202fb700 1 --2- 172.21.15.27:0/1945875647 >> [v2:172.21.15.27:3300/0,v1:172.21.15.27:6789/0] conn(0x7f5c1807ce50 0x7f5c1807b2b0 secure :-1 s=READY pgs=61 cs=0 l=1 rev1=1 crypto rx=0x7f5c140098a0 tx=0x7f5c14009bb0 comp rx=0 tx=0).stop
2023-12-17T12:02:14.995 INFO:teuthology.orchestra.run.smithi027.stdout:/usr/bin/ceph: stderr
2023-12-17T12:02:14.394+0000 7f5c202fb700 1 -- 172.21.15.27:0/1945875647 shutdown_connections
2023-12-17T12:02:14.995 INFO:teuthology.orchestra.run.smithi027.stdout:/usr/bin/ceph: stderr
2023-12-17T12:02:14.394+0000 7f5c202fb700 1 --2- 172.21.15.27:0/1945875647 >> [v2:172.21.15.27:3300/0,v1:172.21.15.27:6789/0] conn(0x7f5c1807ce50 0x7f5c1807b2b0 unknown :-1 s=CLOSED pgs=61 cs=0 l=1 rev1=1 crypto rx=0 tx=0 comp rx=0 tx=0).stop
2023-12-17T12:02:14.995 INFO:teuthology.orchestra.run.smithi027.stdout:/usr/bin/ceph: stderr
2023-12-17T12:02:14.394+0000 7f5c202fb700 1 -- 172.21.15.27:0/1945875647 >> 172.21.15.27:0/1945875647 conn(0x7f5c18102190 msgr2=0x7f5c181045b0 unknown :-1 s=STATE_NONE l=0).mark_down
2023-12-17T12:02:14.996 INFO:teuthology.orchestra.run.smithi027.stdout:/usr/bin/ceph: stderr
2023-12-17T12:02:14.394+0000 7f5c202fb700 1 -- 172.21.15.27:0/1945875647 shutdown_connections
2023-12-17T12:02:14.996 INFO:teuthology.orchestra.run.smithi027.stdout:/usr/bin/ceph: stderr
2023-12-17T12:02:14.394+0000 7f5c202fb700 1 -- 172.21.15.27:0/1945875647 wait complete.
2023-12-17T12:02:14.996 INFO:teuthology.orchestra.run.smithi027.stdout:/usr/bin/ceph: stderr
2023-12-17T12:02:14.395+0000 7f5c202fb700 1 Processor -- start
2023-12-17T12:02:14.996 INFO:teuthology.orchestra.run.smithi027.stdout:/usr/bin/ceph: stderr
2023-12-17T12:02:14.395+0000 7f5c202fb700 1 -- start start
2023-12-17T12:02:14.996 INFO:teuthology.orchestra.run.smithi027.stdout:/usr/bin/ceph: stderr
2023-12-17T12:02:14.395+0000 7f5c202fb700 1 --2- >> [v2:172.21.15.27:3300/0,v1:172.21.15.27:6789/0] conn(0x7f5c1807ce50 0x7f5c1819ca40 unknown :-1 s=NONE pgs=0 cs=0 l=1 rev1=0 crypto rx=0 tx=0 comp rx=0 tx=0).connect
2023-12-17T12:02:14.996 INFO:teuthology.orchestra.run.smithi027.stdout:/usr/bin/ceph: stderr
2023-12-17T12:02:14.395+0000 7f5c202fb700 1 -- --> [v2:172.21.15.27:3300/0,v1:172.21.15.27:6789/0] -- mon_getmap magic: 0 v1 -- 0x7f5c1819cf80 con 0x7f5c1807ce50
2023-12-17T12:02:14.996 INFO:teuthology.orchestra.run.smithi027.stdout:/usr/bin/ceph: stderr
2023-12-17T12:02:14.396+0000 7f5c1e097700 1 --2- >> [v2:172.21.15.27:3300/0,v1:172.21.15.27:6789/0] conn(0x7f5c1807ce50 0x7f5c1819ca40 unknown :-1 s=BANNER_CONNECTING pgs=0 cs=0 l=1 rev1=0 crypto rx=0 tx=0 comp rx=0 tx=0)._handle_peer_banner_payload supported=3 required=0
2023-12-17T12:02:14.996 INFO:teuthology.orchestra.run.smithi027.stdout:/usr/bin/ceph: stderr
2023-12-17T12:02:14.396+0000 7f5c1e097700 1 --2- >> [v2:172.21.15.27:3300/0,v1:172.21.15.27:6789/0] conn(0x7f5c1807ce50 0x7f5c1819ca40 unknown :-1 s=HELLO_CONNECTING pgs=0 cs=0 l=1 rev1=1 crypto rx=0 tx=0 comp rx=0 tx=0).handle_hello peer v2:172.21.15.27:3300/0 says I am v2:172.21.15.27:43760/0 (socket says 172.21.15.27:43760)
2023-12-17T12:02:14.996 INFO:teuthology.orchestra.run.smithi027.stdout:/usr/bin/ceph: stderr
2023-12-17T12:02:14.396+0000 7f5c1e097700 1 -- 172.21.15.27:0/1340951564 learned_addr learned my addr 172.21.15.27:0/1340951564 (peer_addr_for_me v2:172.21.15.27:0/0)
2023-12-17T12:02:14.996 INFO:teuthology.orchestra.run.smithi027.stdout:/usr/bin/ceph: stderr
2023-12-17T12:02:14.396+0000 7f5c1e097700 1 -- 172.21.15.27:0/1340951564 --> [v2:172.21.15.27:3300/0,v1:172.21.15.27:6789/0] -- mon_subscribe({config=0+,monmap=0+}) v3 -- 0x7f5c14009550 con 0x7f5c1807ce50
2023-12-17T12:02:14.996 INFO:teuthology.orchestra.run.smithi027.stdout:/usr/bin/ceph: stderr
2023-12-17T12:02:14.396+0000 7f5c1e097700 1 --2- 172.21.15.27:0/1340951564 >> [v2:172.21.15.27:3300/0,v1:172.21.15.27:6789/0] conn(0x7f5c1807ce50 0x7f5c1819ca40 secure :-1 s=READY pgs=62 cs=0 l=1 rev1=1 crypto rx=0x7f5c14003f70 tx=0x7f5c140119a0 comp rx=0 tx=0).ready entity=mon.0 client_cookie=0 server_cookie=0 in_seq=0 out_seq=0
2023-12-17T12:02:14.996 INFO:teuthology.orchestra.run.smithi027.stdout:/usr/bin/ceph: stderr
2023-12-17T12:02:14.397+0000 7f5c0f7fe700 1 -- 172.21.15.27:0/1340951564 <== mon.0 v2:172.21.15.27:3300/0 1 ==== mon_map magic: 0 v1 ==== 205+0+0 (secure 0 0 0) 0x7f5c140036a0 con 0x7f5c1807ce50
2023-12-17T12:02:14.996 INFO:teuthology.orchestra.run.smithi027.stdout:/usr/bin/ceph: stderr
2023-12-17T12:02:14.397+0000 7f5c0f7fe700 1 -- 172.21.15.27:0/1340951564 <== mon.0 v2:172.21.15.27:3300/0 2 ==== config(25 keys) v1 ==== 1067+0+0 (secure 0 0 0) 0x7f5c1401b440 con 0x7f5c1807ce50
2023-12-17T12:02:14.996 INFO:teuthology.orchestra.run.smithi027.stdout:/usr/bin/ceph: stderr
2023-12-17T12:02:14.397+0000 7f5c0f7fe700 1 -- 172.21.15.27:0/1340951564 <== mon.0 v2:172.21.15.27:3300/0 3 ==== mon_map magic: 0 v1 ==== 205+0+0 (secure 0 0 0) 0x7f5c14023400 con 0x7f5c1807ce50
2023-12-17T12:02:14.996 INFO:teuthology.orchestra.run.smithi027.stdout:/usr/bin/ceph: stderr
2023-12-17T12:02:14.397+0000 7f5c202fb700 1 -- 172.21.15.27:0/1340951564 --> [v2:172.21.15.27:3300/0,v1:172.21.15.27:6789/0] -- mon_subscribe({mgrmap=0+}) v3 -- 0x7f5c1819d180 con 0x7f5c1807ce50
2023-12-17T12:02:14.997 INFO:teuthology.orchestra.run.smithi027.stdout:/usr/bin/ceph: stderr
2023-12-17T12:02:14.397+0000 7f5c202fb700 1 -- 172.21.15.27:0/1340951564 --> [v2:172.21.15.27:3300/0,v1:172.21.15.27:6789/0] -- mon_subscribe({osdmap=0}) v3 -- 0x7f5c1819d620 con 0x7f5c1807ce50
2023-12-17T12:02:14.997 INFO:teuthology.orchestra.run.smithi027.stdout:/usr/bin/ceph: stderr
2023-12-17T12:02:14.398+0000 7f5c0f7fe700 1 -- 172.21.15.27:0/1340951564 <== mon.0 v2:172.21.15.27:3300/0 4 ==== mgrmap(e 9) v1 ==== 45593+0+0 (secure 0 0 0) 0x7f5c1401b5b0 con 0x7f5c1807ce50
2023-12-17T12:02:14.997 INFO:teuthology.orchestra.run.smithi027.stdout:/usr/bin/ceph: stderr
2023-12-17T12:02:14.398+0000 7f5c202fb700 1 -- 172.21.15.27:0/1340951564 --> [v2:172.21.15.27:3300/0,v1:172.21.15.27:6789/0] -- mon_command({"prefix": "get_command_descriptions"} v 0) v1 -- 0x7f5c1810cf30 con 0x7f5c1807ce50
2023-12-17T12:02:14.997 INFO:teuthology.orchestra.run.smithi027.stdout:/usr/bin/ceph: stderr
2023-12-17T12:02:14.399+0000 7f5c0f7fe700 1 --2- 172.21.15.27:0/1340951564 >> [v2:172.21.15.27:6800/674094332,v1:172.21.15.27:6801/674094332] conn(0x7f5c040388c0 0x7f5c0403ad80 unknown :-1 s=NONE pgs=0 cs=0 l=1 rev1=0 crypto rx=0 tx=0 comp rx=0 tx=0).connect
2023-12-17T12:02:14.997 INFO:teuthology.orchestra.run.smithi027.stdout:/usr/bin/ceph: stderr
2023-12-17T12:02:14.399+0000 7f5c0f7fe700 1 -- 172.21.15.27:0/1340951564 <== mon.0 v2:172.21.15.27:3300/0 5 ==== osd_map(2..2 src has 1..2) v4 ==== 940+0+0 (secure 0 0 0) 0x7f5c1404c840 con 0x7f5c1807ce50
2023-12-17T12:02:14.997 INFO:teuthology.orchestra.run.smithi027.stdout:/usr/bin/ceph: stderr
2023-12-17T12:02:14.399+0000 7f5c1d896700 1 -- 172.21.15.27:0/1340951564 >> [v2:172.21.15.27:6800/674094332,v1:172.21.15.27:6801/674094332] conn(0x7f5c040388c0 msgr2=0x7f5c0403ad80 unknown :-1 s=STATE_CONNECTING_RE l=1).process reconnect failed to v2:172.21.15.27:6800/674094332
2023-12-17T12:02:14.997 INFO:teuthology.orchestra.run.smithi027.stdout:/usr/bin/ceph: stderr
2023-12-17T12:02:14.399+0000 7f5c1d896700 1 --2- 172.21.15.27:0/1340951564 >> [v2:172.21.15.27:6800/674094332,v1:172.21.15.27:6801/674094332] conn(0x7f5c040388c0 0x7f5c0403ad80 unknown :-1 s=START_CONNECT pgs=0 cs=0 l=1 rev1=0 crypto rx=0 tx=0 comp rx=0 tx=0)._fault waiting 0.200000
2023-12-17T12:02:14.997 INFO:teuthology.orchestra.run.smithi027.stdout:/usr/bin/ceph: stderr
2023-12-17T12:02:14.408+0000 7f5c0f7fe700 1 -- 172.21.15.27:0/1340951564 <== mon.0 v2:172.21.15.27:3300/0 6 ==== mon_command_ack([{"prefix": "get_command_descriptions"}]=0 v0) v1 ==== 72+0+180949 (secure 0 0 0) 0x7f5c1400be40 con 0x7f5c1807ce50
2023-12-17T12:02:14.997 INFO:teuthology.orchestra.run.smithi027.stdout:/usr/bin/ceph: stderr
2023-12-17T12:02:14.600+0000 7f5c1d896700 1 -- 172.21.15.27:0/1340951564 >> [v2:172.21.15.27:6800/674094332,v1:172.21.15.27:6801/674094332] conn(0x7f5c040388c0 msgr2=0x7f5c0403ad80 unknown :-1 s=STATE_CONNECTING_RE l=1).process reconnect failed to v2:172.21.15.27:6800/674094332
2023-12-17T12:02:14.997 INFO:teuthology.orchestra.run.smithi027.stdout:/usr/bin/ceph: stderr
2023-12-17T12:02:14.600+0000 7f5c1d896700 1 --2- 172.21.15.27:0/1340951564 >> [v2:172.21.15.27:6800/674094332,v1:172.21.15.27:6801/674094332] conn(0x7f5c040388c0 0x7f5c0403ad80 unknown :-1 s=START_CONNECT pgs=0 cs=0 l=1 rev1=0 crypto rx=0 tx=0 comp rx=0 tx=0)._fault waiting 0.400000
2023-12-17T12:02:14.997 INFO:teuthology.orchestra.run.smithi027.stdout:/usr/bin/ceph: stderr
2023-12-17T12:02:14.681+0000 7f5c202fb700 1 -- 172.21.15.27:0/1340951564 --> [v2:172.21.15.27:3300/0,v1:172.21.15.27:6789/0] -- mon_command({"prefix": "mgr stat"} v 0) v1 -- 0x7f5c1819feb0 con 0x7f5c1807ce50
2023-12-17T12:02:14.997 INFO:teuthology.orchestra.run.smithi027.stdout:/usr/bin/ceph: stderr
2023-12-17T12:02:14.681+0000 7f5c0f7fe700 1 -- 172.21.15.27:0/1340951564 <== mon.0 v2:172.21.15.27:3300/0 7 ==== mon_command_ack([{"prefix": "mgr stat"}]=0 v9) v1 ==== 56+0+88 (secure 0 0 0) 0x7f5c1400b3e0 con 0x7f5c1807ce50
2023-12-17T12:02:14.997 INFO:teuthology.orchestra.run.smithi027.stdout:/usr/bin/ceph: stderr
2023-12-17T12:02:14.684+0000 7f5c202fb700 1 -- 172.21.15.27:0/1340951564 >> [v2:172.21.15.27:6800/674094332,v1:172.21.15.27:6801/674094332] conn(0x7f5c040388c0 msgr2=0x7f5c0403ad80 unknown :-1 s=STATE_CONNECTING l=1).mark_down
2023-12-17T12:02:14.998 INFO:teuthology.orchestra.run.smithi027.stdout:/usr/bin/ceph: stderr
2023-12-17T12:02:14.684+0000 7f5c202fb700 1 --2- 172.21.15.27:0/1340951564 >> [v2:172.21.15.27:6800/674094332,v1:172.21.15.27:6801/674094332] conn(0x7f5c040388c0 0x7f5c0403ad80 unknown :-1 s=START_CONNECT pgs=0 cs=0 l=1 rev1=0 crypto rx=0 tx=0 comp rx=0 tx=0).stop
2023-12-17T12:02:14.998 INFO:teuthology.orchestra.run.smithi027.stdout:/usr/bin/ceph: stderr
2023-12-17T12:02:14.684+0000 7f5c202fb700 1 -- 172.21.15.27:0/1340951564 >> [v2:172.21.15.27:3300/0,v1:172.21.15.27:6789/0] conn(0x7f5c1807ce50 msgr2=0x7f5c1819ca40 secure :-1 s=STATE_CONNECTION_ESTABLISHED l=1).mark_down
2023-12-17T12:02:14.998 INFO:teuthology.orchestra.run.smithi027.stdout:/usr/bin/ceph: stderr
2023-12-17T12:02:14.684+0000 7f5c202fb700 1 --2- 172.21.15.27:0/1340951564 >> [v2:172.21.15.27:3300/0,v1:172.21.15.27:6789/0] conn(0x7f5c1807ce50 0x7f5c1819ca40 secure :-1 s=READY pgs=62 cs=0 l=1 rev1=1 crypto rx=0x7f5c14003f70 tx=0x7f5c140119a0 comp rx=0 tx=0).stop
2023-12-17T12:02:14.998 INFO:teuthology.orchestra.run.smithi027.stdout:/usr/bin/ceph: stderr
2023-12-17T12:02:14.684+0000 7f5c202fb700 1 -- 172.21.15.27:0/1340951564 shutdown_connections
2023-12-17T12:02:14.998 INFO:teuthology.orchestra.run.smithi027.stdout:/usr/bin/ceph: stderr
2023-12-17T12:02:14.684+0000 7f5c202fb700 1 --2- 172.21.15.27:0/1340951564 >> [v2:172.21.15.27:6800/674094332,v1:172.21.15.27:6801/674094332] conn(0x7f5c040388c0 0x7f5c0403ad80 unknown :-1 s=CLOSED pgs=0 cs=0 l=1 rev1=0 crypto rx=0 tx=0 comp rx=0 tx=0).stop
2023-12-17T12:02:14.998 INFO:teuthology.orchestra.run.smithi027.stdout:/usr/bin/ceph: stderr
2023-12-17T12:02:14.684+0000 7f5c202fb700 1 --2- 172.21.15.27:0/1340951564 >> [v2:172.21.15.27:3300/0,v1:172.21.15.27:6789/0] conn(0x7f5c1807ce50 0x7f5c1819ca40 unknown :-1 s=CLOSED pgs=62 cs=0 l=1 rev1=1 crypto rx=0 tx=0 comp rx=0 tx=0).stop
2023-12-17T12:02:14.998 INFO:teuthology.orchestra.run.smithi027.stdout:/usr/bin/ceph: stderr
2023-12-17T12:02:14.684+0000 7f5c202fb700 1 -- 172.21.15.27:0/1340951564 >> 172.21.15.27:0/1340951564 conn(0x7f5c18102190 msgr2=0x7f5c18102d90 unknown :-1 s=STATE_NONE l=0).mark_down
2023-12-17T12:02:14.998 INFO:teuthology.orchestra.run.smithi027.stdout:/usr/bin/ceph: stderr
2023-12-17T12:02:14.684+0000 7f5c202fb700 1 -- 172.21.15.27:0/1340951564 shutdown_connections
2023-12-17T12:02:14.998 INFO:teuthology.orchestra.run.smithi027.stdout:/usr/bin/ceph: stderr
2023-12-17T12:02:14.684+0000 7f5c202fb700 1 -- 172.21.15.27:0/1340951564 wait complete.
2023-12-17T12:02:14.998 INFO:teuthology.orchestra.run.smithi027.stdout:Waiting for the mgr to restart...
2023-12-17T12:02:14.998 INFO:teuthology.orchestra.run.smithi027.stdout:Waiting for mgr epoch 9...
2023-12-17T12:02:15.860 INFO:journalctl@ceph.mon.a.smithi027.stdout:Dec 17 12:02:15 smithi027 ceph-mon[36871]: from='client.? 172.21.15.27:0/1340951564' entity='client.admin' cmd=[{"prefix": "mgr stat"}]: dispatch
2023-12-17T12:02:15.860 INFO:journalctl@ceph.mgr.x.smithi027.stdout:Dec 17 12:02:15 smithi027 ceph-62030760-9cd3-11ee-95a5-87774f69a715-mgr-x[37122]:
2023-12-17T12:02:15.538+0000 7fcf1e3a6200 -1 mgr[py] Module orchestrator has missing NOTIFY_TYPES member
2023-12-17T12:02:16.125 INFO:journalctl@ceph.mgr.x.smithi027.stdout:Dec 17 12:02:15 smithi027 ceph-62030760-9cd3-11ee-95a5-87774f69a715-mgr-x[37122]:
2023-12-17T12:02:15.858+0000 7fcf1e3a6200 -1 mgr[py] Module nfs has missing NOTIFY_TYPES member
2023-12-17T12:02:16.125 INFO:journalctl@ceph.mgr.x.smithi027.stdout:Dec 17 12:02:15 smithi027 ceph-62030760-9cd3-11ee-95a5-87774f69a715-mgr-x[37122]:
2023-12-17T12:02:15.976+0000 7fcf1e3a6200 -1 mgr[py] Module zabbix has missing NOTIFY_TYPES member
2023-12-17T12:02:16.125 INFO:journalctl@ceph.mgr.x.smithi027.stdout:Dec 17 12:02:16 smithi027 ceph-62030760-9cd3-11ee-95a5-87774f69a715-mgr-x[37122]:
2023-12-17T12:02:16.123+0000 7fcf1e3a6200 -1 mgr[py] Module rbd_support has missing NOTIFY_TYPES member
2023-12-17T12:02:16.413 INFO:journalctl@ceph.mgr.x.smithi027.stdout:Dec 17 12:02:16 smithi027 ceph-62030760-9cd3-11ee-95a5-87774f69a715-mgr-x[37122]:
2023-12-17T12:02:16.328+0000 7fcf1e3a6200 -1 mgr[py] Module status has missing NOTIFY_TYPES member
2023-12-17T12:02:16.913 INFO:journalctl@ceph.mgr.x.smithi027.stdout:Dec 17 12:02:16 smithi027 ceph-62030760-9cd3-11ee-95a5-87774f69a715-mgr-x[37122]:
2023-12-17T12:02:16.507+0000 7fcf1e3a6200 -1 mgr[py] Module diskprediction_local has missing NOTIFY_TYPES member
2023-12-17T12:02:16.913 INFO:journalctl@ceph.mgr.x.smithi027.stdout:Dec 17 12:02:16 smithi027 ceph-62030760-9cd3-11ee-95a5-87774f69a715-mgr-x[37122]:
2023-12-17T12:02:16.626+0000 7fcf1e3a6200 -1 mgr[py] Module telegraf has missing NOTIFY_TYPES member
2023-12-17T12:02:17.413 INFO:journalctl@ceph.mgr.x.smithi027.stdout:Dec 17 12:02:17 smithi027 ceph-62030760-9cd3-11ee-95a5-87774f69a715-mgr-x[37122]:
2023-12-17T12:02:17.123+0000 7fcf1e3a6200 -1 mgr[py] Module influx has missing NOTIFY_TYPES member
2023-12-17T12:02:17.869 INFO:journalctl@ceph.mgr.x.smithi027.stdout:Dec 17 12:02:17 smithi027 ceph-62030760-9cd3-11ee-95a5-87774f69a715-mgr-x[37122]:
2023-12-17T12:02:17.493+0000 7fcf1e3a6200 -1 mgr[py] Module pg_autoscaler has missing NOTIFY_TYPES member
2023-12-17T12:02:18.163 INFO:journalctl@ceph.mgr.x.smithi027.stdout:Dec 17 12:02:17 smithi027 ceph-62030760-9cd3-11ee-95a5-87774f69a715-mgr-x[37122]:
2023-12-17T12:02:17.867+0000 7fcf1e3a6200 -1 mgr[py] Module rgw has missing NOTIFY_TYPES member
2023-12-17T12:02:18.163 INFO:journalctl@ceph.mgr.x.smithi027.stdout:Dec 17 12:02:18 smithi027 ceph-62030760-9cd3-11ee-95a5-87774f69a715-mgr-x[37122]:
2023-12-17T12:02:17.999+0000 7fcf1e3a6200 -1 mgr[py] Module balancer has missing NOTIFY_TYPES member
2023-12-17T12:02:19.346 INFO:journalctl@ceph.mgr.x.smithi027.stdout:Dec 17 12:02:19 smithi027 ceph-62030760-9cd3-11ee-95a5-87774f69a715-mgr-x[37122]:
2023-12-17T12:02:19.006+0000 7fcf1e3a6200 -1 mgr[py] Module iostat has missing NOTIFY_TYPES member
2023-12-17T12:02:19.347 INFO:journalctl@ceph.mgr.x.smithi027.stdout:Dec 17 12:02:19 smithi027 ceph-62030760-9cd3-11ee-95a5-87774f69a715-mgr-x[37122]:
2023-12-17T12:02:19.138+0000 7fcf1e3a6200 -1 mgr[py] Module snap_schedule has missing NOTIFY_TYPES member
2023-12-17T12:02:19.347 INFO:journalctl@ceph.mgr.x.smithi027.stdout:Dec 17 12:02:19 smithi027 ceph-62030760-9cd3-11ee-95a5-87774f69a715-mgr-x[37122]:
2023-12-17T12:02:19.344+0000 7fcf1e3a6200 -1 mgr[py] Module telemetry has missing NOTIFY_TYPES member
2023-12-17T12:02:20.467 INFO:journalctl@ceph.mgr.x.smithi027.stdout:Dec 17 12:02:20 smithi027 ceph-62030760-9cd3-11ee-95a5-87774f69a715-mgr-x[37122]:
2023-12-17T12:02:20.212+0000 7fcf1e3a6200 -1 mgr[py] Module rook has missing NOTIFY_TYPES member
2023-12-17T12:02:21.163 INFO:journalctl@ceph.mgr.x.smithi027.stdout:Dec 17 12:02:20 smithi027 ceph-62030760-9cd3-11ee-95a5-87774f69a715-mgr-x[37122]:
2023-12-17T12:02:20.464+0000 7fcf1e3a6200 -1 mgr[py] Module selftest has missing NOTIFY_TYPES member
2023-12-17T12:02:21.163 INFO:journalctl@ceph.mgr.x.smithi027.stdout:Dec 17 12:02:20 smithi027 ceph-62030760-9cd3-11ee-95a5-87774f69a715-mgr-x[37122]:
2023-12-17T12:02:20.736+0000 7fcf1e3a6200 -1 mgr[py] Module devicehealth has missing NOTIFY_TYPES member
2023-12-17T12:02:22.320 INFO:journalctl@ceph.mgr.x.smithi027.stdout:Dec 17 12:02:21 smithi027 ceph-62030760-9cd3-11ee-95a5-87774f69a715-mgr-x[37122]:
2023-12-17T12:02:21.939+0000 7fcf1e3a6200 -1 mgr[py] Module volumes has missing NOTIFY_TYPES member
2023-12-17T12:02:22.663 INFO:journalctl@ceph.mgr.x.smithi027.stdout:Dec 17 12:02:22 smithi027 ceph-62030760-9cd3-11ee-95a5-87774f69a715-mgr-x[37122]:
2023-12-17T12:02:22.317+0000 7fcf1e3a6200 -1 mgr[py] Module test_orchestrator has missing NOTIFY_TYPES member
2023-12-17T12:02:22.663 INFO:journalctl@ceph.mgr.x.smithi027.stdout:Dec 17 12:02:22 smithi027 ceph-62030760-9cd3-11ee-95a5-87774f69a715-mgr-x[37122]:
2023-12-17T12:02:22.444+0000 7fcf1e3a6200 -1 mgr[py] Module osd_support has missing NOTIFY_TYPES member
2023-12-17T12:02:23.163 INFO:journalctl@ceph.mgr.x.smithi027.stdout:Dec 17 12:02:22 smithi027 ceph-62030760-9cd3-11ee-95a5-87774f69a715-mgr-x[37122]:
2023-12-17T12:02:22.713+0000 7fcf1e3a6200 -1 mgr[py] Module crash has missing NOTIFY_TYPES member
2023-12-17T12:02:23.163 INFO:journalctl@ceph.mon.a.smithi027.stdout:Dec 17 12:02:22 smithi027 ceph-mon[36871]: Active manager daemon x restarted
2023-12-17T12:02:23.163 INFO:journalctl@ceph.mon.a.smithi027.stdout:Dec 17 12:02:22 smithi027 ceph-mon[36871]: Activating manager daemon x
2023-12-17T12:02:23.163 INFO:journalctl@ceph.mon.a.smithi027.stdout:Dec 17 12:02:22 smithi027 ceph-mon[36871]: osdmap e3: 0 total, 0 up, 0 in
2023-12-17T12:02:23.163 INFO:journalctl@ceph.mon.a.smithi027.stdout:Dec 17 12:02:22 smithi027 ceph-mon[36871]: mgrmap e10: x(active, starting, since 0.00424954s)
2023-12-17T12:02:23.163 INFO:journalctl@ceph.mon.a.smithi027.stdout:Dec 17 12:02:22 smithi027 ceph-mon[36871]: from='mgr.14154 172.21.15.27:0/2866977541' entity='mgr.x' cmd=[{"prefix": "mon metadata", "id": "a"}]: dispatch
2023-12-17T12:02:23.163 INFO:journalctl@ceph.mon.a.smithi027.stdout:Dec 17 12:02:22 smithi027 ceph-mon[36871]: from='mgr.14154 172.21.15.27:0/2866977541' entity='mgr.x' cmd=[{"prefix": "mgr metadata", "who": "x", "id": "x"}]: dispatch
2023-12-17T12:02:23.164 INFO:journalctl@ceph.mon.a.smithi027.stdout:Dec 17 12:02:22 smithi027 ceph-mon[36871]: from='mgr.14154 172.21.15.27:0/2866977541' entity='mgr.x' cmd=[{"prefix": "mds metadata"}]: dispatch
2023-12-17T12:02:23.164 INFO:journalctl@ceph.mon.a.smithi027.stdout:Dec 17 12:02:22 smithi027 ceph-mon[36871]: from='mgr.14154 172.21.15.27:0/2866977541' entity='mgr.x' cmd=[{"prefix": "osd metadata"}]: dispatch
