2023-12-17T12:02:07.348+0000 7f45d77fe700 1 --2- >> [v2:172.21.15.27:3300/0,v1:172.21.15.27:6789/0] conn(0x7f45d8106b50 0x7f45d807cad0 unknown :-1 s=HELLO_CONNECTING pgs=0 cs=0 l=1 rev1=1 crypto rx=0 tx=0 comp rx=0 tx=0).handle_hello peer v2:172.21.15.27:3300/0 says I am v2:172.21.15.27:43636/0 (socket says 172.21.15.27:43636)
2023-12-17T12:02:08.069 INFO:teuthology.orchestra.run.smithi027.stdout:/usr/bin/ceph: stderr
2023-12-17T12:02:07.348+0000 7f45d77fe700 1 -- 172.21.15.27:0/2143707608 learned_addr learned my addr 172.21.15.27:0/2143707608 (peer_addr_for_me v2:172.21.15.27:0/0)
2023-12-17T12:02:08.069 INFO:teuthology.orchestra.run.smithi027.stdout:/usr/bin/ceph: stderr
2023-12-17T12:02:07.348+0000 7f45d77fe700 1 -- 172.21.15.27:0/2143707608 --> [v2:172.21.15.27:3300/0,v1:172.21.15.27:6789/0] -- mon_subscribe({config=0+,monmap=0+}) v3 -- 0x7f45c8009550 con 0x7f45d8106b50
2023-12-17T12:02:08.069 INFO:teuthology.orchestra.run.smithi027.stdout:/usr/bin/ceph: stderr
2023-12-17T12:02:07.348+0000 7f45d77fe700 1 --2- 172.21.15.27:0/2143707608 >> [v2:172.21.15.27:3300/0,v1:172.21.15.27:6789/0] conn(0x7f45d8106b50 0x7f45d807cad0 secure :-1 s=READY pgs=50 cs=0 l=1 rev1=1 crypto rx=0x7f45c8003f20 tx=0x7f45c8011f00 comp rx=0 tx=0).ready entity=mon.0 client_cookie=0 server_cookie=0 in_seq=0 out_seq=0
2023-12-17T12:02:08.069 INFO:teuthology.orchestra.run.smithi027.stdout:/usr/bin/ceph: stderr
2023-12-17T12:02:07.348+0000 7f45d4ff9700 1 -- 172.21.15.27:0/2143707608 <== mon.0 v2:172.21.15.27:3300/0 1 ==== mon_map magic: 0 v1 ==== 205+0+0 (secure 0 0 0) 0x7f45c80036a0 con 0x7f45d8106b50
2023-12-17T12:02:08.069 INFO:teuthology.orchestra.run.smithi027.stdout:/usr/bin/ceph: stderr
2023-12-17T12:02:07.348+0000 7f45d4ff9700 1 -- 172.21.15.27:0/2143707608 <== mon.0 v2:172.21.15.27:3300/0 2 ==== config(25 keys) v1 ==== 1036+0+0 (secure 0 0 0) 0x7f45c801b440 con 0x7f45d8106b50
2023-12-17T12:02:08.069 INFO:teuthology.orchestra.run.smithi027.stdout:/usr/bin/ceph: stderr
2023-12-17T12:02:07.348+0000 7f45d4ff9700 1 -- 172.21.15.27:0/2143707608 <== mon.0 v2:172.21.15.27:3300/0 3 ==== mon_map magic: 0 v1 ==== 205+0+0 (secure 0 0 0) 0x7f45c8023400 con 0x7f45d8106b50
2023-12-17T12:02:08.069 INFO:teuthology.orchestra.run.smithi027.stdout:/usr/bin/ceph: stderr
2023-12-17T12:02:07.348+0000 7f45ddec4700 1 -- 172.21.15.27:0/2143707608 --> [v2:172.21.15.27:3300/0,v1:172.21.15.27:6789/0] -- mon_subscribe({mgrmap=0+}) v3 -- 0x7f45d807b250 con 0x7f45d8106b50
2023-12-17T12:02:08.069 INFO:teuthology.orchestra.run.smithi027.stdout:/usr/bin/ceph: stderr
2023-12-17T12:02:07.349+0000 7f45ddec4700 1 -- 172.21.15.27:0/2143707608 --> [v2:172.21.15.27:3300/0,v1:172.21.15.27:6789/0] -- mon_subscribe({osdmap=0}) v3 -- 0x7f45d807b6f0 con 0x7f45d8106b50
2023-12-17T12:02:08.069 INFO:teuthology.orchestra.run.smithi027.stdout:/usr/bin/ceph: stderr
2023-12-17T12:02:07.350+0000 7f45d4ff9700 1 -- 172.21.15.27:0/2143707608 <== mon.0 v2:172.21.15.27:3300/0 4 ==== mgrmap(e 8) v1 ==== 45580+0+0 (secure 0 0 0) 0x7f45c8003800 con 0x7f45d8106b50
2023-12-17T12:02:08.069 INFO:teuthology.orchestra.run.smithi027.stdout:/usr/bin/ceph: stderr
2023-12-17T12:02:07.350+0000 7f45ddec4700 1 -- 172.21.15.27:0/2143707608 --> [v2:172.21.15.27:3300/0,v1:172.21.15.27:6789/0] -- mon_command({"prefix": "get_command_descriptions"} v 0) v1 -- 0x7f45d8062c00 con 0x7f45d8106b50
2023-12-17T12:02:08.069 INFO:teuthology.orchestra.run.smithi027.stdout:/usr/bin/ceph: stderr
2023-12-17T12:02:07.350+0000 7f45d4ff9700 1 --2- 172.21.15.27:0/2143707608 >> [v2:172.21.15.27:6800/674094332,v1:172.21.15.27:6801/674094332] conn(0x7f45c0038870 0x7f45c003ad30 unknown :-1 s=NONE pgs=0 cs=0 l=1 rev1=0 crypto rx=0 tx=0 comp rx=0 tx=0).connect
2023-12-17T12:02:08.069 INFO:teuthology.orchestra.run.smithi027.stdout:/usr/bin/ceph: stderr
2023-12-17T12:02:07.350+0000 7f45d4ff9700 1 -- 172.21.15.27:0/2143707608 <== mon.0 v2:172.21.15.27:3300/0 5 ==== osd_map(2..2 src has 1..2) v4 ==== 940+0+0 (secure 0 0 0) 0x7f45c804c8a0 con 0x7f45d8106b50
2023-12-17T12:02:08.070 INFO:teuthology.orchestra.run.smithi027.stdout:/usr/bin/ceph: stderr
2023-12-17T12:02:07.351+0000 7f45d6ffd700 1 --2- 172.21.15.27:0/2143707608 >> [v2:172.21.15.27:6800/674094332,v1:172.21.15.27:6801/674094332] conn(0x7f45c0038870 0x7f45c003ad30 unknown :-1 s=BANNER_CONNECTING pgs=0 cs=0 l=1 rev1=0 crypto rx=0 tx=0 comp rx=0 tx=0)._handle_peer_banner_payload supported=3 required=0
2023-12-17T12:02:08.070 INFO:teuthology.orchestra.run.smithi027.stdout:/usr/bin/ceph: stderr
2023-12-17T12:02:07.351+0000 7f45d6ffd700 1 --2- 172.21.15.27:0/2143707608 >> [v2:172.21.15.27:6800/674094332,v1:172.21.15.27:6801/674094332] conn(0x7f45c0038870 0x7f45c003ad30 secure :-1 s=READY pgs=12 cs=0 l=1 rev1=1 crypto rx=0x7f45cc006fd0 tx=0x7f45cc006e40 comp rx=0 tx=0).ready entity=mgr.14122 client_cookie=0 server_cookie=0 in_seq=0 out_seq=0
2023-12-17T12:02:08.070 INFO:teuthology.orchestra.run.smithi027.stdout:/usr/bin/ceph: stderr
2023-12-17T12:02:07.356+0000 7f45d4ff9700 1 -- 172.21.15.27:0/2143707608 <== mon.0 v2:172.21.15.27:3300/0 6 ==== mon_command_ack([{"prefix": "get_command_descriptions"}]=0 v0) v1 ==== 72+0+180949 (secure 0 0 0) 0x7f45c800ba30 con 0x7f45d8106b50
2023-12-17T12:02:08.070 INFO:teuthology.orchestra.run.smithi027.stdout:/usr/bin/ceph: stderr
2023-12-17T12:02:07.605+0000 7f45ddec4700 1 -- 172.21.15.27:0/2143707608 --> [v2:172.21.15.27:6800/674094332,v1:172.21.15.27:6801/674094332] -- mgr_command(tid 0: {"prefix": "orch apply", "service_type": "mon", "unmanaged": true, "target": ["mon-mgr", ""]}) v1 -- 0x7f45d807be50 con 0x7f45c0038870
2023-12-17T12:02:08.070 INFO:teuthology.orchestra.run.smithi027.stdout:/usr/bin/ceph: stderr
2023-12-17T12:02:07.615+0000 7f45d4ff9700 1 -- 172.21.15.27:0/2143707608 <== mgr.14122 v2:172.21.15.27:6800/674094332 1 ==== mgr_command_reply(tid 0: 0 ) v1 ==== 8+0+24 (secure 0 0 0) 0x7f45d807be50 con 0x7f45c0038870
2023-12-17T12:02:08.070 INFO:teuthology.orchestra.run.smithi027.stdout:/usr/bin/ceph: stderr
2023-12-17T12:02:07.618+0000 7f45ddec4700 1 -- 172.21.15.27:0/2143707608 >> [v2:172.21.15.27:6800/674094332,v1:172.21.15.27:6801/674094332] conn(0x7f45c0038870 msgr2=0x7f45c003ad30 secure :-1 s=STATE_CONNECTION_ESTABLISHED l=1).mark_down
2023-12-17T12:02:08.070 INFO:teuthology.orchestra.run.smithi027.stdout:/usr/bin/ceph: stderr
2023-12-17T12:02:07.618+0000 7f45ddec4700 1 --2- 172.21.15.27:0/2143707608 >> [v2:172.21.15.27:6800/674094332,v1:172.21.15.27:6801/674094332] conn(0x7f45c0038870 0x7f45c003ad30 secure :-1 s=READY pgs=12 cs=0 l=1 rev1=1 crypto rx=0x7f45cc006fd0 tx=0x7f45cc006e40 comp rx=0 tx=0).stop
2023-12-17T12:02:08.070 INFO:teuthology.orchestra.run.smithi027.stdout:/usr/bin/ceph: stderr
2023-12-17T12:02:07.618+0000 7f45ddec4700 1 -- 172.21.15.27:0/2143707608 >> [v2:172.21.15.27:3300/0,v1:172.21.15.27:6789/0] conn(0x7f45d8106b50 msgr2=0x7f45d807cad0 secure :-1 s=STATE_CONNECTION_ESTABLISHED l=1).mark_down
2023-12-17T12:02:08.070 INFO:teuthology.orchestra.run.smithi027.stdout:/usr/bin/ceph: stderr
2023-12-17T12:02:07.618+0000 7f45ddec4700 1 --2- 172.21.15.27:0/2143707608 >> [v2:172.21.15.27:3300/0,v1:172.21.15.27:6789/0] conn(0x7f45d8106b50 0x7f45d807cad0 secure :-1 s=READY pgs=50 cs=0 l=1 rev1=1 crypto rx=0x7f45c8003f20 tx=0x7f45c8011f00 comp rx=0 tx=0).stop
2023-12-17T12:02:08.070 INFO:teuthology.orchestra.run.smithi027.stdout:/usr/bin/ceph: stderr
2023-12-17T12:02:07.618+0000 7f45ddec4700 1 -- 172.21.15.27:0/2143707608 shutdown_connections
2023-12-17T12:02:08.070 INFO:teuthology.orchestra.run.smithi027.stdout:/usr/bin/ceph: stderr
2023-12-17T12:02:07.618+0000 7f45ddec4700 1 --2- 172.21.15.27:0/2143707608 >> [v2:172.21.15.27:6800/674094332,v1:172.21.15.27:6801/674094332] conn(0x7f45c0038870 0x7f45c003ad30 unknown :-1 s=CLOSED pgs=12 cs=0 l=1 rev1=1 crypto rx=0 tx=0 comp rx=0 tx=0).stop
2023-12-17T12:02:08.070 INFO:teuthology.orchestra.run.smithi027.stdout:/usr/bin/ceph: stderr
2023-12-17T12:02:07.618+0000 7f45ddec4700 1 --2- 172.21.15.27:0/2143707608 >> [v2:172.21.15.27:3300/0,v1:172.21.15.27:6789/0] conn(0x7f45d8106b50 0x7f45d807cad0 unknown :-1 s=CLOSED pgs=50 cs=0 l=1 rev1=1 crypto rx=0 tx=0 comp rx=0 tx=0).stop
2023-12-17T12:02:08.070 INFO:teuthology.orchestra.run.smithi027.stdout:/usr/bin/ceph: stderr
2023-12-17T12:02:07.618+0000 7f45ddec4700 1 -- 172.21.15.27:0/2143707608 >> 172.21.15.27:0/2143707608 conn(0x7f45d8102170 msgr2=0x7f45d8102c80 unknown :-1 s=STATE_NONE l=0).mark_down
2023-12-17T12:02:08.070 INFO:teuthology.orchestra.run.smithi027.stdout:/usr/bin/ceph: stderr
2023-12-17T12:02:07.618+0000 7f45ddec4700 1 -- 172.21.15.27:0/2143707608 shutdown_connections
2023-12-17T12:02:08.071 INFO:teuthology.orchestra.run.smithi027.stdout:/usr/bin/ceph: stderr
2023-12-17T12:02:07.618+0000 7f45ddec4700 1 -- 172.21.15.27:0/2143707608 wait complete.
2023-12-17T12:02:08.071 INFO:teuthology.orchestra.run.smithi027.stdout:Deploying unmanaged mgr service...
2023-12-17T12:02:08.893 INFO:journalctl@ceph.mon.a.smithi027.stdout:Dec 17 12:02:08 smithi027 ceph-mon[36871]: from='client.14144 -' entity='client.admin' cmd=[{"prefix": "orch apply", "service_type": "mon", "unmanaged": true, "target": ["mon-mgr", ""]}]: dispatch
2023-12-17T12:02:08.894 INFO:journalctl@ceph.mon.a.smithi027.stdout:Dec 17 12:02:08 smithi027 ceph-mon[36871]: Saving service mon spec with placement count:5
2023-12-17T12:02:08.894 INFO:journalctl@ceph.mon.a.smithi027.stdout:Dec 17 12:02:08 smithi027 ceph-mon[36871]: from='mgr.14122 172.21.15.27:0/874263209' entity='mgr.x'
2023-12-17T12:02:09.271 INFO:teuthology.orchestra.run.smithi027.stdout:/usr/bin/ceph: stdout Scheduled mgr update...
2023-12-17T12:02:09.271 INFO:teuthology.orchestra.run.smithi027.stdout:/usr/bin/ceph: stderr
2023-12-17T12:02:08.616+0000 7f641955c700 1 Processor -- start
2023-12-17T12:02:09.271 INFO:teuthology.orchestra.run.smithi027.stdout:/usr/bin/ceph: stderr
2023-12-17T12:02:08.616+0000 7f641955c700 1 -- start start
2023-12-17T12:02:09.271 INFO:teuthology.orchestra.run.smithi027.stdout:/usr/bin/ceph: stderr
2023-12-17T12:02:08.617+0000 7f641955c700 1 --2- >> [v2:172.21.15.27:3300/0,v1:172.21.15.27:6789/0] conn(0x7f641407d810 0x7f641407dc30 unknown :-1 s=NONE pgs=0 cs=0 l=0 rev1=0 crypto rx=0 tx=0 comp rx=0 tx=0).connect
2023-12-17T12:02:09.271 INFO:teuthology.orchestra.run.smithi027.stdout:/usr/bin/ceph: stderr
2023-12-17T12:02:08.617+0000 7f641955c700 1 -- --> [v2:172.21.15.27:3300/0,v1:172.21.15.27:6789/0] -- mon_getmap magic: 0 v1 -- 0x7f641407e200 con 0x7f641407d810
2023-12-17T12:02:09.272 INFO:teuthology.orchestra.run.smithi027.stdout:/usr/bin/ceph: stderr
2023-12-17T12:02:08.617+0000 7f6412ffd700 1 --2- >> [v2:172.21.15.27:3300/0,v1:172.21.15.27:6789/0] conn(0x7f641407d810 0x7f641407dc30 unknown :-1 s=BANNER_CONNECTING pgs=0 cs=0 l=0 rev1=0 crypto rx=0 tx=0 comp rx=0 tx=0)._handle_peer_banner_payload supported=3 required=0
2023-12-17T12:02:09.272 INFO:teuthology.orchestra.run.smithi027.stdout:/usr/bin/ceph: stderr
2023-12-17T12:02:08.617+0000 7f6412ffd700 1 --2- >> [v2:172.21.15.27:3300/0,v1:172.21.15.27:6789/0] conn(0x7f641407d810 0x7f641407dc30 unknown :-1 s=HELLO_CONNECTING pgs=0 cs=0 l=0 rev1=1 crypto rx=0 tx=0 comp rx=0 tx=0).handle_hello peer v2:172.21.15.27:3300/0 says I am v2:172.21.15.27:43650/0 (socket says 172.21.15.27:43650)
2023-12-17T12:02:09.272 INFO:teuthology.orchestra.run.smithi027.stdout:/usr/bin/ceph: stderr
2023-12-17T12:02:08.617+0000 7f6412ffd700 1 -- 172.21.15.27:0/3310504345 learned_addr learned my addr 172.21.15.27:0/3310504345 (peer_addr_for_me v2:172.21.15.27:0/0)
2023-12-17T12:02:09.272 INFO:teuthology.orchestra.run.smithi027.stdout:/usr/bin/ceph: stderr
2023-12-17T12:02:08.618+0000 7f6412ffd700 1 -- 172.21.15.27:0/3310504345 --> [v2:172.21.15.27:3300/0,v1:172.21.15.27:6789/0] -- mon_subscribe({config=0+,monmap=0+}) v3 -- 0x7f641407ea60 con 0x7f641407d810
2023-12-17T12:02:09.272 INFO:teuthology.orchestra.run.smithi027.stdout:/usr/bin/ceph: stderr
2023-12-17T12:02:08.618+0000 7f6412ffd700 1 --2- 172.21.15.27:0/3310504345 >> [v2:172.21.15.27:3300/0,v1:172.21.15.27:6789/0] conn(0x7f641407d810 0x7f641407dc30 secure :-1 s=READY pgs=51 cs=0 l=1 rev1=1 crypto rx=0x7f64040098a0 tx=0x7f6404009bb0 comp rx=0 tx=0).ready entity=mon.0 client_cookie=503bf794e10828f8 server_cookie=0 in_seq=0 out_seq=0
2023-12-17T12:02:09.272 INFO:teuthology.orchestra.run.smithi027.stdout:/usr/bin/ceph: stderr
2023-12-17T12:02:08.618+0000 7f6411ffb700 1 -- 172.21.15.27:0/3310504345 <== mon.0 v2:172.21.15.27:3300/0 1 ==== mon_map magic: 0 v1 ==== 205+0+0 (secure 0 0 0) 0x7f6404004160 con 0x7f641407d810
2023-12-17T12:02:09.272 INFO:teuthology.orchestra.run.smithi027.stdout:/usr/bin/ceph: stderr
2023-12-17T12:02:08.618+0000 7f6411ffb700 1 -- 172.21.15.27:0/3310504345 <== mon.0 v2:172.21.15.27:3300/0 2 ==== config(25 keys) v1 ==== 1036+0+0 (secure 0 0 0) 0x7f64040042c0 con 0x7f641407d810
2023-12-17T12:02:09.272 INFO:teuthology.orchestra.run.smithi027.stdout:/usr/bin/ceph: stderr
2023-12-17T12:02:08.618+0000 7f6411ffb700 1 -- 172.21.15.27:0/3310504345 <== mon.0 v2:172.21.15.27:3300/0 3 ==== mon_map magic: 0 v1 ==== 205+0+0 (secure 0 0 0) 0x7f6404011940 con 0x7f641407d810
2023-12-17T12:02:09.272 INFO:teuthology.orchestra.run.smithi027.stdout:/usr/bin/ceph: stderr
2023-12-17T12:02:08.619+0000 7f641955c700 1 -- 172.21.15.27:0/3310504345 >> [v2:172.21.15.27:3300/0,v1:172.21.15.27:6789/0] conn(0x7f641407d810 msgr2=0x7f641407dc30 secure :-1 s=STATE_CONNECTION_ESTABLISHED l=1).mark_down
2023-12-17T12:02:09.272 INFO:teuthology.orchestra.run.smithi027.stdout:/usr/bin/ceph: stderr
2023-12-17T12:02:08.619+0000 7f641955c700 1 --2- 172.21.15.27:0/3310504345 >> [v2:172.21.15.27:3300/0,v1:172.21.15.27:6789/0] conn(0x7f641407d810 0x7f641407dc30 secure :-1 s=READY pgs=51 cs=0 l=1 rev1=1 crypto rx=0x7f64040098a0 tx=0x7f6404009bb0 comp rx=0 tx=0).stop
2023-12-17T12:02:09.272 INFO:teuthology.orchestra.run.smithi027.stdout:/usr/bin/ceph: stderr
2023-12-17T12:02:08.619+0000 7f641955c700 1 -- 172.21.15.27:0/3310504345 shutdown_connections
2023-12-17T12:02:09.272 INFO:teuthology.orchestra.run.smithi027.stdout:/usr/bin/ceph: stderr
2023-12-17T12:02:08.619+0000 7f641955c700 1 --2- 172.21.15.27:0/3310504345 >> [v2:172.21.15.27:3300/0,v1:172.21.15.27:6789/0] conn(0x7f641407d810 0x7f641407dc30 unknown :-1 s=CLOSED pgs=51 cs=0 l=1 rev1=1 crypto rx=0 tx=0 comp rx=0 tx=0).stop
2023-12-17T12:02:09.272 INFO:teuthology.orchestra.run.smithi027.stdout:/usr/bin/ceph: stderr
2023-12-17T12:02:08.619+0000 7f641955c700 1 -- 172.21.15.27:0/3310504345 >> 172.21.15.27:0/3310504345 conn(0x7f641407c150 msgr2=0x7f641407c560 unknown :-1 s=STATE_NONE l=0).mark_down
2023-12-17T12:02:09.273 INFO:teuthology.orchestra.run.smithi027.stdout:/usr/bin/ceph: stderr
2023-12-17T12:02:08.619+0000 7f641955c700 1 -- 172.21.15.27:0/3310504345 shutdown_connections
2023-12-17T12:02:09.273 INFO:teuthology.orchestra.run.smithi027.stdout:/usr/bin/ceph: stderr
2023-12-17T12:02:08.619+0000 7f641955c700 1 -- 172.21.15.27:0/3310504345 wait complete.
2023-12-17T12:02:09.273 INFO:teuthology.orchestra.run.smithi027.stdout:/usr/bin/ceph: stderr
2023-12-17T12:02:08.621+0000 7f641955c700 1 Processor -- start
2023-12-17T12:02:09.273 INFO:teuthology.orchestra.run.smithi027.stdout:/usr/bin/ceph: stderr
2023-12-17T12:02:08.621+0000 7f641955c700 1 -- start start
2023-12-17T12:02:09.273 INFO:teuthology.orchestra.run.smithi027.stdout:/usr/bin/ceph: stderr
2023-12-17T12:02:08.621+0000 7f641955c700 1 --2- >> [v2:172.21.15.27:3300/0,v1:172.21.15.27:6789/0] conn(0x7f641407d810 0x7f64141a0de0 unknown :-1 s=NONE pgs=0 cs=0 l=1 rev1=0 crypto rx=0 tx=0 comp rx=0 tx=0).connect
2023-12-17T12:02:09.273 INFO:teuthology.orchestra.run.smithi027.stdout:/usr/bin/ceph: stderr
2023-12-17T12:02:08.622+0000 7f641955c700 1 -- --> [v2:172.21.15.27:3300/0,v1:172.21.15.27:6789/0] -- mon_getmap magic: 0 v1 -- 0x7f64141a1320 con 0x7f641407d810
2023-12-17T12:02:09.273 INFO:teuthology.orchestra.run.smithi027.stdout:/usr/bin/ceph: stderr
2023-12-17T12:02:08.622+0000 7f6412ffd700 1 --2- >> [v2:172.21.15.27:3300/0,v1:172.21.15.27:6789/0] conn(0x7f641407d810 0x7f64141a0de0 unknown :-1 s=BANNER_CONNECTING pgs=0 cs=0 l=1 rev1=0 crypto rx=0 tx=0 comp rx=0 tx=0)._handle_peer_banner_payload supported=3 required=0
2023-12-17T12:02:09.273 INFO:teuthology.orchestra.run.smithi027.stdout:/usr/bin/ceph: stderr
2023-12-17T12:02:08.622+0000 7f6412ffd700 1 --2- >> [v2:172.21.15.27:3300/0,v1:172.21.15.27:6789/0] conn(0x7f641407d810 0x7f64141a0de0 unknown :-1 s=HELLO_CONNECTING pgs=0 cs=0 l=1 rev1=1 crypto rx=0 tx=0 comp rx=0 tx=0).handle_hello peer v2:172.21.15.27:3300/0 says I am v2:172.21.15.27:43662/0 (socket says 172.21.15.27:43662)
2023-12-17T12:02:09.273 INFO:teuthology.orchestra.run.smithi027.stdout:/usr/bin/ceph: stderr
2023-12-17T12:02:08.622+0000 7f6412ffd700 1 -- 172.21.15.27:0/4123434670 learned_addr learned my addr 172.21.15.27:0/4123434670 (peer_addr_for_me v2:172.21.15.27:0/0)
2023-12-17T12:02:09.273 INFO:teuthology.orchestra.run.smithi027.stdout:/usr/bin/ceph: stderr
2023-12-17T12:02:08.622+0000 7f6412ffd700 1 -- 172.21.15.27:0/4123434670 --> [v2:172.21.15.27:3300/0,v1:172.21.15.27:6789/0] -- mon_subscribe({config=0+,monmap=0+}) v3 -- 0x7f6404009550 con 0x7f641407d810
2023-12-17T12:02:09.273 INFO:teuthology.orchestra.run.smithi027.stdout:/usr/bin/ceph: stderr
2023-12-17T12:02:08.622+0000 7f6412ffd700 1 --2- 172.21.15.27:0/4123434670 >> [v2:172.21.15.27:3300/0,v1:172.21.15.27:6789/0] conn(0x7f641407d810 0x7f64141a0de0 secure :-1 s=READY pgs=52 cs=0 l=1 rev1=1 crypto rx=0x7f6404003f20 tx=0x7f6404011f00 comp rx=0 tx=0).ready entity=mon.0 client_cookie=0 server_cookie=0 in_seq=0 out_seq=0
2023-12-17T12:02:09.273 INFO:teuthology.orchestra.run.smithi027.stdout:/usr/bin/ceph: stderr
2023-12-17T12:02:08.623+0000 7f63fbfff700 1 -- 172.21.15.27:0/4123434670 <== mon.0 v2:172.21.15.27:3300/0 1 ==== mon_map magic: 0 v1 ==== 205+0+0 (secure 0 0 0) 0x7f64040037d0 con 0x7f641407d810
2023-12-17T12:02:09.273 INFO:teuthology.orchestra.run.smithi027.stdout:/usr/bin/ceph: stderr
2023-12-17T12:02:08.623+0000 7f63fbfff700 1 -- 172.21.15.27:0/4123434670 <== mon.0 v2:172.21.15.27:3300/0 2 ==== config(25 keys) v1 ==== 1036+0+0 (secure 0 0 0) 0x7f640401b440 con 0x7f641407d810
2023-12-17T12:02:09.273 INFO:teuthology.orchestra.run.smithi027.stdout:/usr/bin/ceph: stderr
2023-12-17T12:02:08.623+0000 7f63fbfff700 1 -- 172.21.15.27:0/4123434670 <== mon.0 v2:172.21.15.27:3300/0 3 ==== mon_map magic: 0 v1 ==== 205+0+0 (secure 0 0 0) 0x7f6404023590 con 0x7f641407d810
2023-12-17T12:02:09.274 INFO:teuthology.orchestra.run.smithi027.stdout:/usr/bin/ceph: stderr
2023-12-17T12:02:08.623+0000 7f641955c700 1 -- 172.21.15.27:0/4123434670 --> [v2:172.21.15.27:3300/0,v1:172.21.15.27:6789/0] -- mon_subscribe({mgrmap=0+}) v3 -- 0x7f64141a1520 con 0x7f641407d810
2023-12-17T12:02:09.274 INFO:teuthology.orchestra.run.smithi027.stdout:/usr/bin/ceph: stderr
2023-12-17T12:02:08.623+0000 7f641955c700 1 -- 172.21.15.27:0/4123434670 --> [v2:172.21.15.27:3300/0,v1:172.21.15.27:6789/0] -- mon_subscribe({osdmap=0}) v3 -- 0x7f64141a19c0 con 0x7f641407d810
2023-12-17T12:02:09.274 INFO:teuthology.orchestra.run.smithi027.stdout:/usr/bin/ceph: stderr
2023-12-17T12:02:08.624+0000 7f641955c700 1 -- 172.21.15.27:0/4123434670 --> [v2:172.21.15.27:3300/0,v1:172.21.15.27:6789/0] -- mon_command({"prefix": "get_command_descriptions"} v 0) v1 -- 0x7f641419ab70 con 0x7f641407d810
2023-12-17T12:02:09.274 INFO:teuthology.orchestra.run.smithi027.stdout:/usr/bin/ceph: stderr
2023-12-17T12:02:08.624+0000 7f63fbfff700 1 -- 172.21.15.27:0/4123434670 <== mon.0 v2:172.21.15.27:3300/0 4 ==== mgrmap(e 8) v1 ==== 45580+0+0 (secure 0 0 0) 0x7f640401b5b0 con 0x7f641407d810
2023-12-17T12:02:09.274 INFO:teuthology.orchestra.run.smithi027.stdout:/usr/bin/ceph: stderr
2023-12-17T12:02:08.625+0000 7f63fbfff700 1 --2- 172.21.15.27:0/4123434670 >> [v2:172.21.15.27:6800/674094332,v1:172.21.15.27:6801/674094332] conn(0x7f63fc038870 0x7f63fc03ad30 unknown :-1 s=NONE pgs=0 cs=0 l=1 rev1=0 crypto rx=0 tx=0 comp rx=0 tx=0).connect
2023-12-17T12:02:09.274 INFO:teuthology.orchestra.run.smithi027.stdout:/usr/bin/ceph: stderr
2023-12-17T12:02:08.625+0000 7f63fbfff700 1 -- 172.21.15.27:0/4123434670 <== mon.0 v2:172.21.15.27:3300/0 5 ==== osd_map(2..2 src has 1..2) v4 ==== 940+0+0 (secure 0 0 0) 0x7f640404c840 con 0x7f641407d810
2023-12-17T12:02:09.274 INFO:teuthology.orchestra.run.smithi027.stdout:/usr/bin/ceph: stderr
2023-12-17T12:02:08.625+0000 7f64127fc700 1 --2- 172.21.15.27:0/4123434670 >> [v2:172.21.15.27:6800/674094332,v1:172.21.15.27:6801/674094332] conn(0x7f63fc038870 0x7f63fc03ad30 unknown :-1 s=BANNER_CONNECTING pgs=0 cs=0 l=1 rev1=0 crypto rx=0 tx=0 comp rx=0 tx=0)._handle_peer_banner_payload supported=3 required=0
2023-12-17T12:02:09.274 INFO:teuthology.orchestra.run.smithi027.stdout:/usr/bin/ceph: stderr
2023-12-17T12:02:08.626+0000 7f64127fc700 1 --2- 172.21.15.27:0/4123434670 >> [v2:172.21.15.27:6800/674094332,v1:172.21.15.27:6801/674094332] conn(0x7f63fc038870 0x7f63fc03ad30 secure :-1 s=READY pgs=13 cs=0 l=1 rev1=1 crypto rx=0x7f6408006fd0 tx=0x7f6408006e40 comp rx=0 tx=0).ready entity=mgr.14122 client_cookie=0 server_cookie=0 in_seq=0 out_seq=0
2023-12-17T12:02:09.274 INFO:teuthology.orchestra.run.smithi027.stdout:/usr/bin/ceph: stderr
2023-12-17T12:02:08.630+0000 7f63fbfff700 1 -- 172.21.15.27:0/4123434670 <== mon.0 v2:172.21.15.27:3300/0 6 ==== mon_command_ack([{"prefix": "get_command_descriptions"}]=0 v0) v1 ==== 72+0+180949 (secure 0 0 0) 0x7f640401b920 con 0x7f641407d810
2023-12-17T12:02:09.274 INFO:teuthology.orchestra.run.smithi027.stdout:/usr/bin/ceph: stderr
2023-12-17T12:02:08.666+0000 7f63fbfff700 1 -- 172.21.15.27:0/4123434670 <== mon.0 v2:172.21.15.27:3300/0 7 ==== config(25 keys) v1 ==== 1067+0+0 (secure 0 0 0) 0x7f6404023e80 con 0x7f641407d810
2023-12-17T12:02:09.274 INFO:teuthology.orchestra.run.smithi027.stdout:/usr/bin/ceph: stderr
2023-12-17T12:02:08.861+0000 7f641955c700 1 -- 172.21.15.27:0/4123434670 --> [v2:172.21.15.27:6800/674094332,v1:172.21.15.27:6801/674094332] -- mgr_command(tid 0: {"prefix": "orch apply", "service_type": "mgr", "unmanaged": true, "target": ["mon-mgr", ""]}) v1 -- 0x7f6414061a10 con 0x7f63fc038870
2023-12-17T12:02:09.274 INFO:teuthology.orchestra.run.smithi027.stdout:/usr/bin/ceph: stderr
2023-12-17T12:02:08.867+0000 7f63fbfff700 1 -- 172.21.15.27:0/4123434670 <== mgr.14122 v2:172.21.15.27:6800/674094332 1 ==== mgr_command_reply(tid 0: 0 ) v1 ==== 8+0+24 (secure 0 0 0) 0x7f6414061a10 con 0x7f63fc038870
2023-12-17T12:02:09.274 INFO:teuthology.orchestra.run.smithi027.stdout:/usr/bin/ceph: stderr
2023-12-17T12:02:08.869+0000 7f641955c700 1 -- 172.21.15.27:0/4123434670 >> [v2:172.21.15.27:6800/674094332,v1:172.21.15.27:6801/674094332] conn(0x7f63fc038870 msgr2=0x7f63fc03ad30 secure :-1 s=STATE_CONNECTION_ESTABLISHED l=1).mark_down
2023-12-17T12:02:09.274 INFO:teuthology.orchestra.run.smithi027.stdout:/usr/bin/ceph: stderr
2023-12-17T12:02:08.869+0000 7f641955c700 1 --2- 172.21.15.27:0/4123434670 >> [v2:172.21.15.27:6800/674094332,v1:172.21.15.27:6801/674094332] conn(0x7f63fc038870 0x7f63fc03ad30 secure :-1 s=READY pgs=13 cs=0 l=1 rev1=1 crypto rx=0x7f6408006fd0 tx=0x7f6408006e40 comp rx=0 tx=0).stop
2023-12-17T12:02:09.274 INFO:teuthology.orchestra.run.smithi027.stdout:/usr/bin/ceph: stderr
2023-12-17T12:02:08.869+0000 7f641955c700 1 -- 172.21.15.27:0/4123434670 >> [v2:172.21.15.27:3300/0,v1:172.21.15.27:6789/0] conn(0x7f641407d810 msgr2=0x7f64141a0de0 secure :-1 s=STATE_CONNECTION_ESTABLISHED l=1).mark_down
2023-12-17T12:02:09.275 INFO:teuthology.orchestra.run.smithi027.stdout:/usr/bin/ceph: stderr
2023-12-17T12:02:08.869+0000 7f641955c700 1 --2- 172.21.15.27:0/4123434670 >> [v2:172.21.15.27:3300/0,v1:172.21.15.27:6789/0] conn(0x7f641407d810 0x7f64141a0de0 secure :-1 s=READY pgs=52 cs=0 l=1 rev1=1 crypto rx=0x7f6404003f20 tx=0x7f6404011f00 comp rx=0 tx=0).stop
2023-12-17T12:02:09.275 INFO:teuthology.orchestra.run.smithi027.stdout:/usr/bin/ceph: stderr
2023-12-17T12:02:08.869+0000 7f641955c700 1 -- 172.21.15.27:0/4123434670 shutdown_connections
2023-12-17T12:02:09.275 INFO:teuthology.orchestra.run.smithi027.stdout:/usr/bin/ceph: stderr
2023-12-17T12:02:08.869+0000 7f641955c700 1 --2- 172.21.15.27:0/4123434670 >> [v2:172.21.15.27:6800/674094332,v1:172.21.15.27:6801/674094332] conn(0x7f63fc038870 0x7f63fc03ad30 unknown :-1 s=CLOSED pgs=13 cs=0 l=1 rev1=1 crypto rx=0 tx=0 comp rx=0 tx=0).stop
2023-12-17T12:02:09.275 INFO:teuthology.orchestra.run.smithi027.stdout:/usr/bin/ceph: stderr
2023-12-17T12:02:08.869+0000 7f641955c700 1 --2- 172.21.15.27:0/4123434670 >> [v2:172.21.15.27:3300/0,v1:172.21.15.27:6789/0] conn(0x7f641407d810 0x7f64141a0de0 unknown :-1 s=CLOSED pgs=52 cs=0 l=1 rev1=1 crypto rx=0 tx=0 comp rx=0 tx=0).stop
2023-12-17T12:02:09.275 INFO:teuthology.orchestra.run.smithi027.stdout:/usr/bin/ceph: stderr
2023-12-17T12:02:08.869+0000 7f641955c700 1 -- 172.21.15.27:0/4123434670 >> 172.21.15.27:0/4123434670 conn(0x7f641407c150 msgr2=0x7f6414197cb0 unknown :-1 s=STATE_NONE l=0).mark_down
2023-12-17T12:02:09.275 INFO:teuthology.orchestra.run.smithi027.stdout:/usr/bin/ceph: stderr
2023-12-17T12:02:08.870+0000 7f641955c700 1 -- 172.21.15.27:0/4123434670 shutdown_connections
2023-12-17T12:02:09.275 INFO:teuthology.orchestra.run.smithi027.stdout:/usr/bin/ceph: stderr
2023-12-17T12:02:08.870+0000 7f641955c700 1 -- 172.21.15.27:0/4123434670 wait complete.
2023-12-17T12:02:09.913 INFO:journalctl@ceph.mon.a.smithi027.stdout:Dec 17 12:02:09 smithi027 ceph-mon[36871]: from='mgr.14122 172.21.15.27:0/874263209' entity='mgr.x'
2023-12-17T12:02:09.913 INFO:journalctl@ceph.mon.a.smithi027.stdout:Dec 17 12:02:09 smithi027 ceph-mon[36871]: from='client.14146 -' entity='client.admin' cmd=[{"prefix": "orch apply", "service_type": "mgr", "unmanaged": true, "target": ["mon-mgr", ""]}]: dispatch
2023-12-17T12:02:09.913 INFO:journalctl@ceph.mon.a.smithi027.stdout:Dec 17 12:02:09 smithi027 ceph-mon[36871]: Saving service mgr spec with placement count:2
2023-12-17T12:02:09.913 INFO:journalctl@ceph.mon.a.smithi027.stdout:Dec 17 12:02:09 smithi027 ceph-mon[36871]: from='mgr.14122 172.21.15.27:0/874263209' entity='mgr.x'
2023-12-17T12:02:09.913 INFO:journalctl@ceph.mon.a.smithi027.stdout:Dec 17 12:02:09 smithi027 ceph-mon[36871]: from='mgr.14122 172.21.15.27:0/874263209' entity='mgr.x'
2023-12-17T12:02:10.702 INFO:teuthology.orchestra.run.smithi027.stdout:/usr/bin/ceph: stderr
2023-12-17T12:02:09.832+0000 7f30149b0700 1 Processor -- start
2023-12-17T12:02:10.703 INFO:teuthology.orchestra.run.smithi027.stdout:/usr/bin/ceph: stderr
2023-12-17T12:02:09.832+0000 7f30149b0700 1 -- start start
2023-12-17T12:02:10.703 INFO:teuthology.orchestra.run.smithi027.stdout:/usr/bin/ceph: stderr
2023-12-17T12:02:09.832+0000 7f30149b0700 1 --2- >> [v2:172.21.15.27:3300/0,v1:172.21.15.27:6789/0] conn(0x7f301007ce50 0x7f301007b2b0 unknown :-1 s=NONE pgs=0 cs=0 l=0 rev1=0 crypto rx=0 tx=0 comp rx=0 tx=0).connect
2023-12-17T12:02:10.703 INFO:teuthology.orchestra.run.smithi027.stdout:/usr/bin/ceph: stderr
2023-12-17T12:02:09.832+0000 7f30149b0700 1 -- --> [v2:172.21.15.27:3300/0,v1:172.21.15.27:6789/0] -- mon_getmap magic: 0 v1 -- 0x7f301007b880 con 0x7f301007ce50
2023-12-17T12:02:10.703 INFO:teuthology.orchestra.run.smithi027.stdout:/usr/bin/ceph: stderr
2023-12-17T12:02:09.833+0000 7f300e59c700 1 --2- >> [v2:172.21.15.27:3300/0,v1:172.21.15.27:6789/0] conn(0x7f301007ce50 0x7f301007b2b0 unknown :-1 s=BANNER_CONNECTING pgs=0 cs=0 l=0 rev1=0 crypto rx=0 tx=0 comp rx=0 tx=0)._handle_peer_banner_payload supported=3 required=0
2023-12-17T12:02:10.703 INFO:teuthology.orchestra.run.smithi027.stdout:/usr/bin/ceph: stderr
2023-12-17T12:02:09.833+0000 7f300e59c700 1 --2- >> [v2:172.21.15.27:3300/0,v1:172.21.15.27:6789/0] conn(0x7f301007ce50 0x7f301007b2b0 unknown :-1 s=HELLO_CONNECTING pgs=0 cs=0 l=0 rev1=1 crypto rx=0 tx=0 comp rx=0 tx=0).handle_hello peer v2:172.21.15.27:3300/0 says I am v2:172.21.15.27:43674/0 (socket says 172.21.15.27:43674)
2023-12-17T12:02:10.703 INFO:teuthology.orchestra.run.smithi027.stdout:/usr/bin/ceph: stderr
2023-12-17T12:02:09.833+0000 7f300e59c700 1 -- 172.21.15.27:0/4225788311 learned_addr learned my addr 172.21.15.27:0/4225788311 (peer_addr_for_me v2:172.21.15.27:0/0)
2023-12-17T12:02:10.703 INFO:teuthology.orchestra.run.smithi027.stdout:/usr/bin/ceph: stderr
2023-12-17T12:02:09.833+0000 7f300e59c700 1 -- 172.21.15.27:0/4225788311 --> [v2:172.21.15.27:3300/0,v1:172.21.15.27:6789/0] -- mon_subscribe({config=0+,monmap=0+}) v3 -- 0x7f301007b9c0 con 0x7f301007ce50
2023-12-17T12:02:10.703 INFO:teuthology.orchestra.run.smithi027.stdout:/usr/bin/ceph: stderr
2023-12-17T12:02:09.833+0000 7f300e59c700 1 --2- 172.21.15.27:0/4225788311 >> [v2:172.21.15.27:3300/0,v1:172.21.15.27:6789/0] conn(0x7f301007ce50 0x7f301007b2b0 secure :-1 s=READY pgs=53 cs=0 l=1 rev1=1 crypto rx=0x7f30000098a0 tx=0x7f3000009bb0 comp rx=0 tx=0).ready entity=mon.0 client_cookie=9856a8d1e172aa82 server_cookie=0 in_seq=0 out_seq=0
2023-12-17T12:02:10.703 INFO:teuthology.orchestra.run.smithi027.stdout:/usr/bin/ceph: stderr
2023-12-17T12:02:09.834+0000 7f300d59a700 1 -- 172.21.15.27:0/4225788311 <== mon.0 v2:172.21.15.27:3300/0 1 ==== mon_map magic: 0 v1 ==== 205+0+0 (secure 0 0 0) 0x7f3000004160 con 0x7f301007ce50
2023-12-17T12:02:10.703 INFO:teuthology.orchestra.run.smithi027.stdout:/usr/bin/ceph: stderr
2023-12-17T12:02:09.834+0000 7f300d59a700 1 -- 172.21.15.27:0/4225788311 <== mon.0 v2:172.21.15.27:3300/0 2 ==== config(25 keys) v1 ==== 1067+0+0 (secure 0 0 0) 0x7f30000042c0 con 0x7f301007ce50
2023-12-17T12:02:10.707 INFO:teuthology.orchestra.run.smithi027.stdout:/usr/bin/ceph: stderr
2023-12-17T12:02:09.834+0000 7f300d59a700 1 -- 172.21.15.27:0/4225788311 <== mon.0 v2:172.21.15.27:3300/0 3 ==== mon_map magic: 0 v1 ==== 205+0+0 (secure 0 0 0) 0x7f30000118e0 con 0x7f301007ce50
2023-12-17T12:02:10.707 INFO:teuthology.orchestra.run.smithi027.stdout:/usr/bin/ceph: stderr
2023-12-17T12:02:09.834+0000 7f30149b0700 1 -- 172.21.15.27:0/4225788311 >> [v2:172.21.15.27:3300/0,v1:172.21.15.27:6789/0] conn(0x7f301007ce50 msgr2=0x7f301007b2b0 secure :-1 s=STATE_CONNECTION_ESTABLISHED l=1).mark_down
2023-12-17T12:02:10.707 INFO:teuthology.orchestra.run.smithi027.stdout:/usr/bin/ceph: stderr
2023-12-17T12:02:09.834+0000 7f30149b0700 1 --2- 172.21.15.27:0/4225788311 >> [v2:172.21.15.27:3300/0,v1:172.21.15.27:6789/0] conn(0x7f301007ce50 0x7f301007b2b0 secure :-1 s=READY pgs=53 cs=0 l=1 rev1=1 crypto rx=0x7f30000098a0 tx=0x7f3000009bb0 comp rx=0 tx=0).stop
2023-12-17T12:02:10.707 INFO:teuthology.orchestra.run.smithi027.stdout:/usr/bin/ceph: stderr
2023-12-17T12:02:09.834+0000 7f30149b0700 1 -- 172.21.15.27:0/4225788311 shutdown_connections
2023-12-17T12:02:10.708 INFO:teuthology.orchestra.run.smithi027.stdout:/usr/bin/ceph: stderr
2023-12-17T12:02:09.834+0000 7f30149b0700 1 --2- 172.21.15.27:0/4225788311 >> [v2:172.21.15.27:3300/0,v1:172.21.15.27:6789/0] conn(0x7f301007ce50 0x7f301007b2b0 unknown :-1 s=CLOSED pgs=53 cs=0 l=1 rev1=1 crypto rx=0 tx=0 comp rx=0 tx=0).stop
2023-12-17T12:02:10.708 INFO:teuthology.orchestra.run.smithi027.stdout:/usr/bin/ceph: stderr
2023-12-17T12:02:09.834+0000 7f30149b0700 1 -- 172.21.15.27:0/4225788311 >> 172.21.15.27:0/4225788311 conn(0x7f3010102140 msgr2=0x7f3010104560 unknown :-1 s=STATE_NONE l=0).mark_down
2023-12-17T12:02:10.708 INFO:teuthology.orchestra.run.smithi027.stdout:/usr/bin/ceph: stderr
2023-12-17T12:02:09.835+0000 7f30149b0700 1 -- 172.21.15.27:0/4225788311 shutdown_connections
2023-12-17T12:02:10.708 INFO:teuthology.orchestra.run.smithi027.stdout:/usr/bin/ceph: stderr
2023-12-17T12:02:09.835+0000 7f30149b0700 1 -- 172.21.15.27:0/4225788311 wait complete.
2023-12-17T12:02:10.708 INFO:teuthology.orchestra.run.smithi027.stdout:/usr/bin/ceph: stderr
2023-12-17T12:02:09.836+0000 7f30149b0700 1 Processor -- start
2023-12-17T12:02:10.708 INFO:teuthology.orchestra.run.smithi027.stdout:/usr/bin/ceph: stderr
2023-12-17T12:02:09.836+0000 7f30149b0700 1 -- start start
2023-12-17T12:02:10.708 INFO:teuthology.orchestra.run.smithi027.stdout:/usr/bin/ceph: stderr
2023-12-17T12:02:09.836+0000 7f30149b0700 1 --2- >> [v2:172.21.15.27:3300/0,v1:172.21.15.27:6789/0] conn(0x7f301007ce50 0x7f301019caa0 unknown :-1 s=NONE pgs=0 cs=0 l=1 rev1=0 crypto rx=0 tx=0 comp rx=0 tx=0).connect
2023-12-17T12:02:10.708 INFO:teuthology.orchestra.run.smithi027.stdout:/usr/bin/ceph: stderr
2023-12-17T12:02:09.836+0000 7f30149b0700 1 -- --> [v2:172.21.15.27:3300/0,v1:172.21.15.27:6789/0] -- mon_getmap magic: 0 v1 -- 0x7f301019cfe0 con 0x7f301007ce50
2023-12-17T12:02:10.708 INFO:teuthology.orchestra.run.smithi027.stdout:/usr/bin/ceph: stderr
2023-12-17T12:02:09.837+0000 7f300e59c700 1 --2- >> [v2:172.21.15.27:3300/0,v1:172.21.15.27:6789/0] conn(0x7f301007ce50 0x7f301019caa0 unknown :-1 s=BANNER_CONNECTING pgs=0 cs=0 l=1 rev1=0 crypto rx=0 tx=0 comp rx=0 tx=0)._handle_peer_banner_payload supported=3 required=0
2023-12-17T12:02:10.708 INFO:teuthology.orchestra.run.smithi027.stdout:/usr/bin/ceph: stderr
2023-12-17T12:02:09.837+0000 7f300e59c700 1 --2- >> [v2:172.21.15.27:3300/0,v1:172.21.15.27:6789/0] conn(0x7f301007ce50 0x7f301019caa0 unknown :-1 s=HELLO_CONNECTING pgs=0 cs=0 l=1 rev1=1 crypto rx=0 tx=0 comp rx=0 tx=0).handle_hello peer v2:172.21.15.27:3300/0 says I am v2:172.21.15.27:43680/0 (socket says 172.21.15.27:43680)
2023-12-17T12:02:10.708 INFO:teuthology.orchestra.run.smithi027.stdout:/usr/bin/ceph: stderr
2023-12-17T12:02:09.837+0000 7f300e59c700 1 -- 172.21.15.27:0/2314920128 learned_addr learned my addr 172.21.15.27:0/2314920128 (peer_addr_for_me v2:172.21.15.27:0/0)
2023-12-17T12:02:10.708 INFO:teuthology.orchestra.run.smithi027.stdout:/usr/bin/ceph: stderr
2023-12-17T12:02:09.837+0000 7f300e59c700 1 -- 172.21.15.27:0/2314920128 --> [v2:172.21.15.27:3300/0,v1:172.21.15.27:6789/0] -- mon_subscribe({config=0+,monmap=0+}) v3 -- 0x7f3000009550 con 0x7f301007ce50
2023-12-17T12:02:10.708 INFO:teuthology.orchestra.run.smithi027.stdout:/usr/bin/ceph: stderr
2023-12-17T12:02:09.837+0000 7f300e59c700 1 --2- 172.21.15.27:0/2314920128 >> [v2:172.21.15.27:3300/0,v1:172.21.15.27:6789/0] conn(0x7f301007ce50 0x7f301019caa0 secure :-1 s=READY pgs=54 cs=0 l=1 rev1=1 crypto rx=0x7f3000003f70 tx=0x7f30000119a0 comp rx=0 tx=0).ready entity=mon.0 client_cookie=0 server_cookie=0 in_seq=0 out_seq=0
2023-12-17T12:02:10.708 INFO:teuthology.orchestra.run.smithi027.stdout:/usr/bin/ceph: stderr
2023-12-17T12:02:09.837+0000 7f2fff7fe700 1 -- 172.21.15.27:0/2314920128 <== mon.0 v2:172.21.15.27:3300/0 1 ==== mon_map magic: 0 v1 ==== 205+0+0 (secure 0 0 0) 0x7f30000036a0 con 0x7f301007ce50
2023-12-17T12:02:10.709 INFO:teuthology.orchestra.run.smithi027.stdout:/usr/bin/ceph: stderr
2023-12-17T12:02:09.837+0000 7f2fff7fe700 1 -- 172.21.15.27:0/2314920128 <== mon.0 v2:172.21.15.27:3300/0 2 ==== config(25 keys) v1 ==== 1067+0+0 (secure 0 0 0) 0x7f300001b440 con 0x7f301007ce50
2023-12-17T12:02:10.709 INFO:teuthology.orchestra.run.smithi027.stdout:/usr/bin/ceph: stderr
2023-12-17T12:02:09.838+0000 7f30149b0700 1 -- 172.21.15.27:0/2314920128 --> [v2:172.21.15.27:3300/0,v1:172.21.15.27:6789/0] -- mon_subscribe({mgrmap=0+}) v3 -- 0x7f301019d1e0 con 0x7f301007ce50
2023-12-17T12:02:10.709 INFO:teuthology.orchestra.run.smithi027.stdout:/usr/bin/ceph: stderr
2023-12-17T12:02:09.838+0000 7f2fff7fe700 1 -- 172.21.15.27:0/2314920128 <== mon.0 v2:172.21.15.27:3300/0 3 ==== mon_map magic: 0 v1 ==== 205+0+0 (secure 0 0 0) 0x7f3000023400 con 0x7f301007ce50
2023-12-17T12:02:10.709 INFO:teuthology.orchestra.run.smithi027.stdout:/usr/bin/ceph: stderr
2023-12-17T12:02:09.838+0000 7f30149b0700 1 -- 172.21.15.27:0/2314920128 --> [v2:172.21.15.27:3300/0,v1:172.21.15.27:6789/0] -- mon_subscribe({osdmap=0}) v3 -- 0x7f301019d680 con 0x7f301007ce50
2023-12-17T12:02:10.709 INFO:teuthology.orchestra.run.smithi027.stdout:/usr/bin/ceph: stderr
2023-12-17T12:02:09.839+0000 7f2fff7fe700 1 -- 172.21.15.27:0/2314920128 <== mon.0 v2:172.21.15.27:3300/0 4 ==== mgrmap(e 8) v1 ==== 45580+0+0 (secure 0 0 0) 0x7f3000023630 con 0x7f301007ce50
2023-12-17T12:02:10.709 INFO:teuthology.orchestra.run.smithi027.stdout:/usr/bin/ceph: stderr
2023-12-17T12:02:09.840+0000 7f2fff7fe700 1 --2- 172.21.15.27:0/2314920128 >> [v2:172.21.15.27:6800/674094332,v1:172.21.15.27:6801/674094332] conn(0x7f2ff8038870 0x7f2ff803ad30 unknown :-1 s=NONE pgs=0 cs=0 l=1 rev1=0 crypto rx=0 tx=0 comp rx=0 tx=0).connect
2023-12-17T12:02:10.709 INFO:teuthology.orchestra.run.smithi027.stdout:/usr/bin/ceph: stderr
2023-12-17T12:02:09.840+0000 7f2fff7fe700 1 -- 172.21.15.27:0/2314920128 <== mon.0 v2:172.21.15.27:3300/0 5 ==== osd_map(2..2 src has 1..2) v4 ==== 940+0+0 (secure 0 0 0) 0x7f3000052580 con 0x7f301007ce50
2023-12-17T12:02:10.709 INFO:teuthology.orchestra.run.smithi027.stdout:/usr/bin/ceph: stderr
2023-12-17T12:02:09.840+0000 7f30149b0700 1 -- 172.21.15.27:0/2314920128 --> [v2:172.21.15.27:3300/0,v1:172.21.15.27:6789/0] -- mon_command({"prefix": "get_command_descriptions"} v 0) v1 -- 0x7f301010cf00 con 0x7f301007ce50
2023-12-17T12:02:10.709 INFO:teuthology.orchestra.run.smithi027.stdout:/usr/bin/ceph: stderr
2023-12-17T12:02:09.840+0000 7f300dd9b700 1 --2- 172.21.15.27:0/2314920128 >> [v2:172.21.15.27:6800/674094332,v1:172.21.15.27:6801/674094332] conn(0x7f2ff8038870 0x7f2ff803ad30 unknown :-1 s=BANNER_CONNECTING pgs=0 cs=0 l=1 rev1=0 crypto rx=0 tx=0 comp rx=0 tx=0)._handle_peer_banner_payload supported=3 required=0
2023-12-17T12:02:10.709 INFO:teuthology.orchestra.run.smithi027.stdout:/usr/bin/ceph: stderr
2023-12-17T12:02:09.841+0000 7f300dd9b700 1 --2- 172.21.15.27:0/2314920128 >> [v2:172.21.15.27:6800/674094332,v1:172.21.15.27:6801/674094332] conn(0x7f2ff8038870 0x7f2ff803ad30 secure :-1 s=READY pgs=14 cs=0 l=1 rev1=1 crypto rx=0x7f3004006fd0 tx=0x7f3004006e40 comp rx=0 tx=0).ready entity=mgr.14122 client_cookie=0 server_cookie=0 in_seq=0 out_seq=0
2023-12-17T12:02:10.709 INFO:teuthology.orchestra.run.smithi027.stdout:/usr/bin/ceph: stderr
2023-12-17T12:02:09.846+0000 7f2fff7fe700 1 -- 172.21.15.27:0/2314920128 <== mon.0 v2:172.21.15.27:3300/0 6 ==== mon_command_ack([{"prefix": "get_command_descriptions"}]=0 v0) v1 ==== 72+0+180949 (secure 0 0 0) 0x7f3000053060 con 0x7f301007ce50
2023-12-17T12:02:10.709 INFO:teuthology.orchestra.run.smithi027.stdout:/usr/bin/ceph: stderr
2023-12-17T12:02:10.071+0000 7f30149b0700 1 -- 172.21.15.27:0/2314920128 --> [v2:172.21.15.27:3300/0,v1:172.21.15.27:6789/0] -- mon_command([{prefix=config set, name=mgr/cephadm/container_init}] v 0) v1 -- 0x7f301010d0f0 con 0x7f301007ce50
2023-12-17T12:02:10.709 INFO:teuthology.orchestra.run.smithi027.stdout:/usr/bin/ceph: stderr
2023-12-17T12:02:10.075+0000 7f2fff7fe700 1 -- 172.21.15.27:0/2314920128 <== mon.0 v2:172.21.15.27:3300/0 7 ==== mon_command_ack([{prefix=config set, name=mgr/cephadm/container_init}]=0 v7)=0 v7) v1 ==== 142+0+0 (secure 0 0 0) 0x7f301010d0f0 con 0x7f301007ce50
2023-12-17T12:02:10.710 INFO:teuthology.orchestra.run.smithi027.stdout:/usr/bin/ceph: stderr
2023-12-17T12:02:10.078+0000 7f30149b0700 1 -- 172.21.15.27:0/2314920128 >> [v2:172.21.15.27:6800/674094332,v1:172.21.15.27:6801/674094332] conn(0x7f2ff8038870 msgr2=0x7f2ff803ad30 secure :-1 s=STATE_CONNECTION_ESTABLISHED l=1).mark_down
2023-12-17T12:02:10.710 INFO:teuthology.orchestra.run.smithi027.stdout:/usr/bin/ceph: stderr
2023-12-17T12:02:10.078+0000 7f30149b0700 1 --2- 172.21.15.27:0/2314920128 >> [v2:172.21.15.27:6800/674094332,v1:172.21.15.27:6801/674094332] conn(0x7f2ff8038870 0x7f2ff803ad30 secure :-1 s=READY pgs=14 cs=0 l=1 rev1=1 crypto rx=0x7f3004006fd0 tx=0x7f3004006e40 comp rx=0 tx=0).stop
2023-12-17T12:02:10.710 INFO:teuthology.orchestra.run.smithi027.stdout:/usr/bin/ceph: stderr
2023-12-17T12:02:10.078+0000 7f30149b0700 1 -- 172.21.15.27:0/2314920128 >> [v2:172.21.15.27:3300/0,v1:172.21.15.27:6789/0] conn(0x7f301007ce50 msgr2=0x7f301019caa0 secure :-1 s=STATE_CONNECTION_ESTABLISHED l=1).mark_down
2023-12-17T12:02:10.710 INFO:teuthology.orchestra.run.smithi027.stdout:/usr/bin/ceph: stderr
2023-12-17T12:02:10.078+0000 7f30149b0700 1 --2- 172.21.15.27:0/2314920128 >> [v2:172.21.15.27:3300/0,v1:172.21.15.27:6789/0] conn(0x7f301007ce50 0x7f301019caa0 secure :-1 s=READY pgs=54 cs=0 l=1 rev1=1 crypto rx=0x7f3000003f70 tx=0x7f30000119a0 comp rx=0 tx=0).stop
2023-12-17T12:02:10.710 INFO:teuthology.orchestra.run.smithi027.stdout:/usr/bin/ceph: stderr
2023-12-17T12:02:10.079+0000 7f30149b0700 1 -- 172.21.15.27:0/2314920128 shutdown_connections
2023-12-17T12:02:10.710 INFO:teuthology.orchestra.run.smithi027.stdout:/usr/bin/ceph: stderr
2023-12-17T12:02:10.079+0000 7f30149b0700 1 --2- 172.21.15.27:0/2314920128 >> [v2:172.21.15.27:6800/674094332,v1:172.21.15.27:6801/674094332] conn(0x7f2ff8038870 0x7f2ff803ad30 unknown :-1 s=CLOSED pgs=14 cs=0 l=1 rev1=1 crypto rx=0 tx=0 comp rx=0 tx=0).stop
2023-12-17T12:02:10.710 INFO:teuthology.orchestra.run.smithi027.stdout:/usr/bin/ceph: stderr
2023-12-17T12:02:10.079+0000 7f30149b0700 1 --2- 172.21.15.27:0/2314920128 >> [v2:172.21.15.27:3300/0,v1:172.21.15.27:6789/0] conn(0x7f301007ce50 0x7f301019caa0 unknown :-1 s=CLOSED pgs=54 cs=0 l=1 rev1=1 crypto rx=0 tx=0 comp rx=0 tx=0).stop
2023-12-17T12:02:10.710 INFO:teuthology.orchestra.run.smithi027.stdout:/usr/bin/ceph: stderr
2023-12-17T12:02:10.079+0000 7f30149b0700 1 -- 172.21.15.27:0/2314920128 >> 172.21.15.27:0/2314920128 conn(0x7f3010102140 msgr2=0x7f3010102d40 unknown :-1 s=STATE_NONE l=0).mark_down
2023-12-17T12:02:10.710 INFO:teuthology.orchestra.run.smithi027.stdout:/usr/bin/ceph: stderr
2023-12-17T12:02:10.079+0000 7f30149b0700 1 -- 172.21.15.27:0/2314920128 shutdown_connections
2023-12-17T12:02:10.710 INFO:teuthology.orchestra.run.smithi027.stdout:/usr/bin/ceph: stderr
2023-12-17T12:02:10.079+0000 7f30149b0700 1 -- 172.21.15.27:0/2314920128 wait complete.
2023-12-17T12:02:11.260 INFO:journalctl@ceph.mon.a.smithi027.stdout:Dec 17 12:02:11 smithi027 ceph-mon[36871]: from='client.? 172.21.15.27:0/2314920128' entity='client.admin'
2023-12-17T12:02:11.260 INFO:journalctl@ceph.mon.a.smithi027.stdout:Dec 17 12:02:11 smithi027 ceph-mon[36871]: from='mgr.14122 172.21.15.27:0/874263209' entity='mgr.x'
2023-12-17T12:02:11.834 INFO:teuthology.orchestra.run.smithi027.stdout:/usr/bin/ceph: stderr
2023-12-17T12:02:11.287+0000 7f457d2d9700 1 Processor -- start
2023-12-17T12:02:11.834 INFO:teuthology.orchestra.run.smithi027.stdout:/usr/bin/ceph: stderr
2023-12-17T12:02:11.287+0000 7f457d2d9700 1 -- start start
2023-12-17T12:02:11.834 INFO:teuthology.orchestra.run.smithi027.stdout:/usr/bin/ceph: stderr
2023-12-17T12:02:11.288+0000 7f457d2d9700 1 --2- >> [v2:172.21.15.27:3300/0,v1:172.21.15.27:6789/0] conn(0x7f457807ce50 0x7f457807b2b0 unknown :-1 s=NONE pgs=0 cs=0 l=0 rev1=0 crypto rx=0 tx=0 comp rx=0 tx=0).connect
2023-12-17T12:02:11.834 INFO:teuthology.orchestra.run.smithi027.stdout:/usr/bin/ceph: stderr
2023-12-17T12:02:11.288+0000 7f457d2d9700 1 -- --> [v2:172.21.15.27:3300/0,v1:172.21.15.27:6789/0] -- mon_getmap magic: 0 v1 -- 0x7f457807b880 con 0x7f457807ce50
2023-12-17T12:02:11.834 INFO:teuthology.orchestra.run.smithi027.stdout:/usr/bin/ceph: stderr
2023-12-17T12:02:11.288+0000 7f4577fff700 1 --2- >> [v2:172.21.15.27:3300/0,v1:172.21.15.27:6789/0] conn(0x7f457807ce50 0x7f457807b2b0 unknown :-1 s=BANNER_CONNECTING pgs=0 cs=0 l=0 rev1=0 crypto rx=0 tx=0 comp rx=0 tx=0)._handle_peer_banner_payload supported=3 required=0
2023-12-17T12:02:11.834 INFO:teuthology.orchestra.run.smithi027.stdout:/usr/bin/ceph: stderr
2023-12-17T12:02:11.288+0000 7f4577fff700 1 --2- >> [v2:172.21.15.27:3300/0,v1:172.21.15.27:6789/0] conn(0x7f457807ce50 0x7f457807b2b0 unknown :-1 s=HELLO_CONNECTING pgs=0 cs=0 l=0 rev1=1 crypto rx=0 tx=0 comp rx=0 tx=0).handle_hello peer v2:172.21.15.27:3300/0 says I am v2:172.21.15.27:43694/0 (socket says 172.21.15.27:43694)
2023-12-17T12:02:11.835 INFO:teuthology.orchestra.run.smithi027.stdout:/usr/bin/ceph: stderr
2023-12-17T12:02:11.288+0000 7f4577fff700 1 -- 172.21.15.27:0/1985539678 learned_addr learned my addr 172.21.15.27:0/1985539678 (peer_addr_for_me v2:172.21.15.27:0/0)
2023-12-17T12:02:11.835 INFO:teuthology.orchestra.run.smithi027.stdout:/usr/bin/ceph: stderr
2023-12-17T12:02:11.289+0000 7f4577fff700 1 -- 172.21.15.27:0/1985539678 --> [v2:172.21.15.27:3300/0,v1:172.21.15.27:6789/0] -- mon_subscribe({config=0+,monmap=0+}) v3 -- 0x7f457807b9c0 con 0x7f457807ce50
2023-12-17T12:02:11.835 INFO:teuthology.orchestra.run.smithi027.stdout:/usr/bin/ceph: stderr
2023-12-17T12:02:11.289+0000 7f4577fff700 1 --2- 172.21.15.27:0/1985539678 >> [v2:172.21.15.27:3300/0,v1:172.21.15.27:6789/0] conn(0x7f457807ce50 0x7f457807b2b0 secure :-1 s=READY pgs=55 cs=0 l=1 rev1=1 crypto rx=0x7f45680098a0 tx=0x7f4568009bb0 comp rx=0 tx=0).ready entity=mon.0 client_cookie=e9cb529ba00f3566 server_cookie=0 in_seq=0 out_seq=0
2023-12-17T12:02:11.835 INFO:teuthology.orchestra.run.smithi027.stdout:/usr/bin/ceph: stderr
2023-12-17T12:02:11.289+0000 7f4576ffd700 1 -- 172.21.15.27:0/1985539678 <== mon.0 v2:172.21.15.27:3300/0 1 ==== mon_map magic: 0 v1 ==== 205+0+0 (secure 0 0 0) 0x7f4568004160 con 0x7f457807ce50
2023-12-17T12:02:11.835 INFO:teuthology.orchestra.run.smithi027.stdout:/usr/bin/ceph: stderr
2023-12-17T12:02:11.289+0000 7f4576ffd700 1 -- 172.21.15.27:0/1985539678 <== mon.0 v2:172.21.15.27:3300/0 2 ==== config(25 keys) v1 ==== 1067+0+0 (secure 0 0 0) 0x7f45680042c0 con 0x7f457807ce50
2023-12-17T12:02:11.835 INFO:teuthology.orchestra.run.smithi027.stdout:/usr/bin/ceph: stderr
2023-12-17T12:02:11.289+0000 7f4576ffd700 1 -- 172.21.15.27:0/1985539678 <== mon.0 v2:172.21.15.27:3300/0 3 ==== mon_map magic: 0 v1 ==== 205+0+0 (secure 0 0 0) 0x7f45680118e0 con 0x7f457807ce50
2023-12-17T12:02:11.835 INFO:teuthology.orchestra.run.smithi027.stdout:/usr/bin/ceph: stderr
2023-12-17T12:02:11.290+0000 7f457d2d9700 1 -- 172.21.15.27:0/1985539678 >> [v2:172.21.15.27:3300/0,v1:172.21.15.27:6789/0] conn(0x7f457807ce50 msgr2=0x7f457807b2b0 secure :-1 s=STATE_CONNECTION_ESTABLISHED l=1).mark_down
2023-12-17T12:02:11.835 INFO:teuthology.orchestra.run.smithi027.stdout:/usr/bin/ceph: stderr
2023-12-17T12:02:11.290+0000 7f457d2d9700 1 --2- 172.21.15.27:0/1985539678 >> [v2:172.21.15.27:3300/0,v1:172.21.15.27:6789/0] conn(0x7f457807ce50 0x7f457807b2b0 secure :-1 s=READY pgs=55 cs=0 l=1 rev1=1 crypto rx=0x7f45680098a0 tx=0x7f4568009bb0 comp rx=0 tx=0).stop
2023-12-17T12:02:11.835 INFO:teuthology.orchestra.run.smithi027.stdout:/usr/bin/ceph: stderr
2023-12-17T12:02:11.290+0000 7f457d2d9700 1 -- 172.21.15.27:0/1985539678 shutdown_connections
2023-12-17T12:02:11.835 INFO:teuthology.orchestra.run.smithi027.stdout:/usr/bin/ceph: stderr
2023-12-17T12:02:11.290+0000 7f457d2d9700 1 --2- 172.21.15.27:0/1985539678 >> [v2:172.21.15.27:3300/0,v1:172.21.15.27:6789/0] conn(0x7f457807ce50 0x7f457807b2b0 unknown :-1 s=CLOSED pgs=55 cs=0 l=1 rev1=1 crypto rx=0 tx=0 comp rx=0 tx=0).stop
2023-12-17T12:02:11.835 INFO:teuthology.orchestra.run.smithi027.stdout:/usr/bin/ceph: stderr
2023-12-17T12:02:11.290+0000 7f457d2d9700 1 -- 172.21.15.27:0/1985539678 >> 172.21.15.27:0/1985539678 conn(0x7f4578101f90 msgr2=0x7f45781043b0 unknown :-1 s=STATE_NONE l=0).mark_down
2023-12-17T12:02:11.835 INFO:teuthology.orchestra.run.smithi027.stdout:/usr/bin/ceph: stderr
2023-12-17T12:02:11.290+0000 7f457d2d9700 1 -- 172.21.15.27:0/1985539678 shutdown_connections
2023-12-17T12:02:11.835 INFO:teuthology.orchestra.run.smithi027.stdout:/usr/bin/ceph: stderr
2023-12-17T12:02:11.291+0000 7f457d2d9700 1 -- 172.21.15.27:0/1985539678 wait complete.
2023-12-17T12:02:11.835 INFO:teuthology.orchestra.run.smithi027.stdout:/usr/bin/ceph: stderr
2023-12-17T12:02:11.292+0000 7f457d2d9700 1 Processor -- start
2023-12-17T12:02:11.836 INFO:teuthology.orchestra.run.smithi027.stdout:/usr/bin/ceph: stderr
2023-12-17T12:02:11.292+0000 7f457d2d9700 1 -- start start
2023-12-17T12:02:11.836 INFO:teuthology.orchestra.run.smithi027.stdout:/usr/bin/ceph: stderr
2023-12-17T12:02:11.292+0000 7f457d2d9700 1 --2- >> [v2:172.21.15.27:3300/0,v1:172.21.15.27:6789/0] conn(0x7f457807ce50 0x7f457819c8d0 unknown :-1 s=NONE pgs=0 cs=0 l=1 rev1=0 crypto rx=0 tx=0 comp rx=0 tx=0).connect
2023-12-17T12:02:11.836 INFO:teuthology.orchestra.run.smithi027.stdout:/usr/bin/ceph: stderr
2023-12-17T12:02:11.292+0000 7f457d2d9700 1 -- --> [v2:172.21.15.27:3300/0,v1:172.21.15.27:6789/0] -- mon_getmap magic: 0 v1 -- 0x7f457819ce10 con 0x7f457807ce50
2023-12-17T12:02:11.836 INFO:teuthology.orchestra.run.smithi027.stdout:/usr/bin/ceph: stderr
2023-12-17T12:02:11.292+0000 7f4577fff700 1 --2- >> [v2:172.21.15.27:3300/0,v1:172.21.15.27:6789/0] conn(0x7f457807ce50 0x7f457819c8d0 unknown :-1 s=BANNER_CONNECTING pgs=0 cs=0 l=1 rev1=0 crypto rx=0 tx=0 comp rx=0 tx=0)._handle_peer_banner_payload supported=3 required=0
2023-12-17T12:02:11.836 INFO:teuthology.orchestra.run.smithi027.stdout:/usr/bin/ceph: stderr
2023-12-17T12:02:11.293+0000 7f4577fff700 1 --2- >> [v2:172.21.15.27:3300/0,v1:172.21.15.27:6789/0] conn(0x7f457807ce50 0x7f457819c8d0 unknown :-1 s=HELLO_CONNECTING pgs=0 cs=0 l=1 rev1=1 crypto rx=0 tx=0 comp rx=0 tx=0).handle_hello peer v2:172.21.15.27:3300/0 says I am v2:172.21.15.27:43710/0 (socket says 172.21.15.27:43710)
2023-12-17T12:02:11.836 INFO:teuthology.orchestra.run.smithi027.stdout:/usr/bin/ceph: stderr
2023-12-17T12:02:11.293+0000 7f4577fff700 1 -- 172.21.15.27:0/795872921 learned_addr learned my addr 172.21.15.27:0/795872921 (peer_addr_for_me v2:172.21.15.27:0/0)
2023-12-17T12:02:11.836 INFO:teuthology.orchestra.run.smithi027.stdout:/usr/bin/ceph: stderr
2023-12-17T12:02:11.293+0000 7f4577fff700 1 -- 172.21.15.27:0/795872921 --> [v2:172.21.15.27:3300/0,v1:172.21.15.27:6789/0] -- mon_subscribe({config=0+,monmap=0+}) v3 -- 0x7f4568009550 con 0x7f457807ce50
2023-12-17T12:02:11.836 INFO:teuthology.orchestra.run.smithi027.stdout:/usr/bin/ceph: stderr
