2023-12-17T12:01:53.801+0000 7f1bff7fe700 1 -- 172.21.15.38:0/1827310098 <== mon.0 v2:172.21.15.38:3300/0 4 ==== mgrmap(e 8) v1 ==== 45580+0+0 (secure 0 0 0) 0x7f1c0001b440 con 0x7f1c10106ad0
2023-12-17T12:01:54.621 INFO:teuthology.orchestra.run.smithi038.stdout:/usr/bin/ceph: stderr
2023-12-17T12:01:53.801+0000 7f1c14a56700 1 -- 172.21.15.38:0/1827310098 --> [v2:172.21.15.38:3300/0,v1:172.21.15.38:6789/0] -- mon_command({"prefix": "get_command_descriptions"} v 0) v1 -- 0x7f1c100685a0 con 0x7f1c10106ad0
2023-12-17T12:01:54.622 INFO:teuthology.orchestra.run.smithi038.stdout:/usr/bin/ceph: stderr
2023-12-17T12:01:53.801+0000 7f1bff7fe700 1 --2- 172.21.15.38:0/1827310098 >> [v2:172.21.15.38:6800/989195965,v1:172.21.15.38:6801/989195965] conn(0x7f1bf8038870 0x7f1bf803ad30 unknown :-1 s=NONE pgs=0 cs=0 l=1 rev1=0 crypto rx=0 tx=0 comp rx=0 tx=0).connect
2023-12-17T12:01:54.622 INFO:teuthology.orchestra.run.smithi038.stdout:/usr/bin/ceph: stderr
2023-12-17T12:01:53.801+0000 7f1bff7fe700 1 -- 172.21.15.38:0/1827310098 <== mon.0 v2:172.21.15.38:3300/0 5 ==== osd_map(2..2 src has 1..2) v4 ==== 940+0+0 (secure 0 0 0) 0x7f1c0004c810 con 0x7f1c10106ad0
2023-12-17T12:01:54.622 INFO:teuthology.orchestra.run.smithi038.stdout:/usr/bin/ceph: stderr
2023-12-17T12:01:53.801+0000 7f1c0dd9b700 1 --2- 172.21.15.38:0/1827310098 >> [v2:172.21.15.38:6800/989195965,v1:172.21.15.38:6801/989195965] conn(0x7f1bf8038870 0x7f1bf803ad30 unknown :-1 s=BANNER_CONNECTING pgs=0 cs=0 l=1 rev1=0 crypto rx=0 tx=0 comp rx=0 tx=0)._handle_peer_banner_payload supported=3 required=0
2023-12-17T12:01:54.622 INFO:teuthology.orchestra.run.smithi038.stdout:/usr/bin/ceph: stderr
2023-12-17T12:01:53.802+0000 7f1c0dd9b700 1 --2- 172.21.15.38:0/1827310098 >> [v2:172.21.15.38:6800/989195965,v1:172.21.15.38:6801/989195965] conn(0x7f1bf8038870 0x7f1bf803ad30 secure :-1 s=READY pgs=9 cs=0 l=1 rev1=1 crypto rx=0x7f1c04006fd0 tx=0x7f1c04006e40 comp rx=0 tx=0).ready entity=mgr.14122 client_cookie=0 server_cookie=0 in_seq=0 out_seq=0
2023-12-17T12:01:54.622 INFO:teuthology.orchestra.run.smithi038.stdout:/usr/bin/ceph: stderr
2023-12-17T12:01:53.807+0000 7f1bff7fe700 1 -- 172.21.15.38:0/1827310098 <== mon.0 v2:172.21.15.38:3300/0 6 ==== mon_command_ack([{"prefix": "get_command_descriptions"}]=0 v0) v1 ==== 72+0+180949 (secure 0 0 0) 0x7f1c0001b720 con 0x7f1c10106ad0
2023-12-17T12:01:54.622 INFO:teuthology.orchestra.run.smithi038.stdout:/usr/bin/ceph: stderr
2023-12-17T12:01:54.018+0000 7f1c14a56700 1 -- 172.21.15.38:0/1827310098 --> [v2:172.21.15.38:6800/989195965,v1:172.21.15.38:6801/989195965] -- mgr_command(tid 0: {"prefix": "cephadm generate-key", "target": ["mon-mgr", ""]}) v1 -- 0x7f1c1007be80 con 0x7f1bf8038870
2023-12-17T12:01:54.622 INFO:teuthology.orchestra.run.smithi038.stdout:/usr/bin/ceph: stderr
2023-12-17T12:01:54.290+0000 7f1bff7fe700 1 -- 172.21.15.38:0/1827310098 <== mgr.14122 v2:172.21.15.38:6800/989195965 1 ==== mgr_command_reply(tid 0: 0 ) v1 ==== 8+0+0 (secure 0 0 0) 0x7f1c1007be80 con 0x7f1bf8038870
2023-12-17T12:01:54.622 INFO:teuthology.orchestra.run.smithi038.stdout:/usr/bin/ceph: stderr
2023-12-17T12:01:54.293+0000 7f1c14a56700 1 -- 172.21.15.38:0/1827310098 >> [v2:172.21.15.38:6800/989195965,v1:172.21.15.38:6801/989195965] conn(0x7f1bf8038870 msgr2=0x7f1bf803ad30 secure :-1 s=STATE_CONNECTION_ESTABLISHED l=1).mark_down
2023-12-17T12:01:54.622 INFO:teuthology.orchestra.run.smithi038.stdout:/usr/bin/ceph: stderr
2023-12-17T12:01:54.293+0000 7f1c14a56700 1 --2- 172.21.15.38:0/1827310098 >> [v2:172.21.15.38:6800/989195965,v1:172.21.15.38:6801/989195965] conn(0x7f1bf8038870 0x7f1bf803ad30 secure :-1 s=READY pgs=9 cs=0 l=1 rev1=1 crypto rx=0x7f1c04006fd0 tx=0x7f1c04006e40 comp rx=0 tx=0).stop
2023-12-17T12:01:54.622 INFO:teuthology.orchestra.run.smithi038.stdout:/usr/bin/ceph: stderr
2023-12-17T12:01:54.293+0000 7f1c14a56700 1 -- 172.21.15.38:0/1827310098 >> [v2:172.21.15.38:3300/0,v1:172.21.15.38:6789/0] conn(0x7f1c10106ad0 msgr2=0x7f1c1007cb00 secure :-1 s=STATE_CONNECTION_ESTABLISHED l=1).mark_down
2023-12-17T12:01:54.622 INFO:teuthology.orchestra.run.smithi038.stdout:/usr/bin/ceph: stderr
2023-12-17T12:01:54.293+0000 7f1c14a56700 1 --2- 172.21.15.38:0/1827310098 >> [v2:172.21.15.38:3300/0,v1:172.21.15.38:6789/0] conn(0x7f1c10106ad0 0x7f1c1007cb00 secure :-1 s=READY pgs=44 cs=0 l=1 rev1=1 crypto rx=0x7f1c00003f20 tx=0x7f1c00011f00 comp rx=0 tx=0).stop
2023-12-17T12:01:54.622 INFO:teuthology.orchestra.run.smithi038.stdout:/usr/bin/ceph: stderr
2023-12-17T12:01:54.293+0000 7f1c14a56700 1 -- 172.21.15.38:0/1827310098 shutdown_connections
2023-12-17T12:01:54.622 INFO:teuthology.orchestra.run.smithi038.stdout:/usr/bin/ceph: stderr
2023-12-17T12:01:54.293+0000 7f1c14a56700 1 --2- 172.21.15.38:0/1827310098 >> [v2:172.21.15.38:6800/989195965,v1:172.21.15.38:6801/989195965] conn(0x7f1bf8038870 0x7f1bf803ad30 unknown :-1 s=CLOSED pgs=9 cs=0 l=1 rev1=1 crypto rx=0 tx=0 comp rx=0 tx=0).stop
2023-12-17T12:01:54.622 INFO:teuthology.orchestra.run.smithi038.stdout:/usr/bin/ceph: stderr
2023-12-17T12:01:54.293+0000 7f1c14a56700 1 --2- 172.21.15.38:0/1827310098 >> [v2:172.21.15.38:3300/0,v1:172.21.15.38:6789/0] conn(0x7f1c10106ad0 0x7f1c1007cb00 unknown :-1 s=CLOSED pgs=44 cs=0 l=1 rev1=1 crypto rx=0 tx=0 comp rx=0 tx=0).stop
2023-12-17T12:01:54.623 INFO:teuthology.orchestra.run.smithi038.stdout:/usr/bin/ceph: stderr
2023-12-17T12:01:54.293+0000 7f1c14a56700 1 -- 172.21.15.38:0/1827310098 >> 172.21.15.38:0/1827310098 conn(0x7f1c10102030 msgr2=0x7f1c10102c00 unknown :-1 s=STATE_NONE l=0).mark_down
2023-12-17T12:01:54.623 INFO:teuthology.orchestra.run.smithi038.stdout:/usr/bin/ceph: stderr
2023-12-17T12:01:54.293+0000 7f1c14a56700 1 -- 172.21.15.38:0/1827310098 shutdown_connections
2023-12-17T12:01:54.623 INFO:teuthology.orchestra.run.smithi038.stdout:/usr/bin/ceph: stderr
2023-12-17T12:01:54.293+0000 7f1c14a56700 1 -- 172.21.15.38:0/1827310098 wait complete.
2023-12-17T12:01:55.263 INFO:journalctl@ceph.mon.a.smithi038.stdout:Dec 17 12:01:54 smithi038 ceph-mon[37109]: [17/Dec/2023:12:01:53] ENGINE Serving on https://172.21.15.38:7150
2023-12-17T12:01:55.263 INFO:journalctl@ceph.mon.a.smithi038.stdout:Dec 17 12:01:54 smithi038 ceph-mon[37109]: [17/Dec/2023:12:01:53] ENGINE Serving on http://172.21.15.38:8765
2023-12-17T12:01:55.263 INFO:journalctl@ceph.mon.a.smithi038.stdout:Dec 17 12:01:54 smithi038 ceph-mon[37109]: [17/Dec/2023:12:01:53] ENGINE Bus STARTED
2023-12-17T12:01:55.264 INFO:journalctl@ceph.mon.a.smithi038.stdout:Dec 17 12:01:54 smithi038 ceph-mon[37109]: from='client.14138 -' entity='client.admin' cmd=[{"prefix": "cephadm generate-key", "target": ["mon-mgr", ""]}]: dispatch
2023-12-17T12:01:55.264 INFO:journalctl@ceph.mon.a.smithi038.stdout:Dec 17 12:01:54 smithi038 ceph-mon[37109]: Generating ssh key...
2023-12-17T12:01:55.264 INFO:journalctl@ceph.mon.a.smithi038.stdout:Dec 17 12:01:54 smithi038 ceph-mon[37109]: from='mgr.14122 172.21.15.38:0/3667908204' entity='mgr.x'
2023-12-17T12:01:55.264 INFO:journalctl@ceph.mon.a.smithi038.stdout:Dec 17 12:01:54 smithi038 ceph-mon[37109]: from='mgr.14122 172.21.15.38:0/3667908204' entity='mgr.x'
2023-12-17T12:01:55.584 INFO:teuthology.orchestra.run.smithi038.stdout:/usr/bin/ceph: stdout ssh-rsa AAAAB3NzaC1yc2EAAAADAQABAAABgQDsv0bySw68YcbhHOLAuUd6SyKu4n1ttznR17yiBxiYdQ5sYjj/7CNPBO+R9IMCUgCGiWIPSzT/NYufQVlgPlWmG+/97jubgXsCS8T5f/p3i+IPx5NvrwZBJ0tlcN6Y7J29CfBtA6RDnFfZfOWmEckpsV0wyoXf7MXMu3nIffiYmPCtGlyxLQVASgnQYHoIBw4RJ23RCsxWXjXaRW/g7abIqymp2mjOuxPvkjpXElGXKq2cREJG2mrq5ics3XE/y8TLOteuBdhWXheKVCxWKEaOm4Qzdcm0Y5kbQXExWWrNFnlhNrXNi2GrySYSA95QQK65UmXJGkYctfMIgXkOe8UtA0Ev0triFYpmB7rOWHw6AVt/V0M7rHrHCeQQ7epXb50NP+Wdia86vXdfyN4jPqCp7jNKzsz8BEFtSNSD9+X6va1AhUtDsPLoCKu7NOG3wZJLjjxupBPesulmUcZjZ8uckEkWwtmVa4bQv4ybcLBqozKD4LX9ABti5Iq6b9eGPhM= ceph-5c895514-9cd3-11ee-95a5-87774f69a715
2023-12-17T12:01:55.584 INFO:teuthology.orchestra.run.smithi038.stdout:/usr/bin/ceph: stderr
2023-12-17T12:01:55.012+0000 7fb285607700 1 Processor -- start
2023-12-17T12:01:55.584 INFO:teuthology.orchestra.run.smithi038.stdout:/usr/bin/ceph: stderr
2023-12-17T12:01:55.012+0000 7fb285607700 1 -- start start
2023-12-17T12:01:55.584 INFO:teuthology.orchestra.run.smithi038.stdout:/usr/bin/ceph: stderr
2023-12-17T12:01:55.013+0000 7fb285607700 1 --2- >> [v2:172.21.15.38:3300/0,v1:172.21.15.38:6789/0] conn(0x7fb28007ce40 0x7fb28007b2a0 unknown :-1 s=NONE pgs=0 cs=0 l=0 rev1=0 crypto rx=0 tx=0 comp rx=0 tx=0).connect
2023-12-17T12:01:55.584 INFO:teuthology.orchestra.run.smithi038.stdout:/usr/bin/ceph: stderr
2023-12-17T12:01:55.013+0000 7fb285607700 1 -- --> [v2:172.21.15.38:3300/0,v1:172.21.15.38:6789/0] -- mon_getmap magic: 0 v1 -- 0x7fb28007b870 con 0x7fb28007ce40
2023-12-17T12:01:55.584 INFO:teuthology.orchestra.run.smithi038.stdout:/usr/bin/ceph: stderr
2023-12-17T12:01:55.013+0000 7fb27effd700 1 --2- >> [v2:172.21.15.38:3300/0,v1:172.21.15.38:6789/0] conn(0x7fb28007ce40 0x7fb28007b2a0 unknown :-1 s=BANNER_CONNECTING pgs=0 cs=0 l=0 rev1=0 crypto rx=0 tx=0 comp rx=0 tx=0)._handle_peer_banner_payload supported=3 required=0
2023-12-17T12:01:55.584 INFO:teuthology.orchestra.run.smithi038.stdout:/usr/bin/ceph: stderr
2023-12-17T12:01:55.013+0000 7fb27effd700 1 --2- >> [v2:172.21.15.38:3300/0,v1:172.21.15.38:6789/0] conn(0x7fb28007ce40 0x7fb28007b2a0 unknown :-1 s=HELLO_CONNECTING pgs=0 cs=0 l=0 rev1=1 crypto rx=0 tx=0 comp rx=0 tx=0).handle_hello peer v2:172.21.15.38:3300/0 says I am v2:172.21.15.38:56594/0 (socket says 172.21.15.38:56594)
2023-12-17T12:01:55.584 INFO:teuthology.orchestra.run.smithi038.stdout:/usr/bin/ceph: stderr
2023-12-17T12:01:55.013+0000 7fb27effd700 1 -- 172.21.15.38:0/3981339545 learned_addr learned my addr 172.21.15.38:0/3981339545 (peer_addr_for_me v2:172.21.15.38:0/0)
2023-12-17T12:01:55.585 INFO:teuthology.orchestra.run.smithi038.stdout:/usr/bin/ceph: stderr
2023-12-17T12:01:55.014+0000 7fb27effd700 1 -- 172.21.15.38:0/3981339545 --> [v2:172.21.15.38:3300/0,v1:172.21.15.38:6789/0] -- mon_subscribe({config=0+,monmap=0+}) v3 -- 0x7fb28007b9b0 con 0x7fb28007ce40
2023-12-17T12:01:55.585 INFO:teuthology.orchestra.run.smithi038.stdout:/usr/bin/ceph: stderr
2023-12-17T12:01:55.014+0000 7fb27effd700 1 --2- 172.21.15.38:0/3981339545 >> [v2:172.21.15.38:3300/0,v1:172.21.15.38:6789/0] conn(0x7fb28007ce40 0x7fb28007b2a0 secure :-1 s=READY pgs=45 cs=0 l=1 rev1=1 crypto rx=0x7fb2700098a0 tx=0x7fb270009bb0 comp rx=0 tx=0).ready entity=mon.0 client_cookie=8b1659efa47de7f1 server_cookie=0 in_seq=0 out_seq=0
2023-12-17T12:01:55.585 INFO:teuthology.orchestra.run.smithi038.stdout:/usr/bin/ceph: stderr
2023-12-17T12:01:55.014+0000 7fb27dffb700 1 -- 172.21.15.38:0/3981339545 <== mon.0 v2:172.21.15.38:3300/0 1 ==== mon_map magic: 0 v1 ==== 205+0+0 (secure 0 0 0) 0x7fb270004160 con 0x7fb28007ce40
2023-12-17T12:01:55.585 INFO:teuthology.orchestra.run.smithi038.stdout:/usr/bin/ceph: stderr
2023-12-17T12:01:55.014+0000 7fb27dffb700 1 -- 172.21.15.38:0/3981339545 <== mon.0 v2:172.21.15.38:3300/0 2 ==== config(25 keys) v1 ==== 1036+0+0 (secure 0 0 0) 0x7fb2700042c0 con 0x7fb28007ce40
2023-12-17T12:01:55.585 INFO:teuthology.orchestra.run.smithi038.stdout:/usr/bin/ceph: stderr
2023-12-17T12:01:55.014+0000 7fb27dffb700 1 -- 172.21.15.38:0/3981339545 <== mon.0 v2:172.21.15.38:3300/0 3 ==== mon_map magic: 0 v1 ==== 205+0+0 (secure 0 0 0) 0x7fb270011940 con 0x7fb28007ce40
2023-12-17T12:01:55.585 INFO:teuthology.orchestra.run.smithi038.stdout:/usr/bin/ceph: stderr
2023-12-17T12:01:55.015+0000 7fb285607700 1 -- 172.21.15.38:0/3981339545 >> [v2:172.21.15.38:3300/0,v1:172.21.15.38:6789/0] conn(0x7fb28007ce40 msgr2=0x7fb28007b2a0 secure :-1 s=STATE_CONNECTION_ESTABLISHED l=1).mark_down
2023-12-17T12:01:55.585 INFO:teuthology.orchestra.run.smithi038.stdout:/usr/bin/ceph: stderr
2023-12-17T12:01:55.015+0000 7fb285607700 1 --2- 172.21.15.38:0/3981339545 >> [v2:172.21.15.38:3300/0,v1:172.21.15.38:6789/0] conn(0x7fb28007ce40 0x7fb28007b2a0 secure :-1 s=READY pgs=45 cs=0 l=1 rev1=1 crypto rx=0x7fb2700098a0 tx=0x7fb270009bb0 comp rx=0 tx=0).stop
2023-12-17T12:01:55.585 INFO:teuthology.orchestra.run.smithi038.stdout:/usr/bin/ceph: stderr
2023-12-17T12:01:55.015+0000 7fb285607700 1 -- 172.21.15.38:0/3981339545 shutdown_connections
2023-12-17T12:01:55.585 INFO:teuthology.orchestra.run.smithi038.stdout:/usr/bin/ceph: stderr
2023-12-17T12:01:55.015+0000 7fb285607700 1 --2- 172.21.15.38:0/3981339545 >> [v2:172.21.15.38:3300/0,v1:172.21.15.38:6789/0] conn(0x7fb28007ce40 0x7fb28007b2a0 unknown :-1 s=CLOSED pgs=45 cs=0 l=1 rev1=1 crypto rx=0 tx=0 comp rx=0 tx=0).stop
2023-12-17T12:01:55.585 INFO:teuthology.orchestra.run.smithi038.stdout:/usr/bin/ceph: stderr
2023-12-17T12:01:55.015+0000 7fb285607700 1 -- 172.21.15.38:0/3981339545 >> 172.21.15.38:0/3981339545 conn(0x7fb280102030 msgr2=0x7fb2801044b0 unknown :-1 s=STATE_NONE l=0).mark_down
2023-12-17T12:01:55.585 INFO:teuthology.orchestra.run.smithi038.stdout:/usr/bin/ceph: stderr
2023-12-17T12:01:55.015+0000 7fb285607700 1 -- 172.21.15.38:0/3981339545 shutdown_connections
2023-12-17T12:01:55.585 INFO:teuthology.orchestra.run.smithi038.stdout:/usr/bin/ceph: stderr
2023-12-17T12:01:55.015+0000 7fb285607700 1 -- 172.21.15.38:0/3981339545 wait complete.
2023-12-17T12:01:55.585 INFO:teuthology.orchestra.run.smithi038.stdout:/usr/bin/ceph: stderr
2023-12-17T12:01:55.016+0000 7fb285607700 1 Processor -- start
2023-12-17T12:01:55.586 INFO:teuthology.orchestra.run.smithi038.stdout:/usr/bin/ceph: stderr
2023-12-17T12:01:55.016+0000 7fb285607700 1 -- start start
2023-12-17T12:01:55.586 INFO:teuthology.orchestra.run.smithi038.stdout:/usr/bin/ceph: stderr
2023-12-17T12:01:55.016+0000 7fb285607700 1 --2- >> [v2:172.21.15.38:3300/0,v1:172.21.15.38:6789/0] conn(0x7fb28007ce40 0x7fb28019c940 unknown :-1 s=NONE pgs=0 cs=0 l=1 rev1=0 crypto rx=0 tx=0 comp rx=0 tx=0).connect
2023-12-17T12:01:55.586 INFO:teuthology.orchestra.run.smithi038.stdout:/usr/bin/ceph: stderr
2023-12-17T12:01:55.016+0000 7fb285607700 1 -- --> [v2:172.21.15.38:3300/0,v1:172.21.15.38:6789/0] -- mon_getmap magic: 0 v1 -- 0x7fb28019ce80 con 0x7fb28007ce40
2023-12-17T12:01:55.586 INFO:teuthology.orchestra.run.smithi038.stdout:/usr/bin/ceph: stderr
2023-12-17T12:01:55.017+0000 7fb27effd700 1 --2- >> [v2:172.21.15.38:3300/0,v1:172.21.15.38:6789/0] conn(0x7fb28007ce40 0x7fb28019c940 unknown :-1 s=BANNER_CONNECTING pgs=0 cs=0 l=1 rev1=0 crypto rx=0 tx=0 comp rx=0 tx=0)._handle_peer_banner_payload supported=3 required=0
2023-12-17T12:01:55.586 INFO:teuthology.orchestra.run.smithi038.stdout:/usr/bin/ceph: stderr
2023-12-17T12:01:55.017+0000 7fb27effd700 1 --2- >> [v2:172.21.15.38:3300/0,v1:172.21.15.38:6789/0] conn(0x7fb28007ce40 0x7fb28019c940 unknown :-1 s=HELLO_CONNECTING pgs=0 cs=0 l=1 rev1=1 crypto rx=0 tx=0 comp rx=0 tx=0).handle_hello peer v2:172.21.15.38:3300/0 says I am v2:172.21.15.38:56598/0 (socket says 172.21.15.38:56598)
2023-12-17T12:01:55.586 INFO:teuthology.orchestra.run.smithi038.stdout:/usr/bin/ceph: stderr
2023-12-17T12:01:55.017+0000 7fb27effd700 1 -- 172.21.15.38:0/2863609667 learned_addr learned my addr 172.21.15.38:0/2863609667 (peer_addr_for_me v2:172.21.15.38:0/0)
2023-12-17T12:01:55.586 INFO:teuthology.orchestra.run.smithi038.stdout:/usr/bin/ceph: stderr
2023-12-17T12:01:55.017+0000 7fb27effd700 1 -- 172.21.15.38:0/2863609667 --> [v2:172.21.15.38:3300/0,v1:172.21.15.38:6789/0] -- mon_subscribe({config=0+,monmap=0+}) v3 -- 0x7fb270009550 con 0x7fb28007ce40
2023-12-17T12:01:55.586 INFO:teuthology.orchestra.run.smithi038.stdout:/usr/bin/ceph: stderr
2023-12-17T12:01:55.017+0000 7fb27effd700 1 --2- 172.21.15.38:0/2863609667 >> [v2:172.21.15.38:3300/0,v1:172.21.15.38:6789/0] conn(0x7fb28007ce40 0x7fb28019c940 secure :-1 s=READY pgs=46 cs=0 l=1 rev1=1 crypto rx=0x7fb270003f20 tx=0x7fb270011f00 comp rx=0 tx=0).ready entity=mon.0 client_cookie=0 server_cookie=0 in_seq=0 out_seq=0
2023-12-17T12:01:55.586 INFO:teuthology.orchestra.run.smithi038.stdout:/usr/bin/ceph: stderr
2023-12-17T12:01:55.017+0000 7fb267fff700 1 -- 172.21.15.38:0/2863609667 <== mon.0 v2:172.21.15.38:3300/0 1 ==== mon_map magic: 0 v1 ==== 205+0+0 (secure 0 0 0) 0x7fb2700037d0 con 0x7fb28007ce40
2023-12-17T12:01:55.586 INFO:teuthology.orchestra.run.smithi038.stdout:/usr/bin/ceph: stderr
2023-12-17T12:01:55.018+0000 7fb267fff700 1 -- 172.21.15.38:0/2863609667 <== mon.0 v2:172.21.15.38:3300/0 2 ==== config(25 keys) v1 ==== 1036+0+0 (secure 0 0 0) 0x7fb27001b440 con 0x7fb28007ce40
2023-12-17T12:01:55.586 INFO:teuthology.orchestra.run.smithi038.stdout:/usr/bin/ceph: stderr
2023-12-17T12:01:55.018+0000 7fb267fff700 1 -- 172.21.15.38:0/2863609667 <== mon.0 v2:172.21.15.38:3300/0 3 ==== mon_map magic: 0 v1 ==== 205+0+0 (secure 0 0 0) 0x7fb270023590 con 0x7fb28007ce40
2023-12-17T12:01:55.586 INFO:teuthology.orchestra.run.smithi038.stdout:/usr/bin/ceph: stderr
2023-12-17T12:01:55.018+0000 7fb285607700 1 -- 172.21.15.38:0/2863609667 --> [v2:172.21.15.38:3300/0,v1:172.21.15.38:6789/0] -- mon_subscribe({mgrmap=0+}) v3 -- 0x7fb28019d080 con 0x7fb28007ce40
2023-12-17T12:01:55.586 INFO:teuthology.orchestra.run.smithi038.stdout:/usr/bin/ceph: stderr
2023-12-17T12:01:55.018+0000 7fb285607700 1 -- 172.21.15.38:0/2863609667 --> [v2:172.21.15.38:3300/0,v1:172.21.15.38:6789/0] -- mon_subscribe({osdmap=0}) v3 -- 0x7fb28019d520 con 0x7fb28007ce40
2023-12-17T12:01:55.586 INFO:teuthology.orchestra.run.smithi038.stdout:/usr/bin/ceph: stderr
2023-12-17T12:01:55.019+0000 7fb267fff700 1 -- 172.21.15.38:0/2863609667 <== mon.0 v2:172.21.15.38:3300/0 4 ==== mgrmap(e 8) v1 ==== 45580+0+0 (secure 0 0 0) 0x7fb27001b5b0 con 0x7fb28007ce40
2023-12-17T12:01:55.587 INFO:teuthology.orchestra.run.smithi038.stdout:/usr/bin/ceph: stderr
2023-12-17T12:01:55.019+0000 7fb265ffb700 1 -- 172.21.15.38:0/2863609667 --> [v2:172.21.15.38:3300/0,v1:172.21.15.38:6789/0] -- mon_command({"prefix": "get_command_descriptions"} v 0) v1 -- 0x7fb28010ce20 con 0x7fb28007ce40
2023-12-17T12:01:55.587 INFO:teuthology.orchestra.run.smithi038.stdout:/usr/bin/ceph: stderr
2023-12-17T12:01:55.019+0000 7fb267fff700 1 --2- 172.21.15.38:0/2863609667 >> [v2:172.21.15.38:6800/989195965,v1:172.21.15.38:6801/989195965] conn(0x7fb268038870 0x7fb26803ad30 unknown :-1 s=NONE pgs=0 cs=0 l=1 rev1=0 crypto rx=0 tx=0 comp rx=0 tx=0).connect
2023-12-17T12:01:55.587 INFO:teuthology.orchestra.run.smithi038.stdout:/usr/bin/ceph: stderr
2023-12-17T12:01:55.019+0000 7fb267fff700 1 -- 172.21.15.38:0/2863609667 <== mon.0 v2:172.21.15.38:3300/0 5 ==== osd_map(2..2 src has 1..2) v4 ==== 940+0+0 (secure 0 0 0) 0x7fb27004c800 con 0x7fb28007ce40
2023-12-17T12:01:55.587 INFO:teuthology.orchestra.run.smithi038.stdout:/usr/bin/ceph: stderr
2023-12-17T12:01:55.019+0000 7fb27e7fc700 1 --2- 172.21.15.38:0/2863609667 >> [v2:172.21.15.38:6800/989195965,v1:172.21.15.38:6801/989195965] conn(0x7fb268038870 0x7fb26803ad30 unknown :-1 s=BANNER_CONNECTING pgs=0 cs=0 l=1 rev1=0 crypto rx=0 tx=0 comp rx=0 tx=0)._handle_peer_banner_payload supported=3 required=0
2023-12-17T12:01:55.587 INFO:teuthology.orchestra.run.smithi038.stdout:/usr/bin/ceph: stderr
2023-12-17T12:01:55.020+0000 7fb27e7fc700 1 --2- 172.21.15.38:0/2863609667 >> [v2:172.21.15.38:6800/989195965,v1:172.21.15.38:6801/989195965] conn(0x7fb268038870 0x7fb26803ad30 secure :-1 s=READY pgs=10 cs=0 l=1 rev1=1 crypto rx=0x7fb274006fd0 tx=0x7fb274006e40 comp rx=0 tx=0).ready entity=mgr.14122 client_cookie=0 server_cookie=0 in_seq=0 out_seq=0
2023-12-17T12:01:55.587 INFO:teuthology.orchestra.run.smithi038.stdout:/usr/bin/ceph: stderr
2023-12-17T12:01:55.024+0000 7fb267fff700 1 -- 172.21.15.38:0/2863609667 <== mon.0 v2:172.21.15.38:3300/0 6 ==== mon_command_ack([{"prefix": "get_command_descriptions"}]=0 v0) v1 ==== 72+0+180949 (secure 0 0 0) 0x7fb27001b920 con 0x7fb28007ce40
2023-12-17T12:01:55.587 INFO:teuthology.orchestra.run.smithi038.stdout:/usr/bin/ceph: stderr
2023-12-17T12:01:55.236+0000 7fb265ffb700 1 -- 172.21.15.38:0/2863609667 --> [v2:172.21.15.38:6800/989195965,v1:172.21.15.38:6801/989195965] -- mgr_command(tid 0: {"prefix": "cephadm get-pub-key", "target": ["mon-mgr", ""]}) v1 -- 0x7fb28010d060 con 0x7fb268038870
2023-12-17T12:01:55.587 INFO:teuthology.orchestra.run.smithi038.stdout:/usr/bin/ceph: stderr
2023-12-17T12:01:55.237+0000 7fb267fff700 1 -- 172.21.15.38:0/2863609667 <== mgr.14122 v2:172.21.15.38:6800/989195965 1 ==== mgr_command_reply(tid 0: 0 ) v1 ==== 8+0+595 (secure 0 0 0) 0x7fb28010d060 con 0x7fb268038870
2023-12-17T12:01:55.587 INFO:teuthology.orchestra.run.smithi038.stdout:/usr/bin/ceph: stderr
2023-12-17T12:01:55.239+0000 7fb265ffb700 1 -- 172.21.15.38:0/2863609667 >> [v2:172.21.15.38:6800/989195965,v1:172.21.15.38:6801/989195965] conn(0x7fb268038870 msgr2=0x7fb26803ad30 secure :-1 s=STATE_CONNECTION_ESTABLISHED l=1).mark_down
2023-12-17T12:01:55.587 INFO:teuthology.orchestra.run.smithi038.stdout:/usr/bin/ceph: stderr
2023-12-17T12:01:55.239+0000 7fb265ffb700 1 --2- 172.21.15.38:0/2863609667 >> [v2:172.21.15.38:6800/989195965,v1:172.21.15.38:6801/989195965] conn(0x7fb268038870 0x7fb26803ad30 secure :-1 s=READY pgs=10 cs=0 l=1 rev1=1 crypto rx=0x7fb274006fd0 tx=0x7fb274006e40 comp rx=0 tx=0).stop
2023-12-17T12:01:55.587 INFO:teuthology.orchestra.run.smithi038.stdout:/usr/bin/ceph: stderr
2023-12-17T12:01:55.239+0000 7fb265ffb700 1 -- 172.21.15.38:0/2863609667 >> [v2:172.21.15.38:3300/0,v1:172.21.15.38:6789/0] conn(0x7fb28007ce40 msgr2=0x7fb28019c940 secure :-1 s=STATE_CONNECTION_ESTABLISHED l=1).mark_down
2023-12-17T12:01:55.587 INFO:teuthology.orchestra.run.smithi038.stdout:/usr/bin/ceph: stderr
2023-12-17T12:01:55.239+0000 7fb265ffb700 1 --2- 172.21.15.38:0/2863609667 >> [v2:172.21.15.38:3300/0,v1:172.21.15.38:6789/0] conn(0x7fb28007ce40 0x7fb28019c940 secure :-1 s=READY pgs=46 cs=0 l=1 rev1=1 crypto rx=0x7fb270003f20 tx=0x7fb270011f00 comp rx=0 tx=0).stop
2023-12-17T12:01:55.587 INFO:teuthology.orchestra.run.smithi038.stdout:/usr/bin/ceph: stderr
2023-12-17T12:01:55.239+0000 7fb265ffb700 1 -- 172.21.15.38:0/2863609667 shutdown_connections
2023-12-17T12:01:55.588 INFO:teuthology.orchestra.run.smithi038.stdout:/usr/bin/ceph: stderr
2023-12-17T12:01:55.239+0000 7fb265ffb700 1 --2- 172.21.15.38:0/2863609667 >> [v2:172.21.15.38:6800/989195965,v1:172.21.15.38:6801/989195965] conn(0x7fb268038870 0x7fb26803ad30 unknown :-1 s=CLOSED pgs=10 cs=0 l=1 rev1=1 crypto rx=0 tx=0 comp rx=0 tx=0).stop
2023-12-17T12:01:55.588 INFO:teuthology.orchestra.run.smithi038.stdout:/usr/bin/ceph: stderr
2023-12-17T12:01:55.239+0000 7fb265ffb700 1 --2- 172.21.15.38:0/2863609667 >> [v2:172.21.15.38:3300/0,v1:172.21.15.38:6789/0] conn(0x7fb28007ce40 0x7fb28019c940 unknown :-1 s=CLOSED pgs=46 cs=0 l=1 rev1=1 crypto rx=0 tx=0 comp rx=0 tx=0).stop
2023-12-17T12:01:55.588 INFO:teuthology.orchestra.run.smithi038.stdout:/usr/bin/ceph: stderr
2023-12-17T12:01:55.239+0000 7fb265ffb700 1 -- 172.21.15.38:0/2863609667 >> 172.21.15.38:0/2863609667 conn(0x7fb280102030 msgr2=0x7fb280102c10 unknown :-1 s=STATE_NONE l=0).mark_down
2023-12-17T12:01:55.588 INFO:teuthology.orchestra.run.smithi038.stdout:/usr/bin/ceph: stderr
2023-12-17T12:01:55.239+0000 7fb265ffb700 1 -- 172.21.15.38:0/2863609667 shutdown_connections
2023-12-17T12:01:55.588 INFO:teuthology.orchestra.run.smithi038.stdout:/usr/bin/ceph: stderr
2023-12-17T12:01:55.240+0000 7fb265ffb700 1 -- 172.21.15.38:0/2863609667 wait complete.
2023-12-17T12:01:55.588 INFO:teuthology.orchestra.run.smithi038.stdout:Wrote public SSH key to /home/ubuntu/cephtest/ceph.pub
2023-12-17T12:01:55.588 INFO:teuthology.orchestra.run.smithi038.stdout:Adding key to root@localhost authorized_keys...
2023-12-17T12:01:55.588 INFO:teuthology.orchestra.run.smithi038.stdout:Adding host smithi038...
2023-12-17T12:01:56.484 INFO:journalctl@ceph.mon.a.smithi038.stdout:Dec 17 12:01:56 smithi038 ceph-mon[37109]: from='client.14140 -' entity='client.admin' cmd=[{"prefix": "cephadm get-pub-key", "target": ["mon-mgr", ""]}]: dispatch
2023-12-17T12:01:57.456 INFO:journalctl@ceph.mon.a.smithi038.stdout:Dec 17 12:01:57 smithi038 ceph-mon[37109]: from='client.14142 -' entity='client.admin' cmd=[{"prefix": "orch host add", "hostname": "smithi038", "addr": "172.21.15.38", "target": ["mon-mgr", ""]}]: dispatch
2023-12-17T12:01:57.456 INFO:journalctl@ceph.mon.a.smithi038.stdout:Dec 17 12:01:57 smithi038 ceph-mon[37109]: Deploying cephadm binary to smithi038
2023-12-17T12:02:01.388 INFO:teuthology.orchestra.run.smithi038.stdout:/usr/bin/ceph: stdout Added host 'smithi038' with addr '172.21.15.38'
2023-12-17T12:02:01.388 INFO:teuthology.orchestra.run.smithi038.stdout:/usr/bin/ceph: stderr
2023-12-17T12:01:55.988+0000 7fa7fd8e7700 1 Processor -- start
2023-12-17T12:02:01.388 INFO:teuthology.orchestra.run.smithi038.stdout:/usr/bin/ceph: stderr
2023-12-17T12:01:55.988+0000 7fa7fd8e7700 1 -- start start
2023-12-17T12:02:01.388 INFO:teuthology.orchestra.run.smithi038.stdout:/usr/bin/ceph: stderr
2023-12-17T12:01:55.989+0000 7fa7fd8e7700 1 --2- >> [v2:172.21.15.38:3300/0,v1:172.21.15.38:6789/0] conn(0x7fa7f807ce60 0x7fa7f807b2c0 unknown :-1 s=NONE pgs=0 cs=0 l=0 rev1=0 crypto rx=0 tx=0 comp rx=0 tx=0).connect
2023-12-17T12:02:01.389 INFO:teuthology.orchestra.run.smithi038.stdout:/usr/bin/ceph: stderr
2023-12-17T12:01:55.989+0000 7fa7fd8e7700 1 -- --> [v2:172.21.15.38:3300/0,v1:172.21.15.38:6789/0] -- mon_getmap magic: 0 v1 -- 0x7fa7f807b890 con 0x7fa7f807ce60
2023-12-17T12:02:01.389 INFO:teuthology.orchestra.run.smithi038.stdout:/usr/bin/ceph: stderr
2023-12-17T12:01:55.989+0000 7fa7f6ffd700 1 --2- >> [v2:172.21.15.38:3300/0,v1:172.21.15.38:6789/0] conn(0x7fa7f807ce60 0x7fa7f807b2c0 unknown :-1 s=BANNER_CONNECTING pgs=0 cs=0 l=0 rev1=0 crypto rx=0 tx=0 comp rx=0 tx=0)._handle_peer_banner_payload supported=3 required=0
2023-12-17T12:02:01.389 INFO:teuthology.orchestra.run.smithi038.stdout:/usr/bin/ceph: stderr
2023-12-17T12:01:55.989+0000 7fa7f6ffd700 1 --2- >> [v2:172.21.15.38:3300/0,v1:172.21.15.38:6789/0] conn(0x7fa7f807ce60 0x7fa7f807b2c0 unknown :-1 s=HELLO_CONNECTING pgs=0 cs=0 l=0 rev1=1 crypto rx=0 tx=0 comp rx=0 tx=0).handle_hello peer v2:172.21.15.38:3300/0 says I am v2:172.21.15.38:56612/0 (socket says 172.21.15.38:56612)
2023-12-17T12:02:01.389 INFO:teuthology.orchestra.run.smithi038.stdout:/usr/bin/ceph: stderr
2023-12-17T12:01:55.989+0000 7fa7f6ffd700 1 -- 172.21.15.38:0/2163325561 learned_addr learned my addr 172.21.15.38:0/2163325561 (peer_addr_for_me v2:172.21.15.38:0/0)
2023-12-17T12:02:01.389 INFO:teuthology.orchestra.run.smithi038.stdout:/usr/bin/ceph: stderr
2023-12-17T12:01:55.990+0000 7fa7f6ffd700 1 -- 172.21.15.38:0/2163325561 --> [v2:172.21.15.38:3300/0,v1:172.21.15.38:6789/0] -- mon_subscribe({config=0+,monmap=0+}) v3 -- 0x7fa7f807b9d0 con 0x7fa7f807ce60
2023-12-17T12:02:01.389 INFO:teuthology.orchestra.run.smithi038.stdout:/usr/bin/ceph: stderr
2023-12-17T12:01:55.990+0000 7fa7f6ffd700 1 --2- 172.21.15.38:0/2163325561 >> [v2:172.21.15.38:3300/0,v1:172.21.15.38:6789/0] conn(0x7fa7f807ce60 0x7fa7f807b2c0 secure :-1 s=READY pgs=47 cs=0 l=1 rev1=1 crypto rx=0x7fa7e80098a0 tx=0x7fa7e8009bb0 comp rx=0 tx=0).ready entity=mon.0 client_cookie=83eeaa954449e0f1 server_cookie=0 in_seq=0 out_seq=0
2023-12-17T12:02:01.389 INFO:teuthology.orchestra.run.smithi038.stdout:/usr/bin/ceph: stderr
2023-12-17T12:01:55.990+0000 7fa7f5ffb700 1 -- 172.21.15.38:0/2163325561 <== mon.0 v2:172.21.15.38:3300/0 1 ==== mon_map magic: 0 v1 ==== 205+0+0 (secure 0 0 0) 0x7fa7e8004160 con 0x7fa7f807ce60
2023-12-17T12:02:01.389 INFO:teuthology.orchestra.run.smithi038.stdout:/usr/bin/ceph: stderr
2023-12-17T12:01:55.990+0000 7fa7f5ffb700 1 -- 172.21.15.38:0/2163325561 <== mon.0 v2:172.21.15.38:3300/0 2 ==== config(25 keys) v1 ==== 1036+0+0 (secure 0 0 0) 0x7fa7e80042c0 con 0x7fa7f807ce60
2023-12-17T12:02:01.389 INFO:teuthology.orchestra.run.smithi038.stdout:/usr/bin/ceph: stderr
2023-12-17T12:01:55.990+0000 7fa7f5ffb700 1 -- 172.21.15.38:0/2163325561 <== mon.0 v2:172.21.15.38:3300/0 3 ==== mon_map magic: 0 v1 ==== 205+0+0 (secure 0 0 0) 0x7fa7e8011940 con 0x7fa7f807ce60
2023-12-17T12:02:01.389 INFO:teuthology.orchestra.run.smithi038.stdout:/usr/bin/ceph: stderr
2023-12-17T12:01:55.991+0000 7fa7fd8e7700 1 -- 172.21.15.38:0/2163325561 >> [v2:172.21.15.38:3300/0,v1:172.21.15.38:6789/0] conn(0x7fa7f807ce60 msgr2=0x7fa7f807b2c0 secure :-1 s=STATE_CONNECTION_ESTABLISHED l=1).mark_down
2023-12-17T12:02:01.389 INFO:teuthology.orchestra.run.smithi038.stdout:/usr/bin/ceph: stderr
2023-12-17T12:01:55.991+0000 7fa7fd8e7700 1 --2- 172.21.15.38:0/2163325561 >> [v2:172.21.15.38:3300/0,v1:172.21.15.38:6789/0] conn(0x7fa7f807ce60 0x7fa7f807b2c0 secure :-1 s=READY pgs=47 cs=0 l=1 rev1=1 crypto rx=0x7fa7e80098a0 tx=0x7fa7e8009bb0 comp rx=0 tx=0).stop
2023-12-17T12:02:01.389 INFO:teuthology.orchestra.run.smithi038.stdout:/usr/bin/ceph: stderr
2023-12-17T12:01:55.991+0000 7fa7fd8e7700 1 -- 172.21.15.38:0/2163325561 shutdown_connections
2023-12-17T12:02:01.390 INFO:teuthology.orchestra.run.smithi038.stdout:/usr/bin/ceph: stderr
2023-12-17T12:01:55.991+0000 7fa7fd8e7700 1 --2- 172.21.15.38:0/2163325561 >> [v2:172.21.15.38:3300/0,v1:172.21.15.38:6789/0] conn(0x7fa7f807ce60 0x7fa7f807b2c0 unknown :-1 s=CLOSED pgs=47 cs=0 l=1 rev1=1 crypto rx=0 tx=0 comp rx=0 tx=0).stop
2023-12-17T12:02:01.390 INFO:teuthology.orchestra.run.smithi038.stdout:/usr/bin/ceph: stderr
2023-12-17T12:01:55.991+0000 7fa7fd8e7700 1 -- 172.21.15.38:0/2163325561 >> 172.21.15.38:0/2163325561 conn(0x7fa7f8102030 msgr2=0x7fa7f81044b0 unknown :-1 s=STATE_NONE l=0).mark_down
2023-12-17T12:02:01.390 INFO:teuthology.orchestra.run.smithi038.stdout:/usr/bin/ceph: stderr
2023-12-17T12:01:55.991+0000 7fa7fd8e7700 1 -- 172.21.15.38:0/2163325561 shutdown_connections
2023-12-17T12:02:01.390 INFO:teuthology.orchestra.run.smithi038.stdout:/usr/bin/ceph: stderr
2023-12-17T12:01:55.991+0000 7fa7fd8e7700 1 -- 172.21.15.38:0/2163325561 wait complete.
2023-12-17T12:02:01.390 INFO:teuthology.orchestra.run.smithi038.stdout:/usr/bin/ceph: stderr
2023-12-17T12:01:55.992+0000 7fa7fd8e7700 1 Processor -- start
2023-12-17T12:02:01.390 INFO:teuthology.orchestra.run.smithi038.stdout:/usr/bin/ceph: stderr
2023-12-17T12:01:55.992+0000 7fa7fd8e7700 1 -- start start
2023-12-17T12:02:01.390 INFO:teuthology.orchestra.run.smithi038.stdout:/usr/bin/ceph: stderr
2023-12-17T12:01:55.992+0000 7fa7fd8e7700 1 --2- >> [v2:172.21.15.38:3300/0,v1:172.21.15.38:6789/0] conn(0x7fa7f807ce60 0x7fa7f819c9b0 unknown :-1 s=NONE pgs=0 cs=0 l=1 rev1=0 crypto rx=0 tx=0 comp rx=0 tx=0).connect
2023-12-17T12:02:01.390 INFO:teuthology.orchestra.run.smithi038.stdout:/usr/bin/ceph: stderr
2023-12-17T12:01:55.992+0000 7fa7fd8e7700 1 -- --> [v2:172.21.15.38:3300/0,v1:172.21.15.38:6789/0] -- mon_getmap magic: 0 v1 -- 0x7fa7f819cef0 con 0x7fa7f807ce60
2023-12-17T12:02:01.390 INFO:teuthology.orchestra.run.smithi038.stdout:/usr/bin/ceph: stderr
2023-12-17T12:01:55.993+0000 7fa7f6ffd700 1 --2- >> [v2:172.21.15.38:3300/0,v1:172.21.15.38:6789/0] conn(0x7fa7f807ce60 0x7fa7f819c9b0 unknown :-1 s=BANNER_CONNECTING pgs=0 cs=0 l=1 rev1=0 crypto rx=0 tx=0 comp rx=0 tx=0)._handle_peer_banner_payload supported=3 required=0
2023-12-17T12:02:01.390 INFO:teuthology.orchestra.run.smithi038.stdout:/usr/bin/ceph: stderr
2023-12-17T12:01:55.993+0000 7fa7f6ffd700 1 --2- >> [v2:172.21.15.38:3300/0,v1:172.21.15.38:6789/0] conn(0x7fa7f807ce60 0x7fa7f819c9b0 unknown :-1 s=HELLO_CONNECTING pgs=0 cs=0 l=1 rev1=1 crypto rx=0 tx=0 comp rx=0 tx=0).handle_hello peer v2:172.21.15.38:3300/0 says I am v2:172.21.15.38:56614/0 (socket says 172.21.15.38:56614)
2023-12-17T12:02:01.390 INFO:teuthology.orchestra.run.smithi038.stdout:/usr/bin/ceph: stderr
2023-12-17T12:01:55.993+0000 7fa7f6ffd700 1 -- 172.21.15.38:0/44979831 learned_addr learned my addr 172.21.15.38:0/44979831 (peer_addr_for_me v2:172.21.15.38:0/0)
2023-12-17T12:02:01.390 INFO:teuthology.orchestra.run.smithi038.stdout:/usr/bin/ceph: stderr
2023-12-17T12:01:55.993+0000 7fa7f6ffd700 1 -- 172.21.15.38:0/44979831 --> [v2:172.21.15.38:3300/0,v1:172.21.15.38:6789/0] -- mon_subscribe({config=0+,monmap=0+}) v3 -- 0x7fa7e8009550 con 0x7fa7f807ce60
2023-12-17T12:02:01.390 INFO:teuthology.orchestra.run.smithi038.stdout:/usr/bin/ceph: stderr
2023-12-17T12:01:55.993+0000 7fa7f6ffd700 1 --2- 172.21.15.38:0/44979831 >> [v2:172.21.15.38:3300/0,v1:172.21.15.38:6789/0] conn(0x7fa7f807ce60 0x7fa7f819c9b0 secure :-1 s=READY pgs=48 cs=0 l=1 rev1=1 crypto rx=0x7fa7e8003f20 tx=0x7fa7e8011f00 comp rx=0 tx=0).ready entity=mon.0 client_cookie=0 server_cookie=0 in_seq=0 out_seq=0
2023-12-17T12:02:01.390 INFO:teuthology.orchestra.run.smithi038.stdout:/usr/bin/ceph: stderr
2023-12-17T12:01:55.994+0000 7fa7fc8e5700 1 -- 172.21.15.38:0/44979831 <== mon.0 v2:172.21.15.38:3300/0 1 ==== mon_map magic: 0 v1 ==== 205+0+0 (secure 0 0 0) 0x7fa7e80037d0 con 0x7fa7f807ce60
2023-12-17T12:02:01.391 INFO:teuthology.orchestra.run.smithi038.stdout:/usr/bin/ceph: stderr
2023-12-17T12:01:55.994+0000 7fa7fc8e5700 1 -- 172.21.15.38:0/44979831 <== mon.0 v2:172.21.15.38:3300/0 2 ==== config(25 keys) v1 ==== 1036+0+0 (secure 0 0 0) 0x7fa7e801b440 con 0x7fa7f807ce60
2023-12-17T12:02:01.391 INFO:teuthology.orchestra.run.smithi038.stdout:/usr/bin/ceph: stderr
2023-12-17T12:01:55.994+0000 7fa7fc8e5700 1 -- 172.21.15.38:0/44979831 <== mon.0 v2:172.21.15.38:3300/0 3 ==== mon_map magic: 0 v1 ==== 205+0+0 (secure 0 0 0) 0x7fa7e8023590 con 0x7fa7f807ce60
2023-12-17T12:02:01.391 INFO:teuthology.orchestra.run.smithi038.stdout:/usr/bin/ceph: stderr
2023-12-17T12:01:55.994+0000 7fa7fd8e7700 1 -- 172.21.15.38:0/44979831 --> [v2:172.21.15.38:3300/0,v1:172.21.15.38:6789/0] -- mon_subscribe({mgrmap=0+}) v3 -- 0x7fa7f819d0f0 con 0x7fa7f807ce60
2023-12-17T12:02:01.391 INFO:teuthology.orchestra.run.smithi038.stdout:/usr/bin/ceph: stderr
2023-12-17T12:01:55.994+0000 7fa7fd8e7700 1 -- 172.21.15.38:0/44979831 --> [v2:172.21.15.38:3300/0,v1:172.21.15.38:6789/0] -- mon_subscribe({osdmap=0}) v3 -- 0x7fa7f819d590 con 0x7fa7f807ce60
2023-12-17T12:02:01.391 INFO:teuthology.orchestra.run.smithi038.stdout:/usr/bin/ceph: stderr
2023-12-17T12:01:55.995+0000 7fa7fc8e5700 1 -- 172.21.15.38:0/44979831 <== mon.0 v2:172.21.15.38:3300/0 4 ==== mgrmap(e 8) v1 ==== 45580+0+0 (secure 0 0 0) 0x7fa7e801b5b0 con 0x7fa7f807ce60
2023-12-17T12:02:01.391 INFO:teuthology.orchestra.run.smithi038.stdout:/usr/bin/ceph: stderr
2023-12-17T12:01:55.995+0000 7fa7fd8e7700 1 -- 172.21.15.38:0/44979831 --> [v2:172.21.15.38:3300/0,v1:172.21.15.38:6789/0] -- mon_command({"prefix": "get_command_descriptions"} v 0) v1 -- 0x7fa7f810ce60 con 0x7fa7f807ce60
2023-12-17T12:02:01.391 INFO:teuthology.orchestra.run.smithi038.stdout:/usr/bin/ceph: stderr
2023-12-17T12:01:55.995+0000 7fa7fc8e5700 1 --2- 172.21.15.38:0/44979831 >> [v2:172.21.15.38:6800/989195965,v1:172.21.15.38:6801/989195965] conn(0x7fa7e0038870 0x7fa7e003ad30 unknown :-1 s=NONE pgs=0 cs=0 l=1 rev1=0 crypto rx=0 tx=0 comp rx=0 tx=0).connect
2023-12-17T12:02:01.391 INFO:teuthology.orchestra.run.smithi038.stdout:/usr/bin/ceph: stderr
2023-12-17T12:01:55.995+0000 7fa7fc8e5700 1 -- 172.21.15.38:0/44979831 <== mon.0 v2:172.21.15.38:3300/0 5 ==== osd_map(2..2 src has 1..2) v4 ==== 940+0+0 (secure 0 0 0) 0x7fa7e804c780 con 0x7fa7f807ce60
2023-12-17T12:02:01.391 INFO:teuthology.orchestra.run.smithi038.stdout:/usr/bin/ceph: stderr
2023-12-17T12:01:55.996+0000 7fa7f67fc700 1 --2- 172.21.15.38:0/44979831 >> [v2:172.21.15.38:6800/989195965,v1:172.21.15.38:6801/989195965] conn(0x7fa7e0038870 0x7fa7e003ad30 unknown :-1 s=BANNER_CONNECTING pgs=0 cs=0 l=1 rev1=0 crypto rx=0 tx=0 comp rx=0 tx=0)._handle_peer_banner_payload supported=3 required=0
2023-12-17T12:02:01.391 INFO:teuthology.orchestra.run.smithi038.stdout:/usr/bin/ceph: stderr
2023-12-17T12:01:55.996+0000 7fa7f67fc700 1 --2- 172.21.15.38:0/44979831 >> [v2:172.21.15.38:6800/989195965,v1:172.21.15.38:6801/989195965] conn(0x7fa7e0038870 0x7fa7e003ad30 secure :-1 s=READY pgs=11 cs=0 l=1 rev1=1 crypto rx=0x7fa7ec006fd0 tx=0x7fa7ec006e40 comp rx=0 tx=0).ready entity=mgr.14122 client_cookie=0 server_cookie=0 in_seq=0 out_seq=0
2023-12-17T12:02:01.391 INFO:teuthology.orchestra.run.smithi038.stdout:/usr/bin/ceph: stderr
2023-12-17T12:01:56.000+0000 7fa7fc8e5700 1 -- 172.21.15.38:0/44979831 <== mon.0 v2:172.21.15.38:3300/0 6 ==== mon_command_ack([{"prefix": "get_command_descriptions"}]=0 v0) v1 ==== 72+0+180949 (secure 0 0 0) 0x7fa7e801b920 con 0x7fa7f807ce60
2023-12-17T12:02:01.391 INFO:teuthology.orchestra.run.smithi038.stdout:/usr/bin/ceph: stderr
2023-12-17T12:01:56.214+0000 7fa7fd8e7700 1 -- 172.21.15.38:0/44979831 --> [v2:172.21.15.38:6800/989195965,v1:172.21.15.38:6801/989195965] -- mgr_command(tid 0: {"prefix": "orch host add", "hostname": "smithi038", "addr": "172.21.15.38", "target": ["mon-mgr", ""]}) v1 -- 0x7fa7f8103340 con 0x7fa7e0038870
2023-12-17T12:02:01.391 INFO:teuthology.orchestra.run.smithi038.stdout:/usr/bin/ceph: stderr
2023-12-17T12:02:01.031+0000 7fa7fc8e5700 1 -- 172.21.15.38:0/44979831 <== mgr.14122 v2:172.21.15.38:6800/989195965 1 ==== mgr_command_reply(tid 0: 0 ) v1 ==== 8+0+48 (secure 0 0 0) 0x7fa7f8103340 con 0x7fa7e0038870
2023-12-17T12:02:01.391 INFO:teuthology.orchestra.run.smithi038.stdout:/usr/bin/ceph: stderr
2023-12-17T12:02:01.034+0000 7fa7fd8e7700 1 -- 172.21.15.38:0/44979831 >> [v2:172.21.15.38:6800/989195965,v1:172.21.15.38:6801/989195965] conn(0x7fa7e0038870 msgr2=0x7fa7e003ad30 secure :-1 s=STATE_CONNECTION_ESTABLISHED l=1).mark_down
2023-12-17T12:02:01.392 INFO:teuthology.orchestra.run.smithi038.stdout:/usr/bin/ceph: stderr
2023-12-17T12:02:01.034+0000 7fa7fd8e7700 1 --2- 172.21.15.38:0/44979831 >> [v2:172.21.15.38:6800/989195965,v1:172.21.15.38:6801/989195965] conn(0x7fa7e0038870 0x7fa7e003ad30 secure :-1 s=READY pgs=11 cs=0 l=1 rev1=1 crypto rx=0x7fa7ec006fd0 tx=0x7fa7ec006e40 comp rx=0 tx=0).stop
2023-12-17T12:02:01.392 INFO:teuthology.orchestra.run.smithi038.stdout:/usr/bin/ceph: stderr
2023-12-17T12:02:01.034+0000 7fa7fd8e7700 1 -- 172.21.15.38:0/44979831 >> [v2:172.21.15.38:3300/0,v1:172.21.15.38:6789/0] conn(0x7fa7f807ce60 msgr2=0x7fa7f819c9b0 secure :-1 s=STATE_CONNECTION_ESTABLISHED l=1).mark_down
2023-12-17T12:02:01.392 INFO:teuthology.orchestra.run.smithi038.stdout:/usr/bin/ceph: stderr
2023-12-17T12:02:01.034+0000 7fa7fd8e7700 1 --2- 172.21.15.38:0/44979831 >> [v2:172.21.15.38:3300/0,v1:172.21.15.38:6789/0] conn(0x7fa7f807ce60 0x7fa7f819c9b0 secure :-1 s=READY pgs=48 cs=0 l=1 rev1=1 crypto rx=0x7fa7e8003f20 tx=0x7fa7e8011f00 comp rx=0 tx=0).stop
2023-12-17T12:02:01.392 INFO:teuthology.orchestra.run.smithi038.stdout:/usr/bin/ceph: stderr
2023-12-17T12:02:01.034+0000 7fa7fd8e7700 1 -- 172.21.15.38:0/44979831 shutdown_connections
2023-12-17T12:02:01.392 INFO:teuthology.orchestra.run.smithi038.stdout:/usr/bin/ceph: stderr
2023-12-17T12:02:01.034+0000 7fa7fd8e7700 1 --2- 172.21.15.38:0/44979831 >> [v2:172.21.15.38:6800/989195965,v1:172.21.15.38:6801/989195965] conn(0x7fa7e0038870 0x7fa7e003ad30 unknown :-1 s=CLOSED pgs=11 cs=0 l=1 rev1=1 crypto rx=0 tx=0 comp rx=0 tx=0).stop
2023-12-17T12:02:01.392 INFO:teuthology.orchestra.run.smithi038.stdout:/usr/bin/ceph: stderr
2023-12-17T12:02:01.034+0000 7fa7fd8e7700 1 --2- 172.21.15.38:0/44979831 >> [v2:172.21.15.38:3300/0,v1:172.21.15.38:6789/0] conn(0x7fa7f807ce60 0x7fa7f819c9b0 unknown :-1 s=CLOSED pgs=48 cs=0 l=1 rev1=1 crypto rx=0 tx=0 comp rx=0 tx=0).stop
2023-12-17T12:02:01.392 INFO:teuthology.orchestra.run.smithi038.stdout:/usr/bin/ceph: stderr
2023-12-17T12:02:01.034+0000 7fa7fd8e7700 1 -- 172.21.15.38:0/44979831 >> 172.21.15.38:0/44979831 conn(0x7fa7f8102030 msgr2=0x7fa7f8102c30 unknown :-1 s=STATE_NONE l=0).mark_down
2023-12-17T12:02:01.392 INFO:teuthology.orchestra.run.smithi038.stdout:/usr/bin/ceph: stderr
2023-12-17T12:02:01.034+0000 7fa7fd8e7700 1 -- 172.21.15.38:0/44979831 shutdown_connections
2023-12-17T12:02:01.392 INFO:teuthology.orchestra.run.smithi038.stdout:/usr/bin/ceph: stderr
2023-12-17T12:02:01.034+0000 7fa7fd8e7700 1 -- 172.21.15.38:0/44979831 wait complete.
2023-12-17T12:02:01.392 INFO:teuthology.orchestra.run.smithi038.stdout:Deploying unmanaged mon service...
2023-12-17T12:02:02.304 INFO:journalctl@ceph.mon.a.smithi038.stdout:Dec 17 12:02:02 smithi038 ceph-mon[37109]: from='mgr.14122 172.21.15.38:0/3667908204' entity='mgr.x'
2023-12-17T12:02:02.304 INFO:journalctl@ceph.mon.a.smithi038.stdout:Dec 17 12:02:02 smithi038 ceph-mon[37109]: Added host smithi038
2023-12-17T12:02:02.304 INFO:journalctl@ceph.mon.a.smithi038.stdout:Dec 17 12:02:02 smithi038 ceph-mon[37109]: from='mgr.14122 172.21.15.38:0/3667908204' entity='mgr.x' cmd=[{"prefix": "config dump", "format": "json"}]: dispatch
2023-12-17T12:02:02.539 INFO:teuthology.orchestra.run.smithi038.stdout:/usr/bin/ceph: stdout Scheduled mon update...
2023-12-17T12:02:02.540 INFO:teuthology.orchestra.run.smithi038.stdout:/usr/bin/ceph: stderr
2023-12-17T12:02:01.807+0000 7fcdecf9f700 1 Processor -- start
2023-12-17T12:02:02.540 INFO:teuthology.orchestra.run.smithi038.stdout:/usr/bin/ceph: stderr
2023-12-17T12:02:01.808+0000 7fcdecf9f700 1 -- start start
2023-12-17T12:02:02.540 INFO:teuthology.orchestra.run.smithi038.stdout:/usr/bin/ceph: stderr
2023-12-17T12:02:01.808+0000 7fcdecf9f700 1 --2- >> [v2:172.21.15.38:3300/0,v1:172.21.15.38:6789/0] conn(0x7fcde807ce60 0x7fcde807b2c0 unknown :-1 s=NONE pgs=0 cs=0 l=0 rev1=0 crypto rx=0 tx=0 comp rx=0 tx=0).connect
2023-12-17T12:02:02.540 INFO:teuthology.orchestra.run.smithi038.stdout:/usr/bin/ceph: stderr
2023-12-17T12:02:01.808+0000 7fcdecf9f700 1 -- --> [v2:172.21.15.38:3300/0,v1:172.21.15.38:6789/0] -- mon_getmap magic: 0 v1 -- 0x7fcde807b890 con 0x7fcde807ce60
2023-12-17T12:02:02.540 INFO:teuthology.orchestra.run.smithi038.stdout:/usr/bin/ceph: stderr
2023-12-17T12:02:01.808+0000 7fcde659c700 1 --2- >> [v2:172.21.15.38:3300/0,v1:172.21.15.38:6789/0] conn(0x7fcde807ce60 0x7fcde807b2c0 unknown :-1 s=BANNER_CONNECTING pgs=0 cs=0 l=0 rev1=0 crypto rx=0 tx=0 comp rx=0 tx=0)._handle_peer_banner_payload supported=3 required=0
2023-12-17T12:02:02.540 INFO:teuthology.orchestra.run.smithi038.stdout:/usr/bin/ceph: stderr
2023-12-17T12:02:01.808+0000 7fcde659c700 1 --2- >> [v2:172.21.15.38:3300/0,v1:172.21.15.38:6789/0] conn(0x7fcde807ce60 0x7fcde807b2c0 unknown :-1 s=HELLO_CONNECTING pgs=0 cs=0 l=0 rev1=1 crypto rx=0 tx=0 comp rx=0 tx=0).handle_hello peer v2:172.21.15.38:3300/0 says I am v2:172.21.15.38:56618/0 (socket says 172.21.15.38:56618)
2023-12-17T12:02:02.540 INFO:teuthology.orchestra.run.smithi038.stdout:/usr/bin/ceph: stderr
2023-12-17T12:02:01.808+0000 7fcde659c700 1 -- 172.21.15.38:0/1497206861 learned_addr learned my addr 172.21.15.38:0/1497206861 (peer_addr_for_me v2:172.21.15.38:0/0)
2023-12-17T12:02:02.540 INFO:teuthology.orchestra.run.smithi038.stdout:/usr/bin/ceph: stderr
2023-12-17T12:02:01.809+0000 7fcde659c700 1 -- 172.21.15.38:0/1497206861 --> [v2:172.21.15.38:3300/0,v1:172.21.15.38:6789/0] -- mon_subscribe({config=0+,monmap=0+}) v3 -- 0x7fcde807b9d0 con 0x7fcde807ce60
2023-12-17T12:02:02.540 INFO:teuthology.orchestra.run.smithi038.stdout:/usr/bin/ceph: stderr
2023-12-17T12:02:01.809+0000 7fcde659c700 1 --2- 172.21.15.38:0/1497206861 >> [v2:172.21.15.38:3300/0,v1:172.21.15.38:6789/0] conn(0x7fcde807ce60 0x7fcde807b2c0 secure :-1 s=READY pgs=49 cs=0 l=1 rev1=1 crypto rx=0x7fcdd80098a0 tx=0x7fcdd8009bb0 comp rx=0 tx=0).ready entity=mon.0 client_cookie=2aa116afc12d0c41 server_cookie=0 in_seq=0 out_seq=0
2023-12-17T12:02:02.540 INFO:teuthology.orchestra.run.smithi038.stdout:/usr/bin/ceph: stderr
2023-12-17T12:02:01.809+0000 7fcde559a700 1 -- 172.21.15.38:0/1497206861 <== mon.0 v2:172.21.15.38:3300/0 1 ==== mon_map magic: 0 v1 ==== 205+0+0 (secure 0 0 0) 0x7fcdd8004160 con 0x7fcde807ce60
2023-12-17T12:02:02.540 INFO:teuthology.orchestra.run.smithi038.stdout:/usr/bin/ceph: stderr
2023-12-17T12:02:01.809+0000 7fcde559a700 1 -- 172.21.15.38:0/1497206861 <== mon.0 v2:172.21.15.38:3300/0 2 ==== config(25 keys) v1 ==== 1036+0+0 (secure 0 0 0) 0x7fcdd80042c0 con 0x7fcde807ce60
2023-12-17T12:02:02.540 INFO:teuthology.orchestra.run.smithi038.stdout:/usr/bin/ceph: stderr
2023-12-17T12:02:01.809+0000 7fcde559a700 1 -- 172.21.15.38:0/1497206861 <== mon.0 v2:172.21.15.38:3300/0 3 ==== mon_map magic: 0 v1 ==== 205+0+0 (secure 0 0 0) 0x7fcdd8011940 con 0x7fcde807ce60
2023-12-17T12:02:02.540 INFO:teuthology.orchestra.run.smithi038.stdout:/usr/bin/ceph: stderr
2023-12-17T12:02:01.810+0000 7fcdecf9f700 1 -- 172.21.15.38:0/1497206861 >> [v2:172.21.15.38:3300/0,v1:172.21.15.38:6789/0] conn(0x7fcde807ce60 msgr2=0x7fcde807b2c0 secure :-1 s=STATE_CONNECTION_ESTABLISHED l=1).mark_down
2023-12-17T12:02:02.540 INFO:teuthology.orchestra.run.smithi038.stdout:/usr/bin/ceph: stderr
2023-12-17T12:02:01.810+0000 7fcdecf9f700 1 --2- 172.21.15.38:0/1497206861 >> [v2:172.21.15.38:3300/0,v1:172.21.15.38:6789/0] conn(0x7fcde807ce60 0x7fcde807b2c0 secure :-1 s=READY pgs=49 cs=0 l=1 rev1=1 crypto rx=0x7fcdd80098a0 tx=0x7fcdd8009bb0 comp rx=0 tx=0).stop
2023-12-17T12:02:02.541 INFO:teuthology.orchestra.run.smithi038.stdout:/usr/bin/ceph: stderr
2023-12-17T12:02:01.810+0000 7fcdecf9f700 1 -- 172.21.15.38:0/1497206861 shutdown_connections
2023-12-17T12:02:02.541 INFO:teuthology.orchestra.run.smithi038.stdout:/usr/bin/ceph: stderr
2023-12-17T12:02:01.810+0000 7fcdecf9f700 1 --2- 172.21.15.38:0/1497206861 >> [v2:172.21.15.38:3300/0,v1:172.21.15.38:6789/0] conn(0x7fcde807ce60 0x7fcde807b2c0 unknown :-1 s=CLOSED pgs=49 cs=0 l=1 rev1=1 crypto rx=0 tx=0 comp rx=0 tx=0).stop
2023-12-17T12:02:02.541 INFO:teuthology.orchestra.run.smithi038.stdout:/usr/bin/ceph: stderr
2023-12-17T12:02:01.810+0000 7fcdecf9f700 1 -- 172.21.15.38:0/1497206861 >> 172.21.15.38:0/1497206861 conn(0x7fcde8102030 msgr2=0x7fcde81044b0 unknown :-1 s=STATE_NONE l=0).mark_down
2023-12-17T12:02:02.541 INFO:teuthology.orchestra.run.smithi038.stdout:/usr/bin/ceph: stderr
2023-12-17T12:02:01.810+0000 7fcdecf9f700 1 -- 172.21.15.38:0/1497206861 shutdown_connections
2023-12-17T12:02:02.541 INFO:teuthology.orchestra.run.smithi038.stdout:/usr/bin/ceph: stderr
2023-12-17T12:02:01.810+0000 7fcdecf9f700 1 -- 172.21.15.38:0/1497206861 wait complete.
2023-12-17T12:02:02.541 INFO:teuthology.orchestra.run.smithi038.stdout:/usr/bin/ceph: stderr
2023-12-17T12:02:01.811+0000 7fcdecf9f700 1 Processor -- start
2023-12-17T12:02:02.541 INFO:teuthology.orchestra.run.smithi038.stdout:/usr/bin/ceph: stderr
2023-12-17T12:02:01.811+0000 7fcdecf9f700 1 -- start start
2023-12-17T12:02:02.541 INFO:teuthology.orchestra.run.smithi038.stdout:/usr/bin/ceph: stderr
2023-12-17T12:02:01.811+0000 7fcdecf9f700 1 --2- >> [v2:172.21.15.38:3300/0,v1:172.21.15.38:6789/0] conn(0x7fcde807ce60 0x7fcde819c9b0 unknown :-1 s=NONE pgs=0 cs=0 l=1 rev1=0 crypto rx=0 tx=0 comp rx=0 tx=0).connect
2023-12-17T12:02:02.541 INFO:teuthology.orchestra.run.smithi038.stdout:/usr/bin/ceph: stderr
2023-12-17T12:02:01.811+0000 7fcdecf9f700 1 -- --> [v2:172.21.15.38:3300/0,v1:172.21.15.38:6789/0] -- mon_getmap magic: 0 v1 -- 0x7fcde819cef0 con 0x7fcde807ce60
2023-12-17T12:02:02.541 INFO:teuthology.orchestra.run.smithi038.stdout:/usr/bin/ceph: stderr
2023-12-17T12:02:01.812+0000 7fcde659c700 1 --2- >> [v2:172.21.15.38:3300/0,v1:172.21.15.38:6789/0] conn(0x7fcde807ce60 0x7fcde819c9b0 unknown :-1 s=BANNER_CONNECTING pgs=0 cs=0 l=1 rev1=0 crypto rx=0 tx=0 comp rx=0 tx=0)._handle_peer_banner_payload supported=3 required=0
2023-12-17T12:02:02.541 INFO:teuthology.orchestra.run.smithi038.stdout:/usr/bin/ceph: stderr
2023-12-17T12:02:01.812+0000 7fcde659c700 1 --2- >> [v2:172.21.15.38:3300/0,v1:172.21.15.38:6789/0] conn(0x7fcde807ce60 0x7fcde819c9b0 unknown :-1 s=HELLO_CONNECTING pgs=0 cs=0 l=1 rev1=1 crypto rx=0 tx=0 comp rx=0 tx=0).handle_hello peer v2:172.21.15.38:3300/0 says I am v2:172.21.15.38:56622/0 (socket says 172.21.15.38:56622)
2023-12-17T12:02:02.541 INFO:teuthology.orchestra.run.smithi038.stdout:/usr/bin/ceph: stderr
2023-12-17T12:02:01.812+0000 7fcde659c700 1 -- 172.21.15.38:0/139344633 learned_addr learned my addr 172.21.15.38:0/139344633 (peer_addr_for_me v2:172.21.15.38:0/0)
2023-12-17T12:02:02.541 INFO:teuthology.orchestra.run.smithi038.stdout:/usr/bin/ceph: stderr
2023-12-17T12:02:01.812+0000 7fcde659c700 1 -- 172.21.15.38:0/139344633 --> [v2:172.21.15.38:3300/0,v1:172.21.15.38:6789/0] -- mon_subscribe({config=0+,monmap=0+}) v3 -- 0x7fcdd8009550 con 0x7fcde807ce60
2023-12-17T12:02:02.541 INFO:teuthology.orchestra.run.smithi038.stdout:/usr/bin/ceph: stderr
2023-12-17T12:02:01.812+0000 7fcde659c700 1 --2- 172.21.15.38:0/139344633 >> [v2:172.21.15.38:3300/0,v1:172.21.15.38:6789/0] conn(0x7fcde807ce60 0x7fcde819c9b0 secure :-1 s=READY pgs=50 cs=0 l=1 rev1=1 crypto rx=0x7fcdd8003f20 tx=0x7fcdd8011f00 comp rx=0 tx=0).ready entity=mon.0 client_cookie=0 server_cookie=0 in_seq=0 out_seq=0
2023-12-17T12:02:02.541 INFO:teuthology.orchestra.run.smithi038.stdout:/usr/bin/ceph: stderr
2023-12-17T12:02:01.812+0000 7fcdd77fe700 1 -- 172.21.15.38:0/139344633 <== mon.0 v2:172.21.15.38:3300/0 1 ==== mon_map magic: 0 v1 ==== 205+0+0 (secure 0 0 0) 0x7fcdd80037d0 con 0x7fcde807ce60
2023-12-17T12:02:02.542 INFO:teuthology.orchestra.run.smithi038.stdout:/usr/bin/ceph: stderr
2023-12-17T12:02:01.812+0000 7fcdd77fe700 1 -- 172.21.15.38:0/139344633 <== mon.0 v2:172.21.15.38:3300/0 2 ==== config(25 keys) v1 ==== 1036+0+0 (secure 0 0 0) 0x7fcdd801b440 con 0x7fcde807ce60
2023-12-17T12:02:02.542 INFO:teuthology.orchestra.run.smithi038.stdout:/usr/bin/ceph: stderr
2023-12-17T12:02:01.813+0000 7fcdecf9f700 1 -- 172.21.15.38:0/139344633 --> [v2:172.21.15.38:3300/0,v1:172.21.15.38:6789/0] -- mon_subscribe({mgrmap=0+}) v3 -- 0x7fcde819d0f0 con 0x7fcde807ce60
2023-12-17T12:02:02.542 INFO:teuthology.orchestra.run.smithi038.stdout:/usr/bin/ceph: stderr
2023-12-17T12:02:01.813+0000 7fcdd77fe700 1 -- 172.21.15.38:0/139344633 <== mon.0 v2:172.21.15.38:3300/0 3 ==== mon_map magic: 0 v1 ==== 205+0+0 (secure 0 0 0) 0x7fcdd8023590 con 0x7fcde807ce60
2023-12-17T12:02:02.542 INFO:teuthology.orchestra.run.smithi038.stdout:/usr/bin/ceph: stderr
