2023-12-17T12:02:06.190 INFO:teuthology.orchestra.run.smithi038.stdout:/usr/bin/ceph: stderr
2023-12-17T12:02:05.306+0000 7f398d13f700 1 --2- 172.21.15.38:0/3319663036 >> [v2:172.21.15.38:6800/989195965,v1:172.21.15.38:6801/989195965] conn(0x7f3974038870 0x7f397403ad30 unknown :-1 s=BANNER_CONNECTING pgs=0 cs=0 l=1 rev1=0 crypto rx=0 tx=0 comp rx=0 tx=0)._handle_peer_banner_payload supported=3 required=0
2023-12-17T12:02:06.191 INFO:teuthology.orchestra.run.smithi038.stdout:/usr/bin/ceph: stderr
2023-12-17T12:02:05.307+0000 7f398d13f700 1 --2- 172.21.15.38:0/3319663036 >> [v2:172.21.15.38:6800/989195965,v1:172.21.15.38:6801/989195965] conn(0x7f3974038870 0x7f397403ad30 secure :-1 s=READY pgs=15 cs=0 l=1 rev1=1 crypto rx=0x7f3978006fd0 tx=0x7f3978006e40 comp rx=0 tx=0).ready entity=mgr.14122 client_cookie=0 server_cookie=0 in_seq=0 out_seq=0
2023-12-17T12:02:06.191 INFO:teuthology.orchestra.run.smithi038.stdout:/usr/bin/ceph: stderr
2023-12-17T12:02:05.311+0000 7f397effd700 1 -- 172.21.15.38:0/3319663036 <== mon.0 v2:172.21.15.38:3300/0 6 ==== mon_command_ack([{"prefix": "get_command_descriptions"}]=0 v0) v1 ==== 72+0+180949 (secure 0 0 0) 0x7f398401f080 con 0x7f3988106ad0
2023-12-17T12:02:06.191 INFO:teuthology.orchestra.run.smithi038.stdout:/usr/bin/ceph: stderr
2023-12-17T12:02:05.546+0000 7f398fba4700 1 -- 172.21.15.38:0/3319663036 --> [v2:172.21.15.38:3300/0,v1:172.21.15.38:6789/0] -- mon_command([{prefix=config set, name=mgr/dashboard/ssl_server_port}] v 0) v1 -- 0x7f398819feb0 con 0x7f3988106ad0
2023-12-17T12:02:06.191 INFO:teuthology.orchestra.run.smithi038.stdout:/usr/bin/ceph: stderr
2023-12-17T12:02:05.549+0000 7f397effd700 1 -- 172.21.15.38:0/3319663036 <== mon.0 v2:172.21.15.38:3300/0 7 ==== mon_command_ack([{prefix=config set, name=mgr/dashboard/ssl_server_port}]=0 v8)=0 v8) v1 ==== 130+0+0 (secure 0 0 0) 0x7f3984003930 con 0x7f3988106ad0
2023-12-17T12:02:06.191 INFO:teuthology.orchestra.run.smithi038.stdout:/usr/bin/ceph: stderr
2023-12-17T12:02:05.552+0000 7f398fba4700 1 -- 172.21.15.38:0/3319663036 >> [v2:172.21.15.38:6800/989195965,v1:172.21.15.38:6801/989195965] conn(0x7f3974038870 msgr2=0x7f397403ad30 secure :-1 s=STATE_CONNECTION_ESTABLISHED l=1).mark_down
2023-12-17T12:02:06.191 INFO:teuthology.orchestra.run.smithi038.stdout:/usr/bin/ceph: stderr
2023-12-17T12:02:05.552+0000 7f398fba4700 1 --2- 172.21.15.38:0/3319663036 >> [v2:172.21.15.38:6800/989195965,v1:172.21.15.38:6801/989195965] conn(0x7f3974038870 0x7f397403ad30 secure :-1 s=READY pgs=15 cs=0 l=1 rev1=1 crypto rx=0x7f3978006fd0 tx=0x7f3978006e40 comp rx=0 tx=0).stop
2023-12-17T12:02:06.191 INFO:teuthology.orchestra.run.smithi038.stdout:/usr/bin/ceph: stderr
2023-12-17T12:02:05.552+0000 7f398fba4700 1 -- 172.21.15.38:0/3319663036 >> [v2:172.21.15.38:3300/0,v1:172.21.15.38:6789/0] conn(0x7f3988106ad0 msgr2=0x7f398819ca40 secure :-1 s=STATE_CONNECTION_ESTABLISHED l=1).mark_down
2023-12-17T12:02:06.191 INFO:teuthology.orchestra.run.smithi038.stdout:/usr/bin/ceph: stderr
2023-12-17T12:02:05.552+0000 7f398fba4700 1 --2- 172.21.15.38:0/3319663036 >> [v2:172.21.15.38:3300/0,v1:172.21.15.38:6789/0] conn(0x7f3988106ad0 0x7f398819ca40 secure :-1 s=READY pgs=56 cs=0 l=1 rev1=1 crypto rx=0x7f3984003f70 tx=0x7f39840119a0 comp rx=0 tx=0).stop
2023-12-17T12:02:06.191 INFO:teuthology.orchestra.run.smithi038.stdout:/usr/bin/ceph: stderr
2023-12-17T12:02:05.552+0000 7f398fba4700 1 -- 172.21.15.38:0/3319663036 shutdown_connections
2023-12-17T12:02:06.191 INFO:teuthology.orchestra.run.smithi038.stdout:/usr/bin/ceph: stderr
2023-12-17T12:02:05.552+0000 7f398fba4700 1 --2- 172.21.15.38:0/3319663036 >> [v2:172.21.15.38:6800/989195965,v1:172.21.15.38:6801/989195965] conn(0x7f3974038870 0x7f397403ad30 unknown :-1 s=CLOSED pgs=15 cs=0 l=1 rev1=1 crypto rx=0 tx=0 comp rx=0 tx=0).stop
2023-12-17T12:02:06.191 INFO:teuthology.orchestra.run.smithi038.stdout:/usr/bin/ceph: stderr
2023-12-17T12:02:05.552+0000 7f398fba4700 1 --2- 172.21.15.38:0/3319663036 >> [v2:172.21.15.38:3300/0,v1:172.21.15.38:6789/0] conn(0x7f3988106ad0 0x7f398819ca40 unknown :-1 s=CLOSED pgs=56 cs=0 l=1 rev1=1 crypto rx=0 tx=0 comp rx=0 tx=0).stop
2023-12-17T12:02:06.191 INFO:teuthology.orchestra.run.smithi038.stdout:/usr/bin/ceph: stderr
2023-12-17T12:02:05.552+0000 7f398fba4700 1 -- 172.21.15.38:0/3319663036 >> 172.21.15.38:0/3319663036 conn(0x7f3988102030 msgr2=0x7f3988102bc0 unknown :-1 s=STATE_NONE l=0).mark_down
2023-12-17T12:02:06.191 INFO:teuthology.orchestra.run.smithi038.stdout:/usr/bin/ceph: stderr
2023-12-17T12:02:05.552+0000 7f398fba4700 1 -- 172.21.15.38:0/3319663036 shutdown_connections
2023-12-17T12:02:06.191 INFO:teuthology.orchestra.run.smithi038.stdout:/usr/bin/ceph: stderr
2023-12-17T12:02:05.552+0000 7f398fba4700 1 -- 172.21.15.38:0/3319663036 wait complete.
2023-12-17T12:02:06.192 INFO:teuthology.orchestra.run.smithi038.stdout:Enabling the dashboard module...
2023-12-17T12:02:06.706 INFO:journalctl@ceph.mon.a.smithi038.stdout:Dec 17 12:02:06 smithi038 ceph-mon[37109]: from='client.? 172.21.15.38:0/3319663036' entity='client.admin'
2023-12-17T12:02:06.706 INFO:journalctl@ceph.mon.a.smithi038.stdout:Dec 17 12:02:06 smithi038 ceph-mon[37109]: from='mgr.14122 172.21.15.38:0/3667908204' entity='mgr.x'
2023-12-17T12:02:07.595 INFO:journalctl@ceph.mon.a.smithi038.stdout:Dec 17 12:02:07 smithi038 ceph-mon[37109]: from='client.? 172.21.15.38:0/3221198403' entity='client.admin' cmd=[{"prefix": "mgr module enable", "module": "dashboard"}]: dispatch
2023-12-17T12:02:07.882 INFO:journalctl@ceph.mgr.x.smithi038.stdout:Dec 17 12:02:07 smithi038 ceph-5c895514-9cd3-11ee-95a5-87774f69a715-mgr-x[37359]: ignoring --setuser ceph since I am not root
2023-12-17T12:02:07.882 INFO:journalctl@ceph.mgr.x.smithi038.stdout:Dec 17 12:02:07 smithi038 ceph-5c895514-9cd3-11ee-95a5-87774f69a715-mgr-x[37359]: ignoring --setgroup ceph since I am not root
2023-12-17T12:02:07.887 INFO:teuthology.orchestra.run.smithi038.stdout:/usr/bin/ceph: stderr
2023-12-17T12:02:06.599+0000 7f4023f34700 1 Processor -- start
2023-12-17T12:02:07.887 INFO:teuthology.orchestra.run.smithi038.stdout:/usr/bin/ceph: stderr
2023-12-17T12:02:06.599+0000 7f4023f34700 1 -- start start
2023-12-17T12:02:07.887 INFO:teuthology.orchestra.run.smithi038.stdout:/usr/bin/ceph: stderr
2023-12-17T12:02:06.599+0000 7f4023f34700 1 --2- >> [v2:172.21.15.38:3300/0,v1:172.21.15.38:6789/0] conn(0x7f401c106ad0 0x7f401c106ef0 unknown :-1 s=NONE pgs=0 cs=0 l=0 rev1=0 crypto rx=0 tx=0 comp rx=0 tx=0).connect
2023-12-17T12:02:07.887 INFO:teuthology.orchestra.run.smithi038.stdout:/usr/bin/ceph: stderr
2023-12-17T12:02:06.599+0000 7f4023f34700 1 -- --> [v2:172.21.15.38:3300/0,v1:172.21.15.38:6789/0] -- mon_getmap magic: 0 v1 -- 0x7f401c1074c0 con 0x7f401c106ad0
2023-12-17T12:02:07.887 INFO:teuthology.orchestra.run.smithi038.stdout:/usr/bin/ceph: stderr
2023-12-17T12:02:06.600+0000 7f4021cd0700 1 --2- >> [v2:172.21.15.38:3300/0,v1:172.21.15.38:6789/0] conn(0x7f401c106ad0 0x7f401c106ef0 unknown :-1 s=BANNER_CONNECTING pgs=0 cs=0 l=0 rev1=0 crypto rx=0 tx=0 comp rx=0 tx=0)._handle_peer_banner_payload supported=3 required=0
2023-12-17T12:02:07.888 INFO:teuthology.orchestra.run.smithi038.stdout:/usr/bin/ceph: stderr
2023-12-17T12:02:06.600+0000 7f4021cd0700 1 --2- >> [v2:172.21.15.38:3300/0,v1:172.21.15.38:6789/0] conn(0x7f401c106ad0 0x7f401c106ef0 unknown :-1 s=HELLO_CONNECTING pgs=0 cs=0 l=0 rev1=1 crypto rx=0 tx=0 comp rx=0 tx=0).handle_hello peer v2:172.21.15.38:3300/0 says I am v2:172.21.15.38:50776/0 (socket says 172.21.15.38:50776)
2023-12-17T12:02:07.888 INFO:teuthology.orchestra.run.smithi038.stdout:/usr/bin/ceph: stderr
2023-12-17T12:02:06.600+0000 7f4021cd0700 1 -- 172.21.15.38:0/2079501701 learned_addr learned my addr 172.21.15.38:0/2079501701 (peer_addr_for_me v2:172.21.15.38:0/0)
2023-12-17T12:02:07.888 INFO:teuthology.orchestra.run.smithi038.stdout:/usr/bin/ceph: stderr
2023-12-17T12:02:06.600+0000 7f4021cd0700 1 -- 172.21.15.38:0/2079501701 --> [v2:172.21.15.38:3300/0,v1:172.21.15.38:6789/0] -- mon_subscribe({config=0+,monmap=0+}) v3 -- 0x7f401c107cd0 con 0x7f401c106ad0
2023-12-17T12:02:07.888 INFO:teuthology.orchestra.run.smithi038.stdout:/usr/bin/ceph: stderr
2023-12-17T12:02:06.600+0000 7f4021cd0700 1 --2- 172.21.15.38:0/2079501701 >> [v2:172.21.15.38:3300/0,v1:172.21.15.38:6789/0] conn(0x7f401c106ad0 0x7f401c106ef0 secure :-1 s=READY pgs=57 cs=0 l=1 rev1=1 crypto rx=0x7f40180098a0 tx=0x7f4018009bb0 comp rx=0 tx=0).ready entity=mon.0 client_cookie=a692ead754a69f33 server_cookie=0 in_seq=0 out_seq=0
2023-12-17T12:02:07.888 INFO:teuthology.orchestra.run.smithi038.stdout:/usr/bin/ceph: stderr
2023-12-17T12:02:06.601+0000 7f4020cce700 1 -- 172.21.15.38:0/2079501701 <== mon.0 v2:172.21.15.38:3300/0 1 ==== mon_map magic: 0 v1 ==== 205+0+0 (secure 0 0 0) 0x7f4018004160 con 0x7f401c106ad0
2023-12-17T12:02:07.888 INFO:teuthology.orchestra.run.smithi038.stdout:/usr/bin/ceph: stderr
2023-12-17T12:02:06.601+0000 7f4020cce700 1 -- 172.21.15.38:0/2079501701 <== mon.0 v2:172.21.15.38:3300/0 2 ==== config(25 keys) v1 ==== 1067+0+0 (secure 0 0 0) 0x7f40180042c0 con 0x7f401c106ad0
2023-12-17T12:02:07.888 INFO:teuthology.orchestra.run.smithi038.stdout:/usr/bin/ceph: stderr
2023-12-17T12:02:06.601+0000 7f4020cce700 1 -- 172.21.15.38:0/2079501701 <== mon.0 v2:172.21.15.38:3300/0 3 ==== mon_map magic: 0 v1 ==== 205+0+0 (secure 0 0 0) 0x7f40180118e0 con 0x7f401c106ad0
2023-12-17T12:02:07.888 INFO:teuthology.orchestra.run.smithi038.stdout:/usr/bin/ceph: stderr
2023-12-17T12:02:06.601+0000 7f4023f34700 1 -- 172.21.15.38:0/2079501701 >> [v2:172.21.15.38:3300/0,v1:172.21.15.38:6789/0] conn(0x7f401c106ad0 msgr2=0x7f401c106ef0 secure :-1 s=STATE_CONNECTION_ESTABLISHED l=1).mark_down
2023-12-17T12:02:07.888 INFO:teuthology.orchestra.run.smithi038.stdout:/usr/bin/ceph: stderr
2023-12-17T12:02:06.601+0000 7f4023f34700 1 --2- 172.21.15.38:0/2079501701 >> [v2:172.21.15.38:3300/0,v1:172.21.15.38:6789/0] conn(0x7f401c106ad0 0x7f401c106ef0 secure :-1 s=READY pgs=57 cs=0 l=1 rev1=1 crypto rx=0x7f40180098a0 tx=0x7f4018009bb0 comp rx=0 tx=0).stop
2023-12-17T12:02:07.888 INFO:teuthology.orchestra.run.smithi038.stdout:/usr/bin/ceph: stderr
2023-12-17T12:02:06.601+0000 7f4023f34700 1 -- 172.21.15.38:0/2079501701 shutdown_connections
2023-12-17T12:02:07.888 INFO:teuthology.orchestra.run.smithi038.stdout:/usr/bin/ceph: stderr
2023-12-17T12:02:06.601+0000 7f4023f34700 1 --2- 172.21.15.38:0/2079501701 >> [v2:172.21.15.38:3300/0,v1:172.21.15.38:6789/0] conn(0x7f401c106ad0 0x7f401c106ef0 unknown :-1 s=CLOSED pgs=57 cs=0 l=1 rev1=1 crypto rx=0 tx=0 comp rx=0 tx=0).stop
2023-12-17T12:02:07.888 INFO:teuthology.orchestra.run.smithi038.stdout:/usr/bin/ceph: stderr
2023-12-17T12:02:06.601+0000 7f4023f34700 1 -- 172.21.15.38:0/2079501701 >> 172.21.15.38:0/2079501701 conn(0x7f401c102030 msgr2=0x7f401c1044b0 unknown :-1 s=STATE_NONE l=0).mark_down
2023-12-17T12:02:07.888 INFO:teuthology.orchestra.run.smithi038.stdout:/usr/bin/ceph: stderr
2023-12-17T12:02:06.601+0000 7f4023f34700 1 -- 172.21.15.38:0/2079501701 shutdown_connections
2023-12-17T12:02:07.888 INFO:teuthology.orchestra.run.smithi038.stdout:/usr/bin/ceph: stderr
2023-12-17T12:02:06.602+0000 7f4023f34700 1 -- 172.21.15.38:0/2079501701 wait complete.
2023-12-17T12:02:07.888 INFO:teuthology.orchestra.run.smithi038.stdout:/usr/bin/ceph: stderr
2023-12-17T12:02:06.602+0000 7f4023f34700 1 Processor -- start
2023-12-17T12:02:07.889 INFO:teuthology.orchestra.run.smithi038.stdout:/usr/bin/ceph: stderr
2023-12-17T12:02:06.603+0000 7f4023f34700 1 -- start start
2023-12-17T12:02:07.889 INFO:teuthology.orchestra.run.smithi038.stdout:/usr/bin/ceph: stderr
2023-12-17T12:02:06.603+0000 7f4023f34700 1 --2- >> [v2:172.21.15.38:3300/0,v1:172.21.15.38:6789/0] conn(0x7f401c106ad0 0x7f401c19a820 unknown :-1 s=NONE pgs=0 cs=0 l=1 rev1=0 crypto rx=0 tx=0 comp rx=0 tx=0).connect
2023-12-17T12:02:07.889 INFO:teuthology.orchestra.run.smithi038.stdout:/usr/bin/ceph: stderr
2023-12-17T12:02:06.603+0000 7f4023f34700 1 -- --> [v2:172.21.15.38:3300/0,v1:172.21.15.38:6789/0] -- mon_getmap magic: 0 v1 -- 0x7f401c19ad60 con 0x7f401c106ad0
2023-12-17T12:02:07.889 INFO:teuthology.orchestra.run.smithi038.stdout:/usr/bin/ceph: stderr
2023-12-17T12:02:06.603+0000 7f4021cd0700 1 --2- >> [v2:172.21.15.38:3300/0,v1:172.21.15.38:6789/0] conn(0x7f401c106ad0 0x7f401c19a820 unknown :-1 s=BANNER_CONNECTING pgs=0 cs=0 l=1 rev1=0 crypto rx=0 tx=0 comp rx=0 tx=0)._handle_peer_banner_payload supported=3 required=0
2023-12-17T12:02:07.889 INFO:teuthology.orchestra.run.smithi038.stdout:/usr/bin/ceph: stderr
2023-12-17T12:02:06.603+0000 7f4021cd0700 1 --2- >> [v2:172.21.15.38:3300/0,v1:172.21.15.38:6789/0] conn(0x7f401c106ad0 0x7f401c19a820 unknown :-1 s=HELLO_CONNECTING pgs=0 cs=0 l=1 rev1=1 crypto rx=0 tx=0 comp rx=0 tx=0).handle_hello peer v2:172.21.15.38:3300/0 says I am v2:172.21.15.38:50780/0 (socket says 172.21.15.38:50780)
2023-12-17T12:02:07.889 INFO:teuthology.orchestra.run.smithi038.stdout:/usr/bin/ceph: stderr
2023-12-17T12:02:06.603+0000 7f4021cd0700 1 -- 172.21.15.38:0/3221198403 learned_addr learned my addr 172.21.15.38:0/3221198403 (peer_addr_for_me v2:172.21.15.38:0/0)
2023-12-17T12:02:07.889 INFO:teuthology.orchestra.run.smithi038.stdout:/usr/bin/ceph: stderr
2023-12-17T12:02:06.603+0000 7f4021cd0700 1 -- 172.21.15.38:0/3221198403 --> [v2:172.21.15.38:3300/0,v1:172.21.15.38:6789/0] -- mon_subscribe({config=0+,monmap=0+}) v3 -- 0x7f4018009550 con 0x7f401c106ad0
2023-12-17T12:02:07.889 INFO:teuthology.orchestra.run.smithi038.stdout:/usr/bin/ceph: stderr
2023-12-17T12:02:06.604+0000 7f4021cd0700 1 --2- 172.21.15.38:0/3221198403 >> [v2:172.21.15.38:3300/0,v1:172.21.15.38:6789/0] conn(0x7f401c106ad0 0x7f401c19a820 secure :-1 s=READY pgs=58 cs=0 l=1 rev1=1 crypto rx=0x7f4018003f70 tx=0x7f40180119a0 comp rx=0 tx=0).ready entity=mon.0 client_cookie=0 server_cookie=0 in_seq=0 out_seq=0
2023-12-17T12:02:07.889 INFO:teuthology.orchestra.run.smithi038.stdout:/usr/bin/ceph: stderr
2023-12-17T12:02:06.604+0000 7f4012ffd700 1 -- 172.21.15.38:0/3221198403 <== mon.0 v2:172.21.15.38:3300/0 1 ==== mon_map magic: 0 v1 ==== 205+0+0 (secure 0 0 0) 0x7f40180037d0 con 0x7f401c106ad0
2023-12-17T12:02:07.889 INFO:teuthology.orchestra.run.smithi038.stdout:/usr/bin/ceph: stderr
2023-12-17T12:02:06.604+0000 7f4012ffd700 1 -- 172.21.15.38:0/3221198403 <== mon.0 v2:172.21.15.38:3300/0 2 ==== config(25 keys) v1 ==== 1067+0+0 (secure 0 0 0) 0x7f401801b440 con 0x7f401c106ad0
2023-12-17T12:02:07.889 INFO:teuthology.orchestra.run.smithi038.stdout:/usr/bin/ceph: stderr
2023-12-17T12:02:06.604+0000 7f4023f34700 1 -- 172.21.15.38:0/3221198403 --> [v2:172.21.15.38:3300/0,v1:172.21.15.38:6789/0] -- mon_subscribe({mgrmap=0+}) v3 -- 0x7f401c19af60 con 0x7f401c106ad0
2023-12-17T12:02:07.889 INFO:teuthology.orchestra.run.smithi038.stdout:/usr/bin/ceph: stderr
2023-12-17T12:02:06.604+0000 7f4012ffd700 1 -- 172.21.15.38:0/3221198403 <== mon.0 v2:172.21.15.38:3300/0 3 ==== mon_map magic: 0 v1 ==== 205+0+0 (secure 0 0 0) 0x7f40180193d0 con 0x7f401c106ad0
2023-12-17T12:02:07.889 INFO:teuthology.orchestra.run.smithi038.stdout:/usr/bin/ceph: stderr
2023-12-17T12:02:06.604+0000 7f4023f34700 1 -- 172.21.15.38:0/3221198403 --> [v2:172.21.15.38:3300/0,v1:172.21.15.38:6789/0] -- mon_subscribe({osdmap=0}) v3 -- 0x7f401c19b400 con 0x7f401c106ad0
2023-12-17T12:02:07.889 INFO:teuthology.orchestra.run.smithi038.stdout:/usr/bin/ceph: stderr
2023-12-17T12:02:06.605+0000 7f4012ffd700 1 -- 172.21.15.38:0/3221198403 <== mon.0 v2:172.21.15.38:3300/0 4 ==== mgrmap(e 8) v1 ==== 45580+0+0 (secure 0 0 0) 0x7f401801b860 con 0x7f401c106ad0
2023-12-17T12:02:07.890 INFO:teuthology.orchestra.run.smithi038.stdout:/usr/bin/ceph: stderr
2023-12-17T12:02:06.606+0000 7f4012ffd700 1 --2- 172.21.15.38:0/3221198403 >> [v2:172.21.15.38:6800/989195965,v1:172.21.15.38:6801/989195965] conn(0x7f40080388c0 0x7f400803ad80 unknown :-1 s=NONE pgs=0 cs=0 l=1 rev1=0 crypto rx=0 tx=0 comp rx=0 tx=0).connect
2023-12-17T12:02:07.890 INFO:teuthology.orchestra.run.smithi038.stdout:/usr/bin/ceph: stderr
2023-12-17T12:02:06.606+0000 7f4012ffd700 1 -- 172.21.15.38:0/3221198403 <== mon.0 v2:172.21.15.38:3300/0 5 ==== osd_map(2..2 src has 1..2) v4 ==== 940+0+0 (secure 0 0 0) 0x7f401804c640 con 0x7f401c106ad0
2023-12-17T12:02:07.890 INFO:teuthology.orchestra.run.smithi038.stdout:/usr/bin/ceph: stderr
2023-12-17T12:02:06.606+0000 7f40214cf700 1 --2- 172.21.15.38:0/3221198403 >> [v2:172.21.15.38:6800/989195965,v1:172.21.15.38:6801/989195965] conn(0x7f40080388c0 0x7f400803ad80 unknown :-1 s=BANNER_CONNECTING pgs=0 cs=0 l=1 rev1=0 crypto rx=0 tx=0 comp rx=0 tx=0)._handle_peer_banner_payload supported=3 required=0
2023-12-17T12:02:07.890 INFO:teuthology.orchestra.run.smithi038.stdout:/usr/bin/ceph: stderr
2023-12-17T12:02:06.606+0000 7f4023f34700 1 -- 172.21.15.38:0/3221198403 --> [v2:172.21.15.38:3300/0,v1:172.21.15.38:6789/0] -- mon_command({"prefix": "get_command_descriptions"} v 0) v1 -- 0x7f401c0685a0 con 0x7f401c106ad0
2023-12-17T12:02:07.890 INFO:teuthology.orchestra.run.smithi038.stdout:/usr/bin/ceph: stderr
2023-12-17T12:02:06.607+0000 7f40214cf700 1 --2- 172.21.15.38:0/3221198403 >> [v2:172.21.15.38:6800/989195965,v1:172.21.15.38:6801/989195965] conn(0x7f40080388c0 0x7f400803ad80 secure :-1 s=READY pgs=16 cs=0 l=1 rev1=1 crypto rx=0x7f400c006fd0 tx=0x7f400c006e40 comp rx=0 tx=0).ready entity=mgr.14122 client_cookie=0 server_cookie=0 in_seq=0 out_seq=0
2023-12-17T12:02:07.890 INFO:teuthology.orchestra.run.smithi038.stdout:/usr/bin/ceph: stderr
2023-12-17T12:02:06.611+0000 7f4012ffd700 1 -- 172.21.15.38:0/3221198403 <== mon.0 v2:172.21.15.38:3300/0 6 ==== mon_command_ack([{"prefix": "get_command_descriptions"}]=0 v0) v1 ==== 72+0+180949 (secure 0 0 0) 0x7f401801f080 con 0x7f401c106ad0
2023-12-17T12:02:07.890 INFO:teuthology.orchestra.run.smithi038.stdout:/usr/bin/ceph: stderr
2023-12-17T12:02:06.905+0000 7f4023f34700 1 -- 172.21.15.38:0/3221198403 --> [v2:172.21.15.38:3300/0,v1:172.21.15.38:6789/0] -- mon_command({"prefix": "mgr module enable", "module": "dashboard"} v 0) v1 -- 0x7f401c10aeb0 con 0x7f401c106ad0
2023-12-17T12:02:07.890 INFO:teuthology.orchestra.run.smithi038.stdout:/usr/bin/ceph: stderr
2023-12-17T12:02:07.566+0000 7f4012ffd700 1 -- 172.21.15.38:0/3221198403 <== mon.0 v2:172.21.15.38:3300/0 7 ==== mon_command_ack([{"prefix": "mgr module enable", "module": "dashboard"}]=0 v9) v1 ==== 88+0+0 (secure 0 0 0) 0x7f4018003930 con 0x7f401c106ad0
2023-12-17T12:02:07.890 INFO:teuthology.orchestra.run.smithi038.stdout:/usr/bin/ceph: stderr
2023-12-17T12:02:07.568+0000 7f4012ffd700 1 -- 172.21.15.38:0/3221198403 <== mon.0 v2:172.21.15.38:3300/0 8 ==== mgrmap(e 9) v1 ==== 45593+0+0 (secure 0 0 0) 0x7f4018019580 con 0x7f401c106ad0
2023-12-17T12:02:07.890 INFO:teuthology.orchestra.run.smithi038.stdout:/usr/bin/ceph: stderr
2023-12-17T12:02:07.570+0000 7f4023f34700 1 -- 172.21.15.38:0/3221198403 >> [v2:172.21.15.38:6800/989195965,v1:172.21.15.38:6801/989195965] conn(0x7f40080388c0 msgr2=0x7f400803ad80 secure :-1 s=STATE_CONNECTION_ESTABLISHED l=1).mark_down
2023-12-17T12:02:07.890 INFO:teuthology.orchestra.run.smithi038.stdout:/usr/bin/ceph: stderr
2023-12-17T12:02:07.570+0000 7f4023f34700 1 --2- 172.21.15.38:0/3221198403 >> [v2:172.21.15.38:6800/989195965,v1:172.21.15.38:6801/989195965] conn(0x7f40080388c0 0x7f400803ad80 secure :-1 s=READY pgs=16 cs=0 l=1 rev1=1 crypto rx=0x7f400c006fd0 tx=0x7f400c006e40 comp rx=0 tx=0).stop
2023-12-17T12:02:07.890 INFO:teuthology.orchestra.run.smithi038.stdout:/usr/bin/ceph: stderr
2023-12-17T12:02:07.570+0000 7f4023f34700 1 -- 172.21.15.38:0/3221198403 >> [v2:172.21.15.38:3300/0,v1:172.21.15.38:6789/0] conn(0x7f401c106ad0 msgr2=0x7f401c19a820 secure :-1 s=STATE_CONNECTION_ESTABLISHED l=1).mark_down
2023-12-17T12:02:07.890 INFO:teuthology.orchestra.run.smithi038.stdout:/usr/bin/ceph: stderr
2023-12-17T12:02:07.570+0000 7f4023f34700 1 --2- 172.21.15.38:0/3221198403 >> [v2:172.21.15.38:3300/0,v1:172.21.15.38:6789/0] conn(0x7f401c106ad0 0x7f401c19a820 secure :-1 s=READY pgs=58 cs=0 l=1 rev1=1 crypto rx=0x7f4018003f70 tx=0x7f40180119a0 comp rx=0 tx=0).stop
2023-12-17T12:02:07.891 INFO:teuthology.orchestra.run.smithi038.stdout:/usr/bin/ceph: stderr
2023-12-17T12:02:07.570+0000 7f4023f34700 1 -- 172.21.15.38:0/3221198403 shutdown_connections
2023-12-17T12:02:07.891 INFO:teuthology.orchestra.run.smithi038.stdout:/usr/bin/ceph: stderr
2023-12-17T12:02:07.570+0000 7f4023f34700 1 --2- 172.21.15.38:0/3221198403 >> [v2:172.21.15.38:6800/989195965,v1:172.21.15.38:6801/989195965] conn(0x7f40080388c0 0x7f400803ad80 unknown :-1 s=CLOSED pgs=16 cs=0 l=1 rev1=1 crypto rx=0 tx=0 comp rx=0 tx=0).stop
2023-12-17T12:02:07.891 INFO:teuthology.orchestra.run.smithi038.stdout:/usr/bin/ceph: stderr
2023-12-17T12:02:07.570+0000 7f4023f34700 1 --2- 172.21.15.38:0/3221198403 >> [v2:172.21.15.38:3300/0,v1:172.21.15.38:6789/0] conn(0x7f401c106ad0 0x7f401c19a820 unknown :-1 s=CLOSED pgs=58 cs=0 l=1 rev1=1 crypto rx=0 tx=0 comp rx=0 tx=0).stop
2023-12-17T12:02:07.891 INFO:teuthology.orchestra.run.smithi038.stdout:/usr/bin/ceph: stderr
2023-12-17T12:02:07.570+0000 7f4023f34700 1 -- 172.21.15.38:0/3221198403 >> 172.21.15.38:0/3221198403 conn(0x7f401c102030 msgr2=0x7f401c102c50 unknown :-1 s=STATE_NONE l=0).mark_down
2023-12-17T12:02:07.891 INFO:teuthology.orchestra.run.smithi038.stdout:/usr/bin/ceph: stderr
2023-12-17T12:02:07.571+0000 7f4023f34700 1 -- 172.21.15.38:0/3221198403 shutdown_connections
2023-12-17T12:02:07.891 INFO:teuthology.orchestra.run.smithi038.stdout:/usr/bin/ceph: stderr
2023-12-17T12:02:07.571+0000 7f4023f34700 1 -- 172.21.15.38:0/3221198403 wait complete.
2023-12-17T12:02:08.485 INFO:journalctl@ceph.mgr.x.smithi038.stdout:Dec 17 12:02:08 smithi038 ceph-5c895514-9cd3-11ee-95a5-87774f69a715-mgr-x[37359]:
2023-12-17T12:02:08.230+0000 7fc55f43c200 -1 mgr[py] Module prometheus has missing NOTIFY_TYPES member
2023-12-17T12:02:08.485 INFO:journalctl@ceph.mgr.x.smithi038.stdout:Dec 17 12:02:08 smithi038 ceph-5c895514-9cd3-11ee-95a5-87774f69a715-mgr-x[37359]:
2023-12-17T12:02:08.360+0000 7fc55f43c200 -1 mgr[py] Module alerts has missing NOTIFY_TYPES member
2023-12-17T12:02:08.870 INFO:journalctl@ceph.mon.a.smithi038.stdout:Dec 17 12:02:08 smithi038 ceph-mon[37109]: from='client.? 172.21.15.38:0/3221198403' entity='client.admin' cmd='[{"prefix": "mgr module enable", "module": "dashboard"}]': finished
2023-12-17T12:02:08.870 INFO:journalctl@ceph.mon.a.smithi038.stdout:Dec 17 12:02:08 smithi038 ceph-mon[37109]: mgrmap e9: x(active, since 17s)
2023-12-17T12:02:08.870 INFO:journalctl@ceph.mgr.x.smithi038.stdout:Dec 17 12:02:08 smithi038 ceph-5c895514-9cd3-11ee-95a5-87774f69a715-mgr-x[37359]:
2023-12-17T12:02:08.482+0000 7fc55f43c200 -1 mgr[py] Module osd_perf_query has missing NOTIFY_TYPES member
2023-12-17T12:02:08.870 INFO:journalctl@ceph.mgr.x.smithi038.stdout:Dec 17 12:02:08 smithi038 ceph-5c895514-9cd3-11ee-95a5-87774f69a715-mgr-x[37359]:
2023-12-17T12:02:08.602+0000 7fc55f43c200 -1 mgr[py] Module progress has missing NOTIFY_TYPES member
2023-12-17T12:02:09.043 INFO:teuthology.orchestra.run.smithi038.stdout:/usr/bin/ceph: stdout {
2023-12-17T12:02:09.043 INFO:teuthology.orchestra.run.smithi038.stdout:/usr/bin/ceph: stdout "epoch": 9,
2023-12-17T12:02:09.043 INFO:teuthology.orchestra.run.smithi038.stdout:/usr/bin/ceph: stdout "available": true,
2023-12-17T12:02:09.043 INFO:teuthology.orchestra.run.smithi038.stdout:/usr/bin/ceph: stdout "active_name": "x",
2023-12-17T12:02:09.043 INFO:teuthology.orchestra.run.smithi038.stdout:/usr/bin/ceph: stdout "num_standby": 0
2023-12-17T12:02:09.043 INFO:teuthology.orchestra.run.smithi038.stdout:/usr/bin/ceph: stdout }
2023-12-17T12:02:09.043 INFO:teuthology.orchestra.run.smithi038.stdout:/usr/bin/ceph: stderr
2023-12-17T12:02:08.329+0000 7efea36bc700 1 Processor -- start
2023-12-17T12:02:09.043 INFO:teuthology.orchestra.run.smithi038.stdout:/usr/bin/ceph: stderr
2023-12-17T12:02:08.329+0000 7efea36bc700 1 -- start start
2023-12-17T12:02:09.043 INFO:teuthology.orchestra.run.smithi038.stdout:/usr/bin/ceph: stderr
2023-12-17T12:02:08.330+0000 7efea36bc700 1 --2- >> [v2:172.21.15.38:3300/0,v1:172.21.15.38:6789/0] conn(0x7efe9c07ce80 0x7efe9c07b2e0 unknown :-1 s=NONE pgs=0 cs=0 l=0 rev1=0 crypto rx=0 tx=0 comp rx=0 tx=0).connect
2023-12-17T12:02:09.043 INFO:teuthology.orchestra.run.smithi038.stdout:/usr/bin/ceph: stderr
2023-12-17T12:02:08.330+0000 7efea36bc700 1 -- --> [v2:172.21.15.38:3300/0,v1:172.21.15.38:6789/0] -- mon_getmap magic: 0 v1 -- 0x7efe9c07b8b0 con 0x7efe9c07ce80
2023-12-17T12:02:09.043 INFO:teuthology.orchestra.run.smithi038.stdout:/usr/bin/ceph: stderr
2023-12-17T12:02:08.330+0000 7efea1458700 1 --2- >> [v2:172.21.15.38:3300/0,v1:172.21.15.38:6789/0] conn(0x7efe9c07ce80 0x7efe9c07b2e0 unknown :-1 s=BANNER_CONNECTING pgs=0 cs=0 l=0 rev1=0 crypto rx=0 tx=0 comp rx=0 tx=0)._handle_peer_banner_payload supported=3 required=0
2023-12-17T12:02:09.044 INFO:teuthology.orchestra.run.smithi038.stdout:/usr/bin/ceph: stderr
2023-12-17T12:02:08.330+0000 7efea1458700 1 --2- >> [v2:172.21.15.38:3300/0,v1:172.21.15.38:6789/0] conn(0x7efe9c07ce80 0x7efe9c07b2e0 unknown :-1 s=HELLO_CONNECTING pgs=0 cs=0 l=0 rev1=1 crypto rx=0 tx=0 comp rx=0 tx=0).handle_hello peer v2:172.21.15.38:3300/0 says I am v2:172.21.15.38:50802/0 (socket says 172.21.15.38:50802)
2023-12-17T12:02:09.044 INFO:teuthology.orchestra.run.smithi038.stdout:/usr/bin/ceph: stderr
2023-12-17T12:02:08.330+0000 7efea1458700 1 -- 172.21.15.38:0/607654368 learned_addr learned my addr 172.21.15.38:0/607654368 (peer_addr_for_me v2:172.21.15.38:0/0)
2023-12-17T12:02:09.044 INFO:teuthology.orchestra.run.smithi038.stdout:/usr/bin/ceph: stderr
2023-12-17T12:02:08.330+0000 7efea1458700 1 -- 172.21.15.38:0/607654368 --> [v2:172.21.15.38:3300/0,v1:172.21.15.38:6789/0] -- mon_subscribe({config=0+,monmap=0+}) v3 -- 0x7efe9c07b9f0 con 0x7efe9c07ce80
2023-12-17T12:02:09.044 INFO:teuthology.orchestra.run.smithi038.stdout:/usr/bin/ceph: stderr
2023-12-17T12:02:08.331+0000 7efea1458700 1 --2- 172.21.15.38:0/607654368 >> [v2:172.21.15.38:3300/0,v1:172.21.15.38:6789/0] conn(0x7efe9c07ce80 0x7efe9c07b2e0 secure :-1 s=READY pgs=61 cs=0 l=1 rev1=1 crypto rx=0x7efe980098a0 tx=0x7efe98009bb0 comp rx=0 tx=0).ready entity=mon.0 client_cookie=175622a1529f00c6 server_cookie=0 in_seq=0 out_seq=0
2023-12-17T12:02:09.044 INFO:teuthology.orchestra.run.smithi038.stdout:/usr/bin/ceph: stderr
2023-12-17T12:02:08.331+0000 7efe93fff700 1 -- 172.21.15.38:0/607654368 <== mon.0 v2:172.21.15.38:3300/0 1 ==== mon_map magic: 0 v1 ==== 205+0+0 (secure 0 0 0) 0x7efe98004160 con 0x7efe9c07ce80
2023-12-17T12:02:09.044 INFO:teuthology.orchestra.run.smithi038.stdout:/usr/bin/ceph: stderr
2023-12-17T12:02:08.331+0000 7efe93fff700 1 -- 172.21.15.38:0/607654368 <== mon.0 v2:172.21.15.38:3300/0 2 ==== config(25 keys) v1 ==== 1067+0+0 (secure 0 0 0) 0x7efe980042c0 con 0x7efe9c07ce80
2023-12-17T12:02:09.044 INFO:teuthology.orchestra.run.smithi038.stdout:/usr/bin/ceph: stderr
2023-12-17T12:02:08.331+0000 7efe93fff700 1 -- 172.21.15.38:0/607654368 <== mon.0 v2:172.21.15.38:3300/0 3 ==== mon_map magic: 0 v1 ==== 205+0+0 (secure 0 0 0) 0x7efe980118e0 con 0x7efe9c07ce80
2023-12-17T12:02:09.044 INFO:teuthology.orchestra.run.smithi038.stdout:/usr/bin/ceph: stderr
2023-12-17T12:02:08.332+0000 7efea36bc700 1 -- 172.21.15.38:0/607654368 >> [v2:172.21.15.38:3300/0,v1:172.21.15.38:6789/0] conn(0x7efe9c07ce80 msgr2=0x7efe9c07b2e0 secure :-1 s=STATE_CONNECTION_ESTABLISHED l=1).mark_down
2023-12-17T12:02:09.044 INFO:teuthology.orchestra.run.smithi038.stdout:/usr/bin/ceph: stderr
2023-12-17T12:02:08.332+0000 7efea36bc700 1 --2- 172.21.15.38:0/607654368 >> [v2:172.21.15.38:3300/0,v1:172.21.15.38:6789/0] conn(0x7efe9c07ce80 0x7efe9c07b2e0 secure :-1 s=READY pgs=61 cs=0 l=1 rev1=1 crypto rx=0x7efe980098a0 tx=0x7efe98009bb0 comp rx=0 tx=0).stop
2023-12-17T12:02:09.044 INFO:teuthology.orchestra.run.smithi038.stdout:/usr/bin/ceph: stderr
2023-12-17T12:02:08.332+0000 7efea36bc700 1 -- 172.21.15.38:0/607654368 shutdown_connections
2023-12-17T12:02:09.044 INFO:teuthology.orchestra.run.smithi038.stdout:/usr/bin/ceph: stderr
2023-12-17T12:02:08.332+0000 7efea36bc700 1 --2- 172.21.15.38:0/607654368 >> [v2:172.21.15.38:3300/0,v1:172.21.15.38:6789/0] conn(0x7efe9c07ce80 0x7efe9c07b2e0 unknown :-1 s=CLOSED pgs=61 cs=0 l=1 rev1=1 crypto rx=0 tx=0 comp rx=0 tx=0).stop
2023-12-17T12:02:09.044 INFO:teuthology.orchestra.run.smithi038.stdout:/usr/bin/ceph: stderr
2023-12-17T12:02:08.332+0000 7efea36bc700 1 -- 172.21.15.38:0/607654368 >> 172.21.15.38:0/607654368 conn(0x7efe9c102030 msgr2=0x7efe9c1044b0 unknown :-1 s=STATE_NONE l=0).mark_down
2023-12-17T12:02:09.044 INFO:teuthology.orchestra.run.smithi038.stdout:/usr/bin/ceph: stderr
2023-12-17T12:02:08.332+0000 7efea36bc700 1 -- 172.21.15.38:0/607654368 shutdown_connections
2023-12-17T12:02:09.045 INFO:teuthology.orchestra.run.smithi038.stdout:/usr/bin/ceph: stderr
2023-12-17T12:02:08.332+0000 7efea36bc700 1 -- 172.21.15.38:0/607654368 wait complete.
2023-12-17T12:02:09.045 INFO:teuthology.orchestra.run.smithi038.stdout:/usr/bin/ceph: stderr
2023-12-17T12:02:08.333+0000 7efea36bc700 1 Processor -- start
2023-12-17T12:02:09.045 INFO:teuthology.orchestra.run.smithi038.stdout:/usr/bin/ceph: stderr
2023-12-17T12:02:08.333+0000 7efea36bc700 1 -- start start
2023-12-17T12:02:09.045 INFO:teuthology.orchestra.run.smithi038.stdout:/usr/bin/ceph: stderr
2023-12-17T12:02:08.333+0000 7efea36bc700 1 --2- >> [v2:172.21.15.38:3300/0,v1:172.21.15.38:6789/0] conn(0x7efe9c07ce80 0x7efe9c19ca30 unknown :-1 s=NONE pgs=0 cs=0 l=1 rev1=0 crypto rx=0 tx=0 comp rx=0 tx=0).connect
2023-12-17T12:02:09.045 INFO:teuthology.orchestra.run.smithi038.stdout:/usr/bin/ceph: stderr
2023-12-17T12:02:08.333+0000 7efea36bc700 1 -- --> [v2:172.21.15.38:3300/0,v1:172.21.15.38:6789/0] -- mon_getmap magic: 0 v1 -- 0x7efe9c19cf70 con 0x7efe9c07ce80
2023-12-17T12:02:09.045 INFO:teuthology.orchestra.run.smithi038.stdout:/usr/bin/ceph: stderr
2023-12-17T12:02:08.334+0000 7efea1458700 1 --2- >> [v2:172.21.15.38:3300/0,v1:172.21.15.38:6789/0] conn(0x7efe9c07ce80 0x7efe9c19ca30 unknown :-1 s=BANNER_CONNECTING pgs=0 cs=0 l=1 rev1=0 crypto rx=0 tx=0 comp rx=0 tx=0)._handle_peer_banner_payload supported=3 required=0
2023-12-17T12:02:09.045 INFO:teuthology.orchestra.run.smithi038.stdout:/usr/bin/ceph: stderr
2023-12-17T12:02:08.334+0000 7efea1458700 1 --2- >> [v2:172.21.15.38:3300/0,v1:172.21.15.38:6789/0] conn(0x7efe9c07ce80 0x7efe9c19ca30 unknown :-1 s=HELLO_CONNECTING pgs=0 cs=0 l=1 rev1=1 crypto rx=0 tx=0 comp rx=0 tx=0).handle_hello peer v2:172.21.15.38:3300/0 says I am v2:172.21.15.38:50812/0 (socket says 172.21.15.38:50812)
2023-12-17T12:02:09.045 INFO:teuthology.orchestra.run.smithi038.stdout:/usr/bin/ceph: stderr
2023-12-17T12:02:08.334+0000 7efea1458700 1 -- 172.21.15.38:0/4208651490 learned_addr learned my addr 172.21.15.38:0/4208651490 (peer_addr_for_me v2:172.21.15.38:0/0)
2023-12-17T12:02:09.045 INFO:teuthology.orchestra.run.smithi038.stdout:/usr/bin/ceph: stderr
2023-12-17T12:02:08.334+0000 7efea1458700 1 -- 172.21.15.38:0/4208651490 --> [v2:172.21.15.38:3300/0,v1:172.21.15.38:6789/0] -- mon_subscribe({config=0+,monmap=0+}) v3 -- 0x7efe98009550 con 0x7efe9c07ce80
2023-12-17T12:02:09.045 INFO:teuthology.orchestra.run.smithi038.stdout:/usr/bin/ceph: stderr
2023-12-17T12:02:08.334+0000 7efea1458700 1 --2- 172.21.15.38:0/4208651490 >> [v2:172.21.15.38:3300/0,v1:172.21.15.38:6789/0] conn(0x7efe9c07ce80 0x7efe9c19ca30 secure :-1 s=READY pgs=62 cs=0 l=1 rev1=1 crypto rx=0x7efe98003f70 tx=0x7efe980119a0 comp rx=0 tx=0).ready entity=mon.0 client_cookie=0 server_cookie=0 in_seq=0 out_seq=0
2023-12-17T12:02:09.045 INFO:teuthology.orchestra.run.smithi038.stdout:/usr/bin/ceph: stderr
2023-12-17T12:02:08.334+0000 7efe927fc700 1 -- 172.21.15.38:0/4208651490 <== mon.0 v2:172.21.15.38:3300/0 1 ==== mon_map magic: 0 v1 ==== 205+0+0 (secure 0 0 0) 0x7efe980037d0 con 0x7efe9c07ce80
2023-12-17T12:02:09.045 INFO:teuthology.orchestra.run.smithi038.stdout:/usr/bin/ceph: stderr
2023-12-17T12:02:08.334+0000 7efe927fc700 1 -- 172.21.15.38:0/4208651490 <== mon.0 v2:172.21.15.38:3300/0 2 ==== config(25 keys) v1 ==== 1067+0+0 (secure 0 0 0) 0x7efe9801b440 con 0x7efe9c07ce80
2023-12-17T12:02:09.045 INFO:teuthology.orchestra.run.smithi038.stdout:/usr/bin/ceph: stderr
2023-12-17T12:02:08.334+0000 7efe927fc700 1 -- 172.21.15.38:0/4208651490 <== mon.0 v2:172.21.15.38:3300/0 3 ==== mon_map magic: 0 v1 ==== 205+0+0 (secure 0 0 0) 0x7efe980193d0 con 0x7efe9c07ce80
2023-12-17T12:02:09.046 INFO:teuthology.orchestra.run.smithi038.stdout:/usr/bin/ceph: stderr
2023-12-17T12:02:08.334+0000 7efea36bc700 1 -- 172.21.15.38:0/4208651490 --> [v2:172.21.15.38:3300/0,v1:172.21.15.38:6789/0] -- mon_subscribe({mgrmap=0+}) v3 -- 0x7efe9c19d170 con 0x7efe9c07ce80
2023-12-17T12:02:09.046 INFO:teuthology.orchestra.run.smithi038.stdout:/usr/bin/ceph: stderr
2023-12-17T12:02:08.335+0000 7efea36bc700 1 -- 172.21.15.38:0/4208651490 --> [v2:172.21.15.38:3300/0,v1:172.21.15.38:6789/0] -- mon_subscribe({osdmap=0}) v3 -- 0x7efe9c19d610 con 0x7efe9c07ce80
2023-12-17T12:02:09.046 INFO:teuthology.orchestra.run.smithi038.stdout:/usr/bin/ceph: stderr
2023-12-17T12:02:08.336+0000 7efe87fff700 1 -- 172.21.15.38:0/4208651490 --> [v2:172.21.15.38:3300/0,v1:172.21.15.38:6789/0] -- mon_command({"prefix": "get_command_descriptions"} v 0) v1 -- 0x7efe7c0052f0 con 0x7efe9c07ce80
2023-12-17T12:02:09.046 INFO:teuthology.orchestra.run.smithi038.stdout:/usr/bin/ceph: stderr
2023-12-17T12:02:08.336+0000 7efe927fc700 1 -- 172.21.15.38:0/4208651490 <== mon.0 v2:172.21.15.38:3300/0 4 ==== mgrmap(e 9) v1 ==== 45593+0+0 (secure 0 0 0) 0x7efe9801b860 con 0x7efe9c07ce80
2023-12-17T12:02:09.046 INFO:teuthology.orchestra.run.smithi038.stdout:/usr/bin/ceph: stderr
2023-12-17T12:02:08.337+0000 7efe927fc700 1 --2- 172.21.15.38:0/4208651490 >> [v2:172.21.15.38:6800/989195965,v1:172.21.15.38:6801/989195965] conn(0x7efe880388c0 0x7efe8803ad80 unknown :-1 s=NONE pgs=0 cs=0 l=1 rev1=0 crypto rx=0 tx=0 comp rx=0 tx=0).connect
2023-12-17T12:02:09.046 INFO:teuthology.orchestra.run.smithi038.stdout:/usr/bin/ceph: stderr
2023-12-17T12:02:08.337+0000 7efe927fc700 1 -- 172.21.15.38:0/4208651490 <== mon.0 v2:172.21.15.38:3300/0 5 ==== osd_map(2..2 src has 1..2) v4 ==== 940+0+0 (secure 0 0 0) 0x7efe9804c670 con 0x7efe9c07ce80
2023-12-17T12:02:09.046 INFO:teuthology.orchestra.run.smithi038.stdout:/usr/bin/ceph: stderr
2023-12-17T12:02:08.337+0000 7efea0c57700 1 -- 172.21.15.38:0/4208651490 >> [v2:172.21.15.38:6800/989195965,v1:172.21.15.38:6801/989195965] conn(0x7efe880388c0 msgr2=0x7efe8803ad80 unknown :-1 s=STATE_CONNECTING_RE l=1).process reconnect failed to v2:172.21.15.38:6800/989195965
2023-12-17T12:02:09.046 INFO:teuthology.orchestra.run.smithi038.stdout:/usr/bin/ceph: stderr
2023-12-17T12:02:08.337+0000 7efea0c57700 1 --2- 172.21.15.38:0/4208651490 >> [v2:172.21.15.38:6800/989195965,v1:172.21.15.38:6801/989195965] conn(0x7efe880388c0 0x7efe8803ad80 unknown :-1 s=START_CONNECT pgs=0 cs=0 l=1 rev1=0 crypto rx=0 tx=0 comp rx=0 tx=0)._fault waiting 0.200000
2023-12-17T12:02:09.046 INFO:teuthology.orchestra.run.smithi038.stdout:/usr/bin/ceph: stderr
2023-12-17T12:02:08.341+0000 7efe927fc700 1 -- 172.21.15.38:0/4208651490 <== mon.0 v2:172.21.15.38:3300/0 6 ==== mon_command_ack([{"prefix": "get_command_descriptions"}]=0 v0) v1 ==== 72+0+180949 (secure 0 0 0) 0x7efe980189a0 con 0x7efe9c07ce80
2023-12-17T12:02:09.046 INFO:teuthology.orchestra.run.smithi038.stdout:/usr/bin/ceph: stderr
2023-12-17T12:02:08.538+0000 7efea0c57700 1 -- 172.21.15.38:0/4208651490 >> [v2:172.21.15.38:6800/989195965,v1:172.21.15.38:6801/989195965] conn(0x7efe880388c0 msgr2=0x7efe8803ad80 unknown :-1 s=STATE_CONNECTING_RE l=1).process reconnect failed to v2:172.21.15.38:6800/989195965
2023-12-17T12:02:09.046 INFO:teuthology.orchestra.run.smithi038.stdout:/usr/bin/ceph: stderr
2023-12-17T12:02:08.538+0000 7efea0c57700 1 --2- 172.21.15.38:0/4208651490 >> [v2:172.21.15.38:6800/989195965,v1:172.21.15.38:6801/989195965] conn(0x7efe880388c0 0x7efe8803ad80 unknown :-1 s=START_CONNECT pgs=0 cs=0 l=1 rev1=0 crypto rx=0 tx=0 comp rx=0 tx=0)._fault waiting 0.400000
2023-12-17T12:02:09.046 INFO:teuthology.orchestra.run.smithi038.stdout:/usr/bin/ceph: stderr
2023-12-17T12:02:08.612+0000 7efe87fff700 1 -- 172.21.15.38:0/4208651490 --> [v2:172.21.15.38:3300/0,v1:172.21.15.38:6789/0] -- mon_command({"prefix": "mgr stat"} v 0) v1 -- 0x7efe7c005db0 con 0x7efe9c07ce80
2023-12-17T12:02:09.046 INFO:teuthology.orchestra.run.smithi038.stdout:/usr/bin/ceph: stderr
2023-12-17T12:02:08.612+0000 7efe927fc700 1 -- 172.21.15.38:0/4208651490 <== mon.0 v2:172.21.15.38:3300/0 7 ==== mon_command_ack([{"prefix": "mgr stat"}]=0 v9) v1 ==== 56+0+88 (secure 0 0 0) 0x7efe9801f070 con 0x7efe9c07ce80
2023-12-17T12:02:09.047 INFO:teuthology.orchestra.run.smithi038.stdout:/usr/bin/ceph: stderr
2023-12-17T12:02:08.615+0000 7efe87fff700 1 -- 172.21.15.38:0/4208651490 >> [v2:172.21.15.38:6800/989195965,v1:172.21.15.38:6801/989195965] conn(0x7efe880388c0 msgr2=0x7efe8803ad80 unknown :-1 s=STATE_CONNECTING l=1).mark_down
2023-12-17T12:02:09.047 INFO:teuthology.orchestra.run.smithi038.stdout:/usr/bin/ceph: stderr
2023-12-17T12:02:08.615+0000 7efe87fff700 1 --2- 172.21.15.38:0/4208651490 >> [v2:172.21.15.38:6800/989195965,v1:172.21.15.38:6801/989195965] conn(0x7efe880388c0 0x7efe8803ad80 unknown :-1 s=START_CONNECT pgs=0 cs=0 l=1 rev1=0 crypto rx=0 tx=0 comp rx=0 tx=0).stop
2023-12-17T12:02:09.047 INFO:teuthology.orchestra.run.smithi038.stdout:/usr/bin/ceph: stderr
2023-12-17T12:02:08.615+0000 7efe87fff700 1 -- 172.21.15.38:0/4208651490 >> [v2:172.21.15.38:3300/0,v1:172.21.15.38:6789/0] conn(0x7efe9c07ce80 msgr2=0x7efe9c19ca30 secure :-1 s=STATE_CONNECTION_ESTABLISHED l=1).mark_down
2023-12-17T12:02:09.047 INFO:teuthology.orchestra.run.smithi038.stdout:/usr/bin/ceph: stderr
2023-12-17T12:02:08.615+0000 7efe87fff700 1 --2- 172.21.15.38:0/4208651490 >> [v2:172.21.15.38:3300/0,v1:172.21.15.38:6789/0] conn(0x7efe9c07ce80 0x7efe9c19ca30 secure :-1 s=READY pgs=62 cs=0 l=1 rev1=1 crypto rx=0x7efe98003f70 tx=0x7efe980119a0 comp rx=0 tx=0).stop
2023-12-17T12:02:09.047 INFO:teuthology.orchestra.run.smithi038.stdout:/usr/bin/ceph: stderr
2023-12-17T12:02:08.615+0000 7efe87fff700 1 -- 172.21.15.38:0/4208651490 shutdown_connections
2023-12-17T12:02:09.047 INFO:teuthology.orchestra.run.smithi038.stdout:/usr/bin/ceph: stderr
2023-12-17T12:02:08.615+0000 7efe87fff700 1 --2- 172.21.15.38:0/4208651490 >> [v2:172.21.15.38:6800/989195965,v1:172.21.15.38:6801/989195965] conn(0x7efe880388c0 0x7efe8803ad80 unknown :-1 s=CLOSED pgs=0 cs=0 l=1 rev1=0 crypto rx=0 tx=0 comp rx=0 tx=0).stop
2023-12-17T12:02:09.047 INFO:teuthology.orchestra.run.smithi038.stdout:/usr/bin/ceph: stderr
2023-12-17T12:02:08.615+0000 7efe87fff700 1 --2- 172.21.15.38:0/4208651490 >> [v2:172.21.15.38:3300/0,v1:172.21.15.38:6789/0] conn(0x7efe9c07ce80 0x7efe9c19ca30 unknown :-1 s=CLOSED pgs=62 cs=0 l=1 rev1=1 crypto rx=0 tx=0 comp rx=0 tx=0).stop
2023-12-17T12:02:09.047 INFO:teuthology.orchestra.run.smithi038.stdout:/usr/bin/ceph: stderr
2023-12-17T12:02:08.615+0000 7efe87fff700 1 -- 172.21.15.38:0/4208651490 >> 172.21.15.38:0/4208651490 conn(0x7efe9c102030 msgr2=0x7efe9c102c80 unknown :-1 s=STATE_NONE l=0).mark_down
2023-12-17T12:02:09.047 INFO:teuthology.orchestra.run.smithi038.stdout:/usr/bin/ceph: stderr
2023-12-17T12:02:08.615+0000 7efe87fff700 1 -- 172.21.15.38:0/4208651490 shutdown_connections
2023-12-17T12:02:09.047 INFO:teuthology.orchestra.run.smithi038.stdout:/usr/bin/ceph: stderr
2023-12-17T12:02:08.615+0000 7efe87fff700 1 -- 172.21.15.38:0/4208651490 wait complete.
2023-12-17T12:02:09.047 INFO:teuthology.orchestra.run.smithi038.stdout:Waiting for the mgr to restart...
2023-12-17T12:02:09.047 INFO:teuthology.orchestra.run.smithi038.stdout:Waiting for mgr epoch 9...
2023-12-17T12:02:09.809 INFO:journalctl@ceph.mon.a.smithi038.stdout:Dec 17 12:02:09 smithi038 ceph-mon[37109]: from='client.? 172.21.15.38:0/4208651490' entity='client.admin' cmd=[{"prefix": "mgr stat"}]: dispatch
2023-12-17T12:02:09.810 INFO:journalctl@ceph.mgr.x.smithi038.stdout:Dec 17 12:02:09 smithi038 ceph-5c895514-9cd3-11ee-95a5-87774f69a715-mgr-x[37359]:
2023-12-17T12:02:09.490+0000 7fc55f43c200 -1 mgr[py] Module orchestrator has missing NOTIFY_TYPES member
2023-12-17T12:02:10.074 INFO:journalctl@ceph.mgr.x.smithi038.stdout:Dec 17 12:02:09 smithi038 ceph-5c895514-9cd3-11ee-95a5-87774f69a715-mgr-x[37359]:
2023-12-17T12:02:09.807+0000 7fc55f43c200 -1 mgr[py] Module nfs has missing NOTIFY_TYPES member
2023-12-17T12:02:10.075 INFO:journalctl@ceph.mgr.x.smithi038.stdout:Dec 17 12:02:09 smithi038 ceph-5c895514-9cd3-11ee-95a5-87774f69a715-mgr-x[37359]:
2023-12-17T12:02:09.925+0000 7fc55f43c200 -1 mgr[py] Module zabbix has missing NOTIFY_TYPES member
2023-12-17T12:02:10.456 INFO:journalctl@ceph.mgr.x.smithi038.stdout:Dec 17 12:02:10 smithi038 ceph-5c895514-9cd3-11ee-95a5-87774f69a715-mgr-x[37359]:
2023-12-17T12:02:10.072+0000 7fc55f43c200 -1 mgr[py] Module rbd_support has missing NOTIFY_TYPES member
2023-12-17T12:02:10.456 INFO:journalctl@ceph.mgr.x.smithi038.stdout:Dec 17 12:02:10 smithi038 ceph-5c895514-9cd3-11ee-95a5-87774f69a715-mgr-x[37359]:
2023-12-17T12:02:10.275+0000 7fc55f43c200 -1 mgr[py] Module status has missing NOTIFY_TYPES member
2023-12-17T12:02:10.956 INFO:journalctl@ceph.mgr.x.smithi038.stdout:Dec 17 12:02:10 smithi038 ceph-5c895514-9cd3-11ee-95a5-87774f69a715-mgr-x[37359]:
2023-12-17T12:02:10.455+0000 7fc55f43c200 -1 mgr[py] Module diskprediction_local has missing NOTIFY_TYPES member
2023-12-17T12:02:10.956 INFO:journalctl@ceph.mgr.x.smithi038.stdout:Dec 17 12:02:10 smithi038 ceph-5c895514-9cd3-11ee-95a5-87774f69a715-mgr-x[37359]:
2023-12-17T12:02:10.575+0000 7fc55f43c200 -1 mgr[py] Module telegraf has missing NOTIFY_TYPES member
2023-12-17T12:02:11.454 INFO:journalctl@ceph.mgr.x.smithi038.stdout:Dec 17 12:02:11 smithi038 ceph-5c895514-9cd3-11ee-95a5-87774f69a715-mgr-x[37359]:
2023-12-17T12:02:11.083+0000 7fc55f43c200 -1 mgr[py] Module influx has missing NOTIFY_TYPES member
2023-12-17T12:02:11.706 INFO:journalctl@ceph.mgr.x.smithi038.stdout:Dec 17 12:02:11 smithi038 ceph-5c895514-9cd3-11ee-95a5-87774f69a715-mgr-x[37359]:
2023-12-17T12:02:11.452+0000 7fc55f43c200 -1 mgr[py] Module pg_autoscaler has missing NOTIFY_TYPES member
2023-12-17T12:02:12.206 INFO:journalctl@ceph.mgr.x.smithi038.stdout:Dec 17 12:02:11 smithi038 ceph-5c895514-9cd3-11ee-95a5-87774f69a715-mgr-x[37359]:
2023-12-17T12:02:11.825+0000 7fc55f43c200 -1 mgr[py] Module rgw has missing NOTIFY_TYPES member
2023-12-17T12:02:12.206 INFO:journalctl@ceph.mgr.x.smithi038.stdout:Dec 17 12:02:11 smithi038 ceph-5c895514-9cd3-11ee-95a5-87774f69a715-mgr-x[37359]:
2023-12-17T12:02:11.955+0000 7fc55f43c200 -1 mgr[py] Module balancer has missing NOTIFY_TYPES member
2023-12-17T12:02:13.304 INFO:journalctl@ceph.mgr.x.smithi038.stdout:Dec 17 12:02:12 smithi038 ceph-5c895514-9cd3-11ee-95a5-87774f69a715-mgr-x[37359]:
2023-12-17T12:02:12.957+0000 7fc55f43c200 -1 mgr[py] Module iostat has missing NOTIFY_TYPES member
2023-12-17T12:02:13.305 INFO:journalctl@ceph.mgr.x.smithi038.stdout:Dec 17 12:02:13 smithi038 ceph-5c895514-9cd3-11ee-95a5-87774f69a715-mgr-x[37359]:
2023-12-17T12:02:13.090+0000 7fc55f43c200 -1 mgr[py] Module snap_schedule has missing NOTIFY_TYPES member
2023-12-17T12:02:13.706 INFO:journalctl@ceph.mgr.x.smithi038.stdout:Dec 17 12:02:13 smithi038 ceph-5c895514-9cd3-11ee-95a5-87774f69a715-mgr-x[37359]:
2023-12-17T12:02:13.302+0000 7fc55f43c200 -1 mgr[py] Module telemetry has missing NOTIFY_TYPES member
2023-12-17T12:02:14.422 INFO:journalctl@ceph.mgr.x.smithi038.stdout:Dec 17 12:02:14 smithi038 ceph-5c895514-9cd3-11ee-95a5-87774f69a715-mgr-x[37359]:
2023-12-17T12:02:14.168+0000 7fc55f43c200 -1 mgr[py] Module rook has missing NOTIFY_TYPES member
2023-12-17T12:02:14.691 INFO:journalctl@ceph.mgr.x.smithi038.stdout:Dec 17 12:02:14 smithi038 ceph-5c895514-9cd3-11ee-95a5-87774f69a715-mgr-x[37359]:
2023-12-17T12:02:14.420+0000 7fc55f43c200 -1 mgr[py] Module selftest has missing NOTIFY_TYPES member
2023-12-17T12:02:14.956 INFO:journalctl@ceph.mgr.x.smithi038.stdout:Dec 17 12:02:14 smithi038 ceph-5c895514-9cd3-11ee-95a5-87774f69a715-mgr-x[37359]:
2023-12-17T12:02:14.689+0000 7fc55f43c200 -1 mgr[py] Module devicehealth has missing NOTIFY_TYPES member
2023-12-17T12:02:16.206 INFO:journalctl@ceph.mgr.x.smithi038.stdout:Dec 17 12:02:15 smithi038 ceph-5c895514-9cd3-11ee-95a5-87774f69a715-mgr-x[37359]:
2023-12-17T12:02:15.888+0000 7fc55f43c200 -1 mgr[py] Module volumes has missing NOTIFY_TYPES member
2023-12-17T12:02:16.653 INFO:journalctl@ceph.mgr.x.smithi038.stdout:Dec 17 12:02:16 smithi038 ceph-5c895514-9cd3-11ee-95a5-87774f69a715-mgr-x[37359]:
2023-12-17T12:02:16.261+0000 7fc55f43c200 -1 mgr[py] Module test_orchestrator has missing NOTIFY_TYPES member
2023-12-17T12:02:16.653 INFO:journalctl@ceph.mgr.x.smithi038.stdout:Dec 17 12:02:16 smithi038 ceph-5c895514-9cd3-11ee-95a5-87774f69a715-mgr-x[37359]:
2023-12-17T12:02:16.385+0000 7fc55f43c200 -1 mgr[py] Module osd_support has missing NOTIFY_TYPES member
2023-12-17T12:02:16.956 INFO:journalctl@ceph.mgr.x.smithi038.stdout:Dec 17 12:02:16 smithi038 ceph-5c895514-9cd3-11ee-95a5-87774f69a715-mgr-x[37359]:
2023-12-17T12:02:16.651+0000 7fc55f43c200 -1 mgr[py] Module crash has missing NOTIFY_TYPES member
2023-12-17T12:02:16.956 INFO:journalctl@ceph.mon.a.smithi038.stdout:Dec 17 12:02:16 smithi038 ceph-mon[37109]: Active manager daemon x restarted
2023-12-17T12:02:16.956 INFO:journalctl@ceph.mon.a.smithi038.stdout:Dec 17 12:02:16 smithi038 ceph-mon[37109]: Activating manager daemon x
2023-12-17T12:02:16.956 INFO:journalctl@ceph.mon.a.smithi038.stdout:Dec 17 12:02:16 smithi038 ceph-mon[37109]: osdmap e3: 0 total, 0 up, 0 in
2023-12-17T12:02:16.956 INFO:journalctl@ceph.mon.a.smithi038.stdout:Dec 17 12:02:16 smithi038 ceph-mon[37109]: mgrmap e10: x(active, starting, since 0.0084654s)
2023-12-17T12:02:16.956 INFO:journalctl@ceph.mon.a.smithi038.stdout:Dec 17 12:02:16 smithi038 ceph-mon[37109]: from='mgr.14154 172.21.15.38:0/4193235827' entity='mgr.x' cmd=[{"prefix": "mon metadata", "id": "a"}]: dispatch
2023-12-17T12:02:16.956 INFO:journalctl@ceph.mon.a.smithi038.stdout:Dec 17 12:02:16 smithi038 ceph-mon[37109]: from='mgr.14154 172.21.15.38:0/4193235827' entity='mgr.x' cmd=[{"prefix": "mgr metadata", "who": "x", "id": "x"}]: dispatch
2023-12-17T12:02:16.956 INFO:journalctl@ceph.mon.a.smithi038.stdout:Dec 17 12:02:16 smithi038 ceph-mon[37109]: from='mgr.14154 172.21.15.38:0/4193235827' entity='mgr.x' cmd=[{"prefix": "mds metadata"}]: dispatch
2023-12-17T12:02:16.956 INFO:journalctl@ceph.mon.a.smithi038.stdout:Dec 17 12:02:16 smithi038 ceph-mon[37109]: from='mgr.14154 172.21.15.38:0/4193235827' entity='mgr.x' cmd=[{"prefix": "osd metadata"}]: dispatch
2023-12-17T12:02:16.957 INFO:journalctl@ceph.mon.a.smithi038.stdout:Dec 17 12:02:16 smithi038 ceph-mon[37109]: from='mgr.14154 172.21.15.38:0/4193235827' entity='mgr.x' cmd=[{"prefix": "mon metadata"}]: dispatch
2023-12-17T12:02:16.957 INFO:journalctl@ceph.mon.a.smithi038.stdout:Dec 17 12:02:16 smithi038 ceph-mon[37109]: Manager daemon x is now available
2023-12-17T12:02:16.957 INFO:journalctl@ceph.mon.a.smithi038.stdout:Dec 17 12:02:16 smithi038 ceph-mon[37109]: from='mgr.14154 172.21.15.38:0/4193235827' entity='mgr.x' cmd=[{"prefix": "config dump", "format": "json"}]: dispatch
2023-12-17T12:02:17.956 INFO:journalctl@ceph.mon.a.smithi038.stdout:Dec 17 12:02:17 smithi038 ceph-mon[37109]: from='mgr.14154 172.21.15.38:0/4193235827' entity='mgr.x' cmd=[{"prefix": "config dump", "format": "json"}]: dispatch
2023-12-17T12:02:17.956 INFO:journalctl@ceph.mon.a.smithi038.stdout:Dec 17 12:02:17 smithi038 ceph-mon[37109]: from='mgr.14154 172.21.15.38:0/4193235827' entity='mgr.x' cmd=[{"prefix":"config rm","who":"mgr","name":"mgr/rbd_support/x/mirror_snapshot_schedule"}]: dispatch
2023-12-17T12:02:17.956 INFO:journalctl@ceph.mon.a.smithi038.stdout:Dec 17 12:02:17 smithi038 ceph-mon[37109]: from='mgr.14154 172.21.15.38:0/4193235827' entity='mgr.x' cmd=[{"prefix":"config rm","who":"mgr","name":"mgr/rbd_support/x/trash_purge_schedule"}]: dispatch
2023-12-17T12:02:17.957 INFO:journalctl@ceph.mon.a.smithi038.stdout:Dec 17 12:02:17 smithi038 ceph-mon[37109]: mgrmap e11: x(active, since 1.008s)
2023-12-17T12:02:18.045 INFO:teuthology.orchestra.run.smithi038.stdout:/usr/bin/ceph: stdout {
2023-12-17T12:02:18.045 INFO:teuthology.orchestra.run.smithi038.stdout:/usr/bin/ceph: stdout "mgrmap_epoch": 11,
2023-12-17T12:02:18.045 INFO:teuthology.orchestra.run.smithi038.stdout:/usr/bin/ceph: stdout "initialized": true
2023-12-17T12:02:18.045 INFO:teuthology.orchestra.run.smithi038.stdout:/usr/bin/ceph: stdout }
2023-12-17T12:02:18.045 INFO:teuthology.orchestra.run.smithi038.stdout:/usr/bin/ceph: stderr
2023-12-17T12:02:09.486+0000 7f549b830700 1 Processor -- start
2023-12-17T12:02:18.045 INFO:teuthology.orchestra.run.smithi038.stdout:/usr/bin/ceph: stderr
2023-12-17T12:02:09.486+0000 7f549b830700 1 -- start start
2023-12-17T12:02:18.045 INFO:teuthology.orchestra.run.smithi038.stdout:/usr/bin/ceph: stderr
2023-12-17T12:02:09.487+0000 7f549b830700 1 --2- >> [v2:172.21.15.38:3300/0,v1:172.21.15.38:6789/0] conn(0x7f549407ce40 0x7f549407b2a0 unknown :-1 s=NONE pgs=0 cs=0 l=0 rev1=0 crypto rx=0 tx=0 comp rx=0 tx=0).connect
2023-12-17T12:02:18.045 INFO:teuthology.orchestra.run.smithi038.stdout:/usr/bin/ceph: stderr
2023-12-17T12:02:09.487+0000 7f549b830700 1 -- --> [v2:172.21.15.38:3300/0,v1:172.21.15.38:6789/0] -- mon_getmap magic: 0 v1 -- 0x7f549407b870 con 0x7f549407ce40
2023-12-17T12:02:18.045 INFO:teuthology.orchestra.run.smithi038.stdout:/usr/bin/ceph: stderr
